Build Information
Failed to build SwiftMQTT, reference master (6667e1), with Swift 6.4 for watchOS using Xcode 27.0 on 20 Sep 2026 18:09:50 UTC.
Build Command
env DEVELOPER_DIR=/Applications/Xcode-27.0.0-Release.Candidate.app xcrun xcodebuild -IDEClonedSourcePackagesDirPathOverride=$PWD/.dependencies -skipMacroValidation -skipPackagePluginValidation -derivedDataPath $PWD/.derivedData build -scheme SwiftMQTT -destination generic/platform=watchOSBuild Log
========================================
RunAll
========================================
Builder version: 5.1.0
Interrupt handler set up.
========================================
Checkout
========================================
Clone URL: https://github.com/aciidgh/SwiftMQTT.git
Reference: master
Initialized empty Git repository in /Users/admin/builder/spi-builder-workspace/.git/
From https://github.com/aciidgh/SwiftMQTT
* branch master -> FETCH_HEAD
* [new branch] master -> origin/master
HEAD is now at 6667e19 Bug/nil run loop (#41)
Cloned https://github.com/aciidgh/SwiftMQTT.git
Revision (git rev-parse @):
6667e19b0d63f00cfe7769b133ab95b1bbbf136a
SUCCESS checkout https://github.com/aciidgh/SwiftMQTT.git at master
========================================
Build
========================================
Selected platform: watchOS
Swift version: 6.4
Building package at path: $PWD
https://github.com/aciidgh/SwiftMQTT.git
Command line invocation:
/Applications/Xcode-27.0.0-Release.Candidate.app/Contents/Developer/usr/bin/xcodebuild -IDEClonedSourcePackagesDirPathOverride=/Users/admin/builder/spi-builder-workspace/.dependencies -resolvePackageDependencies
resolved source packages:
{
"dependencies" : [
],
"manifest_display_name" : "SwiftMQTT",
"name" : "SwiftMQTT",
"path" : "/Users/admin/builder/spi-builder-workspace",
"platforms" : [
],
"products" : [
{
"name" : "SwiftMQTT",
"targets" : [
"SwiftMQTT"
],
"type" : {
"library" : [
"automatic"
]
}
}
],
"targets" : [
{
"c99name" : "SwiftMQTTTests",
"module_type" : "SwiftTarget",
"name" : "SwiftMQTTTests",
"path" : "SwiftMQTT/SwiftMQTTTests",
"sources" : [
"SwiftMQTTTests.swift"
],
"target_dependencies" : [
"SwiftMQTT"
],
"type" : "test"
},
{
"c99name" : "SwiftMQTT",
"module_type" : "SwiftTarget",
"name" : "SwiftMQTT",
"path" : "SwiftMQTT/SwiftMQTT",
"product_memberships" : [
"SwiftMQTT"
],
"sources" : [
"MQTTExtensions.swift",
"MQTTSession.swift",
"MQTTSessionStream.swift",
"Models/MQTTConnAckPacket.swift",
"Models/MQTTConnectPacket.swift",
"Models/MQTTDisconnectPacket.swift",
"Models/MQTTMessage.swift",
"Models/MQTTPacket.swift",
"Models/MQTTPacketFactory.swift",
"Models/MQTTPacketFixedHeader.swift",
"Models/MQTTPingPacket.swift",
"Models/MQTTPingResp.swift",
"Models/MQTTPubAck.swift",
"Models/MQTTPubMsg.swift",
"Models/MQTTPublishPacket.swift",
"Models/MQTTStreamable.swift",
"Models/MQTTSubAckPacket.swift",
"Models/MQTTSubPacket.swift",
"Models/MQTTUnSubAckPacket.swift",
"Models/MQTTUnsubPacket.swift"
],
"type" : "library"
}
],
"tools_version" : "4.0"
}
{
"workspace" : {
"name" : "SwiftMQTTWorkspace",
"schemes" : [
"SwiftMQTT",
"SwiftMQTTExample"
]
}
}
{
"workspace" : {
"name" : "SwiftMQTT",
"schemes" : [
"SwiftMQTT"
]
}
}
2026-09-20 14:09:40.437 xcodebuild[621:3877] [MT] IDERunDestination: Supported platforms for the buildables in the current scheme is empty.
Running build ...
env DEVELOPER_DIR=/Applications/Xcode-27.0.0-Release.Candidate.app xcrun xcodebuild -IDEClonedSourcePackagesDirPathOverride=$PWD/.dependencies -skipMacroValidation -skipPackagePluginValidation -derivedDataPath $PWD/.derivedData build -scheme SwiftMQTT -destination generic/platform=watchOS
Command line invocation:
/Applications/Xcode-27.0.0-Release.Candidate.app/Contents/Developer/usr/bin/xcodebuild -IDEClonedSourcePackagesDirPathOverride=/Users/admin/builder/spi-builder-workspace/.dependencies -skipMacroValidation -skipPackagePluginValidation -derivedDataPath /Users/admin/builder/spi-builder-workspace/.derivedData build -scheme SwiftMQTT -destination generic/platform=watchOS
Resolve Package Graph
Resolved source packages:
SwiftMQTT: /Users/admin/builder/spi-builder-workspace
ComputePackagePrebuildTargetDependencyGraph
Prepare packages
CreateBuildRequest
SendProjectDescription
CreateBuildOperation
ComputeTargetDependencyGraph
note: Building targets in dependency order
note: Target dependency graph (2 targets)
Target 'SwiftMQTT-product' in project 'SwiftMQTT'
➜ Explicit dependency on target 'SwiftMQTT' in project 'SwiftMQTT'
Target 'SwiftMQTT' in project 'SwiftMQTT' (no dependencies)
GatherProvisioningInputs
CreateBuildDescription
ExecuteExternalTool /Applications/Xcode-27.0.0-Release.Candidate.app/Contents/Developer/Toolchains/XcodeDefault.xctoolchain/usr/bin/clang -v -E -dM -isysroot /Applications/Xcode-27.0.0-Release.Candidate.app/Contents/Developer/Platforms/WatchOS.platform/Developer/SDKs/WatchOS27.0.sdk -x c -c /dev/null
ExecuteExternalTool /Applications/Xcode-27.0.0-Release.Candidate.app/Contents/Developer/Toolchains/XcodeDefault.xctoolchain/usr/bin/swiftc --version
ExecuteExternalTool /Applications/Xcode-27.0.0-Release.Candidate.app/Contents/Developer/Toolchains/XcodeDefault.xctoolchain/usr/bin/ld -version_details
Build description signature: 70d4a9c66e761331116e17c2c3f37391
Build description path: /Users/admin/builder/spi-builder-workspace/.derivedData/Build/Intermediates.noindex/XCBuildData/70d4a9c66e761331116e17c2c3f37391.xcbuilddata
CreateBuildDirectory /Users/admin/builder/spi-builder-workspace/.derivedData/SDKExplicitPrecompiledModules
cd /Users/admin/builder/spi-builder-workspace/.swiftpm/xcode
builtin-create-build-directory /Users/admin/builder/spi-builder-workspace/.derivedData/SDKExplicitPrecompiledModules
CreateBuildDirectory /Users/admin/builder/spi-builder-workspace/.derivedData/Build/Intermediates.noindex
cd /Users/admin/builder/spi-builder-workspace/.swiftpm/xcode
builtin-create-build-directory /Users/admin/builder/spi-builder-workspace/.derivedData/Build/Intermediates.noindex
CreateBuildDirectory /Users/admin/builder/spi-builder-workspace/.derivedData/CompilationCache.noindex
cd /Users/admin/builder/spi-builder-workspace/.swiftpm/xcode
builtin-create-build-directory /Users/admin/builder/spi-builder-workspace/.derivedData/CompilationCache.noindex
CreateBuildDirectory /Users/admin/builder/spi-builder-workspace/.derivedData/ModuleCache.noindex
cd /Users/admin/builder/spi-builder-workspace/.swiftpm/xcode
builtin-create-build-directory /Users/admin/builder/spi-builder-workspace/.derivedData/ModuleCache.noindex
CreateBuildDirectory /Users/admin/builder/spi-builder-workspace/.derivedData/Build/Products
cd /Users/admin/builder/spi-builder-workspace/.swiftpm/xcode
builtin-create-build-directory /Users/admin/builder/spi-builder-workspace/.derivedData/Build/Products
ClangStatCache /Applications/Xcode-27.0.0-Release.Candidate.app/Contents/Developer/Toolchains/XcodeDefault.xctoolchain/usr/bin/clang-stat-cache /Applications/Xcode-27.0.0-Release.Candidate.app/Contents/Developer/Platforms/WatchOS.platform/Developer/SDKs/WatchOS27.0.sdk /Users/admin/builder/spi-builder-workspace/.derivedData/SDKStatCaches.noindex/watchos27.0-24R360-e829b21a6f8c9b70876ba0858053c04477534ef55a1706bf4c1112bbb242f0a2.sdkstatcache
cd /Users/admin/builder/spi-builder-workspace/.swiftpm/xcode
/Applications/Xcode-27.0.0-Release.Candidate.app/Contents/Developer/Toolchains/XcodeDefault.xctoolchain/usr/bin/clang-stat-cache /Applications/Xcode-27.0.0-Release.Candidate.app/Contents/Developer/Platforms/WatchOS.platform/Developer/SDKs/WatchOS27.0.sdk -o /Users/admin/builder/spi-builder-workspace/.derivedData/SDKStatCaches.noindex/watchos27.0-24R360-e829b21a6f8c9b70876ba0858053c04477534ef55a1706bf4c1112bbb242f0a2.sdkstatcache
CreateBuildDirectory /Users/admin/builder/spi-builder-workspace/.derivedData/Build/Intermediates.noindex/SwiftExplicitPrecompiledModules
cd /Users/admin/builder/spi-builder-workspace/.swiftpm/xcode
builtin-create-build-directory /Users/admin/builder/spi-builder-workspace/.derivedData/Build/Intermediates.noindex/SwiftExplicitPrecompiledModules
CreateBuildDirectory /Users/admin/builder/spi-builder-workspace/.derivedData/Build/Intermediates.noindex/PrecompiledHeaders
cd /Users/admin/builder/spi-builder-workspace/.swiftpm/xcode
builtin-create-build-directory /Users/admin/builder/spi-builder-workspace/.derivedData/Build/Intermediates.noindex/PrecompiledHeaders
CreateBuildDirectory /Users/admin/builder/spi-builder-workspace/.derivedData/Build/Intermediates.noindex/ExplicitPrecompiledModules
cd /Users/admin/builder/spi-builder-workspace/.swiftpm/xcode
builtin-create-build-directory /Users/admin/builder/spi-builder-workspace/.derivedData/Build/Intermediates.noindex/ExplicitPrecompiledModules
CreateBuildDirectory /Users/admin/builder/spi-builder-workspace/.derivedData/Build/Products/Debug-watchos
cd /Users/admin/builder/spi-builder-workspace/.swiftpm/xcode
builtin-create-build-directory /Users/admin/builder/spi-builder-workspace/.derivedData/Build/Products/Debug-watchos
CreateBuildDirectory /Users/admin/builder/spi-builder-workspace/.derivedData/Build/Intermediates.noindex/EagerLinkingTBDs/Debug-watchos
cd /Users/admin/builder/spi-builder-workspace/.swiftpm/xcode
builtin-create-build-directory /Users/admin/builder/spi-builder-workspace/.derivedData/Build/Intermediates.noindex/EagerLinkingTBDs/Debug-watchos
CreateBuildDirectory /Users/admin/builder/spi-builder-workspace/.derivedData/Build/Products/Debug-watchos/PackageFrameworks
cd /Users/admin/builder/spi-builder-workspace/.swiftpm/xcode
builtin-create-build-directory /Users/admin/builder/spi-builder-workspace/.derivedData/Build/Products/Debug-watchos/PackageFrameworks
WriteAuxiliaryFile /Users/admin/builder/spi-builder-workspace/.derivedData/Build/Intermediates.noindex/SwiftMQTT.build/Debug-watchos/SwiftMQTT-t.build/SwiftMQTT.DependencyMetadataFileList (in target 'SwiftMQTT' from project 'SwiftMQTT')
cd /Users/admin/builder/spi-builder-workspace
write-file /Users/admin/builder/spi-builder-workspace/.derivedData/Build/Intermediates.noindex/SwiftMQTT.build/Debug-watchos/SwiftMQTT-t.build/SwiftMQTT.DependencyMetadataFileList
WriteAuxiliaryFile /Users/admin/builder/spi-builder-workspace/.derivedData/Build/Intermediates.noindex/SwiftMQTT.build/Debug-watchos/SwiftMQTT-t.build/SwiftMQTT.modulemap (in target 'SwiftMQTT' from project 'SwiftMQTT')
cd /Users/admin/builder/spi-builder-workspace
write-file /Users/admin/builder/spi-builder-workspace/.derivedData/Build/Intermediates.noindex/SwiftMQTT.build/Debug-watchos/SwiftMQTT-t.build/SwiftMQTT.modulemap
WriteAuxiliaryFile /Users/admin/builder/spi-builder-workspace/.derivedData/Build/Intermediates.noindex/SwiftMQTT.build/Debug-watchos/SwiftMQTT-t.build/SwiftMQTT.DependencyStaticMetadataFileList (in target 'SwiftMQTT' from project 'SwiftMQTT')
cd /Users/admin/builder/spi-builder-workspace
write-file /Users/admin/builder/spi-builder-workspace/.derivedData/Build/Intermediates.noindex/SwiftMQTT.build/Debug-watchos/SwiftMQTT-t.build/SwiftMQTT.DependencyStaticMetadataFileList
WriteAuxiliaryFile /Users/admin/builder/spi-builder-workspace/.derivedData/Build/Intermediates.noindex/SwiftMQTT.build/Debug-watchos/SwiftMQTT-t.build/Objects-normal/arm64_32/SwiftMQTT.SwiftFileList (in target 'SwiftMQTT' from project 'SwiftMQTT')
cd /Users/admin/builder/spi-builder-workspace
write-file /Users/admin/builder/spi-builder-workspace/.derivedData/Build/Intermediates.noindex/SwiftMQTT.build/Debug-watchos/SwiftMQTT-t.build/Objects-normal/arm64_32/SwiftMQTT.SwiftFileList
WriteAuxiliaryFile /Users/admin/builder/spi-builder-workspace/.derivedData/Build/Intermediates.noindex/SwiftMQTT.build/Debug-watchos/SwiftMQTT-t.build/Objects-normal/arm64_32/SwiftMQTT_const_extract_protocols.json (in target 'SwiftMQTT' from project 'SwiftMQTT')
cd /Users/admin/builder/spi-builder-workspace
write-file /Users/admin/builder/spi-builder-workspace/.derivedData/Build/Intermediates.noindex/SwiftMQTT.build/Debug-watchos/SwiftMQTT-t.build/Objects-normal/arm64_32/SwiftMQTT_const_extract_protocols.json
WriteAuxiliaryFile /Users/admin/builder/spi-builder-workspace/.derivedData/Build/Intermediates.noindex/SwiftMQTT.build/Debug-watchos/SwiftMQTT-t.build/Objects-normal/arm64_32/SwiftMQTT-OutputFileMap.json (in target 'SwiftMQTT' from project 'SwiftMQTT')
cd /Users/admin/builder/spi-builder-workspace
write-file /Users/admin/builder/spi-builder-workspace/.derivedData/Build/Intermediates.noindex/SwiftMQTT.build/Debug-watchos/SwiftMQTT-t.build/Objects-normal/arm64_32/SwiftMQTT-OutputFileMap.json
WriteAuxiliaryFile /Users/admin/builder/spi-builder-workspace/.derivedData/Build/Intermediates.noindex/SwiftMQTT.build/Debug-watchos/SwiftMQTT-t.build/Objects-normal/arm64_32/SwiftMQTT.SwiftConstValuesFileList (in target 'SwiftMQTT' from project 'SwiftMQTT')
cd /Users/admin/builder/spi-builder-workspace
write-file /Users/admin/builder/spi-builder-workspace/.derivedData/Build/Intermediates.noindex/SwiftMQTT.build/Debug-watchos/SwiftMQTT-t.build/Objects-normal/arm64_32/SwiftMQTT.SwiftConstValuesFileList
WriteAuxiliaryFile /Users/admin/builder/spi-builder-workspace/.derivedData/Build/Intermediates.noindex/SwiftMQTT.build/Debug-watchos/SwiftMQTT-t.build/Objects-normal/arm64_32/SwiftMQTT.LinkFileList (in target 'SwiftMQTT' from project 'SwiftMQTT')
cd /Users/admin/builder/spi-builder-workspace
write-file /Users/admin/builder/spi-builder-workspace/.derivedData/Build/Intermediates.noindex/SwiftMQTT.build/Debug-watchos/SwiftMQTT-t.build/Objects-normal/arm64_32/SwiftMQTT.LinkFileList
WriteAuxiliaryFile /Users/admin/builder/spi-builder-workspace/.derivedData/Build/Intermediates.noindex/SwiftMQTT.build/Debug-watchos/SwiftMQTT-t.build/Objects-normal/arm64/SwiftMQTT_const_extract_protocols.json (in target 'SwiftMQTT' from project 'SwiftMQTT')
cd /Users/admin/builder/spi-builder-workspace
write-file /Users/admin/builder/spi-builder-workspace/.derivedData/Build/Intermediates.noindex/SwiftMQTT.build/Debug-watchos/SwiftMQTT-t.build/Objects-normal/arm64/SwiftMQTT_const_extract_protocols.json
WriteAuxiliaryFile /Users/admin/builder/spi-builder-workspace/.derivedData/Build/Intermediates.noindex/SwiftMQTT.build/Debug-watchos/SwiftMQTT-t.build/Objects-normal/arm64/SwiftMQTT.SwiftFileList (in target 'SwiftMQTT' from project 'SwiftMQTT')
cd /Users/admin/builder/spi-builder-workspace
write-file /Users/admin/builder/spi-builder-workspace/.derivedData/Build/Intermediates.noindex/SwiftMQTT.build/Debug-watchos/SwiftMQTT-t.build/Objects-normal/arm64/SwiftMQTT.SwiftFileList
WriteAuxiliaryFile /Users/admin/builder/spi-builder-workspace/.derivedData/Build/Intermediates.noindex/SwiftMQTT.build/Debug-watchos/SwiftMQTT-t.build/Objects-normal/arm64/SwiftMQTT.SwiftConstValuesFileList (in target 'SwiftMQTT' from project 'SwiftMQTT')
cd /Users/admin/builder/spi-builder-workspace
write-file /Users/admin/builder/spi-builder-workspace/.derivedData/Build/Intermediates.noindex/SwiftMQTT.build/Debug-watchos/SwiftMQTT-t.build/Objects-normal/arm64/SwiftMQTT.SwiftConstValuesFileList
WriteAuxiliaryFile /Users/admin/builder/spi-builder-workspace/.derivedData/Build/Intermediates.noindex/SwiftMQTT.build/Debug-watchos/SwiftMQTT-t.build/Objects-normal/arm64/SwiftMQTT.LinkFileList (in target 'SwiftMQTT' from project 'SwiftMQTT')
cd /Users/admin/builder/spi-builder-workspace
write-file /Users/admin/builder/spi-builder-workspace/.derivedData/Build/Intermediates.noindex/SwiftMQTT.build/Debug-watchos/SwiftMQTT-t.build/Objects-normal/arm64/SwiftMQTT.LinkFileList
WriteAuxiliaryFile /Users/admin/builder/spi-builder-workspace/.derivedData/Build/Intermediates.noindex/SwiftMQTT.build/Debug-watchos/SwiftMQTT-t.build/Objects-normal/arm64/SwiftMQTT-OutputFileMap.json (in target 'SwiftMQTT' from project 'SwiftMQTT')
cd /Users/admin/builder/spi-builder-workspace
write-file /Users/admin/builder/spi-builder-workspace/.derivedData/Build/Intermediates.noindex/SwiftMQTT.build/Debug-watchos/SwiftMQTT-t.build/Objects-normal/arm64/SwiftMQTT-OutputFileMap.json
Copy /Users/admin/builder/spi-builder-workspace/.derivedData/Build/Intermediates.noindex/GeneratedModuleMaps-watchos/SwiftMQTT.modulemap /Users/admin/builder/spi-builder-workspace/.derivedData/Build/Intermediates.noindex/SwiftMQTT.build/Debug-watchos/SwiftMQTT-t.build/SwiftMQTT.modulemap (in target 'SwiftMQTT' from project 'SwiftMQTT')
cd /Users/admin/builder/spi-builder-workspace
builtin-copy -exclude .DS_Store -exclude CVS -exclude .svn -exclude .git -exclude .hg -resolve-src-symlinks /Users/admin/builder/spi-builder-workspace/.derivedData/Build/Intermediates.noindex/SwiftMQTT.build/Debug-watchos/SwiftMQTT-t.build/SwiftMQTT.modulemap /Users/admin/builder/spi-builder-workspace/.derivedData/Build/Intermediates.noindex/GeneratedModuleMaps-watchos
SwiftDriver SwiftMQTT normal arm64_32 com.apple.xcode.tools.swift.compiler (in target 'SwiftMQTT' from project 'SwiftMQTT')
cd /Users/admin/builder/spi-builder-workspace/.swiftpm/xcode
builtin-SwiftDriver -- /Applications/Xcode-27.0.0-Release.Candidate.app/Contents/Developer/Toolchains/XcodeDefault.xctoolchain/usr/bin/swiftc -parse-as-library -module-name SwiftMQTT -Onone @/Users/admin/builder/spi-builder-workspace/.derivedData/Build/Intermediates.noindex/SwiftMQTT.build/Debug-watchos/SwiftMQTT-t.build/Objects-normal/arm64_32/SwiftMQTT.SwiftFileList -DSWIFT_PACKAGE -DDEBUG -DSWIFT_MODULE_RESOURCE_BUNDLE_UNAVAILABLE -DXcode -plugin-path /Applications/Xcode-27.0.0-Release.Candidate.app/Contents/Developer/Toolchains/XcodeDefault.xctoolchain/usr/lib/swift/host/plugins/testing -enable-experimental-feature DebugDescriptionMacro -sdk /Applications/Xcode-27.0.0-Release.Candidate.app/Contents/Developer/Platforms/WatchOS.platform/Developer/SDKs/WatchOS27.0.sdk -target arm64_32-apple-watchos9.0 -g -module-cache-path /Users/admin/builder/spi-builder-workspace/.derivedData/ModuleCache.noindex -Xfrontend -serialize-debugging-options -profile-coverage-mapping -profile-generate -enable-testing -index-store-path /Users/admin/builder/spi-builder-workspace/.derivedData/Index.noindex/DataStore -Xcc -D_LIBCPP_HARDENING_MODE\=_LIBCPP_HARDENING_MODE_DEBUG -swift-version 4 -I /Users/admin/builder/spi-builder-workspace/.derivedData/Build/Products/Debug-watchos -Isystem /Applications/Xcode-27.0.0-Release.Candidate.app/Contents/Developer/Platforms/WatchOS.platform/Developer/usr/lib -F /Users/admin/builder/spi-builder-workspace/.derivedData/Build/Products/Debug-watchos -F /Applications/Xcode-27.0.0-Release.Candidate.app/Contents/Developer/Platforms/WatchOS.platform/Developer/Library/Frameworks -F /Applications/Xcode-27.0.0-Release.Candidate.app/Contents/Developer/Platforms/WatchOS.platform/Developer/SDKs/WatchOS27.0.sdk/Developer/Library/Frameworks -c -j10 -enable-batch-mode -incremental -Xcc -ivfsstatcache -Xcc /Users/admin/builder/spi-builder-workspace/.derivedData/SDKStatCaches.noindex/watchos27.0-24R360-e829b21a6f8c9b70876ba0858053c04477534ef55a1706bf4c1112bbb242f0a2.sdkstatcache -output-file-map /Users/admin/builder/spi-builder-workspace/.derivedData/Build/Intermediates.noindex/SwiftMQTT.build/Debug-watchos/SwiftMQTT-t.build/Objects-normal/arm64_32/SwiftMQTT-OutputFileMap.json -save-temps -no-color-diagnostics -emit-dependencies -emit-module -emit-module-path /Users/admin/builder/spi-builder-workspace/.derivedData/Build/Intermediates.noindex/SwiftMQTT.build/Debug-watchos/SwiftMQTT-t.build/Objects-normal/arm64_32/SwiftMQTT.swiftmodule -serialize-diagnostics -validate-clang-modules-once -clang-build-session-file /Users/admin/builder/spi-builder-workspace/.derivedData/ModuleCache.noindex/Session.modulevalidation -Xcc -fmodules-prune-interval\=86400 -Xcc -fmodules-prune-after\=345600 -emit-const-values -const-gather-protocols-list /Users/admin/builder/spi-builder-workspace/.derivedData/Build/Intermediates.noindex/SwiftMQTT.build/Debug-watchos/SwiftMQTT-t.build/Objects-normal/arm64_32/SwiftMQTT_const_extract_protocols.json -Xcc -I/Users/admin/builder/spi-builder-workspace/.derivedData/Build/Products/Debug-watchos/include -Xcc -I/Users/admin/builder/spi-builder-workspace/.derivedData/Build/Intermediates.noindex/SwiftMQTT.build/Debug-watchos/SwiftMQTT-t.build/DerivedSources-normal/arm64_32 -Xcc -I/Users/admin/builder/spi-builder-workspace/.derivedData/Build/Intermediates.noindex/SwiftMQTT.build/Debug-watchos/SwiftMQTT-t.build/DerivedSources/arm64_32 -Xcc -I/Users/admin/builder/spi-builder-workspace/.derivedData/Build/Intermediates.noindex/SwiftMQTT.build/Debug-watchos/SwiftMQTT-t.build/DerivedSources -Xcc -DSWIFT_PACKAGE -Xcc -DDEBUG\=1 -emit-objc-header -emit-objc-header-path /Users/admin/builder/spi-builder-workspace/.derivedData/Build/Intermediates.noindex/SwiftMQTT.build/Debug-watchos/SwiftMQTT-t.build/Objects-normal/arm64_32/SwiftMQTT-Swift.h -working-directory /Users/admin/builder/spi-builder-workspace/.swiftpm/xcode -experimental-emit-module-separately -disable-cmo
SwiftDriver SwiftMQTT normal arm64 com.apple.xcode.tools.swift.compiler (in target 'SwiftMQTT' from project 'SwiftMQTT')
cd /Users/admin/builder/spi-builder-workspace/.swiftpm/xcode
builtin-SwiftDriver -- /Applications/Xcode-27.0.0-Release.Candidate.app/Contents/Developer/Toolchains/XcodeDefault.xctoolchain/usr/bin/swiftc -parse-as-library -module-name SwiftMQTT -Onone @/Users/admin/builder/spi-builder-workspace/.derivedData/Build/Intermediates.noindex/SwiftMQTT.build/Debug-watchos/SwiftMQTT-t.build/Objects-normal/arm64/SwiftMQTT.SwiftFileList -DSWIFT_PACKAGE -DDEBUG -DSWIFT_MODULE_RESOURCE_BUNDLE_UNAVAILABLE -DXcode -plugin-path /Applications/Xcode-27.0.0-Release.Candidate.app/Contents/Developer/Toolchains/XcodeDefault.xctoolchain/usr/lib/swift/host/plugins/testing -enable-experimental-feature DebugDescriptionMacro -sdk /Applications/Xcode-27.0.0-Release.Candidate.app/Contents/Developer/Platforms/WatchOS.platform/Developer/SDKs/WatchOS27.0.sdk -target arm64-apple-watchos9.0 -g -module-cache-path /Users/admin/builder/spi-builder-workspace/.derivedData/ModuleCache.noindex -Xfrontend -serialize-debugging-options -profile-coverage-mapping -profile-generate -enable-testing -index-store-path /Users/admin/builder/spi-builder-workspace/.derivedData/Index.noindex/DataStore -Xcc -D_LIBCPP_HARDENING_MODE\=_LIBCPP_HARDENING_MODE_DEBUG -swift-version 4 -I /Users/admin/builder/spi-builder-workspace/.derivedData/Build/Products/Debug-watchos -Isystem /Applications/Xcode-27.0.0-Release.Candidate.app/Contents/Developer/Platforms/WatchOS.platform/Developer/usr/lib -F /Users/admin/builder/spi-builder-workspace/.derivedData/Build/Products/Debug-watchos -F /Applications/Xcode-27.0.0-Release.Candidate.app/Contents/Developer/Platforms/WatchOS.platform/Developer/Library/Frameworks -F /Applications/Xcode-27.0.0-Release.Candidate.app/Contents/Developer/Platforms/WatchOS.platform/Developer/SDKs/WatchOS27.0.sdk/Developer/Library/Frameworks -c -j10 -enable-batch-mode -incremental -Xcc -ivfsstatcache -Xcc /Users/admin/builder/spi-builder-workspace/.derivedData/SDKStatCaches.noindex/watchos27.0-24R360-e829b21a6f8c9b70876ba0858053c04477534ef55a1706bf4c1112bbb242f0a2.sdkstatcache -output-file-map /Users/admin/builder/spi-builder-workspace/.derivedData/Build/Intermediates.noindex/SwiftMQTT.build/Debug-watchos/SwiftMQTT-t.build/Objects-normal/arm64/SwiftMQTT-OutputFileMap.json -save-temps -no-color-diagnostics -emit-dependencies -emit-module -emit-module-path /Users/admin/builder/spi-builder-workspace/.derivedData/Build/Intermediates.noindex/SwiftMQTT.build/Debug-watchos/SwiftMQTT-t.build/Objects-normal/arm64/SwiftMQTT.swiftmodule -serialize-diagnostics -validate-clang-modules-once -clang-build-session-file /Users/admin/builder/spi-builder-workspace/.derivedData/ModuleCache.noindex/Session.modulevalidation -Xcc -fmodules-prune-interval\=86400 -Xcc -fmodules-prune-after\=345600 -emit-const-values -const-gather-protocols-list /Users/admin/builder/spi-builder-workspace/.derivedData/Build/Intermediates.noindex/SwiftMQTT.build/Debug-watchos/SwiftMQTT-t.build/Objects-normal/arm64/SwiftMQTT_const_extract_protocols.json -Xcc -I/Users/admin/builder/spi-builder-workspace/.derivedData/Build/Products/Debug-watchos/include -Xcc -I/Users/admin/builder/spi-builder-workspace/.derivedData/Build/Intermediates.noindex/SwiftMQTT.build/Debug-watchos/SwiftMQTT-t.build/DerivedSources-normal/arm64 -Xcc -I/Users/admin/builder/spi-builder-workspace/.derivedData/Build/Intermediates.noindex/SwiftMQTT.build/Debug-watchos/SwiftMQTT-t.build/DerivedSources/arm64 -Xcc -I/Users/admin/builder/spi-builder-workspace/.derivedData/Build/Intermediates.noindex/SwiftMQTT.build/Debug-watchos/SwiftMQTT-t.build/DerivedSources -Xcc -DSWIFT_PACKAGE -Xcc -DDEBUG\=1 -emit-objc-header -emit-objc-header-path /Users/admin/builder/spi-builder-workspace/.derivedData/Build/Intermediates.noindex/SwiftMQTT.build/Debug-watchos/SwiftMQTT-t.build/Objects-normal/arm64/SwiftMQTT-Swift.h -working-directory /Users/admin/builder/spi-builder-workspace/.swiftpm/xcode -experimental-emit-module-separately -disable-cmo
SwiftEmitModule normal arm64_32 Emitting\ module\ for\ SwiftMQTT (in target 'SwiftMQTT' from project 'SwiftMQTT')
SwiftCompile normal arm64_32 (in target 'SwiftMQTT' from project 'SwiftMQTT')
cd /Users/admin/builder/spi-builder-workspace/.swiftpm/xcode
SwiftCompile normal arm64_32 Compiling\ MQTTExtensions.swift,\ MQTTSession.swift /Users/admin/builder/spi-builder-workspace/SwiftMQTT/SwiftMQTT/MQTTExtensions.swift /Users/admin/builder/spi-builder-workspace/SwiftMQTT/SwiftMQTT/MQTTSession.swift (in target 'SwiftMQTT' from project 'SwiftMQTT')
SwiftCompile normal arm64_32 /Users/admin/builder/spi-builder-workspace/SwiftMQTT/SwiftMQTT/MQTTExtensions.swift (in target 'SwiftMQTT' from project 'SwiftMQTT')
cd /Users/admin/builder/spi-builder-workspace/.swiftpm/xcode
builtin-SwiftPerFileCompile MQTTExtensions.swift
SwiftCompile normal arm64_32 /Users/admin/builder/spi-builder-workspace/SwiftMQTT/SwiftMQTT/MQTTSession.swift (in target 'SwiftMQTT' from project 'SwiftMQTT')
cd /Users/admin/builder/spi-builder-workspace/.swiftpm/xcode
builtin-SwiftPerFileCompile MQTTSession.swift
SwiftCompile normal arm64_32 Compiling\ MQTTConnectPacket.swift,\ MQTTDisconnectPacket.swift /Users/admin/builder/spi-builder-workspace/SwiftMQTT/SwiftMQTT/Models/MQTTConnectPacket.swift /Users/admin/builder/spi-builder-workspace/SwiftMQTT/SwiftMQTT/Models/MQTTDisconnectPacket.swift (in target 'SwiftMQTT' from project 'SwiftMQTT')
SwiftCompile normal arm64_32 /Users/admin/builder/spi-builder-workspace/SwiftMQTT/SwiftMQTT/Models/MQTTConnectPacket.swift (in target 'SwiftMQTT' from project 'SwiftMQTT')
cd /Users/admin/builder/spi-builder-workspace/.swiftpm/xcode
builtin-SwiftPerFileCompile MQTTConnectPacket.swift
SwiftCompile normal arm64_32 /Users/admin/builder/spi-builder-workspace/SwiftMQTT/SwiftMQTT/Models/MQTTDisconnectPacket.swift (in target 'SwiftMQTT' from project 'SwiftMQTT')
cd /Users/admin/builder/spi-builder-workspace/.swiftpm/xcode
builtin-SwiftPerFileCompile MQTTDisconnectPacket.swift
SwiftCompile normal arm64_32 Compiling\ MQTTMessage.swift,\ MQTTPacket.swift /Users/admin/builder/spi-builder-workspace/SwiftMQTT/SwiftMQTT/Models/MQTTMessage.swift /Users/admin/builder/spi-builder-workspace/SwiftMQTT/SwiftMQTT/Models/MQTTPacket.swift (in target 'SwiftMQTT' from project 'SwiftMQTT')
SwiftCompile normal arm64_32 /Users/admin/builder/spi-builder-workspace/SwiftMQTT/SwiftMQTT/Models/MQTTMessage.swift (in target 'SwiftMQTT' from project 'SwiftMQTT')
cd /Users/admin/builder/spi-builder-workspace/.swiftpm/xcode
builtin-SwiftPerFileCompile MQTTMessage.swift
SwiftCompile normal arm64_32 /Users/admin/builder/spi-builder-workspace/SwiftMQTT/SwiftMQTT/Models/MQTTPacket.swift (in target 'SwiftMQTT' from project 'SwiftMQTT')
cd /Users/admin/builder/spi-builder-workspace/.swiftpm/xcode
builtin-SwiftPerFileCompile MQTTPacket.swift
SwiftCompile normal arm64_32 Compiling\ MQTTPacketFactory.swift,\ MQTTPacketFixedHeader.swift /Users/admin/builder/spi-builder-workspace/SwiftMQTT/SwiftMQTT/Models/MQTTPacketFactory.swift /Users/admin/builder/spi-builder-workspace/SwiftMQTT/SwiftMQTT/Models/MQTTPacketFixedHeader.swift (in target 'SwiftMQTT' from project 'SwiftMQTT')
SwiftCompile normal arm64_32 /Users/admin/builder/spi-builder-workspace/SwiftMQTT/SwiftMQTT/Models/MQTTPacketFactory.swift (in target 'SwiftMQTT' from project 'SwiftMQTT')
cd /Users/admin/builder/spi-builder-workspace/.swiftpm/xcode
builtin-SwiftPerFileCompile MQTTPacketFactory.swift
SwiftCompile normal arm64_32 /Users/admin/builder/spi-builder-workspace/SwiftMQTT/SwiftMQTT/Models/MQTTPacketFixedHeader.swift (in target 'SwiftMQTT' from project 'SwiftMQTT')
cd /Users/admin/builder/spi-builder-workspace/.swiftpm/xcode
builtin-SwiftPerFileCompile MQTTPacketFixedHeader.swift
SwiftCompile normal arm64_32 Compiling\ MQTTSessionStream.swift,\ MQTTConnAckPacket.swift /Users/admin/builder/spi-builder-workspace/SwiftMQTT/SwiftMQTT/MQTTSessionStream.swift /Users/admin/builder/spi-builder-workspace/SwiftMQTT/SwiftMQTT/Models/MQTTConnAckPacket.swift (in target 'SwiftMQTT' from project 'SwiftMQTT')
/Users/admin/builder/spi-builder-workspace/SwiftMQTT/SwiftMQTT/MQTTSessionStream.swift:31:16: error: 'getStreamsToHost(withName:port:inputStream:outputStream:)' is unavailable in watchOS
29 | var inputStream: InputStream?
30 | var outputStream: OutputStream?
31 | Stream.getStreamsToHost(withName: host, port: Int(port), inputStream: &inputStream, outputStream: &outputStream)
| `- error: 'getStreamsToHost(withName:port:inputStream:outputStream:)' is unavailable in watchOS
32 |
33 | let queueLabel = host.components(separatedBy: ".").reversed().joined(separator: ".") + ".stream\(port)"
/Applications/Xcode-27.0.0-Release.Candidate.app/Contents/Developer/Platforms/WatchOS.platform/Developer/SDKs/WatchOS27.0.sdk/System/Library/Frameworks/Foundation.framework/Headers/NSStream.h:257:1: note: 'getStreamsToHost(withName:port:inputStream:outputStream:)' has been explicitly marked unavailable here
255 | /// - inputStream: Upon return, contains the input stream. If `nil` is passed, the stream object is not created.
256 | /// - outputStream: Upon return, contains the output stream. If `nil` is passed, the stream object is not created.
257 | + (void)getStreamsToHostWithName:(NSString *)hostname port:(NSInteger)port inputStream:(NSInputStream * _Nullable * _Nullable)inputStream outputStream:(NSOutputStream * _Nullable * _Nullable)outputStream API_DEPRECATED("Use nw_connection_t in Network framework instead", macos(10.10, API_TO_BE_DEPRECATED), ios(8.0, API_TO_BE_DEPRECATED), tvos(9.0, API_TO_BE_DEPRECATED)) API_UNAVAILABLE(watchos);
| `- note: 'getStreamsToHost(withName:port:inputStream:outputStream:)' has been explicitly marked unavailable here
258 |
259 | #if TARGET_OS_OSX
Failed frontend command:
/Applications/Xcode-27.0.0-Release.Candidate.app/Contents/Developer/Toolchains/XcodeDefault.xctoolchain/usr/bin/swift-frontend -frontend -c /Users/admin/builder/spi-builder-workspace/SwiftMQTT/SwiftMQTT/MQTTExtensions.swift /Users/admin/builder/spi-builder-workspace/SwiftMQTT/SwiftMQTT/MQTTSession.swift -primary-file /Users/admin/builder/spi-builder-workspace/SwiftMQTT/SwiftMQTT/MQTTSessionStream.swift -primary-file /Users/admin/builder/spi-builder-workspace/SwiftMQTT/SwiftMQTT/Models/MQTTConnAckPacket.swift /Users/admin/builder/spi-builder-workspace/SwiftMQTT/SwiftMQTT/Models/MQTTConnectPacket.swift /Users/admin/builder/spi-builder-workspace/SwiftMQTT/SwiftMQTT/Models/MQTTDisconnectPacket.swift /Users/admin/builder/spi-builder-workspace/SwiftMQTT/SwiftMQTT/Models/MQTTMessage.swift /Users/admin/builder/spi-builder-workspace/SwiftMQTT/SwiftMQTT/Models/MQTTPacket.swift /Users/admin/builder/spi-builder-workspace/SwiftMQTT/SwiftMQTT/Models/MQTTPacketFactory.swift /Users/admin/builder/spi-builder-workspace/SwiftMQTT/SwiftMQTT/Models/MQTTPacketFixedHeader.swift /Users/admin/builder/spi-builder-workspace/SwiftMQTT/SwiftMQTT/Models/MQTTPingPacket.swift /Users/admin/builder/spi-builder-workspace/SwiftMQTT/SwiftMQTT/Models/MQTTPingResp.swift /Users/admin/builder/spi-builder-workspace/SwiftMQTT/SwiftMQTT/Models/MQTTPubAck.swift /Users/admin/builder/spi-builder-workspace/SwiftMQTT/SwiftMQTT/Models/MQTTPubMsg.swift /Users/admin/builder/spi-builder-workspace/SwiftMQTT/SwiftMQTT/Models/MQTTPublishPacket.swift /Users/admin/builder/spi-builder-workspace/SwiftMQTT/SwiftMQTT/Models/MQTTStreamable.swift /Users/admin/builder/spi-builder-workspace/SwiftMQTT/SwiftMQTT/Models/MQTTSubAckPacket.swift /Users/admin/builder/spi-builder-workspace/SwiftMQTT/SwiftMQTT/Models/MQTTSubPacket.swift /Users/admin/builder/spi-builder-workspace/SwiftMQTT/SwiftMQTT/Models/MQTTUnSubAckPacket.swift /Users/admin/builder/spi-builder-workspace/SwiftMQTT/SwiftMQTT/Models/MQTTUnsubPacket.swift -emit-dependencies-path /Users/admin/builder/spi-builder-workspace/.derivedData/Build/Intermediates.noindex/SwiftMQTT.build/Debug-watchos/SwiftMQTT-t.build/Objects-normal/arm64_32/MQTTSessionStream.d -emit-const-values-path /Users/admin/builder/spi-builder-workspace/.derivedData/Build/Intermediates.noindex/SwiftMQTT.build/Debug-watchos/SwiftMQTT-t.build/Objects-normal/arm64_32/MQTTSessionStream.swiftconstvalues -emit-reference-dependencies-path /Users/admin/builder/spi-builder-workspace/.derivedData/Build/Intermediates.noindex/SwiftMQTT.build/Debug-watchos/SwiftMQTT-t.build/Objects-normal/arm64_32/MQTTSessionStream.swiftdeps -serialize-diagnostics-path /Users/admin/builder/spi-builder-workspace/.derivedData/Build/Intermediates.noindex/SwiftMQTT.build/Debug-watchos/SwiftMQTT-t.build/Objects-normal/arm64_32/MQTTSessionStream.dia -emit-dependencies-path /Users/admin/builder/spi-builder-workspace/.derivedData/Build/Intermediates.noindex/SwiftMQTT.build/Debug-watchos/SwiftMQTT-t.build/Objects-normal/arm64_32/MQTTConnAckPacket.d -emit-const-values-path /Users/admin/builder/spi-builder-workspace/.derivedData/Build/Intermediates.noindex/SwiftMQTT.build/Debug-watchos/SwiftMQTT-t.build/Objects-normal/arm64_32/MQTTConnAckPacket.swiftconstvalues -emit-reference-dependencies-path /Users/admin/builder/spi-builder-workspace/.derivedData/Build/Intermediates.noindex/SwiftMQTT.build/Debug-watchos/SwiftMQTT-t.build/Objects-normal/arm64_32/MQTTConnAckPacket.swiftdeps -serialize-diagnostics-path /Users/admin/builder/spi-builder-workspace/.derivedData/Build/Intermediates.noindex/SwiftMQTT.build/Debug-watchos/SwiftMQTT-t.build/Objects-normal/arm64_32/MQTTConnAckPacket.dia -target arm64_32-apple-watchos9.0 -enable-objc-interop -sdk /Applications/Xcode-27.0.0-Release.Candidate.app/Contents/Developer/Platforms/WatchOS.platform/Developer/SDKs/WatchOS27.0.sdk -I /Users/admin/builder/spi-builder-workspace/.derivedData/Build/Products/Debug-watchos -Isystem /Applications/Xcode-27.0.0-Release.Candidate.app/Contents/Developer/Platforms/WatchOS.platform/Developer/usr/lib -F /Users/admin/builder/spi-builder-workspace/.derivedData/Build/Products/Debug-watchos -F /Applications/Xcode-27.0.0-Release.Candidate.app/Contents/Developer/Platforms/WatchOS.platform/Developer/Library/Frameworks -F /Applications/Xcode-27.0.0-Release.Candidate.app/Contents/Developer/Platforms/WatchOS.platform/Developer/SDKs/WatchOS27.0.sdk/Developer/Library/Frameworks -module-cache-path /Users/admin/builder/spi-builder-workspace/.derivedData/ModuleCache.noindex -no-color-diagnostics -Xcc -fno-color-diagnostics -enable-testing -g -debug-info-format\=dwarf -dwarf-version\=4 -profile-generate -profile-coverage-mapping -swift-version 4 -Onone -D SWIFT_PACKAGE -D DEBUG -D SWIFT_MODULE_RESOURCE_BUNDLE_UNAVAILABLE -D Xcode -serialize-debugging-options -enable-experimental-feature DebugDescriptionMacro -empty-abi-descriptor -plugin-path /Applications/Xcode-27.0.0-Release.Candidate.app/Contents/Developer/Toolchains/XcodeDefault.xctoolchain/usr/lib/swift/host/plugins/testing -validate-clang-modules-once -clang-build-session-file /Users/admin/builder/spi-builder-workspace/.derivedData/ModuleCache.noindex/Session.modulevalidation -Xcc -working-directory -Xcc /Users/admin/builder/spi-builder-workspace/.swiftpm/xcode -enable-anonymous-context-mangled-names -file-compilation-dir /Users/admin/builder/spi-builder-workspace/.swiftpm/xcode -Xcc -D_LIBCPP_HARDENING_MODE\=_LIBCPP_HARDENING_MODE_DEBUG -Xcc -ivfsstatcache -Xcc /Users/admin/builder/spi-builder-workspace/.derivedData/SDKStatCaches.noindex/watchos27.0-24R360-e829b21a6f8c9b70876ba0858053c04477534ef55a1706bf4c1112bbb242f0a2.sdkstatcache -Xcc -fmodules-prune-interval\=86400 -Xcc -fmodules-prune-after\=345600 -Xcc -I/Users/admin/builder/spi-builder-workspace/.derivedData/Build/Products/Debug-watchos/include -Xcc -I/Users/admin/builder/spi-builder-workspace/.derivedData/Build/Intermediates.noindex/SwiftMQTT.build/Debug-watchos/SwiftMQTT-t.build/DerivedSources-normal/arm64_32 -Xcc -I/Users/admin/builder/spi-builder-workspace/.derivedData/Build/Intermediates.noindex/SwiftMQTT.build/Debug-watchos/SwiftMQTT-t.build/DerivedSources/arm64_32 -Xcc -I/Users/admin/builder/spi-builder-workspace/.derivedData/Build/Intermediates.noindex/SwiftMQTT.build/Debug-watchos/SwiftMQTT-t.build/DerivedSources -Xcc -DSWIFT_PACKAGE -Xcc -DDEBUG\=1 -no-auto-bridging-header-chaining -module-name SwiftMQTT -const-gather-protocols-file /Users/admin/builder/spi-builder-workspace/.derivedData/Build/Intermediates.noindex/SwiftMQTT.build/Debug-watchos/SwiftMQTT-t.build/Objects-normal/arm64_32/SwiftMQTT_const_extract_protocols.json -disable-clang-spi -target-sdk-version 27.0 -target-sdk-name watchos27.0 -external-plugin-path /Applications/Xcode-27.0.0-Release.Candidate.app/Contents/Developer/Platforms/WatchOS.platform/Developer/usr/lib/swift/host/plugins\#/Applications/Xcode-27.0.0-Release.Candidate.app/Contents/Developer/Platforms/WatchOS.platform/Developer/usr/bin/swift-plugin-server -external-plugin-path /Applications/Xcode-27.0.0-Release.Candidate.app/Contents/Developer/Platforms/WatchOS.platform/Developer/usr/local/lib/swift/host/plugins\#/Applications/Xcode-27.0.0-Release.Candidate.app/Contents/Developer/Platforms/WatchOS.platform/Developer/usr/bin/swift-plugin-server -in-process-plugin-server-path /Applications/Xcode-27.0.0-Release.Candidate.app/Contents/Developer/Toolchains/XcodeDefault.xctoolchain/usr/lib/swift/host/libSwiftInProcPluginServer.dylib -plugin-path /Applications/Xcode-27.0.0-Release.Candidate.app/Contents/Developer/Toolchains/XcodeDefault.xctoolchain/usr/lib/swift/host/plugins -plugin-path /Applications/Xcode-27.0.0-Release.Candidate.app/Contents/Developer/Toolchains/XcodeDefault.xctoolchain/usr/local/lib/swift/host/plugins -parse-as-library -o /Users/admin/builder/spi-builder-workspace/.derivedData/Build/Intermediates.noindex/SwiftMQTT.build/Debug-watchos/SwiftMQTT-t.build/Objects-normal/arm64_32/MQTTSessionStream.o -o /Users/admin/builder/spi-builder-workspace/.derivedData/Build/Intermediates.noindex/SwiftMQTT.build/Debug-watchos/SwiftMQTT-t.build/Objects-normal/arm64_32/MQTTConnAckPacket.o -index-unit-output-path /SwiftMQTT.build/Debug-watchos/SwiftMQTT-t.build/Objects-normal/arm64_32/MQTTSessionStream.o -index-unit-output-path /SwiftMQTT.build/Debug-watchos/SwiftMQTT-t.build/Objects-normal/arm64_32/MQTTConnAckPacket.o -index-store-path /Users/admin/builder/spi-builder-workspace/.derivedData/Index.noindex/DataStore -index-system-modules
SwiftCompile normal arm64_32 /Users/admin/builder/spi-builder-workspace/SwiftMQTT/SwiftMQTT/MQTTSessionStream.swift (in target 'SwiftMQTT' from project 'SwiftMQTT')
cd /Users/admin/builder/spi-builder-workspace/.swiftpm/xcode
builtin-SwiftPerFileCompile MQTTSessionStream.swift
SwiftCompile normal arm64_32 /Users/admin/builder/spi-builder-workspace/SwiftMQTT/SwiftMQTT/Models/MQTTConnAckPacket.swift (in target 'SwiftMQTT' from project 'SwiftMQTT')
cd /Users/admin/builder/spi-builder-workspace/.swiftpm/xcode
builtin-SwiftPerFileCompile MQTTConnAckPacket.swift
SwiftEmitModule normal arm64 Emitting\ module\ for\ SwiftMQTT (in target 'SwiftMQTT' from project 'SwiftMQTT')
SwiftCompile normal arm64 (in target 'SwiftMQTT' from project 'SwiftMQTT')
cd /Users/admin/builder/spi-builder-workspace/.swiftpm/xcode
SwiftCompile normal arm64 Compiling\ MQTTMessage.swift,\ MQTTPacket.swift /Users/admin/builder/spi-builder-workspace/SwiftMQTT/SwiftMQTT/Models/MQTTMessage.swift /Users/admin/builder/spi-builder-workspace/SwiftMQTT/SwiftMQTT/Models/MQTTPacket.swift (in target 'SwiftMQTT' from project 'SwiftMQTT')
SwiftCompile normal arm64 /Users/admin/builder/spi-builder-workspace/SwiftMQTT/SwiftMQTT/Models/MQTTMessage.swift (in target 'SwiftMQTT' from project 'SwiftMQTT')
cd /Users/admin/builder/spi-builder-workspace/.swiftpm/xcode
builtin-SwiftPerFileCompile MQTTMessage.swift
SwiftCompile normal arm64 /Users/admin/builder/spi-builder-workspace/SwiftMQTT/SwiftMQTT/Models/MQTTPacket.swift (in target 'SwiftMQTT' from project 'SwiftMQTT')
cd /Users/admin/builder/spi-builder-workspace/.swiftpm/xcode
builtin-SwiftPerFileCompile MQTTPacket.swift
SwiftCompile normal arm64 Compiling\ MQTTPublishPacket.swift,\ MQTTStreamable.swift /Users/admin/builder/spi-builder-workspace/SwiftMQTT/SwiftMQTT/Models/MQTTPublishPacket.swift /Users/admin/builder/spi-builder-workspace/SwiftMQTT/SwiftMQTT/Models/MQTTStreamable.swift (in target 'SwiftMQTT' from project 'SwiftMQTT')
SwiftCompile normal arm64 /Users/admin/builder/spi-builder-workspace/SwiftMQTT/SwiftMQTT/Models/MQTTPublishPacket.swift (in target 'SwiftMQTT' from project 'SwiftMQTT')
cd /Users/admin/builder/spi-builder-workspace/.swiftpm/xcode
builtin-SwiftPerFileCompile MQTTPublishPacket.swift
SwiftCompile normal arm64 /Users/admin/builder/spi-builder-workspace/SwiftMQTT/SwiftMQTT/Models/MQTTStreamable.swift (in target 'SwiftMQTT' from project 'SwiftMQTT')
cd /Users/admin/builder/spi-builder-workspace/.swiftpm/xcode
builtin-SwiftPerFileCompile MQTTStreamable.swift
SwiftCompile normal arm64 Compiling\ MQTTPacketFactory.swift,\ MQTTPacketFixedHeader.swift /Users/admin/builder/spi-builder-workspace/SwiftMQTT/SwiftMQTT/Models/MQTTPacketFactory.swift /Users/admin/builder/spi-builder-workspace/SwiftMQTT/SwiftMQTT/Models/MQTTPacketFixedHeader.swift (in target 'SwiftMQTT' from project 'SwiftMQTT')
SwiftCompile normal arm64 /Users/admin/builder/spi-builder-workspace/SwiftMQTT/SwiftMQTT/Models/MQTTPacketFactory.swift (in target 'SwiftMQTT' from project 'SwiftMQTT')
cd /Users/admin/builder/spi-builder-workspace/.swiftpm/xcode
builtin-SwiftPerFileCompile MQTTPacketFactory.swift
SwiftCompile normal arm64 /Users/admin/builder/spi-builder-workspace/SwiftMQTT/SwiftMQTT/Models/MQTTPacketFixedHeader.swift (in target 'SwiftMQTT' from project 'SwiftMQTT')
cd /Users/admin/builder/spi-builder-workspace/.swiftpm/xcode
builtin-SwiftPerFileCompile MQTTPacketFixedHeader.swift
SwiftCompile normal arm64 Compiling\ MQTTSessionStream.swift,\ MQTTConnAckPacket.swift /Users/admin/builder/spi-builder-workspace/SwiftMQTT/SwiftMQTT/MQTTSessionStream.swift /Users/admin/builder/spi-builder-workspace/SwiftMQTT/SwiftMQTT/Models/MQTTConnAckPacket.swift (in target 'SwiftMQTT' from project 'SwiftMQTT')
/Users/admin/builder/spi-builder-workspace/SwiftMQTT/SwiftMQTT/MQTTSessionStream.swift:31:16: error: 'getStreamsToHost(withName:port:inputStream:outputStream:)' is unavailable in watchOS
29 | var inputStream: InputStream?
30 | var outputStream: OutputStream?
31 | Stream.getStreamsToHost(withName: host, port: Int(port), inputStream: &inputStream, outputStream: &outputStream)
| `- error: 'getStreamsToHost(withName:port:inputStream:outputStream:)' is unavailable in watchOS
32 |
33 | let queueLabel = host.components(separatedBy: ".").reversed().joined(separator: ".") + ".stream\(port)"
/Applications/Xcode-27.0.0-Release.Candidate.app/Contents/Developer/Platforms/WatchOS.platform/Developer/SDKs/WatchOS27.0.sdk/System/Library/Frameworks/Foundation.framework/Headers/NSStream.h:257:1: note: 'getStreamsToHost(withName:port:inputStream:outputStream:)' has been explicitly marked unavailable here
255 | /// - inputStream: Upon return, contains the input stream. If `nil` is passed, the stream object is not created.
256 | /// - outputStream: Upon return, contains the output stream. If `nil` is passed, the stream object is not created.
257 | + (void)getStreamsToHostWithName:(NSString *)hostname port:(NSInteger)port inputStream:(NSInputStream * _Nullable * _Nullable)inputStream outputStream:(NSOutputStream * _Nullable * _Nullable)outputStream API_DEPRECATED("Use nw_connection_t in Network framework instead", macos(10.10, API_TO_BE_DEPRECATED), ios(8.0, API_TO_BE_DEPRECATED), tvos(9.0, API_TO_BE_DEPRECATED)) API_UNAVAILABLE(watchos);
| `- note: 'getStreamsToHost(withName:port:inputStream:outputStream:)' has been explicitly marked unavailable here
258 |
259 | #if TARGET_OS_OSX
Failed frontend command:
/Applications/Xcode-27.0.0-Release.Candidate.app/Contents/Developer/Toolchains/XcodeDefault.xctoolchain/usr/bin/swift-frontend -frontend -c /Users/admin/builder/spi-builder-workspace/SwiftMQTT/SwiftMQTT/MQTTExtensions.swift /Users/admin/builder/spi-builder-workspace/SwiftMQTT/SwiftMQTT/MQTTSession.swift -primary-file /Users/admin/builder/spi-builder-workspace/SwiftMQTT/SwiftMQTT/MQTTSessionStream.swift -primary-file /Users/admin/builder/spi-builder-workspace/SwiftMQTT/SwiftMQTT/Models/MQTTConnAckPacket.swift /Users/admin/builder/spi-builder-workspace/SwiftMQTT/SwiftMQTT/Models/MQTTConnectPacket.swift /Users/admin/builder/spi-builder-workspace/SwiftMQTT/SwiftMQTT/Models/MQTTDisconnectPacket.swift /Users/admin/builder/spi-builder-workspace/SwiftMQTT/SwiftMQTT/Models/MQTTMessage.swift /Users/admin/builder/spi-builder-workspace/SwiftMQTT/SwiftMQTT/Models/MQTTPacket.swift /Users/admin/builder/spi-builder-workspace/SwiftMQTT/SwiftMQTT/Models/MQTTPacketFactory.swift /Users/admin/builder/spi-builder-workspace/SwiftMQTT/SwiftMQTT/Models/MQTTPacketFixedHeader.swift /Users/admin/builder/spi-builder-workspace/SwiftMQTT/SwiftMQTT/Models/MQTTPingPacket.swift /Users/admin/builder/spi-builder-workspace/SwiftMQTT/SwiftMQTT/Models/MQTTPingResp.swift /Users/admin/builder/spi-builder-workspace/SwiftMQTT/SwiftMQTT/Models/MQTTPubAck.swift /Users/admin/builder/spi-builder-workspace/SwiftMQTT/SwiftMQTT/Models/MQTTPubMsg.swift /Users/admin/builder/spi-builder-workspace/SwiftMQTT/SwiftMQTT/Models/MQTTPublishPacket.swift /Users/admin/builder/spi-builder-workspace/SwiftMQTT/SwiftMQTT/Models/MQTTStreamable.swift /Users/admin/builder/spi-builder-workspace/SwiftMQTT/SwiftMQTT/Models/MQTTSubAckPacket.swift /Users/admin/builder/spi-builder-workspace/SwiftMQTT/SwiftMQTT/Models/MQTTSubPacket.swift /Users/admin/builder/spi-builder-workspace/SwiftMQTT/SwiftMQTT/Models/MQTTUnSubAckPacket.swift /Users/admin/builder/spi-builder-workspace/SwiftMQTT/SwiftMQTT/Models/MQTTUnsubPacket.swift -emit-dependencies-path /Users/admin/builder/spi-builder-workspace/.derivedData/Build/Intermediates.noindex/SwiftMQTT.build/Debug-watchos/SwiftMQTT-t.build/Objects-normal/arm64/MQTTSessionStream.d -emit-const-values-path /Users/admin/builder/spi-builder-workspace/.derivedData/Build/Intermediates.noindex/SwiftMQTT.build/Debug-watchos/SwiftMQTT-t.build/Objects-normal/arm64/MQTTSessionStream.swiftconstvalues -emit-reference-dependencies-path /Users/admin/builder/spi-builder-workspace/.derivedData/Build/Intermediates.noindex/SwiftMQTT.build/Debug-watchos/SwiftMQTT-t.build/Objects-normal/arm64/MQTTSessionStream.swiftdeps -serialize-diagnostics-path /Users/admin/builder/spi-builder-workspace/.derivedData/Build/Intermediates.noindex/SwiftMQTT.build/Debug-watchos/SwiftMQTT-t.build/Objects-normal/arm64/MQTTSessionStream.dia -emit-dependencies-path /Users/admin/builder/spi-builder-workspace/.derivedData/Build/Intermediates.noindex/SwiftMQTT.build/Debug-watchos/SwiftMQTT-t.build/Objects-normal/arm64/MQTTConnAckPacket.d -emit-const-values-path /Users/admin/builder/spi-builder-workspace/.derivedData/Build/Intermediates.noindex/SwiftMQTT.build/Debug-watchos/SwiftMQTT-t.build/Objects-normal/arm64/MQTTConnAckPacket.swiftconstvalues -emit-reference-dependencies-path /Users/admin/builder/spi-builder-workspace/.derivedData/Build/Intermediates.noindex/SwiftMQTT.build/Debug-watchos/SwiftMQTT-t.build/Objects-normal/arm64/MQTTConnAckPacket.swiftdeps -serialize-diagnostics-path /Users/admin/builder/spi-builder-workspace/.derivedData/Build/Intermediates.noindex/SwiftMQTT.build/Debug-watchos/SwiftMQTT-t.build/Objects-normal/arm64/MQTTConnAckPacket.dia -target arm64-apple-watchos9.0 -Xllvm -aarch64-use-tbi -enable-objc-interop -stack-check -sdk /Applications/Xcode-27.0.0-Release.Candidate.app/Contents/Developer/Platforms/WatchOS.platform/Developer/SDKs/WatchOS27.0.sdk -I /Users/admin/builder/spi-builder-workspace/.derivedData/Build/Products/Debug-watchos -Isystem /Applications/Xcode-27.0.0-Release.Candidate.app/Contents/Developer/Platforms/WatchOS.platform/Developer/usr/lib -F /Users/admin/builder/spi-builder-workspace/.derivedData/Build/Products/Debug-watchos -F /Applications/Xcode-27.0.0-Release.Candidate.app/Contents/Developer/Platforms/WatchOS.platform/Developer/Library/Frameworks -F /Applications/Xcode-27.0.0-Release.Candidate.app/Contents/Developer/Platforms/WatchOS.platform/Developer/SDKs/WatchOS27.0.sdk/Developer/Library/Frameworks -module-cache-path /Users/admin/builder/spi-builder-workspace/.derivedData/ModuleCache.noindex -no-color-diagnostics -Xcc -fno-color-diagnostics -enable-testing -g -debug-info-format\=dwarf -dwarf-version\=4 -profile-generate -profile-coverage-mapping -swift-version 4 -Onone -D SWIFT_PACKAGE -D DEBUG -D SWIFT_MODULE_RESOURCE_BUNDLE_UNAVAILABLE -D Xcode -serialize-debugging-options -enable-experimental-feature DebugDescriptionMacro -empty-abi-descriptor -plugin-path /Applications/Xcode-27.0.0-Release.Candidate.app/Contents/Developer/Toolchains/XcodeDefault.xctoolchain/usr/lib/swift/host/plugins/testing -validate-clang-modules-once -clang-build-session-file /Users/admin/builder/spi-builder-workspace/.derivedData/ModuleCache.noindex/Session.modulevalidation -Xcc -working-directory -Xcc /Users/admin/builder/spi-builder-workspace/.swiftpm/xcode -enable-anonymous-context-mangled-names -file-compilation-dir /Users/admin/builder/spi-builder-workspace/.swiftpm/xcode -Xcc -D_LIBCPP_HARDENING_MODE\=_LIBCPP_HARDENING_MODE_DEBUG -Xcc -ivfsstatcache -Xcc /Users/admin/builder/spi-builder-workspace/.derivedData/SDKStatCaches.noindex/watchos27.0-24R360-e829b21a6f8c9b70876ba0858053c04477534ef55a1706bf4c1112bbb242f0a2.sdkstatcache -Xcc -fmodules-prune-interval\=86400 -Xcc -fmodules-prune-after\=345600 -Xcc -I/Users/admin/builder/spi-builder-workspace/.derivedData/Build/Products/Debug-watchos/include -Xcc -I/Users/admin/builder/spi-builder-workspace/.derivedData/Build/Intermediates.noindex/SwiftMQTT.build/Debug-watchos/SwiftMQTT-t.build/DerivedSources-normal/arm64 -Xcc -I/Users/admin/builder/spi-builder-workspace/.derivedData/Build/Intermediates.noindex/SwiftMQTT.build/Debug-watchos/SwiftMQTT-t.build/DerivedSources/arm64 -Xcc -I/Users/admin/builder/spi-builder-workspace/.derivedData/Build/Intermediates.noindex/SwiftMQTT.build/Debug-watchos/SwiftMQTT-t.build/DerivedSources -Xcc -DSWIFT_PACKAGE -Xcc -DDEBUG\=1 -no-auto-bridging-header-chaining -module-name SwiftMQTT -const-gather-protocols-file /Users/admin/builder/spi-builder-workspace/.derivedData/Build/Intermediates.noindex/SwiftMQTT.build/Debug-watchos/SwiftMQTT-t.build/Objects-normal/arm64/SwiftMQTT_const_extract_protocols.json -disable-clang-spi -target-sdk-version 27.0 -target-sdk-name watchos27.0 -external-plugin-path /Applications/Xcode-27.0.0-Release.Candidate.app/Contents/Developer/Platforms/WatchOS.platform/Developer/usr/lib/swift/host/plugins\#/Applications/Xcode-27.0.0-Release.Candidate.app/Contents/Developer/Platforms/WatchOS.platform/Developer/usr/bin/swift-plugin-server -external-plugin-path /Applications/Xcode-27.0.0-Release.Candidate.app/Contents/Developer/Platforms/WatchOS.platform/Developer/usr/local/lib/swift/host/plugins\#/Applications/Xcode-27.0.0-Release.Candidate.app/Contents/Developer/Platforms/WatchOS.platform/Developer/usr/bin/swift-plugin-server -in-process-plugin-server-path /Applications/Xcode-27.0.0-Release.Candidate.app/Contents/Developer/Toolchains/XcodeDefault.xctoolchain/usr/lib/swift/host/libSwiftInProcPluginServer.dylib -plugin-path /Applications/Xcode-27.0.0-Release.Candidate.app/Contents/Developer/Toolchains/XcodeDefault.xctoolchain/usr/lib/swift/host/plugins -plugin-path /Applications/Xcode-27.0.0-Release.Candidate.app/Contents/Developer/Toolchains/XcodeDefault.xctoolchain/usr/local/lib/swift/host/plugins -parse-as-library -o /Users/admin/builder/spi-builder-workspace/.derivedData/Build/Intermediates.noindex/SwiftMQTT.build/Debug-watchos/SwiftMQTT-t.build/Objects-normal/arm64/MQTTSessionStream.o -o /Users/admin/builder/spi-builder-workspace/.derivedData/Build/Intermediates.noindex/SwiftMQTT.build/Debug-watchos/SwiftMQTT-t.build/Objects-normal/arm64/MQTTConnAckPacket.o -index-unit-output-path /SwiftMQTT.build/Debug-watchos/SwiftMQTT-t.build/Objects-normal/arm64/MQTTSessionStream.o -index-unit-output-path /SwiftMQTT.build/Debug-watchos/SwiftMQTT-t.build/Objects-normal/arm64/MQTTConnAckPacket.o -index-store-path /Users/admin/builder/spi-builder-workspace/.derivedData/Index.noindex/DataStore -index-system-modules
SwiftCompile normal arm64 /Users/admin/builder/spi-builder-workspace/SwiftMQTT/SwiftMQTT/MQTTSessionStream.swift (in target 'SwiftMQTT' from project 'SwiftMQTT')
cd /Users/admin/builder/spi-builder-workspace/.swiftpm/xcode
builtin-SwiftPerFileCompile MQTTSessionStream.swift
SwiftCompile normal arm64 /Users/admin/builder/spi-builder-workspace/SwiftMQTT/SwiftMQTT/Models/MQTTConnAckPacket.swift (in target 'SwiftMQTT' from project 'SwiftMQTT')
cd /Users/admin/builder/spi-builder-workspace/.swiftpm/xcode
builtin-SwiftPerFileCompile MQTTConnAckPacket.swift
SwiftDriverJobDiscovery normal arm64_32 Emitting module for SwiftMQTT (in target 'SwiftMQTT' from project 'SwiftMQTT')
SwiftDriver\ Compilation\ Requirements SwiftMQTT normal arm64_32 com.apple.xcode.tools.swift.compiler (in target 'SwiftMQTT' from project 'SwiftMQTT')
cd /Users/admin/builder/spi-builder-workspace/.swiftpm/xcode
builtin-Swift-Compilation-Requirements -- /Applications/Xcode-27.0.0-Release.Candidate.app/Contents/Developer/Toolchains/XcodeDefault.xctoolchain/usr/bin/swiftc -parse-as-library -module-name SwiftMQTT -Onone @/Users/admin/builder/spi-builder-workspace/.derivedData/Build/Intermediates.noindex/SwiftMQTT.build/Debug-watchos/SwiftMQTT-t.build/Objects-normal/arm64_32/SwiftMQTT.SwiftFileList -DSWIFT_PACKAGE -DDEBUG -DSWIFT_MODULE_RESOURCE_BUNDLE_UNAVAILABLE -DXcode -plugin-path /Applications/Xcode-27.0.0-Release.Candidate.app/Contents/Developer/Toolchains/XcodeDefault.xctoolchain/usr/lib/swift/host/plugins/testing -enable-experimental-feature DebugDescriptionMacro -sdk /Applications/Xcode-27.0.0-Release.Candidate.app/Contents/Developer/Platforms/WatchOS.platform/Developer/SDKs/WatchOS27.0.sdk -target arm64_32-apple-watchos9.0 -g -module-cache-path /Users/admin/builder/spi-builder-workspace/.derivedData/ModuleCache.noindex -Xfrontend -serialize-debugging-options -profile-coverage-mapping -profile-generate -enable-testing -index-store-path /Users/admin/builder/spi-builder-workspace/.derivedData/Index.noindex/DataStore -Xcc -D_LIBCPP_HARDENING_MODE\=_LIBCPP_HARDENING_MODE_DEBUG -swift-version 4 -I /Users/admin/builder/spi-builder-workspace/.derivedData/Build/Products/Debug-watchos -Isystem /Applications/Xcode-27.0.0-Release.Candidate.app/Contents/Developer/Platforms/WatchOS.platform/Developer/usr/lib -F /Users/admin/builder/spi-builder-workspace/.derivedData/Build/Products/Debug-watchos -F /Applications/Xcode-27.0.0-Release.Candidate.app/Contents/Developer/Platforms/WatchOS.platform/Developer/Library/Frameworks -F /Applications/Xcode-27.0.0-Release.Candidate.app/Contents/Developer/Platforms/WatchOS.platform/Developer/SDKs/WatchOS27.0.sdk/Developer/Library/Frameworks -c -j10 -enable-batch-mode -incremental -Xcc -ivfsstatcache -Xcc /Users/admin/builder/spi-builder-workspace/.derivedData/SDKStatCaches.noindex/watchos27.0-24R360-e829b21a6f8c9b70876ba0858053c04477534ef55a1706bf4c1112bbb242f0a2.sdkstatcache -output-file-map /Users/admin/builder/spi-builder-workspace/.derivedData/Build/Intermediates.noindex/SwiftMQTT.build/Debug-watchos/SwiftMQTT-t.build/Objects-normal/arm64_32/SwiftMQTT-OutputFileMap.json -save-temps -no-color-diagnostics -emit-dependencies -emit-module -emit-module-path /Users/admin/builder/spi-builder-workspace/.derivedData/Build/Intermediates.noindex/SwiftMQTT.build/Debug-watchos/SwiftMQTT-t.build/Objects-normal/arm64_32/SwiftMQTT.swiftmodule -serialize-diagnostics -validate-clang-modules-once -clang-build-session-file /Users/admin/builder/spi-builder-workspace/.derivedData/ModuleCache.noindex/Session.modulevalidation -Xcc -fmodules-prune-interval\=86400 -Xcc -fmodules-prune-after\=345600 -emit-const-values -const-gather-protocols-list /Users/admin/builder/spi-builder-workspace/.derivedData/Build/Intermediates.noindex/SwiftMQTT.build/Debug-watchos/SwiftMQTT-t.build/Objects-normal/arm64_32/SwiftMQTT_const_extract_protocols.json -Xcc -I/Users/admin/builder/spi-builder-workspace/.derivedData/Build/Products/Debug-watchos/include -Xcc -I/Users/admin/builder/spi-builder-workspace/.derivedData/Build/Intermediates.noindex/SwiftMQTT.build/Debug-watchos/SwiftMQTT-t.build/DerivedSources-normal/arm64_32 -Xcc -I/Users/admin/builder/spi-builder-workspace/.derivedData/Build/Intermediates.noindex/SwiftMQTT.build/Debug-watchos/SwiftMQTT-t.build/DerivedSources/arm64_32 -Xcc -I/Users/admin/builder/spi-builder-workspace/.derivedData/Build/Intermediates.noindex/SwiftMQTT.build/Debug-watchos/SwiftMQTT-t.build/DerivedSources -Xcc -DSWIFT_PACKAGE -Xcc -DDEBUG\=1 -emit-objc-header -emit-objc-header-path /Users/admin/builder/spi-builder-workspace/.derivedData/Build/Intermediates.noindex/SwiftMQTT.build/Debug-watchos/SwiftMQTT-t.build/Objects-normal/arm64_32/SwiftMQTT-Swift.h -working-directory /Users/admin/builder/spi-builder-workspace/.swiftpm/xcode -experimental-emit-module-separately -disable-cmo
SwiftDriverJobDiscovery normal arm64 Emitting module for SwiftMQTT (in target 'SwiftMQTT' from project 'SwiftMQTT')
SwiftDriver\ Compilation\ Requirements SwiftMQTT normal arm64 com.apple.xcode.tools.swift.compiler (in target 'SwiftMQTT' from project 'SwiftMQTT')
cd /Users/admin/builder/spi-builder-workspace/.swiftpm/xcode
builtin-Swift-Compilation-Requirements -- /Applications/Xcode-27.0.0-Release.Candidate.app/Contents/Developer/Toolchains/XcodeDefault.xctoolchain/usr/bin/swiftc -parse-as-library -module-name SwiftMQTT -Onone @/Users/admin/builder/spi-builder-workspace/.derivedData/Build/Intermediates.noindex/SwiftMQTT.build/Debug-watchos/SwiftMQTT-t.build/Objects-normal/arm64/SwiftMQTT.SwiftFileList -DSWIFT_PACKAGE -DDEBUG -DSWIFT_MODULE_RESOURCE_BUNDLE_UNAVAILABLE -DXcode -plugin-path /Applications/Xcode-27.0.0-Release.Candidate.app/Contents/Developer/Toolchains/XcodeDefault.xctoolchain/usr/lib/swift/host/plugins/testing -enable-experimental-feature DebugDescriptionMacro -sdk /Applications/Xcode-27.0.0-Release.Candidate.app/Contents/Developer/Platforms/WatchOS.platform/Developer/SDKs/WatchOS27.0.sdk -target arm64-apple-watchos9.0 -g -module-cache-path /Users/admin/builder/spi-builder-workspace/.derivedData/ModuleCache.noindex -Xfrontend -serialize-debugging-options -profile-coverage-mapping -profile-generate -enable-testing -index-store-path /Users/admin/builder/spi-builder-workspace/.derivedData/Index.noindex/DataStore -Xcc -D_LIBCPP_HARDENING_MODE\=_LIBCPP_HARDENING_MODE_DEBUG -swift-version 4 -I /Users/admin/builder/spi-builder-workspace/.derivedData/Build/Products/Debug-watchos -Isystem /Applications/Xcode-27.0.0-Release.Candidate.app/Contents/Developer/Platforms/WatchOS.platform/Developer/usr/lib -F /Users/admin/builder/spi-builder-workspace/.derivedData/Build/Products/Debug-watchos -F /Applications/Xcode-27.0.0-Release.Candidate.app/Contents/Developer/Platforms/WatchOS.platform/Developer/Library/Frameworks -F /Applications/Xcode-27.0.0-Release.Candidate.app/Contents/Developer/Platforms/WatchOS.platform/Developer/SDKs/WatchOS27.0.sdk/Developer/Library/Frameworks -c -j10 -enable-batch-mode -incremental -Xcc -ivfsstatcache -Xcc /Users/admin/builder/spi-builder-workspace/.derivedData/SDKStatCaches.noindex/watchos27.0-24R360-e829b21a6f8c9b70876ba0858053c04477534ef55a1706bf4c1112bbb242f0a2.sdkstatcache -output-file-map /Users/admin/builder/spi-builder-workspace/.derivedData/Build/Intermediates.noindex/SwiftMQTT.build/Debug-watchos/SwiftMQTT-t.build/Objects-normal/arm64/SwiftMQTT-OutputFileMap.json -save-temps -no-color-diagnostics -emit-dependencies -emit-module -emit-module-path /Users/admin/builder/spi-builder-workspace/.derivedData/Build/Intermediates.noindex/SwiftMQTT.build/Debug-watchos/SwiftMQTT-t.build/Objects-normal/arm64/SwiftMQTT.swiftmodule -serialize-diagnostics -validate-clang-modules-once -clang-build-session-file /Users/admin/builder/spi-builder-workspace/.derivedData/ModuleCache.noindex/Session.modulevalidation -Xcc -fmodules-prune-interval\=86400 -Xcc -fmodules-prune-after\=345600 -emit-const-values -const-gather-protocols-list /Users/admin/builder/spi-builder-workspace/.derivedData/Build/Intermediates.noindex/SwiftMQTT.build/Debug-watchos/SwiftMQTT-t.build/Objects-normal/arm64/SwiftMQTT_const_extract_protocols.json -Xcc -I/Users/admin/builder/spi-builder-workspace/.derivedData/Build/Products/Debug-watchos/include -Xcc -I/Users/admin/builder/spi-builder-workspace/.derivedData/Build/Intermediates.noindex/SwiftMQTT.build/Debug-watchos/SwiftMQTT-t.build/DerivedSources-normal/arm64 -Xcc -I/Users/admin/builder/spi-builder-workspace/.derivedData/Build/Intermediates.noindex/SwiftMQTT.build/Debug-watchos/SwiftMQTT-t.build/DerivedSources/arm64 -Xcc -I/Users/admin/builder/spi-builder-workspace/.derivedData/Build/Intermediates.noindex/SwiftMQTT.build/Debug-watchos/SwiftMQTT-t.build/DerivedSources -Xcc -DSWIFT_PACKAGE -Xcc -DDEBUG\=1 -emit-objc-header -emit-objc-header-path /Users/admin/builder/spi-builder-workspace/.derivedData/Build/Intermediates.noindex/SwiftMQTT.build/Debug-watchos/SwiftMQTT-t.build/Objects-normal/arm64/SwiftMQTT-Swift.h -working-directory /Users/admin/builder/spi-builder-workspace/.swiftpm/xcode -experimental-emit-module-separately -disable-cmo
Copy /Users/admin/builder/spi-builder-workspace/.derivedData/Build/Products/Debug-watchos/SwiftMQTT.swiftmodule/arm64_32-apple-watchos.swiftmodule /Users/admin/builder/spi-builder-workspace/.derivedData/Build/Intermediates.noindex/SwiftMQTT.build/Debug-watchos/SwiftMQTT-t.build/Objects-normal/arm64_32/SwiftMQTT.swiftmodule (in target 'SwiftMQTT' from project 'SwiftMQTT')
cd /Users/admin/builder/spi-builder-workspace
builtin-copy -exclude .DS_Store -exclude CVS -exclude .svn -exclude .git -exclude .hg -resolve-src-symlinks -rename /Users/admin/builder/spi-builder-workspace/.derivedData/Build/Intermediates.noindex/SwiftMQTT.build/Debug-watchos/SwiftMQTT-t.build/Objects-normal/arm64_32/SwiftMQTT.swiftmodule /Users/admin/builder/spi-builder-workspace/.derivedData/Build/Products/Debug-watchos/SwiftMQTT.swiftmodule/arm64_32-apple-watchos.swiftmodule
SwiftMergeGeneratedHeaders /Users/admin/builder/spi-builder-workspace/.derivedData/Build/Intermediates.noindex/GeneratedModuleMaps-watchos/SwiftMQTT-Swift.h /Users/admin/builder/spi-builder-workspace/.derivedData/Build/Intermediates.noindex/SwiftMQTT.build/Debug-watchos/SwiftMQTT-t.build/Objects-normal/arm64/SwiftMQTT-Swift.h /Users/admin/builder/spi-builder-workspace/.derivedData/Build/Intermediates.noindex/SwiftMQTT.build/Debug-watchos/SwiftMQTT-t.build/Objects-normal/arm64_32/SwiftMQTT-Swift.h (in target 'SwiftMQTT' from project 'SwiftMQTT')
cd /Users/admin/builder/spi-builder-workspace
builtin-swiftHeaderTool -arch arm64 /Users/admin/builder/spi-builder-workspace/.derivedData/Build/Intermediates.noindex/SwiftMQTT.build/Debug-watchos/SwiftMQTT-t.build/Objects-normal/arm64/SwiftMQTT-Swift.h -arch arm64_32 /Users/admin/builder/spi-builder-workspace/.derivedData/Build/Intermediates.noindex/SwiftMQTT.build/Debug-watchos/SwiftMQTT-t.build/Objects-normal/arm64_32/SwiftMQTT-Swift.h -o /Users/admin/builder/spi-builder-workspace/.derivedData/Build/Intermediates.noindex/GeneratedModuleMaps-watchos/SwiftMQTT-Swift.h
Copy /Users/admin/builder/spi-builder-workspace/.derivedData/Build/Products/Debug-watchos/SwiftMQTT.swiftmodule/arm64_32-apple-watchos.swiftdoc /Users/admin/builder/spi-builder-workspace/.derivedData/Build/Intermediates.noindex/SwiftMQTT.build/Debug-watchos/SwiftMQTT-t.build/Objects-normal/arm64_32/SwiftMQTT.swiftdoc (in target 'SwiftMQTT' from project 'SwiftMQTT')
cd /Users/admin/builder/spi-builder-workspace
builtin-copy -exclude .DS_Store -exclude CVS -exclude .svn -exclude .git -exclude .hg -resolve-src-symlinks -rename /Users/admin/builder/spi-builder-workspace/.derivedData/Build/Intermediates.noindex/SwiftMQTT.build/Debug-watchos/SwiftMQTT-t.build/Objects-normal/arm64_32/SwiftMQTT.swiftdoc /Users/admin/builder/spi-builder-workspace/.derivedData/Build/Products/Debug-watchos/SwiftMQTT.swiftmodule/arm64_32-apple-watchos.swiftdoc
Copy /Users/admin/builder/spi-builder-workspace/.derivedData/Build/Products/Debug-watchos/SwiftMQTT.swiftmodule/arm64_32-apple-watchos.abi.json /Users/admin/builder/spi-builder-workspace/.derivedData/Build/Intermediates.noindex/SwiftMQTT.build/Debug-watchos/SwiftMQTT-t.build/Objects-normal/arm64_32/SwiftMQTT.abi.json (in target 'SwiftMQTT' from project 'SwiftMQTT')
cd /Users/admin/builder/spi-builder-workspace
builtin-copy -exclude .DS_Store -exclude CVS -exclude .svn -exclude .git -exclude .hg -resolve-src-symlinks -rename /Users/admin/builder/spi-builder-workspace/.derivedData/Build/Intermediates.noindex/SwiftMQTT.build/Debug-watchos/SwiftMQTT-t.build/Objects-normal/arm64_32/SwiftMQTT.abi.json /Users/admin/builder/spi-builder-workspace/.derivedData/Build/Products/Debug-watchos/SwiftMQTT.swiftmodule/arm64_32-apple-watchos.abi.json
Copy /Users/admin/builder/spi-builder-workspace/.derivedData/Build/Products/Debug-watchos/SwiftMQTT.swiftmodule/arm64-apple-watchos.swiftmodule /Users/admin/builder/spi-builder-workspace/.derivedData/Build/Intermediates.noindex/SwiftMQTT.build/Debug-watchos/SwiftMQTT-t.build/Objects-normal/arm64/SwiftMQTT.swiftmodule (in target 'SwiftMQTT' from project 'SwiftMQTT')
cd /Users/admin/builder/spi-builder-workspace
builtin-copy -exclude .DS_Store -exclude CVS -exclude .svn -exclude .git -exclude .hg -resolve-src-symlinks -rename /Users/admin/builder/spi-builder-workspace/.derivedData/Build/Intermediates.noindex/SwiftMQTT.build/Debug-watchos/SwiftMQTT-t.build/Objects-normal/arm64/SwiftMQTT.swiftmodule /Users/admin/builder/spi-builder-workspace/.derivedData/Build/Products/Debug-watchos/SwiftMQTT.swiftmodule/arm64-apple-watchos.swiftmodule
Copy /Users/admin/builder/spi-builder-workspace/.derivedData/Build/Products/Debug-watchos/SwiftMQTT.swiftmodule/arm64-apple-watchos.swiftdoc /Users/admin/builder/spi-builder-workspace/.derivedData/Build/Intermediates.noindex/SwiftMQTT.build/Debug-watchos/SwiftMQTT-t.build/Objects-normal/arm64/SwiftMQTT.swiftdoc (in target 'SwiftMQTT' from project 'SwiftMQTT')
cd /Users/admin/builder/spi-builder-workspace
builtin-copy -exclude .DS_Store -exclude CVS -exclude .svn -exclude .git -exclude .hg -resolve-src-symlinks -rename /Users/admin/builder/spi-builder-workspace/.derivedData/Build/Intermediates.noindex/SwiftMQTT.build/Debug-watchos/SwiftMQTT-t.build/Objects-normal/arm64/SwiftMQTT.swiftdoc /Users/admin/builder/spi-builder-workspace/.derivedData/Build/Products/Debug-watchos/SwiftMQTT.swiftmodule/arm64-apple-watchos.swiftdoc
Copy /Users/admin/builder/spi-builder-workspace/.derivedData/Build/Products/Debug-watchos/SwiftMQTT.swiftmodule/arm64-apple-watchos.abi.json /Users/admin/builder/spi-builder-workspace/.derivedData/Build/Intermediates.noindex/SwiftMQTT.build/Debug-watchos/SwiftMQTT-t.build/Objects-normal/arm64/SwiftMQTT.abi.json (in target 'SwiftMQTT' from project 'SwiftMQTT')
cd /Users/admin/builder/spi-builder-workspace
builtin-copy -exclude .DS_Store -exclude CVS -exclude .svn -exclude .git -exclude .hg -resolve-src-symlinks -rename /Users/admin/builder/spi-builder-workspace/.derivedData/Build/Intermediates.noindex/SwiftMQTT.build/Debug-watchos/SwiftMQTT-t.build/Objects-normal/arm64/SwiftMQTT.abi.json /Users/admin/builder/spi-builder-workspace/.derivedData/Build/Products/Debug-watchos/SwiftMQTT.swiftmodule/arm64-apple-watchos.abi.json
Copy /Users/admin/builder/spi-builder-workspace/.derivedData/Build/Products/Debug-watchos/SwiftMQTT.swiftmodule/Project/arm64_32-apple-watchos.swiftsourceinfo /Users/admin/builder/spi-builder-workspace/.derivedData/Build/Intermediates.noindex/SwiftMQTT.build/Debug-watchos/SwiftMQTT-t.build/Objects-normal/arm64_32/SwiftMQTT.swiftsourceinfo (in target 'SwiftMQTT' from project 'SwiftMQTT')
cd /Users/admin/builder/spi-builder-workspace
builtin-copy -exclude .DS_Store -exclude CVS -exclude .svn -exclude .git -exclude .hg -resolve-src-symlinks -rename /Users/admin/builder/spi-builder-workspace/.derivedData/Build/Intermediates.noindex/SwiftMQTT.build/Debug-watchos/SwiftMQTT-t.build/Objects-normal/arm64_32/SwiftMQTT.swiftsourceinfo /Users/admin/builder/spi-builder-workspace/.derivedData/Build/Products/Debug-watchos/SwiftMQTT.swiftmodule/Project/arm64_32-apple-watchos.swiftsourceinfo
Copy /Users/admin/builder/spi-builder-workspace/.derivedData/Build/Products/Debug-watchos/SwiftMQTT.swiftmodule/Project/arm64-apple-watchos.swiftsourceinfo /Users/admin/builder/spi-builder-workspace/.derivedData/Build/Intermediates.noindex/SwiftMQTT.build/Debug-watchos/SwiftMQTT-t.build/Objects-normal/arm64/SwiftMQTT.swiftsourceinfo (in target 'SwiftMQTT' from project 'SwiftMQTT')
cd /Users/admin/builder/spi-builder-workspace
builtin-copy -exclude .DS_Store -exclude CVS -exclude .svn -exclude .git -exclude .hg -resolve-src-symlinks -rename /Users/admin/builder/spi-builder-workspace/.derivedData/Build/Intermediates.noindex/SwiftMQTT.build/Debug-watchos/SwiftMQTT-t.build/Objects-normal/arm64/SwiftMQTT.swiftsourceinfo /Users/admin/builder/spi-builder-workspace/.derivedData/Build/Products/Debug-watchos/SwiftMQTT.swiftmodule/Project/arm64-apple-watchos.swiftsourceinfo
SwiftCompile normal arm64_32 Compiling\ MQTTUnSubAckPacket.swift,\ MQTTUnsubPacket.swift /Users/admin/builder/spi-builder-workspace/SwiftMQTT/SwiftMQTT/Models/MQTTUnSubAckPacket.swift /Users/admin/builder/spi-builder-workspace/SwiftMQTT/SwiftMQTT/Models/MQTTUnsubPacket.swift (in target 'SwiftMQTT' from project 'SwiftMQTT')
SwiftCompile normal arm64_32 /Users/admin/builder/spi-builder-workspace/SwiftMQTT/SwiftMQTT/Models/MQTTUnSubAckPacket.swift (in target 'SwiftMQTT' from project 'SwiftMQTT')
cd /Users/admin/builder/spi-builder-workspace/.swiftpm/xcode
builtin-SwiftPerFileCompile MQTTUnSubAckPacket.swift
SwiftCompile normal arm64_32 /Users/admin/builder/spi-builder-workspace/SwiftMQTT/SwiftMQTT/Models/MQTTUnsubPacket.swift (in target 'SwiftMQTT' from project 'SwiftMQTT')
cd /Users/admin/builder/spi-builder-workspace/.swiftpm/xcode
builtin-SwiftPerFileCompile MQTTUnsubPacket.swift
SwiftCompile normal arm64 Compiling\ MQTTPubAck.swift,\ MQTTPubMsg.swift /Users/admin/builder/spi-builder-workspace/SwiftMQTT/SwiftMQTT/Models/MQTTPubAck.swift /Users/admin/builder/spi-builder-workspace/SwiftMQTT/SwiftMQTT/Models/MQTTPubMsg.swift (in target 'SwiftMQTT' from project 'SwiftMQTT')
SwiftCompile normal arm64 /Users/admin/builder/spi-builder-workspace/SwiftMQTT/SwiftMQTT/Models/MQTTPubAck.swift (in target 'SwiftMQTT' from project 'SwiftMQTT')
cd /Users/admin/builder/spi-builder-workspace/.swiftpm/xcode
builtin-SwiftPerFileCompile MQTTPubAck.swift
SwiftCompile normal arm64 /Users/admin/builder/spi-builder-workspace/SwiftMQTT/SwiftMQTT/Models/MQTTPubMsg.swift (in target 'SwiftMQTT' from project 'SwiftMQTT')
cd /Users/admin/builder/spi-builder-workspace/.swiftpm/xcode
builtin-SwiftPerFileCompile MQTTPubMsg.swift
SwiftDriverJobDiscovery normal arm64_32 Compiling MQTTUnSubAckPacket.swift, MQTTUnsubPacket.swift (in target 'SwiftMQTT' from project 'SwiftMQTT')
PruneExplicitPrecompiledModules /Users/admin/builder/spi-builder-workspace/.derivedData/Build/Intermediates.noindex/SwiftExplicitPrecompiledModules
PruneExplicitPrecompiledModules /Users/admin/builder/spi-builder-workspace/.derivedData/SDKExplicitPrecompiledModules
PruneExplicitPrecompiledModules /Users/admin/builder/spi-builder-workspace/.derivedData/Build/Intermediates.noindex/ExplicitPrecompiledModules
2026-09-20 14:09:42.076 xcodebuild[652:4214] [MT] IDERunDestination: Supported platforms for the buildables in the current scheme is empty.
** BUILD FAILED **
The following build commands failed:
SwiftCompile normal arm64_32 Compiling\ MQTTSessionStream.swift,\ MQTTConnAckPacket.swift /Users/admin/builder/spi-builder-workspace/SwiftMQTT/SwiftMQTT/MQTTSessionStream.swift /Users/admin/builder/spi-builder-workspace/SwiftMQTT/SwiftMQTT/Models/MQTTConnAckPacket.swift (in target 'SwiftMQTT' from project 'SwiftMQTT')
SwiftCompile normal arm64_32 /Users/admin/builder/spi-builder-workspace/SwiftMQTT/SwiftMQTT/MQTTSessionStream.swift (in target 'SwiftMQTT' from project 'SwiftMQTT')
SwiftCompile normal arm64 Compiling\ MQTTSessionStream.swift,\ MQTTConnAckPacket.swift /Users/admin/builder/spi-builder-workspace/SwiftMQTT/SwiftMQTT/MQTTSessionStream.swift /Users/admin/builder/spi-builder-workspace/SwiftMQTT/SwiftMQTT/Models/MQTTConnAckPacket.swift (in target 'SwiftMQTT' from project 'SwiftMQTT')
SwiftCompile normal arm64 /Users/admin/builder/spi-builder-workspace/SwiftMQTT/SwiftMQTT/MQTTSessionStream.swift (in target 'SwiftMQTT' from project 'SwiftMQTT')
Building workspace SwiftMQTT with scheme SwiftMQTT
(5 failures)
Command line invocation:
/Applications/Xcode-27.0.0-Release.Candidate.app/Contents/Developer/usr/bin/xcodebuild -IDEClonedSourcePackagesDirPathOverride=/Users/admin/builder/spi-builder-workspace/.dependencies -resolvePackageDependencies
Resolve Package Graph
Resolved source packages:
SwiftMQTT: /Users/admin/builder/spi-builder-workspace
resolved source packages: SwiftMQTT
2026-09-20 14:09:47.647 xcodebuild[680:4450] [MT] IDERunDestination: Supported platforms for the buildables in the current scheme is empty.
{
"dependencies" : [
],
"manifest_display_name" : "SwiftMQTT",
"name" : "SwiftMQTT",
"path" : "/Users/admin/builder/spi-builder-workspace",
"platforms" : [
],
"products" : [
{
"name" : "SwiftMQTT",
"targets" : [
"SwiftMQTT"
],
"type" : {
"library" : [
"automatic"
]
}
}
],
"targets" : [
{
"c99name" : "SwiftMQTTTests",
"module_type" : "SwiftTarget",
"name" : "SwiftMQTTTests",
"path" : "SwiftMQTT/SwiftMQTTTests",
"sources" : [
"SwiftMQTTTests.swift"
],
"target_dependencies" : [
"SwiftMQTT"
],
"type" : "test"
},
{
"c99name" : "SwiftMQTT",
"module_type" : "SwiftTarget",
"name" : "SwiftMQTT",
"path" : "SwiftMQTT/SwiftMQTT",
"product_memberships" : [
"SwiftMQTT"
],
"sources" : [
"MQTTExtensions.swift",
"MQTTSession.swift",
"MQTTSessionStream.swift",
"Models/MQTTConnAckPacket.swift",
"Models/MQTTConnectPacket.swift",
"Models/MQTTDisconnectPacket.swift",
"Models/MQTTMessage.swift",
"Models/MQTTPacket.swift",
"Models/MQTTPacketFactory.swift",
"Models/MQTTPacketFixedHeader.swift",
"Models/MQTTPingPacket.swift",
"Models/MQTTPingResp.swift",
"Models/MQTTPubAck.swift",
"Models/MQTTPubMsg.swift",
"Models/MQTTPublishPacket.swift",
"Models/MQTTStreamable.swift",
"Models/MQTTSubAckPacket.swift",
"Models/MQTTSubPacket.swift",
"Models/MQTTUnSubAckPacket.swift",
"Models/MQTTUnsubPacket.swift"
],
"type" : "library"
}
],
"tools_version" : "4.0"
}
{
"workspace" : {
"name" : "SwiftMQTT",
"schemes" : [
"SwiftMQTT"
]
}
}
2026-09-20 14:09:48.819 xcodebuild[688:4525] [MT] IDERunDestination: Supported platforms for the buildables in the current scheme is empty.
Running build ...
env DEVELOPER_DIR=/Applications/Xcode-27.0.0-Release.Candidate.app xcrun xcodebuild -IDEClonedSourcePackagesDirPathOverride=$PWD/.dependencies -skipMacroValidation -skipPackagePluginValidation -derivedDataPath $PWD/.derivedData build -scheme SwiftMQTT -destination generic/platform=watchOS
Command line invocation:
/Applications/Xcode-27.0.0-Release.Candidate.app/Contents/Developer/usr/bin/xcodebuild -IDEClonedSourcePackagesDirPathOverride=/Users/admin/builder/spi-builder-workspace/.dependencies -skipMacroValidation -skipPackagePluginValidation -derivedDataPath /Users/admin/builder/spi-builder-workspace/.derivedData build -scheme SwiftMQTT -destination generic/platform=watchOS
Resolve Package Graph
Resolved source packages:
SwiftMQTT: /Users/admin/builder/spi-builder-workspace
ComputePackagePrebuildTargetDependencyGraph
Prepare packages
CreateBuildRequest
SendProjectDescription
CreateBuildOperation
ComputeTargetDependencyGraph
note: Building targets in dependency order
note: Target dependency graph (2 targets)
Target 'SwiftMQTT-product' in project 'SwiftMQTT'
➜ Explicit dependency on target 'SwiftMQTT' in project 'SwiftMQTT'
Target 'SwiftMQTT' in project 'SwiftMQTT' (no dependencies)
GatherProvisioningInputs
CreateBuildDescription
ClangStatCache /Applications/Xcode-27.0.0-Release.Candidate.app/Contents/Developer/Toolchains/XcodeDefault.xctoolchain/usr/bin/clang-stat-cache /Applications/Xcode-27.0.0-Release.Candidate.app/Contents/Developer/Platforms/WatchOS.platform/Developer/SDKs/WatchOS27.0.sdk /Users/admin/builder/spi-builder-workspace/.derivedData/SDKStatCaches.noindex/watchos27.0-24R360-e829b21a6f8c9b70876ba0858053c04477534ef55a1706bf4c1112bbb242f0a2.sdkstatcache
cd /Users/admin/builder/spi-builder-workspace/.swiftpm/xcode
/Applications/Xcode-27.0.0-Release.Candidate.app/Contents/Developer/Toolchains/XcodeDefault.xctoolchain/usr/bin/clang-stat-cache /Applications/Xcode-27.0.0-Release.Candidate.app/Contents/Developer/Platforms/WatchOS.platform/Developer/SDKs/WatchOS27.0.sdk -o /Users/admin/builder/spi-builder-workspace/.derivedData/SDKStatCaches.noindex/watchos27.0-24R360-e829b21a6f8c9b70876ba0858053c04477534ef55a1706bf4c1112bbb242f0a2.sdkstatcache
SwiftDriver SwiftMQTT normal arm64 com.apple.xcode.tools.swift.compiler (in target 'SwiftMQTT' from project 'SwiftMQTT')
cd /Users/admin/builder/spi-builder-workspace/.swiftpm/xcode
builtin-SwiftDriver -- /Applications/Xcode-27.0.0-Release.Candidate.app/Contents/Developer/Toolchains/XcodeDefault.xctoolchain/usr/bin/swiftc -parse-as-library -module-name SwiftMQTT -Onone @/Users/admin/builder/spi-builder-workspace/.derivedData/Build/Intermediates.noindex/SwiftMQTT.build/Debug-watchos/SwiftMQTT-t.build/Objects-normal/arm64/SwiftMQTT.SwiftFileList -DSWIFT_PACKAGE -DDEBUG -DSWIFT_MODULE_RESOURCE_BUNDLE_UNAVAILABLE -DXcode -plugin-path /Applications/Xcode-27.0.0-Release.Candidate.app/Contents/Developer/Toolchains/XcodeDefault.xctoolchain/usr/lib/swift/host/plugins/testing -enable-experimental-feature DebugDescriptionMacro -sdk /Applications/Xcode-27.0.0-Release.Candidate.app/Contents/Developer/Platforms/WatchOS.platform/Developer/SDKs/WatchOS27.0.sdk -target arm64-apple-watchos9.0 -g -module-cache-path /Users/admin/builder/spi-builder-workspace/.derivedData/ModuleCache.noindex -Xfrontend -serialize-debugging-options -profile-coverage-mapping -profile-generate -enable-testing -index-store-path /Users/admin/builder/spi-builder-workspace/.derivedData/Index.noindex/DataStore -Xcc -D_LIBCPP_HARDENING_MODE\=_LIBCPP_HARDENING_MODE_DEBUG -swift-version 4 -I /Users/admin/builder/spi-builder-workspace/.derivedData/Build/Products/Debug-watchos -Isystem /Applications/Xcode-27.0.0-Release.Candidate.app/Contents/Developer/Platforms/WatchOS.platform/Developer/usr/lib -F /Users/admin/builder/spi-builder-workspace/.derivedData/Build/Products/Debug-watchos -F /Applications/Xcode-27.0.0-Release.Candidate.app/Contents/Developer/Platforms/WatchOS.platform/Developer/Library/Frameworks -F /Applications/Xcode-27.0.0-Release.Candidate.app/Contents/Developer/Platforms/WatchOS.platform/Developer/SDKs/WatchOS27.0.sdk/Developer/Library/Frameworks -c -j10 -enable-batch-mode -incremental -Xcc -ivfsstatcache -Xcc /Users/admin/builder/spi-builder-workspace/.derivedData/SDKStatCaches.noindex/watchos27.0-24R360-e829b21a6f8c9b70876ba0858053c04477534ef55a1706bf4c1112bbb242f0a2.sdkstatcache -output-file-map /Users/admin/builder/spi-builder-workspace/.derivedData/Build/Intermediates.noindex/SwiftMQTT.build/Debug-watchos/SwiftMQTT-t.build/Objects-normal/arm64/SwiftMQTT-OutputFileMap.json -save-temps -no-color-diagnostics -emit-dependencies -emit-module -emit-module-path /Users/admin/builder/spi-builder-workspace/.derivedData/Build/Intermediates.noindex/SwiftMQTT.build/Debug-watchos/SwiftMQTT-t.build/Objects-normal/arm64/SwiftMQTT.swiftmodule -serialize-diagnostics -validate-clang-modules-once -clang-build-session-file /Users/admin/builder/spi-builder-workspace/.derivedData/ModuleCache.noindex/Session.modulevalidation -Xcc -fmodules-prune-interval\=86400 -Xcc -fmodules-prune-after\=345600 -emit-const-values -const-gather-protocols-list /Users/admin/builder/spi-builder-workspace/.derivedData/Build/Intermediates.noindex/SwiftMQTT.build/Debug-watchos/SwiftMQTT-t.build/Objects-normal/arm64/SwiftMQTT_const_extract_protocols.json -Xcc -I/Users/admin/builder/spi-builder-workspace/.derivedData/Build/Products/Debug-watchos/include -Xcc -I/Users/admin/builder/spi-builder-workspace/.derivedData/Build/Intermediates.noindex/SwiftMQTT.build/Debug-watchos/SwiftMQTT-t.build/DerivedSources-normal/arm64 -Xcc -I/Users/admin/builder/spi-builder-workspace/.derivedData/Build/Intermediates.noindex/SwiftMQTT.build/Debug-watchos/SwiftMQTT-t.build/DerivedSources/arm64 -Xcc -I/Users/admin/builder/spi-builder-workspace/.derivedData/Build/Intermediates.noindex/SwiftMQTT.build/Debug-watchos/SwiftMQTT-t.build/DerivedSources -Xcc -DSWIFT_PACKAGE -Xcc -DDEBUG\=1 -emit-objc-header -emit-objc-header-path /Users/admin/builder/spi-builder-workspace/.derivedData/Build/Intermediates.noindex/SwiftMQTT.build/Debug-watchos/SwiftMQTT-t.build/Objects-normal/arm64/SwiftMQTT-Swift.h -working-directory /Users/admin/builder/spi-builder-workspace/.swiftpm/xcode -experimental-emit-module-separately -disable-cmo
SwiftDriver SwiftMQTT normal arm64_32 com.apple.xcode.tools.swift.compiler (in target 'SwiftMQTT' from project 'SwiftMQTT')
cd /Users/admin/builder/spi-builder-workspace/.swiftpm/xcode
builtin-SwiftDriver -- /Applications/Xcode-27.0.0-Release.Candidate.app/Contents/Developer/Toolchains/XcodeDefault.xctoolchain/usr/bin/swiftc -parse-as-library -module-name SwiftMQTT -Onone @/Users/admin/builder/spi-builder-workspace/.derivedData/Build/Intermediates.noindex/SwiftMQTT.build/Debug-watchos/SwiftMQTT-t.build/Objects-normal/arm64_32/SwiftMQTT.SwiftFileList -DSWIFT_PACKAGE -DDEBUG -DSWIFT_MODULE_RESOURCE_BUNDLE_UNAVAILABLE -DXcode -plugin-path /Applications/Xcode-27.0.0-Release.Candidate.app/Contents/Developer/Toolchains/XcodeDefault.xctoolchain/usr/lib/swift/host/plugins/testing -enable-experimental-feature DebugDescriptionMacro -sdk /Applications/Xcode-27.0.0-Release.Candidate.app/Contents/Developer/Platforms/WatchOS.platform/Developer/SDKs/WatchOS27.0.sdk -target arm64_32-apple-watchos9.0 -g -module-cache-path /Users/admin/builder/spi-builder-workspace/.derivedData/ModuleCache.noindex -Xfrontend -serialize-debugging-options -profile-coverage-mapping -profile-generate -enable-testing -index-store-path /Users/admin/builder/spi-builder-workspace/.derivedData/Index.noindex/DataStore -Xcc -D_LIBCPP_HARDENING_MODE\=_LIBCPP_HARDENING_MODE_DEBUG -swift-version 4 -I /Users/admin/builder/spi-builder-workspace/.derivedData/Build/Products/Debug-watchos -Isystem /Applications/Xcode-27.0.0-Release.Candidate.app/Contents/Developer/Platforms/WatchOS.platform/Developer/usr/lib -F /Users/admin/builder/spi-builder-workspace/.derivedData/Build/Products/Debug-watchos -F /Applications/Xcode-27.0.0-Release.Candidate.app/Contents/Developer/Platforms/WatchOS.platform/Developer/Library/Frameworks -F /Applications/Xcode-27.0.0-Release.Candidate.app/Contents/Developer/Platforms/WatchOS.platform/Developer/SDKs/WatchOS27.0.sdk/Developer/Library/Frameworks -c -j10 -enable-batch-mode -incremental -Xcc -ivfsstatcache -Xcc /Users/admin/builder/spi-builder-workspace/.derivedData/SDKStatCaches.noindex/watchos27.0-24R360-e829b21a6f8c9b70876ba0858053c04477534ef55a1706bf4c1112bbb242f0a2.sdkstatcache -output-file-map /Users/admin/builder/spi-builder-workspace/.derivedData/Build/Intermediates.noindex/SwiftMQTT.build/Debug-watchos/SwiftMQTT-t.build/Objects-normal/arm64_32/SwiftMQTT-OutputFileMap.json -save-temps -no-color-diagnostics -emit-dependencies -emit-module -emit-module-path /Users/admin/builder/spi-builder-workspace/.derivedData/Build/Intermediates.noindex/SwiftMQTT.build/Debug-watchos/SwiftMQTT-t.build/Objects-normal/arm64_32/SwiftMQTT.swiftmodule -serialize-diagnostics -validate-clang-modules-once -clang-build-session-file /Users/admin/builder/spi-builder-workspace/.derivedData/ModuleCache.noindex/Session.modulevalidation -Xcc -fmodules-prune-interval\=86400 -Xcc -fmodules-prune-after\=345600 -emit-const-values -const-gather-protocols-list /Users/admin/builder/spi-builder-workspace/.derivedData/Build/Intermediates.noindex/SwiftMQTT.build/Debug-watchos/SwiftMQTT-t.build/Objects-normal/arm64_32/SwiftMQTT_const_extract_protocols.json -Xcc -I/Users/admin/builder/spi-builder-workspace/.derivedData/Build/Products/Debug-watchos/include -Xcc -I/Users/admin/builder/spi-builder-workspace/.derivedData/Build/Intermediates.noindex/SwiftMQTT.build/Debug-watchos/SwiftMQTT-t.build/DerivedSources-normal/arm64_32 -Xcc -I/Users/admin/builder/spi-builder-workspace/.derivedData/Build/Intermediates.noindex/SwiftMQTT.build/Debug-watchos/SwiftMQTT-t.build/DerivedSources/arm64_32 -Xcc -I/Users/admin/builder/spi-builder-workspace/.derivedData/Build/Intermediates.noindex/SwiftMQTT.build/Debug-watchos/SwiftMQTT-t.build/DerivedSources -Xcc -DSWIFT_PACKAGE -Xcc -DDEBUG\=1 -emit-objc-header -emit-objc-header-path /Users/admin/builder/spi-builder-workspace/.derivedData/Build/Intermediates.noindex/SwiftMQTT.build/Debug-watchos/SwiftMQTT-t.build/Objects-normal/arm64_32/SwiftMQTT-Swift.h -working-directory /Users/admin/builder/spi-builder-workspace/.swiftpm/xcode -experimental-emit-module-separately -disable-cmo
SwiftCompile normal arm64 Compiling\ MQTTSessionStream.swift,\ MQTTConnAckPacket.swift /Users/admin/builder/spi-builder-workspace/SwiftMQTT/SwiftMQTT/MQTTSessionStream.swift /Users/admin/builder/spi-builder-workspace/SwiftMQTT/SwiftMQTT/Models/MQTTConnAckPacket.swift (in target 'SwiftMQTT' from project 'SwiftMQTT')
/Users/admin/builder/spi-builder-workspace/SwiftMQTT/SwiftMQTT/MQTTSessionStream.swift:31:16: error: 'getStreamsToHost(withName:port:inputStream:outputStream:)' is unavailable in watchOS
29 | var inputStream: InputStream?
30 | var outputStream: OutputStream?
31 | Stream.getStreamsToHost(withName: host, port: Int(port), inputStream: &inputStream, outputStream: &outputStream)
| `- error: 'getStreamsToHost(withName:port:inputStream:outputStream:)' is unavailable in watchOS
32 |
33 | let queueLabel = host.components(separatedBy: ".").reversed().joined(separator: ".") + ".stream\(port)"
/Applications/Xcode-27.0.0-Release.Candidate.app/Contents/Developer/Platforms/WatchOS.platform/Developer/SDKs/WatchOS27.0.sdk/System/Library/Frameworks/Foundation.framework/Headers/NSStream.h:257:1: note: 'getStreamsToHost(withName:port:inputStream:outputStream:)' has been explicitly marked unavailable here
255 | /// - inputStream: Upon return, contains the input stream. If `nil` is passed, the stream object is not created.
256 | /// - outputStream: Upon return, contains the output stream. If `nil` is passed, the stream object is not created.
257 | + (void)getStreamsToHostWithName:(NSString *)hostname port:(NSInteger)port inputStream:(NSInputStream * _Nullable * _Nullable)inputStream outputStream:(NSOutputStream * _Nullable * _Nullable)outputStream API_DEPRECATED("Use nw_connection_t in Network framework instead", macos(10.10, API_TO_BE_DEPRECATED), ios(8.0, API_TO_BE_DEPRECATED), tvos(9.0, API_TO_BE_DEPRECATED)) API_UNAVAILABLE(watchos);
| `- note: 'getStreamsToHost(withName:port:inputStream:outputStream:)' has been explicitly marked unavailable here
258 |
259 | #if TARGET_OS_OSX
Failed frontend command:
SwiftCompile normal arm64 /Users/admin/builder/spi-builder-workspace/SwiftMQTT/SwiftMQTT/MQTTSessionStream.swift (in target 'SwiftMQTT' from project 'SwiftMQTT')
cd /Users/admin/builder/spi-builder-workspace/.swiftpm/xcode
builtin-SwiftPerFileCompile MQTTSessionStream.swift
SwiftCompile normal arm64 /Users/admin/builder/spi-builder-workspace/SwiftMQTT/SwiftMQTT/Models/MQTTConnAckPacket.swift (in target 'SwiftMQTT' from project 'SwiftMQTT')
cd /Users/admin/builder/spi-builder-workspace/.swiftpm/xcode
builtin-SwiftPerFileCompile MQTTConnAckPacket.swift
/Applications/Xcode-27.0.0-Release.Candidate.app/Contents/Developer/Toolchains/XcodeDefault.xctoolchain/usr/bin/swift-frontend -frontend -c /Users/admin/builder/spi-builder-workspace/SwiftMQTT/SwiftMQTT/MQTTExtensions.swift /Users/admin/builder/spi-builder-workspace/SwiftMQTT/SwiftMQTT/MQTTSession.swift -primary-file /Users/admin/builder/spi-builder-workspace/SwiftMQTT/SwiftMQTT/MQTTSessionStream.swift -primary-file /Users/admin/builder/spi-builder-workspace/SwiftMQTT/SwiftMQTT/Models/MQTTConnAckPacket.swift /Users/admin/builder/spi-builder-workspace/SwiftMQTT/SwiftMQTT/Models/MQTTConnectPacket.swift /Users/admin/builder/spi-builder-workspace/SwiftMQTT/SwiftMQTT/Models/MQTTDisconnectPacket.swift /Users/admin/builder/spi-builder-workspace/SwiftMQTT/SwiftMQTT/Models/MQTTMessage.swift /Users/admin/builder/spi-builder-workspace/SwiftMQTT/SwiftMQTT/Models/MQTTPacket.swift /Users/admin/builder/spi-builder-workspace/SwiftMQTT/SwiftMQTT/Models/MQTTPacketFactory.swift /Users/admin/builder/spi-builder-workspace/SwiftMQTT/SwiftMQTT/Models/MQTTPacketFixedHeader.swift /Users/admin/builder/spi-builder-workspace/SwiftMQTT/SwiftMQTT/Models/MQTTPingPacket.swift /Users/admin/builder/spi-builder-workspace/SwiftMQTT/SwiftMQTT/Models/MQTTPingResp.swift /Users/admin/builder/spi-builder-workspace/SwiftMQTT/SwiftMQTT/Models/MQTTPubAck.swift /Users/admin/builder/spi-builder-workspace/SwiftMQTT/SwiftMQTT/Models/MQTTPubMsg.swift /Users/admin/builder/spi-builder-workspace/SwiftMQTT/SwiftMQTT/Models/MQTTPublishPacket.swift /Users/admin/builder/spi-builder-workspace/SwiftMQTT/SwiftMQTT/Models/MQTTStreamable.swift /Users/admin/builder/spi-builder-workspace/SwiftMQTT/SwiftMQTT/Models/MQTTSubAckPacket.swift /Users/admin/builder/spi-builder-workspace/SwiftMQTT/SwiftMQTT/Models/MQTTSubPacket.swift /Users/admin/builder/spi-builder-workspace/SwiftMQTT/SwiftMQTT/Models/MQTTUnSubAckPacket.swift /Users/admin/builder/spi-builder-workspace/SwiftMQTT/SwiftMQTT/Models/MQTTUnsubPacket.swift -emit-dependencies-path /Users/admin/builder/spi-builder-workspace/.derivedData/Build/Intermediates.noindex/SwiftMQTT.build/Debug-watchos/SwiftMQTT-t.build/Objects-normal/arm64/MQTTSessionStream.d -emit-const-values-path /Users/admin/builder/spi-builder-workspace/.derivedData/Build/Intermediates.noindex/SwiftMQTT.build/Debug-watchos/SwiftMQTT-t.build/Objects-normal/arm64/MQTTSessionStream.swiftconstvalues -emit-reference-dependencies-path /Users/admin/builder/spi-builder-workspace/.derivedData/Build/Intermediates.noindex/SwiftMQTT.build/Debug-watchos/SwiftMQTT-t.build/Objects-normal/arm64/MQTTSessionStream.swiftdeps -serialize-diagnostics-path /Users/admin/builder/spi-builder-workspace/.derivedData/Build/Intermediates.noindex/SwiftMQTT.build/Debug-watchos/SwiftMQTT-t.build/Objects-normal/arm64/MQTTSessionStream.dia -emit-dependencies-path /Users/admin/builder/spi-builder-workspace/.derivedData/Build/Intermediates.noindex/SwiftMQTT.build/Debug-watchos/SwiftMQTT-t.build/Objects-normal/arm64/MQTTConnAckPacket.d -emit-const-values-path /Users/admin/builder/spi-builder-workspace/.derivedData/Build/Intermediates.noindex/SwiftMQTT.build/Debug-watchos/SwiftMQTT-t.build/Objects-normal/arm64/MQTTConnAckPacket.swiftconstvalues -emit-reference-dependencies-path /Users/admin/builder/spi-builder-workspace/.derivedData/Build/Intermediates.noindex/SwiftMQTT.build/Debug-watchos/SwiftMQTT-t.build/Objects-normal/arm64/MQTTConnAckPacket.swiftdeps -serialize-diagnostics-path /Users/admin/builder/spi-builder-workspace/.derivedData/Build/Intermediates.noindex/SwiftMQTT.build/Debug-watchos/SwiftMQTT-t.build/Objects-normal/arm64/MQTTConnAckPacket.dia -target arm64-apple-watchos9.0 -Xllvm -aarch64-use-tbi -enable-objc-interop -stack-check -sdk /Applications/Xcode-27.0.0-Release.Candidate.app/Contents/Developer/Platforms/WatchOS.platform/Developer/SDKs/WatchOS27.0.sdk -I /Users/admin/builder/spi-builder-workspace/.derivedData/Build/Products/Debug-watchos -Isystem /Applications/Xcode-27.0.0-Release.Candidate.app/Contents/Developer/Platforms/WatchOS.platform/Developer/usr/lib -F /Users/admin/builder/spi-builder-workspace/.derivedData/Build/Products/Debug-watchos -F /Applications/Xcode-27.0.0-Release.Candidate.app/Contents/Developer/Platforms/WatchOS.platform/Developer/Library/Frameworks -F /Applications/Xcode-27.0.0-Release.Candidate.app/Contents/Developer/Platforms/WatchOS.platform/Developer/SDKs/WatchOS27.0.sdk/Developer/Library/Frameworks -module-cache-path /Users/admin/builder/spi-builder-workspace/.derivedData/ModuleCache.noindex -no-color-diagnostics -Xcc -fno-color-diagnostics -enable-testing -g -debug-info-format\=dwarf -dwarf-version\=4 -profile-generate -profile-coverage-mapping -swift-version 4 -Onone -D SWIFT_PACKAGE -D DEBUG -D SWIFT_MODULE_RESOURCE_BUNDLE_UNAVAILABLE -D Xcode -serialize-debugging-options -enable-experimental-feature DebugDescriptionMacro -empty-abi-descriptor -plugin-path /Applications/Xcode-27.0.0-Release.Candidate.app/Contents/Developer/Toolchains/XcodeDefault.xctoolchain/usr/lib/swift/host/plugins/testing -validate-clang-modules-once -clang-build-session-file /Users/admin/builder/spi-builder-workspace/.derivedData/ModuleCache.noindex/Session.modulevalidation -Xcc -working-directory -Xcc /Users/admin/builder/spi-builder-workspace/.swiftpm/xcode -enable-anonymous-context-mangled-names -file-compilation-dir /Users/admin/builder/spi-builder-workspace/.swiftpm/xcode -Xcc -D_LIBCPP_HARDENING_MODE\=_LIBCPP_HARDENING_MODE_DEBUG -Xcc -ivfsstatcache -Xcc /Users/admin/builder/spi-builder-workspace/.derivedData/SDKStatCaches.noindex/watchos27.0-24R360-e829b21a6f8c9b70876ba0858053c04477534ef55a1706bf4c1112bbb242f0a2.sdkstatcache -Xcc -fmodules-prune-interval\=86400 -Xcc -fmodules-prune-after\=345600 -Xcc -I/Users/admin/builder/spi-builder-workspace/.derivedData/Build/Products/Debug-watchos/include -Xcc -I/Users/admin/builder/spi-builder-workspace/.derivedData/Build/Intermediates.noindex/SwiftMQTT.build/Debug-watchos/SwiftMQTT-t.build/DerivedSources-normal/arm64 -Xcc -I/Users/admin/builder/spi-builder-workspace/.derivedData/Build/Intermediates.noindex/SwiftMQTT.build/Debug-watchos/SwiftMQTT-t.build/DerivedSources/arm64 -Xcc -I/Users/admin/builder/spi-builder-workspace/.derivedData/Build/Intermediates.noindex/SwiftMQTT.build/Debug-watchos/SwiftMQTT-t.build/DerivedSources -Xcc -DSWIFT_PACKAGE -Xcc -DDEBUG\=1 -no-auto-bridging-header-chaining -module-name SwiftMQTT -const-gather-protocols-file /Users/admin/builder/spi-builder-workspace/.derivedData/Build/Intermediates.noindex/SwiftMQTT.build/Debug-watchos/SwiftMQTT-t.build/Objects-normal/arm64/SwiftMQTT_const_extract_protocols.json -disable-clang-spi -target-sdk-version 27.0 -target-sdk-name watchos27.0 -external-plugin-path /Applications/Xcode-27.0.0-Release.Candidate.app/Contents/Developer/Platforms/WatchOS.platform/Developer/usr/lib/swift/host/plugins\#/Applications/Xcode-27.0.0-Release.Candidate.app/Contents/Developer/Platforms/WatchOS.platform/Developer/usr/bin/swift-plugin-server -external-plugin-path /Applications/Xcode-27.0.0-Release.Candidate.app/Contents/Developer/Platforms/WatchOS.platform/Developer/usr/local/lib/swift/host/plugins\#/Applications/Xcode-27.0.0-Release.Candidate.app/Contents/Developer/Platforms/WatchOS.platform/Developer/usr/bin/swift-plugin-server -in-process-plugin-server-path /Applications/Xcode-27.0.0-Release.Candidate.app/Contents/Developer/Toolchains/XcodeDefault.xctoolchain/usr/lib/swift/host/libSwiftInProcPluginServer.dylib -plugin-path /Applications/Xcode-27.0.0-Release.Candidate.app/Contents/Developer/Toolchains/XcodeDefault.xctoolchain/usr/lib/swift/host/plugins -plugin-path /Applications/Xcode-27.0.0-Release.Candidate.app/Contents/Developer/Toolchains/XcodeDefault.xctoolchain/usr/local/lib/swift/host/plugins -parse-as-library -o /Users/admin/builder/spi-builder-workspace/.derivedData/Build/Intermediates.noindex/SwiftMQTT.build/Debug-watchos/SwiftMQTT-t.build/Objects-normal/arm64/MQTTSessionStream.o -o /Users/admin/builder/spi-builder-workspace/.derivedData/Build/Intermediates.noindex/SwiftMQTT.build/Debug-watchos/SwiftMQTT-t.build/Objects-normal/arm64/MQTTConnAckPacket.o -index-unit-output-path /SwiftMQTT.build/Debug-watchos/SwiftMQTT-t.build/Objects-normal/arm64/MQTTSessionStream.o -index-unit-output-path /SwiftMQTT.build/Debug-watchos/SwiftMQTT-t.build/Objects-normal/arm64/MQTTConnAckPacket.o -index-store-path /Users/admin/builder/spi-builder-workspace/.derivedData/Index.noindex/DataStore -index-system-modules
SwiftCompile normal arm64 Compiling\ MQTTPacketFactory.swift,\ MQTTPacketFixedHeader.swift /Users/admin/builder/spi-builder-workspace/SwiftMQTT/SwiftMQTT/Models/MQTTPacketFactory.swift /Users/admin/builder/spi-builder-workspace/SwiftMQTT/SwiftMQTT/Models/MQTTPacketFixedHeader.swift (in target 'SwiftMQTT' from project 'SwiftMQTT')
SwiftCompile normal arm64 /Users/admin/builder/spi-builder-workspace/SwiftMQTT/SwiftMQTT/Models/MQTTPacketFactory.swift (in target 'SwiftMQTT' from project 'SwiftMQTT')
cd /Users/admin/builder/spi-builder-workspace/.swiftpm/xcode
builtin-SwiftPerFileCompile MQTTPacketFactory.swift
SwiftCompile normal arm64 /Users/admin/builder/spi-builder-workspace/SwiftMQTT/SwiftMQTT/Models/MQTTPacketFixedHeader.swift (in target 'SwiftMQTT' from project 'SwiftMQTT')
cd /Users/admin/builder/spi-builder-workspace/.swiftpm/xcode
builtin-SwiftPerFileCompile MQTTPacketFixedHeader.swift
SwiftCompile normal arm64 Compiling\ MQTTConnectPacket.swift,\ MQTTDisconnectPacket.swift /Users/admin/builder/spi-builder-workspace/SwiftMQTT/SwiftMQTT/Models/MQTTConnectPacket.swift /Users/admin/builder/spi-builder-workspace/SwiftMQTT/SwiftMQTT/Models/MQTTDisconnectPacket.swift (in target 'SwiftMQTT' from project 'SwiftMQTT')
SwiftCompile normal arm64 /Users/admin/builder/spi-builder-workspace/SwiftMQTT/SwiftMQTT/Models/MQTTConnectPacket.swift (in target 'SwiftMQTT' from project 'SwiftMQTT')
cd /Users/admin/builder/spi-builder-workspace/.swiftpm/xcode
builtin-SwiftPerFileCompile MQTTConnectPacket.swift
SwiftCompile normal arm64 /Users/admin/builder/spi-builder-workspace/SwiftMQTT/SwiftMQTT/Models/MQTTDisconnectPacket.swift (in target 'SwiftMQTT' from project 'SwiftMQTT')
cd /Users/admin/builder/spi-builder-workspace/.swiftpm/xcode
builtin-SwiftPerFileCompile MQTTDisconnectPacket.swift
SwiftCompile normal arm64 Compiling\ MQTTMessage.swift,\ MQTTPacket.swift /Users/admin/builder/spi-builder-workspace/SwiftMQTT/SwiftMQTT/Models/MQTTMessage.swift /Users/admin/builder/spi-builder-workspace/SwiftMQTT/SwiftMQTT/Models/MQTTPacket.swift (in target 'SwiftMQTT' from project 'SwiftMQTT')
SwiftCompile normal arm64 /Users/admin/builder/spi-builder-workspace/SwiftMQTT/SwiftMQTT/Models/MQTTMessage.swift (in target 'SwiftMQTT' from project 'SwiftMQTT')
cd /Users/admin/builder/spi-builder-workspace/.swiftpm/xcode
builtin-SwiftPerFileCompile MQTTMessage.swift
SwiftCompile normal arm64 /Users/admin/builder/spi-builder-workspace/SwiftMQTT/SwiftMQTT/Models/MQTTPacket.swift (in target 'SwiftMQTT' from project 'SwiftMQTT')
cd /Users/admin/builder/spi-builder-workspace/.swiftpm/xcode
builtin-SwiftPerFileCompile MQTTPacket.swift
SwiftCompile normal arm64 Compiling\ MQTTPingPacket.swift,\ MQTTPingResp.swift /Users/admin/builder/spi-builder-workspace/SwiftMQTT/SwiftMQTT/Models/MQTTPingPacket.swift /Users/admin/builder/spi-builder-workspace/SwiftMQTT/SwiftMQTT/Models/MQTTPingResp.swift (in target 'SwiftMQTT' from project 'SwiftMQTT')
SwiftCompile normal arm64 /Users/admin/builder/spi-builder-workspace/SwiftMQTT/SwiftMQTT/Models/MQTTPingPacket.swift (in target 'SwiftMQTT' from project 'SwiftMQTT')
cd /Users/admin/builder/spi-builder-workspace/.swiftpm/xcode
builtin-SwiftPerFileCompile MQTTPingPacket.swift
SwiftCompile normal arm64 /Users/admin/builder/spi-builder-workspace/SwiftMQTT/SwiftMQTT/Models/MQTTPingResp.swift (in target 'SwiftMQTT' from project 'SwiftMQTT')
cd /Users/admin/builder/spi-builder-workspace/.swiftpm/xcode
builtin-SwiftPerFileCompile MQTTPingResp.swift
SwiftCompile normal arm64 Compiling\ MQTTExtensions.swift,\ MQTTSession.swift /Users/admin/builder/spi-builder-workspace/SwiftMQTT/SwiftMQTT/MQTTExtensions.swift /Users/admin/builder/spi-builder-workspace/SwiftMQTT/SwiftMQTT/MQTTSession.swift (in target 'SwiftMQTT' from project 'SwiftMQTT')
SwiftCompile normal arm64 /Users/admin/builder/spi-builder-workspace/SwiftMQTT/SwiftMQTT/MQTTExtensions.swift (in target 'SwiftMQTT' from project 'SwiftMQTT')
cd /Users/admin/builder/spi-builder-workspace/.swiftpm/xcode
builtin-SwiftPerFileCompile MQTTExtensions.swift
SwiftCompile normal arm64 /Users/admin/builder/spi-builder-workspace/SwiftMQTT/SwiftMQTT/MQTTSession.swift (in target 'SwiftMQTT' from project 'SwiftMQTT')
cd /Users/admin/builder/spi-builder-workspace/.swiftpm/xcode
builtin-SwiftPerFileCompile MQTTSession.swift
SwiftCompile normal arm64 Compiling\ MQTTPublishPacket.swift,\ MQTTStreamable.swift /Users/admin/builder/spi-builder-workspace/SwiftMQTT/SwiftMQTT/Models/MQTTPublishPacket.swift /Users/admin/builder/spi-builder-workspace/SwiftMQTT/SwiftMQTT/Models/MQTTStreamable.swift (in target 'SwiftMQTT' from project 'SwiftMQTT')
SwiftCompile normal arm64 /Users/admin/builder/spi-builder-workspace/SwiftMQTT/SwiftMQTT/Models/MQTTPublishPacket.swift (in target 'SwiftMQTT' from project 'SwiftMQTT')
cd /Users/admin/builder/spi-builder-workspace/.swiftpm/xcode
builtin-SwiftPerFileCompile MQTTPublishPacket.swift
SwiftCompile normal arm64 /Users/admin/builder/spi-builder-workspace/SwiftMQTT/SwiftMQTT/Models/MQTTStreamable.swift (in target 'SwiftMQTT' from project 'SwiftMQTT')
cd /Users/admin/builder/spi-builder-workspace/.swiftpm/xcode
builtin-SwiftPerFileCompile MQTTStreamable.swift
SwiftCompile normal arm64 Compiling\ MQTTSubAckPacket.swift,\ MQTTSubPacket.swift /Users/admin/builder/spi-builder-workspace/SwiftMQTT/SwiftMQTT/Models/MQTTSubAckPacket.swift /Users/admin/builder/spi-builder-workspace/SwiftMQTT/SwiftMQTT/Models/MQTTSubPacket.swift (in target 'SwiftMQTT' from project 'SwiftMQTT')
SwiftCompile normal arm64 /Users/admin/builder/spi-builder-workspace/SwiftMQTT/SwiftMQTT/Models/MQTTSubAckPacket.swift (in target 'SwiftMQTT' from project 'SwiftMQTT')
cd /Users/admin/builder/spi-builder-workspace/.swiftpm/xcode
builtin-SwiftPerFileCompile MQTTSubAckPacket.swift
SwiftCompile normal arm64 /Users/admin/builder/spi-builder-workspace/SwiftMQTT/SwiftMQTT/Models/MQTTSubPacket.swift (in target 'SwiftMQTT' from project 'SwiftMQTT')
cd /Users/admin/builder/spi-builder-workspace/.swiftpm/xcode
builtin-SwiftPerFileCompile MQTTSubPacket.swift
SwiftCompile normal arm64 Compiling\ MQTTUnSubAckPacket.swift,\ MQTTUnsubPacket.swift /Users/admin/builder/spi-builder-workspace/SwiftMQTT/SwiftMQTT/Models/MQTTUnSubAckPacket.swift /Users/admin/builder/spi-builder-workspace/SwiftMQTT/SwiftMQTT/Models/MQTTUnsubPacket.swift (in target 'SwiftMQTT' from project 'SwiftMQTT')
SwiftCompile normal arm64 /Users/admin/builder/spi-builder-workspace/SwiftMQTT/SwiftMQTT/Models/MQTTUnSubAckPacket.swift (in target 'SwiftMQTT' from project 'SwiftMQTT')
cd /Users/admin/builder/spi-builder-workspace/.swiftpm/xcode
builtin-SwiftPerFileCompile MQTTUnSubAckPacket.swift
SwiftCompile normal arm64 /Users/admin/builder/spi-builder-workspace/SwiftMQTT/SwiftMQTT/Models/MQTTUnsubPacket.swift (in target 'SwiftMQTT' from project 'SwiftMQTT')
cd /Users/admin/builder/spi-builder-workspace/.swiftpm/xcode
builtin-SwiftPerFileCompile MQTTUnsubPacket.swift
SwiftEmitModule normal arm64 Emitting\ module\ for\ SwiftMQTT (in target 'SwiftMQTT' from project 'SwiftMQTT')
SwiftCompile normal arm64 (in target 'SwiftMQTT' from project 'SwiftMQTT')
cd /Users/admin/builder/spi-builder-workspace/.swiftpm/xcode
SwiftEmitModule normal arm64_32 Emitting\ module\ for\ SwiftMQTT (in target 'SwiftMQTT' from project 'SwiftMQTT')
SwiftCompile normal arm64_32 (in target 'SwiftMQTT' from project 'SwiftMQTT')
cd /Users/admin/builder/spi-builder-workspace/.swiftpm/xcode
SwiftDriverJobDiscovery normal arm64 Compiling MQTTPingPacket.swift, MQTTPingResp.swift (in target 'SwiftMQTT' from project 'SwiftMQTT')
SwiftCompile normal arm64_32 Compiling\ MQTTPublishPacket.swift,\ MQTTStreamable.swift /Users/admin/builder/spi-builder-workspace/SwiftMQTT/SwiftMQTT/Models/MQTTPublishPacket.swift /Users/admin/builder/spi-builder-workspace/SwiftMQTT/SwiftMQTT/Models/MQTTStreamable.swift (in target 'SwiftMQTT' from project 'SwiftMQTT')
SwiftCompile normal arm64_32 /Users/admin/builder/spi-builder-workspace/SwiftMQTT/SwiftMQTT/Models/MQTTPublishPacket.swift (in target 'SwiftMQTT' from project 'SwiftMQTT')
cd /Users/admin/builder/spi-builder-workspace/.swiftpm/xcode
builtin-SwiftPerFileCompile MQTTPublishPacket.swift
SwiftCompile normal arm64_32 /Users/admin/builder/spi-builder-workspace/SwiftMQTT/SwiftMQTT/Models/MQTTStreamable.swift (in target 'SwiftMQTT' from project 'SwiftMQTT')
cd /Users/admin/builder/spi-builder-workspace/.swiftpm/xcode
builtin-SwiftPerFileCompile MQTTStreamable.swift
SwiftDriverJobDiscovery normal arm64 Compiling MQTTMessage.swift, MQTTPacket.swift (in target 'SwiftMQTT' from project 'SwiftMQTT')
SwiftCompile normal arm64_32 Compiling\ MQTTPacketFactory.swift,\ MQTTPacketFixedHeader.swift /Users/admin/builder/spi-builder-workspace/SwiftMQTT/SwiftMQTT/Models/MQTTPacketFactory.swift /Users/admin/builder/spi-builder-workspace/SwiftMQTT/SwiftMQTT/Models/MQTTPacketFixedHeader.swift (in target 'SwiftMQTT' from project 'SwiftMQTT')
SwiftCompile normal arm64_32 /Users/admin/builder/spi-builder-workspace/SwiftMQTT/SwiftMQTT/Models/MQTTPacketFactory.swift (in target 'SwiftMQTT' from project 'SwiftMQTT')
cd /Users/admin/builder/spi-builder-workspace/.swiftpm/xcode
builtin-SwiftPerFileCompile MQTTPacketFactory.swift
SwiftCompile normal arm64_32 /Users/admin/builder/spi-builder-workspace/SwiftMQTT/SwiftMQTT/Models/MQTTPacketFixedHeader.swift (in target 'SwiftMQTT' from project 'SwiftMQTT')
cd /Users/admin/builder/spi-builder-workspace/.swiftpm/xcode
builtin-SwiftPerFileCompile MQTTPacketFixedHeader.swift
SwiftDriverJobDiscovery normal arm64 Compiling MQTTPacketFactory.swift, MQTTPacketFixedHeader.swift (in target 'SwiftMQTT' from project 'SwiftMQTT')
SwiftCompile normal arm64_32 Compiling\ MQTTMessage.swift,\ MQTTPacket.swift /Users/admin/builder/spi-builder-workspace/SwiftMQTT/SwiftMQTT/Models/MQTTMessage.swift /Users/admin/builder/spi-builder-workspace/SwiftMQTT/SwiftMQTT/Models/MQTTPacket.swift (in target 'SwiftMQTT' from project 'SwiftMQTT')
SwiftCompile normal arm64_32 /Users/admin/builder/spi-builder-workspace/SwiftMQTT/SwiftMQTT/Models/MQTTMessage.swift (in target 'SwiftMQTT' from project 'SwiftMQTT')
cd /Users/admin/builder/spi-builder-workspace/.swiftpm/xcode
builtin-SwiftPerFileCompile MQTTMessage.swift
SwiftCompile normal arm64_32 /Users/admin/builder/spi-builder-workspace/SwiftMQTT/SwiftMQTT/Models/MQTTPacket.swift (in target 'SwiftMQTT' from project 'SwiftMQTT')
cd /Users/admin/builder/spi-builder-workspace/.swiftpm/xcode
builtin-SwiftPerFileCompile MQTTPacket.swift
SwiftCompile normal arm64_32 Compiling\ MQTTSubAckPacket.swift /Users/admin/builder/spi-builder-workspace/SwiftMQTT/SwiftMQTT/Models/MQTTSubAckPacket.swift (in target 'SwiftMQTT' from project 'SwiftMQTT')
SwiftCompile normal arm64_32 /Users/admin/builder/spi-builder-workspace/SwiftMQTT/SwiftMQTT/Models/MQTTSubAckPacket.swift (in target 'SwiftMQTT' from project 'SwiftMQTT')
cd /Users/admin/builder/spi-builder-workspace/.swiftpm/xcode
builtin-SwiftPerFileCompile MQTTSubAckPacket.swift
PruneExplicitPrecompiledModules /Users/admin/builder/spi-builder-workspace/.derivedData/Build/Intermediates.noindex/SwiftExplicitPrecompiledModules
PruneExplicitPrecompiledModules /Users/admin/builder/spi-builder-workspace/.derivedData/Build/Intermediates.noindex/ExplicitPrecompiledModules
PruneExplicitPrecompiledModules /Users/admin/builder/spi-builder-workspace/.derivedData/SDKExplicitPrecompiledModules
2026-09-20 14:09:49.756 xcodebuild[689:4552] [MT] IDERunDestination: Supported platforms for the buildables in the current scheme is empty.
** BUILD FAILED **
The following build commands failed:
SwiftCompile normal arm64 /Users/admin/builder/spi-builder-workspace/SwiftMQTT/SwiftMQTT/MQTTSessionStream.swift (in target 'SwiftMQTT' from project 'SwiftMQTT')
SwiftCompile normal arm64 Compiling\ MQTTSessionStream.swift,\ MQTTConnAckPacket.swift /Users/admin/builder/spi-builder-workspace/SwiftMQTT/SwiftMQTT/MQTTSessionStream.swift /Users/admin/builder/spi-builder-workspace/SwiftMQTT/SwiftMQTT/Models/MQTTConnAckPacket.swift (in target 'SwiftMQTT' from project 'SwiftMQTT')
Building workspace SwiftMQTT with scheme SwiftMQTT
(3 failures)
BUILD FAILURE 6.4 watchOS