The Swift Package Index logo.Swift Package Index

Build Information

Failed to build ParticleEffects, reference v2.1.1 (4be01d), with Swift 6.1 for Android on 5 Oct 2026 15:37:47 UTC.

Build Command

bash -c docker run --pull=always --rm -v "checkouts-54344843-2":/host -w "$PWD" -e JAVA_HOME="/root/.sdkman/candidates/java/current" -e SPI_BUILD="1" -e SPI_PROCESSING="1" registry.gitlab.com/saguaro1/spi-images:android-6.1-latest swift build --swift-sdk aarch64-unknown-linux-android24 2>&1

Build Log

========================================
RunAll
========================================
Builder version: 5.1.1
Interrupt handler set up.
========================================
Checkout
========================================
Clone URL: https://github.com/kudit/ParticleEffects.git
Reference: v2.1.1
Initialized empty Git repository in /host/spi-builder-workspace/.git/
hint: Using 'master' as the name for the initial branch. This default branch name
hint: is subject to change. To configure the initial branch name to use in all
hint: of your new repositories, which will suppress this warning, call:
hint:
hint: 	git config --global init.defaultBranch <name>
hint:
hint: Names commonly chosen instead of 'master' are 'main', 'trunk' and
hint: 'development'. The just-created branch can be renamed via this command:
hint:
hint: 	git branch -m <name>
From https://github.com/kudit/ParticleEffects
 * tag               v2.1.1     -> FETCH_HEAD
HEAD is now at 4be01db v2.1.1
Cloned https://github.com/kudit/ParticleEffects.git
Revision (git rev-parse @):
4be01db6d7e27e5a14f15045df929fdadabd9018
SPI manifest file found: $PWD/.spi.yml
SUCCESS checkout https://github.com/kudit/ParticleEffects.git at v2.1.1
========================================
Build
========================================
Selected platform:         android
Swift version:             6.1
Building package at path:  $PWD
https://github.com/kudit/ParticleEffects.git
https://github.com/kudit/ParticleEffects.git
WARNING: environment variable SUPPRESS_SWIFT_6_FLAGS is not set
Running build ...
bash -c docker run --pull=always --rm -v "checkouts-54344843-2":/host -w "$PWD" -e JAVA_HOME="/root/.sdkman/candidates/java/current" -e SPI_BUILD="1" -e SPI_PROCESSING="1" registry.gitlab.com/saguaro1/spi-images:android-6.1-latest swift build --swift-sdk aarch64-unknown-linux-android24 -Xswiftc -Xfrontend -Xswiftc -stats-output-dir -Xswiftc -Xfrontend -Xswiftc .stats -Xswiftc -strict-concurrency=complete -Xswiftc -enable-upcoming-feature -Xswiftc StrictConcurrency -Xswiftc -enable-upcoming-feature -Xswiftc DisableOutwardActorInference -Xswiftc -enable-upcoming-feature -Xswiftc GlobalActorIsolatedTypesUsability -Xswiftc -enable-upcoming-feature -Xswiftc InferSendableFromCaptures 2>&1
android-6.1-latest: Pulling from saguaro1/spi-images
Digest: sha256:396310cef4466ceb116ed5462b0b92d4deb353c0dad749b406b7fd226f6db9af
Status: Image is up to date for registry.gitlab.com/saguaro1/spi-images:android-6.1-latest
Fetching https://github.com/kudit/Compatibility.git
[1/4548] Fetching compatibility
Fetched https://github.com/kudit/Compatibility.git from cache (0.64s)
Computing version for https://github.com/kudit/Compatibility.git
Computed https://github.com/kudit/Compatibility.git at 1.20.0 (0.92s)
Creating working copy for https://github.com/kudit/Compatibility.git
Working copy of https://github.com/kudit/Compatibility.git resolved at 1.20.0
Building for debugging...
[0/9] Write sources
[3/9] Write swift-version-24593BA9C3E375BF.txt
[5/59] Compiling Compatibility Backport.swift
[6/59] Compiling Compatibility BytesView.swift
[7/59] Compiling Compatibility ClearableTextField.swift
[8/59] Compiling Compatibility Embossed.swift
[9/59] Compiling Compatibility EnvironmentsView.swift
[10/59] Compiling Compatibility FieldView.swift
[11/59] Compiling Compatibility Menu.swift
[12/66] Compiling Compatibility OverlappingStack.swift
[13/66] Compiling Compatibility Pasteboard.swift
[14/66] Compiling Compatibility RadialLayout.swift
[15/66] Compiling Compatibility Placard.swift
[16/66] Compiling Compatibility Triangle.swift
[17/66] Compiling Compatibility SwiftUI.swift
[18/66] Compiling Compatibility TestUI.swift
[19/66] Compiling Compatibility Shell.swift
[20/66] Compiling Compatibility Test.swift
[21/66] Compiling Compatibility UserDefaultsBacked.swift
[22/66] Compiling Compatibility Array.swift
[23/66] Compiling Compatibility BackportOutputFormatting.swift
[24/66] Compiling Compatibility CharacterSet.swift
[25/66] Compiling Compatibility Codable.swift
[26/66] Emitting module Compatibility
[27/66] Compiling Compatibility CodingFoundation.swift
[28/66] Compiling Compatibility CodingJSON.swift
[29/66] Compiling Compatibility CodingMixedTypes.swift
[30/66] Compiling Compatibility CodingParameters.swift
[31/66] Compiling Compatibility Date.swift
[32/66] Compiling Compatibility DateString.swift
[33/66] Compiling Compatibility Dictionary.swift
[34/66] Compiling Compatibility Double.swift
[35/66] Compiling Compatibility Enum.swift
[36/66] Compiling Compatibility Field.swift
[37/66] Compiling Compatibility Int.swift
[38/66] Compiling Compatibility Introspection.swift
[39/66] Compiling Compatibility LegacyEmoji.swift
[40/66] Compiling Compatibility OrderedDictionary.swift
[41/66] Compiling Compatibility OrderedSet.swift
[42/66] Compiling Compatibility String.swift
[43/66] Compiling Compatibility Symbols.swift
[44/66] Compiling Compatibility Threading.swift
[45/66] Compiling Compatibility URL.swift
[46/66] Compiling Compatibility Version.swift
[47/66] Compiling Compatibility AdaptiveLayouts.swift
[48/66] Compiling Compatibility Compatibility.swift
[49/66] Compiling Compatibility Application.swift
[50/66] Compiling Compatibility Build.swift
[51/66] Compiling Compatibility Bundle.swift
[52/66] Compiling Compatibility CloudStatus.swift
[53/66] Compiling Compatibility CloudStorage.swift
[54/66] Compiling Compatibility CloudStorageSync.swift
[55/66] Compiling Compatibility DataStore.swift
[56/66] Compiling Compatibility Debug.swift
[57/66] Compiling Compatibility FileManager.swift
[58/66] Compiling Compatibility Graphics.swift
[59/66] Compiling Compatibility Module.swift
[60/66] Compiling Compatibility Network.swift
[61/66] Compiling Compatibility ObservableObject.swift
[62/67] Wrapping AST for Compatibility for debugging
[64/78] Compiling ParticleEffects ParticleSystemView.swift
[65/79] Compiling ParticleEffects ParticleRenderer.swift
[66/79] Compiling ParticleEffects ParticleView.swift
[67/79] Compiling ParticleEffects ParticleEffects.swift
[68/79] Compiling ParticleEffects TerminalParticleRenderer.swift
[69/79] Compiling ParticleEffects ParticleSystem.swift
[70/79] Compiling ParticleEffects Vector.swift
[71/79] Emitting module ParticleEffects
[72/79] Compiling ParticleEffects ParticleBehavior.swift
[73/79] Compiling ParticleEffects ParticleContent.swift
[74/79] Compiling ParticleEffects Behaviors.swift
[75/79] Compiling ParticleEffects Particle.swift
[76/80] Wrapping AST for ParticleEffects for debugging
error: emit-module command failed with exit code 1 (use -v to see invocation)
[78/82] Emitting module ParticleEffectsTerminalDemo
/host/spi-builder-workspace/TerminalDemo/main.swift:6:8: error: no such module 'Glibc'
  4 | import Darwin
  5 | #else
  6 | import Glibc
    |        `- error: no such module 'Glibc'
  7 | #endif
  8 |
[79/82] Compiling ParticleEffectsTerminalDemo main.swift
/host/spi-builder-workspace/TerminalDemo/main.swift:6:8: error: no such module 'Glibc'
  4 | import Darwin
  5 | #else
  6 | import Glibc
    |        `- error: no such module 'Glibc'
  7 | #endif
  8 |
Running build ...
bash -c docker run --pull=always --rm -v "checkouts-54344843-2":/host -w "$PWD" -e JAVA_HOME="/root/.sdkman/candidates/java/current" -e SPI_BUILD="1" -e SPI_PROCESSING="1" registry.gitlab.com/saguaro1/spi-images:android-6.1-latest swift build --swift-sdk aarch64-unknown-linux-android24 2>&1
android-6.1-latest: Pulling from saguaro1/spi-images
Digest: sha256:396310cef4466ceb116ed5462b0b92d4deb353c0dad749b406b7fd226f6db9af
Status: Image is up to date for registry.gitlab.com/saguaro1/spi-images:android-6.1-latest
[0/1] Planning build
Building for debugging...
[0/6] Write swift-version-24593BA9C3E375BF.txt
[2/56] Compiling Compatibility Compatibility.swift
[3/56] Compiling Compatibility Application.swift
[4/56] Compiling Compatibility Build.swift
[5/56] Compiling Compatibility Bundle.swift
[6/56] Compiling Compatibility CloudStatus.swift
[7/56] Compiling Compatibility CloudStorage.swift
[8/56] Compiling Compatibility CloudStorageSync.swift
[9/63] Compiling Compatibility OverlappingStack.swift
[10/63] Compiling Compatibility Pasteboard.swift
[11/63] Compiling Compatibility RadialLayout.swift
[12/63] Compiling Compatibility Placard.swift
[13/63] Compiling Compatibility Triangle.swift
[14/63] Compiling Compatibility SwiftUI.swift
[15/63] Compiling Compatibility TestUI.swift
[16/63] Compiling Compatibility Backport.swift
[17/63] Compiling Compatibility BytesView.swift
[18/63] Compiling Compatibility ClearableTextField.swift
[19/63] Compiling Compatibility Embossed.swift
[20/63] Compiling Compatibility EnvironmentsView.swift
[21/63] Compiling Compatibility FieldView.swift
[22/63] Compiling Compatibility Menu.swift
[23/63] Compiling Compatibility OrderedSet.swift
[24/63] Compiling Compatibility String.swift
[25/63] Compiling Compatibility Symbols.swift
[26/63] Compiling Compatibility Threading.swift
[27/63] Compiling Compatibility URL.swift
[28/63] Compiling Compatibility Version.swift
[29/63] Compiling Compatibility AdaptiveLayouts.swift
[30/63] Compiling Compatibility Shell.swift
[31/63] Compiling Compatibility Test.swift
[32/63] Compiling Compatibility UserDefaultsBacked.swift
[33/63] Compiling Compatibility Array.swift
[34/63] Compiling Compatibility BackportOutputFormatting.swift
[35/63] Compiling Compatibility CharacterSet.swift
[36/63] Compiling Compatibility Codable.swift
[37/63] Compiling Compatibility Double.swift
[38/63] Compiling Compatibility Enum.swift
[39/63] Compiling Compatibility Field.swift
[40/63] Compiling Compatibility Int.swift
[41/63] Compiling Compatibility Introspection.swift
[42/63] Compiling Compatibility LegacyEmoji.swift
[43/63] Compiling Compatibility OrderedDictionary.swift
[44/63] Compiling Compatibility DataStore.swift
[45/63] Compiling Compatibility Debug.swift
[46/63] Compiling Compatibility FileManager.swift
[47/63] Compiling Compatibility Graphics.swift
[48/63] Compiling Compatibility Module.swift
[49/63] Compiling Compatibility Network.swift
[50/63] Compiling Compatibility ObservableObject.swift
[51/63] Compiling Compatibility CodingFoundation.swift
[52/63] Compiling Compatibility CodingJSON.swift
[53/63] Compiling Compatibility CodingMixedTypes.swift
[54/63] Compiling Compatibility CodingParameters.swift
[55/63] Compiling Compatibility Date.swift
[56/63] Compiling Compatibility DateString.swift
[57/63] Compiling Compatibility Dictionary.swift
[58/63] Emitting module Compatibility
[59/64] Wrapping AST for Compatibility for debugging
[61/75] Compiling ParticleEffects ParticleRenderer.swift
[62/76] Compiling ParticleEffects ParticleSystemView.swift
[63/76] Compiling ParticleEffects ParticleSystem.swift
[64/76] Compiling ParticleEffects Vector.swift
[65/76] Compiling ParticleEffects ParticleView.swift
[66/76] Compiling ParticleEffects ParticleBehavior.swift
[67/76] Compiling ParticleEffects ParticleContent.swift
[68/76] Compiling ParticleEffects ParticleEffects.swift
[69/76] Compiling ParticleEffects Behaviors.swift
[70/76] Compiling ParticleEffects Particle.swift
[71/76] Compiling ParticleEffects TerminalParticleRenderer.swift
[72/76] Emitting module ParticleEffects
error: emit-module command failed with exit code 1 (use -v to see invocation)
[74/78] Emitting module ParticleEffectsTerminalDemo
/host/spi-builder-workspace/TerminalDemo/main.swift:6:8: error: no such module 'Glibc'
  4 | import Darwin
  5 | #else
  6 | import Glibc
    |        `- error: no such module 'Glibc'
  7 | #endif
  8 |
[75/78] Compiling ParticleEffectsTerminalDemo main.swift
/host/spi-builder-workspace/TerminalDemo/main.swift:6:8: error: no such module 'Glibc'
  4 | import Darwin
  5 | #else
  6 | import Glibc
    |        `- error: no such module 'Glibc'
  7 | #endif
  8 |
BUILD FAILURE 6.1 android