The Swift Package Index logo.Swift Package Index

Build Information

Failed to build materialize, reference master (572b70), with Swift 6.4 for watchOS using Xcode 27.0 on 21 Sep 2026 18:40:30 UTC.

Build Command

env DEVELOPER_DIR=/Applications/Xcode-27.0.0-Release.Candidate.app xcrun xcodebuild -IDEClonedSourcePackagesDirPathOverride=$PWD/.dependencies -skipMacroValidation -skipPackagePluginValidation -derivedDataPath $PWD/.derivedData build -scheme materialize -destination generic/platform=watchOS

Build Log

SwiftMergeGeneratedHeaders /Users/admin/builder/spi-builder-workspace/.derivedData/Build/Intermediates.noindex/GeneratedModuleMaps-watchos/CSS-Swift.h /Users/admin/builder/spi-builder-workspace/.derivedData/Build/Intermediates.noindex/web.build/Debug-watchos/CSS-t.build/Objects-normal/arm64/CSS-Swift.h /Users/admin/builder/spi-builder-workspace/.derivedData/Build/Intermediates.noindex/web.build/Debug-watchos/CSS-t.build/Objects-normal/arm64_32/CSS-Swift.h (in target 'CSS' from project 'web')
    cd /Users/admin/builder/spi-builder-workspace/.dependencies/checkouts/web
    builtin-swiftHeaderTool -arch arm64 /Users/admin/builder/spi-builder-workspace/.derivedData/Build/Intermediates.noindex/web.build/Debug-watchos/CSS-t.build/Objects-normal/arm64/CSS-Swift.h -arch arm64_32 /Users/admin/builder/spi-builder-workspace/.derivedData/Build/Intermediates.noindex/web.build/Debug-watchos/CSS-t.build/Objects-normal/arm64_32/CSS-Swift.h -o /Users/admin/builder/spi-builder-workspace/.derivedData/Build/Intermediates.noindex/GeneratedModuleMaps-watchos/CSS-Swift.h
Copy /Users/admin/builder/spi-builder-workspace/.derivedData/Build/Products/Debug-watchos/CSS.swiftmodule/arm64_32-apple-watchos.swiftmodule /Users/admin/builder/spi-builder-workspace/.derivedData/Build/Intermediates.noindex/web.build/Debug-watchos/CSS-t.build/Objects-normal/arm64_32/CSS.swiftmodule (in target 'CSS' from project 'web')
    cd /Users/admin/builder/spi-builder-workspace/.dependencies/checkouts/web
    builtin-copy -exclude .DS_Store -exclude CVS -exclude .svn -exclude .git -exclude .hg -resolve-src-symlinks -rename /Users/admin/builder/spi-builder-workspace/.derivedData/Build/Intermediates.noindex/web.build/Debug-watchos/CSS-t.build/Objects-normal/arm64_32/CSS.swiftmodule /Users/admin/builder/spi-builder-workspace/.derivedData/Build/Products/Debug-watchos/CSS.swiftmodule/arm64_32-apple-watchos.swiftmodule
Copy /Users/admin/builder/spi-builder-workspace/.derivedData/Build/Products/Debug-watchos/CSS.swiftmodule/arm64_32-apple-watchos.swiftdoc /Users/admin/builder/spi-builder-workspace/.derivedData/Build/Intermediates.noindex/web.build/Debug-watchos/CSS-t.build/Objects-normal/arm64_32/CSS.swiftdoc (in target 'CSS' from project 'web')
    cd /Users/admin/builder/spi-builder-workspace/.dependencies/checkouts/web
    builtin-copy -exclude .DS_Store -exclude CVS -exclude .svn -exclude .git -exclude .hg -resolve-src-symlinks -rename /Users/admin/builder/spi-builder-workspace/.derivedData/Build/Intermediates.noindex/web.build/Debug-watchos/CSS-t.build/Objects-normal/arm64_32/CSS.swiftdoc /Users/admin/builder/spi-builder-workspace/.derivedData/Build/Products/Debug-watchos/CSS.swiftmodule/arm64_32-apple-watchos.swiftdoc
Copy /Users/admin/builder/spi-builder-workspace/.derivedData/Build/Products/Debug-watchos/CSS.swiftmodule/Project/arm64_32-apple-watchos.swiftsourceinfo /Users/admin/builder/spi-builder-workspace/.derivedData/Build/Intermediates.noindex/web.build/Debug-watchos/CSS-t.build/Objects-normal/arm64_32/CSS.swiftsourceinfo (in target 'CSS' from project 'web')
    cd /Users/admin/builder/spi-builder-workspace/.dependencies/checkouts/web
    builtin-copy -exclude .DS_Store -exclude CVS -exclude .svn -exclude .git -exclude .hg -resolve-src-symlinks -rename /Users/admin/builder/spi-builder-workspace/.derivedData/Build/Intermediates.noindex/web.build/Debug-watchos/CSS-t.build/Objects-normal/arm64_32/CSS.swiftsourceinfo /Users/admin/builder/spi-builder-workspace/.derivedData/Build/Products/Debug-watchos/CSS.swiftmodule/Project/arm64_32-apple-watchos.swiftsourceinfo
Copy /Users/admin/builder/spi-builder-workspace/.derivedData/Build/Products/Debug-watchos/CSS.swiftmodule/arm64_32-apple-watchos.abi.json /Users/admin/builder/spi-builder-workspace/.derivedData/Build/Intermediates.noindex/web.build/Debug-watchos/CSS-t.build/Objects-normal/arm64_32/CSS.abi.json (in target 'CSS' from project 'web')
    cd /Users/admin/builder/spi-builder-workspace/.dependencies/checkouts/web
    builtin-copy -exclude .DS_Store -exclude CVS -exclude .svn -exclude .git -exclude .hg -resolve-src-symlinks -rename /Users/admin/builder/spi-builder-workspace/.derivedData/Build/Intermediates.noindex/web.build/Debug-watchos/CSS-t.build/Objects-normal/arm64_32/CSS.abi.json /Users/admin/builder/spi-builder-workspace/.derivedData/Build/Products/Debug-watchos/CSS.swiftmodule/arm64_32-apple-watchos.abi.json
SwiftDriver Web normal arm64 com.apple.xcode.tools.swift.compiler (in target 'Web' from project 'web')
    cd /Users/admin/builder/spi-builder-workspace/.swiftpm/xcode
    builtin-SwiftDriver -- /Applications/Xcode-27.0.0-Release.Candidate.app/Contents/Developer/Toolchains/XcodeDefault.xctoolchain/usr/bin/swiftc -parse-as-library -module-name Web -Onone @/Users/admin/builder/spi-builder-workspace/.derivedData/Build/Intermediates.noindex/web.build/Debug-watchos/Web-t.build/Objects-normal/arm64/Web.SwiftFileList -DSWIFT_PACKAGE -DDEBUG -DSWIFT_MODULE_RESOURCE_BUNDLE_UNAVAILABLE -Xcc -fmodule-map-file\=/Users/admin/builder/spi-builder-workspace/.dependencies/checkouts/JavaScriptKit/Sources/_CJavaScriptBigIntSupport/include/module.modulemap -Xcc -fmodule-map-file\=/Users/admin/builder/spi-builder-workspace/.dependencies/checkouts/JavaScriptKit/Sources/_CJavaScriptKit/include/module.modulemap -DXcode -plugin-path /Applications/Xcode-27.0.0-Release.Candidate.app/Contents/Developer/Toolchains/XcodeDefault.xctoolchain/usr/lib/swift/host/plugins/testing -enable-experimental-feature DebugDescriptionMacro -sdk /Applications/Xcode-27.0.0-Release.Candidate.app/Contents/Developer/Platforms/WatchOS.platform/Developer/SDKs/WatchOS27.0.sdk -target arm64-apple-watchos9.0 -g -module-cache-path /Users/admin/builder/spi-builder-workspace/.derivedData/ModuleCache.noindex -Xfrontend -serialize-debugging-options -profile-coverage-mapping -profile-generate -enable-testing -suppress-warnings -index-store-path /Users/admin/builder/spi-builder-workspace/.derivedData/Index.noindex/DataStore -Xcc -D_LIBCPP_HARDENING_MODE\=_LIBCPP_HARDENING_MODE_DEBUG -swift-version 5 -I /Users/admin/builder/spi-builder-workspace/.derivedData/Build/Products/Debug-watchos -Isystem /Applications/Xcode-27.0.0-Release.Candidate.app/Contents/Developer/Platforms/WatchOS.platform/Developer/usr/lib -F /Users/admin/builder/spi-builder-workspace/.derivedData/Build/Products/Debug-watchos/PackageFrameworks -F /Users/admin/builder/spi-builder-workspace/.derivedData/Build/Products/Debug-watchos -F /Applications/Xcode-27.0.0-Release.Candidate.app/Contents/Developer/Platforms/WatchOS.platform/Developer/Library/Frameworks -F /Applications/Xcode-27.0.0-Release.Candidate.app/Contents/Developer/Platforms/WatchOS.platform/Developer/SDKs/WatchOS27.0.sdk/Developer/Library/Frameworks -c -j10 -enable-batch-mode -incremental -Xcc -ivfsstatcache -Xcc /Users/admin/builder/spi-builder-workspace/.derivedData/SDKStatCaches.noindex/watchos27.0-24R360-e829b21a6f8c9b70876ba0858053c04477534ef55a1706bf4c1112bbb242f0a2.sdkstatcache -output-file-map /Users/admin/builder/spi-builder-workspace/.derivedData/Build/Intermediates.noindex/web.build/Debug-watchos/Web-t.build/Objects-normal/arm64/Web-OutputFileMap.json -save-temps -no-color-diagnostics -explicit-module-build -module-cache-path /Users/admin/builder/spi-builder-workspace/.derivedData/Build/Intermediates.noindex/SwiftExplicitPrecompiledModules -clang-scanner-module-cache-path /Users/admin/builder/spi-builder-workspace/.derivedData/ModuleCache.noindex -sdk-module-cache-path /Users/admin/builder/spi-builder-workspace/.derivedData/SDKExplicitPrecompiledModules -emit-dependencies -emit-module -emit-module-path /Users/admin/builder/spi-builder-workspace/.derivedData/Build/Intermediates.noindex/web.build/Debug-watchos/Web-t.build/Objects-normal/arm64/Web.swiftmodule -serialize-diagnostics -dependency-scan-serialize-diagnostics-path /Users/admin/builder/spi-builder-workspace/.derivedData/Build/Intermediates.noindex/web.build/Debug-watchos/Web-t.build/Objects-normal/arm64/Web-dependency-scan.dia -validate-clang-modules-once -clang-build-session-file /Users/admin/builder/spi-builder-workspace/.derivedData/ModuleCache.noindex/Session.modulevalidation -Xcc -fmodules-prune-interval\=86400 -Xcc -fmodules-prune-after\=345600 -emit-const-values -const-gather-protocols-list /Users/admin/builder/spi-builder-workspace/.derivedData/Build/Intermediates.noindex/web.build/Debug-watchos/Web-t.build/Objects-normal/arm64/Web_const_extract_protocols.json -Xcc -I/Users/admin/builder/spi-builder-workspace/.dependencies/checkouts/JavaScriptKit/Sources/_CJavaScriptBigIntSupport/include -Xcc -I/Users/admin/builder/spi-builder-workspace/.dependencies/checkouts/JavaScriptKit/Sources/_CJavaScriptKit/include -Xcc -I/Users/admin/builder/spi-builder-workspace/.derivedData/Build/Products/Debug-watchos/include -Xcc -I/Users/admin/builder/spi-builder-workspace/.derivedData/Build/Intermediates.noindex/web.build/Debug-watchos/Web-t.build/DerivedSources-normal/arm64 -Xcc -I/Users/admin/builder/spi-builder-workspace/.derivedData/Build/Intermediates.noindex/web.build/Debug-watchos/Web-t.build/DerivedSources/arm64 -Xcc -I/Users/admin/builder/spi-builder-workspace/.derivedData/Build/Intermediates.noindex/web.build/Debug-watchos/Web-t.build/DerivedSources -Xcc -DSWIFT_PACKAGE -Xcc -DDEBUG\=1 -emit-objc-header -emit-objc-header-path /Users/admin/builder/spi-builder-workspace/.derivedData/Build/Intermediates.noindex/web.build/Debug-watchos/Web-t.build/Objects-normal/arm64/Web-Swift.h -working-directory /Users/admin/builder/spi-builder-workspace/.swiftpm/xcode -experimental-emit-module-separately -disable-cmo
SwiftDriver Web normal arm64_32 com.apple.xcode.tools.swift.compiler (in target 'Web' from project 'web')
    cd /Users/admin/builder/spi-builder-workspace/.swiftpm/xcode
    builtin-SwiftDriver -- /Applications/Xcode-27.0.0-Release.Candidate.app/Contents/Developer/Toolchains/XcodeDefault.xctoolchain/usr/bin/swiftc -parse-as-library -module-name Web -Onone @/Users/admin/builder/spi-builder-workspace/.derivedData/Build/Intermediates.noindex/web.build/Debug-watchos/Web-t.build/Objects-normal/arm64_32/Web.SwiftFileList -DSWIFT_PACKAGE -DDEBUG -DSWIFT_MODULE_RESOURCE_BUNDLE_UNAVAILABLE -Xcc -fmodule-map-file\=/Users/admin/builder/spi-builder-workspace/.dependencies/checkouts/JavaScriptKit/Sources/_CJavaScriptBigIntSupport/include/module.modulemap -Xcc -fmodule-map-file\=/Users/admin/builder/spi-builder-workspace/.dependencies/checkouts/JavaScriptKit/Sources/_CJavaScriptKit/include/module.modulemap -DXcode -plugin-path /Applications/Xcode-27.0.0-Release.Candidate.app/Contents/Developer/Toolchains/XcodeDefault.xctoolchain/usr/lib/swift/host/plugins/testing -enable-experimental-feature DebugDescriptionMacro -sdk /Applications/Xcode-27.0.0-Release.Candidate.app/Contents/Developer/Platforms/WatchOS.platform/Developer/SDKs/WatchOS27.0.sdk -target arm64_32-apple-watchos9.0 -g -module-cache-path /Users/admin/builder/spi-builder-workspace/.derivedData/ModuleCache.noindex -Xfrontend -serialize-debugging-options -profile-coverage-mapping -profile-generate -enable-testing -suppress-warnings -index-store-path /Users/admin/builder/spi-builder-workspace/.derivedData/Index.noindex/DataStore -Xcc -D_LIBCPP_HARDENING_MODE\=_LIBCPP_HARDENING_MODE_DEBUG -swift-version 5 -I /Users/admin/builder/spi-builder-workspace/.derivedData/Build/Products/Debug-watchos -Isystem /Applications/Xcode-27.0.0-Release.Candidate.app/Contents/Developer/Platforms/WatchOS.platform/Developer/usr/lib -F /Users/admin/builder/spi-builder-workspace/.derivedData/Build/Products/Debug-watchos/PackageFrameworks -F /Users/admin/builder/spi-builder-workspace/.derivedData/Build/Products/Debug-watchos -F /Applications/Xcode-27.0.0-Release.Candidate.app/Contents/Developer/Platforms/WatchOS.platform/Developer/Library/Frameworks -F /Applications/Xcode-27.0.0-Release.Candidate.app/Contents/Developer/Platforms/WatchOS.platform/Developer/SDKs/WatchOS27.0.sdk/Developer/Library/Frameworks -c -j10 -enable-batch-mode -incremental -Xcc -ivfsstatcache -Xcc /Users/admin/builder/spi-builder-workspace/.derivedData/SDKStatCaches.noindex/watchos27.0-24R360-e829b21a6f8c9b70876ba0858053c04477534ef55a1706bf4c1112bbb242f0a2.sdkstatcache -output-file-map /Users/admin/builder/spi-builder-workspace/.derivedData/Build/Intermediates.noindex/web.build/Debug-watchos/Web-t.build/Objects-normal/arm64_32/Web-OutputFileMap.json -save-temps -no-color-diagnostics -explicit-module-build -module-cache-path /Users/admin/builder/spi-builder-workspace/.derivedData/Build/Intermediates.noindex/SwiftExplicitPrecompiledModules -clang-scanner-module-cache-path /Users/admin/builder/spi-builder-workspace/.derivedData/ModuleCache.noindex -sdk-module-cache-path /Users/admin/builder/spi-builder-workspace/.derivedData/SDKExplicitPrecompiledModules -emit-dependencies -emit-module -emit-module-path /Users/admin/builder/spi-builder-workspace/.derivedData/Build/Intermediates.noindex/web.build/Debug-watchos/Web-t.build/Objects-normal/arm64_32/Web.swiftmodule -serialize-diagnostics -dependency-scan-serialize-diagnostics-path /Users/admin/builder/spi-builder-workspace/.derivedData/Build/Intermediates.noindex/web.build/Debug-watchos/Web-t.build/Objects-normal/arm64_32/Web-dependency-scan.dia -validate-clang-modules-once -clang-build-session-file /Users/admin/builder/spi-builder-workspace/.derivedData/ModuleCache.noindex/Session.modulevalidation -Xcc -fmodules-prune-interval\=86400 -Xcc -fmodules-prune-after\=345600 -emit-const-values -const-gather-protocols-list /Users/admin/builder/spi-builder-workspace/.derivedData/Build/Intermediates.noindex/web.build/Debug-watchos/Web-t.build/Objects-normal/arm64_32/Web_const_extract_protocols.json -Xcc -I/Users/admin/builder/spi-builder-workspace/.dependencies/checkouts/JavaScriptKit/Sources/_CJavaScriptBigIntSupport/include -Xcc -I/Users/admin/builder/spi-builder-workspace/.dependencies/checkouts/JavaScriptKit/Sources/_CJavaScriptKit/include -Xcc -I/Users/admin/builder/spi-builder-workspace/.derivedData/Build/Products/Debug-watchos/include -Xcc -I/Users/admin/builder/spi-builder-workspace/.derivedData/Build/Intermediates.noindex/web.build/Debug-watchos/Web-t.build/DerivedSources-normal/arm64_32 -Xcc -I/Users/admin/builder/spi-builder-workspace/.derivedData/Build/Intermediates.noindex/web.build/Debug-watchos/Web-t.build/DerivedSources/arm64_32 -Xcc -I/Users/admin/builder/spi-builder-workspace/.derivedData/Build/Intermediates.noindex/web.build/Debug-watchos/Web-t.build/DerivedSources -Xcc -DSWIFT_PACKAGE -Xcc -DDEBUG\=1 -emit-objc-header -emit-objc-header-path /Users/admin/builder/spi-builder-workspace/.derivedData/Build/Intermediates.noindex/web.build/Debug-watchos/Web-t.build/Objects-normal/arm64_32/Web-Swift.h -working-directory /Users/admin/builder/spi-builder-workspace/.swiftpm/xcode -experimental-emit-module-separately -disable-cmo
SwiftDriverJobDiscovery normal arm64 Compiling PropertiesBuilder.swift, PropertyTypes.swift, AbsoluteSizeable.swift, AngleValue.swift, AutoValue.swift (in target 'CSS' from project 'web')
SwiftCompile normal arm64 Compiling\ AppBuilder.swift,\ PageController.swift,\ HStack.swift,\ Spacer.swift,\ VStack.swift,\ View.swift /Users/admin/builder/spi-builder-workspace/.dependencies/checkouts/web/Sources/Web/AppBuilder.swift /Users/admin/builder/spi-builder-workspace/.dependencies/checkouts/web/Sources/Web/Controllers/PageController.swift /Users/admin/builder/spi-builder-workspace/.dependencies/checkouts/web/Sources/Web/Conveniences/Views/HStack.swift /Users/admin/builder/spi-builder-workspace/.dependencies/checkouts/web/Sources/Web/Conveniences/Views/Spacer.swift /Users/admin/builder/spi-builder-workspace/.dependencies/checkouts/web/Sources/Web/Conveniences/Views/VStack.swift /Users/admin/builder/spi-builder-workspace/.dependencies/checkouts/web/Sources/Web/Elements/View.swift (in target 'Web' from project 'web')
SwiftCompile normal arm64 /Users/admin/builder/spi-builder-workspace/.dependencies/checkouts/web/Sources/Web/AppBuilder.swift (in target 'Web' from project 'web')
    cd /Users/admin/builder/spi-builder-workspace/.swiftpm/xcode
    builtin-SwiftPerFileCompile AppBuilder.swift
SwiftCompile normal arm64 /Users/admin/builder/spi-builder-workspace/.dependencies/checkouts/web/Sources/Web/Controllers/PageController.swift (in target 'Web' from project 'web')
    cd /Users/admin/builder/spi-builder-workspace/.swiftpm/xcode
    builtin-SwiftPerFileCompile PageController.swift
SwiftCompile normal arm64 /Users/admin/builder/spi-builder-workspace/.dependencies/checkouts/web/Sources/Web/Conveniences/Views/HStack.swift (in target 'Web' from project 'web')
    cd /Users/admin/builder/spi-builder-workspace/.swiftpm/xcode
    builtin-SwiftPerFileCompile HStack.swift
SwiftCompile normal arm64 /Users/admin/builder/spi-builder-workspace/.dependencies/checkouts/web/Sources/Web/Conveniences/Views/Spacer.swift (in target 'Web' from project 'web')
    cd /Users/admin/builder/spi-builder-workspace/.swiftpm/xcode
    builtin-SwiftPerFileCompile Spacer.swift
SwiftCompile normal arm64 /Users/admin/builder/spi-builder-workspace/.dependencies/checkouts/web/Sources/Web/Conveniences/Views/VStack.swift (in target 'Web' from project 'web')
    cd /Users/admin/builder/spi-builder-workspace/.swiftpm/xcode
    builtin-SwiftPerFileCompile VStack.swift
SwiftCompile normal arm64 /Users/admin/builder/spi-builder-workspace/.dependencies/checkouts/web/Sources/Web/Elements/View.swift (in target 'Web' from project 'web')
    cd /Users/admin/builder/spi-builder-workspace/.swiftpm/xcode
    builtin-SwiftPerFileCompile View.swift
SwiftCompile normal arm64 Compiling\ Middleware.swift,\ IndexWebPage.swift,\ BasicResponder.swift,\ DefaultResponder.swift,\ Parameters.swift,\ PathComponent.swift /Users/admin/builder/spi-builder-workspace/.dependencies/checkouts/web/Sources/Web/Middleware/Middleware.swift /Users/admin/builder/spi-builder-workspace/.dependencies/checkouts/web/Sources/Web/Pages/IndexWebPage.swift /Users/admin/builder/spi-builder-workspace/.dependencies/checkouts/web/Sources/Web/Routing/BasicResponder.swift /Users/admin/builder/spi-builder-workspace/.dependencies/checkouts/web/Sources/Web/Routing/DefaultResponder.swift /Users/admin/builder/spi-builder-workspace/.dependencies/checkouts/web/Sources/Web/Routing/Parameters.swift /Users/admin/builder/spi-builder-workspace/.dependencies/checkouts/web/Sources/Web/Routing/PathComponent.swift (in target 'Web' from project 'web')
SwiftCompile normal arm64 /Users/admin/builder/spi-builder-workspace/.dependencies/checkouts/web/Sources/Web/Middleware/Middleware.swift (in target 'Web' from project 'web')
    cd /Users/admin/builder/spi-builder-workspace/.swiftpm/xcode
    builtin-SwiftPerFileCompile Middleware.swift
SwiftCompile normal arm64 /Users/admin/builder/spi-builder-workspace/.dependencies/checkouts/web/Sources/Web/Pages/IndexWebPage.swift (in target 'Web' from project 'web')
    cd /Users/admin/builder/spi-builder-workspace/.swiftpm/xcode
    builtin-SwiftPerFileCompile IndexWebPage.swift
SwiftCompile normal arm64 /Users/admin/builder/spi-builder-workspace/.dependencies/checkouts/web/Sources/Web/Routing/BasicResponder.swift (in target 'Web' from project 'web')
    cd /Users/admin/builder/spi-builder-workspace/.swiftpm/xcode
    builtin-SwiftPerFileCompile BasicResponder.swift
SwiftCompile normal arm64 /Users/admin/builder/spi-builder-workspace/.dependencies/checkouts/web/Sources/Web/Routing/DefaultResponder.swift (in target 'Web' from project 'web')
    cd /Users/admin/builder/spi-builder-workspace/.swiftpm/xcode
    builtin-SwiftPerFileCompile DefaultResponder.swift
SwiftCompile normal arm64 /Users/admin/builder/spi-builder-workspace/.dependencies/checkouts/web/Sources/Web/Routing/Parameters.swift (in target 'Web' from project 'web')
    cd /Users/admin/builder/spi-builder-workspace/.swiftpm/xcode
    builtin-SwiftPerFileCompile Parameters.swift
SwiftCompile normal arm64 /Users/admin/builder/spi-builder-workspace/.dependencies/checkouts/web/Sources/Web/Routing/PathComponent.swift (in target 'Web' from project 'web')
    cd /Users/admin/builder/spi-builder-workspace/.swiftpm/xcode
    builtin-SwiftPerFileCompile PathComponent.swift
SwiftCompile normal arm64 Compiling\ _RoutesBuilder.swift,\ URLEncodedFormData.swift,\ URLEncodedFormDecoder.swift,\ URLEncodedFormEncoder.swift,\ URLEncodedFormError.swift /Users/admin/builder/spi-builder-workspace/.dependencies/checkouts/web/Sources/Web/Routing/_RoutesBuilder.swift /Users/admin/builder/spi-builder-workspace/.dependencies/checkouts/web/Sources/Web/URLEncodedForm/URLEncodedFormData.swift /Users/admin/builder/spi-builder-workspace/.dependencies/checkouts/web/Sources/Web/URLEncodedForm/URLEncodedFormDecoder.swift /Users/admin/builder/spi-builder-workspace/.dependencies/checkouts/web/Sources/Web/URLEncodedForm/URLEncodedFormEncoder.swift /Users/admin/builder/spi-builder-workspace/.dependencies/checkouts/web/Sources/Web/URLEncodedForm/URLEncodedFormError.swift (in target 'Web' from project 'web')
SwiftCompile normal arm64 /Users/admin/builder/spi-builder-workspace/.dependencies/checkouts/web/Sources/Web/Routing/_RoutesBuilder.swift (in target 'Web' from project 'web')
    cd /Users/admin/builder/spi-builder-workspace/.swiftpm/xcode
    builtin-SwiftPerFileCompile _RoutesBuilder.swift
SwiftCompile normal arm64 /Users/admin/builder/spi-builder-workspace/.dependencies/checkouts/web/Sources/Web/URLEncodedForm/URLEncodedFormData.swift (in target 'Web' from project 'web')
    cd /Users/admin/builder/spi-builder-workspace/.swiftpm/xcode
    builtin-SwiftPerFileCompile URLEncodedFormData.swift
SwiftCompile normal arm64 /Users/admin/builder/spi-builder-workspace/.dependencies/checkouts/web/Sources/Web/URLEncodedForm/URLEncodedFormDecoder.swift (in target 'Web' from project 'web')
    cd /Users/admin/builder/spi-builder-workspace/.swiftpm/xcode
    builtin-SwiftPerFileCompile URLEncodedFormDecoder.swift
SwiftCompile normal arm64 /Users/admin/builder/spi-builder-workspace/.dependencies/checkouts/web/Sources/Web/URLEncodedForm/URLEncodedFormEncoder.swift (in target 'Web' from project 'web')
    cd /Users/admin/builder/spi-builder-workspace/.swiftpm/xcode
    builtin-SwiftPerFileCompile URLEncodedFormEncoder.swift
SwiftCompile normal arm64 /Users/admin/builder/spi-builder-workspace/.dependencies/checkouts/web/Sources/Web/URLEncodedForm/URLEncodedFormError.swift (in target 'Web' from project 'web')
    cd /Users/admin/builder/spi-builder-workspace/.swiftpm/xcode
    builtin-SwiftPerFileCompile URLEncodedFormError.swift
SwiftEmitModule normal arm64 Emitting\ module\ for\ Web (in target 'Web' from project 'web')
SwiftCompile normal arm64 (in target 'Web' from project 'web')
    cd /Users/admin/builder/spi-builder-workspace/.swiftpm/xcode

SwiftCompile normal arm64 Compiling\ BasicCodingKey.swift,\ CodingKeyRepresentable.swift,\ SingleValueDecoder.swift,\ WebApp.swift,\ AppStyles.swift /Users/admin/builder/spi-builder-workspace/.dependencies/checkouts/web/Sources/Web/Utilities/BasicCodingKey.swift /Users/admin/builder/spi-builder-workspace/.dependencies/checkouts/web/Sources/Web/Utilities/CodingKeyRepresentable.swift /Users/admin/builder/spi-builder-workspace/.dependencies/checkouts/web/Sources/Web/Utilities/SingleValueDecoder.swift /Users/admin/builder/spi-builder-workspace/.dependencies/checkouts/web/Sources/Web/WebApp.swift /Users/admin/builder/spi-builder-workspace/.dependencies/checkouts/web/Sources/Web/WebberPreview/AppStyles.swift (in target 'Web' from project 'web')
SwiftCompile normal arm64 /Users/admin/builder/spi-builder-workspace/.dependencies/checkouts/web/Sources/Web/Utilities/BasicCodingKey.swift (in target 'Web' from project 'web')
    cd /Users/admin/builder/spi-builder-workspace/.swiftpm/xcode
    builtin-SwiftPerFileCompile BasicCodingKey.swift
SwiftCompile normal arm64 /Users/admin/builder/spi-builder-workspace/.dependencies/checkouts/web/Sources/Web/Utilities/CodingKeyRepresentable.swift (in target 'Web' from project 'web')
    cd /Users/admin/builder/spi-builder-workspace/.swiftpm/xcode
    builtin-SwiftPerFileCompile CodingKeyRepresentable.swift
SwiftCompile normal arm64 /Users/admin/builder/spi-builder-workspace/.dependencies/checkouts/web/Sources/Web/Utilities/SingleValueDecoder.swift (in target 'Web' from project 'web')
    cd /Users/admin/builder/spi-builder-workspace/.swiftpm/xcode
    builtin-SwiftPerFileCompile SingleValueDecoder.swift
SwiftCompile normal arm64 /Users/admin/builder/spi-builder-workspace/.dependencies/checkouts/web/Sources/Web/WebApp.swift (in target 'Web' from project 'web')
    cd /Users/admin/builder/spi-builder-workspace/.swiftpm/xcode
    builtin-SwiftPerFileCompile WebApp.swift
SwiftCompile normal arm64 /Users/admin/builder/spi-builder-workspace/.dependencies/checkouts/web/Sources/Web/WebberPreview/AppStyles.swift (in target 'Web' from project 'web')
    cd /Users/admin/builder/spi-builder-workspace/.swiftpm/xcode
    builtin-SwiftPerFileCompile AppStyles.swift
SwiftCompile normal arm64 Compiling\ URLEncodedFormParser.swift,\ URLEncodedFormSerializer.swift,\ URLQueryCoders.swift,\ URLQueryContainer.swift,\ URLQueryFragmentConvertible.swift /Users/admin/builder/spi-builder-workspace/.dependencies/checkouts/web/Sources/Web/URLEncodedForm/URLEncodedFormParser.swift /Users/admin/builder/spi-builder-workspace/.dependencies/checkouts/web/Sources/Web/URLEncodedForm/URLEncodedFormSerializer.swift /Users/admin/builder/spi-builder-workspace/.dependencies/checkouts/web/Sources/Web/URLQuery/URLQueryCoders.swift /Users/admin/builder/spi-builder-workspace/.dependencies/checkouts/web/Sources/Web/URLQuery/URLQueryContainer.swift /Users/admin/builder/spi-builder-workspace/.dependencies/checkouts/web/Sources/Web/URLQuery/URLQueryFragmentConvertible.swift (in target 'Web' from project 'web')
SwiftCompile normal arm64 /Users/admin/builder/spi-builder-workspace/.dependencies/checkouts/web/Sources/Web/URLEncodedForm/URLEncodedFormParser.swift (in target 'Web' from project 'web')
    cd /Users/admin/builder/spi-builder-workspace/.swiftpm/xcode
    builtin-SwiftPerFileCompile URLEncodedFormParser.swift
SwiftCompile normal arm64 /Users/admin/builder/spi-builder-workspace/.dependencies/checkouts/web/Sources/Web/URLEncodedForm/URLEncodedFormSerializer.swift (in target 'Web' from project 'web')
    cd /Users/admin/builder/spi-builder-workspace/.swiftpm/xcode
    builtin-SwiftPerFileCompile URLEncodedFormSerializer.swift
SwiftCompile normal arm64 /Users/admin/builder/spi-builder-workspace/.dependencies/checkouts/web/Sources/Web/URLQuery/URLQueryCoders.swift (in target 'Web' from project 'web')
    cd /Users/admin/builder/spi-builder-workspace/.swiftpm/xcode
    builtin-SwiftPerFileCompile URLQueryCoders.swift
SwiftCompile normal arm64 /Users/admin/builder/spi-builder-workspace/.dependencies/checkouts/web/Sources/Web/URLQuery/URLQueryContainer.swift (in target 'Web' from project 'web')
    cd /Users/admin/builder/spi-builder-workspace/.swiftpm/xcode
    builtin-SwiftPerFileCompile URLQueryContainer.swift
SwiftCompile normal arm64 /Users/admin/builder/spi-builder-workspace/.dependencies/checkouts/web/Sources/Web/URLQuery/URLQueryFragmentConvertible.swift (in target 'Web' from project 'web')
    cd /Users/admin/builder/spi-builder-workspace/.swiftpm/xcode
    builtin-SwiftPerFileCompile URLQueryFragmentConvertible.swift
SwiftEmitModule normal arm64_32 Emitting\ module\ for\ Web (in target 'Web' from project 'web')
SwiftCompile normal arm64_32 (in target 'Web' from project 'web')
    cd /Users/admin/builder/spi-builder-workspace/.swiftpm/xcode

SwiftDriverJobDiscovery normal arm64_32 Compiling Class+Pointerable.swift, Color.swift, ForEach.swift, Id+Pointerable.swift, Pointer.swift (in target 'CSS' from project 'web')
SwiftCompile normal arm64_32 Compiling\ BasicCodingKey.swift,\ CodingKeyRepresentable.swift,\ SingleValueDecoder.swift,\ WebApp.swift,\ AppStyles.swift /Users/admin/builder/spi-builder-workspace/.dependencies/checkouts/web/Sources/Web/Utilities/BasicCodingKey.swift /Users/admin/builder/spi-builder-workspace/.dependencies/checkouts/web/Sources/Web/Utilities/CodingKeyRepresentable.swift /Users/admin/builder/spi-builder-workspace/.dependencies/checkouts/web/Sources/Web/Utilities/SingleValueDecoder.swift /Users/admin/builder/spi-builder-workspace/.dependencies/checkouts/web/Sources/Web/WebApp.swift /Users/admin/builder/spi-builder-workspace/.dependencies/checkouts/web/Sources/Web/WebberPreview/AppStyles.swift (in target 'Web' from project 'web')
SwiftCompile normal arm64_32 /Users/admin/builder/spi-builder-workspace/.dependencies/checkouts/web/Sources/Web/Utilities/BasicCodingKey.swift (in target 'Web' from project 'web')
    cd /Users/admin/builder/spi-builder-workspace/.swiftpm/xcode
    builtin-SwiftPerFileCompile BasicCodingKey.swift
SwiftCompile normal arm64_32 /Users/admin/builder/spi-builder-workspace/.dependencies/checkouts/web/Sources/Web/Utilities/CodingKeyRepresentable.swift (in target 'Web' from project 'web')
    cd /Users/admin/builder/spi-builder-workspace/.swiftpm/xcode
    builtin-SwiftPerFileCompile CodingKeyRepresentable.swift
SwiftCompile normal arm64_32 /Users/admin/builder/spi-builder-workspace/.dependencies/checkouts/web/Sources/Web/Utilities/SingleValueDecoder.swift (in target 'Web' from project 'web')
    cd /Users/admin/builder/spi-builder-workspace/.swiftpm/xcode
    builtin-SwiftPerFileCompile SingleValueDecoder.swift
SwiftCompile normal arm64_32 /Users/admin/builder/spi-builder-workspace/.dependencies/checkouts/web/Sources/Web/WebApp.swift (in target 'Web' from project 'web')
    cd /Users/admin/builder/spi-builder-workspace/.swiftpm/xcode
    builtin-SwiftPerFileCompile WebApp.swift
SwiftCompile normal arm64_32 /Users/admin/builder/spi-builder-workspace/.dependencies/checkouts/web/Sources/Web/WebberPreview/AppStyles.swift (in target 'Web' from project 'web')
    cd /Users/admin/builder/spi-builder-workspace/.swiftpm/xcode
    builtin-SwiftPerFileCompile AppStyles.swift
SwiftDriverJobDiscovery normal arm64 Compiling URLEncodedFormParser.swift, URLEncodedFormSerializer.swift, URLQueryCoders.swift, URLQueryContainer.swift, URLQueryFragmentConvertible.swift (in target 'Web' from project 'web')
SwiftCompile normal arm64_32 Compiling\ AbortError.swift,\ Exports.swift,\ BaseElement+FadeInOut.swift,\ FormData+DOMElement.swift,\ Postfix+Percentable.swift,\ Prefix+UnitValuable.swift /Users/admin/builder/spi-builder-workspace/.dependencies/checkouts/web/Sources/Web/Error/AbortError.swift /Users/admin/builder/spi-builder-workspace/.dependencies/checkouts/web/Sources/Web/Exports.swift /Users/admin/builder/spi-builder-workspace/.dependencies/checkouts/web/Sources/Web/Extensions/BaseElement+FadeInOut.swift /Users/admin/builder/spi-builder-workspace/.dependencies/checkouts/web/Sources/Web/Extensions/FormData+DOMElement.swift /Users/admin/builder/spi-builder-workspace/.dependencies/checkouts/web/Sources/Web/Extensions/Postfix+Percentable.swift /Users/admin/builder/spi-builder-workspace/.dependencies/checkouts/web/Sources/Web/Extensions/Prefix+UnitValuable.swift (in target 'Web' from project 'web')
SwiftCompile normal arm64_32 /Users/admin/builder/spi-builder-workspace/.dependencies/checkouts/web/Sources/Web/Error/AbortError.swift (in target 'Web' from project 'web')
    cd /Users/admin/builder/spi-builder-workspace/.swiftpm/xcode
    builtin-SwiftPerFileCompile AbortError.swift
SwiftCompile normal arm64_32 /Users/admin/builder/spi-builder-workspace/.dependencies/checkouts/web/Sources/Web/Exports.swift (in target 'Web' from project 'web')
    cd /Users/admin/builder/spi-builder-workspace/.swiftpm/xcode
    builtin-SwiftPerFileCompile Exports.swift
SwiftCompile normal arm64_32 /Users/admin/builder/spi-builder-workspace/.dependencies/checkouts/web/Sources/Web/Extensions/BaseElement+FadeInOut.swift (in target 'Web' from project 'web')
    cd /Users/admin/builder/spi-builder-workspace/.swiftpm/xcode
    builtin-SwiftPerFileCompile BaseElement+FadeInOut.swift
SwiftCompile normal arm64_32 /Users/admin/builder/spi-builder-workspace/.dependencies/checkouts/web/Sources/Web/Extensions/FormData+DOMElement.swift (in target 'Web' from project 'web')
    cd /Users/admin/builder/spi-builder-workspace/.swiftpm/xcode
    builtin-SwiftPerFileCompile FormData+DOMElement.swift
SwiftCompile normal arm64_32 /Users/admin/builder/spi-builder-workspace/.dependencies/checkouts/web/Sources/Web/Extensions/Postfix+Percentable.swift (in target 'Web' from project 'web')
    cd /Users/admin/builder/spi-builder-workspace/.swiftpm/xcode
    builtin-SwiftPerFileCompile Postfix+Percentable.swift
SwiftCompile normal arm64_32 /Users/admin/builder/spi-builder-workspace/.dependencies/checkouts/web/Sources/Web/Extensions/Prefix+UnitValuable.swift (in target 'Web' from project 'web')
    cd /Users/admin/builder/spi-builder-workspace/.swiftpm/xcode
    builtin-SwiftPerFileCompile Prefix+UnitValuable.swift
SwiftCompile normal arm64 Compiling\ Stylesheet+AppBuilder.swift,\ UUID+Pseudo.swift,\ Language.swift,\ Localization.swift,\ LocalizedString.swift,\ String+LocalizedString.swift /Users/admin/builder/spi-builder-workspace/.dependencies/checkouts/web/Sources/Web/Extensions/Stylesheet+AppBuilder.swift /Users/admin/builder/spi-builder-workspace/.dependencies/checkouts/web/Sources/Web/Extensions/UUID+Pseudo.swift /Users/admin/builder/spi-builder-workspace/.dependencies/checkouts/web/Sources/Web/Localization/Language.swift /Users/admin/builder/spi-builder-workspace/.dependencies/checkouts/web/Sources/Web/Localization/Localization.swift /Users/admin/builder/spi-builder-workspace/.dependencies/checkouts/web/Sources/Web/Localization/LocalizedString.swift /Users/admin/builder/spi-builder-workspace/.dependencies/checkouts/web/Sources/Web/Localization/String+LocalizedString.swift (in target 'Web' from project 'web')
SwiftCompile normal arm64 /Users/admin/builder/spi-builder-workspace/.dependencies/checkouts/web/Sources/Web/Extensions/Stylesheet+AppBuilder.swift (in target 'Web' from project 'web')
    cd /Users/admin/builder/spi-builder-workspace/.swiftpm/xcode
    builtin-SwiftPerFileCompile Stylesheet+AppBuilder.swift
SwiftCompile normal arm64 /Users/admin/builder/spi-builder-workspace/.dependencies/checkouts/web/Sources/Web/Extensions/UUID+Pseudo.swift (in target 'Web' from project 'web')
    cd /Users/admin/builder/spi-builder-workspace/.swiftpm/xcode
    builtin-SwiftPerFileCompile UUID+Pseudo.swift
SwiftCompile normal arm64 /Users/admin/builder/spi-builder-workspace/.dependencies/checkouts/web/Sources/Web/Localization/Language.swift (in target 'Web' from project 'web')
    cd /Users/admin/builder/spi-builder-workspace/.swiftpm/xcode
    builtin-SwiftPerFileCompile Language.swift
SwiftCompile normal arm64 /Users/admin/builder/spi-builder-workspace/.dependencies/checkouts/web/Sources/Web/Localization/Localization.swift (in target 'Web' from project 'web')
    cd /Users/admin/builder/spi-builder-workspace/.swiftpm/xcode
    builtin-SwiftPerFileCompile Localization.swift
SwiftCompile normal arm64 /Users/admin/builder/spi-builder-workspace/.dependencies/checkouts/web/Sources/Web/Localization/LocalizedString.swift (in target 'Web' from project 'web')
    cd /Users/admin/builder/spi-builder-workspace/.swiftpm/xcode
    builtin-SwiftPerFileCompile LocalizedString.swift
SwiftCompile normal arm64 /Users/admin/builder/spi-builder-workspace/.dependencies/checkouts/web/Sources/Web/Localization/String+LocalizedString.swift (in target 'Web' from project 'web')
    cd /Users/admin/builder/spi-builder-workspace/.swiftpm/xcode
    builtin-SwiftPerFileCompile String+LocalizedString.swift
SwiftDriverJobDiscovery normal arm64 Compiling Middleware.swift, IndexWebPage.swift, BasicResponder.swift, DefaultResponder.swift, Parameters.swift, PathComponent.swift (in target 'Web' from project 'web')
SwiftDriverJobDiscovery normal arm64 Compiling AppBuilder.swift, PageController.swift, HStack.swift, Spacer.swift, VStack.swift, View.swift (in target 'Web' from project 'web')
SwiftCompile normal arm64 Compiling\ RoutesBuilder+Middleware.swift,\ RoutesBuilder.swift,\ RoutesFactory.swift,\ RoutesStorage.swift,\ TrieRouter.swift /Users/admin/builder/spi-builder-workspace/.dependencies/checkouts/web/Sources/Web/Routing/RoutesBuilder+Middleware.swift /Users/admin/builder/spi-builder-workspace/.dependencies/checkouts/web/Sources/Web/Routing/RoutesBuilder.swift /Users/admin/builder/spi-builder-workspace/.dependencies/checkouts/web/Sources/Web/Routing/RoutesFactory.swift /Users/admin/builder/spi-builder-workspace/.dependencies/checkouts/web/Sources/Web/Routing/RoutesStorage.swift /Users/admin/builder/spi-builder-workspace/.dependencies/checkouts/web/Sources/Web/Routing/TrieRouter.swift (in target 'Web' from project 'web')
SwiftCompile normal arm64 /Users/admin/builder/spi-builder-workspace/.dependencies/checkouts/web/Sources/Web/Routing/RoutesBuilder+Middleware.swift (in target 'Web' from project 'web')
    cd /Users/admin/builder/spi-builder-workspace/.swiftpm/xcode
    builtin-SwiftPerFileCompile RoutesBuilder+Middleware.swift
SwiftCompile normal arm64 /Users/admin/builder/spi-builder-workspace/.dependencies/checkouts/web/Sources/Web/Routing/RoutesBuilder.swift (in target 'Web' from project 'web')
    cd /Users/admin/builder/spi-builder-workspace/.swiftpm/xcode
    builtin-SwiftPerFileCompile RoutesBuilder.swift
SwiftCompile normal arm64 /Users/admin/builder/spi-builder-workspace/.dependencies/checkouts/web/Sources/Web/Routing/RoutesFactory.swift (in target 'Web' from project 'web')
    cd /Users/admin/builder/spi-builder-workspace/.swiftpm/xcode
    builtin-SwiftPerFileCompile RoutesFactory.swift
SwiftCompile normal arm64 /Users/admin/builder/spi-builder-workspace/.dependencies/checkouts/web/Sources/Web/Routing/RoutesStorage.swift (in target 'Web' from project 'web')
    cd /Users/admin/builder/spi-builder-workspace/.swiftpm/xcode
    builtin-SwiftPerFileCompile RoutesStorage.swift
SwiftCompile normal arm64 /Users/admin/builder/spi-builder-workspace/.dependencies/checkouts/web/Sources/Web/Routing/TrieRouter.swift (in target 'Web' from project 'web')
    cd /Users/admin/builder/spi-builder-workspace/.swiftpm/xcode
    builtin-SwiftPerFileCompile TrieRouter.swift
SwiftDriverJobDiscovery normal arm64_32 Compiling PropertiesBuilder.swift, PropertyTypes.swift, AbsoluteSizeable.swift, AngleValue.swift, AutoValue.swift (in target 'CSS' from project 'web')
SwiftCompile normal arm64_32 Compiling\ Request.swift,\ Responder.swift,\ Route.swift,\ Router.swift,\ Routes.swift,\ RoutesBuilder+Group.swift /Users/admin/builder/spi-builder-workspace/.dependencies/checkouts/web/Sources/Web/Routing/Request.swift /Users/admin/builder/spi-builder-workspace/.dependencies/checkouts/web/Sources/Web/Routing/Responder.swift /Users/admin/builder/spi-builder-workspace/.dependencies/checkouts/web/Sources/Web/Routing/Route.swift /Users/admin/builder/spi-builder-workspace/.dependencies/checkouts/web/Sources/Web/Routing/Router.swift /Users/admin/builder/spi-builder-workspace/.dependencies/checkouts/web/Sources/Web/Routing/Routes.swift /Users/admin/builder/spi-builder-workspace/.dependencies/checkouts/web/Sources/Web/Routing/RoutesBuilder+Group.swift (in target 'Web' from project 'web')
SwiftCompile normal arm64_32 /Users/admin/builder/spi-builder-workspace/.dependencies/checkouts/web/Sources/Web/Routing/Request.swift (in target 'Web' from project 'web')
    cd /Users/admin/builder/spi-builder-workspace/.swiftpm/xcode
    builtin-SwiftPerFileCompile Request.swift
SwiftCompile normal arm64_32 /Users/admin/builder/spi-builder-workspace/.dependencies/checkouts/web/Sources/Web/Routing/Responder.swift (in target 'Web' from project 'web')
    cd /Users/admin/builder/spi-builder-workspace/.swiftpm/xcode
    builtin-SwiftPerFileCompile Responder.swift
SwiftCompile normal arm64_32 /Users/admin/builder/spi-builder-workspace/.dependencies/checkouts/web/Sources/Web/Routing/Route.swift (in target 'Web' from project 'web')
    cd /Users/admin/builder/spi-builder-workspace/.swiftpm/xcode
    builtin-SwiftPerFileCompile Route.swift
SwiftCompile normal arm64_32 /Users/admin/builder/spi-builder-workspace/.dependencies/checkouts/web/Sources/Web/Routing/Router.swift (in target 'Web' from project 'web')
    cd /Users/admin/builder/spi-builder-workspace/.swiftpm/xcode
    builtin-SwiftPerFileCompile Router.swift
SwiftCompile normal arm64_32 /Users/admin/builder/spi-builder-workspace/.dependencies/checkouts/web/Sources/Web/Routing/Routes.swift (in target 'Web' from project 'web')
    cd /Users/admin/builder/spi-builder-workspace/.swiftpm/xcode
    builtin-SwiftPerFileCompile Routes.swift
SwiftCompile normal arm64_32 /Users/admin/builder/spi-builder-workspace/.dependencies/checkouts/web/Sources/Web/Routing/RoutesBuilder+Group.swift (in target 'Web' from project 'web')
    cd /Users/admin/builder/spi-builder-workspace/.swiftpm/xcode
    builtin-SwiftPerFileCompile RoutesBuilder+Group.swift
SwiftDriverJobDiscovery normal arm64 Emitting module for Web (in target 'Web' from project 'web')
SwiftDriver\ Compilation\ Requirements Web normal arm64 com.apple.xcode.tools.swift.compiler (in target 'Web' from project 'web')
    cd /Users/admin/builder/spi-builder-workspace/.swiftpm/xcode
    builtin-Swift-Compilation-Requirements -- /Applications/Xcode-27.0.0-Release.Candidate.app/Contents/Developer/Toolchains/XcodeDefault.xctoolchain/usr/bin/swiftc -parse-as-library -module-name Web -Onone @/Users/admin/builder/spi-builder-workspace/.derivedData/Build/Intermediates.noindex/web.build/Debug-watchos/Web-t.build/Objects-normal/arm64/Web.SwiftFileList -DSWIFT_PACKAGE -DDEBUG -DSWIFT_MODULE_RESOURCE_BUNDLE_UNAVAILABLE -Xcc -fmodule-map-file\=/Users/admin/builder/spi-builder-workspace/.dependencies/checkouts/JavaScriptKit/Sources/_CJavaScriptBigIntSupport/include/module.modulemap -Xcc -fmodule-map-file\=/Users/admin/builder/spi-builder-workspace/.dependencies/checkouts/JavaScriptKit/Sources/_CJavaScriptKit/include/module.modulemap -DXcode -plugin-path /Applications/Xcode-27.0.0-Release.Candidate.app/Contents/Developer/Toolchains/XcodeDefault.xctoolchain/usr/lib/swift/host/plugins/testing -enable-experimental-feature DebugDescriptionMacro -sdk /Applications/Xcode-27.0.0-Release.Candidate.app/Contents/Developer/Platforms/WatchOS.platform/Developer/SDKs/WatchOS27.0.sdk -target arm64-apple-watchos9.0 -g -module-cache-path /Users/admin/builder/spi-builder-workspace/.derivedData/ModuleCache.noindex -Xfrontend -serialize-debugging-options -profile-coverage-mapping -profile-generate -enable-testing -suppress-warnings -index-store-path /Users/admin/builder/spi-builder-workspace/.derivedData/Index.noindex/DataStore -Xcc -D_LIBCPP_HARDENING_MODE\=_LIBCPP_HARDENING_MODE_DEBUG -swift-version 5 -I /Users/admin/builder/spi-builder-workspace/.derivedData/Build/Products/Debug-watchos -Isystem /Applications/Xcode-27.0.0-Release.Candidate.app/Contents/Developer/Platforms/WatchOS.platform/Developer/usr/lib -F /Users/admin/builder/spi-builder-workspace/.derivedData/Build/Products/Debug-watchos/PackageFrameworks -F /Users/admin/builder/spi-builder-workspace/.derivedData/Build/Products/Debug-watchos -F /Applications/Xcode-27.0.0-Release.Candidate.app/Contents/Developer/Platforms/WatchOS.platform/Developer/Library/Frameworks -F /Applications/Xcode-27.0.0-Release.Candidate.app/Contents/Developer/Platforms/WatchOS.platform/Developer/SDKs/WatchOS27.0.sdk/Developer/Library/Frameworks -c -j10 -enable-batch-mode -incremental -Xcc -ivfsstatcache -Xcc /Users/admin/builder/spi-builder-workspace/.derivedData/SDKStatCaches.noindex/watchos27.0-24R360-e829b21a6f8c9b70876ba0858053c04477534ef55a1706bf4c1112bbb242f0a2.sdkstatcache -output-file-map /Users/admin/builder/spi-builder-workspace/.derivedData/Build/Intermediates.noindex/web.build/Debug-watchos/Web-t.build/Objects-normal/arm64/Web-OutputFileMap.json -save-temps -no-color-diagnostics -explicit-module-build -module-cache-path /Users/admin/builder/spi-builder-workspace/.derivedData/Build/Intermediates.noindex/SwiftExplicitPrecompiledModules -clang-scanner-module-cache-path /Users/admin/builder/spi-builder-workspace/.derivedData/ModuleCache.noindex -sdk-module-cache-path /Users/admin/builder/spi-builder-workspace/.derivedData/SDKExplicitPrecompiledModules -emit-dependencies -emit-module -emit-module-path /Users/admin/builder/spi-builder-workspace/.derivedData/Build/Intermediates.noindex/web.build/Debug-watchos/Web-t.build/Objects-normal/arm64/Web.swiftmodule -serialize-diagnostics -dependency-scan-serialize-diagnostics-path /Users/admin/builder/spi-builder-workspace/.derivedData/Build/Intermediates.noindex/web.build/Debug-watchos/Web-t.build/Objects-normal/arm64/Web-dependency-scan.dia -validate-clang-modules-once -clang-build-session-file /Users/admin/builder/spi-builder-workspace/.derivedData/ModuleCache.noindex/Session.modulevalidation -Xcc -fmodules-prune-interval\=86400 -Xcc -fmodules-prune-after\=345600 -emit-const-values -const-gather-protocols-list /Users/admin/builder/spi-builder-workspace/.derivedData/Build/Intermediates.noindex/web.build/Debug-watchos/Web-t.build/Objects-normal/arm64/Web_const_extract_protocols.json -Xcc -I/Users/admin/builder/spi-builder-workspace/.dependencies/checkouts/JavaScriptKit/Sources/_CJavaScriptBigIntSupport/include -Xcc -I/Users/admin/builder/spi-builder-workspace/.dependencies/checkouts/JavaScriptKit/Sources/_CJavaScriptKit/include -Xcc -I/Users/admin/builder/spi-builder-workspace/.derivedData/Build/Products/Debug-watchos/include -Xcc -I/Users/admin/builder/spi-builder-workspace/.derivedData/Build/Intermediates.noindex/web.build/Debug-watchos/Web-t.build/DerivedSources-normal/arm64 -Xcc -I/Users/admin/builder/spi-builder-workspace/.derivedData/Build/Intermediates.noindex/web.build/Debug-watchos/Web-t.build/DerivedSources/arm64 -Xcc -I/Users/admin/builder/spi-builder-workspace/.derivedData/Build/Intermediates.noindex/web.build/Debug-watchos/Web-t.build/DerivedSources -Xcc -DSWIFT_PACKAGE -Xcc -DDEBUG\=1 -emit-objc-header -emit-objc-header-path /Users/admin/builder/spi-builder-workspace/.derivedData/Build/Intermediates.noindex/web.build/Debug-watchos/Web-t.build/Objects-normal/arm64/Web-Swift.h -working-directory /Users/admin/builder/spi-builder-workspace/.swiftpm/xcode -experimental-emit-module-separately -disable-cmo
SwiftDriverJobDiscovery normal arm64 Compiling BasicCodingKey.swift, CodingKeyRepresentable.swift, SingleValueDecoder.swift, WebApp.swift, AppStyles.swift (in target 'Web' from project 'web')
SwiftCompile normal arm64 Compiling\ DomElement+Preview.swift,\ PreviewableApp.swift,\ RenderBuilder.swift,\ WebPreview.swift,\ WebPreviewRenderable.swift /Users/admin/builder/spi-builder-workspace/.dependencies/checkouts/web/Sources/Web/WebberPreview/DomElement+Preview.swift /Users/admin/builder/spi-builder-workspace/.dependencies/checkouts/web/Sources/Web/WebberPreview/PreviewableApp.swift /Users/admin/builder/spi-builder-workspace/.dependencies/checkouts/web/Sources/Web/WebberPreview/RenderBuilder.swift /Users/admin/builder/spi-builder-workspace/.dependencies/checkouts/web/Sources/Web/WebberPreview/WebPreview.swift /Users/admin/builder/spi-builder-workspace/.dependencies/checkouts/web/Sources/Web/WebberPreview/WebPreviewRenderable.swift (in target 'Web' from project 'web')
SwiftCompile normal arm64 /Users/admin/builder/spi-builder-workspace/.dependencies/checkouts/web/Sources/Web/WebberPreview/DomElement+Preview.swift (in target 'Web' from project 'web')
    cd /Users/admin/builder/spi-builder-workspace/.swiftpm/xcode
    builtin-SwiftPerFileCompile DomElement+Preview.swift
SwiftCompile normal arm64 /Users/admin/builder/spi-builder-workspace/.dependencies/checkouts/web/Sources/Web/WebberPreview/PreviewableApp.swift (in target 'Web' from project 'web')
    cd /Users/admin/builder/spi-builder-workspace/.swiftpm/xcode
    builtin-SwiftPerFileCompile PreviewableApp.swift
SwiftCompile normal arm64 /Users/admin/builder/spi-builder-workspace/.dependencies/checkouts/web/Sources/Web/WebberPreview/RenderBuilder.swift (in target 'Web' from project 'web')
    cd /Users/admin/builder/spi-builder-workspace/.swiftpm/xcode
    builtin-SwiftPerFileCompile RenderBuilder.swift
SwiftCompile normal arm64 /Users/admin/builder/spi-builder-workspace/.dependencies/checkouts/web/Sources/Web/WebberPreview/WebPreview.swift (in target 'Web' from project 'web')
    cd /Users/admin/builder/spi-builder-workspace/.swiftpm/xcode
    builtin-SwiftPerFileCompile WebPreview.swift
SwiftCompile normal arm64 /Users/admin/builder/spi-builder-workspace/.dependencies/checkouts/web/Sources/Web/WebberPreview/WebPreviewRenderable.swift (in target 'Web' from project 'web')
    cd /Users/admin/builder/spi-builder-workspace/.swiftpm/xcode
    builtin-SwiftPerFileCompile WebPreviewRenderable.swift
SwiftDriverJobDiscovery normal arm64_32 Emitting module for Web (in target 'Web' from project 'web')
Copy /Users/admin/builder/spi-builder-workspace/.derivedData/Build/Products/Debug-watchos/Web.swiftmodule/arm64-apple-watchos.swiftmodule /Users/admin/builder/spi-builder-workspace/.derivedData/Build/Intermediates.noindex/web.build/Debug-watchos/Web-t.build/Objects-normal/arm64/Web.swiftmodule (in target 'Web' from project 'web')
    cd /Users/admin/builder/spi-builder-workspace/.dependencies/checkouts/web
    builtin-copy -exclude .DS_Store -exclude CVS -exclude .svn -exclude .git -exclude .hg -resolve-src-symlinks -rename /Users/admin/builder/spi-builder-workspace/.derivedData/Build/Intermediates.noindex/web.build/Debug-watchos/Web-t.build/Objects-normal/arm64/Web.swiftmodule /Users/admin/builder/spi-builder-workspace/.derivedData/Build/Products/Debug-watchos/Web.swiftmodule/arm64-apple-watchos.swiftmodule
SwiftDriver\ Compilation\ Requirements Web normal arm64_32 com.apple.xcode.tools.swift.compiler (in target 'Web' from project 'web')
    cd /Users/admin/builder/spi-builder-workspace/.swiftpm/xcode
    builtin-Swift-Compilation-Requirements -- /Applications/Xcode-27.0.0-Release.Candidate.app/Contents/Developer/Toolchains/XcodeDefault.xctoolchain/usr/bin/swiftc -parse-as-library -module-name Web -Onone @/Users/admin/builder/spi-builder-workspace/.derivedData/Build/Intermediates.noindex/web.build/Debug-watchos/Web-t.build/Objects-normal/arm64_32/Web.SwiftFileList -DSWIFT_PACKAGE -DDEBUG -DSWIFT_MODULE_RESOURCE_BUNDLE_UNAVAILABLE -Xcc -fmodule-map-file\=/Users/admin/builder/spi-builder-workspace/.dependencies/checkouts/JavaScriptKit/Sources/_CJavaScriptBigIntSupport/include/module.modulemap -Xcc -fmodule-map-file\=/Users/admin/builder/spi-builder-workspace/.dependencies/checkouts/JavaScriptKit/Sources/_CJavaScriptKit/include/module.modulemap -DXcode -plugin-path /Applications/Xcode-27.0.0-Release.Candidate.app/Contents/Developer/Toolchains/XcodeDefault.xctoolchain/usr/lib/swift/host/plugins/testing -enable-experimental-feature DebugDescriptionMacro -sdk /Applications/Xcode-27.0.0-Release.Candidate.app/Contents/Developer/Platforms/WatchOS.platform/Developer/SDKs/WatchOS27.0.sdk -target arm64_32-apple-watchos9.0 -g -module-cache-path /Users/admin/builder/spi-builder-workspace/.derivedData/ModuleCache.noindex -Xfrontend -serialize-debugging-options -profile-coverage-mapping -profile-generate -enable-testing -suppress-warnings -index-store-path /Users/admin/builder/spi-builder-workspace/.derivedData/Index.noindex/DataStore -Xcc -D_LIBCPP_HARDENING_MODE\=_LIBCPP_HARDENING_MODE_DEBUG -swift-version 5 -I /Users/admin/builder/spi-builder-workspace/.derivedData/Build/Products/Debug-watchos -Isystem /Applications/Xcode-27.0.0-Release.Candidate.app/Contents/Developer/Platforms/WatchOS.platform/Developer/usr/lib -F /Users/admin/builder/spi-builder-workspace/.derivedData/Build/Products/Debug-watchos/PackageFrameworks -F /Users/admin/builder/spi-builder-workspace/.derivedData/Build/Products/Debug-watchos -F /Applications/Xcode-27.0.0-Release.Candidate.app/Contents/Developer/Platforms/WatchOS.platform/Developer/Library/Frameworks -F /Applications/Xcode-27.0.0-Release.Candidate.app/Contents/Developer/Platforms/WatchOS.platform/Developer/SDKs/WatchOS27.0.sdk/Developer/Library/Frameworks -c -j10 -enable-batch-mode -incremental -Xcc -ivfsstatcache -Xcc /Users/admin/builder/spi-builder-workspace/.derivedData/SDKStatCaches.noindex/watchos27.0-24R360-e829b21a6f8c9b70876ba0858053c04477534ef55a1706bf4c1112bbb242f0a2.sdkstatcache -output-file-map /Users/admin/builder/spi-builder-workspace/.derivedData/Build/Intermediates.noindex/web.build/Debug-watchos/Web-t.build/Objects-normal/arm64_32/Web-OutputFileMap.json -save-temps -no-color-diagnostics -explicit-module-build -module-cache-path /Users/admin/builder/spi-builder-workspace/.derivedData/Build/Intermediates.noindex/SwiftExplicitPrecompiledModules -clang-scanner-module-cache-path /Users/admin/builder/spi-builder-workspace/.derivedData/ModuleCache.noindex -sdk-module-cache-path /Users/admin/builder/spi-builder-workspace/.derivedData/SDKExplicitPrecompiledModules -emit-dependencies -emit-module -emit-module-path /Users/admin/builder/spi-builder-workspace/.derivedData/Build/Intermediates.noindex/web.build/Debug-watchos/Web-t.build/Objects-normal/arm64_32/Web.swiftmodule -serialize-diagnostics -dependency-scan-serialize-diagnostics-path /Users/admin/builder/spi-builder-workspace/.derivedData/Build/Intermediates.noindex/web.build/Debug-watchos/Web-t.build/Objects-normal/arm64_32/Web-dependency-scan.dia -validate-clang-modules-once -clang-build-session-file /Users/admin/builder/spi-builder-workspace/.derivedData/ModuleCache.noindex/Session.modulevalidation -Xcc -fmodules-prune-interval\=86400 -Xcc -fmodules-prune-after\=345600 -emit-const-values -const-gather-protocols-list /Users/admin/builder/spi-builder-workspace/.derivedData/Build/Intermediates.noindex/web.build/Debug-watchos/Web-t.build/Objects-normal/arm64_32/Web_const_extract_protocols.json -Xcc -I/Users/admin/builder/spi-builder-workspace/.dependencies/checkouts/JavaScriptKit/Sources/_CJavaScriptBigIntSupport/include -Xcc -I/Users/admin/builder/spi-builder-workspace/.dependencies/checkouts/JavaScriptKit/Sources/_CJavaScriptKit/include -Xcc -I/Users/admin/builder/spi-builder-workspace/.derivedData/Build/Products/Debug-watchos/include -Xcc -I/Users/admin/builder/spi-builder-workspace/.derivedData/Build/Intermediates.noindex/web.build/Debug-watchos/Web-t.build/DerivedSources-normal/arm64_32 -Xcc -I/Users/admin/builder/spi-builder-workspace/.derivedData/Build/Intermediates.noindex/web.build/Debug-watchos/Web-t.build/DerivedSources/arm64_32 -Xcc -I/Users/admin/builder/spi-builder-workspace/.derivedData/Build/Intermediates.noindex/web.build/Debug-watchos/Web-t.build/DerivedSources -Xcc -DSWIFT_PACKAGE -Xcc -DDEBUG\=1 -emit-objc-header -emit-objc-header-path /Users/admin/builder/spi-builder-workspace/.derivedData/Build/Intermediates.noindex/web.build/Debug-watchos/Web-t.build/Objects-normal/arm64_32/Web-Swift.h -working-directory /Users/admin/builder/spi-builder-workspace/.swiftpm/xcode -experimental-emit-module-separately -disable-cmo
Copy /Users/admin/builder/spi-builder-workspace/.derivedData/Build/Products/Debug-watchos/Web.swiftmodule/arm64-apple-watchos.swiftdoc /Users/admin/builder/spi-builder-workspace/.derivedData/Build/Intermediates.noindex/web.build/Debug-watchos/Web-t.build/Objects-normal/arm64/Web.swiftdoc (in target 'Web' from project 'web')
    cd /Users/admin/builder/spi-builder-workspace/.dependencies/checkouts/web
    builtin-copy -exclude .DS_Store -exclude CVS -exclude .svn -exclude .git -exclude .hg -resolve-src-symlinks -rename /Users/admin/builder/spi-builder-workspace/.derivedData/Build/Intermediates.noindex/web.build/Debug-watchos/Web-t.build/Objects-normal/arm64/Web.swiftdoc /Users/admin/builder/spi-builder-workspace/.derivedData/Build/Products/Debug-watchos/Web.swiftmodule/arm64-apple-watchos.swiftdoc
SwiftMergeGeneratedHeaders /Users/admin/builder/spi-builder-workspace/.derivedData/Build/Intermediates.noindex/GeneratedModuleMaps-watchos/Web-Swift.h /Users/admin/builder/spi-builder-workspace/.derivedData/Build/Intermediates.noindex/web.build/Debug-watchos/Web-t.build/Objects-normal/arm64/Web-Swift.h /Users/admin/builder/spi-builder-workspace/.derivedData/Build/Intermediates.noindex/web.build/Debug-watchos/Web-t.build/Objects-normal/arm64_32/Web-Swift.h (in target 'Web' from project 'web')
    cd /Users/admin/builder/spi-builder-workspace/.dependencies/checkouts/web
    builtin-swiftHeaderTool -arch arm64 /Users/admin/builder/spi-builder-workspace/.derivedData/Build/Intermediates.noindex/web.build/Debug-watchos/Web-t.build/Objects-normal/arm64/Web-Swift.h -arch arm64_32 /Users/admin/builder/spi-builder-workspace/.derivedData/Build/Intermediates.noindex/web.build/Debug-watchos/Web-t.build/Objects-normal/arm64_32/Web-Swift.h -o /Users/admin/builder/spi-builder-workspace/.derivedData/Build/Intermediates.noindex/GeneratedModuleMaps-watchos/Web-Swift.h
Copy /Users/admin/builder/spi-builder-workspace/.derivedData/Build/Products/Debug-watchos/Web.swiftmodule/arm64_32-apple-watchos.swiftmodule /Users/admin/builder/spi-builder-workspace/.derivedData/Build/Intermediates.noindex/web.build/Debug-watchos/Web-t.build/Objects-normal/arm64_32/Web.swiftmodule (in target 'Web' from project 'web')
    cd /Users/admin/builder/spi-builder-workspace/.dependencies/checkouts/web
    builtin-copy -exclude .DS_Store -exclude CVS -exclude .svn -exclude .git -exclude .hg -resolve-src-symlinks -rename /Users/admin/builder/spi-builder-workspace/.derivedData/Build/Intermediates.noindex/web.build/Debug-watchos/Web-t.build/Objects-normal/arm64_32/Web.swiftmodule /Users/admin/builder/spi-builder-workspace/.derivedData/Build/Products/Debug-watchos/Web.swiftmodule/arm64_32-apple-watchos.swiftmodule
Copy /Users/admin/builder/spi-builder-workspace/.derivedData/Build/Products/Debug-watchos/Web.swiftmodule/arm64_32-apple-watchos.swiftdoc /Users/admin/builder/spi-builder-workspace/.derivedData/Build/Intermediates.noindex/web.build/Debug-watchos/Web-t.build/Objects-normal/arm64_32/Web.swiftdoc (in target 'Web' from project 'web')
    cd /Users/admin/builder/spi-builder-workspace/.dependencies/checkouts/web
    builtin-copy -exclude .DS_Store -exclude CVS -exclude .svn -exclude .git -exclude .hg -resolve-src-symlinks -rename /Users/admin/builder/spi-builder-workspace/.derivedData/Build/Intermediates.noindex/web.build/Debug-watchos/Web-t.build/Objects-normal/arm64_32/Web.swiftdoc /Users/admin/builder/spi-builder-workspace/.derivedData/Build/Products/Debug-watchos/Web.swiftmodule/arm64_32-apple-watchos.swiftdoc
Copy /Users/admin/builder/spi-builder-workspace/.derivedData/Build/Products/Debug-watchos/Web.swiftmodule/arm64_32-apple-watchos.abi.json /Users/admin/builder/spi-builder-workspace/.derivedData/Build/Intermediates.noindex/web.build/Debug-watchos/Web-t.build/Objects-normal/arm64_32/Web.abi.json (in target 'Web' from project 'web')
    cd /Users/admin/builder/spi-builder-workspace/.dependencies/checkouts/web
    builtin-copy -exclude .DS_Store -exclude CVS -exclude .svn -exclude .git -exclude .hg -resolve-src-symlinks -rename /Users/admin/builder/spi-builder-workspace/.derivedData/Build/Intermediates.noindex/web.build/Debug-watchos/Web-t.build/Objects-normal/arm64_32/Web.abi.json /Users/admin/builder/spi-builder-workspace/.derivedData/Build/Products/Debug-watchos/Web.swiftmodule/arm64_32-apple-watchos.abi.json
Copy /Users/admin/builder/spi-builder-workspace/.derivedData/Build/Products/Debug-watchos/Web.swiftmodule/arm64-apple-watchos.abi.json /Users/admin/builder/spi-builder-workspace/.derivedData/Build/Intermediates.noindex/web.build/Debug-watchos/Web-t.build/Objects-normal/arm64/Web.abi.json (in target 'Web' from project 'web')
    cd /Users/admin/builder/spi-builder-workspace/.dependencies/checkouts/web
    builtin-copy -exclude .DS_Store -exclude CVS -exclude .svn -exclude .git -exclude .hg -resolve-src-symlinks -rename /Users/admin/builder/spi-builder-workspace/.derivedData/Build/Intermediates.noindex/web.build/Debug-watchos/Web-t.build/Objects-normal/arm64/Web.abi.json /Users/admin/builder/spi-builder-workspace/.derivedData/Build/Products/Debug-watchos/Web.swiftmodule/arm64-apple-watchos.abi.json
Copy /Users/admin/builder/spi-builder-workspace/.derivedData/Build/Products/Debug-watchos/Web.swiftmodule/Project/arm64_32-apple-watchos.swiftsourceinfo /Users/admin/builder/spi-builder-workspace/.derivedData/Build/Intermediates.noindex/web.build/Debug-watchos/Web-t.build/Objects-normal/arm64_32/Web.swiftsourceinfo (in target 'Web' from project 'web')
    cd /Users/admin/builder/spi-builder-workspace/.dependencies/checkouts/web
    builtin-copy -exclude .DS_Store -exclude CVS -exclude .svn -exclude .git -exclude .hg -resolve-src-symlinks -rename /Users/admin/builder/spi-builder-workspace/.derivedData/Build/Intermediates.noindex/web.build/Debug-watchos/Web-t.build/Objects-normal/arm64_32/Web.swiftsourceinfo /Users/admin/builder/spi-builder-workspace/.derivedData/Build/Products/Debug-watchos/Web.swiftmodule/Project/arm64_32-apple-watchos.swiftsourceinfo
Copy /Users/admin/builder/spi-builder-workspace/.derivedData/Build/Products/Debug-watchos/Web.swiftmodule/Project/arm64-apple-watchos.swiftsourceinfo /Users/admin/builder/spi-builder-workspace/.derivedData/Build/Intermediates.noindex/web.build/Debug-watchos/Web-t.build/Objects-normal/arm64/Web.swiftsourceinfo (in target 'Web' from project 'web')
    cd /Users/admin/builder/spi-builder-workspace/.dependencies/checkouts/web
    builtin-copy -exclude .DS_Store -exclude CVS -exclude .svn -exclude .git -exclude .hg -resolve-src-symlinks -rename /Users/admin/builder/spi-builder-workspace/.derivedData/Build/Intermediates.noindex/web.build/Debug-watchos/Web-t.build/Objects-normal/arm64/Web.swiftsourceinfo /Users/admin/builder/spi-builder-workspace/.derivedData/Build/Products/Debug-watchos/Web.swiftmodule/Project/arm64-apple-watchos.swiftsourceinfo
SwiftCompile normal arm64_32 Compiling\ _RoutesBuilder.swift,\ URLEncodedFormData.swift,\ URLEncodedFormDecoder.swift,\ URLEncodedFormEncoder.swift,\ URLEncodedFormError.swift /Users/admin/builder/spi-builder-workspace/.dependencies/checkouts/web/Sources/Web/Routing/_RoutesBuilder.swift /Users/admin/builder/spi-builder-workspace/.dependencies/checkouts/web/Sources/Web/URLEncodedForm/URLEncodedFormData.swift /Users/admin/builder/spi-builder-workspace/.dependencies/checkouts/web/Sources/Web/URLEncodedForm/URLEncodedFormDecoder.swift /Users/admin/builder/spi-builder-workspace/.dependencies/checkouts/web/Sources/Web/URLEncodedForm/URLEncodedFormEncoder.swift /Users/admin/builder/spi-builder-workspace/.dependencies/checkouts/web/Sources/Web/URLEncodedForm/URLEncodedFormError.swift (in target 'Web' from project 'web')
SwiftCompile normal arm64_32 /Users/admin/builder/spi-builder-workspace/.dependencies/checkouts/web/Sources/Web/Routing/_RoutesBuilder.swift (in target 'Web' from project 'web')
    cd /Users/admin/builder/spi-builder-workspace/.swiftpm/xcode
    builtin-SwiftPerFileCompile _RoutesBuilder.swift
SwiftCompile normal arm64_32 /Users/admin/builder/spi-builder-workspace/.dependencies/checkouts/web/Sources/Web/URLEncodedForm/URLEncodedFormData.swift (in target 'Web' from project 'web')
    cd /Users/admin/builder/spi-builder-workspace/.swiftpm/xcode
    builtin-SwiftPerFileCompile URLEncodedFormData.swift
SwiftCompile normal arm64_32 /Users/admin/builder/spi-builder-workspace/.dependencies/checkouts/web/Sources/Web/URLEncodedForm/URLEncodedFormDecoder.swift (in target 'Web' from project 'web')
    cd /Users/admin/builder/spi-builder-workspace/.swiftpm/xcode
    builtin-SwiftPerFileCompile URLEncodedFormDecoder.swift
SwiftCompile normal arm64_32 /Users/admin/builder/spi-builder-workspace/.dependencies/checkouts/web/Sources/Web/URLEncodedForm/URLEncodedFormEncoder.swift (in target 'Web' from project 'web')
    cd /Users/admin/builder/spi-builder-workspace/.swiftpm/xcode
    builtin-SwiftPerFileCompile URLEncodedFormEncoder.swift
SwiftCompile normal arm64_32 /Users/admin/builder/spi-builder-workspace/.dependencies/checkouts/web/Sources/Web/URLEncodedForm/URLEncodedFormError.swift (in target 'Web' from project 'web')
    cd /Users/admin/builder/spi-builder-workspace/.swiftpm/xcode
    builtin-SwiftPerFileCompile URLEncodedFormError.swift
SwiftDriverJobDiscovery normal arm64_32 Compiling AbortError.swift, Exports.swift, BaseElement+FadeInOut.swift, FormData+DOMElement.swift, Postfix+Percentable.swift, Prefix+UnitValuable.swift (in target 'Web' from project 'web')
SwiftCompile normal arm64_32 Compiling\ DomElement+Preview.swift,\ PreviewableApp.swift,\ RenderBuilder.swift,\ WebPreview.swift,\ WebPreviewRenderable.swift /Users/admin/builder/spi-builder-workspace/.dependencies/checkouts/web/Sources/Web/WebberPreview/DomElement+Preview.swift /Users/admin/builder/spi-builder-workspace/.dependencies/checkouts/web/Sources/Web/WebberPreview/PreviewableApp.swift /Users/admin/builder/spi-builder-workspace/.dependencies/checkouts/web/Sources/Web/WebberPreview/RenderBuilder.swift /Users/admin/builder/spi-builder-workspace/.dependencies/checkouts/web/Sources/Web/WebberPreview/WebPreview.swift /Users/admin/builder/spi-builder-workspace/.dependencies/checkouts/web/Sources/Web/WebberPreview/WebPreviewRenderable.swift (in target 'Web' from project 'web')
SwiftCompile normal arm64_32 /Users/admin/builder/spi-builder-workspace/.dependencies/checkouts/web/Sources/Web/WebberPreview/DomElement+Preview.swift (in target 'Web' from project 'web')
    cd /Users/admin/builder/spi-builder-workspace/.swiftpm/xcode
    builtin-SwiftPerFileCompile DomElement+Preview.swift
SwiftCompile normal arm64_32 /Users/admin/builder/spi-builder-workspace/.dependencies/checkouts/web/Sources/Web/WebberPreview/PreviewableApp.swift (in target 'Web' from project 'web')
    cd /Users/admin/builder/spi-builder-workspace/.swiftpm/xcode
    builtin-SwiftPerFileCompile PreviewableApp.swift
SwiftCompile normal arm64_32 /Users/admin/builder/spi-builder-workspace/.dependencies/checkouts/web/Sources/Web/WebberPreview/RenderBuilder.swift (in target 'Web' from project 'web')
    cd /Users/admin/builder/spi-builder-workspace/.swiftpm/xcode
    builtin-SwiftPerFileCompile RenderBuilder.swift
SwiftCompile normal arm64_32 /Users/admin/builder/spi-builder-workspace/.dependencies/checkouts/web/Sources/Web/WebberPreview/WebPreview.swift (in target 'Web' from project 'web')
    cd /Users/admin/builder/spi-builder-workspace/.swiftpm/xcode
    builtin-SwiftPerFileCompile WebPreview.swift
SwiftCompile normal arm64_32 /Users/admin/builder/spi-builder-workspace/.dependencies/checkouts/web/Sources/Web/WebberPreview/WebPreviewRenderable.swift (in target 'Web' from project 'web')
    cd /Users/admin/builder/spi-builder-workspace/.swiftpm/xcode
    builtin-SwiftPerFileCompile WebPreviewRenderable.swift
SwiftDriverJobDiscovery normal arm64 Compiling _RoutesBuilder.swift, URLEncodedFormData.swift, URLEncodedFormDecoder.swift, URLEncodedFormEncoder.swift, URLEncodedFormError.swift (in target 'Web' from project 'web')
SwiftCompile normal arm64 Compiling\ AbortError.swift,\ Exports.swift,\ BaseElement+FadeInOut.swift,\ FormData+DOMElement.swift,\ Postfix+Percentable.swift,\ Prefix+UnitValuable.swift /Users/admin/builder/spi-builder-workspace/.dependencies/checkouts/web/Sources/Web/Error/AbortError.swift /Users/admin/builder/spi-builder-workspace/.dependencies/checkouts/web/Sources/Web/Exports.swift /Users/admin/builder/spi-builder-workspace/.dependencies/checkouts/web/Sources/Web/Extensions/BaseElement+FadeInOut.swift /Users/admin/builder/spi-builder-workspace/.dependencies/checkouts/web/Sources/Web/Extensions/FormData+DOMElement.swift /Users/admin/builder/spi-builder-workspace/.dependencies/checkouts/web/Sources/Web/Extensions/Postfix+Percentable.swift /Users/admin/builder/spi-builder-workspace/.dependencies/checkouts/web/Sources/Web/Extensions/Prefix+UnitValuable.swift (in target 'Web' from project 'web')
SwiftCompile normal arm64 /Users/admin/builder/spi-builder-workspace/.dependencies/checkouts/web/Sources/Web/Error/AbortError.swift (in target 'Web' from project 'web')
    cd /Users/admin/builder/spi-builder-workspace/.swiftpm/xcode
    builtin-SwiftPerFileCompile AbortError.swift
SwiftCompile normal arm64 /Users/admin/builder/spi-builder-workspace/.dependencies/checkouts/web/Sources/Web/Exports.swift (in target 'Web' from project 'web')
    cd /Users/admin/builder/spi-builder-workspace/.swiftpm/xcode
    builtin-SwiftPerFileCompile Exports.swift
SwiftCompile normal arm64 /Users/admin/builder/spi-builder-workspace/.dependencies/checkouts/web/Sources/Web/Extensions/BaseElement+FadeInOut.swift (in target 'Web' from project 'web')
    cd /Users/admin/builder/spi-builder-workspace/.swiftpm/xcode
    builtin-SwiftPerFileCompile BaseElement+FadeInOut.swift
SwiftCompile normal arm64 /Users/admin/builder/spi-builder-workspace/.dependencies/checkouts/web/Sources/Web/Extensions/FormData+DOMElement.swift (in target 'Web' from project 'web')
    cd /Users/admin/builder/spi-builder-workspace/.swiftpm/xcode
    builtin-SwiftPerFileCompile FormData+DOMElement.swift
SwiftCompile normal arm64 /Users/admin/builder/spi-builder-workspace/.dependencies/checkouts/web/Sources/Web/Extensions/Postfix+Percentable.swift (in target 'Web' from project 'web')
    cd /Users/admin/builder/spi-builder-workspace/.swiftpm/xcode
    builtin-SwiftPerFileCompile Postfix+Percentable.swift
SwiftCompile normal arm64 /Users/admin/builder/spi-builder-workspace/.dependencies/checkouts/web/Sources/Web/Extensions/Prefix+UnitValuable.swift (in target 'Web' from project 'web')
    cd /Users/admin/builder/spi-builder-workspace/.swiftpm/xcode
    builtin-SwiftPerFileCompile Prefix+UnitValuable.swift
SwiftDriverJobDiscovery normal arm64 Compiling DomElement+Preview.swift, PreviewableApp.swift, RenderBuilder.swift, WebPreview.swift, WebPreviewRenderable.swift (in target 'Web' from project 'web')
SwiftCompile normal arm64_32 Compiling\ RoutesBuilder+Middleware.swift,\ RoutesBuilder.swift,\ RoutesFactory.swift,\ RoutesStorage.swift,\ TrieRouter.swift /Users/admin/builder/spi-builder-workspace/.dependencies/checkouts/web/Sources/Web/Routing/RoutesBuilder+Middleware.swift /Users/admin/builder/spi-builder-workspace/.dependencies/checkouts/web/Sources/Web/Routing/RoutesBuilder.swift /Users/admin/builder/spi-builder-workspace/.dependencies/checkouts/web/Sources/Web/Routing/RoutesFactory.swift /Users/admin/builder/spi-builder-workspace/.dependencies/checkouts/web/Sources/Web/Routing/RoutesStorage.swift /Users/admin/builder/spi-builder-workspace/.dependencies/checkouts/web/Sources/Web/Routing/TrieRouter.swift (in target 'Web' from project 'web')
SwiftCompile normal arm64_32 /Users/admin/builder/spi-builder-workspace/.dependencies/checkouts/web/Sources/Web/Routing/RoutesBuilder+Middleware.swift (in target 'Web' from project 'web')
    cd /Users/admin/builder/spi-builder-workspace/.swiftpm/xcode
    builtin-SwiftPerFileCompile RoutesBuilder+Middleware.swift
SwiftCompile normal arm64_32 /Users/admin/builder/spi-builder-workspace/.dependencies/checkouts/web/Sources/Web/Routing/RoutesBuilder.swift (in target 'Web' from project 'web')
    cd /Users/admin/builder/spi-builder-workspace/.swiftpm/xcode
    builtin-SwiftPerFileCompile RoutesBuilder.swift
SwiftCompile normal arm64_32 /Users/admin/builder/spi-builder-workspace/.dependencies/checkouts/web/Sources/Web/Routing/RoutesFactory.swift (in target 'Web' from project 'web')
    cd /Users/admin/builder/spi-builder-workspace/.swiftpm/xcode
    builtin-SwiftPerFileCompile RoutesFactory.swift
SwiftCompile normal arm64_32 /Users/admin/builder/spi-builder-workspace/.dependencies/checkouts/web/Sources/Web/Routing/RoutesStorage.swift (in target 'Web' from project 'web')
    cd /Users/admin/builder/spi-builder-workspace/.swiftpm/xcode
    builtin-SwiftPerFileCompile RoutesStorage.swift
SwiftCompile normal arm64_32 /Users/admin/builder/spi-builder-workspace/.dependencies/checkouts/web/Sources/Web/Routing/TrieRouter.swift (in target 'Web' from project 'web')
    cd /Users/admin/builder/spi-builder-workspace/.swiftpm/xcode
    builtin-SwiftPerFileCompile TrieRouter.swift
SwiftDriverJobDiscovery normal arm64 Compiling RoutesBuilder+Middleware.swift, RoutesBuilder.swift, RoutesFactory.swift, RoutesStorage.swift, TrieRouter.swift (in target 'Web' from project 'web')
SwiftCompile normal arm64 Compiling\ Request.swift,\ Responder.swift,\ Route.swift,\ Router.swift,\ Routes.swift,\ RoutesBuilder+Group.swift /Users/admin/builder/spi-builder-workspace/.dependencies/checkouts/web/Sources/Web/Routing/Request.swift /Users/admin/builder/spi-builder-workspace/.dependencies/checkouts/web/Sources/Web/Routing/Responder.swift /Users/admin/builder/spi-builder-workspace/.dependencies/checkouts/web/Sources/Web/Routing/Route.swift /Users/admin/builder/spi-builder-workspace/.dependencies/checkouts/web/Sources/Web/Routing/Router.swift /Users/admin/builder/spi-builder-workspace/.dependencies/checkouts/web/Sources/Web/Routing/Routes.swift /Users/admin/builder/spi-builder-workspace/.dependencies/checkouts/web/Sources/Web/Routing/RoutesBuilder+Group.swift (in target 'Web' from project 'web')
SwiftCompile normal arm64 /Users/admin/builder/spi-builder-workspace/.dependencies/checkouts/web/Sources/Web/Routing/Request.swift (in target 'Web' from project 'web')
    cd /Users/admin/builder/spi-builder-workspace/.swiftpm/xcode
    builtin-SwiftPerFileCompile Request.swift
SwiftCompile normal arm64 /Users/admin/builder/spi-builder-workspace/.dependencies/checkouts/web/Sources/Web/Routing/Responder.swift (in target 'Web' from project 'web')
    cd /Users/admin/builder/spi-builder-workspace/.swiftpm/xcode
    builtin-SwiftPerFileCompile Responder.swift
SwiftCompile normal arm64 /Users/admin/builder/spi-builder-workspace/.dependencies/checkouts/web/Sources/Web/Routing/Route.swift (in target 'Web' from project 'web')
    cd /Users/admin/builder/spi-builder-workspace/.swiftpm/xcode
    builtin-SwiftPerFileCompile Route.swift
SwiftCompile normal arm64 /Users/admin/builder/spi-builder-workspace/.dependencies/checkouts/web/Sources/Web/Routing/Router.swift (in target 'Web' from project 'web')
    cd /Users/admin/builder/spi-builder-workspace/.swiftpm/xcode
    builtin-SwiftPerFileCompile Router.swift
SwiftCompile normal arm64 /Users/admin/builder/spi-builder-workspace/.dependencies/checkouts/web/Sources/Web/Routing/Routes.swift (in target 'Web' from project 'web')
    cd /Users/admin/builder/spi-builder-workspace/.swiftpm/xcode
    builtin-SwiftPerFileCompile Routes.swift
SwiftCompile normal arm64 /Users/admin/builder/spi-builder-workspace/.dependencies/checkouts/web/Sources/Web/Routing/RoutesBuilder+Group.swift (in target 'Web' from project 'web')
    cd /Users/admin/builder/spi-builder-workspace/.swiftpm/xcode
    builtin-SwiftPerFileCompile RoutesBuilder+Group.swift
SwiftCompile normal arm64_32 Compiling\ Middleware.swift,\ IndexWebPage.swift,\ BasicResponder.swift,\ DefaultResponder.swift,\ Parameters.swift,\ PathComponent.swift /Users/admin/builder/spi-builder-workspace/.dependencies/checkouts/web/Sources/Web/Middleware/Middleware.swift /Users/admin/builder/spi-builder-workspace/.dependencies/checkouts/web/Sources/Web/Pages/IndexWebPage.swift /Users/admin/builder/spi-builder-workspace/.dependencies/checkouts/web/Sources/Web/Routing/BasicResponder.swift /Users/admin/builder/spi-builder-workspace/.dependencies/checkouts/web/Sources/Web/Routing/DefaultResponder.swift /Users/admin/builder/spi-builder-workspace/.dependencies/checkouts/web/Sources/Web/Routing/Parameters.swift /Users/admin/builder/spi-builder-workspace/.dependencies/checkouts/web/Sources/Web/Routing/PathComponent.swift (in target 'Web' from project 'web')
SwiftCompile normal arm64_32 /Users/admin/builder/spi-builder-workspace/.dependencies/checkouts/web/Sources/Web/Middleware/Middleware.swift (in target 'Web' from project 'web')
    cd /Users/admin/builder/spi-builder-workspace/.swiftpm/xcode
    builtin-SwiftPerFileCompile Middleware.swift
SwiftCompile normal arm64_32 /Users/admin/builder/spi-builder-workspace/.dependencies/checkouts/web/Sources/Web/Pages/IndexWebPage.swift (in target 'Web' from project 'web')
    cd /Users/admin/builder/spi-builder-workspace/.swiftpm/xcode
    builtin-SwiftPerFileCompile IndexWebPage.swift
SwiftCompile normal arm64_32 /Users/admin/builder/spi-builder-workspace/.dependencies/checkouts/web/Sources/Web/Routing/BasicResponder.swift (in target 'Web' from project 'web')
    cd /Users/admin/builder/spi-builder-workspace/.swiftpm/xcode
    builtin-SwiftPerFileCompile BasicResponder.swift
SwiftCompile normal arm64_32 /Users/admin/builder/spi-builder-workspace/.dependencies/checkouts/web/Sources/Web/Routing/DefaultResponder.swift (in target 'Web' from project 'web')
    cd /Users/admin/builder/spi-builder-workspace/.swiftpm/xcode
    builtin-SwiftPerFileCompile DefaultResponder.swift
SwiftCompile normal arm64_32 /Users/admin/builder/spi-builder-workspace/.dependencies/checkouts/web/Sources/Web/Routing/Parameters.swift (in target 'Web' from project 'web')
    cd /Users/admin/builder/spi-builder-workspace/.swiftpm/xcode
    builtin-SwiftPerFileCompile Parameters.swift
SwiftCompile normal arm64_32 /Users/admin/builder/spi-builder-workspace/.dependencies/checkouts/web/Sources/Web/Routing/PathComponent.swift (in target 'Web' from project 'web')
    cd /Users/admin/builder/spi-builder-workspace/.swiftpm/xcode
    builtin-SwiftPerFileCompile PathComponent.swift
SwiftDriverJobDiscovery normal arm64_32 Compiling Request.swift, Responder.swift, Route.swift, Router.swift, Routes.swift, RoutesBuilder+Group.swift (in target 'Web' from project 'web')
SwiftCompile normal arm64_32 Compiling\ Stylesheet+AppBuilder.swift,\ UUID+Pseudo.swift,\ Language.swift,\ Localization.swift,\ LocalizedString.swift,\ String+LocalizedString.swift /Users/admin/builder/spi-builder-workspace/.dependencies/checkouts/web/Sources/Web/Extensions/Stylesheet+AppBuilder.swift /Users/admin/builder/spi-builder-workspace/.dependencies/checkouts/web/Sources/Web/Extensions/UUID+Pseudo.swift /Users/admin/builder/spi-builder-workspace/.dependencies/checkouts/web/Sources/Web/Localization/Language.swift /Users/admin/builder/spi-builder-workspace/.dependencies/checkouts/web/Sources/Web/Localization/Localization.swift /Users/admin/builder/spi-builder-workspace/.dependencies/checkouts/web/Sources/Web/Localization/LocalizedString.swift /Users/admin/builder/spi-builder-workspace/.dependencies/checkouts/web/Sources/Web/Localization/String+LocalizedString.swift (in target 'Web' from project 'web')
SwiftCompile normal arm64_32 /Users/admin/builder/spi-builder-workspace/.dependencies/checkouts/web/Sources/Web/Extensions/Stylesheet+AppBuilder.swift (in target 'Web' from project 'web')
    cd /Users/admin/builder/spi-builder-workspace/.swiftpm/xcode
    builtin-SwiftPerFileCompile Stylesheet+AppBuilder.swift
SwiftCompile normal arm64_32 /Users/admin/builder/spi-builder-workspace/.dependencies/checkouts/web/Sources/Web/Extensions/UUID+Pseudo.swift (in target 'Web' from project 'web')
    cd /Users/admin/builder/spi-builder-workspace/.swiftpm/xcode
    builtin-SwiftPerFileCompile UUID+Pseudo.swift
SwiftCompile normal arm64_32 /Users/admin/builder/spi-builder-workspace/.dependencies/checkouts/web/Sources/Web/Localization/Language.swift (in target 'Web' from project 'web')
    cd /Users/admin/builder/spi-builder-workspace/.swiftpm/xcode
    builtin-SwiftPerFileCompile Language.swift
SwiftCompile normal arm64_32 /Users/admin/builder/spi-builder-workspace/.dependencies/checkouts/web/Sources/Web/Localization/Localization.swift (in target 'Web' from project 'web')
    cd /Users/admin/builder/spi-builder-workspace/.swiftpm/xcode
    builtin-SwiftPerFileCompile Localization.swift
SwiftCompile normal arm64_32 /Users/admin/builder/spi-builder-workspace/.dependencies/checkouts/web/Sources/Web/Localization/LocalizedString.swift (in target 'Web' from project 'web')
    cd /Users/admin/builder/spi-builder-workspace/.swiftpm/xcode
    builtin-SwiftPerFileCompile LocalizedString.swift
SwiftCompile normal arm64_32 /Users/admin/builder/spi-builder-workspace/.dependencies/checkouts/web/Sources/Web/Localization/String+LocalizedString.swift (in target 'Web' from project 'web')
    cd /Users/admin/builder/spi-builder-workspace/.swiftpm/xcode
    builtin-SwiftPerFileCompile String+LocalizedString.swift
SwiftDriverJobDiscovery normal arm64 Compiling AbortError.swift, Exports.swift, BaseElement+FadeInOut.swift, FormData+DOMElement.swift, Postfix+Percentable.swift, Prefix+UnitValuable.swift (in target 'Web' from project 'web')
SwiftCompile normal arm64_32 Compiling\ AppBuilder.swift,\ PageController.swift,\ HStack.swift,\ Spacer.swift,\ VStack.swift,\ View.swift /Users/admin/builder/spi-builder-workspace/.dependencies/checkouts/web/Sources/Web/AppBuilder.swift /Users/admin/builder/spi-builder-workspace/.dependencies/checkouts/web/Sources/Web/Controllers/PageController.swift /Users/admin/builder/spi-builder-workspace/.dependencies/checkouts/web/Sources/Web/Conveniences/Views/HStack.swift /Users/admin/builder/spi-builder-workspace/.dependencies/checkouts/web/Sources/Web/Conveniences/Views/Spacer.swift /Users/admin/builder/spi-builder-workspace/.dependencies/checkouts/web/Sources/Web/Conveniences/Views/VStack.swift /Users/admin/builder/spi-builder-workspace/.dependencies/checkouts/web/Sources/Web/Elements/View.swift (in target 'Web' from project 'web')
SwiftCompile normal arm64_32 /Users/admin/builder/spi-builder-workspace/.dependencies/checkouts/web/Sources/Web/AppBuilder.swift (in target 'Web' from project 'web')
    cd /Users/admin/builder/spi-builder-workspace/.swiftpm/xcode
    builtin-SwiftPerFileCompile AppBuilder.swift
SwiftCompile normal arm64_32 /Users/admin/builder/spi-builder-workspace/.dependencies/checkouts/web/Sources/Web/Controllers/PageController.swift (in target 'Web' from project 'web')
    cd /Users/admin/builder/spi-builder-workspace/.swiftpm/xcode
    builtin-SwiftPerFileCompile PageController.swift
SwiftCompile normal arm64_32 /Users/admin/builder/spi-builder-workspace/.dependencies/checkouts/web/Sources/Web/Conveniences/Views/HStack.swift (in target 'Web' from project 'web')
    cd /Users/admin/builder/spi-builder-workspace/.swiftpm/xcode
    builtin-SwiftPerFileCompile HStack.swift
SwiftCompile normal arm64_32 /Users/admin/builder/spi-builder-workspace/.dependencies/checkouts/web/Sources/Web/Conveniences/Views/Spacer.swift (in target 'Web' from project 'web')
    cd /Users/admin/builder/spi-builder-workspace/.swiftpm/xcode
    builtin-SwiftPerFileCompile Spacer.swift
SwiftCompile normal arm64_32 /Users/admin/builder/spi-builder-workspace/.dependencies/checkouts/web/Sources/Web/Conveniences/Views/VStack.swift (in target 'Web' from project 'web')
    cd /Users/admin/builder/spi-builder-workspace/.swiftpm/xcode
    builtin-SwiftPerFileCompile VStack.swift
SwiftCompile normal arm64_32 /Users/admin/builder/spi-builder-workspace/.dependencies/checkouts/web/Sources/Web/Elements/View.swift (in target 'Web' from project 'web')
    cd /Users/admin/builder/spi-builder-workspace/.swiftpm/xcode
    builtin-SwiftPerFileCompile View.swift
SwiftDriverJobDiscovery normal arm64_32 Compiling BasicCodingKey.swift, CodingKeyRepresentable.swift, SingleValueDecoder.swift, WebApp.swift, AppStyles.swift (in target 'Web' from project 'web')
SwiftCompile normal arm64_32 Compiling\ URLEncodedFormParser.swift,\ URLEncodedFormSerializer.swift,\ URLQueryCoders.swift,\ URLQueryContainer.swift,\ URLQueryFragmentConvertible.swift /Users/admin/builder/spi-builder-workspace/.dependencies/checkouts/web/Sources/Web/URLEncodedForm/URLEncodedFormParser.swift /Users/admin/builder/spi-builder-workspace/.dependencies/checkouts/web/Sources/Web/URLEncodedForm/URLEncodedFormSerializer.swift /Users/admin/builder/spi-builder-workspace/.dependencies/checkouts/web/Sources/Web/URLQuery/URLQueryCoders.swift /Users/admin/builder/spi-builder-workspace/.dependencies/checkouts/web/Sources/Web/URLQuery/URLQueryContainer.swift /Users/admin/builder/spi-builder-workspace/.dependencies/checkouts/web/Sources/Web/URLQuery/URLQueryFragmentConvertible.swift (in target 'Web' from project 'web')
SwiftCompile normal arm64_32 /Users/admin/builder/spi-builder-workspace/.dependencies/checkouts/web/Sources/Web/URLEncodedForm/URLEncodedFormParser.swift (in target 'Web' from project 'web')
    cd /Users/admin/builder/spi-builder-workspace/.swiftpm/xcode
    builtin-SwiftPerFileCompile URLEncodedFormParser.swift
SwiftCompile normal arm64_32 /Users/admin/builder/spi-builder-workspace/.dependencies/checkouts/web/Sources/Web/URLEncodedForm/URLEncodedFormSerializer.swift (in target 'Web' from project 'web')
    cd /Users/admin/builder/spi-builder-workspace/.swiftpm/xcode
    builtin-SwiftPerFileCompile URLEncodedFormSerializer.swift
SwiftCompile normal arm64_32 /Users/admin/builder/spi-builder-workspace/.dependencies/checkouts/web/Sources/Web/URLQuery/URLQueryCoders.swift (in target 'Web' from project 'web')
    cd /Users/admin/builder/spi-builder-workspace/.swiftpm/xcode
    builtin-SwiftPerFileCompile URLQueryCoders.swift
SwiftCompile normal arm64_32 /Users/admin/builder/spi-builder-workspace/.dependencies/checkouts/web/Sources/Web/URLQuery/URLQueryContainer.swift (in target 'Web' from project 'web')
    cd /Users/admin/builder/spi-builder-workspace/.swiftpm/xcode
    builtin-SwiftPerFileCompile URLQueryContainer.swift
SwiftCompile normal arm64_32 /Users/admin/builder/spi-builder-workspace/.dependencies/checkouts/web/Sources/Web/URLQuery/URLQueryFragmentConvertible.swift (in target 'Web' from project 'web')
    cd /Users/admin/builder/spi-builder-workspace/.swiftpm/xcode
    builtin-SwiftPerFileCompile URLQueryFragmentConvertible.swift
SwiftDriverJobDiscovery normal arm64_32 Compiling DomElement+Preview.swift, PreviewableApp.swift, RenderBuilder.swift, WebPreview.swift, WebPreviewRenderable.swift (in target 'Web' from project 'web')
SwiftDriverJobDiscovery normal arm64_32 Compiling RoutesBuilder+Middleware.swift, RoutesBuilder.swift, RoutesFactory.swift, RoutesStorage.swift, TrieRouter.swift (in target 'Web' from project 'web')
SwiftDriver Materialize normal arm64 com.apple.xcode.tools.swift.compiler (in target 'Materialize' from project 'materialize')
    cd /Users/admin/builder/spi-builder-workspace/.swiftpm/xcode
    builtin-SwiftDriver -- /Applications/Xcode-27.0.0-Release.Candidate.app/Contents/Developer/Toolchains/XcodeDefault.xctoolchain/usr/bin/swiftc -parse-as-library -module-name Materialize -Onone @/Users/admin/builder/spi-builder-workspace/.derivedData/Build/Intermediates.noindex/materialize.build/Debug-watchos/Materialize-t.build/Objects-normal/arm64/Materialize.SwiftFileList -DSWIFT_PACKAGE -DDEBUG -DSWIFT_MODULE_RESOURCE_BUNDLE_AVAILABLE -Xcc -fmodule-map-file\=/Users/admin/builder/spi-builder-workspace/.dependencies/checkouts/JavaScriptKit/Sources/_CJavaScriptBigIntSupport/include/module.modulemap -Xcc -fmodule-map-file\=/Users/admin/builder/spi-builder-workspace/.dependencies/checkouts/JavaScriptKit/Sources/_CJavaScriptKit/include/module.modulemap -DXcode -plugin-path /Applications/Xcode-27.0.0-Release.Candidate.app/Contents/Developer/Toolchains/XcodeDefault.xctoolchain/usr/lib/swift/host/plugins/testing -enable-experimental-feature DebugDescriptionMacro -sdk /Applications/Xcode-27.0.0-Release.Candidate.app/Contents/Developer/Platforms/WatchOS.platform/Developer/SDKs/WatchOS27.0.sdk -target arm64-apple-watchos9.0 -g -module-cache-path /Users/admin/builder/spi-builder-workspace/.derivedData/ModuleCache.noindex -Xfrontend -serialize-debugging-options -profile-coverage-mapping -profile-generate -enable-testing -index-store-path /Users/admin/builder/spi-builder-workspace/.derivedData/Index.noindex/DataStore -Xcc -D_LIBCPP_HARDENING_MODE\=_LIBCPP_HARDENING_MODE_DEBUG -swift-version 5 -I /Users/admin/builder/spi-builder-workspace/.derivedData/Build/Products/Debug-watchos -Isystem /Applications/Xcode-27.0.0-Release.Candidate.app/Contents/Developer/Platforms/WatchOS.platform/Developer/usr/lib -F /Users/admin/builder/spi-builder-workspace/.derivedData/Build/Products/Debug-watchos/PackageFrameworks -F /Users/admin/builder/spi-builder-workspace/.derivedData/Build/Products/Debug-watchos -F /Applications/Xcode-27.0.0-Release.Candidate.app/Contents/Developer/Platforms/WatchOS.platform/Developer/Library/Frameworks -F /Applications/Xcode-27.0.0-Release.Candidate.app/Contents/Developer/Platforms/WatchOS.platform/Developer/SDKs/WatchOS27.0.sdk/Developer/Library/Frameworks -c -j10 -enable-batch-mode -incremental -Xcc -ivfsstatcache -Xcc /Users/admin/builder/spi-builder-workspace/.derivedData/SDKStatCaches.noindex/watchos27.0-24R360-e829b21a6f8c9b70876ba0858053c04477534ef55a1706bf4c1112bbb242f0a2.sdkstatcache -output-file-map /Users/admin/builder/spi-builder-workspace/.derivedData/Build/Intermediates.noindex/materialize.build/Debug-watchos/Materialize-t.build/Objects-normal/arm64/Materialize-OutputFileMap.json -save-temps -no-color-diagnostics -explicit-module-build -module-cache-path /Users/admin/builder/spi-builder-workspace/.derivedData/Build/Intermediates.noindex/SwiftExplicitPrecompiledModules -clang-scanner-module-cache-path /Users/admin/builder/spi-builder-workspace/.derivedData/ModuleCache.noindex -sdk-module-cache-path /Users/admin/builder/spi-builder-workspace/.derivedData/SDKExplicitPrecompiledModules -emit-dependencies -emit-module -emit-module-path /Users/admin/builder/spi-builder-workspace/.derivedData/Build/Intermediates.noindex/materialize.build/Debug-watchos/Materialize-t.build/Objects-normal/arm64/Materialize.swiftmodule -serialize-diagnostics -dependency-scan-serialize-diagnostics-path /Users/admin/builder/spi-builder-workspace/.derivedData/Build/Intermediates.noindex/materialize.build/Debug-watchos/Materialize-t.build/Objects-normal/arm64/Materialize-dependency-scan.dia -validate-clang-modules-once -clang-build-session-file /Users/admin/builder/spi-builder-workspace/.derivedData/ModuleCache.noindex/Session.modulevalidation -Xcc -fmodules-prune-interval\=86400 -Xcc -fmodules-prune-after\=345600 -emit-const-values -const-gather-protocols-list /Users/admin/builder/spi-builder-workspace/.derivedData/Build/Intermediates.noindex/materialize.build/Debug-watchos/Materialize-t.build/Objects-normal/arm64/Materialize_const_extract_protocols.json -Xcc -I/Users/admin/builder/spi-builder-workspace/.dependencies/checkouts/JavaScriptKit/Sources/_CJavaScriptBigIntSupport/include -Xcc -I/Users/admin/builder/spi-builder-workspace/.dependencies/checkouts/JavaScriptKit/Sources/_CJavaScriptKit/include -Xcc -I/Users/admin/builder/spi-builder-workspace/.derivedData/Build/Products/Debug-watchos/include -Xcc -I/Users/admin/builder/spi-builder-workspace/.derivedData/Build/Intermediates.noindex/materialize.build/Debug-watchos/Materialize-t.build/DerivedSources-normal/arm64 -Xcc -I/Users/admin/builder/spi-builder-workspace/.derivedData/Build/Intermediates.noindex/materialize.build/Debug-watchos/Materialize-t.build/DerivedSources/arm64 -Xcc -I/Users/admin/builder/spi-builder-workspace/.derivedData/Build/Intermediates.noindex/materialize.build/Debug-watchos/Materialize-t.build/DerivedSources -Xcc -DSWIFT_PACKAGE -Xcc -DDEBUG\=1 -emit-objc-header -emit-objc-header-path /Users/admin/builder/spi-builder-workspace/.derivedData/Build/Intermediates.noindex/materialize.build/Debug-watchos/Materialize-t.build/Objects-normal/arm64/Materialize-Swift.h -working-directory /Users/admin/builder/spi-builder-workspace/.swiftpm/xcode -experimental-emit-module-separately -disable-cmo
SwiftDriver Materialize normal arm64_32 com.apple.xcode.tools.swift.compiler (in target 'Materialize' from project 'materialize')
    cd /Users/admin/builder/spi-builder-workspace/.swiftpm/xcode
    builtin-SwiftDriver -- /Applications/Xcode-27.0.0-Release.Candidate.app/Contents/Developer/Toolchains/XcodeDefault.xctoolchain/usr/bin/swiftc -parse-as-library -module-name Materialize -Onone @/Users/admin/builder/spi-builder-workspace/.derivedData/Build/Intermediates.noindex/materialize.build/Debug-watchos/Materialize-t.build/Objects-normal/arm64_32/Materialize.SwiftFileList -DSWIFT_PACKAGE -DDEBUG -DSWIFT_MODULE_RESOURCE_BUNDLE_AVAILABLE -Xcc -fmodule-map-file\=/Users/admin/builder/spi-builder-workspace/.dependencies/checkouts/JavaScriptKit/Sources/_CJavaScriptBigIntSupport/include/module.modulemap -Xcc -fmodule-map-file\=/Users/admin/builder/spi-builder-workspace/.dependencies/checkouts/JavaScriptKit/Sources/_CJavaScriptKit/include/module.modulemap -DXcode -plugin-path /Applications/Xcode-27.0.0-Release.Candidate.app/Contents/Developer/Toolchains/XcodeDefault.xctoolchain/usr/lib/swift/host/plugins/testing -enable-experimental-feature DebugDescriptionMacro -sdk /Applications/Xcode-27.0.0-Release.Candidate.app/Contents/Developer/Platforms/WatchOS.platform/Developer/SDKs/WatchOS27.0.sdk -target arm64_32-apple-watchos9.0 -g -module-cache-path /Users/admin/builder/spi-builder-workspace/.derivedData/ModuleCache.noindex -Xfrontend -serialize-debugging-options -profile-coverage-mapping -profile-generate -enable-testing -index-store-path /Users/admin/builder/spi-builder-workspace/.derivedData/Index.noindex/DataStore -Xcc -D_LIBCPP_HARDENING_MODE\=_LIBCPP_HARDENING_MODE_DEBUG -swift-version 5 -I /Users/admin/builder/spi-builder-workspace/.derivedData/Build/Products/Debug-watchos -Isystem /Applications/Xcode-27.0.0-Release.Candidate.app/Contents/Developer/Platforms/WatchOS.platform/Developer/usr/lib -F /Users/admin/builder/spi-builder-workspace/.derivedData/Build/Products/Debug-watchos/PackageFrameworks -F /Users/admin/builder/spi-builder-workspace/.derivedData/Build/Products/Debug-watchos -F /Applications/Xcode-27.0.0-Release.Candidate.app/Contents/Developer/Platforms/WatchOS.platform/Developer/Library/Frameworks -F /Applications/Xcode-27.0.0-Release.Candidate.app/Contents/Developer/Platforms/WatchOS.platform/Developer/SDKs/WatchOS27.0.sdk/Developer/Library/Frameworks -c -j10 -enable-batch-mode -incremental -Xcc -ivfsstatcache -Xcc /Users/admin/builder/spi-builder-workspace/.derivedData/SDKStatCaches.noindex/watchos27.0-24R360-e829b21a6f8c9b70876ba0858053c04477534ef55a1706bf4c1112bbb242f0a2.sdkstatcache -output-file-map /Users/admin/builder/spi-builder-workspace/.derivedData/Build/Intermediates.noindex/materialize.build/Debug-watchos/Materialize-t.build/Objects-normal/arm64_32/Materialize-OutputFileMap.json -save-temps -no-color-diagnostics -explicit-module-build -module-cache-path /Users/admin/builder/spi-builder-workspace/.derivedData/Build/Intermediates.noindex/SwiftExplicitPrecompiledModules -clang-scanner-module-cache-path /Users/admin/builder/spi-builder-workspace/.derivedData/ModuleCache.noindex -sdk-module-cache-path /Users/admin/builder/spi-builder-workspace/.derivedData/SDKExplicitPrecompiledModules -emit-dependencies -emit-module -emit-module-path /Users/admin/builder/spi-builder-workspace/.derivedData/Build/Intermediates.noindex/materialize.build/Debug-watchos/Materialize-t.build/Objects-normal/arm64_32/Materialize.swiftmodule -serialize-diagnostics -dependency-scan-serialize-diagnostics-path /Users/admin/builder/spi-builder-workspace/.derivedData/Build/Intermediates.noindex/materialize.build/Debug-watchos/Materialize-t.build/Objects-normal/arm64_32/Materialize-dependency-scan.dia -validate-clang-modules-once -clang-build-session-file /Users/admin/builder/spi-builder-workspace/.derivedData/ModuleCache.noindex/Session.modulevalidation -Xcc -fmodules-prune-interval\=86400 -Xcc -fmodules-prune-after\=345600 -emit-const-values -const-gather-protocols-list /Users/admin/builder/spi-builder-workspace/.derivedData/Build/Intermediates.noindex/materialize.build/Debug-watchos/Materialize-t.build/Objects-normal/arm64_32/Materialize_const_extract_protocols.json -Xcc -I/Users/admin/builder/spi-builder-workspace/.dependencies/checkouts/JavaScriptKit/Sources/_CJavaScriptBigIntSupport/include -Xcc -I/Users/admin/builder/spi-builder-workspace/.dependencies/checkouts/JavaScriptKit/Sources/_CJavaScriptKit/include -Xcc -I/Users/admin/builder/spi-builder-workspace/.derivedData/Build/Products/Debug-watchos/include -Xcc -I/Users/admin/builder/spi-builder-workspace/.derivedData/Build/Intermediates.noindex/materialize.build/Debug-watchos/Materialize-t.build/DerivedSources-normal/arm64_32 -Xcc -I/Users/admin/builder/spi-builder-workspace/.derivedData/Build/Intermediates.noindex/materialize.build/Debug-watchos/Materialize-t.build/DerivedSources/arm64_32 -Xcc -I/Users/admin/builder/spi-builder-workspace/.derivedData/Build/Intermediates.noindex/materialize.build/Debug-watchos/Materialize-t.build/DerivedSources -Xcc -DSWIFT_PACKAGE -Xcc -DDEBUG\=1 -emit-objc-header -emit-objc-header-path /Users/admin/builder/spi-builder-workspace/.derivedData/Build/Intermediates.noindex/materialize.build/Debug-watchos/Materialize-t.build/Objects-normal/arm64_32/Materialize-Swift.h -working-directory /Users/admin/builder/spi-builder-workspace/.swiftpm/xcode -experimental-emit-module-separately -disable-cmo
SwiftDriverJobDiscovery normal arm64 Compiling Request.swift, Responder.swift, Route.swift, Router.swift, Routes.swift, RoutesBuilder+Group.swift (in target 'Web' from project 'web')
SwiftDriverJobDiscovery normal arm64_32 Compiling Middleware.swift, IndexWebPage.swift, BasicResponder.swift, DefaultResponder.swift, Parameters.swift, PathComponent.swift (in target 'Web' from project 'web')
SwiftDriverJobDiscovery normal arm64_32 Compiling URLEncodedFormParser.swift, URLEncodedFormSerializer.swift, URLQueryCoders.swift, URLQueryContainer.swift, URLQueryFragmentConvertible.swift (in target 'Web' from project 'web')
SwiftDriverJobDiscovery normal arm64_32 Compiling AppBuilder.swift, PageController.swift, HStack.swift, Spacer.swift, VStack.swift, View.swift (in target 'Web' from project 'web')
SwiftDriverJobDiscovery normal arm64_32 Compiling _RoutesBuilder.swift, URLEncodedFormData.swift, URLEncodedFormDecoder.swift, URLEncodedFormEncoder.swift, URLEncodedFormError.swift (in target 'Web' from project 'web')
SwiftCompile normal arm64 Compiling\ Buttons.swift,\ Card.swift,\ Carousel.swift,\ Collapsible.swift /Users/admin/builder/spi-builder-workspace/Sources/Materialize/Buttons.swift /Users/admin/builder/spi-builder-workspace/Sources/Materialize/Card.swift /Users/admin/builder/spi-builder-workspace/Sources/Materialize/Carousel.swift /Users/admin/builder/spi-builder-workspace/Sources/Materialize/Collapsible.swift (in target 'Materialize' from project 'materialize')
SwiftCompile normal arm64 /Users/admin/builder/spi-builder-workspace/Sources/Materialize/Buttons.swift (in target 'Materialize' from project 'materialize')
    cd /Users/admin/builder/spi-builder-workspace/.swiftpm/xcode
    builtin-SwiftPerFileCompile Buttons.swift
SwiftCompile normal arm64 /Users/admin/builder/spi-builder-workspace/Sources/Materialize/Card.swift (in target 'Materialize' from project 'materialize')
    cd /Users/admin/builder/spi-builder-workspace/.swiftpm/xcode
    builtin-SwiftPerFileCompile Card.swift
SwiftCompile normal arm64 /Users/admin/builder/spi-builder-workspace/Sources/Materialize/Carousel.swift (in target 'Materialize' from project 'materialize')
    cd /Users/admin/builder/spi-builder-workspace/.swiftpm/xcode
    builtin-SwiftPerFileCompile Carousel.swift
SwiftCompile normal arm64 /Users/admin/builder/spi-builder-workspace/Sources/Materialize/Collapsible.swift (in target 'Materialize' from project 'materialize')
    cd /Users/admin/builder/spi-builder-workspace/.swiftpm/xcode
    builtin-SwiftPerFileCompile Collapsible.swift
SwiftEmitModule normal arm64 Emitting\ module\ for\ Materialize (in target 'Materialize' from project 'materialize')
SwiftCompile normal arm64 (in target 'Materialize' from project 'materialize')
    cd /Users/admin/builder/spi-builder-workspace/.swiftpm/xcode

SwiftCompile normal arm64 Compiling\ Collection.swift,\ Colors.swift,\ Container.swift,\ Divider.swift /Users/admin/builder/spi-builder-workspace/Sources/Materialize/Collection.swift /Users/admin/builder/spi-builder-workspace/Sources/Materialize/Colors.swift /Users/admin/builder/spi-builder-workspace/Sources/Materialize/Container.swift /Users/admin/builder/spi-builder-workspace/Sources/Materialize/Divider.swift (in target 'Materialize' from project 'materialize')
SwiftCompile normal arm64 /Users/admin/builder/spi-builder-workspace/Sources/Materialize/Collection.swift (in target 'Materialize' from project 'materialize')
    cd /Users/admin/builder/spi-builder-workspace/.swiftpm/xcode
    builtin-SwiftPerFileCompile Collection.swift
SwiftCompile normal arm64 /Users/admin/builder/spi-builder-workspace/Sources/Materialize/Colors.swift (in target 'Materialize' from project 'materialize')
    cd /Users/admin/builder/spi-builder-workspace/.swiftpm/xcode
    builtin-SwiftPerFileCompile Colors.swift
SwiftCompile normal arm64 /Users/admin/builder/spi-builder-workspace/Sources/Materialize/Container.swift (in target 'Materialize' from project 'materialize')
    cd /Users/admin/builder/spi-builder-workspace/.swiftpm/xcode
    builtin-SwiftPerFileCompile Container.swift
SwiftCompile normal arm64 /Users/admin/builder/spi-builder-workspace/Sources/Materialize/Divider.swift (in target 'Materialize' from project 'materialize')
    cd /Users/admin/builder/spi-builder-workspace/.swiftpm/xcode
    builtin-SwiftPerFileCompile Divider.swift
SwiftCompile normal arm64 Compiling\ MaterialButton.swift,\ MaterialIcon.swift,\ MaterialWaves.swift /Users/admin/builder/spi-builder-workspace/Sources/Materialize/MaterialButton.swift /Users/admin/builder/spi-builder-workspace/Sources/Materialize/MaterialIcon.swift /Users/admin/builder/spi-builder-workspace/Sources/Materialize/MaterialWaves.swift (in target 'Materialize' from project 'materialize')
SwiftCompile normal arm64 /Users/admin/builder/spi-builder-workspace/Sources/Materialize/MaterialButton.swift (in target 'Materialize' from project 'materialize')
    cd /Users/admin/builder/spi-builder-workspace/.swiftpm/xcode
    builtin-SwiftPerFileCompile MaterialButton.swift
SwiftCompile normal arm64 /Users/admin/builder/spi-builder-workspace/Sources/Materialize/MaterialIcon.swift (in target 'Materialize' from project 'materialize')
    cd /Users/admin/builder/spi-builder-workspace/.swiftpm/xcode
    builtin-SwiftPerFileCompile MaterialIcon.swift
SwiftCompile normal arm64 /Users/admin/builder/spi-builder-workspace/Sources/Materialize/MaterialWaves.swift (in target 'Materialize' from project 'materialize')
    cd /Users/admin/builder/spi-builder-workspace/.swiftpm/xcode
    builtin-SwiftPerFileCompile MaterialWaves.swift
SwiftCompile normal arm64 Compiling\ Footer.swift,\ Formatting.swift,\ Grid.swift /Users/admin/builder/spi-builder-workspace/Sources/Materialize/Footer.swift /Users/admin/builder/spi-builder-workspace/Sources/Materialize/Formatting.swift /Users/admin/builder/spi-builder-workspace/Sources/Materialize/Grid.swift (in target 'Materialize' from project 'materialize')
SwiftCompile normal arm64 /Users/admin/builder/spi-builder-workspace/Sources/Materialize/Footer.swift (in target 'Materialize' from project 'materialize')
    cd /Users/admin/builder/spi-builder-workspace/.swiftpm/xcode
    builtin-SwiftPerFileCompile Footer.swift
SwiftCompile normal arm64 /Users/admin/builder/spi-builder-workspace/Sources/Materialize/Formatting.swift (in target 'Materialize' from project 'materialize')
    cd /Users/admin/builder/spi-builder-workspace/.swiftpm/xcode
    builtin-SwiftPerFileCompile Formatting.swift
SwiftCompile normal arm64 /Users/admin/builder/spi-builder-workspace/Sources/Materialize/Grid.swift (in target 'Materialize' from project 'materialize')
    cd /Users/admin/builder/spi-builder-workspace/.swiftpm/xcode
    builtin-SwiftPerFileCompile Grid.swift
SwiftCompile normal arm64 Compiling\ Materialize.swift,\ Media.swift,\ Navbar.swift /Users/admin/builder/spi-builder-workspace/Sources/Materialize/Materialize.swift /Users/admin/builder/spi-builder-workspace/Sources/Materialize/Media.swift /Users/admin/builder/spi-builder-workspace/Sources/Materialize/Navbar.swift (in target 'Materialize' from project 'materialize')
SwiftCompile normal arm64 /Users/admin/builder/spi-builder-workspace/Sources/Materialize/Materialize.swift (in target 'Materialize' from project 'materialize')
    cd /Users/admin/builder/spi-builder-workspace/.swiftpm/xcode
    builtin-SwiftPerFileCompile Materialize.swift
SwiftCompile normal arm64 /Users/admin/builder/spi-builder-workspace/Sources/Materialize/Media.swift (in target 'Materialize' from project 'materialize')
    cd /Users/admin/builder/spi-builder-workspace/.swiftpm/xcode
    builtin-SwiftPerFileCompile Media.swift
SwiftCompile normal arm64 /Users/admin/builder/spi-builder-workspace/Sources/Materialize/Navbar.swift (in target 'Materialize' from project 'materialize')
    cd /Users/admin/builder/spi-builder-workspace/.swiftpm/xcode
    builtin-SwiftPerFileCompile Navbar.swift
SwiftEmitModule normal arm64_32 Emitting\ module\ for\ Materialize (in target 'Materialize' from project 'materialize')
SwiftCompile normal arm64_32 (in target 'Materialize' from project 'materialize')
    cd /Users/admin/builder/spi-builder-workspace/.swiftpm/xcode

SwiftDriverJobDiscovery normal arm64 Compiling Footer.swift, Formatting.swift, Grid.swift (in target 'Materialize' from project 'materialize')
SwiftCompile normal arm64_32 Compiling\ Table.swift,\ TableOfContents.swift,\ Toast.swift /Users/admin/builder/spi-builder-workspace/Sources/Materialize/Table.swift /Users/admin/builder/spi-builder-workspace/Sources/Materialize/TableOfContents.swift /Users/admin/builder/spi-builder-workspace/Sources/Materialize/Toast.swift (in target 'Materialize' from project 'materialize')
/Users/admin/builder/spi-builder-workspace/Sources/Materialize/Toast.swift:45:80: error: missing argument for parameter 'singleQuotes' in call
 43 |         }
 44 |         parseDOMItem(content().domContentItem)
 45 |         let html = elements.map { ($0 as? WebPreviewRenderable)?.renderPreview() ?? "" }.joined()
    |                                                                                `- error: missing argument for parameter 'singleQuotes' in call
 46 |         show(
 47 |             html,
Web.WebPreviewRenderable.renderPreview:2:6: note: 'renderPreview(singleQuotes:)' declared here
1 | protocol WebPreviewRenderable {
2 | func renderPreview(singleQuotes: Bool) -> String}
  |      `- note: 'renderPreview(singleQuotes:)' declared here
3 |
Failed frontend command:
/Applications/Xcode-27.0.0-Release.Candidate.app/Contents/Developer/Toolchains/XcodeDefault.xctoolchain/usr/bin/swift-frontend -frontend -c /Users/admin/builder/spi-builder-workspace/.derivedData/Build/Intermediates.noindex/materialize.build/Debug-watchos/Materialize-t.build/DerivedSources/resource_bundle_accessor.swift /Users/admin/builder/spi-builder-workspace/Sources/Materialize/Alignment.swift /Users/admin/builder/spi-builder-workspace/Sources/Materialize/Badge.swift /Users/admin/builder/spi-builder-workspace/Sources/Materialize/Breadcrumb.swift /Users/admin/builder/spi-builder-workspace/Sources/Materialize/Buttons.swift /Users/admin/builder/spi-builder-workspace/Sources/Materialize/Card.swift /Users/admin/builder/spi-builder-workspace/Sources/Materialize/Carousel.swift /Users/admin/builder/spi-builder-workspace/Sources/Materialize/Collapsible.swift /Users/admin/builder/spi-builder-workspace/Sources/Materialize/Collection.swift /Users/admin/builder/spi-builder-workspace/Sources/Materialize/Colors.swift /Users/admin/builder/spi-builder-workspace/Sources/Materialize/Container.swift /Users/admin/builder/spi-builder-workspace/Sources/Materialize/Divider.swift /Users/admin/builder/spi-builder-workspace/Sources/Materialize/Footer.swift /Users/admin/builder/spi-builder-workspace/Sources/Materialize/Formatting.swift /Users/admin/builder/spi-builder-workspace/Sources/Materialize/Grid.swift /Users/admin/builder/spi-builder-workspace/Sources/Materialize/MaterialButton.swift /Users/admin/builder/spi-builder-workspace/Sources/Materialize/MaterialIcon.swift /Users/admin/builder/spi-builder-workspace/Sources/Materialize/MaterialWaves.swift /Users/admin/builder/spi-builder-workspace/Sources/Materialize/Materialize.swift /Users/admin/builder/spi-builder-workspace/Sources/Materialize/Media.swift /Users/admin/builder/spi-builder-workspace/Sources/Materialize/Navbar.swift /Users/admin/builder/spi-builder-workspace/Sources/Materialize/Pagination.swift /Users/admin/builder/spi-builder-workspace/Sources/Materialize/Preloader.swift /Users/admin/builder/spi-builder-workspace/Sources/Materialize/Pulse.swift /Users/admin/builder/spi-builder-workspace/Sources/Materialize/Scrollspy.swift /Users/admin/builder/spi-builder-workspace/Sources/Materialize/Section.swift /Users/admin/builder/spi-builder-workspace/Sources/Materialize/Shadow.swift -primary-file /Users/admin/builder/spi-builder-workspace/Sources/Materialize/Table.swift -primary-file /Users/admin/builder/spi-builder-workspace/Sources/Materialize/TableOfContents.swift -primary-file /Users/admin/builder/spi-builder-workspace/Sources/Materialize/Toast.swift /Users/admin/builder/spi-builder-workspace/Sources/Materialize/Tooltip.swift /Users/admin/builder/spi-builder-workspace/Sources/Materialize/Transitions.swift /Users/admin/builder/spi-builder-workspace/Sources/Materialize/Typography.swift -supplementary-output-file-map /Users/admin/builder/spi-builder-workspace/.derivedData/Build/Intermediates.noindex/materialize.build/Debug-watchos/Materialize-t.build/Objects-normal/arm64_32/supplementaryOutputs-137 -target arm64_32-apple-watchos9.0 -disable-cross-import-overlay-search -load-resolved-plugin /Applications/Xcode-27.0.0-Release.Candidate.app/Contents/Developer/Platforms/WatchOS.platform/Developer/usr/lib/swift/host/plugins/libFoundationMacros.dylib\#/Applications/Xcode-27.0.0-Release.Candidate.app/Contents/Developer/Platforms/WatchOS.platform/Developer/usr/bin/swift-plugin-server\#FoundationMacros -load-resolved-plugin /Applications/Xcode-27.0.0-Release.Candidate.app/Contents/Developer/Platforms/WatchOS.platform/Developer/usr/lib/swift/host/plugins/libObservationMacros.dylib\#/Applications/Xcode-27.0.0-Release.Candidate.app/Contents/Developer/Platforms/WatchOS.platform/Developer/usr/bin/swift-plugin-server\#ObservationMacros -load-resolved-plugin /Applications/Xcode-27.0.0-Release.Candidate.app/Contents/Developer/Platforms/WatchOS.platform/Developer/usr/lib/swift/host/plugins/libSwiftMacros.dylib\#/Applications/Xcode-27.0.0-Release.Candidate.app/Contents/Developer/Platforms/WatchOS.platform/Developer/usr/bin/swift-plugin-server\#SwiftMacros -disable-implicit-swift-modules -Xcc -fno-implicit-modules -Xcc -fno-implicit-module-maps -explicit-swift-module-map-file /Users/admin/builder/spi-builder-workspace/.derivedData/Build/Intermediates.noindex/materialize.build/Debug-watchos/Materialize-t.build/Objects-normal/arm64_32/Materialize-dependencies-2.json -enable-objc-interop -sdk /Applications/Xcode-27.0.0-Release.Candidate.app/Contents/Developer/Platforms/WatchOS.platform/Developer/SDKs/WatchOS27.0.sdk -I /Users/admin/builder/spi-builder-workspace/.derivedData/Build/Products/Debug-watchos -Isystem /Applications/Xcode-27.0.0-Release.Candidate.app/Contents/Developer/Platforms/WatchOS.platform/Developer/usr/lib -F /Users/admin/builder/spi-builder-workspace/.derivedData/Build/Products/Debug-watchos/PackageFrameworks -F /Users/admin/builder/spi-builder-workspace/.derivedData/Build/Products/Debug-watchos -F /Applications/Xcode-27.0.0-Release.Candidate.app/Contents/Developer/Platforms/WatchOS.platform/Developer/Library/Frameworks -F /Applications/Xcode-27.0.0-Release.Candidate.app/Contents/Developer/Platforms/WatchOS.platform/Developer/SDKs/WatchOS27.0.sdk/Developer/Library/Frameworks -module-cache-path /Users/admin/builder/spi-builder-workspace/.derivedData/Build/Intermediates.noindex/SwiftExplicitPrecompiledModules -no-color-diagnostics -Xcc -fno-color-diagnostics -enable-testing -g -debug-info-format\=dwarf -dwarf-version\=4 -profile-generate -profile-coverage-mapping -swift-version 5 -Onone -D SWIFT_PACKAGE -D DEBUG -D SWIFT_MODULE_RESOURCE_BUNDLE_AVAILABLE -D Xcode -serialize-debugging-options -enable-experimental-feature DebugDescriptionMacro -empty-abi-descriptor -validate-clang-modules-once -clang-build-session-file /Users/admin/builder/spi-builder-workspace/.derivedData/ModuleCache.noindex/Session.modulevalidation -Xcc -working-directory -Xcc /Users/admin/builder/spi-builder-workspace/.swiftpm/xcode -enable-anonymous-context-mangled-names -file-compilation-dir /Users/admin/builder/spi-builder-workspace/.swiftpm/xcode -Xcc -fmodule-map-file\=/Users/admin/builder/spi-builder-workspace/.dependencies/checkouts/JavaScriptKit/Sources/_CJavaScriptBigIntSupport/include/module.modulemap -Xcc -fmodule-map-file\=/Users/admin/builder/spi-builder-workspace/.dependencies/checkouts/JavaScriptKit/Sources/_CJavaScriptKit/include/module.modulemap -Xcc -D_LIBCPP_HARDENING_MODE\=_LIBCPP_HARDENING_MODE_DEBUG -Xcc -ivfsstatcache -Xcc /Users/admin/builder/spi-builder-workspace/.derivedData/SDKStatCaches.noindex/watchos27.0-24R360-e829b21a6f8c9b70876ba0858053c04477534ef55a1706bf4c1112bbb242f0a2.sdkstatcache -Xcc -fmodules-prune-interval\=86400 -Xcc -fmodules-prune-after\=345600 -Xcc -I/Users/admin/builder/spi-builder-workspace/.dependencies/checkouts/JavaScriptKit/Sources/_CJavaScriptBigIntSupport/include -Xcc -I/Users/admin/builder/spi-builder-workspace/.dependencies/checkouts/JavaScriptKit/Sources/_CJavaScriptKit/include -Xcc -I/Users/admin/builder/spi-builder-workspace/.derivedData/Build/Products/Debug-watchos/include -Xcc -I/Users/admin/builder/spi-builder-workspace/.derivedData/Build/Intermediates.noindex/materialize.build/Debug-watchos/Materialize-t.build/DerivedSources-normal/arm64_32 -Xcc -I/Users/admin/builder/spi-builder-workspace/.derivedData/Build/Intermediates.noindex/materialize.build/Debug-watchos/Materialize-t.build/DerivedSources/arm64_32 -Xcc -I/Users/admin/builder/spi-builder-workspace/.derivedData/Build/Intermediates.noindex/materialize.build/Debug-watchos/Materialize-t.build/DerivedSources -Xcc -DSWIFT_PACKAGE -Xcc -DDEBUG\=1 -no-auto-bridging-header-chaining -module-name Materialize -const-gather-protocols-file /Users/admin/builder/spi-builder-workspace/.derivedData/Build/Intermediates.noindex/materialize.build/Debug-watchos/Materialize-t.build/Objects-normal/arm64_32/Materialize_const_extract_protocols.json -disable-clang-spi -clang-target arm64_32-apple-watchos27.0 -target-sdk-version 27.0 -target-sdk-name watchos27.0 -in-process-plugin-server-path /Applications/Xcode-27.0.0-Release.Candidate.app/Contents/Developer/Toolchains/XcodeDefault.xctoolchain/usr/lib/swift/host/libSwiftInProcPluginServer.dylib -parse-as-library -o /Users/admin/builder/spi-builder-workspace/.derivedData/Build/Intermediates.noindex/materialize.build/Debug-watchos/Materialize-t.build/Objects-normal/arm64_32/Table.o -o /Users/admin/builder/spi-builder-workspace/.derivedData/Build/Intermediates.noindex/materialize.build/Debug-watchos/Materialize-t.build/Objects-normal/arm64_32/TableOfContents.o -o /Users/admin/builder/spi-builder-workspace/.derivedData/Build/Intermediates.noindex/materialize.build/Debug-watchos/Materialize-t.build/Objects-normal/arm64_32/Toast.o -debug-module-path /Users/admin/builder/spi-builder-workspace/.derivedData/Build/Intermediates.noindex/materialize.build/Debug-watchos/Materialize-t.build/Objects-normal/arm64_32/Materialize.swiftmodule -index-unit-output-path /materialize.build/Debug-watchos/Materialize-t.build/Objects-normal/arm64_32/Table.o -index-unit-output-path /materialize.build/Debug-watchos/Materialize-t.build/Objects-normal/arm64_32/TableOfContents.o -index-unit-output-path /materialize.build/Debug-watchos/Materialize-t.build/Objects-normal/arm64_32/Toast.o -index-store-path /Users/admin/builder/spi-builder-workspace/.derivedData/Index.noindex/DataStore -index-system-modules
SwiftCompile normal arm64_32 /Users/admin/builder/spi-builder-workspace/Sources/Materialize/Table.swift (in target 'Materialize' from project 'materialize')
    cd /Users/admin/builder/spi-builder-workspace/.swiftpm/xcode
    builtin-SwiftPerFileCompile Table.swift
SwiftCompile normal arm64_32 /Users/admin/builder/spi-builder-workspace/Sources/Materialize/TableOfContents.swift (in target 'Materialize' from project 'materialize')
    cd /Users/admin/builder/spi-builder-workspace/.swiftpm/xcode
    builtin-SwiftPerFileCompile TableOfContents.swift
SwiftCompile normal arm64_32 /Users/admin/builder/spi-builder-workspace/Sources/Materialize/Toast.swift (in target 'Materialize' from project 'materialize')
    cd /Users/admin/builder/spi-builder-workspace/.swiftpm/xcode
    builtin-SwiftPerFileCompile Toast.swift
SwiftCompile normal arm64_32 Compiling\ Scrollspy.swift,\ Section.swift,\ Shadow.swift /Users/admin/builder/spi-builder-workspace/Sources/Materialize/Scrollspy.swift /Users/admin/builder/spi-builder-workspace/Sources/Materialize/Section.swift /Users/admin/builder/spi-builder-workspace/Sources/Materialize/Shadow.swift (in target 'Materialize' from project 'materialize')
SwiftCompile normal arm64_32 /Users/admin/builder/spi-builder-workspace/Sources/Materialize/Scrollspy.swift (in target 'Materialize' from project 'materialize')
    cd /Users/admin/builder/spi-builder-workspace/.swiftpm/xcode
    builtin-SwiftPerFileCompile Scrollspy.swift
SwiftCompile normal arm64_32 /Users/admin/builder/spi-builder-workspace/Sources/Materialize/Section.swift (in target 'Materialize' from project 'materialize')
    cd /Users/admin/builder/spi-builder-workspace/.swiftpm/xcode
    builtin-SwiftPerFileCompile Section.swift
SwiftCompile normal arm64_32 /Users/admin/builder/spi-builder-workspace/Sources/Materialize/Shadow.swift (in target 'Materialize' from project 'materialize')
    cd /Users/admin/builder/spi-builder-workspace/.swiftpm/xcode
    builtin-SwiftPerFileCompile Shadow.swift
SwiftDriverJobDiscovery normal arm64 Compiling Collection.swift, Colors.swift, Container.swift, Divider.swift (in target 'Materialize' from project 'materialize')
SwiftDriverJobDiscovery normal arm64 Compiling MaterialButton.swift, MaterialIcon.swift, MaterialWaves.swift (in target 'Materialize' from project 'materialize')
SwiftCompile normal arm64_32 Compiling\ resource_bundle_accessor.swift,\ Alignment.swift,\ Badge.swift,\ Breadcrumb.swift /Users/admin/builder/spi-builder-workspace/.derivedData/Build/Intermediates.noindex/materialize.build/Debug-watchos/Materialize-t.build/DerivedSources/resource_bundle_accessor.swift /Users/admin/builder/spi-builder-workspace/Sources/Materialize/Alignment.swift /Users/admin/builder/spi-builder-workspace/Sources/Materialize/Badge.swift /Users/admin/builder/spi-builder-workspace/Sources/Materialize/Breadcrumb.swift (in target 'Materialize' from project 'materialize')
SwiftCompile normal arm64_32 /Users/admin/builder/spi-builder-workspace/.derivedData/Build/Intermediates.noindex/materialize.build/Debug-watchos/Materialize-t.build/DerivedSources/resource_bundle_accessor.swift (in target 'Materialize' from project 'materialize')
    cd /Users/admin/builder/spi-builder-workspace/.swiftpm/xcode
    builtin-SwiftPerFileCompile resource_bundle_accessor.swift
SwiftCompile normal arm64_32 /Users/admin/builder/spi-builder-workspace/Sources/Materialize/Alignment.swift (in target 'Materialize' from project 'materialize')
    cd /Users/admin/builder/spi-builder-workspace/.swiftpm/xcode
    builtin-SwiftPerFileCompile Alignment.swift
SwiftCompile normal arm64_32 /Users/admin/builder/spi-builder-workspace/Sources/Materialize/Badge.swift (in target 'Materialize' from project 'materialize')
    cd /Users/admin/builder/spi-builder-workspace/.swiftpm/xcode
    builtin-SwiftPerFileCompile Badge.swift
SwiftCompile normal arm64_32 /Users/admin/builder/spi-builder-workspace/Sources/Materialize/Breadcrumb.swift (in target 'Materialize' from project 'materialize')
    cd /Users/admin/builder/spi-builder-workspace/.swiftpm/xcode
    builtin-SwiftPerFileCompile Breadcrumb.swift
PruneExplicitPrecompiledModules /Users/admin/builder/spi-builder-workspace/.derivedData/Build/Intermediates.noindex/ExplicitPrecompiledModules
PruneExplicitPrecompiledModules /Users/admin/builder/spi-builder-workspace/.derivedData/SDKExplicitPrecompiledModules
PruneExplicitPrecompiledModules /Users/admin/builder/spi-builder-workspace/.derivedData/Build/Intermediates.noindex/SwiftExplicitPrecompiledModules
2026-09-21 14:40:04.301 xcodebuild[722:4525] [MT] IDERunDestination: Supported platforms for the buildables in the current scheme is empty.
** BUILD FAILED **
The following build commands failed:
	SwiftCompile normal arm64_32 Compiling\ Table.swift,\ TableOfContents.swift,\ Toast.swift /Users/admin/builder/spi-builder-workspace/Sources/Materialize/Table.swift /Users/admin/builder/spi-builder-workspace/Sources/Materialize/TableOfContents.swift /Users/admin/builder/spi-builder-workspace/Sources/Materialize/Toast.swift (in target 'Materialize' from project 'materialize')
	SwiftCompile normal arm64_32 /Users/admin/builder/spi-builder-workspace/Sources/Materialize/Toast.swift (in target 'Materialize' from project 'materialize')
	Building workspace materialize with scheme materialize
(3 failures)
Command line invocation:
    /Applications/Xcode-27.0.0-Release.Candidate.app/Contents/Developer/usr/bin/xcodebuild -IDEClonedSourcePackagesDirPathOverride=/Users/admin/builder/spi-builder-workspace/.dependencies -resolvePackageDependencies
Resolve Package Graph
Resolved source packages:
  materialize: /Users/admin/builder/spi-builder-workspace
  JavaScriptKit: https://github.com/swiftwasm/JavaScriptKit @ 0.17.0
  web: https://github.com/swifweb/web @ 1.0.0
resolved source packages: materialize, JavaScriptKit, web
2026-09-21 14:40:24.508 xcodebuild[1282:8672] [MT] IDERunDestination: Supported platforms for the buildables in the current scheme is empty.
{
  "dependencies" : [
    {
      "identity" : "web",
      "requirement" : {
        "range" : [
          {
            "lower_bound" : "1.0.0",
            "upper_bound" : "2.0.0"
          }
        ]
      },
      "type" : "sourceControl",
      "url" : "https://github.com/swifweb/web"
    }
  ],
  "manifest_display_name" : "materialize",
  "name" : "materialize",
  "path" : "/Users/admin/builder/spi-builder-workspace",
  "platforms" : [
    {
      "name" : "macos",
      "version" : "10.15"
    }
  ],
  "products" : [
    {
      "name" : "Materialize",
      "targets" : [
        "Materialize"
      ],
      "type" : {
        "library" : [
          "static"
        ]
      }
    }
  ],
  "targets" : [
    {
      "c99name" : "MaterializeTests",
      "module_type" : "SwiftTarget",
      "name" : "MaterializeTests",
      "path" : "Tests/MaterializeTests",
      "sources" : [
        "MaterializeTests.swift",
        "XCTestManifests.swift"
      ],
      "target_dependencies" : [
        "Materialize"
      ],
      "type" : "test"
    },
    {
      "c99name" : "Materialize",
      "module_type" : "SwiftTarget",
      "name" : "Materialize",
      "path" : "Sources/Materialize",
      "product_dependencies" : [
        "Web"
      ],
      "product_memberships" : [
        "Materialize"
      ],
      "resources" : [
        {
          "path" : "/Users/admin/builder/spi-builder-workspace/Sources/Materialize/css",
          "rule" : {
            "copy" : {
            }
          }
        },
        {
          "path" : "/Users/admin/builder/spi-builder-workspace/Sources/Materialize/js",
          "rule" : {
            "copy" : {
            }
          }
        }
      ],
      "sources" : [
        "Alignment.swift",
        "Badge.swift",
        "Breadcrumb.swift",
        "Buttons.swift",
        "Card.swift",
        "Carousel.swift",
        "Collapsible.swift",
        "Collection.swift",
        "Colors.swift",
        "Container.swift",
        "Divider.swift",
        "Footer.swift",
        "Formatting.swift",
        "Grid.swift",
        "MaterialButton.swift",
        "MaterialIcon.swift",
        "MaterialWaves.swift",
        "Materialize.swift",
        "Media.swift",
        "Navbar.swift",
        "Pagination.swift",
        "Preloader.swift",
        "Pulse.swift",
        "Scrollspy.swift",
        "Section.swift",
        "Shadow.swift",
        "Table.swift",
        "TableOfContents.swift",
        "Toast.swift",
        "Tooltip.swift",
        "Transitions.swift",
        "Typography.swift"
      ],
      "type" : "library"
    }
  ],
  "tools_version" : "5.7"
}
{
  "workspace" : {
    "name" : "materialize",
    "schemes" : [
      "materialize"
    ]
  }
}
2026-09-21 14:40:25.873 xcodebuild[1290:8738] [MT] IDERunDestination: Supported platforms for the buildables in the current scheme is empty.
Running build ...
env DEVELOPER_DIR=/Applications/Xcode-27.0.0-Release.Candidate.app xcrun xcodebuild -IDEClonedSourcePackagesDirPathOverride=$PWD/.dependencies -skipMacroValidation -skipPackagePluginValidation -derivedDataPath $PWD/.derivedData build -scheme materialize -destination generic/platform=watchOS
Command line invocation:
    /Applications/Xcode-27.0.0-Release.Candidate.app/Contents/Developer/usr/bin/xcodebuild -IDEClonedSourcePackagesDirPathOverride=/Users/admin/builder/spi-builder-workspace/.dependencies -skipMacroValidation -skipPackagePluginValidation -derivedDataPath /Users/admin/builder/spi-builder-workspace/.derivedData build -scheme materialize -destination generic/platform=watchOS
Resolve Package Graph
Resolved source packages:
  web: https://github.com/swifweb/web @ 1.0.0
  materialize: /Users/admin/builder/spi-builder-workspace
  JavaScriptKit: https://github.com/swiftwasm/JavaScriptKit @ 0.17.0
ComputePackagePrebuildTargetDependencyGraph
Prepare packages
CreateBuildRequest
SendProjectDescription
CreateBuildOperation
ComputeTargetDependencyGraph
note: Building targets in dependency order
note: Target dependency graph (31 targets)
    Target 'Materialize-product' in project 'materialize'
        ➜ Explicit dependency on target 'Materialize' in project 'materialize'
        ➜ Explicit dependency on target 'materialize_Materialize' in project 'materialize'
        ➜ Explicit dependency on target 'Web-product' in project 'web'
    Target 'Materialize' in project 'materialize'
        ➜ Explicit dependency on target 'materialize_Materialize' in project 'materialize'
        ➜ Explicit dependency on target 'Web-product' in project 'web'
    Target 'Web-product' in project 'web'
        ➜ Explicit dependency on target 'Web' in project 'web'
        ➜ Explicit dependency on target 'WebFoundation' in project 'web'
        ➜ Explicit dependency on target 'Events' in project 'web'
        ➜ Explicit dependency on target 'DOMEvents' in project 'web'
        ➜ Explicit dependency on target 'LocationAPI' in project 'web'
        ➜ Explicit dependency on target 'HistoryAPI' in project 'web'
        ➜ Explicit dependency on target 'ContentIndexAPI' in project 'web'
        ➜ Explicit dependency on target 'NotificationsAPI' in project 'web'
        ➜ Explicit dependency on target 'PushAPI' in project 'web'
        ➜ Explicit dependency on target 'ChannelMessagingAPI' in project 'web'
        ➜ Explicit dependency on target 'WorkersAPI' in project 'web'
        ➜ Explicit dependency on target 'NavigatorAPI' in project 'web'
        ➜ Explicit dependency on target 'StorageAPI' in project 'web'
        ➜ Explicit dependency on target 'DOM' in project 'web'
        ➜ Explicit dependency on target 'CSS' in project 'web'
        ➜ Explicit dependency on target 'StreamsAPI' in project 'web'
        ➜ Explicit dependency on target 'FetchAPI' in project 'web'
        ➜ Explicit dependency on target 'WebSocketAPI' in project 'web'
        ➜ Explicit dependency on target 'XMLHttpRequest' in project 'web'
        ➜ Explicit dependency on target 'ResizeObserverAPI' in project 'web'
        ➜ Explicit dependency on target 'JavaScriptKit-product' in project 'JavaScriptKit'
        ➜ Explicit dependency on target 'JavaScriptBigIntSupport-product' in project 'JavaScriptKit'
    Target 'Web' in project 'web'
        ➜ Explicit dependency on target 'WebFoundation' in project 'web'
        ➜ Explicit dependency on target 'Events' in project 'web'
        ➜ Explicit dependency on target 'DOMEvents' in project 'web'
        ➜ Explicit dependency on target 'LocationAPI' in project 'web'
        ➜ Explicit dependency on target 'HistoryAPI' in project 'web'
        ➜ Explicit dependency on target 'ContentIndexAPI' in project 'web'
        ➜ Explicit dependency on target 'NotificationsAPI' in project 'web'
        ➜ Explicit dependency on target 'PushAPI' in project 'web'
        ➜ Explicit dependency on target 'ChannelMessagingAPI' in project 'web'
        ➜ Explicit dependency on target 'WorkersAPI' in project 'web'
        ➜ Explicit dependency on target 'NavigatorAPI' in project 'web'
        ➜ Explicit dependency on target 'StorageAPI' in project 'web'
        ➜ Explicit dependency on target 'DOM' in project 'web'
        ➜ Explicit dependency on target 'CSS' in project 'web'
        ➜ Explicit dependency on target 'StreamsAPI' in project 'web'
        ➜ Explicit dependency on target 'FetchAPI' in project 'web'
        ➜ Explicit dependency on target 'WebSocketAPI' in project 'web'
        ➜ Explicit dependency on target 'XMLHttpRequest' in project 'web'
        ➜ Explicit dependency on target 'ResizeObserverAPI' in project 'web'
        ➜ Explicit dependency on target 'JavaScriptKit-product' in project 'JavaScriptKit'
        ➜ Explicit dependency on target 'JavaScriptBigIntSupport-product' in project 'JavaScriptKit'
    Target 'ResizeObserverAPI' in project 'web'
        ➜ Explicit dependency on target 'WebFoundation' in project 'web'
        ➜ Explicit dependency on target 'Events' in project 'web'
        ➜ Explicit dependency on target 'DOMEvents' in project 'web'
        ➜ Explicit dependency on target 'LocationAPI' in project 'web'
        ➜ Explicit dependency on target 'HistoryAPI' in project 'web'
        ➜ Explicit dependency on target 'ContentIndexAPI' in project 'web'
        ➜ Explicit dependency on target 'NotificationsAPI' in project 'web'
        ➜ Explicit dependency on target 'PushAPI' in project 'web'
        ➜ Explicit dependency on target 'ChannelMessagingAPI' in project 'web'
        ➜ Explicit dependency on target 'WorkersAPI' in project 'web'
        ➜ Explicit dependency on target 'NavigatorAPI' in project 'web'
        ➜ Explicit dependency on target 'StorageAPI' in project 'web'
        ➜ Explicit dependency on target 'DOM' in project 'web'
        ➜ Explicit dependency on target 'JavaScriptKit-product' in project 'JavaScriptKit'
        ➜ Explicit dependency on target 'JavaScriptBigIntSupport-product' in project 'JavaScriptKit'
    Target 'XMLHttpRequest' in project 'web'
        ➜ Explicit dependency on target 'WebFoundation' in project 'web'
        ➜ Explicit dependency on target 'Events' in project 'web'
        ➜ Explicit dependency on target 'JavaScriptKit-product' in project 'JavaScriptKit'
        ➜ Explicit dependency on target 'JavaScriptBigIntSupport-product' in project 'JavaScriptKit'
    Target 'WebSocketAPI' in project 'web'
        ➜ Explicit dependency on target 'WebFoundation' in project 'web'
        ➜ Explicit dependency on target 'Events' in project 'web'
        ➜ Explicit dependency on target 'ChannelMessagingAPI' in project 'web'
        ➜ Explicit dependency on target 'JavaScriptKit-product' in project 'JavaScriptKit'
        ➜ Explicit dependency on target 'JavaScriptBigIntSupport-product' in project 'JavaScriptKit'
    Target 'FetchAPI' in project 'web'
        ➜ Explicit dependency on target 'WebFoundation' in project 'web'
        ➜ Explicit dependency on target 'StreamsAPI' in project 'web'
        ➜ Explicit dependency on target 'JavaScriptKit-product' in project 'JavaScriptKit'
        ➜ Explicit dependency on target 'JavaScriptBigIntSupport-product' in project 'JavaScriptKit'
    Target 'StreamsAPI' in project 'web'
        ➜ Explicit dependency on target 'WebFoundation' in project 'web'
        ➜ Explicit dependency on target 'JavaScriptKit-product' in project 'JavaScriptKit'
        ➜ Explicit dependency on target 'JavaScriptBigIntSupport-product' in project 'JavaScriptKit'
    Target 'CSS' in project 'web'
        ➜ Explicit dependency on target 'WebFoundation' in project 'web'
        ➜ Explicit dependency on target 'Events' in project 'web'
        ➜ Explicit dependency on target 'DOMEvents' in project 'web'
        ➜ Explicit dependency on target 'LocationAPI' in project 'web'
        ➜ Explicit dependency on target 'HistoryAPI' in project 'web'
        ➜ Explicit dependency on target 'ContentIndexAPI' in project 'web'
        ➜ Explicit dependency on target 'NotificationsAPI' in project 'web'
        ➜ Explicit dependency on target 'PushAPI' in project 'web'
        ➜ Explicit dependency on target 'ChannelMessagingAPI' in project 'web'
        ➜ Explicit dependency on target 'WorkersAPI' in project 'web'
        ➜ Explicit dependency on target 'NavigatorAPI' in project 'web'
        ➜ Explicit dependency on target 'StorageAPI' in project 'web'
        ➜ Explicit dependency on target 'DOM' in project 'web'
        ➜ Explicit dependency on target 'JavaScriptKit-product' in project 'JavaScriptKit'
        ➜ Explicit dependency on target 'JavaScriptBigIntSupport-product' in project 'JavaScriptKit'
    Target 'DOM' in project 'web'
        ➜ Explicit dependency on target 'WebFoundation' in project 'web'
        ➜ Explicit dependency on target 'Events' in project 'web'
        ➜ Explicit dependency on target 'DOMEvents' in project 'web'
        ➜ Explicit dependency on target 'LocationAPI' in project 'web'
        ➜ Explicit dependency on target 'HistoryAPI' in project 'web'
        ➜ Explicit dependency on target 'ContentIndexAPI' in project 'web'
        ➜ Explicit dependency on target 'NotificationsAPI' in project 'web'
        ➜ Explicit dependency on target 'PushAPI' in project 'web'
        ➜ Explicit dependency on target 'ChannelMessagingAPI' in project 'web'
        ➜ Explicit dependency on target 'WorkersAPI' in project 'web'
        ➜ Explicit dependency on target 'NavigatorAPI' in project 'web'
        ➜ Explicit dependency on target 'StorageAPI' in project 'web'
        ➜ Explicit dependency on target 'JavaScriptKit-product' in project 'JavaScriptKit'
        ➜ Explicit dependency on target 'JavaScriptBigIntSupport-product' in project 'JavaScriptKit'
    Target 'StorageAPI' in project 'web'
        ➜ Explicit dependency on target 'WebFoundation' in project 'web'
        ➜ Explicit dependency on target 'JavaScriptKit-product' in project 'JavaScriptKit'
        ➜ Explicit dependency on target 'JavaScriptBigIntSupport-product' in project 'JavaScriptKit'
    Target 'NavigatorAPI' in project 'web'
        ➜ Explicit dependency on target 'WebFoundation' in project 'web'
        ➜ Explicit dependency on target 'Events' in project 'web'
        ➜ Explicit dependency on target 'ContentIndexAPI' in project 'web'
        ➜ Explicit dependency on target 'NotificationsAPI' in project 'web'
        ➜ Explicit dependency on target 'PushAPI' in project 'web'
        ➜ Explicit dependency on target 'ChannelMessagingAPI' in project 'web'
        ➜ Explicit dependency on target 'WorkersAPI' in project 'web'
        ➜ Explicit dependency on target 'JavaScriptKit-product' in project 'JavaScriptKit'
        ➜ Explicit dependency on target 'JavaScriptBigIntSupport-product' in project 'JavaScriptKit'
    Target 'WorkersAPI' in project 'web'
        ➜ Explicit dependency on target 'WebFoundation' in project 'web'
        ➜ Explicit dependency on target 'Events' in project 'web'
        ➜ Explicit dependency on target 'ChannelMessagingAPI' in project 'web'
        ➜ Explicit dependency on target 'JavaScriptKit-product' in project 'JavaScriptKit'
        ➜ Explicit dependency on target 'JavaScriptBigIntSupport-product' in project 'JavaScriptKit'
    Target 'ChannelMessagingAPI' in project 'web'
        ➜ Explicit dependency on target 'WebFoundation' in project 'web'
        ➜ Explicit dependency on target 'Events' in project 'web'
        ➜ Explicit dependency on target 'JavaScriptKit-product' in project 'JavaScriptKit'
        ➜ Explicit dependency on target 'JavaScriptBigIntSupport-product' in project 'JavaScriptKit'
    Target 'PushAPI' in project 'web'
        ➜ Explicit dependency on target 'WebFoundation' in project 'web'
        ➜ Explicit dependency on target 'JavaScriptKit-product' in project 'JavaScriptKit'
        ➜ Explicit dependency on target 'JavaScriptBigIntSupport-product' in project 'JavaScriptKit'
    Target 'NotificationsAPI' in project 'web'
        ➜ Explicit dependency on target 'WebFoundation' in project 'web'
        ➜ Explicit dependency on target 'JavaScriptKit-product' in project 'JavaScriptKit'
        ➜ Explicit dependency on target 'JavaScriptBigIntSupport-product' in project 'JavaScriptKit'
    Target 'ContentIndexAPI' in project 'web'
        ➜ Explicit dependency on target 'WebFoundation' in project 'web'
        ➜ Explicit dependency on target 'JavaScriptKit-product' in project 'JavaScriptKit'
        ➜ Explicit dependency on target 'JavaScriptBigIntSupport-product' in project 'JavaScriptKit'
    Target 'HistoryAPI' in project 'web'
        ➜ Explicit dependency on target 'WebFoundation' in project 'web'
        ➜ Explicit dependency on target 'LocationAPI' in project 'web'
        ➜ Explicit dependency on target 'JavaScriptKit-product' in project 'JavaScriptKit'
        ➜ Explicit dependency on target 'JavaScriptBigIntSupport-product' in project 'JavaScriptKit'
    Target 'LocationAPI' in project 'web'
        ➜ Explicit dependency on target 'WebFoundation' in project 'web'
        ➜ Explicit dependency on target 'JavaScriptKit-product' in project 'JavaScriptKit'
        ➜ Explicit dependency on target 'JavaScriptBigIntSupport-product' in project 'JavaScriptKit'
    Target 'DOMEvents' in project 'web'
        ➜ Explicit dependency on target 'WebFoundation' in project 'web'
        ➜ Explicit dependency on target 'Events' in project 'web'
        ➜ Explicit dependency on target 'JavaScriptKit-product' in project 'JavaScriptKit'
        ➜ Explicit dependency on target 'JavaScriptBigIntSupport-product' in project 'JavaScriptKit'
    Target 'Events' in project 'web'
        ➜ Explicit dependency on target 'WebFoundation' in project 'web'
        ➜ Explicit dependency on target 'JavaScriptKit-product' in project 'JavaScriptKit'
        ➜ Explicit dependency on target 'JavaScriptBigIntSupport-product' in project 'JavaScriptKit'
    Target 'WebFoundation' in project 'web'
        ➜ Explicit dependency on target 'JavaScriptKit-product' in project 'JavaScriptKit'
        ➜ Explicit dependency on target 'JavaScriptBigIntSupport-product' in project 'JavaScriptKit'
    Target 'JavaScriptBigIntSupport-product' in project 'JavaScriptKit'
        ➜ Explicit dependency on target 'JavaScriptBigIntSupport' in project 'JavaScriptKit'
        ➜ Explicit dependency on target '_CJavaScriptKit' in project 'JavaScriptKit'
        ➜ Explicit dependency on target '_CJavaScriptBigIntSupport' in project 'JavaScriptKit'
        ➜ Explicit dependency on target 'JavaScriptKit' in project 'JavaScriptKit'
    Target 'JavaScriptBigIntSupport' in project 'JavaScriptKit'
        ➜ Explicit dependency on target '_CJavaScriptKit' in project 'JavaScriptKit'
        ➜ Explicit dependency on target '_CJavaScriptBigIntSupport' in project 'JavaScriptKit'
        ➜ Explicit dependency on target 'JavaScriptKit' in project 'JavaScriptKit'
    Target '_CJavaScriptBigIntSupport' in project 'JavaScriptKit'
        ➜ Explicit dependency on target '_CJavaScriptKit' in project 'JavaScriptKit'
    Target 'JavaScriptKit-product' in project 'JavaScriptKit'
        ➜ Explicit dependency on target 'JavaScriptKit' in project 'JavaScriptKit'
        ➜ Explicit dependency on target 'JavaScriptKit_JavaScriptKit' in project 'JavaScriptKit'
        ➜ Explicit dependency on target '_CJavaScriptKit' in project 'JavaScriptKit'
    Target 'JavaScriptKit' in project 'JavaScriptKit'
        ➜ Explicit dependency on target 'JavaScriptKit_JavaScriptKit' in project 'JavaScriptKit'
        ➜ Explicit dependency on target '_CJavaScriptKit' in project 'JavaScriptKit'
    Target '_CJavaScriptKit' in project 'JavaScriptKit' (no dependencies)
    Target 'JavaScriptKit_JavaScriptKit' in project 'JavaScriptKit' (no dependencies)
    Target 'materialize_Materialize' in project 'materialize' (no dependencies)
GatherProvisioningInputs
CreateBuildDescription
ClangStatCache /Applications/Xcode-27.0.0-Release.Candidate.app/Contents/Developer/Toolchains/XcodeDefault.xctoolchain/usr/bin/clang-stat-cache /Applications/Xcode-27.0.0-Release.Candidate.app/Contents/Developer/Platforms/WatchOS.platform/Developer/SDKs/WatchOS27.0.sdk /Users/admin/builder/spi-builder-workspace/.derivedData/SDKStatCaches.noindex/watchos27.0-24R360-e829b21a6f8c9b70876ba0858053c04477534ef55a1706bf4c1112bbb242f0a2.sdkstatcache
    cd /Users/admin/builder/spi-builder-workspace/.swiftpm/xcode
    /Applications/Xcode-27.0.0-Release.Candidate.app/Contents/Developer/Toolchains/XcodeDefault.xctoolchain/usr/bin/clang-stat-cache /Applications/Xcode-27.0.0-Release.Candidate.app/Contents/Developer/Platforms/WatchOS.platform/Developer/SDKs/WatchOS27.0.sdk -o /Users/admin/builder/spi-builder-workspace/.derivedData/SDKStatCaches.noindex/watchos27.0-24R360-e829b21a6f8c9b70876ba0858053c04477534ef55a1706bf4c1112bbb242f0a2.sdkstatcache
SwiftDriver Web normal arm64 com.apple.xcode.tools.swift.compiler (in target 'Web' from project 'web')
    cd /Users/admin/builder/spi-builder-workspace/.swiftpm/xcode
    builtin-SwiftDriver -- /Applications/Xcode-27.0.0-Release.Candidate.app/Contents/Developer/Toolchains/XcodeDefault.xctoolchain/usr/bin/swiftc -parse-as-library -module-name Web -Onone @/Users/admin/builder/spi-builder-workspace/.derivedData/Build/Intermediates.noindex/web.build/Debug-watchos/Web-t.build/Objects-normal/arm64/Web.SwiftFileList -DSWIFT_PACKAGE -DDEBUG -DSWIFT_MODULE_RESOURCE_BUNDLE_UNAVAILABLE -Xcc -fmodule-map-file\=/Users/admin/builder/spi-builder-workspace/.dependencies/checkouts/JavaScriptKit/Sources/_CJavaScriptBigIntSupport/include/module.modulemap -Xcc -fmodule-map-file\=/Users/admin/builder/spi-builder-workspace/.dependencies/checkouts/JavaScriptKit/Sources/_CJavaScriptKit/include/module.modulemap -DXcode -plugin-path /Applications/Xcode-27.0.0-Release.Candidate.app/Contents/Developer/Toolchains/XcodeDefault.xctoolchain/usr/lib/swift/host/plugins/testing -enable-experimental-feature DebugDescriptionMacro -sdk /Applications/Xcode-27.0.0-Release.Candidate.app/Contents/Developer/Platforms/WatchOS.platform/Developer/SDKs/WatchOS27.0.sdk -target arm64-apple-watchos9.0 -g -module-cache-path /Users/admin/builder/spi-builder-workspace/.derivedData/ModuleCache.noindex -Xfrontend -serialize-debugging-options -profile-coverage-mapping -profile-generate -enable-testing -suppress-warnings -index-store-path /Users/admin/builder/spi-builder-workspace/.derivedData/Index.noindex/DataStore -Xcc -D_LIBCPP_HARDENING_MODE\=_LIBCPP_HARDENING_MODE_DEBUG -swift-version 5 -I /Users/admin/builder/spi-builder-workspace/.derivedData/Build/Products/Debug-watchos -Isystem /Applications/Xcode-27.0.0-Release.Candidate.app/Contents/Developer/Platforms/WatchOS.platform/Developer/usr/lib -F /Users/admin/builder/spi-builder-workspace/.derivedData/Build/Products/Debug-watchos/PackageFrameworks -F /Users/admin/builder/spi-builder-workspace/.derivedData/Build/Products/Debug-watchos -F /Applications/Xcode-27.0.0-Release.Candidate.app/Contents/Developer/Platforms/WatchOS.platform/Developer/Library/Frameworks -F /Applications/Xcode-27.0.0-Release.Candidate.app/Contents/Developer/Platforms/WatchOS.platform/Developer/SDKs/WatchOS27.0.sdk/Developer/Library/Frameworks -c -j10 -enable-batch-mode -incremental -Xcc -ivfsstatcache -Xcc /Users/admin/builder/spi-builder-workspace/.derivedData/SDKStatCaches.noindex/watchos27.0-24R360-e829b21a6f8c9b70876ba0858053c04477534ef55a1706bf4c1112bbb242f0a2.sdkstatcache -output-file-map /Users/admin/builder/spi-builder-workspace/.derivedData/Build/Intermediates.noindex/web.build/Debug-watchos/Web-t.build/Objects-normal/arm64/Web-OutputFileMap.json -save-temps -no-color-diagnostics -explicit-module-build -module-cache-path /Users/admin/builder/spi-builder-workspace/.derivedData/Build/Intermediates.noindex/SwiftExplicitPrecompiledModules -clang-scanner-module-cache-path /Users/admin/builder/spi-builder-workspace/.derivedData/ModuleCache.noindex -sdk-module-cache-path /Users/admin/builder/spi-builder-workspace/.derivedData/SDKExplicitPrecompiledModules -emit-dependencies -emit-module -emit-module-path /Users/admin/builder/spi-builder-workspace/.derivedData/Build/Intermediates.noindex/web.build/Debug-watchos/Web-t.build/Objects-normal/arm64/Web.swiftmodule -serialize-diagnostics -dependency-scan-serialize-diagnostics-path /Users/admin/builder/spi-builder-workspace/.derivedData/Build/Intermediates.noindex/web.build/Debug-watchos/Web-t.build/Objects-normal/arm64/Web-dependency-scan.dia -validate-clang-modules-once -clang-build-session-file /Users/admin/builder/spi-builder-workspace/.derivedData/ModuleCache.noindex/Session.modulevalidation -Xcc -fmodules-prune-interval\=86400 -Xcc -fmodules-prune-after\=345600 -emit-const-values -const-gather-protocols-list /Users/admin/builder/spi-builder-workspace/.derivedData/Build/Intermediates.noindex/web.build/Debug-watchos/Web-t.build/Objects-normal/arm64/Web_const_extract_protocols.json -Xcc -I/Users/admin/builder/spi-builder-workspace/.dependencies/checkouts/JavaScriptKit/Sources/_CJavaScriptBigIntSupport/include -Xcc -I/Users/admin/builder/spi-builder-workspace/.dependencies/checkouts/JavaScriptKit/Sources/_CJavaScriptKit/include -Xcc -I/Users/admin/builder/spi-builder-workspace/.derivedData/Build/Products/Debug-watchos/include -Xcc -I/Users/admin/builder/spi-builder-workspace/.derivedData/Build/Intermediates.noindex/web.build/Debug-watchos/Web-t.build/DerivedSources-normal/arm64 -Xcc -I/Users/admin/builder/spi-builder-workspace/.derivedData/Build/Intermediates.noindex/web.build/Debug-watchos/Web-t.build/DerivedSources/arm64 -Xcc -I/Users/admin/builder/spi-builder-workspace/.derivedData/Build/Intermediates.noindex/web.build/Debug-watchos/Web-t.build/DerivedSources -Xcc -DSWIFT_PACKAGE -Xcc -DDEBUG\=1 -emit-objc-header -emit-objc-header-path /Users/admin/builder/spi-builder-workspace/.derivedData/Build/Intermediates.noindex/web.build/Debug-watchos/Web-t.build/Objects-normal/arm64/Web-Swift.h -working-directory /Users/admin/builder/spi-builder-workspace/.swiftpm/xcode -experimental-emit-module-separately -disable-cmo
SwiftDriver Materialize normal arm64 com.apple.xcode.tools.swift.compiler (in target 'Materialize' from project 'materialize')
    cd /Users/admin/builder/spi-builder-workspace/.swiftpm/xcode
    builtin-SwiftDriver -- /Applications/Xcode-27.0.0-Release.Candidate.app/Contents/Developer/Toolchains/XcodeDefault.xctoolchain/usr/bin/swiftc -parse-as-library -module-name Materialize -Onone @/Users/admin/builder/spi-builder-workspace/.derivedData/Build/Intermediates.noindex/materialize.build/Debug-watchos/Materialize-t.build/Objects-normal/arm64/Materialize.SwiftFileList -DSWIFT_PACKAGE -DDEBUG -DSWIFT_MODULE_RESOURCE_BUNDLE_AVAILABLE -Xcc -fmodule-map-file\=/Users/admin/builder/spi-builder-workspace/.dependencies/checkouts/JavaScriptKit/Sources/_CJavaScriptBigIntSupport/include/module.modulemap -Xcc -fmodule-map-file\=/Users/admin/builder/spi-builder-workspace/.dependencies/checkouts/JavaScriptKit/Sources/_CJavaScriptKit/include/module.modulemap -DXcode -plugin-path /Applications/Xcode-27.0.0-Release.Candidate.app/Contents/Developer/Toolchains/XcodeDefault.xctoolchain/usr/lib/swift/host/plugins/testing -enable-experimental-feature DebugDescriptionMacro -sdk /Applications/Xcode-27.0.0-Release.Candidate.app/Contents/Developer/Platforms/WatchOS.platform/Developer/SDKs/WatchOS27.0.sdk -target arm64-apple-watchos9.0 -g -module-cache-path /Users/admin/builder/spi-builder-workspace/.derivedData/ModuleCache.noindex -Xfrontend -serialize-debugging-options -profile-coverage-mapping -profile-generate -enable-testing -index-store-path /Users/admin/builder/spi-builder-workspace/.derivedData/Index.noindex/DataStore -Xcc -D_LIBCPP_HARDENING_MODE\=_LIBCPP_HARDENING_MODE_DEBUG -swift-version 5 -I /Users/admin/builder/spi-builder-workspace/.derivedData/Build/Products/Debug-watchos -Isystem /Applications/Xcode-27.0.0-Release.Candidate.app/Contents/Developer/Platforms/WatchOS.platform/Developer/usr/lib -F /Users/admin/builder/spi-builder-workspace/.derivedData/Build/Products/Debug-watchos/PackageFrameworks -F /Users/admin/builder/spi-builder-workspace/.derivedData/Build/Products/Debug-watchos -F /Applications/Xcode-27.0.0-Release.Candidate.app/Contents/Developer/Platforms/WatchOS.platform/Developer/Library/Frameworks -F /Applications/Xcode-27.0.0-Release.Candidate.app/Contents/Developer/Platforms/WatchOS.platform/Developer/SDKs/WatchOS27.0.sdk/Developer/Library/Frameworks -c -j10 -enable-batch-mode -incremental -Xcc -ivfsstatcache -Xcc /Users/admin/builder/spi-builder-workspace/.derivedData/SDKStatCaches.noindex/watchos27.0-24R360-e829b21a6f8c9b70876ba0858053c04477534ef55a1706bf4c1112bbb242f0a2.sdkstatcache -output-file-map /Users/admin/builder/spi-builder-workspace/.derivedData/Build/Intermediates.noindex/materialize.build/Debug-watchos/Materialize-t.build/Objects-normal/arm64/Materialize-OutputFileMap.json -save-temps -no-color-diagnostics -explicit-module-build -module-cache-path /Users/admin/builder/spi-builder-workspace/.derivedData/Build/Intermediates.noindex/SwiftExplicitPrecompiledModules -clang-scanner-module-cache-path /Users/admin/builder/spi-builder-workspace/.derivedData/ModuleCache.noindex -sdk-module-cache-path /Users/admin/builder/spi-builder-workspace/.derivedData/SDKExplicitPrecompiledModules -emit-dependencies -emit-module -emit-module-path /Users/admin/builder/spi-builder-workspace/.derivedData/Build/Intermediates.noindex/materialize.build/Debug-watchos/Materialize-t.build/Objects-normal/arm64/Materialize.swiftmodule -serialize-diagnostics -dependency-scan-serialize-diagnostics-path /Users/admin/builder/spi-builder-workspace/.derivedData/Build/Intermediates.noindex/materialize.build/Debug-watchos/Materialize-t.build/Objects-normal/arm64/Materialize-dependency-scan.dia -validate-clang-modules-once -clang-build-session-file /Users/admin/builder/spi-builder-workspace/.derivedData/ModuleCache.noindex/Session.modulevalidation -Xcc -fmodules-prune-interval\=86400 -Xcc -fmodules-prune-after\=345600 -emit-const-values -const-gather-protocols-list /Users/admin/builder/spi-builder-workspace/.derivedData/Build/Intermediates.noindex/materialize.build/Debug-watchos/Materialize-t.build/Objects-normal/arm64/Materialize_const_extract_protocols.json -Xcc -I/Users/admin/builder/spi-builder-workspace/.dependencies/checkouts/JavaScriptKit/Sources/_CJavaScriptBigIntSupport/include -Xcc -I/Users/admin/builder/spi-builder-workspace/.dependencies/checkouts/JavaScriptKit/Sources/_CJavaScriptKit/include -Xcc -I/Users/admin/builder/spi-builder-workspace/.derivedData/Build/Products/Debug-watchos/include -Xcc -I/Users/admin/builder/spi-builder-workspace/.derivedData/Build/Intermediates.noindex/materialize.build/Debug-watchos/Materialize-t.build/DerivedSources-normal/arm64 -Xcc -I/Users/admin/builder/spi-builder-workspace/.derivedData/Build/Intermediates.noindex/materialize.build/Debug-watchos/Materialize-t.build/DerivedSources/arm64 -Xcc -I/Users/admin/builder/spi-builder-workspace/.derivedData/Build/Intermediates.noindex/materialize.build/Debug-watchos/Materialize-t.build/DerivedSources -Xcc -DSWIFT_PACKAGE -Xcc -DDEBUG\=1 -emit-objc-header -emit-objc-header-path /Users/admin/builder/spi-builder-workspace/.derivedData/Build/Intermediates.noindex/materialize.build/Debug-watchos/Materialize-t.build/Objects-normal/arm64/Materialize-Swift.h -working-directory /Users/admin/builder/spi-builder-workspace/.swiftpm/xcode -experimental-emit-module-separately -disable-cmo
SwiftDriver Web normal arm64_32 com.apple.xcode.tools.swift.compiler (in target 'Web' from project 'web')
    cd /Users/admin/builder/spi-builder-workspace/.swiftpm/xcode
    builtin-SwiftDriver -- /Applications/Xcode-27.0.0-Release.Candidate.app/Contents/Developer/Toolchains/XcodeDefault.xctoolchain/usr/bin/swiftc -parse-as-library -module-name Web -Onone @/Users/admin/builder/spi-builder-workspace/.derivedData/Build/Intermediates.noindex/web.build/Debug-watchos/Web-t.build/Objects-normal/arm64_32/Web.SwiftFileList -DSWIFT_PACKAGE -DDEBUG -DSWIFT_MODULE_RESOURCE_BUNDLE_UNAVAILABLE -Xcc -fmodule-map-file\=/Users/admin/builder/spi-builder-workspace/.dependencies/checkouts/JavaScriptKit/Sources/_CJavaScriptBigIntSupport/include/module.modulemap -Xcc -fmodule-map-file\=/Users/admin/builder/spi-builder-workspace/.dependencies/checkouts/JavaScriptKit/Sources/_CJavaScriptKit/include/module.modulemap -DXcode -plugin-path /Applications/Xcode-27.0.0-Release.Candidate.app/Contents/Developer/Toolchains/XcodeDefault.xctoolchain/usr/lib/swift/host/plugins/testing -enable-experimental-feature DebugDescriptionMacro -sdk /Applications/Xcode-27.0.0-Release.Candidate.app/Contents/Developer/Platforms/WatchOS.platform/Developer/SDKs/WatchOS27.0.sdk -target arm64_32-apple-watchos9.0 -g -module-cache-path /Users/admin/builder/spi-builder-workspace/.derivedData/ModuleCache.noindex -Xfrontend -serialize-debugging-options -profile-coverage-mapping -profile-generate -enable-testing -suppress-warnings -index-store-path /Users/admin/builder/spi-builder-workspace/.derivedData/Index.noindex/DataStore -Xcc -D_LIBCPP_HARDENING_MODE\=_LIBCPP_HARDENING_MODE_DEBUG -swift-version 5 -I /Users/admin/builder/spi-builder-workspace/.derivedData/Build/Products/Debug-watchos -Isystem /Applications/Xcode-27.0.0-Release.Candidate.app/Contents/Developer/Platforms/WatchOS.platform/Developer/usr/lib -F /Users/admin/builder/spi-builder-workspace/.derivedData/Build/Products/Debug-watchos/PackageFrameworks -F /Users/admin/builder/spi-builder-workspace/.derivedData/Build/Products/Debug-watchos -F /Applications/Xcode-27.0.0-Release.Candidate.app/Contents/Developer/Platforms/WatchOS.platform/Developer/Library/Frameworks -F /Applications/Xcode-27.0.0-Release.Candidate.app/Contents/Developer/Platforms/WatchOS.platform/Developer/SDKs/WatchOS27.0.sdk/Developer/Library/Frameworks -c -j10 -enable-batch-mode -incremental -Xcc -ivfsstatcache -Xcc /Users/admin/builder/spi-builder-workspace/.derivedData/SDKStatCaches.noindex/watchos27.0-24R360-e829b21a6f8c9b70876ba0858053c04477534ef55a1706bf4c1112bbb242f0a2.sdkstatcache -output-file-map /Users/admin/builder/spi-builder-workspace/.derivedData/Build/Intermediates.noindex/web.build/Debug-watchos/Web-t.build/Objects-normal/arm64_32/Web-OutputFileMap.json -save-temps -no-color-diagnostics -explicit-module-build -module-cache-path /Users/admin/builder/spi-builder-workspace/.derivedData/Build/Intermediates.noindex/SwiftExplicitPrecompiledModules -clang-scanner-module-cache-path /Users/admin/builder/spi-builder-workspace/.derivedData/ModuleCache.noindex -sdk-module-cache-path /Users/admin/builder/spi-builder-workspace/.derivedData/SDKExplicitPrecompiledModules -emit-dependencies -emit-module -emit-module-path /Users/admin/builder/spi-builder-workspace/.derivedData/Build/Intermediates.noindex/web.build/Debug-watchos/Web-t.build/Objects-normal/arm64_32/Web.swiftmodule -serialize-diagnostics -dependency-scan-serialize-diagnostics-path /Users/admin/builder/spi-builder-workspace/.derivedData/Build/Intermediates.noindex/web.build/Debug-watchos/Web-t.build/Objects-normal/arm64_32/Web-dependency-scan.dia -validate-clang-modules-once -clang-build-session-file /Users/admin/builder/spi-builder-workspace/.derivedData/ModuleCache.noindex/Session.modulevalidation -Xcc -fmodules-prune-interval\=86400 -Xcc -fmodules-prune-after\=345600 -emit-const-values -const-gather-protocols-list /Users/admin/builder/spi-builder-workspace/.derivedData/Build/Intermediates.noindex/web.build/Debug-watchos/Web-t.build/Objects-normal/arm64_32/Web_const_extract_protocols.json -Xcc -I/Users/admin/builder/spi-builder-workspace/.dependencies/checkouts/JavaScriptKit/Sources/_CJavaScriptBigIntSupport/include -Xcc -I/Users/admin/builder/spi-builder-workspace/.dependencies/checkouts/JavaScriptKit/Sources/_CJavaScriptKit/include -Xcc -I/Users/admin/builder/spi-builder-workspace/.derivedData/Build/Products/Debug-watchos/include -Xcc -I/Users/admin/builder/spi-builder-workspace/.derivedData/Build/Intermediates.noindex/web.build/Debug-watchos/Web-t.build/DerivedSources-normal/arm64_32 -Xcc -I/Users/admin/builder/spi-builder-workspace/.derivedData/Build/Intermediates.noindex/web.build/Debug-watchos/Web-t.build/DerivedSources/arm64_32 -Xcc -I/Users/admin/builder/spi-builder-workspace/.derivedData/Build/Intermediates.noindex/web.build/Debug-watchos/Web-t.build/DerivedSources -Xcc -DSWIFT_PACKAGE -Xcc -DDEBUG\=1 -emit-objc-header -emit-objc-header-path /Users/admin/builder/spi-builder-workspace/.derivedData/Build/Intermediates.noindex/web.build/Debug-watchos/Web-t.build/Objects-normal/arm64_32/Web-Swift.h -working-directory /Users/admin/builder/spi-builder-workspace/.swiftpm/xcode -experimental-emit-module-separately -disable-cmo
SwiftDriver Materialize normal arm64_32 com.apple.xcode.tools.swift.compiler (in target 'Materialize' from project 'materialize')
    cd /Users/admin/builder/spi-builder-workspace/.swiftpm/xcode
    builtin-SwiftDriver -- /Applications/Xcode-27.0.0-Release.Candidate.app/Contents/Developer/Toolchains/XcodeDefault.xctoolchain/usr/bin/swiftc -parse-as-library -module-name Materialize -Onone @/Users/admin/builder/spi-builder-workspace/.derivedData/Build/Intermediates.noindex/materialize.build/Debug-watchos/Materialize-t.build/Objects-normal/arm64_32/Materialize.SwiftFileList -DSWIFT_PACKAGE -DDEBUG -DSWIFT_MODULE_RESOURCE_BUNDLE_AVAILABLE -Xcc -fmodule-map-file\=/Users/admin/builder/spi-builder-workspace/.dependencies/checkouts/JavaScriptKit/Sources/_CJavaScriptBigIntSupport/include/module.modulemap -Xcc -fmodule-map-file\=/Users/admin/builder/spi-builder-workspace/.dependencies/checkouts/JavaScriptKit/Sources/_CJavaScriptKit/include/module.modulemap -DXcode -plugin-path /Applications/Xcode-27.0.0-Release.Candidate.app/Contents/Developer/Toolchains/XcodeDefault.xctoolchain/usr/lib/swift/host/plugins/testing -enable-experimental-feature DebugDescriptionMacro -sdk /Applications/Xcode-27.0.0-Release.Candidate.app/Contents/Developer/Platforms/WatchOS.platform/Developer/SDKs/WatchOS27.0.sdk -target arm64_32-apple-watchos9.0 -g -module-cache-path /Users/admin/builder/spi-builder-workspace/.derivedData/ModuleCache.noindex -Xfrontend -serialize-debugging-options -profile-coverage-mapping -profile-generate -enable-testing -index-store-path /Users/admin/builder/spi-builder-workspace/.derivedData/Index.noindex/DataStore -Xcc -D_LIBCPP_HARDENING_MODE\=_LIBCPP_HARDENING_MODE_DEBUG -swift-version 5 -I /Users/admin/builder/spi-builder-workspace/.derivedData/Build/Products/Debug-watchos -Isystem /Applications/Xcode-27.0.0-Release.Candidate.app/Contents/Developer/Platforms/WatchOS.platform/Developer/usr/lib -F /Users/admin/builder/spi-builder-workspace/.derivedData/Build/Products/Debug-watchos/PackageFrameworks -F /Users/admin/builder/spi-builder-workspace/.derivedData/Build/Products/Debug-watchos -F /Applications/Xcode-27.0.0-Release.Candidate.app/Contents/Developer/Platforms/WatchOS.platform/Developer/Library/Frameworks -F /Applications/Xcode-27.0.0-Release.Candidate.app/Contents/Developer/Platforms/WatchOS.platform/Developer/SDKs/WatchOS27.0.sdk/Developer/Library/Frameworks -c -j10 -enable-batch-mode -incremental -Xcc -ivfsstatcache -Xcc /Users/admin/builder/spi-builder-workspace/.derivedData/SDKStatCaches.noindex/watchos27.0-24R360-e829b21a6f8c9b70876ba0858053c04477534ef55a1706bf4c1112bbb242f0a2.sdkstatcache -output-file-map /Users/admin/builder/spi-builder-workspace/.derivedData/Build/Intermediates.noindex/materialize.build/Debug-watchos/Materialize-t.build/Objects-normal/arm64_32/Materialize-OutputFileMap.json -save-temps -no-color-diagnostics -explicit-module-build -module-cache-path /Users/admin/builder/spi-builder-workspace/.derivedData/Build/Intermediates.noindex/SwiftExplicitPrecompiledModules -clang-scanner-module-cache-path /Users/admin/builder/spi-builder-workspace/.derivedData/ModuleCache.noindex -sdk-module-cache-path /Users/admin/builder/spi-builder-workspace/.derivedData/SDKExplicitPrecompiledModules -emit-dependencies -emit-module -emit-module-path /Users/admin/builder/spi-builder-workspace/.derivedData/Build/Intermediates.noindex/materialize.build/Debug-watchos/Materialize-t.build/Objects-normal/arm64_32/Materialize.swiftmodule -serialize-diagnostics -dependency-scan-serialize-diagnostics-path /Users/admin/builder/spi-builder-workspace/.derivedData/Build/Intermediates.noindex/materialize.build/Debug-watchos/Materialize-t.build/Objects-normal/arm64_32/Materialize-dependency-scan.dia -validate-clang-modules-once -clang-build-session-file /Users/admin/builder/spi-builder-workspace/.derivedData/ModuleCache.noindex/Session.modulevalidation -Xcc -fmodules-prune-interval\=86400 -Xcc -fmodules-prune-after\=345600 -emit-const-values -const-gather-protocols-list /Users/admin/builder/spi-builder-workspace/.derivedData/Build/Intermediates.noindex/materialize.build/Debug-watchos/Materialize-t.build/Objects-normal/arm64_32/Materialize_const_extract_protocols.json -Xcc -I/Users/admin/builder/spi-builder-workspace/.dependencies/checkouts/JavaScriptKit/Sources/_CJavaScriptBigIntSupport/include -Xcc -I/Users/admin/builder/spi-builder-workspace/.dependencies/checkouts/JavaScriptKit/Sources/_CJavaScriptKit/include -Xcc -I/Users/admin/builder/spi-builder-workspace/.derivedData/Build/Products/Debug-watchos/include -Xcc -I/Users/admin/builder/spi-builder-workspace/.derivedData/Build/Intermediates.noindex/materialize.build/Debug-watchos/Materialize-t.build/DerivedSources-normal/arm64_32 -Xcc -I/Users/admin/builder/spi-builder-workspace/.derivedData/Build/Intermediates.noindex/materialize.build/Debug-watchos/Materialize-t.build/DerivedSources/arm64_32 -Xcc -I/Users/admin/builder/spi-builder-workspace/.derivedData/Build/Intermediates.noindex/materialize.build/Debug-watchos/Materialize-t.build/DerivedSources -Xcc -DSWIFT_PACKAGE -Xcc -DDEBUG\=1 -emit-objc-header -emit-objc-header-path /Users/admin/builder/spi-builder-workspace/.derivedData/Build/Intermediates.noindex/materialize.build/Debug-watchos/Materialize-t.build/Objects-normal/arm64_32/Materialize-Swift.h -working-directory /Users/admin/builder/spi-builder-workspace/.swiftpm/xcode -experimental-emit-module-separately -disable-cmo
SwiftDriver CSS normal arm64 com.apple.xcode.tools.swift.compiler (in target 'CSS' from project 'web')
    cd /Users/admin/builder/spi-builder-workspace/.swiftpm/xcode
    builtin-SwiftDriver -- /Applications/Xcode-27.0.0-Release.Candidate.app/Contents/Developer/Toolchains/XcodeDefault.xctoolchain/usr/bin/swiftc -parse-as-library -module-name CSS -Onone @/Users/admin/builder/spi-builder-workspace/.derivedData/Build/Intermediates.noindex/web.build/Debug-watchos/CSS-t.build/Objects-normal/arm64/CSS.SwiftFileList -DSWIFT_PACKAGE -DDEBUG -DSWIFT_MODULE_RESOURCE_BUNDLE_UNAVAILABLE -Xcc -fmodule-map-file\=/Users/admin/builder/spi-builder-workspace/.dependencies/checkouts/JavaScriptKit/Sources/_CJavaScriptBigIntSupport/include/module.modulemap -Xcc -fmodule-map-file\=/Users/admin/builder/spi-builder-workspace/.dependencies/checkouts/JavaScriptKit/Sources/_CJavaScriptKit/include/module.modulemap -DXcode -plugin-path /Applications/Xcode-27.0.0-Release.Candidate.app/Contents/Developer/Toolchains/XcodeDefault.xctoolchain/usr/lib/swift/host/plugins/testing -enable-experimental-feature DebugDescriptionMacro -sdk /Applications/Xcode-27.0.0-Release.Candidate.app/Contents/Developer/Platforms/WatchOS.platform/Developer/SDKs/WatchOS27.0.sdk -target arm64-apple-watchos9.0 -g -module-cache-path /Users/admin/builder/spi-builder-workspace/.derivedData/ModuleCache.noindex -Xfrontend -serialize-debugging-options -profile-coverage-mapping -profile-generate -enable-testing -suppress-warnings -index-store-path /Users/admin/builder/spi-builder-workspace/.derivedData/Index.noindex/DataStore -Xcc -D_LIBCPP_HARDENING_MODE\=_LIBCPP_HARDENING_MODE_DEBUG -swift-version 5 -I /Users/admin/builder/spi-builder-workspace/.derivedData/Build/Products/Debug-watchos -Isystem /Applications/Xcode-27.0.0-Release.Candidate.app/Contents/Developer/Platforms/WatchOS.platform/Developer/usr/lib -F /Users/admin/builder/spi-builder-workspace/.derivedData/Build/Products/Debug-watchos/PackageFrameworks -F /Users/admin/builder/spi-builder-workspace/.derivedData/Build/Products/Debug-watchos -F /Applications/Xcode-27.0.0-Release.Candidate.app/Contents/Developer/Platforms/WatchOS.platform/Developer/Library/Frameworks -F /Applications/Xcode-27.0.0-Release.Candidate.app/Contents/Developer/Platforms/WatchOS.platform/Developer/SDKs/WatchOS27.0.sdk/Developer/Library/Frameworks -c -j10 -enable-batch-mode -incremental -Xcc -ivfsstatcache -Xcc /Users/admin/builder/spi-builder-workspace/.derivedData/SDKStatCaches.noindex/watchos27.0-24R360-e829b21a6f8c9b70876ba0858053c04477534ef55a1706bf4c1112bbb242f0a2.sdkstatcache -output-file-map /Users/admin/builder/spi-builder-workspace/.derivedData/Build/Intermediates.noindex/web.build/Debug-watchos/CSS-t.build/Objects-normal/arm64/CSS-OutputFileMap.json -save-temps -no-color-diagnostics -explicit-module-build -module-cache-path /Users/admin/builder/spi-builder-workspace/.derivedData/Build/Intermediates.noindex/SwiftExplicitPrecompiledModules -clang-scanner-module-cache-path /Users/admin/builder/spi-builder-workspace/.derivedData/ModuleCache.noindex -sdk-module-cache-path /Users/admin/builder/spi-builder-workspace/.derivedData/SDKExplicitPrecompiledModules -emit-dependencies -emit-module -emit-module-path /Users/admin/builder/spi-builder-workspace/.derivedData/Build/Intermediates.noindex/web.build/Debug-watchos/CSS-t.build/Objects-normal/arm64/CSS.swiftmodule -serialize-diagnostics -dependency-scan-serialize-diagnostics-path /Users/admin/builder/spi-builder-workspace/.derivedData/Build/Intermediates.noindex/web.build/Debug-watchos/CSS-t.build/Objects-normal/arm64/CSS-dependency-scan.dia -validate-clang-modules-once -clang-build-session-file /Users/admin/builder/spi-builder-workspace/.derivedData/ModuleCache.noindex/Session.modulevalidation -Xcc -fmodules-prune-interval\=86400 -Xcc -fmodules-prune-after\=345600 -emit-const-values -const-gather-protocols-list /Users/admin/builder/spi-builder-workspace/.derivedData/Build/Intermediates.noindex/web.build/Debug-watchos/CSS-t.build/Objects-normal/arm64/CSS_const_extract_protocols.json -Xcc -I/Users/admin/builder/spi-builder-workspace/.dependencies/checkouts/JavaScriptKit/Sources/_CJavaScriptBigIntSupport/include -Xcc -I/Users/admin/builder/spi-builder-workspace/.dependencies/checkouts/JavaScriptKit/Sources/_CJavaScriptKit/include -Xcc -I/Users/admin/builder/spi-builder-workspace/.derivedData/Build/Products/Debug-watchos/include -Xcc -I/Users/admin/builder/spi-builder-workspace/.derivedData/Build/Intermediates.noindex/web.build/Debug-watchos/CSS-t.build/DerivedSources-normal/arm64 -Xcc -I/Users/admin/builder/spi-builder-workspace/.derivedData/Build/Intermediates.noindex/web.build/Debug-watchos/CSS-t.build/DerivedSources/arm64 -Xcc -I/Users/admin/builder/spi-builder-workspace/.derivedData/Build/Intermediates.noindex/web.build/Debug-watchos/CSS-t.build/DerivedSources -Xcc -DSWIFT_PACKAGE -Xcc -DDEBUG\=1 -emit-objc-header -emit-objc-header-path /Users/admin/builder/spi-builder-workspace/.derivedData/Build/Intermediates.noindex/web.build/Debug-watchos/CSS-t.build/Objects-normal/arm64/CSS-Swift.h -working-directory /Users/admin/builder/spi-builder-workspace/.swiftpm/xcode -experimental-emit-module-separately -disable-cmo
SwiftDriver CSS normal arm64_32 com.apple.xcode.tools.swift.compiler (in target 'CSS' from project 'web')
    cd /Users/admin/builder/spi-builder-workspace/.swiftpm/xcode
    builtin-SwiftDriver -- /Applications/Xcode-27.0.0-Release.Candidate.app/Contents/Developer/Toolchains/XcodeDefault.xctoolchain/usr/bin/swiftc -parse-as-library -module-name CSS -Onone @/Users/admin/builder/spi-builder-workspace/.derivedData/Build/Intermediates.noindex/web.build/Debug-watchos/CSS-t.build/Objects-normal/arm64_32/CSS.SwiftFileList -DSWIFT_PACKAGE -DDEBUG -DSWIFT_MODULE_RESOURCE_BUNDLE_UNAVAILABLE -Xcc -fmodule-map-file\=/Users/admin/builder/spi-builder-workspace/.dependencies/checkouts/JavaScriptKit/Sources/_CJavaScriptBigIntSupport/include/module.modulemap -Xcc -fmodule-map-file\=/Users/admin/builder/spi-builder-workspace/.dependencies/checkouts/JavaScriptKit/Sources/_CJavaScriptKit/include/module.modulemap -DXcode -plugin-path /Applications/Xcode-27.0.0-Release.Candidate.app/Contents/Developer/Toolchains/XcodeDefault.xctoolchain/usr/lib/swift/host/plugins/testing -enable-experimental-feature DebugDescriptionMacro -sdk /Applications/Xcode-27.0.0-Release.Candidate.app/Contents/Developer/Platforms/WatchOS.platform/Developer/SDKs/WatchOS27.0.sdk -target arm64_32-apple-watchos9.0 -g -module-cache-path /Users/admin/builder/spi-builder-workspace/.derivedData/ModuleCache.noindex -Xfrontend -serialize-debugging-options -profile-coverage-mapping -profile-generate -enable-testing -suppress-warnings -index-store-path /Users/admin/builder/spi-builder-workspace/.derivedData/Index.noindex/DataStore -Xcc -D_LIBCPP_HARDENING_MODE\=_LIBCPP_HARDENING_MODE_DEBUG -swift-version 5 -I /Users/admin/builder/spi-builder-workspace/.derivedData/Build/Products/Debug-watchos -Isystem /Applications/Xcode-27.0.0-Release.Candidate.app/Contents/Developer/Platforms/WatchOS.platform/Developer/usr/lib -F /Users/admin/builder/spi-builder-workspace/.derivedData/Build/Products/Debug-watchos/PackageFrameworks -F /Users/admin/builder/spi-builder-workspace/.derivedData/Build/Products/Debug-watchos -F /Applications/Xcode-27.0.0-Release.Candidate.app/Contents/Developer/Platforms/WatchOS.platform/Developer/Library/Frameworks -F /Applications/Xcode-27.0.0-Release.Candidate.app/Contents/Developer/Platforms/WatchOS.platform/Developer/SDKs/WatchOS27.0.sdk/Developer/Library/Frameworks -c -j10 -enable-batch-mode -incremental -Xcc -ivfsstatcache -Xcc /Users/admin/builder/spi-builder-workspace/.derivedData/SDKStatCaches.noindex/watchos27.0-24R360-e829b21a6f8c9b70876ba0858053c04477534ef55a1706bf4c1112bbb242f0a2.sdkstatcache -output-file-map /Users/admin/builder/spi-builder-workspace/.derivedData/Build/Intermediates.noindex/web.build/Debug-watchos/CSS-t.build/Objects-normal/arm64_32/CSS-OutputFileMap.json -save-temps -no-color-diagnostics -explicit-module-build -module-cache-path /Users/admin/builder/spi-builder-workspace/.derivedData/Build/Intermediates.noindex/SwiftExplicitPrecompiledModules -clang-scanner-module-cache-path /Users/admin/builder/spi-builder-workspace/.derivedData/ModuleCache.noindex -sdk-module-cache-path /Users/admin/builder/spi-builder-workspace/.derivedData/SDKExplicitPrecompiledModules -emit-dependencies -emit-module -emit-module-path /Users/admin/builder/spi-builder-workspace/.derivedData/Build/Intermediates.noindex/web.build/Debug-watchos/CSS-t.build/Objects-normal/arm64_32/CSS.swiftmodule -serialize-diagnostics -dependency-scan-serialize-diagnostics-path /Users/admin/builder/spi-builder-workspace/.derivedData/Build/Intermediates.noindex/web.build/Debug-watchos/CSS-t.build/Objects-normal/arm64_32/CSS-dependency-scan.dia -validate-clang-modules-once -clang-build-session-file /Users/admin/builder/spi-builder-workspace/.derivedData/ModuleCache.noindex/Session.modulevalidation -Xcc -fmodules-prune-interval\=86400 -Xcc -fmodules-prune-after\=345600 -emit-const-values -const-gather-protocols-list /Users/admin/builder/spi-builder-workspace/.derivedData/Build/Intermediates.noindex/web.build/Debug-watchos/CSS-t.build/Objects-normal/arm64_32/CSS_const_extract_protocols.json -Xcc -I/Users/admin/builder/spi-builder-workspace/.dependencies/checkouts/JavaScriptKit/Sources/_CJavaScriptBigIntSupport/include -Xcc -I/Users/admin/builder/spi-builder-workspace/.dependencies/checkouts/JavaScriptKit/Sources/_CJavaScriptKit/include -Xcc -I/Users/admin/builder/spi-builder-workspace/.derivedData/Build/Products/Debug-watchos/include -Xcc -I/Users/admin/builder/spi-builder-workspace/.derivedData/Build/Intermediates.noindex/web.build/Debug-watchos/CSS-t.build/DerivedSources-normal/arm64_32 -Xcc -I/Users/admin/builder/spi-builder-workspace/.derivedData/Build/Intermediates.noindex/web.build/Debug-watchos/CSS-t.build/DerivedSources/arm64_32 -Xcc -I/Users/admin/builder/spi-builder-workspace/.derivedData/Build/Intermediates.noindex/web.build/Debug-watchos/CSS-t.build/DerivedSources -Xcc -DSWIFT_PACKAGE -Xcc -DDEBUG\=1 -emit-objc-header -emit-objc-header-path /Users/admin/builder/spi-builder-workspace/.derivedData/Build/Intermediates.noindex/web.build/Debug-watchos/CSS-t.build/Objects-normal/arm64_32/CSS-Swift.h -working-directory /Users/admin/builder/spi-builder-workspace/.swiftpm/xcode -experimental-emit-module-separately -disable-cmo
SwiftCompile normal arm64_32 Compiling\ resource_bundle_accessor.swift,\ Alignment.swift,\ Badge.swift,\ Breadcrumb.swift /Users/admin/builder/spi-builder-workspace/.derivedData/Build/Intermediates.noindex/materialize.build/Debug-watchos/Materialize-t.build/DerivedSources/resource_bundle_accessor.swift /Users/admin/builder/spi-builder-workspace/Sources/Materialize/Alignment.swift /Users/admin/builder/spi-builder-workspace/Sources/Materialize/Badge.swift /Users/admin/builder/spi-builder-workspace/Sources/Materialize/Breadcrumb.swift (in target 'Materialize' from project 'materialize')
SwiftCompile normal arm64_32 /Users/admin/builder/spi-builder-workspace/.derivedData/Build/Intermediates.noindex/materialize.build/Debug-watchos/Materialize-t.build/DerivedSources/resource_bundle_accessor.swift (in target 'Materialize' from project 'materialize')
    cd /Users/admin/builder/spi-builder-workspace/.swiftpm/xcode
    builtin-SwiftPerFileCompile resource_bundle_accessor.swift
SwiftCompile normal arm64_32 /Users/admin/builder/spi-builder-workspace/Sources/Materialize/Alignment.swift (in target 'Materialize' from project 'materialize')
    cd /Users/admin/builder/spi-builder-workspace/.swiftpm/xcode
    builtin-SwiftPerFileCompile Alignment.swift
SwiftCompile normal arm64_32 /Users/admin/builder/spi-builder-workspace/Sources/Materialize/Badge.swift (in target 'Materialize' from project 'materialize')
    cd /Users/admin/builder/spi-builder-workspace/.swiftpm/xcode
    builtin-SwiftPerFileCompile Badge.swift
SwiftCompile normal arm64_32 /Users/admin/builder/spi-builder-workspace/Sources/Materialize/Breadcrumb.swift (in target 'Materialize' from project 'materialize')
    cd /Users/admin/builder/spi-builder-workspace/.swiftpm/xcode
    builtin-SwiftPerFileCompile Breadcrumb.swift
SwiftEmitModule normal arm64_32 Emitting\ module\ for\ Materialize (in target 'Materialize' from project 'materialize')
SwiftCompile normal arm64_32 (in target 'Materialize' from project 'materialize')
    cd /Users/admin/builder/spi-builder-workspace/.swiftpm/xcode

SwiftCompile normal arm64_32 Compiling\ Collection.swift,\ Colors.swift,\ Container.swift,\ Divider.swift /Users/admin/builder/spi-builder-workspace/Sources/Materialize/Collection.swift /Users/admin/builder/spi-builder-workspace/Sources/Materialize/Colors.swift /Users/admin/builder/spi-builder-workspace/Sources/Materialize/Container.swift /Users/admin/builder/spi-builder-workspace/Sources/Materialize/Divider.swift (in target 'Materialize' from project 'materialize')
SwiftCompile normal arm64_32 /Users/admin/builder/spi-builder-workspace/Sources/Materialize/Collection.swift (in target 'Materialize' from project 'materialize')
    cd /Users/admin/builder/spi-builder-workspace/.swiftpm/xcode
    builtin-SwiftPerFileCompile Collection.swift
SwiftCompile normal arm64_32 /Users/admin/builder/spi-builder-workspace/Sources/Materialize/Colors.swift (in target 'Materialize' from project 'materialize')
    cd /Users/admin/builder/spi-builder-workspace/.swiftpm/xcode
    builtin-SwiftPerFileCompile Colors.swift
SwiftCompile normal arm64_32 /Users/admin/builder/spi-builder-workspace/Sources/Materialize/Container.swift (in target 'Materialize' from project 'materialize')
    cd /Users/admin/builder/spi-builder-workspace/.swiftpm/xcode
    builtin-SwiftPerFileCompile Container.swift
SwiftCompile normal arm64_32 /Users/admin/builder/spi-builder-workspace/Sources/Materialize/Divider.swift (in target 'Materialize' from project 'materialize')
    cd /Users/admin/builder/spi-builder-workspace/.swiftpm/xcode
    builtin-SwiftPerFileCompile Divider.swift
SwiftCompile normal arm64_32 Compiling\ Buttons.swift,\ Card.swift,\ Carousel.swift,\ Collapsible.swift /Users/admin/builder/spi-builder-workspace/Sources/Materialize/Buttons.swift /Users/admin/builder/spi-builder-workspace/Sources/Materialize/Card.swift /Users/admin/builder/spi-builder-workspace/Sources/Materialize/Carousel.swift /Users/admin/builder/spi-builder-workspace/Sources/Materialize/Collapsible.swift (in target 'Materialize' from project 'materialize')
SwiftCompile normal arm64_32 /Users/admin/builder/spi-builder-workspace/Sources/Materialize/Buttons.swift (in target 'Materialize' from project 'materialize')
    cd /Users/admin/builder/spi-builder-workspace/.swiftpm/xcode
    builtin-SwiftPerFileCompile Buttons.swift
SwiftCompile normal arm64_32 /Users/admin/builder/spi-builder-workspace/Sources/Materialize/Card.swift (in target 'Materialize' from project 'materialize')
    cd /Users/admin/builder/spi-builder-workspace/.swiftpm/xcode
    builtin-SwiftPerFileCompile Card.swift
SwiftCompile normal arm64_32 /Users/admin/builder/spi-builder-workspace/Sources/Materialize/Carousel.swift (in target 'Materialize' from project 'materialize')
    cd /Users/admin/builder/spi-builder-workspace/.swiftpm/xcode
    builtin-SwiftPerFileCompile Carousel.swift
SwiftCompile normal arm64_32 /Users/admin/builder/spi-builder-workspace/Sources/Materialize/Collapsible.swift (in target 'Materialize' from project 'materialize')
    cd /Users/admin/builder/spi-builder-workspace/.swiftpm/xcode
    builtin-SwiftPerFileCompile Collapsible.swift
SwiftCompile normal arm64_32 Compiling\ Tooltip.swift,\ Transitions.swift,\ Typography.swift /Users/admin/builder/spi-builder-workspace/Sources/Materialize/Tooltip.swift /Users/admin/builder/spi-builder-workspace/Sources/Materialize/Transitions.swift /Users/admin/builder/spi-builder-workspace/Sources/Materialize/Typography.swift (in target 'Materialize' from project 'materialize')
SwiftCompile normal arm64_32 /Users/admin/builder/spi-builder-workspace/Sources/Materialize/Tooltip.swift (in target 'Materialize' from project 'materialize')
    cd /Users/admin/builder/spi-builder-workspace/.swiftpm/xcode
    builtin-SwiftPerFileCompile Tooltip.swift
SwiftCompile normal arm64_32 /Users/admin/builder/spi-builder-workspace/Sources/Materialize/Transitions.swift (in target 'Materialize' from project 'materialize')
    cd /Users/admin/builder/spi-builder-workspace/.swiftpm/xcode
    builtin-SwiftPerFileCompile Transitions.swift
SwiftCompile normal arm64_32 /Users/admin/builder/spi-builder-workspace/Sources/Materialize/Typography.swift (in target 'Materialize' from project 'materialize')
    cd /Users/admin/builder/spi-builder-workspace/.swiftpm/xcode
    builtin-SwiftPerFileCompile Typography.swift
SwiftCompile normal arm64_32 Compiling\ Footer.swift,\ Formatting.swift,\ Grid.swift /Users/admin/builder/spi-builder-workspace/Sources/Materialize/Footer.swift /Users/admin/builder/spi-builder-workspace/Sources/Materialize/Formatting.swift /Users/admin/builder/spi-builder-workspace/Sources/Materialize/Grid.swift (in target 'Materialize' from project 'materialize')
SwiftCompile normal arm64_32 /Users/admin/builder/spi-builder-workspace/Sources/Materialize/Footer.swift (in target 'Materialize' from project 'materialize')
    cd /Users/admin/builder/spi-builder-workspace/.swiftpm/xcode
    builtin-SwiftPerFileCompile Footer.swift
SwiftCompile normal arm64_32 /Users/admin/builder/spi-builder-workspace/Sources/Materialize/Formatting.swift (in target 'Materialize' from project 'materialize')
    cd /Users/admin/builder/spi-builder-workspace/.swiftpm/xcode
    builtin-SwiftPerFileCompile Formatting.swift
SwiftCompile normal arm64_32 /Users/admin/builder/spi-builder-workspace/Sources/Materialize/Grid.swift (in target 'Materialize' from project 'materialize')
    cd /Users/admin/builder/spi-builder-workspace/.swiftpm/xcode
    builtin-SwiftPerFileCompile Grid.swift
SwiftDriverJobDiscovery normal arm64_32 Compiling resource_bundle_accessor.swift, Alignment.swift, Badge.swift, Breadcrumb.swift (in target 'Materialize' from project 'materialize')
SwiftCompile normal arm64_32 Compiling\ Pagination.swift,\ Preloader.swift,\ Pulse.swift /Users/admin/builder/spi-builder-workspace/Sources/Materialize/Pagination.swift /Users/admin/builder/spi-builder-workspace/Sources/Materialize/Preloader.swift /Users/admin/builder/spi-builder-workspace/Sources/Materialize/Pulse.swift (in target 'Materialize' from project 'materialize')
SwiftCompile normal arm64_32 /Users/admin/builder/spi-builder-workspace/Sources/Materialize/Pagination.swift (in target 'Materialize' from project 'materialize')
    cd /Users/admin/builder/spi-builder-workspace/.swiftpm/xcode
    builtin-SwiftPerFileCompile Pagination.swift
SwiftCompile normal arm64_32 /Users/admin/builder/spi-builder-workspace/Sources/Materialize/Preloader.swift (in target 'Materialize' from project 'materialize')
    cd /Users/admin/builder/spi-builder-workspace/.swiftpm/xcode
    builtin-SwiftPerFileCompile Preloader.swift
SwiftCompile normal arm64_32 /Users/admin/builder/spi-builder-workspace/Sources/Materialize/Pulse.swift (in target 'Materialize' from project 'materialize')
    cd /Users/admin/builder/spi-builder-workspace/.swiftpm/xcode
    builtin-SwiftPerFileCompile Pulse.swift
SwiftDriverJobDiscovery normal arm64_32 Compiling Collection.swift, Colors.swift, Container.swift, Divider.swift (in target 'Materialize' from project 'materialize')
SwiftCompile normal arm64_32 Compiling\ Materialize.swift,\ Media.swift,\ Navbar.swift /Users/admin/builder/spi-builder-workspace/Sources/Materialize/Materialize.swift /Users/admin/builder/spi-builder-workspace/Sources/Materialize/Media.swift /Users/admin/builder/spi-builder-workspace/Sources/Materialize/Navbar.swift (in target 'Materialize' from project 'materialize')
SwiftCompile normal arm64_32 /Users/admin/builder/spi-builder-workspace/Sources/Materialize/Materialize.swift (in target 'Materialize' from project 'materialize')
    cd /Users/admin/builder/spi-builder-workspace/.swiftpm/xcode
    builtin-SwiftPerFileCompile Materialize.swift
SwiftCompile normal arm64_32 /Users/admin/builder/spi-builder-workspace/Sources/Materialize/Media.swift (in target 'Materialize' from project 'materialize')
    cd /Users/admin/builder/spi-builder-workspace/.swiftpm/xcode
    builtin-SwiftPerFileCompile Media.swift
SwiftCompile normal arm64_32 /Users/admin/builder/spi-builder-workspace/Sources/Materialize/Navbar.swift (in target 'Materialize' from project 'materialize')
    cd /Users/admin/builder/spi-builder-workspace/.swiftpm/xcode
    builtin-SwiftPerFileCompile Navbar.swift
SwiftDriverJobDiscovery normal arm64_32 Compiling Footer.swift, Formatting.swift, Grid.swift (in target 'Materialize' from project 'materialize')
SwiftCompile normal arm64_32 Compiling\ Scrollspy.swift,\ Section.swift,\ Shadow.swift /Users/admin/builder/spi-builder-workspace/Sources/Materialize/Scrollspy.swift /Users/admin/builder/spi-builder-workspace/Sources/Materialize/Section.swift /Users/admin/builder/spi-builder-workspace/Sources/Materialize/Shadow.swift (in target 'Materialize' from project 'materialize')
SwiftCompile normal arm64_32 /Users/admin/builder/spi-builder-workspace/Sources/Materialize/Scrollspy.swift (in target 'Materialize' from project 'materialize')
    cd /Users/admin/builder/spi-builder-workspace/.swiftpm/xcode
    builtin-SwiftPerFileCompile Scrollspy.swift
SwiftCompile normal arm64_32 /Users/admin/builder/spi-builder-workspace/Sources/Materialize/Section.swift (in target 'Materialize' from project 'materialize')
    cd /Users/admin/builder/spi-builder-workspace/.swiftpm/xcode
    builtin-SwiftPerFileCompile Section.swift
SwiftCompile normal arm64_32 /Users/admin/builder/spi-builder-workspace/Sources/Materialize/Shadow.swift (in target 'Materialize' from project 'materialize')
    cd /Users/admin/builder/spi-builder-workspace/.swiftpm/xcode
    builtin-SwiftPerFileCompile Shadow.swift
SwiftDriverJobDiscovery normal arm64_32 Compiling Buttons.swift, Card.swift, Carousel.swift, Collapsible.swift (in target 'Materialize' from project 'materialize')
SwiftCompile normal arm64_32 Compiling\ MaterialButton.swift,\ MaterialIcon.swift,\ MaterialWaves.swift /Users/admin/builder/spi-builder-workspace/Sources/Materialize/MaterialButton.swift /Users/admin/builder/spi-builder-workspace/Sources/Materialize/MaterialIcon.swift /Users/admin/builder/spi-builder-workspace/Sources/Materialize/MaterialWaves.swift (in target 'Materialize' from project 'materialize')
SwiftCompile normal arm64_32 /Users/admin/builder/spi-builder-workspace/Sources/Materialize/MaterialButton.swift (in target 'Materialize' from project 'materialize')
    cd /Users/admin/builder/spi-builder-workspace/.swiftpm/xcode
    builtin-SwiftPerFileCompile MaterialButton.swift
SwiftCompile normal arm64_32 /Users/admin/builder/spi-builder-workspace/Sources/Materialize/MaterialIcon.swift (in target 'Materialize' from project 'materialize')
    cd /Users/admin/builder/spi-builder-workspace/.swiftpm/xcode
    builtin-SwiftPerFileCompile MaterialIcon.swift
SwiftCompile normal arm64_32 /Users/admin/builder/spi-builder-workspace/Sources/Materialize/MaterialWaves.swift (in target 'Materialize' from project 'materialize')
    cd /Users/admin/builder/spi-builder-workspace/.swiftpm/xcode
    builtin-SwiftPerFileCompile MaterialWaves.swift
SwiftDriverJobDiscovery normal arm64_32 Compiling Pagination.swift, Preloader.swift, Pulse.swift (in target 'Materialize' from project 'materialize')
SwiftCompile normal arm64_32 Compiling\ Table.swift,\ TableOfContents.swift,\ Toast.swift /Users/admin/builder/spi-builder-workspace/Sources/Materialize/Table.swift /Users/admin/builder/spi-builder-workspace/Sources/Materialize/TableOfContents.swift /Users/admin/builder/spi-builder-workspace/Sources/Materialize/Toast.swift (in target 'Materialize' from project 'materialize')
/Users/admin/builder/spi-builder-workspace/Sources/Materialize/Toast.swift:45:80: error: missing argument for parameter 'singleQuotes' in call
 43 |         }
 44 |         parseDOMItem(content().domContentItem)
 45 |         let html = elements.map { ($0 as? WebPreviewRenderable)?.renderPreview() ?? "" }.joined()
    |                                                                                `- error: missing argument for parameter 'singleQuotes' in call
 46 |         show(
 47 |             html,
Web.WebPreviewRenderable.renderPreview:2:6: note: 'renderPreview(singleQuotes:)' declared here
1 | protocol WebPreviewRenderable {
2 | func renderPreview(singleQuotes: Bool) -> String}
  |      `- note: 'renderPreview(singleQuotes:)' declared here
3 |
Failed frontend command:
/Applications/Xcode-27.0.0-Release.Candidate.app/Contents/Developer/Toolchains/XcodeDefault.xctoolchain/usr/bin/swift-frontend -frontend -c /Users/admin/builder/spi-builder-workspace/.derivedData/Build/Intermediates.noindex/materialize.build/Debug-watchos/Materialize-t.build/DerivedSources/resource_bundle_accessor.swift /Users/admin/builder/spi-builder-workspace/Sources/Materialize/Alignment.swift /Users/admin/builder/spi-builder-workspace/Sources/Materialize/Badge.swift /Users/admin/builder/spi-builder-workspace/Sources/Materialize/Breadcrumb.swift /Users/admin/builder/spi-builder-workspace/Sources/Materialize/Buttons.swift /Users/admin/builder/spi-builder-workspace/Sources/Materialize/Card.swift /Users/admin/builder/spi-builder-workspace/Sources/Materialize/Carousel.swift /Users/admin/builder/spi-builder-workspace/Sources/Materialize/Collapsible.swift /Users/admin/builder/spi-builder-workspace/Sources/Materialize/Collection.swift /Users/admin/builder/spi-builder-workspace/Sources/Materialize/Colors.swift /Users/admin/builder/spi-builder-workspace/Sources/Materialize/Container.swift /Users/admin/builder/spi-builder-workspace/Sources/Materialize/Divider.swift /Users/admin/builder/spi-builder-workspace/Sources/Materialize/Footer.swift /Users/admin/builder/spi-builder-workspace/Sources/Materialize/Formatting.swift /Users/admin/builder/spi-builder-workspace/Sources/Materialize/Grid.swift /Users/admin/builder/spi-builder-workspace/Sources/Materialize/MaterialButton.swift /Users/admin/builder/spi-builder-workspace/Sources/Materialize/MaterialIcon.swift /Users/admin/builder/spi-builder-workspace/Sources/Materialize/MaterialWaves.swift /Users/admin/builder/spi-builder-workspace/Sources/Materialize/Materialize.swift /Users/admin/builder/spi-builder-workspace/Sources/Materialize/Media.swift /Users/admin/builder/spi-builder-workspace/Sources/Materialize/Navbar.swift /Users/admin/builder/spi-builder-workspace/Sources/Materialize/Pagination.swift /Users/admin/builder/spi-builder-workspace/Sources/Materialize/Preloader.swift /Users/admin/builder/spi-builder-workspace/Sources/Materialize/Pulse.swift /Users/admin/builder/spi-builder-workspace/Sources/Materialize/Scrollspy.swift /Users/admin/builder/spi-builder-workspace/Sources/Materialize/Section.swift /Users/admin/builder/spi-builder-workspace/Sources/Materialize/Shadow.swift -primary-file /Users/admin/builder/spi-builder-workspace/Sources/Materialize/Table.swift -primary-file /Users/admin/builder/spi-builder-workspace/Sources/Materialize/TableOfContents.swift -primary-file /Users/admin/builder/spi-builder-workspace/Sources/Materialize/Toast.swift /Users/admin/builder/spi-builder-workspace/Sources/Materialize/Tooltip.swift /Users/admin/builder/spi-builder-workspace/Sources/Materialize/Transitions.swift /Users/admin/builder/spi-builder-workspace/Sources/Materialize/Typography.swift -supplementary-output-file-map /Users/admin/builder/spi-builder-workspace/.derivedData/Build/Intermediates.noindex/materialize.build/Debug-watchos/Materialize-t.build/Objects-normal/arm64_32/supplementaryOutputs-9 -target arm64_32-apple-watchos9.0 -disable-cross-import-overlay-search -load-resolved-plugin /Applications/Xcode-27.0.0-Release.Candidate.app/Contents/Developer/Platforms/WatchOS.platform/Developer/usr/lib/swift/host/plugins/libFoundationMacros.dylib\#/Applications/Xcode-27.0.0-Release.Candidate.app/Contents/Developer/Platforms/WatchOS.platform/Developer/usr/bin/swift-plugin-server\#FoundationMacros -load-resolved-plugin /Applications/Xcode-27.0.0-Release.Candidate.app/Contents/Developer/Platforms/WatchOS.platform/Developer/usr/lib/swift/host/plugins/libObservationMacros.dylib\#/Applications/Xcode-27.0.0-Release.Candidate.app/Contents/Developer/Platforms/WatchOS.platform/Developer/usr/bin/swift-plugin-server\#ObservationMacros -load-resolved-plugin /Applications/Xcode-27.0.0-Release.Candidate.app/Contents/Developer/Platforms/WatchOS.platform/Developer/usr/lib/swift/host/plugins/libSwiftMacros.dylib\#/Applications/Xcode-27.0.0-Release.Candidate.app/Contents/Developer/Platforms/WatchOS.platform/Developer/usr/bin/swift-plugin-server\#SwiftMacros -disable-implicit-swift-modules -Xcc -fno-implicit-modules -Xcc -fno-implicit-module-maps -explicit-swift-module-map-file /Users/admin/builder/spi-builder-workspace/.derivedData/Build/Intermediates.noindex/materialize.build/Debug-watchos/Materialize-t.build/Objects-normal/arm64_32/Materialize-dependencies-1.json -enable-objc-interop -sdk /Applications/Xcode-27.0.0-Release.Candidate.app/Contents/Developer/Platforms/WatchOS.platform/Developer/SDKs/WatchOS27.0.sdk -I /Users/admin/builder/spi-builder-workspace/.derivedData/Build/Products/Debug-watchos -Isystem /Applications/Xcode-27.0.0-Release.Candidate.app/Contents/Developer/Platforms/WatchOS.platform/Developer/usr/lib -F /Users/admin/builder/spi-builder-workspace/.derivedData/Build/Products/Debug-watchos/PackageFrameworks -F /Users/admin/builder/spi-builder-workspace/.derivedData/Build/Products/Debug-watchos -F /Applications/Xcode-27.0.0-Release.Candidate.app/Contents/Developer/Platforms/WatchOS.platform/Developer/Library/Frameworks -F /Applications/Xcode-27.0.0-Release.Candidate.app/Contents/Developer/Platforms/WatchOS.platform/Developer/SDKs/WatchOS27.0.sdk/Developer/Library/Frameworks -module-cache-path /Users/admin/builder/spi-builder-workspace/.derivedData/Build/Intermediates.noindex/SwiftExplicitPrecompiledModules -no-color-diagnostics -Xcc -fno-color-diagnostics -enable-testing -g -debug-info-format\=dwarf -dwarf-version\=4 -profile-generate -profile-coverage-mapping -swift-version 5 -Onone -D SWIFT_PACKAGE -D DEBUG -D SWIFT_MODULE_RESOURCE_BUNDLE_AVAILABLE -D Xcode -serialize-debugging-options -enable-experimental-feature DebugDescriptionMacro -empty-abi-descriptor -validate-clang-modules-once -clang-build-session-file /Users/admin/builder/spi-builder-workspace/.derivedData/ModuleCache.noindex/Session.modulevalidation -Xcc -working-directory -Xcc /Users/admin/builder/spi-builder-workspace/.swiftpm/xcode -enable-anonymous-context-mangled-names -file-compilation-dir /Users/admin/builder/spi-builder-workspace/.swiftpm/xcode -Xcc -fmodule-map-file\=/Users/admin/builder/spi-builder-workspace/.dependencies/checkouts/JavaScriptKit/Sources/_CJavaScriptBigIntSupport/include/module.modulemap -Xcc -fmodule-map-file\=/Users/admin/builder/spi-builder-workspace/.dependencies/checkouts/JavaScriptKit/Sources/_CJavaScriptKit/include/module.modulemap -Xcc -D_LIBCPP_HARDENING_MODE\=_LIBCPP_HARDENING_MODE_DEBUG -Xcc -ivfsstatcache -Xcc /Users/admin/builder/spi-builder-workspace/.derivedData/SDKStatCaches.noindex/watchos27.0-24R360-e829b21a6f8c9b70876ba0858053c04477534ef55a1706bf4c1112bbb242f0a2.sdkstatcache -Xcc -fmodules-prune-interval\=86400 -Xcc -fmodules-prune-after\=345600 -Xcc -I/Users/admin/builder/spi-builder-workspace/.dependencies/checkouts/JavaScriptKit/Sources/_CJavaScriptBigIntSupport/include -Xcc -I/Users/admin/builder/spi-builder-workspace/.dependencies/checkouts/JavaScriptKit/Sources/_CJavaScriptKit/include -Xcc -I/Users/admin/builder/spi-builder-workspace/.derivedData/Build/Products/Debug-watchos/include -Xcc -I/Users/admin/builder/spi-builder-workspace/.derivedData/Build/Intermediates.noindex/materialize.build/Debug-watchos/Materialize-t.build/DerivedSources-normal/arm64_32 -Xcc -I/Users/admin/builder/spi-builder-workspace/.derivedData/Build/Intermediates.noindex/materialize.build/Debug-watchos/Materialize-t.build/DerivedSources/arm64_32 -Xcc -I/Users/admin/builder/spi-builder-workspace/.derivedData/Build/Intermediates.noindex/materialize.build/Debug-watchos/Materialize-t.build/DerivedSources -Xcc -DSWIFT_PACKAGE -Xcc -DDEBUG\=1 -no-auto-bridging-header-chaining -module-name Materialize -const-gather-protocols-file /Users/admin/builder/spi-builder-workspace/.derivedData/Build/Intermediates.noindex/materialize.build/Debug-watchos/Materialize-t.build/Objects-normal/arm64_32/Materialize_const_extract_protocols.json -disable-clang-spi -clang-target arm64_32-apple-watchos27.0 -target-sdk-version 27.0 -target-sdk-name watchos27.0 -in-process-plugin-server-path /Applications/Xcode-27.0.0-Release.Candidate.app/Contents/Developer/Toolchains/XcodeDefault.xctoolchain/usr/lib/swift/host/libSwiftInProcPluginServer.dylib -parse-as-library -o /Users/admin/builder/spi-builder-workspace/.derivedData/Build/Intermediates.noindex/materialize.build/Debug-watchos/Materialize-t.build/Objects-normal/arm64_32/Table.o -o /Users/admin/builder/spi-builder-workspace/.derivedData/Build/Intermediates.noindex/materialize.build/Debug-watchos/Materialize-t.build/Objects-normal/arm64_32/TableOfContents.o -o /Users/admin/builder/spi-builder-workspace/.derivedData/Build/Intermediates.noindex/materialize.build/Debug-watchos/Materialize-t.build/Objects-normal/arm64_32/Toast.o -debug-module-path /Users/admin/builder/spi-builder-workspace/.derivedData/Build/Intermediates.noindex/materialize.build/Debug-watchos/Materialize-t.build/Objects-normal/arm64_32/Materialize.swiftmodule -index-unit-output-path /materialize.build/Debug-watchos/Materialize-t.build/Objects-normal/arm64_32/Table.o -index-unit-output-path /materialize.build/Debug-watchos/Materialize-t.build/Objects-normal/arm64_32/TableOfContents.o -index-unit-output-path /materialize.build/Debug-watchos/Materialize-t.build/Objects-normal/arm64_32/Toast.o -index-store-path /Users/admin/builder/spi-builder-workspace/.derivedData/Index.noindex/DataStore -index-system-modules
SwiftCompile normal arm64_32 /Users/admin/builder/spi-builder-workspace/Sources/Materialize/Table.swift (in target 'Materialize' from project 'materialize')
    cd /Users/admin/builder/spi-builder-workspace/.swiftpm/xcode
    builtin-SwiftPerFileCompile Table.swift
SwiftCompile normal arm64_32 /Users/admin/builder/spi-builder-workspace/Sources/Materialize/TableOfContents.swift (in target 'Materialize' from project 'materialize')
    cd /Users/admin/builder/spi-builder-workspace/.swiftpm/xcode
    builtin-SwiftPerFileCompile TableOfContents.swift
SwiftCompile normal arm64_32 /Users/admin/builder/spi-builder-workspace/Sources/Materialize/Toast.swift (in target 'Materialize' from project 'materialize')
    cd /Users/admin/builder/spi-builder-workspace/.swiftpm/xcode
    builtin-SwiftPerFileCompile Toast.swift
SwiftDriverJobDiscovery normal arm64_32 Compiling Scrollspy.swift, Section.swift, Shadow.swift (in target 'Materialize' from project 'materialize')
PruneExplicitPrecompiledModules /Users/admin/builder/spi-builder-workspace/.derivedData/SDKExplicitPrecompiledModules
PruneExplicitPrecompiledModules /Users/admin/builder/spi-builder-workspace/.derivedData/Build/Intermediates.noindex/ExplicitPrecompiledModules
PruneExplicitPrecompiledModules /Users/admin/builder/spi-builder-workspace/.derivedData/Build/Intermediates.noindex/SwiftExplicitPrecompiledModules
2026-09-21 14:40:26.983 xcodebuild[1291:8761] [MT] IDERunDestination: Supported platforms for the buildables in the current scheme is empty.
** BUILD FAILED **
The following build commands failed:
	SwiftCompile normal arm64_32 Compiling\ Table.swift,\ TableOfContents.swift,\ Toast.swift /Users/admin/builder/spi-builder-workspace/Sources/Materialize/Table.swift /Users/admin/builder/spi-builder-workspace/Sources/Materialize/TableOfContents.swift /Users/admin/builder/spi-builder-workspace/Sources/Materialize/Toast.swift (in target 'Materialize' from project 'materialize')
	SwiftCompile normal arm64_32 /Users/admin/builder/spi-builder-workspace/Sources/Materialize/Toast.swift (in target 'Materialize' from project 'materialize')
	Building workspace materialize with scheme materialize
(3 failures)
BUILD FAILURE 6.4 watchOS