Build Information
Failed to build swift-png, reference master (f2803f), with Swift 6.2 for visionOS using Xcode 26.3 on 8 Oct 2026 21:35:08 UTC.
Build Command
env DEVELOPER_DIR=/Applications/Xcode-26.3.0.app xcrun xcodebuild -IDEClonedSourcePackagesDirPathOverride=$PWD/.dependencies -skipMacroValidation -skipPackagePluginValidation -derivedDataPath $PWD/.derivedData build -scheme swift-png-Package -destination generic/platform=xrOSBuild Log
SwiftDriverJobDiscovery normal arm64 Compiling Base16.UppercaseDigits.swift (in target 'Base16' from project 'h')
SwiftDriverJobDiscovery normal arm64 Compiling Base16.LowercaseDigits.swift (in target 'Base16' from project 'h')
SwiftDriverJobDiscovery normal arm64 Compiling Base16.Values.swift (in target 'Base16' from project 'h')
SwiftDriverJobDiscovery normal arm64 Compiling CRC32.swift (in target 'CRC' from project 'h')
SwiftDriver\ Compilation CRC normal arm64 com.apple.xcode.tools.swift.compiler (in target 'CRC' from project 'h')
cd /Users/admin/builder/spi-builder-workspace/.swiftpm/xcode
builtin-Swift-Compilation -- /Applications/Xcode-26.3.0.app/Contents/Developer/Toolchains/XcodeDefault.xctoolchain/usr/bin/swiftc -module-name CRC -Onone -enforce-exclusivity\=checked @/Users/admin/builder/spi-builder-workspace/.derivedData/Build/Intermediates.noindex/h.build/Debug-xros/CRC.build/Objects-normal/arm64/CRC.SwiftFileList -DSWIFT_PACKAGE -DDEBUG -DSWIFT_MODULE_RESOURCE_BUNDLE_UNAVAILABLE -DDEBUG -DXcode -enable-upcoming-feature ExistentialAny -plugin-path /Applications/Xcode-26.3.0.app/Contents/Developer/Toolchains/XcodeDefault.xctoolchain/usr/lib/swift/host/plugins/testing -enable-experimental-feature DebugDescriptionMacro -sdk /Applications/Xcode-26.3.0.app/Contents/Developer/Platforms/XROS.platform/Developer/SDKs/XROS26.2.sdk -target arm64-apple-xros1.0 -g -module-cache-path /Users/admin/builder/spi-builder-workspace/.derivedData/ModuleCache.noindex -Xfrontend -serialize-debugging-options -profile-coverage-mapping -profile-generate -enable-testing -suppress-warnings -index-store-path /Users/admin/builder/spi-builder-workspace/.derivedData/Index.noindex/DataStore -Xcc -D_LIBCPP_HARDENING_MODE\=_LIBCPP_HARDENING_MODE_DEBUG -swift-version 6 -I /Users/admin/builder/spi-builder-workspace/.derivedData/Build/Products/Debug-xros -Isystem /Applications/Xcode-26.3.0.app/Contents/Developer/Platforms/XROS.platform/Developer/usr/lib -F /Users/admin/builder/spi-builder-workspace/.derivedData/Build/Products/Debug-xros/PackageFrameworks -F /Users/admin/builder/spi-builder-workspace/.derivedData/Build/Products/Debug-xros/PackageFrameworks -F /Users/admin/builder/spi-builder-workspace/.derivedData/Build/Products/Debug-xros -F /Applications/Xcode-26.3.0.app/Contents/Developer/Platforms/XROS.platform/Developer/Library/Frameworks -F /Applications/Xcode-26.3.0.app/Contents/Developer/Platforms/XROS.platform/Developer/SDKs/XROS26.2.sdk/Developer/Library/Frameworks -parse-as-library -c -j10 -enable-batch-mode -incremental -Xcc -ivfsstatcache -Xcc /Users/admin/builder/spi-builder-workspace/.derivedData/SDKStatCaches.noindex/xros26.2-23N301-dc75598d0054f22ec865fa860f139d72f5e64962d3ee001da1d77d1957dffdab.sdkstatcache -output-file-map /Users/admin/builder/spi-builder-workspace/.derivedData/Build/Intermediates.noindex/h.build/Debug-xros/CRC.build/Objects-normal/arm64/CRC-OutputFileMap.json -use-frontend-parseable-output -save-temps -no-color-diagnostics -explicit-module-build -module-cache-path /Users/admin/builder/spi-builder-workspace/.derivedData/Build/Intermediates.noindex/SwiftExplicitPrecompiledModules -clang-scanner-module-cache-path /Users/admin/builder/spi-builder-workspace/.derivedData/ModuleCache.noindex -sdk-module-cache-path /Users/admin/builder/spi-builder-workspace/.derivedData/ModuleCache.noindex -serialize-diagnostics -emit-dependencies -emit-module -emit-module-path /Users/admin/builder/spi-builder-workspace/.derivedData/Build/Intermediates.noindex/h.build/Debug-xros/CRC.build/Objects-normal/arm64/CRC.swiftmodule -user-module-version 1.0.1 -validate-clang-modules-once -clang-build-session-file /Users/admin/builder/spi-builder-workspace/.derivedData/ModuleCache.noindex/Session.modulevalidation -package-name h -Xcc -I/Users/admin/builder/spi-builder-workspace/.derivedData/Build/Intermediates.noindex/h.build/Debug-xros/CRC.build/swift-overrides.hmap -emit-const-values -Xfrontend -const-gather-protocols-file -Xfrontend /Users/admin/builder/spi-builder-workspace/.derivedData/Build/Intermediates.noindex/h.build/Debug-xros/CRC.build/Objects-normal/arm64/CRC_const_extract_protocols.json -Xcc -I/Users/admin/builder/spi-builder-workspace/.derivedData/Build/Products/Debug-xros/include -Xcc -I/Users/admin/builder/spi-builder-workspace/.derivedData/Build/Intermediates.noindex/h.build/Debug-xros/CRC.build/DerivedSources-normal/arm64 -Xcc -I/Users/admin/builder/spi-builder-workspace/.derivedData/Build/Intermediates.noindex/h.build/Debug-xros/CRC.build/DerivedSources/arm64 -Xcc -I/Users/admin/builder/spi-builder-workspace/.derivedData/Build/Intermediates.noindex/h.build/Debug-xros/CRC.build/DerivedSources -Xcc -DSWIFT_PACKAGE -Xcc -DDEBUG\=1 -emit-objc-header -emit-objc-header-path /Users/admin/builder/spi-builder-workspace/.derivedData/Build/Intermediates.noindex/h.build/Debug-xros/CRC.build/Objects-normal/arm64/CRC-Swift.h -working-directory /Users/admin/builder/spi-builder-workspace/.swiftpm/xcode -experimental-emit-module-separately -disable-cmo
SwiftDriverJobDiscovery normal arm64 Compiling Base16.swift (in target 'Base16' from project 'h')
SwiftExplicitDependencyGeneratePcm arm64 /Users/admin/builder/spi-builder-workspace/.derivedData/ModuleCache.noindex/_SwiftConcurrencyShims-BRV30TBVZVZGDTY5ZKQTNXO6Y.pcm
SwiftExplicitDependencyGeneratePcm arm64 /Users/admin/builder/spi-builder-workspace/.derivedData/ModuleCache.noindex/SwiftShims-F1WHVHT30PN08BRIB1TFVE6Q6.pcm
SwiftDriver\ Compilation Base16 normal arm64 com.apple.xcode.tools.swift.compiler (in target 'Base16' from project 'h')
cd /Users/admin/builder/spi-builder-workspace/.swiftpm/xcode
builtin-Swift-Compilation -- /Applications/Xcode-26.3.0.app/Contents/Developer/Toolchains/XcodeDefault.xctoolchain/usr/bin/swiftc -module-name Base16 -Onone -enforce-exclusivity\=checked @/Users/admin/builder/spi-builder-workspace/.derivedData/Build/Intermediates.noindex/h.build/Debug-xros/Base16.build/Objects-normal/arm64/Base16.SwiftFileList -DSWIFT_PACKAGE -DDEBUG -DSWIFT_MODULE_RESOURCE_BUNDLE_UNAVAILABLE -DDEBUG -DXcode -enable-upcoming-feature ExistentialAny -plugin-path /Applications/Xcode-26.3.0.app/Contents/Developer/Toolchains/XcodeDefault.xctoolchain/usr/lib/swift/host/plugins/testing -enable-experimental-feature DebugDescriptionMacro -sdk /Applications/Xcode-26.3.0.app/Contents/Developer/Platforms/XROS.platform/Developer/SDKs/XROS26.2.sdk -target arm64-apple-xros1.0 -g -module-cache-path /Users/admin/builder/spi-builder-workspace/.derivedData/ModuleCache.noindex -Xfrontend -serialize-debugging-options -profile-coverage-mapping -profile-generate -enable-testing -suppress-warnings -index-store-path /Users/admin/builder/spi-builder-workspace/.derivedData/Index.noindex/DataStore -Xcc -D_LIBCPP_HARDENING_MODE\=_LIBCPP_HARDENING_MODE_DEBUG -swift-version 6 -I /Users/admin/builder/spi-builder-workspace/.derivedData/Build/Products/Debug-xros -Isystem /Applications/Xcode-26.3.0.app/Contents/Developer/Platforms/XROS.platform/Developer/usr/lib -F /Users/admin/builder/spi-builder-workspace/.derivedData/Build/Products/Debug-xros/PackageFrameworks -F /Users/admin/builder/spi-builder-workspace/.derivedData/Build/Products/Debug-xros -F /Applications/Xcode-26.3.0.app/Contents/Developer/Platforms/XROS.platform/Developer/Library/Frameworks -F /Applications/Xcode-26.3.0.app/Contents/Developer/Platforms/XROS.platform/Developer/SDKs/XROS26.2.sdk/Developer/Library/Frameworks -c -j10 -enable-batch-mode -incremental -Xcc -ivfsstatcache -Xcc /Users/admin/builder/spi-builder-workspace/.derivedData/SDKStatCaches.noindex/xros26.2-23N301-dc75598d0054f22ec865fa860f139d72f5e64962d3ee001da1d77d1957dffdab.sdkstatcache -output-file-map /Users/admin/builder/spi-builder-workspace/.derivedData/Build/Intermediates.noindex/h.build/Debug-xros/Base16.build/Objects-normal/arm64/Base16-OutputFileMap.json -use-frontend-parseable-output -save-temps -no-color-diagnostics -explicit-module-build -module-cache-path /Users/admin/builder/spi-builder-workspace/.derivedData/Build/Intermediates.noindex/SwiftExplicitPrecompiledModules -clang-scanner-module-cache-path /Users/admin/builder/spi-builder-workspace/.derivedData/ModuleCache.noindex -sdk-module-cache-path /Users/admin/builder/spi-builder-workspace/.derivedData/ModuleCache.noindex -serialize-diagnostics -emit-dependencies -emit-module -emit-module-path /Users/admin/builder/spi-builder-workspace/.derivedData/Build/Intermediates.noindex/h.build/Debug-xros/Base16.build/Objects-normal/arm64/Base16.swiftmodule -user-module-version 1.0.1 -validate-clang-modules-once -clang-build-session-file /Users/admin/builder/spi-builder-workspace/.derivedData/ModuleCache.noindex/Session.modulevalidation -package-name h -Xcc -I/Users/admin/builder/spi-builder-workspace/.derivedData/Build/Intermediates.noindex/h.build/Debug-xros/Base16.build/swift-overrides.hmap -emit-const-values -Xfrontend -const-gather-protocols-file -Xfrontend /Users/admin/builder/spi-builder-workspace/.derivedData/Build/Intermediates.noindex/h.build/Debug-xros/Base16.build/Objects-normal/arm64/Base16_const_extract_protocols.json -Xcc -I/Users/admin/builder/spi-builder-workspace/.derivedData/Build/Products/Debug-xros/include -Xcc -I/Users/admin/builder/spi-builder-workspace/.derivedData/Build/Intermediates.noindex/h.build/Debug-xros/Base16.build/DerivedSources-normal/arm64 -Xcc -I/Users/admin/builder/spi-builder-workspace/.derivedData/Build/Intermediates.noindex/h.build/Debug-xros/Base16.build/DerivedSources/arm64 -Xcc -I/Users/admin/builder/spi-builder-workspace/.derivedData/Build/Intermediates.noindex/h.build/Debug-xros/Base16.build/DerivedSources -Xcc -DSWIFT_PACKAGE -Xcc -DDEBUG\=1 -emit-objc-header -emit-objc-header-path /Users/admin/builder/spi-builder-workspace/.derivedData/Build/Intermediates.noindex/h.build/Debug-xros/Base16.build/Objects-normal/arm64/Base16-Swift.h -working-directory /Users/admin/builder/spi-builder-workspace/.swiftpm/xcode -experimental-emit-module-separately -disable-cmo
SwiftEmitModule normal arm64 Emitting\ module\ for\ LZ77 (in target 'LZ77' from project 'swift-png')
EmitSwiftModule normal arm64 (in target 'LZ77' from project 'swift-png')
cd /Users/admin/builder/spi-builder-workspace/.swiftpm/xcode
SwiftCompile normal arm64 Compiling\ LZ77.Inflator.swift,\ LZ77.InflatorBuffers.Stream.swift,\ LZ77.InflatorBuffers.swift,\ LZ77.InflatorIn.swift,\ LZ77.InflatorOut.swift,\ LZ77.InflatorState.swift /Users/admin/builder/spi-builder-workspace/Sources/LZ77/Inflator/LZ77.Inflator.swift /Users/admin/builder/spi-builder-workspace/Sources/LZ77/Inflator/LZ77.InflatorBuffers.Stream.swift /Users/admin/builder/spi-builder-workspace/Sources/LZ77/Inflator/LZ77.InflatorBuffers.swift /Users/admin/builder/spi-builder-workspace/Sources/LZ77/Inflator/LZ77.InflatorIn.swift /Users/admin/builder/spi-builder-workspace/Sources/LZ77/Inflator/LZ77.InflatorOut.swift /Users/admin/builder/spi-builder-workspace/Sources/LZ77/Inflator/LZ77.InflatorState.swift (in target 'LZ77' from project 'swift-png')
SwiftCompile normal arm64 /Users/admin/builder/spi-builder-workspace/Sources/LZ77/Inflator/LZ77.Inflator.swift (in target 'LZ77' from project 'swift-png')
cd /Users/admin/builder/spi-builder-workspace/.swiftpm/xcode
SwiftCompile normal arm64 /Users/admin/builder/spi-builder-workspace/Sources/LZ77/Inflator/LZ77.InflatorBuffers.Stream.swift (in target 'LZ77' from project 'swift-png')
cd /Users/admin/builder/spi-builder-workspace/.swiftpm/xcode
SwiftCompile normal arm64 /Users/admin/builder/spi-builder-workspace/Sources/LZ77/Inflator/LZ77.InflatorBuffers.swift (in target 'LZ77' from project 'swift-png')
cd /Users/admin/builder/spi-builder-workspace/.swiftpm/xcode
SwiftCompile normal arm64 /Users/admin/builder/spi-builder-workspace/Sources/LZ77/Inflator/LZ77.InflatorIn.swift (in target 'LZ77' from project 'swift-png')
cd /Users/admin/builder/spi-builder-workspace/.swiftpm/xcode
SwiftCompile normal arm64 /Users/admin/builder/spi-builder-workspace/Sources/LZ77/Inflator/LZ77.InflatorOut.swift (in target 'LZ77' from project 'swift-png')
cd /Users/admin/builder/spi-builder-workspace/.swiftpm/xcode
SwiftCompile normal arm64 /Users/admin/builder/spi-builder-workspace/Sources/LZ77/Inflator/LZ77.InflatorState.swift (in target 'LZ77' from project 'swift-png')
cd /Users/admin/builder/spi-builder-workspace/.swiftpm/xcode
SwiftCompile normal arm64 Compiling\ LZ77.RunLiteral.swift,\ LZ77.BlockMetadata.swift,\ LZ77.BlockShape.swift,\ LZ77.BlockState.swift,\ LZ77.BlockType.swift,\ LZ77.DecompressionError.swift /Users/admin/builder/spi-builder-workspace/Sources/LZ77/HuffmanCoding/LZ77.RunLiteral.swift /Users/admin/builder/spi-builder-workspace/Sources/LZ77/Inflator/LZ77.BlockMetadata.swift /Users/admin/builder/spi-builder-workspace/Sources/LZ77/Inflator/LZ77.BlockShape.swift /Users/admin/builder/spi-builder-workspace/Sources/LZ77/Inflator/LZ77.BlockState.swift /Users/admin/builder/spi-builder-workspace/Sources/LZ77/Inflator/LZ77.BlockType.swift /Users/admin/builder/spi-builder-workspace/Sources/LZ77/Inflator/LZ77.DecompressionError.swift (in target 'LZ77' from project 'swift-png')
SwiftCompile normal arm64 /Users/admin/builder/spi-builder-workspace/Sources/LZ77/HuffmanCoding/LZ77.RunLiteral.swift (in target 'LZ77' from project 'swift-png')
cd /Users/admin/builder/spi-builder-workspace/.swiftpm/xcode
SwiftCompile normal arm64 /Users/admin/builder/spi-builder-workspace/Sources/LZ77/Inflator/LZ77.BlockMetadata.swift (in target 'LZ77' from project 'swift-png')
cd /Users/admin/builder/spi-builder-workspace/.swiftpm/xcode
SwiftCompile normal arm64 /Users/admin/builder/spi-builder-workspace/Sources/LZ77/Inflator/LZ77.BlockShape.swift (in target 'LZ77' from project 'swift-png')
cd /Users/admin/builder/spi-builder-workspace/.swiftpm/xcode
SwiftCompile normal arm64 /Users/admin/builder/spi-builder-workspace/Sources/LZ77/Inflator/LZ77.BlockState.swift (in target 'LZ77' from project 'swift-png')
cd /Users/admin/builder/spi-builder-workspace/.swiftpm/xcode
SwiftCompile normal arm64 /Users/admin/builder/spi-builder-workspace/Sources/LZ77/Inflator/LZ77.BlockType.swift (in target 'LZ77' from project 'swift-png')
cd /Users/admin/builder/spi-builder-workspace/.swiftpm/xcode
SwiftCompile normal arm64 /Users/admin/builder/spi-builder-workspace/Sources/LZ77/Inflator/LZ77.DecompressionError.swift (in target 'LZ77' from project 'swift-png')
cd /Users/admin/builder/spi-builder-workspace/.swiftpm/xcode
SwiftCompile normal arm64 Compiling\ LZ77.InflatorTables.swift,\ LZ77.StreamHeader.swift,\ LZ77.StreamHeaderError.swift,\ LZ77.Composites.swift,\ LZ77.Reversed.swift,\ LZ77.swift /Users/admin/builder/spi-builder-workspace/Sources/LZ77/Inflator/LZ77.InflatorTables.swift /Users/admin/builder/spi-builder-workspace/Sources/LZ77/Inflator/LZ77.StreamHeader.swift /Users/admin/builder/spi-builder-workspace/Sources/LZ77/Inflator/LZ77.StreamHeaderError.swift /Users/admin/builder/spi-builder-workspace/Sources/LZ77/LZ77.Composites.swift /Users/admin/builder/spi-builder-workspace/Sources/LZ77/LZ77.Reversed.swift /Users/admin/builder/spi-builder-workspace/Sources/LZ77/LZ77.swift (in target 'LZ77' from project 'swift-png')
SwiftCompile normal arm64 /Users/admin/builder/spi-builder-workspace/Sources/LZ77/Inflator/LZ77.InflatorTables.swift (in target 'LZ77' from project 'swift-png')
cd /Users/admin/builder/spi-builder-workspace/.swiftpm/xcode
SwiftCompile normal arm64 /Users/admin/builder/spi-builder-workspace/Sources/LZ77/Inflator/LZ77.StreamHeader.swift (in target 'LZ77' from project 'swift-png')
cd /Users/admin/builder/spi-builder-workspace/.swiftpm/xcode
SwiftCompile normal arm64 /Users/admin/builder/spi-builder-workspace/Sources/LZ77/Inflator/LZ77.StreamHeaderError.swift (in target 'LZ77' from project 'swift-png')
cd /Users/admin/builder/spi-builder-workspace/.swiftpm/xcode
SwiftCompile normal arm64 /Users/admin/builder/spi-builder-workspace/Sources/LZ77/LZ77.Composites.swift (in target 'LZ77' from project 'swift-png')
cd /Users/admin/builder/spi-builder-workspace/.swiftpm/xcode
SwiftCompile normal arm64 /Users/admin/builder/spi-builder-workspace/Sources/LZ77/LZ77.Reversed.swift (in target 'LZ77' from project 'swift-png')
cd /Users/admin/builder/spi-builder-workspace/.swiftpm/xcode
SwiftCompile normal arm64 /Users/admin/builder/spi-builder-workspace/Sources/LZ77/LZ77.swift (in target 'LZ77' from project 'swift-png')
cd /Users/admin/builder/spi-builder-workspace/.swiftpm/xcode
SwiftCompile normal arm64 Compiling\ F14.Hash.swift,\ F14.HashTable.swift,\ F14.swift,\ FixedWidthInteger\ (ext).swift,\ Gzip.Deflator.swift,\ Gzip.Format.Integral.swift /Users/admin/builder/spi-builder-workspace/Sources/LZ77/F14/F14.Hash.swift /Users/admin/builder/spi-builder-workspace/Sources/LZ77/F14/F14.HashTable.swift /Users/admin/builder/spi-builder-workspace/Sources/LZ77/F14/F14.swift /Users/admin/builder/spi-builder-workspace/Sources/LZ77/FixedWidthInteger\ (ext).swift /Users/admin/builder/spi-builder-workspace/Sources/LZ77/Gzip/Gzip.Deflator.swift /Users/admin/builder/spi-builder-workspace/Sources/LZ77/Gzip/Gzip.Format.Integral.swift (in target 'LZ77' from project 'swift-png')
SwiftCompile normal arm64 /Users/admin/builder/spi-builder-workspace/Sources/LZ77/F14/F14.Hash.swift (in target 'LZ77' from project 'swift-png')
cd /Users/admin/builder/spi-builder-workspace/.swiftpm/xcode
SwiftCompile normal arm64 /Users/admin/builder/spi-builder-workspace/Sources/LZ77/F14/F14.HashTable.swift (in target 'LZ77' from project 'swift-png')
cd /Users/admin/builder/spi-builder-workspace/.swiftpm/xcode
SwiftCompile normal arm64 /Users/admin/builder/spi-builder-workspace/Sources/LZ77/F14/F14.swift (in target 'LZ77' from project 'swift-png')
cd /Users/admin/builder/spi-builder-workspace/.swiftpm/xcode
SwiftCompile normal arm64 /Users/admin/builder/spi-builder-workspace/Sources/LZ77/FixedWidthInteger\ (ext).swift (in target 'LZ77' from project 'swift-png')
cd /Users/admin/builder/spi-builder-workspace/.swiftpm/xcode
SwiftCompile normal arm64 /Users/admin/builder/spi-builder-workspace/Sources/LZ77/Gzip/Gzip.Deflator.swift (in target 'LZ77' from project 'swift-png')
cd /Users/admin/builder/spi-builder-workspace/.swiftpm/xcode
SwiftCompile normal arm64 /Users/admin/builder/spi-builder-workspace/Sources/LZ77/Gzip/Gzip.Format.Integral.swift (in target 'LZ77' from project 'swift-png')
cd /Users/admin/builder/spi-builder-workspace/.swiftpm/xcode
SwiftCompile normal arm64 Compiling\ LZ77.Decades.swift,\ LZ77.Deflator.swift,\ LZ77.DeflatorBuffers.Stream.swift,\ LZ77.DeflatorBuffers.swift,\ LZ77.DeflatorDicing.Node.swift,\ LZ77.DeflatorDicing.swift /Users/admin/builder/spi-builder-workspace/Sources/LZ77/Deflator/LZ77.Decades.swift /Users/admin/builder/spi-builder-workspace/Sources/LZ77/Deflator/LZ77.Deflator.swift /Users/admin/builder/spi-builder-workspace/Sources/LZ77/Deflator/LZ77.DeflatorBuffers.Stream.swift /Users/admin/builder/spi-builder-workspace/Sources/LZ77/Deflator/LZ77.DeflatorBuffers.swift /Users/admin/builder/spi-builder-workspace/Sources/LZ77/Deflator/LZ77.DeflatorDicing.Node.swift /Users/admin/builder/spi-builder-workspace/Sources/LZ77/Deflator/LZ77.DeflatorDicing.swift (in target 'LZ77' from project 'swift-png')
SwiftCompile normal arm64 /Users/admin/builder/spi-builder-workspace/Sources/LZ77/Deflator/LZ77.Decades.swift (in target 'LZ77' from project 'swift-png')
cd /Users/admin/builder/spi-builder-workspace/.swiftpm/xcode
SwiftCompile normal arm64 /Users/admin/builder/spi-builder-workspace/Sources/LZ77/Deflator/LZ77.Deflator.swift (in target 'LZ77' from project 'swift-png')
cd /Users/admin/builder/spi-builder-workspace/.swiftpm/xcode
SwiftCompile normal arm64 /Users/admin/builder/spi-builder-workspace/Sources/LZ77/Deflator/LZ77.DeflatorBuffers.Stream.swift (in target 'LZ77' from project 'swift-png')
cd /Users/admin/builder/spi-builder-workspace/.swiftpm/xcode
SwiftCompile normal arm64 /Users/admin/builder/spi-builder-workspace/Sources/LZ77/Deflator/LZ77.DeflatorBuffers.swift (in target 'LZ77' from project 'swift-png')
cd /Users/admin/builder/spi-builder-workspace/.swiftpm/xcode
SwiftCompile normal arm64 /Users/admin/builder/spi-builder-workspace/Sources/LZ77/Deflator/LZ77.DeflatorDicing.Node.swift (in target 'LZ77' from project 'swift-png')
cd /Users/admin/builder/spi-builder-workspace/.swiftpm/xcode
SwiftCompile normal arm64 /Users/admin/builder/spi-builder-workspace/Sources/LZ77/Deflator/LZ77.DeflatorDicing.swift (in target 'LZ77' from project 'swift-png')
cd /Users/admin/builder/spi-builder-workspace/.swiftpm/xcode
SwiftCompile normal arm64 Compiling\ SIMD16\ (ext).swift,\ LZ77.Format.swift,\ LZ77.FormatType.swift,\ LZ77.MRC32.swift,\ LZ77.StreamIntegral.swift /Users/admin/builder/spi-builder-workspace/Sources/LZ77/SIMD16\ (ext).swift /Users/admin/builder/spi-builder-workspace/Sources/LZ77/Wrappers/LZ77.Format.swift /Users/admin/builder/spi-builder-workspace/Sources/LZ77/Wrappers/LZ77.FormatType.swift /Users/admin/builder/spi-builder-workspace/Sources/LZ77/Wrappers/LZ77.MRC32.swift /Users/admin/builder/spi-builder-workspace/Sources/LZ77/Wrappers/LZ77.StreamIntegral.swift (in target 'LZ77' from project 'swift-png')
SwiftCompile normal arm64 /Users/admin/builder/spi-builder-workspace/Sources/LZ77/SIMD16\ (ext).swift (in target 'LZ77' from project 'swift-png')
cd /Users/admin/builder/spi-builder-workspace/.swiftpm/xcode
SwiftCompile normal arm64 /Users/admin/builder/spi-builder-workspace/Sources/LZ77/Wrappers/LZ77.Format.swift (in target 'LZ77' from project 'swift-png')
cd /Users/admin/builder/spi-builder-workspace/.swiftpm/xcode
SwiftCompile normal arm64 /Users/admin/builder/spi-builder-workspace/Sources/LZ77/Wrappers/LZ77.FormatType.swift (in target 'LZ77' from project 'swift-png')
cd /Users/admin/builder/spi-builder-workspace/.swiftpm/xcode
SwiftCompile normal arm64 /Users/admin/builder/spi-builder-workspace/Sources/LZ77/Wrappers/LZ77.MRC32.swift (in target 'LZ77' from project 'swift-png')
cd /Users/admin/builder/spi-builder-workspace/.swiftpm/xcode
SwiftCompile normal arm64 /Users/admin/builder/spi-builder-workspace/Sources/LZ77/Wrappers/LZ77.StreamIntegral.swift (in target 'LZ77' from project 'swift-png')
cd /Users/admin/builder/spi-builder-workspace/.swiftpm/xcode
SwiftCompile normal arm64 Compiling\ Gzip.Format.swift,\ Gzip.Inflator.swift,\ Gzip.InflatorState.swift,\ Gzip.StreamHeader.swift,\ Gzip.StreamHeaderError.swift,\ Gzip.swift /Users/admin/builder/spi-builder-workspace/Sources/LZ77/Gzip/Gzip.Format.swift /Users/admin/builder/spi-builder-workspace/Sources/LZ77/Gzip/Gzip.Inflator.swift /Users/admin/builder/spi-builder-workspace/Sources/LZ77/Gzip/Gzip.InflatorState.swift /Users/admin/builder/spi-builder-workspace/Sources/LZ77/Gzip/Gzip.StreamHeader.swift /Users/admin/builder/spi-builder-workspace/Sources/LZ77/Gzip/Gzip.StreamHeaderError.swift /Users/admin/builder/spi-builder-workspace/Sources/LZ77/Gzip/Gzip.swift (in target 'LZ77' from project 'swift-png')
SwiftCompile normal arm64 /Users/admin/builder/spi-builder-workspace/Sources/LZ77/Gzip/Gzip.Format.swift (in target 'LZ77' from project 'swift-png')
cd /Users/admin/builder/spi-builder-workspace/.swiftpm/xcode
SwiftCompile normal arm64 /Users/admin/builder/spi-builder-workspace/Sources/LZ77/Gzip/Gzip.Inflator.swift (in target 'LZ77' from project 'swift-png')
cd /Users/admin/builder/spi-builder-workspace/.swiftpm/xcode
SwiftCompile normal arm64 /Users/admin/builder/spi-builder-workspace/Sources/LZ77/Gzip/Gzip.InflatorState.swift (in target 'LZ77' from project 'swift-png')
cd /Users/admin/builder/spi-builder-workspace/.swiftpm/xcode
SwiftCompile normal arm64 /Users/admin/builder/spi-builder-workspace/Sources/LZ77/Gzip/Gzip.StreamHeader.swift (in target 'LZ77' from project 'swift-png')
cd /Users/admin/builder/spi-builder-workspace/.swiftpm/xcode
SwiftCompile normal arm64 /Users/admin/builder/spi-builder-workspace/Sources/LZ77/Gzip/Gzip.StreamHeaderError.swift (in target 'LZ77' from project 'swift-png')
cd /Users/admin/builder/spi-builder-workspace/.swiftpm/xcode
SwiftCompile normal arm64 /Users/admin/builder/spi-builder-workspace/Sources/LZ77/Gzip/Gzip.swift (in target 'LZ77' from project 'swift-png')
cd /Users/admin/builder/spi-builder-workspace/.swiftpm/xcode
SwiftCompile normal arm64 Compiling\ LZ77.Codeword.swift,\ LZ77.Distance.swift,\ LZ77.Heap.swift,\ LZ77.HuffmanPattern.swift,\ LZ77.HuffmanTree.swift,\ LZ77.Metaword.swift /Users/admin/builder/spi-builder-workspace/Sources/LZ77/HuffmanCoding/LZ77.Codeword.swift /Users/admin/builder/spi-builder-workspace/Sources/LZ77/HuffmanCoding/LZ77.Distance.swift /Users/admin/builder/spi-builder-workspace/Sources/LZ77/HuffmanCoding/LZ77.Heap.swift /Users/admin/builder/spi-builder-workspace/Sources/LZ77/HuffmanCoding/LZ77.HuffmanPattern.swift /Users/admin/builder/spi-builder-workspace/Sources/LZ77/HuffmanCoding/LZ77.HuffmanTree.swift /Users/admin/builder/spi-builder-workspace/Sources/LZ77/HuffmanCoding/LZ77.Metaword.swift (in target 'LZ77' from project 'swift-png')
SwiftCompile normal arm64 /Users/admin/builder/spi-builder-workspace/Sources/LZ77/HuffmanCoding/LZ77.Codeword.swift (in target 'LZ77' from project 'swift-png')
cd /Users/admin/builder/spi-builder-workspace/.swiftpm/xcode
SwiftCompile normal arm64 /Users/admin/builder/spi-builder-workspace/Sources/LZ77/HuffmanCoding/LZ77.Distance.swift (in target 'LZ77' from project 'swift-png')
cd /Users/admin/builder/spi-builder-workspace/.swiftpm/xcode
SwiftCompile normal arm64 /Users/admin/builder/spi-builder-workspace/Sources/LZ77/HuffmanCoding/LZ77.Heap.swift (in target 'LZ77' from project 'swift-png')
cd /Users/admin/builder/spi-builder-workspace/.swiftpm/xcode
SwiftCompile normal arm64 /Users/admin/builder/spi-builder-workspace/Sources/LZ77/HuffmanCoding/LZ77.HuffmanPattern.swift (in target 'LZ77' from project 'swift-png')
cd /Users/admin/builder/spi-builder-workspace/.swiftpm/xcode
SwiftCompile normal arm64 /Users/admin/builder/spi-builder-workspace/Sources/LZ77/HuffmanCoding/LZ77.HuffmanTree.swift (in target 'LZ77' from project 'swift-png')
cd /Users/admin/builder/spi-builder-workspace/.swiftpm/xcode
SwiftCompile normal arm64 /Users/admin/builder/spi-builder-workspace/Sources/LZ77/HuffmanCoding/LZ77.Metaword.swift (in target 'LZ77' from project 'swift-png')
cd /Users/admin/builder/spi-builder-workspace/.swiftpm/xcode
SwiftCompile normal arm64 Compiling\ LZ77.DeflatorTerm.Meta.swift,\ LZ77.DeflatorTerm.swift,\ LZ77.DeflatorWindow.Element.swift,\ LZ77.DeflatorWindow.swift,\ F14.District.Index.swift,\ F14.District.swift /Users/admin/builder/spi-builder-workspace/Sources/LZ77/Deflator/LZ77.DeflatorTerm.Meta.swift /Users/admin/builder/spi-builder-workspace/Sources/LZ77/Deflator/LZ77.DeflatorTerm.swift /Users/admin/builder/spi-builder-workspace/Sources/LZ77/Deflator/LZ77.DeflatorWindow.Element.swift /Users/admin/builder/spi-builder-workspace/Sources/LZ77/Deflator/LZ77.DeflatorWindow.swift /Users/admin/builder/spi-builder-workspace/Sources/LZ77/F14/F14.District.Index.swift /Users/admin/builder/spi-builder-workspace/Sources/LZ77/F14/F14.District.swift (in target 'LZ77' from project 'swift-png')
SwiftCompile normal arm64 /Users/admin/builder/spi-builder-workspace/Sources/LZ77/Deflator/LZ77.DeflatorTerm.Meta.swift (in target 'LZ77' from project 'swift-png')
cd /Users/admin/builder/spi-builder-workspace/.swiftpm/xcode
SwiftCompile normal arm64 /Users/admin/builder/spi-builder-workspace/Sources/LZ77/Deflator/LZ77.DeflatorTerm.swift (in target 'LZ77' from project 'swift-png')
cd /Users/admin/builder/spi-builder-workspace/.swiftpm/xcode
SwiftCompile normal arm64 /Users/admin/builder/spi-builder-workspace/Sources/LZ77/Deflator/LZ77.DeflatorWindow.Element.swift (in target 'LZ77' from project 'swift-png')
cd /Users/admin/builder/spi-builder-workspace/.swiftpm/xcode
SwiftCompile normal arm64 /Users/admin/builder/spi-builder-workspace/Sources/LZ77/Deflator/LZ77.DeflatorWindow.swift (in target 'LZ77' from project 'swift-png')
cd /Users/admin/builder/spi-builder-workspace/.swiftpm/xcode
SwiftCompile normal arm64 /Users/admin/builder/spi-builder-workspace/Sources/LZ77/F14/F14.District.Index.swift (in target 'LZ77' from project 'swift-png')
cd /Users/admin/builder/spi-builder-workspace/.swiftpm/xcode
SwiftCompile normal arm64 /Users/admin/builder/spi-builder-workspace/Sources/LZ77/F14/F14.District.swift (in target 'LZ77' from project 'swift-png')
cd /Users/admin/builder/spi-builder-workspace/.swiftpm/xcode
SwiftCompile normal arm64 Compiling\ LZ77.DeflatorIn.swift,\ LZ77.DeflatorMatches.Depths.swift,\ LZ77.DeflatorMatches.swift,\ LZ77.DeflatorOut.swift,\ LZ77.DeflatorSearch.swift,\ LZ77.DeflatorTables.swift /Users/admin/builder/spi-builder-workspace/Sources/LZ77/Deflator/LZ77.DeflatorIn.swift /Users/admin/builder/spi-builder-workspace/Sources/LZ77/Deflator/LZ77.DeflatorMatches.Depths.swift /Users/admin/builder/spi-builder-workspace/Sources/LZ77/Deflator/LZ77.DeflatorMatches.swift /Users/admin/builder/spi-builder-workspace/Sources/LZ77/Deflator/LZ77.DeflatorOut.swift /Users/admin/builder/spi-builder-workspace/Sources/LZ77/Deflator/LZ77.DeflatorSearch.swift /Users/admin/builder/spi-builder-workspace/Sources/LZ77/Deflator/LZ77.DeflatorTables.swift (in target 'LZ77' from project 'swift-png')
SwiftCompile normal arm64 /Users/admin/builder/spi-builder-workspace/Sources/LZ77/Deflator/LZ77.DeflatorIn.swift (in target 'LZ77' from project 'swift-png')
cd /Users/admin/builder/spi-builder-workspace/.swiftpm/xcode
SwiftCompile normal arm64 /Users/admin/builder/spi-builder-workspace/Sources/LZ77/Deflator/LZ77.DeflatorMatches.Depths.swift (in target 'LZ77' from project 'swift-png')
cd /Users/admin/builder/spi-builder-workspace/.swiftpm/xcode
SwiftCompile normal arm64 /Users/admin/builder/spi-builder-workspace/Sources/LZ77/Deflator/LZ77.DeflatorMatches.swift (in target 'LZ77' from project 'swift-png')
cd /Users/admin/builder/spi-builder-workspace/.swiftpm/xcode
SwiftCompile normal arm64 /Users/admin/builder/spi-builder-workspace/Sources/LZ77/Deflator/LZ77.DeflatorOut.swift (in target 'LZ77' from project 'swift-png')
cd /Users/admin/builder/spi-builder-workspace/.swiftpm/xcode
SwiftCompile normal arm64 /Users/admin/builder/spi-builder-workspace/Sources/LZ77/Deflator/LZ77.DeflatorSearch.swift (in target 'LZ77' from project 'swift-png')
cd /Users/admin/builder/spi-builder-workspace/.swiftpm/xcode
SwiftCompile normal arm64 /Users/admin/builder/spi-builder-workspace/Sources/LZ77/Deflator/LZ77.DeflatorTables.swift (in target 'LZ77' from project 'swift-png')
cd /Users/admin/builder/spi-builder-workspace/.swiftpm/xcode
SwiftDriverJobDiscovery normal arm64 Compiling Gzip.Format.swift, Gzip.Inflator.swift, Gzip.InflatorState.swift, Gzip.StreamHeader.swift, Gzip.StreamHeaderError.swift, Gzip.swift (in target 'LZ77' from project 'swift-png')
SwiftDriverJobDiscovery normal arm64 Emitting module for LZ77 (in target 'LZ77' from project 'swift-png')
SwiftDriver\ Compilation\ Requirements LZ77 normal arm64 com.apple.xcode.tools.swift.compiler (in target 'LZ77' from project 'swift-png')
cd /Users/admin/builder/spi-builder-workspace/.swiftpm/xcode
builtin-Swift-Compilation-Requirements -- /Applications/Xcode-26.3.0.app/Contents/Developer/Toolchains/XcodeDefault.xctoolchain/usr/bin/swiftc -module-name LZ77 -Onone -enforce-exclusivity\=checked @/Users/admin/builder/spi-builder-workspace/.derivedData/Build/Intermediates.noindex/swift-png.build/Debug-xros/LZ77.build/Objects-normal/arm64/LZ77.SwiftFileList -DSWIFT_PACKAGE -DDEBUG -DSWIFT_MODULE_RESOURCE_BUNDLE_UNAVAILABLE -DXcode -enable-upcoming-feature BareSlashRegexLiterals -enable-upcoming-feature ConciseMagicFile -enable-upcoming-feature ExistentialAny -plugin-path /Applications/Xcode-26.3.0.app/Contents/Developer/Toolchains/XcodeDefault.xctoolchain/usr/lib/swift/host/plugins/testing -enable-experimental-feature DebugDescriptionMacro -sdk /Applications/Xcode-26.3.0.app/Contents/Developer/Platforms/XROS.platform/Developer/SDKs/XROS26.2.sdk -target arm64-apple-xros1.0 -g -module-cache-path /Users/admin/builder/spi-builder-workspace/.derivedData/ModuleCache.noindex -Xfrontend -serialize-debugging-options -profile-coverage-mapping -profile-generate -enable-testing -index-store-path /Users/admin/builder/spi-builder-workspace/.derivedData/Index.noindex/DataStore -Xcc -D_LIBCPP_HARDENING_MODE\=_LIBCPP_HARDENING_MODE_DEBUG -swift-version 5 -I /Users/admin/builder/spi-builder-workspace/.derivedData/Build/Products/Debug-xros -Isystem /Applications/Xcode-26.3.0.app/Contents/Developer/Platforms/XROS.platform/Developer/usr/lib -F /Users/admin/builder/spi-builder-workspace/.derivedData/Build/Products/Debug-xros/PackageFrameworks -F /Users/admin/builder/spi-builder-workspace/.derivedData/Build/Products/Debug-xros/PackageFrameworks -F /Users/admin/builder/spi-builder-workspace/.derivedData/Build/Products/Debug-xros/PackageFrameworks -F /Users/admin/builder/spi-builder-workspace/.derivedData/Build/Products/Debug-xros -F /Applications/Xcode-26.3.0.app/Contents/Developer/Platforms/XROS.platform/Developer/Library/Frameworks -F /Applications/Xcode-26.3.0.app/Contents/Developer/Platforms/XROS.platform/Developer/SDKs/XROS26.2.sdk/Developer/Library/Frameworks -c -j10 -enable-batch-mode -incremental -Xcc -ivfsstatcache -Xcc /Users/admin/builder/spi-builder-workspace/.derivedData/SDKStatCaches.noindex/xros26.2-23N301-dc75598d0054f22ec865fa860f139d72f5e64962d3ee001da1d77d1957dffdab.sdkstatcache -output-file-map /Users/admin/builder/spi-builder-workspace/.derivedData/Build/Intermediates.noindex/swift-png.build/Debug-xros/LZ77.build/Objects-normal/arm64/LZ77-OutputFileMap.json -use-frontend-parseable-output -save-temps -no-color-diagnostics -explicit-module-build -module-cache-path /Users/admin/builder/spi-builder-workspace/.derivedData/Build/Intermediates.noindex/SwiftExplicitPrecompiledModules -clang-scanner-module-cache-path /Users/admin/builder/spi-builder-workspace/.derivedData/ModuleCache.noindex -sdk-module-cache-path /Users/admin/builder/spi-builder-workspace/.derivedData/ModuleCache.noindex -serialize-diagnostics -emit-dependencies -emit-module -emit-module-path /Users/admin/builder/spi-builder-workspace/.derivedData/Build/Intermediates.noindex/swift-png.build/Debug-xros/LZ77.build/Objects-normal/arm64/LZ77.swiftmodule -validate-clang-modules-once -clang-build-session-file /Users/admin/builder/spi-builder-workspace/.derivedData/ModuleCache.noindex/Session.modulevalidation -Xcc -I/Users/admin/builder/spi-builder-workspace/.derivedData/Build/Intermediates.noindex/swift-png.build/Debug-xros/LZ77.build/swift-overrides.hmap -emit-const-values -Xfrontend -const-gather-protocols-file -Xfrontend /Users/admin/builder/spi-builder-workspace/.derivedData/Build/Intermediates.noindex/swift-png.build/Debug-xros/LZ77.build/Objects-normal/arm64/LZ77_const_extract_protocols.json -Xcc -I/Users/admin/builder/spi-builder-workspace/.derivedData/Build/Products/Debug-xros/include -Xcc -I/Users/admin/builder/spi-builder-workspace/.derivedData/Build/Intermediates.noindex/swift-png.build/Debug-xros/LZ77.build/DerivedSources-normal/arm64 -Xcc -I/Users/admin/builder/spi-builder-workspace/.derivedData/Build/Intermediates.noindex/swift-png.build/Debug-xros/LZ77.build/DerivedSources/arm64 -Xcc -I/Users/admin/builder/spi-builder-workspace/.derivedData/Build/Intermediates.noindex/swift-png.build/Debug-xros/LZ77.build/DerivedSources -Xcc -DSWIFT_PACKAGE -Xcc -DDEBUG\=1 -emit-objc-header -emit-objc-header-path /Users/admin/builder/spi-builder-workspace/.derivedData/Build/Intermediates.noindex/swift-png.build/Debug-xros/LZ77.build/Objects-normal/arm64/LZ77-Swift.h -working-directory /Users/admin/builder/spi-builder-workspace/.swiftpm/xcode -experimental-emit-module-separately -disable-cmo
ExtractAppIntentsMetadata (in target 'BaseDigits' from project 'h')
cd /Users/admin/builder/spi-builder-workspace/.dependencies/checkouts/h
/Applications/Xcode-26.3.0.app/Contents/Developer/Toolchains/XcodeDefault.xctoolchain/usr/bin/appintentsmetadataprocessor --toolchain-dir /var/run/com.apple.security.cryptexd/mnt/com.apple.MobileAsset.MetalToolchain-v17.3.7003.10.7blh5R/Metal.xctoolchain --module-name BaseDigits --sdk-root /Applications/Xcode-26.3.0.app/Contents/Developer/Platforms/XROS.platform/Developer/SDKs/XROS26.2.sdk --xcode-version 17C529 --platform-family xrOS --deployment-target 1.0 --bundle-identifier h.BaseDigits --output /Users/admin/builder/spi-builder-workspace/.derivedData/Build/Products/Debug-xros/BaseDigits.appintents --target-triple arm64-apple-xros1.0 --binary-file /Users/admin/builder/spi-builder-workspace/.derivedData/Build/Products/Debug-xros/BaseDigits.o --dependency-file /Users/admin/builder/spi-builder-workspace/.derivedData/Build/Intermediates.noindex/h.build/Debug-xros/BaseDigits.build/Objects-normal/arm64/BaseDigits_dependency_info.dat --stringsdata-file /Users/admin/builder/spi-builder-workspace/.derivedData/Build/Intermediates.noindex/h.build/Debug-xros/BaseDigits.build/Objects-normal/arm64/ExtractedAppShortcutsMetadata.stringsdata --source-file-list /Users/admin/builder/spi-builder-workspace/.derivedData/Build/Intermediates.noindex/h.build/Debug-xros/BaseDigits.build/Objects-normal/arm64/BaseDigits.SwiftFileList --metadata-file-list /Users/admin/builder/spi-builder-workspace/.derivedData/Build/Intermediates.noindex/h.build/Debug-xros/BaseDigits.build/BaseDigits.DependencyMetadataFileList --static-metadata-file-list /Users/admin/builder/spi-builder-workspace/.derivedData/Build/Intermediates.noindex/h.build/Debug-xros/BaseDigits.build/BaseDigits.DependencyStaticMetadataFileList --swift-const-vals-list /Users/admin/builder/spi-builder-workspace/.derivedData/Build/Intermediates.noindex/h.build/Debug-xros/BaseDigits.build/Objects-normal/arm64/BaseDigits.SwiftConstValuesFileList --force --compile-time-extraction --deployment-aware-processing --validate-assistant-intents --no-app-shortcuts-localization
2026-10-08 17:35:01.435 appintentsmetadataprocessor[957:5629] Starting appintentsmetadataprocessor export
2026-10-08 17:35:01.569 appintentsmetadataprocessor[957:5629] Extracted no relevant App Intents symbols, skipping writing output
SwiftMergeGeneratedHeaders /Users/admin/builder/spi-builder-workspace/.derivedData/Build/Intermediates.noindex/GeneratedModuleMaps-xros/LZ77-Swift.h /Users/admin/builder/spi-builder-workspace/.derivedData/Build/Intermediates.noindex/swift-png.build/Debug-xros/LZ77.build/Objects-normal/arm64/LZ77-Swift.h (in target 'LZ77' from project 'swift-png')
cd /Users/admin/builder/spi-builder-workspace
builtin-swiftHeaderTool -arch arm64 /Users/admin/builder/spi-builder-workspace/.derivedData/Build/Intermediates.noindex/swift-png.build/Debug-xros/LZ77.build/Objects-normal/arm64/LZ77-Swift.h -o /Users/admin/builder/spi-builder-workspace/.derivedData/Build/Intermediates.noindex/GeneratedModuleMaps-xros/LZ77-Swift.h
SwiftDriverJobDiscovery normal arm64 Compiling LZ77.RunLiteral.swift, LZ77.BlockMetadata.swift, LZ77.BlockShape.swift, LZ77.BlockState.swift, LZ77.BlockType.swift, LZ77.DecompressionError.swift (in target 'LZ77' from project 'swift-png')
Copy /Users/admin/builder/spi-builder-workspace/.derivedData/Build/Products/Debug-xros/LZ77.swiftmodule/arm64-apple-xros.swiftmodule /Users/admin/builder/spi-builder-workspace/.derivedData/Build/Intermediates.noindex/swift-png.build/Debug-xros/LZ77.build/Objects-normal/arm64/LZ77.swiftmodule (in target 'LZ77' from project 'swift-png')
cd /Users/admin/builder/spi-builder-workspace
builtin-copy -exclude .DS_Store -exclude CVS -exclude .svn -exclude .git -exclude .hg -resolve-src-symlinks -rename /Users/admin/builder/spi-builder-workspace/.derivedData/Build/Intermediates.noindex/swift-png.build/Debug-xros/LZ77.build/Objects-normal/arm64/LZ77.swiftmodule /Users/admin/builder/spi-builder-workspace/.derivedData/Build/Products/Debug-xros/LZ77.swiftmodule/arm64-apple-xros.swiftmodule
Copy /Users/admin/builder/spi-builder-workspace/.derivedData/Build/Products/Debug-xros/LZ77.swiftmodule/arm64-apple-xros.swiftdoc /Users/admin/builder/spi-builder-workspace/.derivedData/Build/Intermediates.noindex/swift-png.build/Debug-xros/LZ77.build/Objects-normal/arm64/LZ77.swiftdoc (in target 'LZ77' from project 'swift-png')
cd /Users/admin/builder/spi-builder-workspace
builtin-copy -exclude .DS_Store -exclude CVS -exclude .svn -exclude .git -exclude .hg -resolve-src-symlinks -rename /Users/admin/builder/spi-builder-workspace/.derivedData/Build/Intermediates.noindex/swift-png.build/Debug-xros/LZ77.build/Objects-normal/arm64/LZ77.swiftdoc /Users/admin/builder/spi-builder-workspace/.derivedData/Build/Products/Debug-xros/LZ77.swiftmodule/arm64-apple-xros.swiftdoc
Copy /Users/admin/builder/spi-builder-workspace/.derivedData/Build/Products/Debug-xros/LZ77.swiftmodule/arm64-apple-xros.abi.json /Users/admin/builder/spi-builder-workspace/.derivedData/Build/Intermediates.noindex/swift-png.build/Debug-xros/LZ77.build/Objects-normal/arm64/LZ77.abi.json (in target 'LZ77' from project 'swift-png')
cd /Users/admin/builder/spi-builder-workspace
builtin-copy -exclude .DS_Store -exclude CVS -exclude .svn -exclude .git -exclude .hg -resolve-src-symlinks -rename /Users/admin/builder/spi-builder-workspace/.derivedData/Build/Intermediates.noindex/swift-png.build/Debug-xros/LZ77.build/Objects-normal/arm64/LZ77.abi.json /Users/admin/builder/spi-builder-workspace/.derivedData/Build/Products/Debug-xros/LZ77.swiftmodule/arm64-apple-xros.abi.json
Copy /Users/admin/builder/spi-builder-workspace/.derivedData/Build/Products/Debug-xros/LZ77.swiftmodule/Project/arm64-apple-xros.swiftsourceinfo /Users/admin/builder/spi-builder-workspace/.derivedData/Build/Intermediates.noindex/swift-png.build/Debug-xros/LZ77.build/Objects-normal/arm64/LZ77.swiftsourceinfo (in target 'LZ77' from project 'swift-png')
cd /Users/admin/builder/spi-builder-workspace
builtin-copy -exclude .DS_Store -exclude CVS -exclude .svn -exclude .git -exclude .hg -resolve-src-symlinks -rename /Users/admin/builder/spi-builder-workspace/.derivedData/Build/Intermediates.noindex/swift-png.build/Debug-xros/LZ77.build/Objects-normal/arm64/LZ77.swiftsourceinfo /Users/admin/builder/spi-builder-workspace/.derivedData/Build/Products/Debug-xros/LZ77.swiftmodule/Project/arm64-apple-xros.swiftsourceinfo
SwiftDriver PNG normal arm64 com.apple.xcode.tools.swift.compiler (in target 'PNG' from project 'swift-png')
cd /Users/admin/builder/spi-builder-workspace/.swiftpm/xcode
builtin-SwiftDriver -- /Applications/Xcode-26.3.0.app/Contents/Developer/Toolchains/XcodeDefault.xctoolchain/usr/bin/swiftc -module-name PNG -Onone -enforce-exclusivity\=checked @/Users/admin/builder/spi-builder-workspace/.derivedData/Build/Intermediates.noindex/swift-png.build/Debug-xros/PNG.build/Objects-normal/arm64/PNG.SwiftFileList -DSWIFT_PACKAGE -DDEBUG -DSWIFT_MODULE_RESOURCE_BUNDLE_UNAVAILABLE -DXcode -enable-upcoming-feature BareSlashRegexLiterals -enable-upcoming-feature ConciseMagicFile -enable-upcoming-feature ExistentialAny -plugin-path /Applications/Xcode-26.3.0.app/Contents/Developer/Toolchains/XcodeDefault.xctoolchain/usr/lib/swift/host/plugins/testing -enable-experimental-feature DebugDescriptionMacro -sdk /Applications/Xcode-26.3.0.app/Contents/Developer/Platforms/XROS.platform/Developer/SDKs/XROS26.2.sdk -target arm64-apple-xros1.0 -g -module-cache-path /Users/admin/builder/spi-builder-workspace/.derivedData/ModuleCache.noindex -Xfrontend -serialize-debugging-options -profile-coverage-mapping -profile-generate -enable-testing -index-store-path /Users/admin/builder/spi-builder-workspace/.derivedData/Index.noindex/DataStore -Xcc -D_LIBCPP_HARDENING_MODE\=_LIBCPP_HARDENING_MODE_DEBUG -swift-version 5 -I /Users/admin/builder/spi-builder-workspace/.derivedData/Build/Products/Debug-xros -Isystem /Applications/Xcode-26.3.0.app/Contents/Developer/Platforms/XROS.platform/Developer/usr/lib -F /Users/admin/builder/spi-builder-workspace/.derivedData/Build/Products/Debug-xros/PackageFrameworks -F /Users/admin/builder/spi-builder-workspace/.derivedData/Build/Products/Debug-xros/PackageFrameworks -F /Users/admin/builder/spi-builder-workspace/.derivedData/Build/Products/Debug-xros/PackageFrameworks -F /Users/admin/builder/spi-builder-workspace/.derivedData/Build/Products/Debug-xros/PackageFrameworks -F /Users/admin/builder/spi-builder-workspace/.derivedData/Build/Products/Debug-xros -F /Applications/Xcode-26.3.0.app/Contents/Developer/Platforms/XROS.platform/Developer/Library/Frameworks -F /Applications/Xcode-26.3.0.app/Contents/Developer/Platforms/XROS.platform/Developer/SDKs/XROS26.2.sdk/Developer/Library/Frameworks -c -j10 -enable-batch-mode -incremental -Xcc -ivfsstatcache -Xcc /Users/admin/builder/spi-builder-workspace/.derivedData/SDKStatCaches.noindex/xros26.2-23N301-dc75598d0054f22ec865fa860f139d72f5e64962d3ee001da1d77d1957dffdab.sdkstatcache -output-file-map /Users/admin/builder/spi-builder-workspace/.derivedData/Build/Intermediates.noindex/swift-png.build/Debug-xros/PNG.build/Objects-normal/arm64/PNG-OutputFileMap.json -use-frontend-parseable-output -save-temps -no-color-diagnostics -explicit-module-build -module-cache-path /Users/admin/builder/spi-builder-workspace/.derivedData/Build/Intermediates.noindex/SwiftExplicitPrecompiledModules -clang-scanner-module-cache-path /Users/admin/builder/spi-builder-workspace/.derivedData/ModuleCache.noindex -sdk-module-cache-path /Users/admin/builder/spi-builder-workspace/.derivedData/ModuleCache.noindex -serialize-diagnostics -emit-dependencies -emit-module -emit-module-path /Users/admin/builder/spi-builder-workspace/.derivedData/Build/Intermediates.noindex/swift-png.build/Debug-xros/PNG.build/Objects-normal/arm64/PNG.swiftmodule -validate-clang-modules-once -clang-build-session-file /Users/admin/builder/spi-builder-workspace/.derivedData/ModuleCache.noindex/Session.modulevalidation -Xcc -I/Users/admin/builder/spi-builder-workspace/.derivedData/Build/Intermediates.noindex/swift-png.build/Debug-xros/PNG.build/swift-overrides.hmap -emit-const-values -Xfrontend -const-gather-protocols-file -Xfrontend /Users/admin/builder/spi-builder-workspace/.derivedData/Build/Intermediates.noindex/swift-png.build/Debug-xros/PNG.build/Objects-normal/arm64/PNG_const_extract_protocols.json -Xcc -I/Users/admin/builder/spi-builder-workspace/.derivedData/Build/Products/Debug-xros/include -Xcc -I/Users/admin/builder/spi-builder-workspace/.derivedData/Build/Intermediates.noindex/swift-png.build/Debug-xros/PNG.build/DerivedSources-normal/arm64 -Xcc -I/Users/admin/builder/spi-builder-workspace/.derivedData/Build/Intermediates.noindex/swift-png.build/Debug-xros/PNG.build/DerivedSources/arm64 -Xcc -I/Users/admin/builder/spi-builder-workspace/.derivedData/Build/Intermediates.noindex/swift-png.build/Debug-xros/PNG.build/DerivedSources -Xcc -DSWIFT_PACKAGE -Xcc -DDEBUG\=1 -emit-objc-header -emit-objc-header-path /Users/admin/builder/spi-builder-workspace/.derivedData/Build/Intermediates.noindex/swift-png.build/Debug-xros/PNG.build/Objects-normal/arm64/PNG-Swift.h -working-directory /Users/admin/builder/spi-builder-workspace/.swiftpm/xcode -experimental-emit-module-separately -disable-cmo
SwiftDriverJobDiscovery normal arm64 Compiling SIMD16 (ext).swift, LZ77.Format.swift, LZ77.FormatType.swift, LZ77.MRC32.swift, LZ77.StreamIntegral.swift (in target 'LZ77' from project 'swift-png')
SwiftDriverJobDiscovery normal arm64 Compiling LZ77.InflatorTables.swift, LZ77.StreamHeader.swift, LZ77.StreamHeaderError.swift, LZ77.Composites.swift, LZ77.Reversed.swift, LZ77.swift (in target 'LZ77' from project 'swift-png')
SwiftDriverJobDiscovery normal arm64 Compiling F14.Hash.swift, F14.HashTable.swift, F14.swift, FixedWidthInteger (ext).swift, Gzip.Deflator.swift, Gzip.Format.Integral.swift (in target 'LZ77' from project 'swift-png')
SwiftDriverJobDiscovery normal arm64 Compiling LZ77.DeflatorTerm.Meta.swift, LZ77.DeflatorTerm.swift, LZ77.DeflatorWindow.Element.swift, LZ77.DeflatorWindow.swift, F14.District.Index.swift, F14.District.swift (in target 'LZ77' from project 'swift-png')
SwiftDriverJobDiscovery normal arm64 Compiling LZ77.Decades.swift, LZ77.Deflator.swift, LZ77.DeflatorBuffers.Stream.swift, LZ77.DeflatorBuffers.swift, LZ77.DeflatorDicing.Node.swift, LZ77.DeflatorDicing.swift (in target 'LZ77' from project 'swift-png')
SwiftExplicitDependencyGeneratePcm arm64 /Users/admin/builder/spi-builder-workspace/.derivedData/ModuleCache.noindex/_AvailabilityInternal-59RKLAH367BCLMA4BP9X29RA0.pcm
SwiftExplicitDependencyGeneratePcm arm64 /Users/admin/builder/spi-builder-workspace/.derivedData/ModuleCache.noindex/_Builtin_stddef-7J8I4D747RUWBIYVTCUP6XCDQ.pcm
SwiftExplicitDependencyGeneratePcm arm64 /Users/admin/builder/spi-builder-workspace/.derivedData/ModuleCache.noindex/_Builtin_float-B1VX477YXD7CAGEWY0R0RU846.pcm
SwiftExplicitDependencyGeneratePcm arm64 /Users/admin/builder/spi-builder-workspace/.derivedData/ModuleCache.noindex/ptrcheck-5R017QINEW262H7RW8YQHZUWW.pcm
SwiftExplicitDependencyGeneratePcm arm64 /Users/admin/builder/spi-builder-workspace/.derivedData/ModuleCache.noindex/_Builtin_stdbool-BY9SH1ZLURHIZF4O8W9N7X51.pcm
SwiftExplicitDependencyGeneratePcm arm64 /Users/admin/builder/spi-builder-workspace/.derivedData/ModuleCache.noindex/_Builtin_stdarg-1UFLOIXY4PP9XJ7I5XRYGIGRS.pcm
SwiftDriverJobDiscovery normal arm64 Compiling LZ77.Codeword.swift, LZ77.Distance.swift, LZ77.Heap.swift, LZ77.HuffmanPattern.swift, LZ77.HuffmanTree.swift, LZ77.Metaword.swift (in target 'LZ77' from project 'swift-png')
SwiftDriverJobDiscovery normal arm64 Compiling LZ77.Inflator.swift, LZ77.InflatorBuffers.Stream.swift, LZ77.InflatorBuffers.swift, LZ77.InflatorIn.swift, LZ77.InflatorOut.swift, LZ77.InflatorState.swift (in target 'LZ77' from project 'swift-png')
SwiftExplicitDependencyGeneratePcm arm64 /Users/admin/builder/spi-builder-workspace/.derivedData/ModuleCache.noindex/_DarwinFoundation1-32JUI9BVMTB1YIPG3DOX0HVHZ.pcm
SwiftExplicitDependencyGeneratePcm arm64 /Users/admin/builder/spi-builder-workspace/.derivedData/ModuleCache.noindex/_DarwinFoundation2-BYCQT40TEPV9J5K8KWFTPAFBQ.pcm
SwiftExplicitDependencyGeneratePcm arm64 /Users/admin/builder/spi-builder-workspace/.derivedData/ModuleCache.noindex/_Builtin_limits-40TJW4LRH20Q0USFC9VI62SX3.pcm
SwiftExplicitDependencyGeneratePcm arm64 /Users/admin/builder/spi-builder-workspace/.derivedData/ModuleCache.noindex/sys_types-2RBMKWGX3KVNQAIS5A77GJ81P.pcm
SwiftExplicitDependencyGeneratePcm arm64 /Users/admin/builder/spi-builder-workspace/.derivedData/ModuleCache.noindex/_Builtin_stdint-9C6XW0G82BUFJ68L6816BB9W4.pcm
SwiftExplicitDependencyGeneratePcm arm64 /Users/admin/builder/spi-builder-workspace/.derivedData/ModuleCache.noindex/_DarwinFoundation3-2GOIISS4AFLSIAOGO3NG5XFRN.pcm
SwiftExplicitDependencyGeneratePcm arm64 /Users/admin/builder/spi-builder-workspace/.derivedData/ModuleCache.noindex/_Builtin_inttypes-AX2VW6P2YUECOPD1DXSYLDNAL.pcm
SwiftDriverJobDiscovery normal arm64 Compiling LZ77.DeflatorIn.swift, LZ77.DeflatorMatches.Depths.swift, LZ77.DeflatorMatches.swift, LZ77.DeflatorOut.swift, LZ77.DeflatorSearch.swift, LZ77.DeflatorTables.swift (in target 'LZ77' from project 'swift-png')
SwiftDriver\ Compilation LZ77 normal arm64 com.apple.xcode.tools.swift.compiler (in target 'LZ77' from project 'swift-png')
cd /Users/admin/builder/spi-builder-workspace/.swiftpm/xcode
builtin-Swift-Compilation -- /Applications/Xcode-26.3.0.app/Contents/Developer/Toolchains/XcodeDefault.xctoolchain/usr/bin/swiftc -module-name LZ77 -Onone -enforce-exclusivity\=checked @/Users/admin/builder/spi-builder-workspace/.derivedData/Build/Intermediates.noindex/swift-png.build/Debug-xros/LZ77.build/Objects-normal/arm64/LZ77.SwiftFileList -DSWIFT_PACKAGE -DDEBUG -DSWIFT_MODULE_RESOURCE_BUNDLE_UNAVAILABLE -DXcode -enable-upcoming-feature BareSlashRegexLiterals -enable-upcoming-feature ConciseMagicFile -enable-upcoming-feature ExistentialAny -plugin-path /Applications/Xcode-26.3.0.app/Contents/Developer/Toolchains/XcodeDefault.xctoolchain/usr/lib/swift/host/plugins/testing -enable-experimental-feature DebugDescriptionMacro -sdk /Applications/Xcode-26.3.0.app/Contents/Developer/Platforms/XROS.platform/Developer/SDKs/XROS26.2.sdk -target arm64-apple-xros1.0 -g -module-cache-path /Users/admin/builder/spi-builder-workspace/.derivedData/ModuleCache.noindex -Xfrontend -serialize-debugging-options -profile-coverage-mapping -profile-generate -enable-testing -index-store-path /Users/admin/builder/spi-builder-workspace/.derivedData/Index.noindex/DataStore -Xcc -D_LIBCPP_HARDENING_MODE\=_LIBCPP_HARDENING_MODE_DEBUG -swift-version 5 -I /Users/admin/builder/spi-builder-workspace/.derivedData/Build/Products/Debug-xros -Isystem /Applications/Xcode-26.3.0.app/Contents/Developer/Platforms/XROS.platform/Developer/usr/lib -F /Users/admin/builder/spi-builder-workspace/.derivedData/Build/Products/Debug-xros/PackageFrameworks -F /Users/admin/builder/spi-builder-workspace/.derivedData/Build/Products/Debug-xros/PackageFrameworks -F /Users/admin/builder/spi-builder-workspace/.derivedData/Build/Products/Debug-xros/PackageFrameworks -F /Users/admin/builder/spi-builder-workspace/.derivedData/Build/Products/Debug-xros -F /Applications/Xcode-26.3.0.app/Contents/Developer/Platforms/XROS.platform/Developer/Library/Frameworks -F /Applications/Xcode-26.3.0.app/Contents/Developer/Platforms/XROS.platform/Developer/SDKs/XROS26.2.sdk/Developer/Library/Frameworks -c -j10 -enable-batch-mode -incremental -Xcc -ivfsstatcache -Xcc /Users/admin/builder/spi-builder-workspace/.derivedData/SDKStatCaches.noindex/xros26.2-23N301-dc75598d0054f22ec865fa860f139d72f5e64962d3ee001da1d77d1957dffdab.sdkstatcache -output-file-map /Users/admin/builder/spi-builder-workspace/.derivedData/Build/Intermediates.noindex/swift-png.build/Debug-xros/LZ77.build/Objects-normal/arm64/LZ77-OutputFileMap.json -use-frontend-parseable-output -save-temps -no-color-diagnostics -explicit-module-build -module-cache-path /Users/admin/builder/spi-builder-workspace/.derivedData/Build/Intermediates.noindex/SwiftExplicitPrecompiledModules -clang-scanner-module-cache-path /Users/admin/builder/spi-builder-workspace/.derivedData/ModuleCache.noindex -sdk-module-cache-path /Users/admin/builder/spi-builder-workspace/.derivedData/ModuleCache.noindex -serialize-diagnostics -emit-dependencies -emit-module -emit-module-path /Users/admin/builder/spi-builder-workspace/.derivedData/Build/Intermediates.noindex/swift-png.build/Debug-xros/LZ77.build/Objects-normal/arm64/LZ77.swiftmodule -validate-clang-modules-once -clang-build-session-file /Users/admin/builder/spi-builder-workspace/.derivedData/ModuleCache.noindex/Session.modulevalidation -Xcc -I/Users/admin/builder/spi-builder-workspace/.derivedData/Build/Intermediates.noindex/swift-png.build/Debug-xros/LZ77.build/swift-overrides.hmap -emit-const-values -Xfrontend -const-gather-protocols-file -Xfrontend /Users/admin/builder/spi-builder-workspace/.derivedData/Build/Intermediates.noindex/swift-png.build/Debug-xros/LZ77.build/Objects-normal/arm64/LZ77_const_extract_protocols.json -Xcc -I/Users/admin/builder/spi-builder-workspace/.derivedData/Build/Products/Debug-xros/include -Xcc -I/Users/admin/builder/spi-builder-workspace/.derivedData/Build/Intermediates.noindex/swift-png.build/Debug-xros/LZ77.build/DerivedSources-normal/arm64 -Xcc -I/Users/admin/builder/spi-builder-workspace/.derivedData/Build/Intermediates.noindex/swift-png.build/Debug-xros/LZ77.build/DerivedSources/arm64 -Xcc -I/Users/admin/builder/spi-builder-workspace/.derivedData/Build/Intermediates.noindex/swift-png.build/Debug-xros/LZ77.build/DerivedSources -Xcc -DSWIFT_PACKAGE -Xcc -DDEBUG\=1 -emit-objc-header -emit-objc-header-path /Users/admin/builder/spi-builder-workspace/.derivedData/Build/Intermediates.noindex/swift-png.build/Debug-xros/LZ77.build/Objects-normal/arm64/LZ77-Swift.h -working-directory /Users/admin/builder/spi-builder-workspace/.swiftpm/xcode -experimental-emit-module-separately -disable-cmo
SwiftExplicitDependencyGeneratePcm arm64 /Users/admin/builder/spi-builder-workspace/.derivedData/ModuleCache.noindex/Darwin-DGMDGD780M9PGTWDQ2ZHPWKVC.pcm
RegisterExecutionPolicyException /Users/admin/builder/spi-builder-workspace/.derivedData/Build/Products/Debug-xros/BaseDigits.o (in target 'BaseDigits' from project 'h')
cd /Users/admin/builder/spi-builder-workspace/.dependencies/checkouts/h
builtin-RegisterExecutionPolicyException /Users/admin/builder/spi-builder-workspace/.derivedData/Build/Products/Debug-xros/BaseDigits.o
Ld /Users/admin/builder/spi-builder-workspace/.derivedData/Build/Products/Debug-xros/Base16.o normal (in target 'Base16' from project 'h')
cd /Users/admin/builder/spi-builder-workspace/.dependencies/checkouts/h
/Applications/Xcode-26.3.0.app/Contents/Developer/Toolchains/XcodeDefault.xctoolchain/usr/bin/clang -Xlinker -reproducible -target arm64-apple-xros1.0 -r -isysroot /Applications/Xcode-26.3.0.app/Contents/Developer/Platforms/XROS.platform/Developer/SDKs/XROS26.2.sdk -O0 -w -L/Users/admin/builder/spi-builder-workspace/.derivedData/Build/Intermediates.noindex/EagerLinkingTBDs/Debug-xros -L/Users/admin/builder/spi-builder-workspace/.derivedData/Build/Products/Debug-xros -L/Applications/Xcode-26.3.0.app/Contents/Developer/Platforms/XROS.platform/Developer/usr/lib -F/Users/admin/builder/spi-builder-workspace/.derivedData/Build/Intermediates.noindex/EagerLinkingTBDs/Debug-xros -F/Users/admin/builder/spi-builder-workspace/.derivedData/Build/Products/Debug-xros/PackageFrameworks -F/Users/admin/builder/spi-builder-workspace/.derivedData/Build/Products/Debug-xros -iframework /Applications/Xcode-26.3.0.app/Contents/Developer/Platforms/XROS.platform/Developer/Library/Frameworks -iframework /Applications/Xcode-26.3.0.app/Contents/Developer/Platforms/XROS.platform/Developer/SDKs/XROS26.2.sdk/Developer/Library/Frameworks -filelist /Users/admin/builder/spi-builder-workspace/.derivedData/Build/Intermediates.noindex/h.build/Debug-xros/Base16.build/Objects-normal/arm64/Base16.LinkFileList -nostdlib -Xlinker -object_path_lto -Xlinker /Users/admin/builder/spi-builder-workspace/.derivedData/Build/Intermediates.noindex/h.build/Debug-xros/Base16.build/Objects-normal/arm64/Base16_lto.o -rdynamic -Xlinker -no_deduplicate -Xlinker -debug_variant -Xlinker -dependency_info -Xlinker /Users/admin/builder/spi-builder-workspace/.derivedData/Build/Intermediates.noindex/h.build/Debug-xros/Base16.build/Objects-normal/arm64/Base16_dependency_info.dat -fobjc-link-runtime -L/Applications/Xcode-26.3.0.app/Contents/Developer/Toolchains/XcodeDefault.xctoolchain/usr/lib/swift/xros -L/usr/lib/swift -Xlinker -add_ast_path -Xlinker /Users/admin/builder/spi-builder-workspace/.derivedData/Build/Intermediates.noindex/h.build/Debug-xros/Base16.build/Objects-normal/arm64/Base16.swiftmodule @/Users/admin/builder/spi-builder-workspace/.derivedData/Build/Intermediates.noindex/h.build/Debug-xros/Base16.build/Objects-normal/arm64/Base16-linker-args.resp -o /Users/admin/builder/spi-builder-workspace/.derivedData/Build/Products/Debug-xros/Base16.o
ExtractAppIntentsMetadata (in target 'Base16' from project 'h')
cd /Users/admin/builder/spi-builder-workspace/.dependencies/checkouts/h
/Applications/Xcode-26.3.0.app/Contents/Developer/Toolchains/XcodeDefault.xctoolchain/usr/bin/appintentsmetadataprocessor --toolchain-dir /var/run/com.apple.security.cryptexd/mnt/com.apple.MobileAsset.MetalToolchain-v17.3.7003.10.7blh5R/Metal.xctoolchain --module-name Base16 --sdk-root /Applications/Xcode-26.3.0.app/Contents/Developer/Platforms/XROS.platform/Developer/SDKs/XROS26.2.sdk --xcode-version 17C529 --platform-family xrOS --deployment-target 1.0 --bundle-identifier h.Base16 --output /Users/admin/builder/spi-builder-workspace/.derivedData/Build/Products/Debug-xros/Base16.appintents --target-triple arm64-apple-xros1.0 --binary-file /Users/admin/builder/spi-builder-workspace/.derivedData/Build/Products/Debug-xros/Base16.o --dependency-file /Users/admin/builder/spi-builder-workspace/.derivedData/Build/Intermediates.noindex/h.build/Debug-xros/Base16.build/Objects-normal/arm64/Base16_dependency_info.dat --stringsdata-file /Users/admin/builder/spi-builder-workspace/.derivedData/Build/Intermediates.noindex/h.build/Debug-xros/Base16.build/Objects-normal/arm64/ExtractedAppShortcutsMetadata.stringsdata --source-file-list /Users/admin/builder/spi-builder-workspace/.derivedData/Build/Intermediates.noindex/h.build/Debug-xros/Base16.build/Objects-normal/arm64/Base16.SwiftFileList --metadata-file-list /Users/admin/builder/spi-builder-workspace/.derivedData/Build/Intermediates.noindex/h.build/Debug-xros/Base16.build/Base16.DependencyMetadataFileList --static-metadata-file-list /Users/admin/builder/spi-builder-workspace/.derivedData/Build/Intermediates.noindex/h.build/Debug-xros/Base16.build/Base16.DependencyStaticMetadataFileList --swift-const-vals-list /Users/admin/builder/spi-builder-workspace/.derivedData/Build/Intermediates.noindex/h.build/Debug-xros/Base16.build/Objects-normal/arm64/Base16.SwiftConstValuesFileList --force --compile-time-extraction --deployment-aware-processing --validate-assistant-intents --no-app-shortcuts-localization
2026-10-08 17:35:01.631 appintentsmetadataprocessor[980:5751] Starting appintentsmetadataprocessor export
2026-10-08 17:35:01.757 appintentsmetadataprocessor[980:5751] Extracted no relevant App Intents symbols, skipping writing output
SwiftEmitModule normal arm64 Emitting\ module\ for\ PNG (in target 'PNG' from project 'swift-png')
EmitSwiftModule normal arm64 (in target 'PNG' from project 'swift-png')
cd /Users/admin/builder/spi-builder-workspace/.swiftpm/xcode
SwiftCompile normal arm64 Compiling\ PNG.Transparency.swift,\ System.swift,\ UnsafeMutableBufferPointer\ (ext).swift,\ __Entrypoint.swift /Users/admin/builder/spi-builder-workspace/Sources/PNG/Parsing/PNG.Transparency.swift /Users/admin/builder/spi-builder-workspace/Sources/PNG/System.swift /Users/admin/builder/spi-builder-workspace/Sources/PNG/UnsafeMutableBufferPointer\ (ext).swift /Users/admin/builder/spi-builder-workspace/Sources/PNG/__Entrypoint.swift (in target 'PNG' from project 'swift-png')
SwiftCompile normal arm64 /Users/admin/builder/spi-builder-workspace/Sources/PNG/Parsing/PNG.Transparency.swift (in target 'PNG' from project 'swift-png')
cd /Users/admin/builder/spi-builder-workspace/.swiftpm/xcode
SwiftCompile normal arm64 /Users/admin/builder/spi-builder-workspace/Sources/PNG/System.swift (in target 'PNG' from project 'swift-png')
cd /Users/admin/builder/spi-builder-workspace/.swiftpm/xcode
SwiftCompile normal arm64 /Users/admin/builder/spi-builder-workspace/Sources/PNG/UnsafeMutableBufferPointer\ (ext).swift (in target 'PNG' from project 'swift-png')
cd /Users/admin/builder/spi-builder-workspace/.swiftpm/xcode
SwiftCompile normal arm64 /Users/admin/builder/spi-builder-workspace/Sources/PNG/__Entrypoint.swift (in target 'PNG' from project 'swift-png')
cd /Users/admin/builder/spi-builder-workspace/.swiftpm/xcode
SwiftCompile normal arm64 Compiling\ PNG.swift,\ PNG.Background.Case.swift,\ PNG.Background.swift,\ PNG.Chromaticity.swift,\ PNG.ColorProfile.swift /Users/admin/builder/spi-builder-workspace/Sources/PNG/PNG.swift /Users/admin/builder/spi-builder-workspace/Sources/PNG/Parsing/PNG.Background.Case.swift /Users/admin/builder/spi-builder-workspace/Sources/PNG/Parsing/PNG.Background.swift /Users/admin/builder/spi-builder-workspace/Sources/PNG/Parsing/PNG.Chromaticity.swift /Users/admin/builder/spi-builder-workspace/Sources/PNG/Parsing/PNG.ColorProfile.swift (in target 'PNG' from project 'swift-png')
SwiftCompile normal arm64 /Users/admin/builder/spi-builder-workspace/Sources/PNG/PNG.swift (in target 'PNG' from project 'swift-png')
cd /Users/admin/builder/spi-builder-workspace/.swiftpm/xcode
SwiftCompile normal arm64 /Users/admin/builder/spi-builder-workspace/Sources/PNG/Parsing/PNG.Background.Case.swift (in target 'PNG' from project 'swift-png')
cd /Users/admin/builder/spi-builder-workspace/.swiftpm/xcode
SwiftCompile normal arm64 /Users/admin/builder/spi-builder-workspace/Sources/PNG/Parsing/PNG.Background.swift (in target 'PNG' from project 'swift-png')
cd /Users/admin/builder/spi-builder-workspace/.swiftpm/xcode
SwiftCompile normal arm64 /Users/admin/builder/spi-builder-workspace/Sources/PNG/Parsing/PNG.Chromaticity.swift (in target 'PNG' from project 'swift-png')
cd /Users/admin/builder/spi-builder-workspace/.swiftpm/xcode
SwiftCompile normal arm64 /Users/admin/builder/spi-builder-workspace/Sources/PNG/Parsing/PNG.ColorProfile.swift (in target 'PNG' from project 'swift-png')
cd /Users/admin/builder/spi-builder-workspace/.swiftpm/xcode
SwiftCompile normal arm64 Compiling\ PNG.BytestreamSource.swift,\ PNG.Chunk.swift,\ PNG.LexingError.swift,\ PNG.Error.swift,\ PNG.Image.swift /Users/admin/builder/spi-builder-workspace/Sources/PNG/Lexing/PNG.BytestreamSource.swift /Users/admin/builder/spi-builder-workspace/Sources/PNG/Lexing/PNG.Chunk.swift /Users/admin/builder/spi-builder-workspace/Sources/PNG/Lexing/PNG.LexingError.swift /Users/admin/builder/spi-builder-workspace/Sources/PNG/PNG.Error.swift /Users/admin/builder/spi-builder-workspace/Sources/PNG/PNG.Image.swift (in target 'PNG' from project 'swift-png')
SwiftCompile normal arm64 /Users/admin/builder/spi-builder-workspace/Sources/PNG/Lexing/PNG.BytestreamSource.swift (in target 'PNG' from project 'swift-png')
cd /Users/admin/builder/spi-builder-workspace/.swiftpm/xcode
SwiftCompile normal arm64 /Users/admin/builder/spi-builder-workspace/Sources/PNG/Lexing/PNG.Chunk.swift (in target 'PNG' from project 'swift-png')
cd /Users/admin/builder/spi-builder-workspace/.swiftpm/xcode
SwiftCompile normal arm64 /Users/admin/builder/spi-builder-workspace/Sources/PNG/Lexing/PNG.LexingError.swift (in target 'PNG' from project 'swift-png')
cd /Users/admin/builder/spi-builder-workspace/.swiftpm/xcode
SwiftCompile normal arm64 /Users/admin/builder/spi-builder-workspace/Sources/PNG/PNG.Error.swift (in target 'PNG' from project 'swift-png')
cd /Users/admin/builder/spi-builder-workspace/.swiftpm/xcode
SwiftCompile normal arm64 /Users/admin/builder/spi-builder-workspace/Sources/PNG/PNG.Image.swift (in target 'PNG' from project 'swift-png')
cd /Users/admin/builder/spi-builder-workspace/.swiftpm/xcode
SwiftCompile normal arm64 Compiling\ PNG.SuggestedPalette.Entries.swift,\ PNG.SuggestedPalette.swift,\ PNG.Text.swift,\ PNG.TimeModified.swift,\ PNG.Transparency.Case.swift /Users/admin/builder/spi-builder-workspace/Sources/PNG/Parsing/PNG.SuggestedPalette.Entries.swift /Users/admin/builder/spi-builder-workspace/Sources/PNG/Parsing/PNG.SuggestedPalette.swift /Users/admin/builder/spi-builder-workspace/Sources/PNG/Parsing/PNG.Text.swift /Users/admin/builder/spi-builder-workspace/Sources/PNG/Parsing/PNG.TimeModified.swift /Users/admin/builder/spi-builder-workspace/Sources/PNG/Parsing/PNG.Transparency.Case.swift (in target 'PNG' from project 'swift-png')
SwiftCompile normal arm64 /Users/admin/builder/spi-builder-workspace/Sources/PNG/Parsing/PNG.SuggestedPalette.Entries.swift (in target 'PNG' from project 'swift-png')
cd /Users/admin/builder/spi-builder-workspace/.swiftpm/xcode
SwiftCompile normal arm64 /Users/admin/builder/spi-builder-workspace/Sources/PNG/Parsing/PNG.SuggestedPalette.swift (in target 'PNG' from project 'swift-png')
cd /Users/admin/builder/spi-builder-workspace/.swiftpm/xcode
SwiftCompile normal arm64 /Users/admin/builder/spi-builder-workspace/Sources/PNG/Parsing/PNG.Text.swift (in target 'PNG' from project 'swift-png')
cd /Users/admin/builder/spi-builder-workspace/.swiftpm/xcode
SwiftCompile normal arm64 /Users/admin/builder/spi-builder-workspace/Sources/PNG/Parsing/PNG.TimeModified.swift (in target 'PNG' from project 'swift-png')
cd /Users/admin/builder/spi-builder-workspace/.swiftpm/xcode
SwiftCompile normal arm64 /Users/admin/builder/spi-builder-workspace/Sources/PNG/Parsing/PNG.Transparency.Case.swift (in target 'PNG' from project 'swift-png')
cd /Users/admin/builder/spi-builder-workspace/.swiftpm/xcode
SwiftCompile normal arm64 Compiling\ PNG.ColorRendering.swift,\ PNG.Gamma.swift,\ PNG.Header.swift,\ PNG.Histogram.swift,\ PNG.Palette.swift /Users/admin/builder/spi-builder-workspace/Sources/PNG/Parsing/PNG.ColorRendering.swift /Users/admin/builder/spi-builder-workspace/Sources/PNG/Parsing/PNG.Gamma.swift /Users/admin/builder/spi-builder-workspace/Sources/PNG/Parsing/PNG.Header.swift /Users/admin/builder/spi-builder-workspace/Sources/PNG/Parsing/PNG.Histogram.swift /Users/admin/builder/spi-builder-workspace/Sources/PNG/Parsing/PNG.Palette.swift (in target 'PNG' from project 'swift-png')
SwiftCompile normal arm64 /Users/admin/builder/spi-builder-workspace/Sources/PNG/Parsing/PNG.ColorRendering.swift (in target 'PNG' from project 'swift-png')
cd /Users/admin/builder/spi-builder-workspace/.swiftpm/xcode
SwiftCompile normal arm64 /Users/admin/builder/spi-builder-workspace/Sources/PNG/Parsing/PNG.Gamma.swift (in target 'PNG' from project 'swift-png')
cd /Users/admin/builder/spi-builder-workspace/.swiftpm/xcode
SwiftCompile normal arm64 /Users/admin/builder/spi-builder-workspace/Sources/PNG/Parsing/PNG.Header.swift (in target 'PNG' from project 'swift-png')
cd /Users/admin/builder/spi-builder-workspace/.swiftpm/xcode
SwiftCompile normal arm64 /Users/admin/builder/spi-builder-workspace/Sources/PNG/Parsing/PNG.Histogram.swift (in target 'PNG' from project 'swift-png')
cd /Users/admin/builder/spi-builder-workspace/.swiftpm/xcode
SwiftCompile normal arm64 /Users/admin/builder/spi-builder-workspace/Sources/PNG/Parsing/PNG.Palette.swift (in target 'PNG' from project 'swift-png')
cd /Users/admin/builder/spi-builder-workspace/.swiftpm/xcode
SwiftCompile normal arm64 Compiling\ PNG.ParsingError.swift,\ PNG.Percentmille.swift,\ PNG.PhysicalDimensions.swift,\ PNG.SignificantBits.Case.swift,\ PNG.SignificantBits.swift /Users/admin/builder/spi-builder-workspace/Sources/PNG/Parsing/PNG.ParsingError.swift /Users/admin/builder/spi-builder-workspace/Sources/PNG/Parsing/PNG.Percentmille.swift /Users/admin/builder/spi-builder-workspace/Sources/PNG/Parsing/PNG.PhysicalDimensions.swift /Users/admin/builder/spi-builder-workspace/Sources/PNG/Parsing/PNG.SignificantBits.Case.swift /Users/admin/builder/spi-builder-workspace/Sources/PNG/Parsing/PNG.SignificantBits.swift (in target 'PNG' from project 'swift-png')
SwiftCompile normal arm64 /Users/admin/builder/spi-builder-workspace/Sources/PNG/Parsing/PNG.ParsingError.swift (in target 'PNG' from project 'swift-png')
cd /Users/admin/builder/spi-builder-workspace/.swiftpm/xcode
SwiftCompile normal arm64 /Users/admin/builder/spi-builder-workspace/Sources/PNG/Parsing/PNG.Percentmille.swift (in target 'PNG' from project 'swift-png')
cd /Users/admin/builder/spi-builder-workspace/.swiftpm/xcode
SwiftCompile normal arm64 /Users/admin/builder/spi-builder-workspace/Sources/PNG/Parsing/PNG.PhysicalDimensions.swift (in target 'PNG' from project 'swift-png')
cd /Users/admin/builder/spi-builder-workspace/.swiftpm/xcode
SwiftCompile normal arm64 /Users/admin/builder/spi-builder-workspace/Sources/PNG/Parsing/PNG.SignificantBits.Case.swift (in target 'PNG' from project 'swift-png')
cd /Users/admin/builder/spi-builder-workspace/.swiftpm/xcode
SwiftCompile normal arm64 /Users/admin/builder/spi-builder-workspace/Sources/PNG/Parsing/PNG.SignificantBits.swift (in target 'PNG' from project 'swift-png')
cd /Users/admin/builder/spi-builder-workspace/.swiftpm/xcode
SwiftCompile normal arm64 Compiling\ PNG.Encoder.Pass.swift,\ PNG.Encoder.swift,\ PNG.FormattingError.swift,\ PNG.Format.Pixel.swift,\ PNG.Format.swift /Users/admin/builder/spi-builder-workspace/Sources/PNG/Encoding/PNG.Encoder.Pass.swift /Users/admin/builder/spi-builder-workspace/Sources/PNG/Encoding/PNG.Encoder.swift /Users/admin/builder/spi-builder-workspace/Sources/PNG/Encoding/PNG.FormattingError.swift /Users/admin/builder/spi-builder-workspace/Sources/PNG/Formats/PNG.Format.Pixel.swift /Users/admin/builder/spi-builder-workspace/Sources/PNG/Formats/PNG.Format.swift (in target 'PNG' from project 'swift-png')
SwiftCompile normal arm64 /Users/admin/builder/spi-builder-workspace/Sources/PNG/Encoding/PNG.Encoder.Pass.swift (in target 'PNG' from project 'swift-png')
cd /Users/admin/builder/spi-builder-workspace/.swiftpm/xcode
SwiftCompile normal arm64 /Users/admin/builder/spi-builder-workspace/Sources/PNG/Encoding/PNG.Encoder.swift (in target 'PNG' from project 'swift-png')
cd /Users/admin/builder/spi-builder-workspace/.swiftpm/xcode
SwiftCompile normal arm64 /Users/admin/builder/spi-builder-workspace/Sources/PNG/Encoding/PNG.FormattingError.swift (in target 'PNG' from project 'swift-png')
cd /Users/admin/builder/spi-builder-workspace/.swiftpm/xcode
SwiftCompile normal arm64 /Users/admin/builder/spi-builder-workspace/Sources/PNG/Formats/PNG.Format.Pixel.swift (in target 'PNG' from project 'swift-png')
cd /Users/admin/builder/spi-builder-workspace/.swiftpm/xcode
SwiftCompile normal arm64 /Users/admin/builder/spi-builder-workspace/Sources/PNG/Formats/PNG.Format.swift (in target 'PNG' from project 'swift-png')
cd /Users/admin/builder/spi-builder-workspace/.swiftpm/xcode
SwiftCompile normal arm64 Compiling\ Array\ (ext).swift,\ ArraySlice\ (ext).swift,\ PNG.Color.swift,\ PNG.RGBA.swift,\ PNG.VA.swift /Users/admin/builder/spi-builder-workspace/Sources/PNG/Array\ (ext).swift /Users/admin/builder/spi-builder-workspace/Sources/PNG/ArraySlice\ (ext).swift /Users/admin/builder/spi-builder-workspace/Sources/PNG/ColorTargets/PNG.Color.swift /Users/admin/builder/spi-builder-workspace/Sources/PNG/ColorTargets/PNG.RGBA.swift /Users/admin/builder/spi-builder-workspace/Sources/PNG/ColorTargets/PNG.VA.swift (in target 'PNG' from project 'swift-png')
SwiftCompile normal arm64 /Users/admin/builder/spi-builder-workspace/Sources/PNG/Array\ (ext).swift (in target 'PNG' from project 'swift-png')
cd /Users/admin/builder/spi-builder-workspace/.swiftpm/xcode
SwiftCompile normal arm64 /Users/admin/builder/spi-builder-workspace/Sources/PNG/ArraySlice\ (ext).swift (in target 'PNG' from project 'swift-png')
cd /Users/admin/builder/spi-builder-workspace/.swiftpm/xcode
SwiftCompile normal arm64 /Users/admin/builder/spi-builder-workspace/Sources/PNG/ColorTargets/PNG.Color.swift (in target 'PNG' from project 'swift-png')
cd /Users/admin/builder/spi-builder-workspace/.swiftpm/xcode
SwiftCompile normal arm64 /Users/admin/builder/spi-builder-workspace/Sources/PNG/ColorTargets/PNG.RGBA.swift (in target 'PNG' from project 'swift-png')
cd /Users/admin/builder/spi-builder-workspace/.swiftpm/xcode
SwiftCompile normal arm64 /Users/admin/builder/spi-builder-workspace/Sources/PNG/ColorTargets/PNG.VA.swift (in target 'PNG' from project 'swift-png')
cd /Users/admin/builder/spi-builder-workspace/.swiftpm/xcode
SwiftCompile normal arm64 Compiling\ PNG.Layout.swift,\ General.swift,\ LZ77.DecompressionError\ (ext).swift,\ LZ77.DeflateHeaderError\ (ext).swift,\ PNG.BytestreamDestination.swift /Users/admin/builder/spi-builder-workspace/Sources/PNG/Formats/PNG.Layout.swift /Users/admin/builder/spi-builder-workspace/Sources/PNG/General.swift /Users/admin/builder/spi-builder-workspace/Sources/PNG/LZ77.DecompressionError\ (ext).swift /Users/admin/builder/spi-builder-workspace/Sources/PNG/LZ77.DeflateHeaderError\ (ext).swift /Users/admin/builder/spi-builder-workspace/Sources/PNG/Lexing/PNG.BytestreamDestination.swift (in target 'PNG' from project 'swift-png')
SwiftCompile normal arm64 /Users/admin/builder/spi-builder-workspace/Sources/PNG/Formats/PNG.Layout.swift (in target 'PNG' from project 'swift-png')
cd /Users/admin/builder/spi-builder-workspace/.swiftpm/xcode
SwiftCompile normal arm64 /Users/admin/builder/spi-builder-workspace/Sources/PNG/General.swift (in target 'PNG' from project 'swift-png')
cd /Users/admin/builder/spi-builder-workspace/.swiftpm/xcode
SwiftCompile normal arm64 /Users/admin/builder/spi-builder-workspace/Sources/PNG/LZ77.DecompressionError\ (ext).swift (in target 'PNG' from project 'swift-png')
cd /Users/admin/builder/spi-builder-workspace/.swiftpm/xcode
SwiftCompile normal arm64 /Users/admin/builder/spi-builder-workspace/Sources/PNG/LZ77.DeflateHeaderError\ (ext).swift (in target 'PNG' from project 'swift-png')
cd /Users/admin/builder/spi-builder-workspace/.swiftpm/xcode
SwiftCompile normal arm64 /Users/admin/builder/spi-builder-workspace/Sources/PNG/Lexing/PNG.BytestreamDestination.swift (in target 'PNG' from project 'swift-png')
cd /Users/admin/builder/spi-builder-workspace/.swiftpm/xcode
SwiftCompile normal arm64 Compiling\ PNG.Context.swift,\ PNG.Decoder.swift,\ PNG.DecodingError.swift,\ PNG.Metadata.swift,\ PNG.Standard.swift /Users/admin/builder/spi-builder-workspace/Sources/PNG/Decoding/PNG.Context.swift /Users/admin/builder/spi-builder-workspace/Sources/PNG/Decoding/PNG.Decoder.swift /Users/admin/builder/spi-builder-workspace/Sources/PNG/Decoding/PNG.DecodingError.swift /Users/admin/builder/spi-builder-workspace/Sources/PNG/Decoding/PNG.Metadata.swift /Users/admin/builder/spi-builder-workspace/Sources/PNG/Decoding/PNG.Standard.swift (in target 'PNG' from project 'swift-png')
SwiftCompile normal arm64 /Users/admin/builder/spi-builder-workspace/Sources/PNG/Decoding/PNG.Context.swift (in target 'PNG' from project 'swift-png')
cd /Users/admin/builder/spi-builder-workspace/.swiftpm/xcode
SwiftCompile normal arm64 /Users/admin/builder/spi-builder-workspace/Sources/PNG/Decoding/PNG.Decoder.swift (in target 'PNG' from project 'swift-png')
cd /Users/admin/builder/spi-builder-workspace/.swiftpm/xcode
SwiftCompile normal arm64 /Users/admin/builder/spi-builder-workspace/Sources/PNG/Decoding/PNG.DecodingError.swift (in target 'PNG' from project 'swift-png')
cd /Users/admin/builder/spi-builder-workspace/.swiftpm/xcode
SwiftCompile normal arm64 /Users/admin/builder/spi-builder-workspace/Sources/PNG/Decoding/PNG.Metadata.swift (in target 'PNG' from project 'swift-png')
cd /Users/admin/builder/spi-builder-workspace/.swiftpm/xcode
SwiftCompile normal arm64 /Users/admin/builder/spi-builder-workspace/Sources/PNG/Decoding/PNG.Standard.swift (in target 'PNG' from project 'swift-png')
cd /Users/admin/builder/spi-builder-workspace/.swiftpm/xcode
SwiftDriverJobDiscovery normal arm64 Compiling PNG.Layout.swift, General.swift, LZ77.DecompressionError (ext).swift, LZ77.DeflateHeaderError (ext).swift, PNG.BytestreamDestination.swift (in target 'PNG' from project 'swift-png')
SwiftDriverJobDiscovery normal arm64 Compiling PNG.ColorRendering.swift, PNG.Gamma.swift, PNG.Header.swift, PNG.Histogram.swift, PNG.Palette.swift (in target 'PNG' from project 'swift-png')
RegisterExecutionPolicyException /Users/admin/builder/spi-builder-workspace/.derivedData/Build/Products/Debug-xros/Base16.o (in target 'Base16' from project 'h')
cd /Users/admin/builder/spi-builder-workspace/.dependencies/checkouts/h
builtin-RegisterExecutionPolicyException /Users/admin/builder/spi-builder-workspace/.derivedData/Build/Products/Debug-xros/Base16.o
Ld /Users/admin/builder/spi-builder-workspace/.derivedData/Build/Products/Debug-xros/CRC.o normal (in target 'CRC' from project 'h')
cd /Users/admin/builder/spi-builder-workspace/.dependencies/checkouts/h
/Applications/Xcode-26.3.0.app/Contents/Developer/Toolchains/XcodeDefault.xctoolchain/usr/bin/clang -Xlinker -reproducible -target arm64-apple-xros1.0 -r -isysroot /Applications/Xcode-26.3.0.app/Contents/Developer/Platforms/XROS.platform/Developer/SDKs/XROS26.2.sdk -O0 -w -L/Users/admin/builder/spi-builder-workspace/.derivedData/Build/Intermediates.noindex/EagerLinkingTBDs/Debug-xros -L/Users/admin/builder/spi-builder-workspace/.derivedData/Build/Products/Debug-xros -L/Applications/Xcode-26.3.0.app/Contents/Developer/Platforms/XROS.platform/Developer/usr/lib -F/Users/admin/builder/spi-builder-workspace/.derivedData/Build/Intermediates.noindex/EagerLinkingTBDs/Debug-xros -F/Users/admin/builder/spi-builder-workspace/.derivedData/Build/Products/Debug-xros/PackageFrameworks -F/Users/admin/builder/spi-builder-workspace/.derivedData/Build/Products/Debug-xros/PackageFrameworks -F/Users/admin/builder/spi-builder-workspace/.derivedData/Build/Products/Debug-xros -iframework /Applications/Xcode-26.3.0.app/Contents/Developer/Platforms/XROS.platform/Developer/Library/Frameworks -iframework /Applications/Xcode-26.3.0.app/Contents/Developer/Platforms/XROS.platform/Developer/SDKs/XROS26.2.sdk/Developer/Library/Frameworks -filelist /Users/admin/builder/spi-builder-workspace/.derivedData/Build/Intermediates.noindex/h.build/Debug-xros/CRC.build/Objects-normal/arm64/CRC.LinkFileList -nostdlib -Xlinker -object_path_lto -Xlinker /Users/admin/builder/spi-builder-workspace/.derivedData/Build/Intermediates.noindex/h.build/Debug-xros/CRC.build/Objects-normal/arm64/CRC_lto.o -rdynamic -Xlinker -no_deduplicate -Xlinker -debug_variant -Xlinker -dependency_info -Xlinker /Users/admin/builder/spi-builder-workspace/.derivedData/Build/Intermediates.noindex/h.build/Debug-xros/CRC.build/Objects-normal/arm64/CRC_dependency_info.dat -fobjc-link-runtime -L/Applications/Xcode-26.3.0.app/Contents/Developer/Toolchains/XcodeDefault.xctoolchain/usr/lib/swift/xros -L/usr/lib/swift -Xlinker -add_ast_path -Xlinker /Users/admin/builder/spi-builder-workspace/.derivedData/Build/Intermediates.noindex/h.build/Debug-xros/CRC.build/Objects-normal/arm64/CRC.swiftmodule @/Users/admin/builder/spi-builder-workspace/.derivedData/Build/Intermediates.noindex/h.build/Debug-xros/CRC.build/Objects-normal/arm64/CRC-linker-args.resp -o /Users/admin/builder/spi-builder-workspace/.derivedData/Build/Products/Debug-xros/CRC.o
SwiftDriverJobDiscovery normal arm64 Emitting module for PNG (in target 'PNG' from project 'swift-png')
SwiftDriver\ Compilation\ Requirements PNG normal arm64 com.apple.xcode.tools.swift.compiler (in target 'PNG' from project 'swift-png')
cd /Users/admin/builder/spi-builder-workspace/.swiftpm/xcode
builtin-Swift-Compilation-Requirements -- /Applications/Xcode-26.3.0.app/Contents/Developer/Toolchains/XcodeDefault.xctoolchain/usr/bin/swiftc -module-name PNG -Onone -enforce-exclusivity\=checked @/Users/admin/builder/spi-builder-workspace/.derivedData/Build/Intermediates.noindex/swift-png.build/Debug-xros/PNG.build/Objects-normal/arm64/PNG.SwiftFileList -DSWIFT_PACKAGE -DDEBUG -DSWIFT_MODULE_RESOURCE_BUNDLE_UNAVAILABLE -DXcode -enable-upcoming-feature BareSlashRegexLiterals -enable-upcoming-feature ConciseMagicFile -enable-upcoming-feature ExistentialAny -plugin-path /Applications/Xcode-26.3.0.app/Contents/Developer/Toolchains/XcodeDefault.xctoolchain/usr/lib/swift/host/plugins/testing -enable-experimental-feature DebugDescriptionMacro -sdk /Applications/Xcode-26.3.0.app/Contents/Developer/Platforms/XROS.platform/Developer/SDKs/XROS26.2.sdk -target arm64-apple-xros1.0 -g -module-cache-path /Users/admin/builder/spi-builder-workspace/.derivedData/ModuleCache.noindex -Xfrontend -serialize-debugging-options -profile-coverage-mapping -profile-generate -enable-testing -index-store-path /Users/admin/builder/spi-builder-workspace/.derivedData/Index.noindex/DataStore -Xcc -D_LIBCPP_HARDENING_MODE\=_LIBCPP_HARDENING_MODE_DEBUG -swift-version 5 -I /Users/admin/builder/spi-builder-workspace/.derivedData/Build/Products/Debug-xros -Isystem /Applications/Xcode-26.3.0.app/Contents/Developer/Platforms/XROS.platform/Developer/usr/lib -F /Users/admin/builder/spi-builder-workspace/.derivedData/Build/Products/Debug-xros/PackageFrameworks -F /Users/admin/builder/spi-builder-workspace/.derivedData/Build/Products/Debug-xros/PackageFrameworks -F /Users/admin/builder/spi-builder-workspace/.derivedData/Build/Products/Debug-xros/PackageFrameworks -F /Users/admin/builder/spi-builder-workspace/.derivedData/Build/Products/Debug-xros/PackageFrameworks -F /Users/admin/builder/spi-builder-workspace/.derivedData/Build/Products/Debug-xros -F /Applications/Xcode-26.3.0.app/Contents/Developer/Platforms/XROS.platform/Developer/Library/Frameworks -F /Applications/Xcode-26.3.0.app/Contents/Developer/Platforms/XROS.platform/Developer/SDKs/XROS26.2.sdk/Developer/Library/Frameworks -c -j10 -enable-batch-mode -incremental -Xcc -ivfsstatcache -Xcc /Users/admin/builder/spi-builder-workspace/.derivedData/SDKStatCaches.noindex/xros26.2-23N301-dc75598d0054f22ec865fa860f139d72f5e64962d3ee001da1d77d1957dffdab.sdkstatcache -output-file-map /Users/admin/builder/spi-builder-workspace/.derivedData/Build/Intermediates.noindex/swift-png.build/Debug-xros/PNG.build/Objects-normal/arm64/PNG-OutputFileMap.json -use-frontend-parseable-output -save-temps -no-color-diagnostics -explicit-module-build -module-cache-path /Users/admin/builder/spi-builder-workspace/.derivedData/Build/Intermediates.noindex/SwiftExplicitPrecompiledModules -clang-scanner-module-cache-path /Users/admin/builder/spi-builder-workspace/.derivedData/ModuleCache.noindex -sdk-module-cache-path /Users/admin/builder/spi-builder-workspace/.derivedData/ModuleCache.noindex -serialize-diagnostics -emit-dependencies -emit-module -emit-module-path /Users/admin/builder/spi-builder-workspace/.derivedData/Build/Intermediates.noindex/swift-png.build/Debug-xros/PNG.build/Objects-normal/arm64/PNG.swiftmodule -validate-clang-modules-once -clang-build-session-file /Users/admin/builder/spi-builder-workspace/.derivedData/ModuleCache.noindex/Session.modulevalidation -Xcc -I/Users/admin/builder/spi-builder-workspace/.derivedData/Build/Intermediates.noindex/swift-png.build/Debug-xros/PNG.build/swift-overrides.hmap -emit-const-values -Xfrontend -const-gather-protocols-file -Xfrontend /Users/admin/builder/spi-builder-workspace/.derivedData/Build/Intermediates.noindex/swift-png.build/Debug-xros/PNG.build/Objects-normal/arm64/PNG_const_extract_protocols.json -Xcc -I/Users/admin/builder/spi-builder-workspace/.derivedData/Build/Products/Debug-xros/include -Xcc -I/Users/admin/builder/spi-builder-workspace/.derivedData/Build/Intermediates.noindex/swift-png.build/Debug-xros/PNG.build/DerivedSources-normal/arm64 -Xcc -I/Users/admin/builder/spi-builder-workspace/.derivedData/Build/Intermediates.noindex/swift-png.build/Debug-xros/PNG.build/DerivedSources/arm64 -Xcc -I/Users/admin/builder/spi-builder-workspace/.derivedData/Build/Intermediates.noindex/swift-png.build/Debug-xros/PNG.build/DerivedSources -Xcc -DSWIFT_PACKAGE -Xcc -DDEBUG\=1 -emit-objc-header -emit-objc-header-path /Users/admin/builder/spi-builder-workspace/.derivedData/Build/Intermediates.noindex/swift-png.build/Debug-xros/PNG.build/Objects-normal/arm64/PNG-Swift.h -working-directory /Users/admin/builder/spi-builder-workspace/.swiftpm/xcode -experimental-emit-module-separately -disable-cmo
SwiftMergeGeneratedHeaders /Users/admin/builder/spi-builder-workspace/.derivedData/Build/Intermediates.noindex/GeneratedModuleMaps-xros/PNG-Swift.h /Users/admin/builder/spi-builder-workspace/.derivedData/Build/Intermediates.noindex/swift-png.build/Debug-xros/PNG.build/Objects-normal/arm64/PNG-Swift.h (in target 'PNG' from project 'swift-png')
cd /Users/admin/builder/spi-builder-workspace
builtin-swiftHeaderTool -arch arm64 /Users/admin/builder/spi-builder-workspace/.derivedData/Build/Intermediates.noindex/swift-png.build/Debug-xros/PNG.build/Objects-normal/arm64/PNG-Swift.h -o /Users/admin/builder/spi-builder-workspace/.derivedData/Build/Intermediates.noindex/GeneratedModuleMaps-xros/PNG-Swift.h
Copy /Users/admin/builder/spi-builder-workspace/.derivedData/Build/Products/Debug-xros/PNG.swiftmodule/arm64-apple-xros.swiftmodule /Users/admin/builder/spi-builder-workspace/.derivedData/Build/Intermediates.noindex/swift-png.build/Debug-xros/PNG.build/Objects-normal/arm64/PNG.swiftmodule (in target 'PNG' from project 'swift-png')
cd /Users/admin/builder/spi-builder-workspace
builtin-copy -exclude .DS_Store -exclude CVS -exclude .svn -exclude .git -exclude .hg -resolve-src-symlinks -rename /Users/admin/builder/spi-builder-workspace/.derivedData/Build/Intermediates.noindex/swift-png.build/Debug-xros/PNG.build/Objects-normal/arm64/PNG.swiftmodule /Users/admin/builder/spi-builder-workspace/.derivedData/Build/Products/Debug-xros/PNG.swiftmodule/arm64-apple-xros.swiftmodule
Copy /Users/admin/builder/spi-builder-workspace/.derivedData/Build/Products/Debug-xros/PNG.swiftmodule/arm64-apple-xros.swiftdoc /Users/admin/builder/spi-builder-workspace/.derivedData/Build/Intermediates.noindex/swift-png.build/Debug-xros/PNG.build/Objects-normal/arm64/PNG.swiftdoc (in target 'PNG' from project 'swift-png')
cd /Users/admin/builder/spi-builder-workspace
builtin-copy -exclude .DS_Store -exclude CVS -exclude .svn -exclude .git -exclude .hg -resolve-src-symlinks -rename /Users/admin/builder/spi-builder-workspace/.derivedData/Build/Intermediates.noindex/swift-png.build/Debug-xros/PNG.build/Objects-normal/arm64/PNG.swiftdoc /Users/admin/builder/spi-builder-workspace/.derivedData/Build/Products/Debug-xros/PNG.swiftmodule/arm64-apple-xros.swiftdoc
Copy /Users/admin/builder/spi-builder-workspace/.derivedData/Build/Products/Debug-xros/PNG.swiftmodule/arm64-apple-xros.abi.json /Users/admin/builder/spi-builder-workspace/.derivedData/Build/Intermediates.noindex/swift-png.build/Debug-xros/PNG.build/Objects-normal/arm64/PNG.abi.json (in target 'PNG' from project 'swift-png')
cd /Users/admin/builder/spi-builder-workspace
builtin-copy -exclude .DS_Store -exclude CVS -exclude .svn -exclude .git -exclude .hg -resolve-src-symlinks -rename /Users/admin/builder/spi-builder-workspace/.derivedData/Build/Intermediates.noindex/swift-png.build/Debug-xros/PNG.build/Objects-normal/arm64/PNG.abi.json /Users/admin/builder/spi-builder-workspace/.derivedData/Build/Products/Debug-xros/PNG.swiftmodule/arm64-apple-xros.abi.json
Copy /Users/admin/builder/spi-builder-workspace/.derivedData/Build/Products/Debug-xros/PNG.swiftmodule/Project/arm64-apple-xros.swiftsourceinfo /Users/admin/builder/spi-builder-workspace/.derivedData/Build/Intermediates.noindex/swift-png.build/Debug-xros/PNG.build/Objects-normal/arm64/PNG.swiftsourceinfo (in target 'PNG' from project 'swift-png')
cd /Users/admin/builder/spi-builder-workspace
builtin-copy -exclude .DS_Store -exclude CVS -exclude .svn -exclude .git -exclude .hg -resolve-src-symlinks -rename /Users/admin/builder/spi-builder-workspace/.derivedData/Build/Intermediates.noindex/swift-png.build/Debug-xros/PNG.build/Objects-normal/arm64/PNG.swiftsourceinfo /Users/admin/builder/spi-builder-workspace/.derivedData/Build/Products/Debug-xros/PNG.swiftmodule/Project/arm64-apple-xros.swiftsourceinfo
ExtractAppIntentsMetadata (in target 'CRC' from project 'h')
cd /Users/admin/builder/spi-builder-workspace/.dependencies/checkouts/h
/Applications/Xcode-26.3.0.app/Contents/Developer/Toolchains/XcodeDefault.xctoolchain/usr/bin/appintentsmetadataprocessor --toolchain-dir /var/run/com.apple.security.cryptexd/mnt/com.apple.MobileAsset.MetalToolchain-v17.3.7003.10.7blh5R/Metal.xctoolchain --module-name CRC --sdk-root /Applications/Xcode-26.3.0.app/Contents/Developer/Platforms/XROS.platform/Developer/SDKs/XROS26.2.sdk --xcode-version 17C529 --platform-family xrOS --deployment-target 1.0 --bundle-identifier h.CRC --output /Users/admin/builder/spi-builder-workspace/.derivedData/Build/Products/Debug-xros/CRC.appintents --target-triple arm64-apple-xros1.0 --binary-file /Users/admin/builder/spi-builder-workspace/.derivedData/Build/Products/Debug-xros/CRC.o --dependency-file /Users/admin/builder/spi-builder-workspace/.derivedData/Build/Intermediates.noindex/h.build/Debug-xros/CRC.build/Objects-normal/arm64/CRC_dependency_info.dat --stringsdata-file /Users/admin/builder/spi-builder-workspace/.derivedData/Build/Intermediates.noindex/h.build/Debug-xros/CRC.build/Objects-normal/arm64/ExtractedAppShortcutsMetadata.stringsdata --source-file-list /Users/admin/builder/spi-builder-workspace/.derivedData/Build/Intermediates.noindex/h.build/Debug-xros/CRC.build/Objects-normal/arm64/CRC.SwiftFileList --metadata-file-list /Users/admin/builder/spi-builder-workspace/.derivedData/Build/Intermediates.noindex/h.build/Debug-xros/CRC.build/CRC.DependencyMetadataFileList --static-metadata-file-list /Users/admin/builder/spi-builder-workspace/.derivedData/Build/Intermediates.noindex/h.build/Debug-xros/CRC.build/CRC.DependencyStaticMetadataFileList --swift-const-vals-list /Users/admin/builder/spi-builder-workspace/.derivedData/Build/Intermediates.noindex/h.build/Debug-xros/CRC.build/Objects-normal/arm64/CRC.SwiftConstValuesFileList --force --compile-time-extraction --deployment-aware-processing --validate-assistant-intents --no-app-shortcuts-localization
2026-10-08 17:35:02.145 appintentsmetadataprocessor[994:5816] Starting appintentsmetadataprocessor export
2026-10-08 17:35:02.309 appintentsmetadataprocessor[994:5816] Extracted no relevant App Intents symbols, skipping writing output
SwiftDriver decompression-benchmark normal arm64 com.apple.xcode.tools.swift.compiler (in target 'decompression-benchmark' from project 'swift-png')
cd /Users/admin/builder/spi-builder-workspace/.swiftpm/xcode
builtin-SwiftDriver -- /Applications/Xcode-26.3.0.app/Contents/Developer/Toolchains/XcodeDefault.xctoolchain/usr/bin/swiftc -module-name decompression_benchmark -Onone -enforce-exclusivity\=checked @/Users/admin/builder/spi-builder-workspace/.derivedData/Build/Intermediates.noindex/swift-png.build/Debug-xros/decompression-benchmark.build/Objects-normal/arm64/decompression-benchmark.SwiftFileList -DSWIFT_PACKAGE -DDEBUG -DXcode -enable-upcoming-feature BareSlashRegexLiterals -enable-upcoming-feature ConciseMagicFile -enable-upcoming-feature ExistentialAny -plugin-path /Applications/Xcode-26.3.0.app/Contents/Developer/Toolchains/XcodeDefault.xctoolchain/usr/lib/swift/host/plugins/testing -enable-experimental-feature DebugDescriptionMacro -sdk /Applications/Xcode-26.3.0.app/Contents/Developer/Platforms/XROS.platform/Developer/SDKs/XROS26.2.sdk -target arm64-apple-xros1.0 -g -module-cache-path /Users/admin/builder/spi-builder-workspace/.derivedData/ModuleCache.noindex -Xfrontend -serialize-debugging-options -profile-coverage-mapping -profile-generate -enable-testing -index-store-path /Users/admin/builder/spi-builder-workspace/.derivedData/Index.noindex/DataStore -Xcc -D_LIBCPP_HARDENING_MODE\=_LIBCPP_HARDENING_MODE_DEBUG -swift-version 5 -I /Users/admin/builder/spi-builder-workspace/.derivedData/Build/Products/Debug-xros -Isystem /Applications/Xcode-26.3.0.app/Contents/Developer/Platforms/XROS.platform/Developer/usr/lib -F /Users/admin/builder/spi-builder-workspace/.derivedData/Build/Products/Debug-xros/PackageFrameworks -F /Users/admin/builder/spi-builder-workspace/.derivedData/Build/Products/Debug-xros/PackageFrameworks -F /Users/admin/builder/spi-builder-workspace/.derivedData/Build/Products/Debug-xros/PackageFrameworks -F /Users/admin/builder/spi-builder-workspace/.derivedData/Build/Products/Debug-xros/PackageFrameworks -F /Users/admin/builder/spi-builder-workspace/.derivedData/Build/Products/Debug-xros/PackageFrameworks -F /Users/admin/builder/spi-builder-workspace/.derivedData/Build/Products/Debug-xros -F /Applications/Xcode-26.3.0.app/Contents/Developer/Platforms/XROS.platform/Developer/Library/Frameworks -F /Applications/Xcode-26.3.0.app/Contents/Developer/Platforms/XROS.platform/Developer/SDKs/XROS26.2.sdk/Developer/Library/Frameworks -parse-as-library -c -j10 -enable-batch-mode -incremental -Xcc -ivfsstatcache -Xcc /Users/admin/builder/spi-builder-workspace/.derivedData/SDKStatCaches.noindex/xros26.2-23N301-dc75598d0054f22ec865fa860f139d72f5e64962d3ee001da1d77d1957dffdab.sdkstatcache -output-file-map /Users/admin/builder/spi-builder-workspace/.derivedData/Build/Intermediates.noindex/swift-png.build/Debug-xros/decompression-benchmark.build/Objects-normal/arm64/decompression-benchmark-OutputFileMap.json -use-frontend-parseable-output -save-temps -no-color-diagnostics -explicit-module-build -module-cache-path /Users/admin/builder/spi-builder-workspace/.derivedData/Build/Intermediates.noindex/SwiftExplicitPrecompiledModules -clang-scanner-module-cache-path /Users/admin/builder/spi-builder-workspace/.derivedData/ModuleCache.noindex -sdk-module-cache-path /Users/admin/builder/spi-builder-workspace/.derivedData/ModuleCache.noindex -serialize-diagnostics -emit-dependencies -emit-module -emit-module-path /Users/admin/builder/spi-builder-workspace/.derivedData/Build/Intermediates.noindex/swift-png.build/Debug-xros/decompression-benchmark.build/Objects-normal/arm64/decompression_benchmark.swiftmodule -validate-clang-modules-once -clang-build-session-file /Users/admin/builder/spi-builder-workspace/.derivedData/ModuleCache.noindex/Session.modulevalidation -emit-const-values -Xfrontend -const-gather-protocols-file -Xfrontend /Users/admin/builder/spi-builder-workspace/.derivedData/Build/Intermediates.noindex/swift-png.build/Debug-xros/decompression-benchmark.build/Objects-normal/arm64/decompression-benchmark_const_extract_protocols.json -Xcc -I/Users/admin/builder/spi-builder-workspace/.derivedData/Build/Products/Debug-xros/include -Xcc -I/Users/admin/builder/spi-builder-workspace/.derivedData/Build/Intermediates.noindex/swift-png.build/Debug-xros/decompression-benchmark.build/DerivedSources-normal/arm64 -Xcc -I/Users/admin/builder/spi-builder-workspace/.derivedData/Build/Intermediates.noindex/swift-png.build/Debug-xros/decompression-benchmark.build/DerivedSources/arm64 -Xcc -I/Users/admin/builder/spi-builder-workspace/.derivedData/Build/Intermediates.noindex/swift-png.build/Debug-xros/decompression-benchmark.build/DerivedSources -Xcc -DSWIFT_PACKAGE -Xcc -DDEBUG\=1 -working-directory /Users/admin/builder/spi-builder-workspace/.swiftpm/xcode -experimental-emit-module-separately -disable-cmo
/Users/admin/builder/spi-builder-workspace/Benchmarks/Decompression/Swift/Main.swift:26:5: warning: Clock() function not imported for this platform, internal benchmarks not built (please open an issue at https://github.com/tayloraswift/swift-png/issues)
"""
^~~ (in target 'decompression-benchmark' from project 'swift-png')
SwiftDriverJobDiscovery normal arm64 Compiling PNG.ParsingError.swift, PNG.Percentmille.swift, PNG.PhysicalDimensions.swift, PNG.SignificantBits.Case.swift, PNG.SignificantBits.swift (in target 'PNG' from project 'swift-png')
SwiftDriver compression-benchmark normal arm64 com.apple.xcode.tools.swift.compiler (in target 'compression-benchmark' from project 'swift-png')
cd /Users/admin/builder/spi-builder-workspace/.swiftpm/xcode
builtin-SwiftDriver -- /Applications/Xcode-26.3.0.app/Contents/Developer/Toolchains/XcodeDefault.xctoolchain/usr/bin/swiftc -module-name compression_benchmark -Onone -enforce-exclusivity\=checked @/Users/admin/builder/spi-builder-workspace/.derivedData/Build/Intermediates.noindex/swift-png.build/Debug-xros/compression-benchmark.build/Objects-normal/arm64/compression-benchmark.SwiftFileList -DSWIFT_PACKAGE -DDEBUG -DXcode -enable-upcoming-feature BareSlashRegexLiterals -enable-upcoming-feature ConciseMagicFile -enable-upcoming-feature ExistentialAny -plugin-path /Applications/Xcode-26.3.0.app/Contents/Developer/Toolchains/XcodeDefault.xctoolchain/usr/lib/swift/host/plugins/testing -enable-experimental-feature DebugDescriptionMacro -sdk /Applications/Xcode-26.3.0.app/Contents/Developer/Platforms/XROS.platform/Developer/SDKs/XROS26.2.sdk -target arm64-apple-xros1.0 -g -module-cache-path /Users/admin/builder/spi-builder-workspace/.derivedData/ModuleCache.noindex -Xfrontend -serialize-debugging-options -profile-coverage-mapping -profile-generate -enable-testing -index-store-path /Users/admin/builder/spi-builder-workspace/.derivedData/Index.noindex/DataStore -Xcc -D_LIBCPP_HARDENING_MODE\=_LIBCPP_HARDENING_MODE_DEBUG -swift-version 5 -I /Users/admin/builder/spi-builder-workspace/.derivedData/Build/Products/Debug-xros -Isystem /Applications/Xcode-26.3.0.app/Contents/Developer/Platforms/XROS.platform/Developer/usr/lib -F /Users/admin/builder/spi-builder-workspace/.derivedData/Build/Products/Debug-xros/PackageFrameworks -F /Users/admin/builder/spi-builder-workspace/.derivedData/Build/Products/Debug-xros/PackageFrameworks -F /Users/admin/builder/spi-builder-workspace/.derivedData/Build/Products/Debug-xros/PackageFrameworks -F /Users/admin/builder/spi-builder-workspace/.derivedData/Build/Products/Debug-xros/PackageFrameworks -F /Users/admin/builder/spi-builder-workspace/.derivedData/Build/Products/Debug-xros/PackageFrameworks -F /Users/admin/builder/spi-builder-workspace/.derivedData/Build/Products/Debug-xros -F /Applications/Xcode-26.3.0.app/Contents/Developer/Platforms/XROS.platform/Developer/Library/Frameworks -F /Applications/Xcode-26.3.0.app/Contents/Developer/Platforms/XROS.platform/Developer/SDKs/XROS26.2.sdk/Developer/Library/Frameworks -parse-as-library -c -j10 -enable-batch-mode -incremental -Xcc -ivfsstatcache -Xcc /Users/admin/builder/spi-builder-workspace/.derivedData/SDKStatCaches.noindex/xros26.2-23N301-dc75598d0054f22ec865fa860f139d72f5e64962d3ee001da1d77d1957dffdab.sdkstatcache -output-file-map /Users/admin/builder/spi-builder-workspace/.derivedData/Build/Intermediates.noindex/swift-png.build/Debug-xros/compression-benchmark.build/Objects-normal/arm64/compression-benchmark-OutputFileMap.json -use-frontend-parseable-output -save-temps -no-color-diagnostics -explicit-module-build -module-cache-path /Users/admin/builder/spi-builder-workspace/.derivedData/Build/Intermediates.noindex/SwiftExplicitPrecompiledModules -clang-scanner-module-cache-path /Users/admin/builder/spi-builder-workspace/.derivedData/ModuleCache.noindex -sdk-module-cache-path /Users/admin/builder/spi-builder-workspace/.derivedData/ModuleCache.noindex -serialize-diagnostics -emit-dependencies -emit-module -emit-module-path /Users/admin/builder/spi-builder-workspace/.derivedData/Build/Intermediates.noindex/swift-png.build/Debug-xros/compression-benchmark.build/Objects-normal/arm64/compression_benchmark.swiftmodule -validate-clang-modules-once -clang-build-session-file /Users/admin/builder/spi-builder-workspace/.derivedData/ModuleCache.noindex/Session.modulevalidation -emit-const-values -Xfrontend -const-gather-protocols-file -Xfrontend /Users/admin/builder/spi-builder-workspace/.derivedData/Build/Intermediates.noindex/swift-png.build/Debug-xros/compression-benchmark.build/Objects-normal/arm64/compression-benchmark_const_extract_protocols.json -Xcc -I/Users/admin/builder/spi-builder-workspace/.derivedData/Build/Products/Debug-xros/include -Xcc -I/Users/admin/builder/spi-builder-workspace/.derivedData/Build/Intermediates.noindex/swift-png.build/Debug-xros/compression-benchmark.build/DerivedSources-normal/arm64 -Xcc -I/Users/admin/builder/spi-builder-workspace/.derivedData/Build/Intermediates.noindex/swift-png.build/Debug-xros/compression-benchmark.build/DerivedSources/arm64 -Xcc -I/Users/admin/builder/spi-builder-workspace/.derivedData/Build/Intermediates.noindex/swift-png.build/Debug-xros/compression-benchmark.build/DerivedSources -Xcc -DSWIFT_PACKAGE -Xcc -DDEBUG\=1 -working-directory /Users/admin/builder/spi-builder-workspace/.swiftpm/xcode -experimental-emit-module-separately -disable-cmo
/Users/admin/builder/spi-builder-workspace/Benchmarks/Compression/Swift/Main.swift:26:5: warning: Clock() function not imported for this platform, internal benchmarks not built (please open an issue at https://github.com/tayloraswift/swift-png/issues)
"""
^~~ (in target 'compression-benchmark' from project 'swift-png')
SwiftDriverJobDiscovery normal arm64 Compiling Array (ext).swift, ArraySlice (ext).swift, PNG.Color.swift, PNG.RGBA.swift, PNG.VA.swift (in target 'PNG' from project 'swift-png')
SwiftEmitModule normal arm64 Emitting\ module\ for\ decompression_benchmark (in target 'decompression-benchmark' from project 'swift-png')
Failed frontend command:
/Applications/Xcode-26.3.0.app/Contents/Developer/Toolchains/XcodeDefault.xctoolchain/usr/bin/swift-frontend -frontend -emit-module -experimental-skip-non-inlinable-function-bodies-without-types /Users/admin/builder/spi-builder-workspace/Benchmarks/Decompression/Swift/Main.swift -target arm64-apple-xros1.0 -load-resolved-plugin /Applications/Xcode-26.3.0.app/Contents/Developer/Platforms/XROS.platform/Developer/usr/lib/swift/host/plugins/libSwiftMacros.dylib\#/Applications/Xcode-26.3.0.app/Contents/Developer/Platforms/XROS.platform/Developer/usr/bin/swift-plugin-server\#SwiftMacros -disable-implicit-swift-modules -Xcc -fno-implicit-modules -Xcc -fno-implicit-module-maps -explicit-swift-module-map-file /Users/admin/builder/spi-builder-workspace/.derivedData/Build/Intermediates.noindex/swift-png.build/Debug-xros/decompression-benchmark.build/Objects-normal/arm64/decompression_benchmark-dependencies-1.json -Xllvm -aarch64-use-tbi -enable-objc-interop -stack-check -sdk /Applications/Xcode-26.3.0.app/Contents/Developer/Platforms/XROS.platform/Developer/SDKs/XROS26.2.sdk -I /Users/admin/builder/spi-builder-workspace/.derivedData/Build/Products/Debug-xros -Isystem /Applications/Xcode-26.3.0.app/Contents/Developer/Platforms/XROS.platform/Developer/usr/lib -F /Users/admin/builder/spi-builder-workspace/.derivedData/Build/Products/Debug-xros/PackageFrameworks -F /Users/admin/builder/spi-builder-workspace/.derivedData/Build/Products/Debug-xros/PackageFrameworks -F /Users/admin/builder/spi-builder-workspace/.derivedData/Build/Products/Debug-xros/PackageFrameworks -F /Users/admin/builder/spi-builder-workspace/.derivedData/Build/Products/Debug-xros/PackageFrameworks -F /Users/admin/builder/spi-builder-workspace/.derivedData/Build/Products/Debug-xros/PackageFrameworks -F /Users/admin/builder/spi-builder-workspace/.derivedData/Build/Products/Debug-xros -F /Applications/Xcode-26.3.0.app/Contents/Developer/Platforms/XROS.platform/Developer/Library/Frameworks -F /Applications/Xcode-26.3.0.app/Contents/Developer/Platforms/XROS.platform/Developer/SDKs/XROS26.2.sdk/Developer/Library/Frameworks -no-color-diagnostics -Xcc -fno-color-diagnostics -enable-testing -g -debug-info-format\=dwarf -dwarf-version\=4 -module-cache-path /Users/admin/builder/spi-builder-workspace/.derivedData/Build/Intermediates.noindex/SwiftExplicitPrecompiledModules -profile-generate -profile-coverage-mapping -swift-version 5 -enforce-exclusivity\=checked -Onone -D SWIFT_PACKAGE -D DEBUG -D Xcode -serialize-debugging-options -const-gather-protocols-file /Users/admin/builder/spi-builder-workspace/.derivedData/Build/Intermediates.noindex/swift-png.build/Debug-xros/decompression-benchmark.build/Objects-normal/arm64/decompression-benchmark_const_extract_protocols.json -enable-upcoming-feature BareSlashRegexLiterals -enable-upcoming-feature ConciseMagicFile -enable-upcoming-feature ExistentialAny -enable-experimental-feature DebugDescriptionMacro -empty-abi-descriptor -validate-clang-modules-once -clang-build-session-file /Users/admin/builder/spi-builder-workspace/.derivedData/ModuleCache.noindex/Session.modulevalidation -Xcc -working-directory -Xcc /Users/admin/builder/spi-builder-workspace/.swiftpm/xcode -enable-anonymous-context-mangled-names -file-compilation-dir /Users/admin/builder/spi-builder-workspace/.swiftpm/xcode -Xcc -D_LIBCPP_HARDENING_MODE\=_LIBCPP_HARDENING_MODE_DEBUG -Xcc -ivfsstatcache -Xcc /Users/admin/builder/spi-builder-workspace/.derivedData/SDKStatCaches.noindex/xros26.2-23N301-dc75598d0054f22ec865fa860f139d72f5e64962d3ee001da1d77d1957dffdab.sdkstatcache -Xcc -I/Users/admin/builder/spi-builder-workspace/.derivedData/Build/Products/Debug-xros/include -Xcc -I/Users/admin/builder/spi-builder-workspace/.derivedData/Build/Intermediates.noindex/swift-png.build/Debug-xros/decompression-benchmark.build/DerivedSources-normal/arm64 -Xcc -I/Users/admin/builder/spi-builder-workspace/.derivedData/Build/Intermediates.noindex/swift-png.build/Debug-xros/decompression-benchmark.build/DerivedSources/arm64 -Xcc -I/Users/admin/builder/spi-builder-workspace/.derivedData/Build/Intermediates.noindex/swift-png.build/Debug-xros/decompression-benchmark.build/DerivedSources -Xcc -DSWIFT_PACKAGE -Xcc -DDEBUG\=1 -no-auto-bridging-header-chaining -module-name decompression_benchmark -frontend-parseable-output -disable-clang-spi -target-sdk-version 26.2 -target-sdk-name xros26.2 -clang-target arm64-apple-xros26.2 -in-process-plugin-server-path /Applications/Xcode-26.3.0.app/Contents/Developer/Toolchains/XcodeDefault.xctoolchain/usr/lib/swift/host/libSwiftInProcPluginServer.dylib -emit-module-doc-path /Users/admin/builder/spi-builder-workspace/.derivedData/Build/Intermediates.noindex/swift-png.build/Debug-xros/decompression-benchmark.build/Objects-normal/arm64/decompression_benchmark.swiftdoc -emit-module-source-info-path /Users/admin/builder/spi-builder-workspace/.derivedData/Build/Intermediates.noindex/swift-png.build/Debug-xros/decompression-benchmark.build/Objects-normal/arm64/decompression_benchmark.swiftsourceinfo -serialize-diagnostics-path /Users/admin/builder/spi-builder-workspace/.derivedData/Build/Intermediates.noindex/swift-png.build/Debug-xros/decompression-benchmark.build/Objects-normal/arm64/decompression-benchmark-primary-emit-module.dia -emit-dependencies-path /Users/admin/builder/spi-builder-workspace/.derivedData/Build/Intermediates.noindex/swift-png.build/Debug-xros/decompression-benchmark.build/Objects-normal/arm64/decompression-benchmark-primary-emit-module.d -parse-as-library -o /Users/admin/builder/spi-builder-workspace/.derivedData/Build/Intermediates.noindex/swift-png.build/Debug-xros/decompression-benchmark.build/Objects-normal/arm64/decompression_benchmark.swiftmodule -emit-abi-descriptor-path /Users/admin/builder/spi-builder-workspace/.derivedData/Build/Intermediates.noindex/swift-png.build/Debug-xros/decompression-benchmark.build/Objects-normal/arm64/decompression_benchmark.abi.json
SwiftCompile normal arm64 /Users/admin/builder/spi-builder-workspace/Benchmarks/Decompression/Swift/Main.swift (in target 'decompression-benchmark' from project 'swift-png')
cd /Users/admin/builder/spi-builder-workspace/.swiftpm/xcode
/Users/admin/builder/spi-builder-workspace/Benchmarks/Decompression/Swift/Main.swift:26:5: warning: clock() function not imported for this platform, internal benchmarks not built (please open an issue at https://github.com/tayloraswift/swift-png/issues)
"""
^~~
/Users/admin/builder/spi-builder-workspace/Benchmarks/Decompression/Swift/Main.swift:116:1: error: expressions are not allowed at the top level
try main()
^
SwiftCompile normal arm64 Compiling\ Main.swift /Users/admin/builder/spi-builder-workspace/Benchmarks/Decompression/Swift/Main.swift (in target 'decompression-benchmark' from project 'swift-png')
Failed frontend command:
/Applications/Xcode-26.3.0.app/Contents/Developer/Toolchains/XcodeDefault.xctoolchain/usr/bin/swift-frontend -frontend -c -primary-file /Users/admin/builder/spi-builder-workspace/Benchmarks/Decompression/Swift/Main.swift -emit-dependencies-path /Users/admin/builder/spi-builder-workspace/.derivedData/Build/Intermediates.noindex/swift-png.build/Debug-xros/decompression-benchmark.build/Objects-normal/arm64/Main.d -emit-const-values-path /Users/admin/builder/spi-builder-workspace/.derivedData/Build/Intermediates.noindex/swift-png.build/Debug-xros/decompression-benchmark.build/Objects-normal/arm64/Main.swiftconstvalues -emit-reference-dependencies-path /Users/admin/builder/spi-builder-workspace/.derivedData/Build/Intermediates.noindex/swift-png.build/Debug-xros/decompression-benchmark.build/Objects-normal/arm64/Main.swiftdeps -serialize-diagnostics-path /Users/admin/builder/spi-builder-workspace/.derivedData/Build/Intermediates.noindex/swift-png.build/Debug-xros/decompression-benchmark.build/Objects-normal/arm64/Main.dia -target arm64-apple-xros1.0 -load-resolved-plugin /Applications/Xcode-26.3.0.app/Contents/Developer/Platforms/XROS.platform/Developer/usr/lib/swift/host/plugins/libSwiftMacros.dylib\#/Applications/Xcode-26.3.0.app/Contents/Developer/Platforms/XROS.platform/Developer/usr/bin/swift-plugin-server\#SwiftMacros -disable-implicit-swift-modules -Xcc -fno-implicit-modules -Xcc -fno-implicit-module-maps -explicit-swift-module-map-file /Users/admin/builder/spi-builder-workspace/.derivedData/Build/Intermediates.noindex/swift-png.build/Debug-xros/decompression-benchmark.build/Objects-normal/arm64/decompression_benchmark-dependencies-1.json -Xllvm -aarch64-use-tbi -enable-objc-interop -stack-check -sdk /Applications/Xcode-26.3.0.app/Contents/Developer/Platforms/XROS.platform/Developer/SDKs/XROS26.2.sdk -I /Users/admin/builder/spi-builder-workspace/.derivedData/Build/Products/Debug-xros -Isystem /Applications/Xcode-26.3.0.app/Contents/Developer/Platforms/XROS.platform/Developer/usr/lib -F /Users/admin/builder/spi-builder-workspace/.derivedData/Build/Products/Debug-xros/PackageFrameworks -F /Users/admin/builder/spi-builder-workspace/.derivedData/Build/Products/Debug-xros/PackageFrameworks -F /Users/admin/builder/spi-builder-workspace/.derivedData/Build/Products/Debug-xros/PackageFrameworks -F /Users/admin/builder/spi-builder-workspace/.derivedData/Build/Products/Debug-xros/PackageFrameworks -F /Users/admin/builder/spi-builder-workspace/.derivedData/Build/Products/Debug-xros/PackageFrameworks -F /Users/admin/builder/spi-builder-workspace/.derivedData/Build/Products/Debug-xros -F /Applications/Xcode-26.3.0.app/Contents/Developer/Platforms/XROS.platform/Developer/Library/Frameworks -F /Applications/Xcode-26.3.0.app/Contents/Developer/Platforms/XROS.platform/Developer/SDKs/XROS26.2.sdk/Developer/Library/Frameworks -no-color-diagnostics -Xcc -fno-color-diagnostics -enable-testing -g -debug-info-format\=dwarf -dwarf-version\=4 -module-cache-path /Users/admin/builder/spi-builder-workspace/.derivedData/Build/Intermediates.noindex/SwiftExplicitPrecompiledModules -profile-generate -profile-coverage-mapping -swift-version 5 -enforce-exclusivity\=checked -Onone -D SWIFT_PACKAGE -D DEBUG -D Xcode -serialize-debugging-options -const-gather-protocols-file /Users/admin/builder/spi-builder-workspace/.derivedData/Build/Intermediates.noindex/swift-png.build/Debug-xros/decompression-benchmark.build/Objects-normal/arm64/decompression-benchmark_const_extract_protocols.json -enable-upcoming-feature BareSlashRegexLiterals -enable-upcoming-feature ConciseMagicFile -enable-upcoming-feature ExistentialAny -enable-experimental-feature DebugDescriptionMacro -empty-abi-descriptor -validate-clang-modules-once -clang-build-session-file /Users/admin/builder/spi-builder-workspace/.derivedData/ModuleCache.noindex/Session.modulevalidation -Xcc -working-directory -Xcc /Users/admin/builder/spi-builder-workspace/.swiftpm/xcode -enable-anonymous-context-mangled-names -file-compilation-dir /Users/admin/builder/spi-builder-workspace/.swiftpm/xcode -Xcc -D_LIBCPP_HARDENING_MODE\=_LIBCPP_HARDENING_MODE_DEBUG -Xcc -ivfsstatcache -Xcc /Users/admin/builder/spi-builder-workspace/.derivedData/SDKStatCaches.noindex/xros26.2-23N301-dc75598d0054f22ec865fa860f139d72f5e64962d3ee001da1d77d1957dffdab.sdkstatcache -Xcc -I/Users/admin/builder/spi-builder-workspace/.derivedData/Build/Products/Debug-xros/include -Xcc -I/Users/admin/builder/spi-builder-workspace/.derivedData/Build/Intermediates.noindex/swift-png.build/Debug-xros/decompression-benchmark.build/DerivedSources-normal/arm64 -Xcc -I/Users/admin/builder/spi-builder-workspace/.derivedData/Build/Intermediates.noindex/swift-png.build/Debug-xros/decompression-benchmark.build/DerivedSources/arm64 -Xcc -I/Users/admin/builder/spi-builder-workspace/.derivedData/Build/Intermediates.noindex/swift-png.build/Debug-xros/decompression-benchmark.build/DerivedSources -Xcc -DSWIFT_PACKAGE -Xcc -DDEBUG\=1 -no-auto-bridging-header-chaining -module-name decompression_benchmark -frontend-parseable-output -disable-clang-spi -target-sdk-version 26.2 -target-sdk-name xros26.2 -clang-target arm64-apple-xros26.2 -in-process-plugin-server-path /Applications/Xcode-26.3.0.app/Contents/Developer/Toolchains/XcodeDefault.xctoolchain/usr/lib/swift/host/libSwiftInProcPluginServer.dylib -parse-as-library -o /Users/admin/builder/spi-builder-workspace/.derivedData/Build/Intermediates.noindex/swift-png.build/Debug-xros/decompression-benchmark.build/Objects-normal/arm64/Main.o -index-unit-output-path /swift-png.build/Debug-xros/decompression-benchmark.build/Objects-normal/arm64/Main.o -index-store-path /Users/admin/builder/spi-builder-workspace/.derivedData/Index.noindex/DataStore -index-system-modules
SwiftCompile normal arm64 /Users/admin/builder/spi-builder-workspace/Benchmarks/Decompression/Swift/Main.swift (in target 'decompression-benchmark' from project 'swift-png')
cd /Users/admin/builder/spi-builder-workspace/.swiftpm/xcode
/Users/admin/builder/spi-builder-workspace/Benchmarks/Decompression/Swift/Main.swift:26:5: warning: clock() function not imported for this platform, internal benchmarks not built (please open an issue at https://github.com/tayloraswift/swift-png/issues)
"""
^~~
/Users/admin/builder/spi-builder-workspace/Benchmarks/Decompression/Swift/Main.swift:116:1: error: expressions are not allowed at the top level
try main()
^
RegisterExecutionPolicyException /Users/admin/builder/spi-builder-workspace/.derivedData/Build/Products/Debug-xros/CRC.o (in target 'CRC' from project 'h')
cd /Users/admin/builder/spi-builder-workspace/.dependencies/checkouts/h
builtin-RegisterExecutionPolicyException /Users/admin/builder/spi-builder-workspace/.derivedData/Build/Products/Debug-xros/CRC.o
Ld /Users/admin/builder/spi-builder-workspace/.derivedData/Build/Products/Debug-xros/LZ77.o normal (in target 'LZ77' from project 'swift-png')
cd /Users/admin/builder/spi-builder-workspace
/Applications/Xcode-26.3.0.app/Contents/Developer/Toolchains/XcodeDefault.xctoolchain/usr/bin/clang -Xlinker -reproducible -target arm64-apple-xros1.0 -r -isysroot /Applications/Xcode-26.3.0.app/Contents/Developer/Platforms/XROS.platform/Developer/SDKs/XROS26.2.sdk -O0 -L/Users/admin/builder/spi-builder-workspace/.derivedData/Build/Intermediates.noindex/EagerLinkingTBDs/Debug-xros -L/Users/admin/builder/spi-builder-workspace/.derivedData/Build/Products/Debug-xros -L/Applications/Xcode-26.3.0.app/Contents/Developer/Platforms/XROS.platform/Developer/usr/lib -F/Users/admin/builder/spi-builder-workspace/.derivedData/Build/Intermediates.noindex/EagerLinkingTBDs/Debug-xros -F/Users/admin/builder/spi-builder-workspace/.derivedData/Build/Products/Debug-xros/PackageFrameworks -F/Users/admin/builder/spi-builder-workspace/.derivedData/Build/Products/Debug-xros/PackageFrameworks -F/Users/admin/builder/spi-builder-workspace/.derivedData/Build/Products/Debug-xros/PackageFrameworks -F/Users/admin/builder/spi-builder-workspace/.derivedData/Build/Products/Debug-xros -iframework /Applications/Xcode-26.3.0.app/Contents/Developer/Platforms/XROS.platform/Developer/Library/Frameworks -iframework /Applications/Xcode-26.3.0.app/Contents/Developer/Platforms/XROS.platform/Developer/SDKs/XROS26.2.sdk/Developer/Library/Frameworks -filelist /Users/admin/builder/spi-builder-workspace/.derivedData/Build/Intermediates.noindex/swift-png.build/Debug-xros/LZ77.build/Objects-normal/arm64/LZ77.LinkFileList -nostdlib -Xlinker -object_path_lto -Xlinker /Users/admin/builder/spi-builder-workspace/.derivedData/Build/Intermediates.noindex/swift-png.build/Debug-xros/LZ77.build/Objects-normal/arm64/LZ77_lto.o -rdynamic -Xlinker -no_deduplicate -Xlinker -debug_variant -Xlinker -dependency_info -Xlinker /Users/admin/builder/spi-builder-workspace/.derivedData/Build/Intermediates.noindex/swift-png.build/Debug-xros/LZ77.build/Objects-normal/arm64/LZ77_dependency_info.dat -fobjc-link-runtime -L/Applications/Xcode-26.3.0.app/Contents/Developer/Toolchains/XcodeDefault.xctoolchain/usr/lib/swift/xros -L/usr/lib/swift -Xlinker -add_ast_path -Xlinker /Users/admin/builder/spi-builder-workspace/.derivedData/Build/Intermediates.noindex/swift-png.build/Debug-xros/LZ77.build/Objects-normal/arm64/LZ77.swiftmodule @/Users/admin/builder/spi-builder-workspace/.derivedData/Build/Intermediates.noindex/swift-png.build/Debug-xros/LZ77.build/Objects-normal/arm64/LZ77-linker-args.resp -o /Users/admin/builder/spi-builder-workspace/.derivedData/Build/Products/Debug-xros/LZ77.o
SwiftEmitModule normal arm64 Emitting\ module\ for\ compression_benchmark (in target 'compression-benchmark' from project 'swift-png')
SwiftCompile normal arm64 Compiling\ Main.swift /Users/admin/builder/spi-builder-workspace/Benchmarks/Compression/Swift/Main.swift (in target 'compression-benchmark' from project 'swift-png')
SwiftDriverJobDiscovery normal arm64 Compiling PNG.SuggestedPalette.Entries.swift, PNG.SuggestedPalette.swift, PNG.Text.swift, PNG.TimeModified.swift, PNG.Transparency.Case.swift (in target 'PNG' from project 'swift-png')
ExtractAppIntentsMetadata (in target 'LZ77' from project 'swift-png')
cd /Users/admin/builder/spi-builder-workspace
/Applications/Xcode-26.3.0.app/Contents/Developer/Toolchains/XcodeDefault.xctoolchain/usr/bin/appintentsmetadataprocessor --toolchain-dir /var/run/com.apple.security.cryptexd/mnt/com.apple.MobileAsset.MetalToolchain-v17.3.7003.10.7blh5R/Metal.xctoolchain --module-name LZ77 --sdk-root /Applications/Xcode-26.3.0.app/Contents/Developer/Platforms/XROS.platform/Developer/SDKs/XROS26.2.sdk --xcode-version 17C529 --platform-family xrOS --deployment-target 1.0 --bundle-identifier spi-builder-workspace.LZ77 --output /Users/admin/builder/spi-builder-workspace/.derivedData/Build/Products/Debug-xros/LZ77.appintents --target-triple arm64-apple-xros1.0 --binary-file /Users/admin/builder/spi-builder-workspace/.derivedData/Build/Products/Debug-xros/LZ77.o --dependency-file /Users/admin/builder/spi-builder-workspace/.derivedData/Build/Intermediates.noindex/swift-png.build/Debug-xros/LZ77.build/Objects-normal/arm64/LZ77_dependency_info.dat --stringsdata-file /Users/admin/builder/spi-builder-workspace/.derivedData/Build/Intermediates.noindex/swift-png.build/Debug-xros/LZ77.build/Objects-normal/arm64/ExtractedAppShortcutsMetadata.stringsdata --source-file-list /Users/admin/builder/spi-builder-workspace/.derivedData/Build/Intermediates.noindex/swift-png.build/Debug-xros/LZ77.build/Objects-normal/arm64/LZ77.SwiftFileList --metadata-file-list /Users/admin/builder/spi-builder-workspace/.derivedData/Build/Intermediates.noindex/swift-png.build/Debug-xros/LZ77.build/LZ77.DependencyMetadataFileList --static-metadata-file-list /Users/admin/builder/spi-builder-workspace/.derivedData/Build/Intermediates.noindex/swift-png.build/Debug-xros/LZ77.build/LZ77.DependencyStaticMetadataFileList --swift-const-vals-list /Users/admin/builder/spi-builder-workspace/.derivedData/Build/Intermediates.noindex/swift-png.build/Debug-xros/LZ77.build/Objects-normal/arm64/LZ77.SwiftConstValuesFileList --force --compile-time-extraction --deployment-aware-processing --validate-assistant-intents --no-app-shortcuts-localization
2026-10-08 17:34:55.164 xcodebuild[870:5235] [MT] IDERunDestination: Supported platforms for the buildables in the current scheme is empty.
/Users/admin/builder/spi-builder-workspace/Benchmarks/Decompression/Swift/Main.swift:26:5: warning: clock() function not imported for this platform, internal benchmarks not built (please open an issue at https://github.com/tayloraswift/swift-png/issues)
"""
^~~
/Users/admin/builder/spi-builder-workspace/Benchmarks/Compression/Swift/Main.swift:26:5: warning: clock() function not imported for this platform, internal benchmarks not built (please open an issue at https://github.com/tayloraswift/swift-png/issues)
"""
^~~
** BUILD FAILED **
The following build commands failed:
SwiftEmitModule normal arm64 Emitting\ module\ for\ decompression_benchmark (in target 'decompression-benchmark' from project 'swift-png')
SwiftCompile normal arm64 /Users/admin/builder/spi-builder-workspace/Benchmarks/Decompression/Swift/Main.swift (in target 'decompression-benchmark' from project 'swift-png')
SwiftCompile normal arm64 Compiling\ Main.swift /Users/admin/builder/spi-builder-workspace/Benchmarks/Decompression/Swift/Main.swift (in target 'decompression-benchmark' from project 'swift-png')
SwiftCompile normal arm64 /Users/admin/builder/spi-builder-workspace/Benchmarks/Decompression/Swift/Main.swift (in target 'decompression-benchmark' from project 'swift-png')
Building workspace spi-builder-workspace with scheme swift-png-Package
(5 failures)
Command line invocation:
/Applications/Xcode-26.3.0.app/Contents/Developer/usr/bin/xcodebuild -IDEClonedSourcePackagesDirPathOverride=/Users/admin/builder/spi-builder-workspace/.dependencies -resolvePackageDependencies
Resolve Package Graph
Resolved source packages:
h: https://github.com/rarestype/h @ 1.0.1
dollup: https://github.com/ordo-one/dollup @ 1.1.0
swift-png: /Users/admin/builder/spi-builder-workspace
resolved source packages: h, dollup, swift-png
2026-10-08 17:35:03.442 xcodebuild[1014:5941] [MT] IDERunDestination: Supported platforms for the buildables in the current scheme is empty.
{
"dependencies" : [
{
"identity" : "dollup",
"requirement" : {
"range" : [
{
"lower_bound" : "1.0.1",
"upper_bound" : "2.0.0"
}
]
},
"type" : "sourceControl",
"url" : "https://github.com/ordo-one/dollup"
},
{
"identity" : "h",
"requirement" : {
"range" : [
{
"lower_bound" : "1.0.1",
"upper_bound" : "2.0.0"
}
]
},
"type" : "sourceControl",
"url" : "https://github.com/rarestype/h"
}
],
"manifest_display_name" : "swift-png",
"name" : "swift-png",
"path" : "/Users/admin/builder/spi-builder-workspace",
"platforms" : [
{
"name" : "macos",
"version" : "10.15"
},
{
"name" : "ios",
"version" : "13.0"
},
{
"name" : "tvos",
"version" : "13.0"
},
{
"name" : "watchos",
"version" : "6.0"
}
],
"products" : [
{
"name" : "LZ77",
"targets" : [
"LZ77"
],
"type" : {
"library" : [
"automatic"
]
}
},
{
"name" : "PNG",
"targets" : [
"PNG"
],
"type" : {
"library" : [
"automatic"
]
}
},
{
"name" : "compression-benchmark",
"targets" : [
"PNGCompressionBenchmarks"
],
"type" : {
"executable" : null
}
},
{
"name" : "decompression-benchmark",
"targets" : [
"PNGDecompressionBenchmarks"
],
"type" : {
"executable" : null
}
},
{
"name" : "StreamingZlib",
"targets" : [
"StreamingZlib"
],
"type" : {
"snippet" : null
}
},
{
"name" : "StreamingGzip",
"targets" : [
"StreamingGzip"
],
"type" : {
"snippet" : null
}
},
{
"name" : "BasicGzip",
"targets" : [
"BasicGzip"
],
"type" : {
"snippet" : null
}
},
{
"name" : "BasicDecoding",
"targets" : [
"BasicDecoding"
],
"type" : {
"snippet" : null
}
},
{
"name" : "CustomColor",
"targets" : [
"CustomColor"
],
"type" : {
"snippet" : null
}
},
{
"name" : "ImageMetadata",
"targets" : [
"ImageMetadata"
],
"type" : {
"snippet" : null
}
},
{
"name" : "ImagesInMemory",
"targets" : [
"ImagesInMemory"
],
"type" : {
"snippet" : null
}
},
{
"name" : "iPhoneOptimized",
"targets" : [
"iPhoneOptimized"
],
"type" : {
"snippet" : null
}
},
{
"name" : "OnlineDecoding",
"targets" : [
"OnlineDecoding"
],
"type" : {
"snippet" : null
}
},
{
"name" : "BasicEncoding",
"targets" : [
"BasicEncoding"
],
"type" : {
"snippet" : null
}
},
{
"name" : "Indexing",
"targets" : [
"Indexing"
],
"type" : {
"snippet" : null
}
}
],
"swift_languages_versions" : [
"5"
],
"targets" : [
{
"c99name" : "PNGTests",
"module_type" : "SwiftTarget",
"name" : "PNGTests",
"path" : "Sources/PNGTests",
"sources" : [
"Filtering.swift",
"Premultiplication.swift"
],
"target_dependencies" : [
"PNG"
],
"type" : "test"
},
{
"c99name" : "PNGIntegrationTests",
"module_type" : "SwiftTarget",
"name" : "PNGIntegrationTests",
"path" : "Sources/PNGIntegrationTests",
"sources" : [
"Array (ext).swift",
"ArraySlice (ext).swift",
"ErrorHandling.swift",
"Roundtripping.swift"
],
"target_dependencies" : [
"PNG"
],
"type" : "test"
},
{
"c99name" : "PNGInspection",
"module_type" : "SwiftTarget",
"name" : "PNGInspection",
"path" : "Sources/PNGInspection",
"sources" : [
"PNG.Metadata (ext).swift",
"PNG.SuggestedPalette (ext).swift",
"String (ext).swift"
],
"target_dependencies" : [
"PNG"
],
"type" : "library"
},
{
"c99name" : "PNGDecompressionBenchmarks",
"module_type" : "SwiftTarget",
"name" : "PNGDecompressionBenchmarks",
"path" : "Benchmarks/Decompression/Swift",
"product_memberships" : [
"decompression-benchmark"
],
"sources" : [
"Main.swift"
],
"target_dependencies" : [
"PNG"
],
"type" : "executable"
},
{
"c99name" : "PNGCompressionTests",
"module_type" : "SwiftTarget",
"name" : "PNGCompressionTests",
"path" : "Sources/PNGCompressionTests",
"sources" : [
"Compression.swift"
],
"target_dependencies" : [
"PNG"
],
"type" : "test"
},
{
"c99name" : "PNGCompressionBenchmarks",
"module_type" : "SwiftTarget",
"name" : "PNGCompressionBenchmarks",
"path" : "Benchmarks/Compression/Swift",
"product_memberships" : [
"compression-benchmark"
],
"sources" : [
"Main.swift"
],
"target_dependencies" : [
"PNG"
],
"type" : "executable"
},
{
"c99name" : "PNG",
"module_type" : "SwiftTarget",
"name" : "PNG",
"path" : "Sources/PNG",
"product_memberships" : [
"PNG",
"compression-benchmark",
"decompression-benchmark",
"StreamingZlib",
"StreamingGzip",
"BasicGzip",
"BasicDecoding",
"CustomColor",
"ImageMetadata",
"ImagesInMemory",
"iPhoneOptimized",
"OnlineDecoding",
"BasicEncoding",
"Indexing"
],
"sources" : [
"Array (ext).swift",
"ArraySlice (ext).swift",
"ColorTargets/PNG.Color.swift",
"ColorTargets/PNG.RGBA.swift",
"ColorTargets/PNG.VA.swift",
"Decoding/PNG.Context.swift",
"Decoding/PNG.Decoder.swift",
"Decoding/PNG.DecodingError.swift",
"Decoding/PNG.Metadata.swift",
"Decoding/PNG.Standard.swift",
"Encoding/PNG.Encoder.Pass.swift",
"Encoding/PNG.Encoder.swift",
"Encoding/PNG.FormattingError.swift",
"Formats/PNG.Format.Pixel.swift",
"Formats/PNG.Format.swift",
"Formats/PNG.Layout.swift",
"General.swift",
"LZ77.DecompressionError (ext).swift",
"LZ77.DeflateHeaderError (ext).swift",
"Lexing/PNG.BytestreamDestination.swift",
"Lexing/PNG.BytestreamSource.swift",
"Lexing/PNG.Chunk.swift",
"Lexing/PNG.LexingError.swift",
"PNG.Error.swift",
"PNG.Image.swift",
"PNG.swift",
"Parsing/PNG.Background.Case.swift",
"Parsing/PNG.Background.swift",
"Parsing/PNG.Chromaticity.swift",
"Parsing/PNG.ColorProfile.swift",
"Parsing/PNG.ColorRendering.swift",
"Parsing/PNG.Gamma.swift",
"Parsing/PNG.Header.swift",
"Parsing/PNG.Histogram.swift",
"Parsing/PNG.Palette.swift",
"Parsing/PNG.ParsingError.swift",
"Parsing/PNG.Percentmille.swift",
"Parsing/PNG.PhysicalDimensions.swift",
"Parsing/PNG.SignificantBits.Case.swift",
"Parsing/PNG.SignificantBits.swift",
"Parsing/PNG.SuggestedPalette.Entries.swift",
"Parsing/PNG.SuggestedPalette.swift",
"Parsing/PNG.Text.swift",
"Parsing/PNG.TimeModified.swift",
"Parsing/PNG.Transparency.Case.swift",
"Parsing/PNG.Transparency.swift",
"System.swift",
"UnsafeMutableBufferPointer (ext).swift",
"__Entrypoint.swift"
],
"target_dependencies" : [
"LZ77"
],
"type" : "library"
},
{
"c99name" : "LZ77Tests",
"module_type" : "SwiftTarget",
"name" : "LZ77Tests",
"path" : "Sources/LZ77Tests",
"sources" : [
"Bitstreams.swift",
"Compression.swift",
"CompressionMicro.swift",
"HardwareAcceleration.swift"
],
"target_dependencies" : [
"LZ77"
],
"type" : "test"
},
{
"c99name" : "LZ77",
"module_type" : "SwiftTarget",
"name" : "LZ77",
"path" : "Sources/LZ77",
"product_dependencies" : [
"CRC"
],
"product_memberships" : [
"LZ77",
"PNG",
"compression-benchmark",
"decompression-benchmark",
"StreamingZlib",
"StreamingGzip",
"BasicGzip",
"BasicDecoding",
"CustomColor",
"ImageMetadata",
"ImagesInMemory",
"iPhoneOptimized",
"OnlineDecoding",
"BasicEncoding",
"Indexing"
],
"sources" : [
"Deflator/LZ77.Decades.swift",
"Deflator/LZ77.Deflator.swift",
"Deflator/LZ77.DeflatorBuffers.Stream.swift",
"Deflator/LZ77.DeflatorBuffers.swift",
"Deflator/LZ77.DeflatorDicing.Node.swift",
"Deflator/LZ77.DeflatorDicing.swift",
"Deflator/LZ77.DeflatorIn.swift",
"Deflator/LZ77.DeflatorMatches.Depths.swift",
"Deflator/LZ77.DeflatorMatches.swift",
"Deflator/LZ77.DeflatorOut.swift",
"Deflator/LZ77.DeflatorSearch.swift",
"Deflator/LZ77.DeflatorTables.swift",
"Deflator/LZ77.DeflatorTerm.Meta.swift",
"Deflator/LZ77.DeflatorTerm.swift",
"Deflator/LZ77.DeflatorWindow.Element.swift",
"Deflator/LZ77.DeflatorWindow.swift",
"F14/F14.District.Index.swift",
"F14/F14.District.swift",
"F14/F14.Hash.swift",
"F14/F14.HashTable.swift",
"F14/F14.swift",
"FixedWidthInteger (ext).swift",
"Gzip/Gzip.Deflator.swift",
"Gzip/Gzip.Format.Integral.swift",
"Gzip/Gzip.Format.swift",
"Gzip/Gzip.Inflator.swift",
"Gzip/Gzip.InflatorState.swift",
"Gzip/Gzip.StreamHeader.swift",
"Gzip/Gzip.StreamHeaderError.swift",
"Gzip/Gzip.swift",
"HuffmanCoding/LZ77.Codeword.swift",
"HuffmanCoding/LZ77.Distance.swift",
"HuffmanCoding/LZ77.Heap.swift",
"HuffmanCoding/LZ77.HuffmanPattern.swift",
"HuffmanCoding/LZ77.HuffmanTree.swift",
"HuffmanCoding/LZ77.Metaword.swift",
"HuffmanCoding/LZ77.RunLiteral.swift",
"Inflator/LZ77.BlockMetadata.swift",
"Inflator/LZ77.BlockShape.swift",
"Inflator/LZ77.BlockState.swift",
"Inflator/LZ77.BlockType.swift",
"Inflator/LZ77.DecompressionError.swift",
"Inflator/LZ77.Inflator.swift",
"Inflator/LZ77.InflatorBuffers.Stream.swift",
"Inflator/LZ77.InflatorBuffers.swift",
"Inflator/LZ77.InflatorIn.swift",
"Inflator/LZ77.InflatorOut.swift",
"Inflator/LZ77.InflatorState.swift",
"Inflator/LZ77.InflatorTables.swift",
"Inflator/LZ77.StreamHeader.swift",
"Inflator/LZ77.StreamHeaderError.swift",
"LZ77.Composites.swift",
"LZ77.Reversed.swift",
"LZ77.swift",
"SIMD16 (ext).swift",
"Wrappers/LZ77.Format.swift",
"Wrappers/LZ77.FormatType.swift",
"Wrappers/LZ77.MRC32.swift",
"Wrappers/LZ77.StreamIntegral.swift"
],
"type" : "library"
},
{
"c99name" : "StreamingZlib",
"module_type" : "SwiftTarget",
"name" : "StreamingZlib",
"path" : "Snippets/LZ77",
"product_memberships" : [
"StreamingZlib"
],
"sources" : [
"StreamingZlib.swift"
],
"target_dependencies" : [
"PNG",
"LZ77"
],
"type" : "snippet"
},
{
"c99name" : "StreamingGzip",
"module_type" : "SwiftTarget",
"name" : "StreamingGzip",
"path" : "Snippets/LZ77",
"product_memberships" : [
"StreamingGzip"
],
"sources" : [
"StreamingGzip.swift"
],
"target_dependencies" : [
"PNG",
"LZ77"
],
"type" : "snippet"
},
{
"c99name" : "BasicGzip",
"module_type" : "SwiftTarget",
"name" : "BasicGzip",
"path" : "Snippets/LZ77",
"product_memberships" : [
"BasicGzip"
],
"sources" : [
"BasicGzip.swift"
],
"target_dependencies" : [
"PNG",
"LZ77"
],
"type" : "snippet"
},
{
"c99name" : "BasicDecoding",
"module_type" : "SwiftTarget",
"name" : "BasicDecoding",
"path" : "Snippets/PNG",
"product_memberships" : [
"BasicDecoding"
],
"sources" : [
"BasicDecoding.swift"
],
"target_dependencies" : [
"PNG",
"LZ77"
],
"type" : "snippet"
},
{
"c99name" : "CustomColor",
"module_type" : "SwiftTarget",
"name" : "CustomColor",
"path" : "Snippets/PNG",
"product_memberships" : [
"CustomColor"
],
"sources" : [
"CustomColor.swift"
],
"target_dependencies" : [
"PNG",
"LZ77"
],
"type" : "snippet"
},
{
"c99name" : "ImageMetadata",
"module_type" : "SwiftTarget",
"name" : "ImageMetadata",
"path" : "Snippets/PNG",
"product_memberships" : [
"ImageMetadata"
],
"sources" : [
"ImageMetadata.swift"
],
"target_dependencies" : [
"PNG",
"LZ77"
],
"type" : "snippet"
},
{
"c99name" : "ImagesInMemory",
"module_type" : "SwiftTarget",
"name" : "ImagesInMemory",
"path" : "Snippets/PNG",
"product_memberships" : [
"ImagesInMemory"
],
"sources" : [
"ImagesInMemory.swift"
],
"target_dependencies" : [
"PNG",
"LZ77"
],
"type" : "snippet"
},
{
"c99name" : "iPhoneOptimized",
"module_type" : "SwiftTarget",
"name" : "iPhoneOptimized",
"path" : "Snippets/PNG",
"product_memberships" : [
"iPhoneOptimized"
],
"sources" : [
"iPhoneOptimized.swift"
],
"target_dependencies" : [
"PNG",
"LZ77"
],
"type" : "snippet"
},
{
"c99name" : "OnlineDecoding",
"module_type" : "SwiftTarget",
"name" : "OnlineDecoding",
"path" : "Snippets/PNG",
"product_memberships" : [
"OnlineDecoding"
],
"sources" : [
"OnlineDecoding.swift"
],
"target_dependencies" : [
"PNG",
"LZ77"
],
"type" : "snippet"
},
{
"c99name" : "BasicEncoding",
"module_type" : "SwiftTarget",
"name" : "BasicEncoding",
"path" : "Snippets/PNG",
"product_memberships" : [
"BasicEncoding"
],
"sources" : [
"BasicEncoding.swift"
],
"target_dependencies" : [
"PNG",
"LZ77"
],
"type" : "snippet"
},
{
"c99name" : "Indexing",
"module_type" : "SwiftTarget",
"name" : "Indexing",
"path" : "Snippets/PNG",
"product_memberships" : [
"Indexing"
],
"sources" : [
"Indexing.swift"
],
"target_dependencies" : [
"PNG",
"LZ77"
],
"type" : "snippet"
}
],
"tools_version" : "5.8"
}
{
"workspace" : {
"name" : "spi-builder-workspace",
"schemes" : [
"compression-benchmark",
"decompression-benchmark",
"LZ77",
"PNG",
"swift-png-Package"
]
}
}
2026-10-08 17:35:04.830 xcodebuild[1023:6011] [MT] IDERunDestination: Supported platforms for the buildables in the current scheme is empty.
{
"workspace" : {
"name" : "spi-builder-workspace",
"schemes" : [
"compression-benchmark",
"decompression-benchmark",
"LZ77",
"PNG",
"swift-png-Package"
]
}
}
2026-10-08 17:35:05.972 xcodebuild[1027:6053] [MT] IDERunDestination: Supported platforms for the buildables in the current scheme is empty.
Running build ...
env DEVELOPER_DIR=/Applications/Xcode-26.3.0.app xcrun xcodebuild -IDEClonedSourcePackagesDirPathOverride=$PWD/.dependencies -skipMacroValidation -skipPackagePluginValidation -derivedDataPath $PWD/.derivedData build -scheme swift-png-Package -destination generic/platform=xrOS
Command line invocation:
/Applications/Xcode-26.3.0.app/Contents/Developer/usr/bin/xcodebuild -IDEClonedSourcePackagesDirPathOverride=/Users/admin/builder/spi-builder-workspace/.dependencies -skipMacroValidation -skipPackagePluginValidation -derivedDataPath /Users/admin/builder/spi-builder-workspace/.derivedData build -scheme swift-png-Package -destination generic/platform=xrOS
Resolve Package Graph
Resolved source packages:
swift-png: /Users/admin/builder/spi-builder-workspace
h: https://github.com/rarestype/h @ 1.0.1
dollup: https://github.com/ordo-one/dollup @ 1.1.0
ComputePackagePrebuildTargetDependencyGraph
Prepare packages
CreateBuildRequest
SendProjectDescription
CreateBuildOperation
ComputeTargetDependencyGraph
note: Building targets in dependency order
note: Target dependency graph (10 targets)
Target 'decompression-benchmark' in project 'swift-png'
➜ Explicit dependency on target 'LZ77' in project 'swift-png'
➜ Explicit dependency on target 'PNG' in project 'swift-png'
➜ Explicit dependency on target 'CRC' in project 'h'
Target 'compression-benchmark' in project 'swift-png'
➜ Explicit dependency on target 'LZ77' in project 'swift-png'
➜ Explicit dependency on target 'PNG' in project 'swift-png'
➜ Explicit dependency on target 'CRC' in project 'h'
Target 'PNG' in project 'swift-png'
➜ Explicit dependency on target 'PNG' in project 'swift-png'
➜ Explicit dependency on target 'LZ77' in project 'swift-png'
➜ Explicit dependency on target 'CRC' in project 'h'
Target 'PNG' in project 'swift-png'
➜ Explicit dependency on target 'LZ77' in project 'swift-png'
➜ Explicit dependency on target 'CRC' in project 'h'
Target 'LZ77' in project 'swift-png'
➜ Explicit dependency on target 'LZ77' in project 'swift-png'
➜ Explicit dependency on target 'CRC' in project 'h'
Target 'LZ77' in project 'swift-png'
➜ Explicit dependency on target 'CRC' in project 'h'
Target 'CRC' in project 'h'
➜ Explicit dependency on target 'CRC' in project 'h'
➜ Explicit dependency on target 'BaseDigits' in project 'h'
➜ Explicit dependency on target 'Base16' in project 'h'
Target 'CRC' in project 'h'
➜ Explicit dependency on target 'BaseDigits' in project 'h'
➜ Explicit dependency on target 'Base16' in project 'h'
Target 'Base16' in project 'h'
➜ Explicit dependency on target 'BaseDigits' in project 'h'
Target 'BaseDigits' in project 'h' (no dependencies)
GatherProvisioningInputs
CreateBuildDescription
ClangStatCache /Applications/Xcode-26.3.0.app/Contents/Developer/Toolchains/XcodeDefault.xctoolchain/usr/bin/clang-stat-cache /Applications/Xcode-26.3.0.app/Contents/Developer/Platforms/XROS.platform/Developer/SDKs/XROS26.2.sdk /Users/admin/builder/spi-builder-workspace/.derivedData/SDKStatCaches.noindex/xros26.2-23N301-dc75598d0054f22ec865fa860f139d72f5e64962d3ee001da1d77d1957dffdab.sdkstatcache
cd /Users/admin/builder/spi-builder-workspace/.swiftpm/xcode
/Applications/Xcode-26.3.0.app/Contents/Developer/Toolchains/XcodeDefault.xctoolchain/usr/bin/clang-stat-cache /Applications/Xcode-26.3.0.app/Contents/Developer/Platforms/XROS.platform/Developer/SDKs/XROS26.2.sdk -o /Users/admin/builder/spi-builder-workspace/.derivedData/SDKStatCaches.noindex/xros26.2-23N301-dc75598d0054f22ec865fa860f139d72f5e64962d3ee001da1d77d1957dffdab.sdkstatcache
ExtractAppIntentsMetadata (in target 'LZ77' from project 'swift-png')
cd /Users/admin/builder/spi-builder-workspace
/Applications/Xcode-26.3.0.app/Contents/Developer/Toolchains/XcodeDefault.xctoolchain/usr/bin/appintentsmetadataprocessor --toolchain-dir /var/run/com.apple.security.cryptexd/mnt/com.apple.MobileAsset.MetalToolchain-v17.3.7003.10.7blh5R/Metal.xctoolchain --module-name LZ77 --sdk-root /Applications/Xcode-26.3.0.app/Contents/Developer/Platforms/XROS.platform/Developer/SDKs/XROS26.2.sdk --xcode-version 17C529 --platform-family xrOS --deployment-target 1.0 --bundle-identifier spi-builder-workspace.LZ77 --output /Users/admin/builder/spi-builder-workspace/.derivedData/Build/Products/Debug-xros/LZ77.appintents --target-triple arm64-apple-xros1.0 --binary-file /Users/admin/builder/spi-builder-workspace/.derivedData/Build/Products/Debug-xros/LZ77.o --dependency-file /Users/admin/builder/spi-builder-workspace/.derivedData/Build/Intermediates.noindex/swift-png.build/Debug-xros/LZ77.build/Objects-normal/arm64/LZ77_dependency_info.dat --stringsdata-file /Users/admin/builder/spi-builder-workspace/.derivedData/Build/Intermediates.noindex/swift-png.build/Debug-xros/LZ77.build/Objects-normal/arm64/ExtractedAppShortcutsMetadata.stringsdata --source-file-list /Users/admin/builder/spi-builder-workspace/.derivedData/Build/Intermediates.noindex/swift-png.build/Debug-xros/LZ77.build/Objects-normal/arm64/LZ77.SwiftFileList --metadata-file-list /Users/admin/builder/spi-builder-workspace/.derivedData/Build/Intermediates.noindex/swift-png.build/Debug-xros/LZ77.build/LZ77.DependencyMetadataFileList --static-metadata-file-list /Users/admin/builder/spi-builder-workspace/.derivedData/Build/Intermediates.noindex/swift-png.build/Debug-xros/LZ77.build/LZ77.DependencyStaticMetadataFileList --swift-const-vals-list /Users/admin/builder/spi-builder-workspace/.derivedData/Build/Intermediates.noindex/swift-png.build/Debug-xros/LZ77.build/Objects-normal/arm64/LZ77.SwiftConstValuesFileList --force --compile-time-extraction --deployment-aware-processing --validate-assistant-intents --no-app-shortcuts-localization
2026-10-08 17:35:07.883 appintentsmetadataprocessor[1035:6146] Starting appintentsmetadataprocessor export
2026-10-08 17:35:08.023 appintentsmetadataprocessor[1035:6146] Extracted no relevant App Intents symbols, skipping writing output
SwiftDriver decompression-benchmark normal arm64 com.apple.xcode.tools.swift.compiler (in target 'decompression-benchmark' from project 'swift-png')
cd /Users/admin/builder/spi-builder-workspace/.swiftpm/xcode
builtin-SwiftDriver -- /Applications/Xcode-26.3.0.app/Contents/Developer/Toolchains/XcodeDefault.xctoolchain/usr/bin/swiftc -module-name decompression_benchmark -Onone -enforce-exclusivity\=checked @/Users/admin/builder/spi-builder-workspace/.derivedData/Build/Intermediates.noindex/swift-png.build/Debug-xros/decompression-benchmark.build/Objects-normal/arm64/decompression-benchmark.SwiftFileList -DSWIFT_PACKAGE -DDEBUG -DXcode -enable-upcoming-feature BareSlashRegexLiterals -enable-upcoming-feature ConciseMagicFile -enable-upcoming-feature ExistentialAny -plugin-path /Applications/Xcode-26.3.0.app/Contents/Developer/Toolchains/XcodeDefault.xctoolchain/usr/lib/swift/host/plugins/testing -enable-experimental-feature DebugDescriptionMacro -sdk /Applications/Xcode-26.3.0.app/Contents/Developer/Platforms/XROS.platform/Developer/SDKs/XROS26.2.sdk -target arm64-apple-xros1.0 -g -module-cache-path /Users/admin/builder/spi-builder-workspace/.derivedData/ModuleCache.noindex -Xfrontend -serialize-debugging-options -profile-coverage-mapping -profile-generate -enable-testing -index-store-path /Users/admin/builder/spi-builder-workspace/.derivedData/Index.noindex/DataStore -Xcc -D_LIBCPP_HARDENING_MODE\=_LIBCPP_HARDENING_MODE_DEBUG -swift-version 5 -I /Users/admin/builder/spi-builder-workspace/.derivedData/Build/Products/Debug-xros -Isystem /Applications/Xcode-26.3.0.app/Contents/Developer/Platforms/XROS.platform/Developer/usr/lib -F /Users/admin/builder/spi-builder-workspace/.derivedData/Build/Products/Debug-xros/PackageFrameworks -F /Users/admin/builder/spi-builder-workspace/.derivedData/Build/Products/Debug-xros/PackageFrameworks -F /Users/admin/builder/spi-builder-workspace/.derivedData/Build/Products/Debug-xros/PackageFrameworks -F /Users/admin/builder/spi-builder-workspace/.derivedData/Build/Products/Debug-xros/PackageFrameworks -F /Users/admin/builder/spi-builder-workspace/.derivedData/Build/Products/Debug-xros/PackageFrameworks -F /Users/admin/builder/spi-builder-workspace/.derivedData/Build/Products/Debug-xros -F /Applications/Xcode-26.3.0.app/Contents/Developer/Platforms/XROS.platform/Developer/Library/Frameworks -F /Applications/Xcode-26.3.0.app/Contents/Developer/Platforms/XROS.platform/Developer/SDKs/XROS26.2.sdk/Developer/Library/Frameworks -parse-as-library -c -j10 -enable-batch-mode -incremental -Xcc -ivfsstatcache -Xcc /Users/admin/builder/spi-builder-workspace/.derivedData/SDKStatCaches.noindex/xros26.2-23N301-dc75598d0054f22ec865fa860f139d72f5e64962d3ee001da1d77d1957dffdab.sdkstatcache -output-file-map /Users/admin/builder/spi-builder-workspace/.derivedData/Build/Intermediates.noindex/swift-png.build/Debug-xros/decompression-benchmark.build/Objects-normal/arm64/decompression-benchmark-OutputFileMap.json -use-frontend-parseable-output -save-temps -no-color-diagnostics -explicit-module-build -module-cache-path /Users/admin/builder/spi-builder-workspace/.derivedData/Build/Intermediates.noindex/SwiftExplicitPrecompiledModules -clang-scanner-module-cache-path /Users/admin/builder/spi-builder-workspace/.derivedData/ModuleCache.noindex -sdk-module-cache-path /Users/admin/builder/spi-builder-workspace/.derivedData/ModuleCache.noindex -serialize-diagnostics -emit-dependencies -emit-module -emit-module-path /Users/admin/builder/spi-builder-workspace/.derivedData/Build/Intermediates.noindex/swift-png.build/Debug-xros/decompression-benchmark.build/Objects-normal/arm64/decompression_benchmark.swiftmodule -validate-clang-modules-once -clang-build-session-file /Users/admin/builder/spi-builder-workspace/.derivedData/ModuleCache.noindex/Session.modulevalidation -emit-const-values -Xfrontend -const-gather-protocols-file -Xfrontend /Users/admin/builder/spi-builder-workspace/.derivedData/Build/Intermediates.noindex/swift-png.build/Debug-xros/decompression-benchmark.build/Objects-normal/arm64/decompression-benchmark_const_extract_protocols.json -Xcc -I/Users/admin/builder/spi-builder-workspace/.derivedData/Build/Products/Debug-xros/include -Xcc -I/Users/admin/builder/spi-builder-workspace/.derivedData/Build/Intermediates.noindex/swift-png.build/Debug-xros/decompression-benchmark.build/DerivedSources-normal/arm64 -Xcc -I/Users/admin/builder/spi-builder-workspace/.derivedData/Build/Intermediates.noindex/swift-png.build/Debug-xros/decompression-benchmark.build/DerivedSources/arm64 -Xcc -I/Users/admin/builder/spi-builder-workspace/.derivedData/Build/Intermediates.noindex/swift-png.build/Debug-xros/decompression-benchmark.build/DerivedSources -Xcc -DSWIFT_PACKAGE -Xcc -DDEBUG\=1 -working-directory /Users/admin/builder/spi-builder-workspace/.swiftpm/xcode -experimental-emit-module-separately -disable-cmo
/Users/admin/builder/spi-builder-workspace/Benchmarks/Decompression/Swift/Main.swift:26:5: warning: Clock() function not imported for this platform, internal benchmarks not built (please open an issue at https://github.com/tayloraswift/swift-png/issues)
"""
^~~ (in target 'decompression-benchmark' from project 'swift-png')
SwiftDriver compression-benchmark normal arm64 com.apple.xcode.tools.swift.compiler (in target 'compression-benchmark' from project 'swift-png')
cd /Users/admin/builder/spi-builder-workspace/.swiftpm/xcode
builtin-SwiftDriver -- /Applications/Xcode-26.3.0.app/Contents/Developer/Toolchains/XcodeDefault.xctoolchain/usr/bin/swiftc -module-name compression_benchmark -Onone -enforce-exclusivity\=checked @/Users/admin/builder/spi-builder-workspace/.derivedData/Build/Intermediates.noindex/swift-png.build/Debug-xros/compression-benchmark.build/Objects-normal/arm64/compression-benchmark.SwiftFileList -DSWIFT_PACKAGE -DDEBUG -DXcode -enable-upcoming-feature BareSlashRegexLiterals -enable-upcoming-feature ConciseMagicFile -enable-upcoming-feature ExistentialAny -plugin-path /Applications/Xcode-26.3.0.app/Contents/Developer/Toolchains/XcodeDefault.xctoolchain/usr/lib/swift/host/plugins/testing -enable-experimental-feature DebugDescriptionMacro -sdk /Applications/Xcode-26.3.0.app/Contents/Developer/Platforms/XROS.platform/Developer/SDKs/XROS26.2.sdk -target arm64-apple-xros1.0 -g -module-cache-path /Users/admin/builder/spi-builder-workspace/.derivedData/ModuleCache.noindex -Xfrontend -serialize-debugging-options -profile-coverage-mapping -profile-generate -enable-testing -index-store-path /Users/admin/builder/spi-builder-workspace/.derivedData/Index.noindex/DataStore -Xcc -D_LIBCPP_HARDENING_MODE\=_LIBCPP_HARDENING_MODE_DEBUG -swift-version 5 -I /Users/admin/builder/spi-builder-workspace/.derivedData/Build/Products/Debug-xros -Isystem /Applications/Xcode-26.3.0.app/Contents/Developer/Platforms/XROS.platform/Developer/usr/lib -F /Users/admin/builder/spi-builder-workspace/.derivedData/Build/Products/Debug-xros/PackageFrameworks -F /Users/admin/builder/spi-builder-workspace/.derivedData/Build/Products/Debug-xros/PackageFrameworks -F /Users/admin/builder/spi-builder-workspace/.derivedData/Build/Products/Debug-xros/PackageFrameworks -F /Users/admin/builder/spi-builder-workspace/.derivedData/Build/Products/Debug-xros/PackageFrameworks -F /Users/admin/builder/spi-builder-workspace/.derivedData/Build/Products/Debug-xros/PackageFrameworks -F /Users/admin/builder/spi-builder-workspace/.derivedData/Build/Products/Debug-xros -F /Applications/Xcode-26.3.0.app/Contents/Developer/Platforms/XROS.platform/Developer/Library/Frameworks -F /Applications/Xcode-26.3.0.app/Contents/Developer/Platforms/XROS.platform/Developer/SDKs/XROS26.2.sdk/Developer/Library/Frameworks -parse-as-library -c -j10 -enable-batch-mode -incremental -Xcc -ivfsstatcache -Xcc /Users/admin/builder/spi-builder-workspace/.derivedData/SDKStatCaches.noindex/xros26.2-23N301-dc75598d0054f22ec865fa860f139d72f5e64962d3ee001da1d77d1957dffdab.sdkstatcache -output-file-map /Users/admin/builder/spi-builder-workspace/.derivedData/Build/Intermediates.noindex/swift-png.build/Debug-xros/compression-benchmark.build/Objects-normal/arm64/compression-benchmark-OutputFileMap.json -use-frontend-parseable-output -save-temps -no-color-diagnostics -explicit-module-build -module-cache-path /Users/admin/builder/spi-builder-workspace/.derivedData/Build/Intermediates.noindex/SwiftExplicitPrecompiledModules -clang-scanner-module-cache-path /Users/admin/builder/spi-builder-workspace/.derivedData/ModuleCache.noindex -sdk-module-cache-path /Users/admin/builder/spi-builder-workspace/.derivedData/ModuleCache.noindex -serialize-diagnostics -emit-dependencies -emit-module -emit-module-path /Users/admin/builder/spi-builder-workspace/.derivedData/Build/Intermediates.noindex/swift-png.build/Debug-xros/compression-benchmark.build/Objects-normal/arm64/compression_benchmark.swiftmodule -validate-clang-modules-once -clang-build-session-file /Users/admin/builder/spi-builder-workspace/.derivedData/ModuleCache.noindex/Session.modulevalidation -emit-const-values -Xfrontend -const-gather-protocols-file -Xfrontend /Users/admin/builder/spi-builder-workspace/.derivedData/Build/Intermediates.noindex/swift-png.build/Debug-xros/compression-benchmark.build/Objects-normal/arm64/compression-benchmark_const_extract_protocols.json -Xcc -I/Users/admin/builder/spi-builder-workspace/.derivedData/Build/Products/Debug-xros/include -Xcc -I/Users/admin/builder/spi-builder-workspace/.derivedData/Build/Intermediates.noindex/swift-png.build/Debug-xros/compression-benchmark.build/DerivedSources-normal/arm64 -Xcc -I/Users/admin/builder/spi-builder-workspace/.derivedData/Build/Intermediates.noindex/swift-png.build/Debug-xros/compression-benchmark.build/DerivedSources/arm64 -Xcc -I/Users/admin/builder/spi-builder-workspace/.derivedData/Build/Intermediates.noindex/swift-png.build/Debug-xros/compression-benchmark.build/DerivedSources -Xcc -DSWIFT_PACKAGE -Xcc -DDEBUG\=1 -working-directory /Users/admin/builder/spi-builder-workspace/.swiftpm/xcode -experimental-emit-module-separately -disable-cmo
/Users/admin/builder/spi-builder-workspace/Benchmarks/Compression/Swift/Main.swift:26:5: warning: Clock() function not imported for this platform, internal benchmarks not built (please open an issue at https://github.com/tayloraswift/swift-png/issues)
"""
^~~ (in target 'compression-benchmark' from project 'swift-png')
SwiftDriver PNG normal arm64 com.apple.xcode.tools.swift.compiler (in target 'PNG' from project 'swift-png')
cd /Users/admin/builder/spi-builder-workspace/.swiftpm/xcode
builtin-SwiftDriver -- /Applications/Xcode-26.3.0.app/Contents/Developer/Toolchains/XcodeDefault.xctoolchain/usr/bin/swiftc -module-name PNG -Onone -enforce-exclusivity\=checked @/Users/admin/builder/spi-builder-workspace/.derivedData/Build/Intermediates.noindex/swift-png.build/Debug-xros/PNG.build/Objects-normal/arm64/PNG.SwiftFileList -DSWIFT_PACKAGE -DDEBUG -DSWIFT_MODULE_RESOURCE_BUNDLE_UNAVAILABLE -DXcode -enable-upcoming-feature BareSlashRegexLiterals -enable-upcoming-feature ConciseMagicFile -enable-upcoming-feature ExistentialAny -plugin-path /Applications/Xcode-26.3.0.app/Contents/Developer/Toolchains/XcodeDefault.xctoolchain/usr/lib/swift/host/plugins/testing -enable-experimental-feature DebugDescriptionMacro -sdk /Applications/Xcode-26.3.0.app/Contents/Developer/Platforms/XROS.platform/Developer/SDKs/XROS26.2.sdk -target arm64-apple-xros1.0 -g -module-cache-path /Users/admin/builder/spi-builder-workspace/.derivedData/ModuleCache.noindex -Xfrontend -serialize-debugging-options -profile-coverage-mapping -profile-generate -enable-testing -index-store-path /Users/admin/builder/spi-builder-workspace/.derivedData/Index.noindex/DataStore -Xcc -D_LIBCPP_HARDENING_MODE\=_LIBCPP_HARDENING_MODE_DEBUG -swift-version 5 -I /Users/admin/builder/spi-builder-workspace/.derivedData/Build/Products/Debug-xros -Isystem /Applications/Xcode-26.3.0.app/Contents/Developer/Platforms/XROS.platform/Developer/usr/lib -F /Users/admin/builder/spi-builder-workspace/.derivedData/Build/Products/Debug-xros/PackageFrameworks -F /Users/admin/builder/spi-builder-workspace/.derivedData/Build/Products/Debug-xros/PackageFrameworks -F /Users/admin/builder/spi-builder-workspace/.derivedData/Build/Products/Debug-xros/PackageFrameworks -F /Users/admin/builder/spi-builder-workspace/.derivedData/Build/Products/Debug-xros/PackageFrameworks -F /Users/admin/builder/spi-builder-workspace/.derivedData/Build/Products/Debug-xros -F /Applications/Xcode-26.3.0.app/Contents/Developer/Platforms/XROS.platform/Developer/Library/Frameworks -F /Applications/Xcode-26.3.0.app/Contents/Developer/Platforms/XROS.platform/Developer/SDKs/XROS26.2.sdk/Developer/Library/Frameworks -c -j10 -enable-batch-mode -incremental -Xcc -ivfsstatcache -Xcc /Users/admin/builder/spi-builder-workspace/.derivedData/SDKStatCaches.noindex/xros26.2-23N301-dc75598d0054f22ec865fa860f139d72f5e64962d3ee001da1d77d1957dffdab.sdkstatcache -output-file-map /Users/admin/builder/spi-builder-workspace/.derivedData/Build/Intermediates.noindex/swift-png.build/Debug-xros/PNG.build/Objects-normal/arm64/PNG-OutputFileMap.json -use-frontend-parseable-output -save-temps -no-color-diagnostics -explicit-module-build -module-cache-path /Users/admin/builder/spi-builder-workspace/.derivedData/Build/Intermediates.noindex/SwiftExplicitPrecompiledModules -clang-scanner-module-cache-path /Users/admin/builder/spi-builder-workspace/.derivedData/ModuleCache.noindex -sdk-module-cache-path /Users/admin/builder/spi-builder-workspace/.derivedData/ModuleCache.noindex -serialize-diagnostics -emit-dependencies -emit-module -emit-module-path /Users/admin/builder/spi-builder-workspace/.derivedData/Build/Intermediates.noindex/swift-png.build/Debug-xros/PNG.build/Objects-normal/arm64/PNG.swiftmodule -validate-clang-modules-once -clang-build-session-file /Users/admin/builder/spi-builder-workspace/.derivedData/ModuleCache.noindex/Session.modulevalidation -Xcc -I/Users/admin/builder/spi-builder-workspace/.derivedData/Build/Intermediates.noindex/swift-png.build/Debug-xros/PNG.build/swift-overrides.hmap -emit-const-values -Xfrontend -const-gather-protocols-file -Xfrontend /Users/admin/builder/spi-builder-workspace/.derivedData/Build/Intermediates.noindex/swift-png.build/Debug-xros/PNG.build/Objects-normal/arm64/PNG_const_extract_protocols.json -Xcc -I/Users/admin/builder/spi-builder-workspace/.derivedData/Build/Products/Debug-xros/include -Xcc -I/Users/admin/builder/spi-builder-workspace/.derivedData/Build/Intermediates.noindex/swift-png.build/Debug-xros/PNG.build/DerivedSources-normal/arm64 -Xcc -I/Users/admin/builder/spi-builder-workspace/.derivedData/Build/Intermediates.noindex/swift-png.build/Debug-xros/PNG.build/DerivedSources/arm64 -Xcc -I/Users/admin/builder/spi-builder-workspace/.derivedData/Build/Intermediates.noindex/swift-png.build/Debug-xros/PNG.build/DerivedSources -Xcc -DSWIFT_PACKAGE -Xcc -DDEBUG\=1 -emit-objc-header -emit-objc-header-path /Users/admin/builder/spi-builder-workspace/.derivedData/Build/Intermediates.noindex/swift-png.build/Debug-xros/PNG.build/Objects-normal/arm64/PNG-Swift.h -working-directory /Users/admin/builder/spi-builder-workspace/.swiftpm/xcode -experimental-emit-module-separately -disable-cmo
RegisterExecutionPolicyException /Users/admin/builder/spi-builder-workspace/.derivedData/Build/Products/Debug-xros/LZ77.o (in target 'LZ77' from project 'swift-png')
cd /Users/admin/builder/spi-builder-workspace
builtin-RegisterExecutionPolicyException /Users/admin/builder/spi-builder-workspace/.derivedData/Build/Products/Debug-xros/LZ77.o
SwiftEmitModule normal arm64 Emitting\ module\ for\ decompression_benchmark (in target 'decompression-benchmark' from project 'swift-png')
SwiftCompile normal arm64 /Users/admin/builder/spi-builder-workspace/Benchmarks/Decompression/Swift/Main.swift (in target 'decompression-benchmark' from project 'swift-png')
cd /Users/admin/builder/spi-builder-workspace/.swiftpm/xcode
/Users/admin/builder/spi-builder-workspace/Benchmarks/Decompression/Swift/Main.swift:26:5: warning: clock() function not imported for this platform, internal benchmarks not built (please open an issue at https://github.com/tayloraswift/swift-png/issues)
"""
^~~
/Users/admin/builder/spi-builder-workspace/Benchmarks/Decompression/Swift/Main.swift:116:1: error: expressions are not allowed at the top level
try main()
^
Failed frontend command:
/Applications/Xcode-26.3.0.app/Contents/Developer/Toolchains/XcodeDefault.xctoolchain/usr/bin/swift-frontend -frontend -emit-module -experimental-skip-non-inlinable-function-bodies-without-types /Users/admin/builder/spi-builder-workspace/Benchmarks/Decompression/Swift/Main.swift -target arm64-apple-xros1.0 -load-resolved-plugin /Applications/Xcode-26.3.0.app/Contents/Developer/Platforms/XROS.platform/Developer/usr/lib/swift/host/plugins/libSwiftMacros.dylib\#/Applications/Xcode-26.3.0.app/Contents/Developer/Platforms/XROS.platform/Developer/usr/bin/swift-plugin-server\#SwiftMacros -disable-implicit-swift-modules -Xcc -fno-implicit-modules -Xcc -fno-implicit-module-maps -explicit-swift-module-map-file /Users/admin/builder/spi-builder-workspace/.derivedData/Build/Intermediates.noindex/swift-png.build/Debug-xros/decompression-benchmark.build/Objects-normal/arm64/decompression_benchmark-dependencies-1.json -Xllvm -aarch64-use-tbi -enable-objc-interop -stack-check -sdk /Applications/Xcode-26.3.0.app/Contents/Developer/Platforms/XROS.platform/Developer/SDKs/XROS26.2.sdk -I /Users/admin/builder/spi-builder-workspace/.derivedData/Build/Products/Debug-xros -Isystem /Applications/Xcode-26.3.0.app/Contents/Developer/Platforms/XROS.platform/Developer/usr/lib -F /Users/admin/builder/spi-builder-workspace/.derivedData/Build/Products/Debug-xros/PackageFrameworks -F /Users/admin/builder/spi-builder-workspace/.derivedData/Build/Products/Debug-xros/PackageFrameworks -F /Users/admin/builder/spi-builder-workspace/.derivedData/Build/Products/Debug-xros/PackageFrameworks -F /Users/admin/builder/spi-builder-workspace/.derivedData/Build/Products/Debug-xros/PackageFrameworks -F /Users/admin/builder/spi-builder-workspace/.derivedData/Build/Products/Debug-xros/PackageFrameworks -F /Users/admin/builder/spi-builder-workspace/.derivedData/Build/Products/Debug-xros -F /Applications/Xcode-26.3.0.app/Contents/Developer/Platforms/XROS.platform/Developer/Library/Frameworks -F /Applications/Xcode-26.3.0.app/Contents/Developer/Platforms/XROS.platform/Developer/SDKs/XROS26.2.sdk/Developer/Library/Frameworks -no-color-diagnostics -Xcc -fno-color-diagnostics -enable-testing -g -debug-info-format\=dwarf -dwarf-version\=4 -module-cache-path /Users/admin/builder/spi-builder-workspace/.derivedData/Build/Intermediates.noindex/SwiftExplicitPrecompiledModules -profile-generate -profile-coverage-mapping -swift-version 5 -enforce-exclusivity\=checked -Onone -D SWIFT_PACKAGE -D DEBUG -D Xcode -serialize-debugging-options -const-gather-protocols-file /Users/admin/builder/spi-builder-workspace/.derivedData/Build/Intermediates.noindex/swift-png.build/Debug-xros/decompression-benchmark.build/Objects-normal/arm64/decompression-benchmark_const_extract_protocols.json -enable-upcoming-feature BareSlashRegexLiterals -enable-upcoming-feature ConciseMagicFile -enable-upcoming-feature ExistentialAny -enable-experimental-feature DebugDescriptionMacro -empty-abi-descriptor -validate-clang-modules-once -clang-build-session-file /Users/admin/builder/spi-builder-workspace/.derivedData/ModuleCache.noindex/Session.modulevalidation -Xcc -working-directory -Xcc /Users/admin/builder/spi-builder-workspace/.swiftpm/xcode -enable-anonymous-context-mangled-names -file-compilation-dir /Users/admin/builder/spi-builder-workspace/.swiftpm/xcode -Xcc -D_LIBCPP_HARDENING_MODE\=_LIBCPP_HARDENING_MODE_DEBUG -Xcc -ivfsstatcache -Xcc /Users/admin/builder/spi-builder-workspace/.derivedData/SDKStatCaches.noindex/xros26.2-23N301-dc75598d0054f22ec865fa860f139d72f5e64962d3ee001da1d77d1957dffdab.sdkstatcache -Xcc -I/Users/admin/builder/spi-builder-workspace/.derivedData/Build/Products/Debug-xros/include -Xcc -I/Users/admin/builder/spi-builder-workspace/.derivedData/Build/Intermediates.noindex/swift-png.build/Debug-xros/decompression-benchmark.build/DerivedSources-normal/arm64 -Xcc -I/Users/admin/builder/spi-builder-workspace/.derivedData/Build/Intermediates.noindex/swift-png.build/Debug-xros/decompression-benchmark.build/DerivedSources/arm64 -Xcc -I/Users/admin/builder/spi-builder-workspace/.derivedData/Build/Intermediates.noindex/swift-png.build/Debug-xros/decompression-benchmark.build/DerivedSources -Xcc -DSWIFT_PACKAGE -Xcc -DDEBUG\=1 -no-auto-bridging-header-chaining -module-name decompression_benchmark -frontend-parseable-output -disable-clang-spi -target-sdk-version 26.2 -target-sdk-name xros26.2 -clang-target arm64-apple-xros26.2 -in-process-plugin-server-path /Applications/Xcode-26.3.0.app/Contents/Developer/Toolchains/XcodeDefault.xctoolchain/usr/lib/swift/host/libSwiftInProcPluginServer.dylib -emit-module-doc-path /Users/admin/builder/spi-builder-workspace/.derivedData/Build/Intermediates.noindex/swift-png.build/Debug-xros/decompression-benchmark.build/Objects-normal/arm64/decompression_benchmark.swiftdoc -emit-module-source-info-path /Users/admin/builder/spi-builder-workspace/.derivedData/Build/Intermediates.noindex/swift-png.build/Debug-xros/decompression-benchmark.build/Objects-normal/arm64/decompression_benchmark.swiftsourceinfo -serialize-diagnostics-path /Users/admin/builder/spi-builder-workspace/.derivedData/Build/Intermediates.noindex/swift-png.build/Debug-xros/decompression-benchmark.build/Objects-normal/arm64/decompression-benchmark-primary-emit-module.dia -emit-dependencies-path /Users/admin/builder/spi-builder-workspace/.derivedData/Build/Intermediates.noindex/swift-png.build/Debug-xros/decompression-benchmark.build/Objects-normal/arm64/decompression-benchmark-primary-emit-module.d -parse-as-library -o /Users/admin/builder/spi-builder-workspace/.derivedData/Build/Intermediates.noindex/swift-png.build/Debug-xros/decompression-benchmark.build/Objects-normal/arm64/decompression_benchmark.swiftmodule -emit-abi-descriptor-path /Users/admin/builder/spi-builder-workspace/.derivedData/Build/Intermediates.noindex/swift-png.build/Debug-xros/decompression-benchmark.build/Objects-normal/arm64/decompression_benchmark.abi.json
SwiftCompile normal arm64 Compiling\ Main.swift /Users/admin/builder/spi-builder-workspace/Benchmarks/Decompression/Swift/Main.swift (in target 'decompression-benchmark' from project 'swift-png')
Failed frontend command:
/Applications/Xcode-26.3.0.app/Contents/Developer/Toolchains/XcodeDefault.xctoolchain/usr/bin/swift-frontend -frontend -c -primary-file /Users/admin/builder/spi-builder-workspace/Benchmarks/Decompression/Swift/Main.swift -emit-dependencies-path /Users/admin/builder/spi-builder-workspace/.derivedData/Build/Intermediates.noindex/swift-png.build/Debug-xros/decompression-benchmark.build/Objects-normal/arm64/Main.d -emit-const-values-path /Users/admin/builder/spi-builder-workspace/.derivedData/Build/Intermediates.noindex/swift-png.build/Debug-xros/decompression-benchmark.build/Objects-normal/arm64/Main.swiftconstvalues -emit-reference-dependencies-path /Users/admin/builder/spi-builder-workspace/.derivedData/Build/Intermediates.noindex/swift-png.build/Debug-xros/decompression-benchmark.build/Objects-normal/arm64/Main.swiftdeps -serialize-diagnostics-path /Users/admin/builder/spi-builder-workspace/.derivedData/Build/Intermediates.noindex/swift-png.build/Debug-xros/decompression-benchmark.build/Objects-normal/arm64/Main.dia -target arm64-apple-xros1.0 -load-resolved-plugin /Applications/Xcode-26.3.0.app/Contents/Developer/Platforms/XROS.platform/Developer/usr/lib/swift/host/plugins/libSwiftMacros.dylib\#/Applications/Xcode-26.3.0.app/Contents/Developer/Platforms/XROS.platform/Developer/usr/bin/swift-plugin-server\#SwiftMacros -disable-implicit-swift-modules -Xcc -fno-implicit-modules -Xcc -fno-implicit-module-maps -explicit-swift-module-map-file /Users/admin/builder/spi-builder-workspace/.derivedData/Build/Intermediates.noindex/swift-png.build/Debug-xros/decompression-benchmark.build/Objects-normal/arm64/decompression_benchmark-dependencies-1.json -Xllvm -aarch64-use-tbi -enable-objc-interop -stack-check -sdk /Applications/Xcode-26.3.0.app/Contents/Developer/Platforms/XROS.platform/Developer/SDKs/XROS26.2.sdk -I /Users/admin/builder/spi-builder-workspace/.derivedData/Build/Products/Debug-xros -Isystem /Applications/Xcode-26.3.0.app/Contents/Developer/Platforms/XROS.platform/Developer/usr/lib -F /Users/admin/builder/spi-builder-workspace/.derivedData/Build/Products/Debug-xros/PackageFrameworks -F /Users/admin/builder/spi-builder-workspace/.derivedData/Build/Products/Debug-xros/PackageFrameworks -F /Users/admin/builder/spi-builder-workspace/.derivedData/Build/Products/Debug-xros/PackageFrameworks -F /Users/admin/builder/spi-builder-workspace/.derivedData/Build/Products/Debug-xros/PackageFrameworks -F /Users/admin/builder/spi-builder-workspace/.derivedData/Build/Products/Debug-xros/PackageFrameworks -F /Users/admin/builder/spi-builder-workspace/.derivedData/Build/Products/Debug-xros -F /Applications/Xcode-26.3.0.app/Contents/Developer/Platforms/XROS.platform/Developer/Library/Frameworks -F /Applications/Xcode-26.3.0.app/Contents/Developer/Platforms/XROS.platform/Developer/SDKs/XROS26.2.sdk/Developer/Library/Frameworks -no-color-diagnostics -Xcc -fno-color-diagnostics -enable-testing -g -debug-info-format\=dwarf -dwarf-version\=4 -module-cache-path /Users/admin/builder/spi-builder-workspace/.derivedData/Build/Intermediates.noindex/SwiftExplicitPrecompiledModules -profile-generate -profile-coverage-mapping -swift-version 5 -enforce-exclusivity\=checked -Onone -D SWIFT_PACKAGE -D DEBUG -D Xcode -serialize-debugging-options -const-gather-protocols-file /Users/admin/builder/spi-builder-workspace/.derivedData/Build/Intermediates.noindex/swift-png.build/Debug-xros/decompression-benchmark.build/Objects-normal/arm64/decompression-benchmark_const_extract_protocols.json -enable-upcoming-feature BareSlashRegexLiterals -enable-upcoming-feature ConciseMagicFile -enable-upcoming-feature ExistentialAny -enable-experimental-feature DebugDescriptionMacro -empty-abi-descriptor -validate-clang-modules-once -clang-build-session-file /Users/admin/builder/spi-builder-workspace/.derivedData/ModuleCache.noindex/Session.modulevalidation -Xcc -working-directory -Xcc /Users/admin/builder/spi-builder-workspace/.swiftpm/xcode -enable-anonymous-context-mangled-names -file-compilation-dir /Users/admin/builder/spi-builder-workspace/.swiftpm/xcode -Xcc -D_LIBCPP_HARDENING_MODE\=_LIBCPP_HARDENING_MODE_DEBUG -Xcc -ivfsstatcache -Xcc /Users/admin/builder/spi-builder-workspace/.derivedData/SDKStatCaches.noindex/xros26.2-23N301-dc75598d0054f22ec865fa860f139d72f5e64962d3ee001da1d77d1957dffdab.sdkstatcache -Xcc -I/Users/admin/builder/spi-builder-workspace/.derivedData/Build/Products/Debug-xros/include -Xcc -I/Users/admin/builder/spi-builder-workspace/.derivedData/Build/Intermediates.noindex/swift-png.build/Debug-xros/decompression-benchmark.build/DerivedSources-normal/arm64 -Xcc -I/Users/admin/builder/spi-builder-workspace/.derivedData/Build/Intermediates.noindex/swift-png.build/Debug-xros/decompression-benchmark.build/DerivedSources/arm64 -Xcc -I/Users/admin/builder/spi-builder-workspace/.derivedData/Build/Intermediates.noindex/swift-png.build/Debug-xros/decompression-benchmark.build/DerivedSources -Xcc -DSWIFT_PACKAGE -Xcc -DDEBUG\=1 -no-auto-bridging-header-chaining -module-name decompression_benchmark -frontend-parseable-output -disable-clang-spi -target-sdk-version 26.2 -target-sdk-name xros26.2 -clang-target arm64-apple-xros26.2 -in-process-plugin-server-path /Applications/Xcode-26.3.0.app/Contents/Developer/Toolchains/XcodeDefault.xctoolchain/usr/lib/swift/host/libSwiftInProcPluginServer.dylib -parse-as-library -o /Users/admin/builder/spi-builder-workspace/.derivedData/Build/Intermediates.noindex/swift-png.build/Debug-xros/decompression-benchmark.build/Objects-normal/arm64/Main.o -index-unit-output-path /swift-png.build/Debug-xros/decompression-benchmark.build/Objects-normal/arm64/Main.o -index-store-path /Users/admin/builder/spi-builder-workspace/.derivedData/Index.noindex/DataStore -index-system-modules
SwiftCompile normal arm64 /Users/admin/builder/spi-builder-workspace/Benchmarks/Decompression/Swift/Main.swift (in target 'decompression-benchmark' from project 'swift-png')
cd /Users/admin/builder/spi-builder-workspace/.swiftpm/xcode
/Users/admin/builder/spi-builder-workspace/Benchmarks/Decompression/Swift/Main.swift:26:5: warning: clock() function not imported for this platform, internal benchmarks not built (please open an issue at https://github.com/tayloraswift/swift-png/issues)
"""
^~~
/Users/admin/builder/spi-builder-workspace/Benchmarks/Decompression/Swift/Main.swift:116:1: error: expressions are not allowed at the top level
try main()
^
SwiftEmitModule normal arm64 Emitting\ module\ for\ compression_benchmark (in target 'compression-benchmark' from project 'swift-png')
Failed frontend command:
/Applications/Xcode-26.3.0.app/Contents/Developer/Toolchains/XcodeDefault.xctoolchain/usr/bin/swift-frontend -frontend -emit-module -experimental-skip-non-inlinable-function-bodies-without-types /Users/admin/builder/spi-builder-workspace/Benchmarks/Compression/Swift/Main.swift -target arm64-apple-xros1.0 -load-resolved-plugin /Applications/Xcode-26.3.0.app/Contents/Developer/Platforms/XROS.platform/Developer/usr/lib/swift/host/plugins/libSwiftMacros.dylib\#/Applications/Xcode-26.3.0.app/Contents/Developer/Platforms/XROS.platform/Developer/usr/bin/swift-plugin-server\#SwiftMacros -disable-implicit-swift-modules -Xcc -fno-implicit-modules -Xcc -fno-implicit-module-maps -explicit-swift-module-map-file /Users/admin/builder/spi-builder-workspace/.derivedData/Build/Intermediates.noindex/swift-png.build/Debug-xros/compression-benchmark.build/Objects-normal/arm64/compression_benchmark-dependencies-1.json -Xllvm -aarch64-use-tbi -enable-objc-interop -stack-check -sdk /Applications/Xcode-26.3.0.app/Contents/Developer/Platforms/XROS.platform/Developer/SDKs/XROS26.2.sdk -I /Users/admin/builder/spi-builder-workspace/.derivedData/Build/Products/Debug-xros -Isystem /Applications/Xcode-26.3.0.app/Contents/Developer/Platforms/XROS.platform/Developer/usr/lib -F /Users/admin/builder/spi-builder-workspace/.derivedData/Build/Products/Debug-xros/PackageFrameworks -F /Users/admin/builder/spi-builder-workspace/.derivedData/Build/Products/Debug-xros/PackageFrameworks -F /Users/admin/builder/spi-builder-workspace/.derivedData/Build/Products/Debug-xros/PackageFrameworks -F /Users/admin/builder/spi-builder-workspace/.derivedData/Build/Products/Debug-xros/PackageFrameworks -F /Users/admin/builder/spi-builder-workspace/.derivedData/Build/Products/Debug-xros/PackageFrameworks -F /Users/admin/builder/spi-builder-workspace/.derivedData/Build/Products/Debug-xros -F /Applications/Xcode-26.3.0.app/Contents/Developer/Platforms/XROS.platform/Developer/Library/Frameworks -F /Applications/Xcode-26.3.0.app/Contents/Developer/Platforms/XROS.platform/Developer/SDKs/XROS26.2.sdk/Developer/Library/Frameworks -no-color-diagnostics -Xcc -fno-color-diagnostics -enable-testing -g -debug-info-format\=dwarf -dwarf-version\=4 -module-cache-path /Users/admin/builder/spi-builder-workspace/.derivedData/Build/Intermediates.noindex/SwiftExplicitPrecompiledModules -profile-generate -profile-coverage-mapping -swift-version 5 -enforce-exclusivity\=checked -Onone -D SWIFT_PACKAGE -D DEBUG -D Xcode -serialize-debugging-options -const-gather-protocols-file /Users/admin/builder/spi-builder-workspace/.derivedData/Build/Intermediates.noindex/swift-png.build/Debug-xros/compression-benchmark.build/Objects-normal/arm64/compression-benchmark_const_extract_protocols.json -enable-upcoming-feature BareSlashRegexLiterals -enable-upcoming-feature ConciseMagicFile -enable-upcoming-feature ExistentialAny -enable-experimental-feature DebugDescriptionMacro -empty-abi-descriptor -validate-clang-modules-once -clang-build-session-file /Users/admin/builder/spi-builder-workspace/.derivedData/ModuleCache.noindex/Session.modulevalidation -Xcc -working-directory -Xcc /Users/admin/builder/spi-builder-workspace/.swiftpm/xcode -enable-anonymous-context-mangled-names -file-compilation-dir /Users/admin/builder/spi-builder-workspace/.swiftpm/xcode -Xcc -D_LIBCPP_HARDENING_MODE\=_LIBCPP_HARDENING_MODE_DEBUG -Xcc -ivfsstatcache -Xcc /Users/admin/builder/spi-builder-workspace/.derivedData/SDKStatCaches.noindex/xros26.2-23N301-dc75598d0054f22ec865fa860f139d72f5e64962d3ee001da1d77d1957dffdab.sdkstatcache -Xcc -I/Users/admin/builder/spi-builder-workspace/.derivedData/Build/Products/Debug-xros/include -Xcc -I/Users/admin/builder/spi-builder-workspace/.derivedData/Build/Intermediates.noindex/swift-png.build/Debug-xros/compression-benchmark.build/DerivedSources-normal/arm64 -Xcc -I/Users/admin/builder/spi-builder-workspace/.derivedData/Build/Intermediates.noindex/swift-png.build/Debug-xros/compression-benchmark.build/DerivedSources/arm64 -Xcc -I/Users/admin/builder/spi-builder-workspace/.derivedData/Build/Intermediates.noindex/swift-png.build/Debug-xros/compression-benchmark.build/DerivedSources -Xcc -DSWIFT_PACKAGE -Xcc -DDEBUG\=1 -no-auto-bridging-header-chaining -module-name compression_benchmark -frontend-parseable-output -disable-clang-spi -target-sdk-version 26.2 -target-sdk-name xros26.2 -clang-target arm64-apple-xros26.2 -in-process-plugin-server-path /Applications/Xcode-26.3.0.app/Contents/Developer/Toolchains/XcodeDefault.xctoolchain/usr/lib/swift/host/libSwiftInProcPluginServer.dylib -emit-module-doc-path /Users/admin/builder/spi-builder-workspace/.derivedData/Build/Intermediates.noindex/swift-png.build/Debug-xros/compression-benchmark.build/Objects-normal/arm64/compression_benchmark.swiftdoc -emit-module-source-info-path /Users/admin/builder/spi-builder-workspace/.derivedData/Build/Intermediates.noindex/swift-png.build/Debug-xros/compression-benchmark.build/Objects-normal/arm64/compression_benchmark.swiftsourceinfo -serialize-diagnostics-path /Users/admin/builder/spi-builder-workspace/.derivedData/Build/Intermediates.noindex/swift-png.build/Debug-xros/compression-benchmark.build/Objects-normal/arm64/compression-benchmark-primary-emit-module.dia -emit-dependencies-path /Users/admin/builder/spi-builder-workspace/.derivedData/Build/Intermediates.noindex/swift-png.build/Debug-xros/compression-benchmark.build/Objects-normal/arm64/compression-benchmark-primary-emit-module.d -parse-as-library -o /Users/admin/builder/spi-builder-workspace/.derivedData/Build/Intermediates.noindex/swift-png.build/Debug-xros/compression-benchmark.build/Objects-normal/arm64/compression_benchmark.swiftmodule -emit-abi-descriptor-path /Users/admin/builder/spi-builder-workspace/.derivedData/Build/Intermediates.noindex/swift-png.build/Debug-xros/compression-benchmark.build/Objects-normal/arm64/compression_benchmark.abi.json
SwiftCompile normal arm64 /Users/admin/builder/spi-builder-workspace/Benchmarks/Compression/Swift/Main.swift (in target 'compression-benchmark' from project 'swift-png')
cd /Users/admin/builder/spi-builder-workspace/.swiftpm/xcode
/Users/admin/builder/spi-builder-workspace/Benchmarks/Compression/Swift/Main.swift:26:5: warning: clock() function not imported for this platform, internal benchmarks not built (please open an issue at https://github.com/tayloraswift/swift-png/issues)
"""
^~~
/Users/admin/builder/spi-builder-workspace/Benchmarks/Compression/Swift/Main.swift:112:1: error: expressions are not allowed at the top level
try main()
^
SwiftCompile normal arm64 Compiling\ Main.swift /Users/admin/builder/spi-builder-workspace/Benchmarks/Compression/Swift/Main.swift (in target 'compression-benchmark' from project 'swift-png')
SwiftCompile normal arm64 /Users/admin/builder/spi-builder-workspace/Benchmarks/Compression/Swift/Main.swift (in target 'compression-benchmark' from project 'swift-png')
cd /Users/admin/builder/spi-builder-workspace/.swiftpm/xcode
/Users/admin/builder/spi-builder-workspace/Benchmarks/Compression/Swift/Main.swift:26:5: warning: clock() function not imported for this platform, internal benchmarks not built (please open an issue at https://github.com/tayloraswift/swift-png/issues)
"""
^~~
/Users/admin/builder/spi-builder-workspace/Benchmarks/Compression/Swift/Main.swift:112:1: error: expressions are not allowed at the top level
try main()
^
Failed frontend command:
/Applications/Xcode-26.3.0.app/Contents/Developer/Toolchains/XcodeDefault.xctoolchain/usr/bin/swift-frontend -frontend -c -primary-file /Users/admin/builder/spi-builder-workspace/Benchmarks/Compression/Swift/Main.swift -emit-dependencies-path /Users/admin/builder/spi-builder-workspace/.derivedData/Build/Intermediates.noindex/swift-png.build/Debug-xros/compression-benchmark.build/Objects-normal/arm64/Main.d -emit-const-values-path /Users/admin/builder/spi-builder-workspace/.derivedData/Build/Intermediates.noindex/swift-png.build/Debug-xros/compression-benchmark.build/Objects-normal/arm64/Main.swiftconstvalues -emit-reference-dependencies-path /Users/admin/builder/spi-builder-workspace/.derivedData/Build/Intermediates.noindex/swift-png.build/Debug-xros/compression-benchmark.build/Objects-normal/arm64/Main.swiftdeps -serialize-diagnostics-path /Users/admin/builder/spi-builder-workspace/.derivedData/Build/Intermediates.noindex/swift-png.build/Debug-xros/compression-benchmark.build/Objects-normal/arm64/Main.dia -target arm64-apple-xros1.0 -load-resolved-plugin /Applications/Xcode-26.3.0.app/Contents/Developer/Platforms/XROS.platform/Developer/usr/lib/swift/host/plugins/libSwiftMacros.dylib\#/Applications/Xcode-26.3.0.app/Contents/Developer/Platforms/XROS.platform/Developer/usr/bin/swift-plugin-server\#SwiftMacros -disable-implicit-swift-modules -Xcc -fno-implicit-modules -Xcc -fno-implicit-module-maps -explicit-swift-module-map-file /Users/admin/builder/spi-builder-workspace/.derivedData/Build/Intermediates.noindex/swift-png.build/Debug-xros/compression-benchmark.build/Objects-normal/arm64/compression_benchmark-dependencies-1.json -Xllvm -aarch64-use-tbi -enable-objc-interop -stack-check -sdk /Applications/Xcode-26.3.0.app/Contents/Developer/Platforms/XROS.platform/Developer/SDKs/XROS26.2.sdk -I /Users/admin/builder/spi-builder-workspace/.derivedData/Build/Products/Debug-xros -Isystem /Applications/Xcode-26.3.0.app/Contents/Developer/Platforms/XROS.platform/Developer/usr/lib -F /Users/admin/builder/spi-builder-workspace/.derivedData/Build/Products/Debug-xros/PackageFrameworks -F /Users/admin/builder/spi-builder-workspace/.derivedData/Build/Products/Debug-xros/PackageFrameworks -F /Users/admin/builder/spi-builder-workspace/.derivedData/Build/Products/Debug-xros/PackageFrameworks -F /Users/admin/builder/spi-builder-workspace/.derivedData/Build/Products/Debug-xros/PackageFrameworks -F /Users/admin/builder/spi-builder-workspace/.derivedData/Build/Products/Debug-xros/PackageFrameworks -F /Users/admin/builder/spi-builder-workspace/.derivedData/Build/Products/Debug-xros -F /Applications/Xcode-26.3.0.app/Contents/Developer/Platforms/XROS.platform/Developer/Library/Frameworks -F /Applications/Xcode-26.3.0.app/Contents/Developer/Platforms/XROS.platform/Developer/SDKs/XROS26.2.sdk/Developer/Library/Frameworks -no-color-diagnostics -Xcc -fno-color-diagnostics -enable-testing -g -debug-info-format\=dwarf -dwarf-version\=4 -module-cache-path /Users/admin/builder/spi-builder-workspace/.derivedData/Build/Intermediates.noindex/SwiftExplicitPrecompiledModules -profile-generate -profile-coverage-mapping -swift-version 5 -enforce-exclusivity\=checked -Onone -D SWIFT_PACKAGE -D DEBUG -D Xcode -serialize-debugging-options -const-gather-protocols-file /Users/admin/builder/spi-builder-workspace/.derivedData/Build/Intermediates.noindex/swift-png.build/Debug-xros/compression-benchmark.build/Objects-normal/arm64/compression-benchmark_const_extract_protocols.json -enable-upcoming-feature BareSlashRegexLiterals -enable-upcoming-feature ConciseMagicFile -enable-upcoming-feature ExistentialAny -enable-experimental-feature DebugDescriptionMacro -empty-abi-descriptor -validate-clang-modules-once -clang-build-session-file /Users/admin/builder/spi-builder-workspace/.derivedData/ModuleCache.noindex/Session.modulevalidation -Xcc -working-directory -Xcc /Users/admin/builder/spi-builder-workspace/.swiftpm/xcode -enable-anonymous-context-mangled-names -file-compilation-dir /Users/admin/builder/spi-builder-workspace/.swiftpm/xcode -Xcc -D_LIBCPP_HARDENING_MODE\=_LIBCPP_HARDENING_MODE_DEBUG -Xcc -ivfsstatcache -Xcc /Users/admin/builder/spi-builder-workspace/.derivedData/SDKStatCaches.noindex/xros26.2-23N301-dc75598d0054f22ec865fa860f139d72f5e64962d3ee001da1d77d1957dffdab.sdkstatcache -Xcc -I/Users/admin/builder/spi-builder-workspace/.derivedData/Build/Products/Debug-xros/include -Xcc -I/Users/admin/builder/spi-builder-workspace/.derivedData/Build/Intermediates.noindex/swift-png.build/Debug-xros/compression-benchmark.build/DerivedSources-normal/arm64 -Xcc -I/Users/admin/builder/spi-builder-workspace/.derivedData/Build/Intermediates.noindex/swift-png.build/Debug-xros/compression-benchmark.build/DerivedSources/arm64 -Xcc -I/Users/admin/builder/spi-builder-workspace/.derivedData/Build/Intermediates.noindex/swift-png.build/Debug-xros/compression-benchmark.build/DerivedSources -Xcc -DSWIFT_PACKAGE -Xcc -DDEBUG\=1 -no-auto-bridging-header-chaining -module-name compression_benchmark -frontend-parseable-output -disable-clang-spi -target-sdk-version 26.2 -target-sdk-name xros26.2 -clang-target arm64-apple-xros26.2 -in-process-plugin-server-path /Applications/Xcode-26.3.0.app/Contents/Developer/Toolchains/XcodeDefault.xctoolchain/usr/lib/swift/host/libSwiftInProcPluginServer.dylib -parse-as-library -o /Users/admin/builder/spi-builder-workspace/.derivedData/Build/Intermediates.noindex/swift-png.build/Debug-xros/compression-benchmark.build/Objects-normal/arm64/Main.o -index-unit-output-path /swift-png.build/Debug-xros/compression-benchmark.build/Objects-normal/arm64/Main.o -index-store-path /Users/admin/builder/spi-builder-workspace/.derivedData/Index.noindex/DataStore -index-system-modules
SwiftCompile normal arm64 Compiling\ PNG.Context.swift,\ PNG.Decoder.swift,\ PNG.DecodingError.swift /Users/admin/builder/spi-builder-workspace/Sources/PNG/Decoding/PNG.Context.swift /Users/admin/builder/spi-builder-workspace/Sources/PNG/Decoding/PNG.Decoder.swift /Users/admin/builder/spi-builder-workspace/Sources/PNG/Decoding/PNG.DecodingError.swift (in target 'PNG' from project 'swift-png')
SwiftCompile normal arm64 /Users/admin/builder/spi-builder-workspace/Sources/PNG/Decoding/PNG.Context.swift (in target 'PNG' from project 'swift-png')
cd /Users/admin/builder/spi-builder-workspace/.swiftpm/xcode
SwiftCompile normal arm64 /Users/admin/builder/spi-builder-workspace/Sources/PNG/Decoding/PNG.Decoder.swift (in target 'PNG' from project 'swift-png')
cd /Users/admin/builder/spi-builder-workspace/.swiftpm/xcode
SwiftCompile normal arm64 /Users/admin/builder/spi-builder-workspace/Sources/PNG/Decoding/PNG.DecodingError.swift (in target 'PNG' from project 'swift-png')
cd /Users/admin/builder/spi-builder-workspace/.swiftpm/xcode
SwiftEmitModule normal arm64 Emitting\ module\ for\ PNG (in target 'PNG' from project 'swift-png')
EmitSwiftModule normal arm64 (in target 'PNG' from project 'swift-png')
cd /Users/admin/builder/spi-builder-workspace/.swiftpm/xcode
SwiftCompile normal arm64 Compiling\ UnsafeMutableBufferPointer\ (ext).swift,\ __Entrypoint.swift /Users/admin/builder/spi-builder-workspace/Sources/PNG/UnsafeMutableBufferPointer\ (ext).swift /Users/admin/builder/spi-builder-workspace/Sources/PNG/__Entrypoint.swift (in target 'PNG' from project 'swift-png')
SwiftCompile normal arm64 /Users/admin/builder/spi-builder-workspace/Sources/PNG/UnsafeMutableBufferPointer\ (ext).swift (in target 'PNG' from project 'swift-png')
cd /Users/admin/builder/spi-builder-workspace/.swiftpm/xcode
SwiftCompile normal arm64 /Users/admin/builder/spi-builder-workspace/Sources/PNG/__Entrypoint.swift (in target 'PNG' from project 'swift-png')
cd /Users/admin/builder/spi-builder-workspace/.swiftpm/xcode
SwiftCompile normal arm64 Compiling\ PNG.Metadata.swift,\ PNG.Standard.swift,\ PNG.Encoder.Pass.swift /Users/admin/builder/spi-builder-workspace/Sources/PNG/Decoding/PNG.Metadata.swift /Users/admin/builder/spi-builder-workspace/Sources/PNG/Decoding/PNG.Standard.swift /Users/admin/builder/spi-builder-workspace/Sources/PNG/Encoding/PNG.Encoder.Pass.swift (in target 'PNG' from project 'swift-png')
SwiftCompile normal arm64 /Users/admin/builder/spi-builder-workspace/Sources/PNG/Decoding/PNG.Metadata.swift (in target 'PNG' from project 'swift-png')
cd /Users/admin/builder/spi-builder-workspace/.swiftpm/xcode
SwiftCompile normal arm64 /Users/admin/builder/spi-builder-workspace/Sources/PNG/Decoding/PNG.Standard.swift (in target 'PNG' from project 'swift-png')
cd /Users/admin/builder/spi-builder-workspace/.swiftpm/xcode
SwiftCompile normal arm64 /Users/admin/builder/spi-builder-workspace/Sources/PNG/Encoding/PNG.Encoder.Pass.swift (in target 'PNG' from project 'swift-png')
cd /Users/admin/builder/spi-builder-workspace/.swiftpm/xcode
SwiftCompile normal arm64 Compiling\ PNG.Encoder.swift,\ PNG.FormattingError.swift,\ PNG.Format.Pixel.swift /Users/admin/builder/spi-builder-workspace/Sources/PNG/Encoding/PNG.Encoder.swift /Users/admin/builder/spi-builder-workspace/Sources/PNG/Encoding/PNG.FormattingError.swift /Users/admin/builder/spi-builder-workspace/Sources/PNG/Formats/PNG.Format.Pixel.swift (in target 'PNG' from project 'swift-png')
SwiftCompile normal arm64 /Users/admin/builder/spi-builder-workspace/Sources/PNG/Encoding/PNG.Encoder.swift (in target 'PNG' from project 'swift-png')
cd /Users/admin/builder/spi-builder-workspace/.swiftpm/xcode
SwiftCompile normal arm64 /Users/admin/builder/spi-builder-workspace/Sources/PNG/Encoding/PNG.FormattingError.swift (in target 'PNG' from project 'swift-png')
cd /Users/admin/builder/spi-builder-workspace/.swiftpm/xcode
SwiftCompile normal arm64 /Users/admin/builder/spi-builder-workspace/Sources/PNG/Formats/PNG.Format.Pixel.swift (in target 'PNG' from project 'swift-png')
cd /Users/admin/builder/spi-builder-workspace/.swiftpm/xcode
SwiftCompile normal arm64 Compiling\ PNG.LexingError.swift,\ PNG.Error.swift /Users/admin/builder/spi-builder-workspace/Sources/PNG/Lexing/PNG.LexingError.swift /Users/admin/builder/spi-builder-workspace/Sources/PNG/PNG.Error.swift (in target 'PNG' from project 'swift-png')
SwiftCompile normal arm64 /Users/admin/builder/spi-builder-workspace/Sources/PNG/Lexing/PNG.LexingError.swift (in target 'PNG' from project 'swift-png')
cd /Users/admin/builder/spi-builder-workspace/.swiftpm/xcode
SwiftCompile normal arm64 /Users/admin/builder/spi-builder-workspace/Sources/PNG/PNG.Error.swift (in target 'PNG' from project 'swift-png')
cd /Users/admin/builder/spi-builder-workspace/.swiftpm/xcode
SwiftCompile normal arm64 Compiling\ PNG.Background.Case.swift,\ PNG.Background.swift /Users/admin/builder/spi-builder-workspace/Sources/PNG/Parsing/PNG.Background.Case.swift /Users/admin/builder/spi-builder-workspace/Sources/PNG/Parsing/PNG.Background.swift (in target 'PNG' from project 'swift-png')
2026-10-08 17:35:07.144 xcodebuild[1030:6091] [MT] IDERunDestination: Supported platforms for the buildables in the current scheme is empty.
/Users/admin/builder/spi-builder-workspace/Benchmarks/Decompression/Swift/Main.swift:26:5: warning: clock() function not imported for this platform, internal benchmarks not built (please open an issue at https://github.com/tayloraswift/swift-png/issues)
"""
^~~
/Users/admin/builder/spi-builder-workspace/Benchmarks/Compression/Swift/Main.swift:26:5: warning: clock() function not imported for this platform, internal benchmarks not built (please open an issue at https://github.com/tayloraswift/swift-png/issues)
"""
^~~
** BUILD FAILED **
The following build commands failed:
SwiftCompile normal arm64 /Users/admin/builder/spi-builder-workspace/Benchmarks/Decompression/Swift/Main.swift (in target 'decompression-benchmark' from project 'swift-png')
SwiftEmitModule normal arm64 Emitting\ module\ for\ decompression_benchmark (in target 'decompression-benchmark' from project 'swift-png')
SwiftCompile normal arm64 Compiling\ Main.swift /Users/admin/builder/spi-builder-workspace/Benchmarks/Decompression/Swift/Main.swift (in target 'decompression-benchmark' from project 'swift-png')
SwiftCompile normal arm64 /Users/admin/builder/spi-builder-workspace/Benchmarks/Decompression/Swift/Main.swift (in target 'decompression-benchmark' from project 'swift-png')
SwiftEmitModule normal arm64 Emitting\ module\ for\ compression_benchmark (in target 'compression-benchmark' from project 'swift-png')
SwiftCompile normal arm64 /Users/admin/builder/spi-builder-workspace/Benchmarks/Compression/Swift/Main.swift (in target 'compression-benchmark' from project 'swift-png')
SwiftCompile normal arm64 /Users/admin/builder/spi-builder-workspace/Benchmarks/Compression/Swift/Main.swift (in target 'compression-benchmark' from project 'swift-png')
SwiftCompile normal arm64 Compiling\ Main.swift /Users/admin/builder/spi-builder-workspace/Benchmarks/Compression/Swift/Main.swift (in target 'compression-benchmark' from project 'swift-png')
Building workspace spi-builder-workspace with scheme swift-png-Package
(9 failures)
BUILD FAILURE 6.2 visionOS