Build Information
Failed to build NSIcon, reference 2.1.0 (bf32e6), with Swift 6.4 for tvOS using Xcode 27.0 on 20 Sep 2026 05:01:36 UTC.
Build Command
env DEVELOPER_DIR=/Applications/Xcode-27.0.0-Release.Candidate.app xcrun xcodebuild -IDEClonedSourcePackagesDirPathOverride=$PWD/.dependencies -skipMacroValidation -skipPackagePluginValidation -derivedDataPath $PWD/.derivedData build -scheme NSIcon -destination generic/platform=tvOSBuild Log
========================================
RunAll
========================================
Builder version: 5.1.0
Interrupt handler set up.
========================================
Checkout
========================================
Clone URL: https://github.com/Stv-X/NSIcon.git
Reference: 2.1.0
Initialized empty Git repository in /Users/admin/builder/spi-builder-workspace/.git/
From https://github.com/Stv-X/NSIcon
* tag 2.1.0 -> FETCH_HEAD
HEAD is now at bf32e65 Fix an error that Mac app icon with a mask will be scaled to an inappropriate size
Cloned https://github.com/Stv-X/NSIcon.git
Revision (git rev-parse @):
bf32e65def0883a99409ced2136a1c279f90b6d8
SUCCESS checkout https://github.com/Stv-X/NSIcon.git at 2.1.0
========================================
Build
========================================
Selected platform: tvOS
Swift version: 6.4
Building package at path: $PWD
https://github.com/Stv-X/NSIcon.git
Command line invocation:
/Applications/Xcode-27.0.0-Release.Candidate.app/Contents/Developer/usr/bin/xcodebuild -IDEClonedSourcePackagesDirPathOverride=/Users/admin/builder/spi-builder-workspace/.dependencies -resolvePackageDependencies
Resolve Package Graph
Resolve Package Graph
Resolved source packages:
NSIcon: /Users/admin/builder/spi-builder-workspace
resolved source packages: NSIcon
2026-09-20 01:00:38.559 xcodebuild[563:3079] [MT] IDERunDestination: Supported platforms for the buildables in the current scheme is empty.
{
"dependencies" : [
],
"manifest_display_name" : "NSIcon",
"name" : "NSIcon",
"path" : "/Users/admin/builder/spi-builder-workspace",
"platforms" : [
{
"name" : "ios",
"version" : "16.0"
},
{
"name" : "macos",
"version" : "13.0"
},
{
"name" : "watchos",
"version" : "9.0"
}
],
"products" : [
{
"name" : "NSIcon",
"targets" : [
"NSIcon"
],
"type" : {
"library" : [
"automatic"
]
}
}
],
"targets" : [
{
"c99name" : "NSIconTests",
"module_type" : "SwiftTarget",
"name" : "NSIconTests",
"path" : "Tests/NSIconTests",
"sources" : [
"NSIconTests.swift"
],
"target_dependencies" : [
"NSIcon"
],
"type" : "test"
},
{
"c99name" : "NSIcon",
"module_type" : "SwiftTarget",
"name" : "NSIcon",
"path" : "Sources/NSIcon",
"product_memberships" : [
"NSIcon"
],
"sources" : [
"AppPlatform.swift",
"Extensions.swift",
"Icon.swift",
"ViewModels/AsyncIconVM.swift",
"ViewModels/NSIconVM.swift",
"Views/AppKit/NSAsyncIcon.swift",
"Views/AppKit/NSIcon.swift",
"Views/UIKit/UIAsyncIcon.swift",
"Views/UIKit/UIIcon.swift",
"iOS/UIExtensions.swift",
"macOS/IconPlaceholderStyle.swift",
"macOS/NSExtensions.swift",
"visionOS/AppIconLayer.swift",
"visionOS/VNExtensions.swift",
"watchOS/WKExtensions.swift"
],
"type" : "library"
}
],
"tools_version" : "5.7"
}
{
"workspace" : {
"name" : "NSIcon",
"schemes" : [
"NSIcon"
]
}
}
2026-09-20 01:01:19.701 xcodebuild[686:4230] [MT] IDERunDestination: Supported platforms for the buildables in the current scheme is empty.
Running build ...
env DEVELOPER_DIR=/Applications/Xcode-27.0.0-Release.Candidate.app xcrun xcodebuild -IDEClonedSourcePackagesDirPathOverride=$PWD/.dependencies -skipMacroValidation -skipPackagePluginValidation -derivedDataPath $PWD/.derivedData build -scheme NSIcon -destination generic/platform=tvOS
Command line invocation:
/Applications/Xcode-27.0.0-Release.Candidate.app/Contents/Developer/usr/bin/xcodebuild -IDEClonedSourcePackagesDirPathOverride=/Users/admin/builder/spi-builder-workspace/.dependencies -skipMacroValidation -skipPackagePluginValidation -derivedDataPath /Users/admin/builder/spi-builder-workspace/.derivedData build -scheme NSIcon -destination generic/platform=tvOS
Resolve Package Graph
Resolved source packages:
NSIcon: /Users/admin/builder/spi-builder-workspace
ComputePackagePrebuildTargetDependencyGraph
Prepare packages
CreateBuildRequest
SendProjectDescription
CreateBuildOperation
ComputeTargetDependencyGraph
note: Building targets in dependency order
note: Target dependency graph (3 targets)
Target 'NSIcon-product' in project 'NSIcon'
➜ Explicit dependency on target 'NSIcon' in project 'NSIcon'
➜ Explicit dependency on target 'NSIcon_NSIcon' in project 'NSIcon'
Target 'NSIcon' in project 'NSIcon'
➜ Explicit dependency on target 'NSIcon_NSIcon' in project 'NSIcon'
Target 'NSIcon_NSIcon' in project 'NSIcon' (no dependencies)
GatherProvisioningInputs
CreateBuildDescription
ExecuteExternalTool /Applications/Xcode-27.0.0-Release.Candidate.app/Contents/Developer/Toolchains/XcodeDefault.xctoolchain/usr/bin/clang -v -E -dM -isysroot /Applications/Xcode-27.0.0-Release.Candidate.app/Contents/Developer/Platforms/AppleTVOS.platform/Developer/SDKs/AppleTVOS27.0.sdk -x c -c /dev/null
ExecuteExternalTool /Applications/Xcode-27.0.0-Release.Candidate.app/Contents/Developer/usr/bin/actool --version --output-format xml1
ExecuteExternalTool /Applications/Xcode-27.0.0-Release.Candidate.app/Contents/Developer/Toolchains/XcodeDefault.xctoolchain/usr/bin/swiftc --version
ExecuteExternalTool /Applications/Xcode-27.0.0-Release.Candidate.app/Contents/Developer/Toolchains/XcodeDefault.xctoolchain/usr/bin/ld -version_details
Build description signature: 920b7c92df29412195eb10a7b9c224a2
Build description path: /Users/admin/builder/spi-builder-workspace/.derivedData/Build/Intermediates.noindex/XCBuildData/920b7c92df29412195eb10a7b9c224a2.xcbuilddata
CreateBuildDirectory /Users/admin/builder/spi-builder-workspace/.derivedData/SDKExplicitPrecompiledModules
cd /Users/admin/builder/spi-builder-workspace/.swiftpm/xcode
builtin-create-build-directory /Users/admin/builder/spi-builder-workspace/.derivedData/SDKExplicitPrecompiledModules
CreateBuildDirectory /Users/admin/builder/spi-builder-workspace/.derivedData/CompilationCache.noindex
cd /Users/admin/builder/spi-builder-workspace/.swiftpm/xcode
builtin-create-build-directory /Users/admin/builder/spi-builder-workspace/.derivedData/CompilationCache.noindex
CreateBuildDirectory /Users/admin/builder/spi-builder-workspace/.derivedData/ModuleCache.noindex
cd /Users/admin/builder/spi-builder-workspace/.swiftpm/xcode
builtin-create-build-directory /Users/admin/builder/spi-builder-workspace/.derivedData/ModuleCache.noindex
CreateBuildDirectory /Users/admin/builder/spi-builder-workspace/.derivedData/Build/Products
cd /Users/admin/builder/spi-builder-workspace/.swiftpm/xcode
builtin-create-build-directory /Users/admin/builder/spi-builder-workspace/.derivedData/Build/Products
CreateBuildDirectory /Users/admin/builder/spi-builder-workspace/.derivedData/Build/Intermediates.noindex
cd /Users/admin/builder/spi-builder-workspace/.swiftpm/xcode
builtin-create-build-directory /Users/admin/builder/spi-builder-workspace/.derivedData/Build/Intermediates.noindex
ClangStatCache /Applications/Xcode-27.0.0-Release.Candidate.app/Contents/Developer/Toolchains/XcodeDefault.xctoolchain/usr/bin/clang-stat-cache /Applications/Xcode-27.0.0-Release.Candidate.app/Contents/Developer/Platforms/AppleTVOS.platform/Developer/SDKs/AppleTVOS27.0.sdk /Users/admin/builder/spi-builder-workspace/.derivedData/SDKStatCaches.noindex/appletvos27.0-24J360-e829b21a6f8c9b70876ba0858053c044b32bfd8d43560033f8d89884cdb90028.sdkstatcache
cd /Users/admin/builder/spi-builder-workspace/.swiftpm/xcode
/Applications/Xcode-27.0.0-Release.Candidate.app/Contents/Developer/Toolchains/XcodeDefault.xctoolchain/usr/bin/clang-stat-cache /Applications/Xcode-27.0.0-Release.Candidate.app/Contents/Developer/Platforms/AppleTVOS.platform/Developer/SDKs/AppleTVOS27.0.sdk -o /Users/admin/builder/spi-builder-workspace/.derivedData/SDKStatCaches.noindex/appletvos27.0-24J360-e829b21a6f8c9b70876ba0858053c044b32bfd8d43560033f8d89884cdb90028.sdkstatcache
CreateBuildDirectory /Users/admin/builder/spi-builder-workspace/.derivedData/Build/Intermediates.noindex/SwiftExplicitPrecompiledModules
cd /Users/admin/builder/spi-builder-workspace/.swiftpm/xcode
builtin-create-build-directory /Users/admin/builder/spi-builder-workspace/.derivedData/Build/Intermediates.noindex/SwiftExplicitPrecompiledModules
CreateBuildDirectory /Users/admin/builder/spi-builder-workspace/.derivedData/Build/Intermediates.noindex/PrecompiledHeaders
cd /Users/admin/builder/spi-builder-workspace/.swiftpm/xcode
builtin-create-build-directory /Users/admin/builder/spi-builder-workspace/.derivedData/Build/Intermediates.noindex/PrecompiledHeaders
CreateBuildDirectory /Users/admin/builder/spi-builder-workspace/.derivedData/Build/Products/Debug-appletvos
cd /Users/admin/builder/spi-builder-workspace/.swiftpm/xcode
builtin-create-build-directory /Users/admin/builder/spi-builder-workspace/.derivedData/Build/Products/Debug-appletvos
CreateBuildDirectory /Users/admin/builder/spi-builder-workspace/.derivedData/Build/Intermediates.noindex/ExplicitPrecompiledModules
cd /Users/admin/builder/spi-builder-workspace/.swiftpm/xcode
builtin-create-build-directory /Users/admin/builder/spi-builder-workspace/.derivedData/Build/Intermediates.noindex/ExplicitPrecompiledModules
CreateBuildDirectory /Users/admin/builder/spi-builder-workspace/.derivedData/Build/Intermediates.noindex/EagerLinkingTBDs/Debug-appletvos
cd /Users/admin/builder/spi-builder-workspace/.swiftpm/xcode
builtin-create-build-directory /Users/admin/builder/spi-builder-workspace/.derivedData/Build/Intermediates.noindex/EagerLinkingTBDs/Debug-appletvos
CreateBuildDirectory /Users/admin/builder/spi-builder-workspace/.derivedData/Build/Products/Debug-appletvos/PackageFrameworks
cd /Users/admin/builder/spi-builder-workspace/.swiftpm/xcode
builtin-create-build-directory /Users/admin/builder/spi-builder-workspace/.derivedData/Build/Products/Debug-appletvos/PackageFrameworks
WriteAuxiliaryFile /Users/admin/builder/spi-builder-workspace/.derivedData/Build/Intermediates.noindex/NSIcon.build/Debug-appletvos/NSIcon_NSIcon-b.build/empty-NSIcon_NSIcon.plist (in target 'NSIcon_NSIcon' from project 'NSIcon')
cd /Users/admin/builder/spi-builder-workspace
write-file /Users/admin/builder/spi-builder-workspace/.derivedData/Build/Intermediates.noindex/NSIcon.build/Debug-appletvos/NSIcon_NSIcon-b.build/empty-NSIcon_NSIcon.plist
WriteAuxiliaryFile /Users/admin/builder/spi-builder-workspace/.derivedData/Build/Intermediates.noindex/NSIcon.build/Debug-appletvos/NSIcon_NSIcon-b.build/NSIcon_NSIcon.DependencyStaticMetadataFileList (in target 'NSIcon_NSIcon' from project 'NSIcon')
cd /Users/admin/builder/spi-builder-workspace
write-file /Users/admin/builder/spi-builder-workspace/.derivedData/Build/Intermediates.noindex/NSIcon.build/Debug-appletvos/NSIcon_NSIcon-b.build/NSIcon_NSIcon.DependencyStaticMetadataFileList
WriteAuxiliaryFile /Users/admin/builder/spi-builder-workspace/.derivedData/Build/Intermediates.noindex/NSIcon.build/Debug-appletvos/NSIcon_NSIcon-b.build/NSIcon_NSIcon.DependencyMetadataFileList (in target 'NSIcon_NSIcon' from project 'NSIcon')
cd /Users/admin/builder/spi-builder-workspace
write-file /Users/admin/builder/spi-builder-workspace/.derivedData/Build/Intermediates.noindex/NSIcon.build/Debug-appletvos/NSIcon_NSIcon-b.build/NSIcon_NSIcon.DependencyMetadataFileList
WriteAuxiliaryFile /Users/admin/builder/spi-builder-workspace/.derivedData/Build/Intermediates.noindex/NSIcon.build/Debug-appletvos/NSIcon-t.build/Objects-normal/arm64/NSIcon_const_extract_protocols.json (in target 'NSIcon' from project 'NSIcon')
cd /Users/admin/builder/spi-builder-workspace
write-file /Users/admin/builder/spi-builder-workspace/.derivedData/Build/Intermediates.noindex/NSIcon.build/Debug-appletvos/NSIcon-t.build/Objects-normal/arm64/NSIcon_const_extract_protocols.json
WriteAuxiliaryFile /Users/admin/builder/spi-builder-workspace/.derivedData/Build/Intermediates.noindex/NSIcon.build/Debug-appletvos/NSIcon-t.build/Objects-normal/arm64/NSIcon.SwiftConstValuesFileList (in target 'NSIcon' from project 'NSIcon')
cd /Users/admin/builder/spi-builder-workspace
write-file /Users/admin/builder/spi-builder-workspace/.derivedData/Build/Intermediates.noindex/NSIcon.build/Debug-appletvos/NSIcon-t.build/Objects-normal/arm64/NSIcon.SwiftConstValuesFileList
WriteAuxiliaryFile /Users/admin/builder/spi-builder-workspace/.derivedData/Build/Intermediates.noindex/NSIcon.build/Debug-appletvos/NSIcon-t.build/Objects-normal/arm64/NSIcon.SwiftFileList (in target 'NSIcon' from project 'NSIcon')
cd /Users/admin/builder/spi-builder-workspace
write-file /Users/admin/builder/spi-builder-workspace/.derivedData/Build/Intermediates.noindex/NSIcon.build/Debug-appletvos/NSIcon-t.build/Objects-normal/arm64/NSIcon.SwiftFileList
WriteAuxiliaryFile /Users/admin/builder/spi-builder-workspace/.derivedData/Build/Intermediates.noindex/NSIcon.build/Debug-appletvos/NSIcon-t.build/Objects-normal/arm64/NSIcon-OutputFileMap.json (in target 'NSIcon' from project 'NSIcon')
cd /Users/admin/builder/spi-builder-workspace
write-file /Users/admin/builder/spi-builder-workspace/.derivedData/Build/Intermediates.noindex/NSIcon.build/Debug-appletvos/NSIcon-t.build/Objects-normal/arm64/NSIcon-OutputFileMap.json
WriteAuxiliaryFile /Users/admin/builder/spi-builder-workspace/.derivedData/Build/Intermediates.noindex/NSIcon.build/Debug-appletvos/NSIcon-t.build/Objects-normal/arm64/NSIcon.LinkFileList (in target 'NSIcon' from project 'NSIcon')
cd /Users/admin/builder/spi-builder-workspace
write-file /Users/admin/builder/spi-builder-workspace/.derivedData/Build/Intermediates.noindex/NSIcon.build/Debug-appletvos/NSIcon-t.build/Objects-normal/arm64/NSIcon.LinkFileList
WriteAuxiliaryFile /Users/admin/builder/spi-builder-workspace/.derivedData/Build/Intermediates.noindex/NSIcon.build/Debug-appletvos/NSIcon-t.build/NSIcon.modulemap (in target 'NSIcon' from project 'NSIcon')
cd /Users/admin/builder/spi-builder-workspace
write-file /Users/admin/builder/spi-builder-workspace/.derivedData/Build/Intermediates.noindex/NSIcon.build/Debug-appletvos/NSIcon-t.build/NSIcon.modulemap
WriteAuxiliaryFile /Users/admin/builder/spi-builder-workspace/.derivedData/Build/Intermediates.noindex/NSIcon.build/Debug-appletvos/NSIcon-t.build/NSIcon.DependencyMetadataFileList (in target 'NSIcon' from project 'NSIcon')
cd /Users/admin/builder/spi-builder-workspace
write-file /Users/admin/builder/spi-builder-workspace/.derivedData/Build/Intermediates.noindex/NSIcon.build/Debug-appletvos/NSIcon-t.build/NSIcon.DependencyMetadataFileList
WriteAuxiliaryFile /Users/admin/builder/spi-builder-workspace/.derivedData/Build/Intermediates.noindex/NSIcon.build/Debug-appletvos/NSIcon-t.build/NSIcon.DependencyStaticMetadataFileList (in target 'NSIcon' from project 'NSIcon')
cd /Users/admin/builder/spi-builder-workspace
write-file /Users/admin/builder/spi-builder-workspace/.derivedData/Build/Intermediates.noindex/NSIcon.build/Debug-appletvos/NSIcon-t.build/NSIcon.DependencyStaticMetadataFileList
MkDir /Users/admin/builder/spi-builder-workspace/.derivedData/Build/Products/Debug-appletvos/NSIcon_NSIcon.bundle (in target 'NSIcon_NSIcon' from project 'NSIcon')
cd /Users/admin/builder/spi-builder-workspace
/bin/mkdir -p /Users/admin/builder/spi-builder-workspace/.derivedData/Build/Products/Debug-appletvos/NSIcon_NSIcon.bundle
WriteAuxiliaryFile /Users/admin/builder/spi-builder-workspace/.derivedData/Build/Intermediates.noindex/NSIcon.build/Debug-appletvos/NSIcon-t.build/DerivedSources/resource_bundle_accessor.swift (in target 'NSIcon' from project 'NSIcon')
cd /Users/admin/builder/spi-builder-workspace
write-file /Users/admin/builder/spi-builder-workspace/.derivedData/Build/Intermediates.noindex/NSIcon.build/Debug-appletvos/NSIcon-t.build/DerivedSources/resource_bundle_accessor.swift
Copy /Users/admin/builder/spi-builder-workspace/.derivedData/Build/Intermediates.noindex/GeneratedModuleMaps-appletvos/NSIcon.modulemap /Users/admin/builder/spi-builder-workspace/.derivedData/Build/Intermediates.noindex/NSIcon.build/Debug-appletvos/NSIcon-t.build/NSIcon.modulemap (in target 'NSIcon' from project 'NSIcon')
cd /Users/admin/builder/spi-builder-workspace
builtin-copy -exclude .DS_Store -exclude CVS -exclude .svn -exclude .git -exclude .hg -resolve-src-symlinks /Users/admin/builder/spi-builder-workspace/.derivedData/Build/Intermediates.noindex/NSIcon.build/Debug-appletvos/NSIcon-t.build/NSIcon.modulemap /Users/admin/builder/spi-builder-workspace/.derivedData/Build/Intermediates.noindex/GeneratedModuleMaps-appletvos
GenerateAssetSymbols /Users/admin/builder/spi-builder-workspace/Sources/NSIcon/Media.xcassets (in target 'NSIcon' from project 'NSIcon')
cd /Users/admin/builder/spi-builder-workspace
/Applications/Xcode-27.0.0-Release.Candidate.app/Contents/Developer/usr/bin/actool /Users/admin/builder/spi-builder-workspace/Sources/NSIcon/Media.xcassets --compile /Users/admin/builder/spi-builder-workspace/.derivedData/Build/Products/Debug-appletvos --output-format human-readable-text --notices --warnings --export-dependency-info /Users/admin/builder/spi-builder-workspace/.derivedData/Build/Intermediates.noindex/NSIcon.build/Debug-appletvos/NSIcon-t.build/assetcatalog_dependencies --output-partial-info-plist /Users/admin/builder/spi-builder-workspace/.derivedData/Build/Intermediates.noindex/NSIcon.build/Debug-appletvos/NSIcon-t.build/assetcatalog_generated_info.plist --compress-pngs --enable-on-demand-resources NO --development-region en --leaderboard-identifier-prefix NSIcon.game-center.leaderboard. --leaderboard-set-identifier-prefix NSIcon.game-center.leaderboard-set. --target-device tv --minimum-deployment-target 16.0 --platform appletvos --bundle-identifier spi-builder-workspace.NSIcon --generate-swift-asset-symbol-extensions NO --generate-swift-asset-symbols /Users/admin/builder/spi-builder-workspace/.derivedData/Build/Intermediates.noindex/NSIcon.build/Debug-appletvos/NSIcon-t.build/DerivedSources/GeneratedAssetSymbols.swift --generate-objc-asset-symbols /Users/admin/builder/spi-builder-workspace/.derivedData/Build/Intermediates.noindex/NSIcon.build/Debug-appletvos/NSIcon-t.build/DerivedSources/GeneratedAssetSymbols.h --generate-asset-symbol-index /Users/admin/builder/spi-builder-workspace/.derivedData/Build/Intermediates.noindex/NSIcon.build/Debug-appletvos/NSIcon-t.build/DerivedSources/GeneratedAssetSymbols-Index.plist
/* com.apple.actool.compilation-results */
/Users/admin/builder/spi-builder-workspace/.derivedData/Build/Intermediates.noindex/NSIcon.build/Debug-appletvos/NSIcon-t.build/DerivedSources/GeneratedAssetSymbols-Index.plist
/Users/admin/builder/spi-builder-workspace/.derivedData/Build/Intermediates.noindex/NSIcon.build/Debug-appletvos/NSIcon-t.build/DerivedSources/GeneratedAssetSymbols.h
/Users/admin/builder/spi-builder-workspace/.derivedData/Build/Intermediates.noindex/NSIcon.build/Debug-appletvos/NSIcon-t.build/DerivedSources/GeneratedAssetSymbols.swift
MkDir /Users/admin/builder/spi-builder-workspace/.derivedData/Build/Intermediates.noindex/NSIcon.build/Debug-appletvos/NSIcon_NSIcon-b.build/assetcatalog_output/unthinned (in target 'NSIcon_NSIcon' from project 'NSIcon')
cd /Users/admin/builder/spi-builder-workspace
/bin/mkdir -p /Users/admin/builder/spi-builder-workspace/.derivedData/Build/Intermediates.noindex/NSIcon.build/Debug-appletvos/NSIcon_NSIcon-b.build/assetcatalog_output/unthinned
MkDir /Users/admin/builder/spi-builder-workspace/.derivedData/Build/Intermediates.noindex/NSIcon.build/Debug-appletvos/NSIcon_NSIcon-b.build/assetcatalog_output/thinned (in target 'NSIcon_NSIcon' from project 'NSIcon')
cd /Users/admin/builder/spi-builder-workspace
/bin/mkdir -p /Users/admin/builder/spi-builder-workspace/.derivedData/Build/Intermediates.noindex/NSIcon.build/Debug-appletvos/NSIcon_NSIcon-b.build/assetcatalog_output/thinned
CompileAssetCatalogVariant thinned /Users/admin/builder/spi-builder-workspace/.derivedData/Build/Products/Debug-appletvos/NSIcon_NSIcon.bundle /Users/admin/builder/spi-builder-workspace/Sources/NSIcon/Media.xcassets (in target 'NSIcon_NSIcon' from project 'NSIcon')
cd /Users/admin/builder/spi-builder-workspace
/Applications/Xcode-27.0.0-Release.Candidate.app/Contents/Developer/usr/bin/actool /Users/admin/builder/spi-builder-workspace/Sources/NSIcon/Media.xcassets --compile /Users/admin/builder/spi-builder-workspace/.derivedData/Build/Intermediates.noindex/NSIcon.build/Debug-appletvos/NSIcon_NSIcon-b.build/assetcatalog_output/thinned --output-format human-readable-text --notices --warnings --export-dependency-info /Users/admin/builder/spi-builder-workspace/.derivedData/Build/Intermediates.noindex/NSIcon.build/Debug-appletvos/NSIcon_NSIcon-b.build/assetcatalog_dependencies_thinned --output-partial-info-plist /Users/admin/builder/spi-builder-workspace/.derivedData/Build/Intermediates.noindex/NSIcon.build/Debug-appletvos/NSIcon_NSIcon-b.build/assetcatalog_generated_info.plist_thinned --compress-pngs --enable-on-demand-resources NO --development-region en --leaderboard-identifier-prefix NSIcon_NSIcon.game-center.leaderboard. --leaderboard-set-identifier-prefix NSIcon_NSIcon.game-center.leaderboard-set. --target-device tv --minimum-deployment-target 16.0 --platform appletvos
/* com.apple.actool.compilation-results */
/Users/admin/builder/spi-builder-workspace/.derivedData/Build/Intermediates.noindex/NSIcon.build/Debug-appletvos/NSIcon_NSIcon-b.build/assetcatalog_generated_info.plist_thinned
/Users/admin/builder/spi-builder-workspace/.derivedData/Build/Intermediates.noindex/NSIcon.build/Debug-appletvos/NSIcon_NSIcon-b.build/assetcatalog_output/thinned/Assets.car
SwiftDriver NSIcon normal arm64 com.apple.xcode.tools.swift.compiler (in target 'NSIcon' from project 'NSIcon')
cd /Users/admin/builder/spi-builder-workspace/.swiftpm/xcode
builtin-SwiftDriver -- /Applications/Xcode-27.0.0-Release.Candidate.app/Contents/Developer/Toolchains/XcodeDefault.xctoolchain/usr/bin/swiftc -parse-as-library -module-name NSIcon -Onone @/Users/admin/builder/spi-builder-workspace/.derivedData/Build/Intermediates.noindex/NSIcon.build/Debug-appletvos/NSIcon-t.build/Objects-normal/arm64/NSIcon.SwiftFileList -DSWIFT_PACKAGE -DDEBUG -DSWIFT_MODULE_RESOURCE_BUNDLE_AVAILABLE -DXcode -plugin-path /Applications/Xcode-27.0.0-Release.Candidate.app/Contents/Developer/Toolchains/XcodeDefault.xctoolchain/usr/lib/swift/host/plugins/testing -enable-experimental-feature DebugDescriptionMacro -sdk /Applications/Xcode-27.0.0-Release.Candidate.app/Contents/Developer/Platforms/AppleTVOS.platform/Developer/SDKs/AppleTVOS27.0.sdk -target arm64-apple-tvos16.0 -g -module-cache-path /Users/admin/builder/spi-builder-workspace/.derivedData/ModuleCache.noindex -Xfrontend -serialize-debugging-options -profile-coverage-mapping -profile-generate -enable-testing -index-store-path /Users/admin/builder/spi-builder-workspace/.derivedData/Index.noindex/DataStore -Xcc -D_LIBCPP_HARDENING_MODE\=_LIBCPP_HARDENING_MODE_DEBUG -swift-version 5 -I /Users/admin/builder/spi-builder-workspace/.derivedData/Build/Products/Debug-appletvos -Isystem /Applications/Xcode-27.0.0-Release.Candidate.app/Contents/Developer/Platforms/AppleTVOS.platform/Developer/usr/lib -F /Users/admin/builder/spi-builder-workspace/.derivedData/Build/Products/Debug-appletvos -F /Applications/Xcode-27.0.0-Release.Candidate.app/Contents/Developer/Platforms/AppleTVOS.platform/Developer/Library/Frameworks -F /Applications/Xcode-27.0.0-Release.Candidate.app/Contents/Developer/Platforms/AppleTVOS.platform/Developer/SDKs/AppleTVOS27.0.sdk/Developer/Library/Frameworks -c -j10 -enable-batch-mode -incremental -Xcc -ivfsstatcache -Xcc /Users/admin/builder/spi-builder-workspace/.derivedData/SDKStatCaches.noindex/appletvos27.0-24J360-e829b21a6f8c9b70876ba0858053c044b32bfd8d43560033f8d89884cdb90028.sdkstatcache -output-file-map /Users/admin/builder/spi-builder-workspace/.derivedData/Build/Intermediates.noindex/NSIcon.build/Debug-appletvos/NSIcon-t.build/Objects-normal/arm64/NSIcon-OutputFileMap.json -save-temps -no-color-diagnostics -explicit-module-build -module-cache-path /Users/admin/builder/spi-builder-workspace/.derivedData/Build/Intermediates.noindex/SwiftExplicitPrecompiledModules -clang-scanner-module-cache-path /Users/admin/builder/spi-builder-workspace/.derivedData/ModuleCache.noindex -sdk-module-cache-path /Users/admin/builder/spi-builder-workspace/.derivedData/SDKExplicitPrecompiledModules -emit-dependencies -emit-module -emit-module-path /Users/admin/builder/spi-builder-workspace/.derivedData/Build/Intermediates.noindex/NSIcon.build/Debug-appletvos/NSIcon-t.build/Objects-normal/arm64/NSIcon.swiftmodule -serialize-diagnostics -dependency-scan-serialize-diagnostics-path /Users/admin/builder/spi-builder-workspace/.derivedData/Build/Intermediates.noindex/NSIcon.build/Debug-appletvos/NSIcon-t.build/Objects-normal/arm64/NSIcon-dependency-scan.dia -validate-clang-modules-once -clang-build-session-file /Users/admin/builder/spi-builder-workspace/.derivedData/ModuleCache.noindex/Session.modulevalidation -Xcc -fmodules-prune-interval\=86400 -Xcc -fmodules-prune-after\=345600 -emit-const-values -const-gather-protocols-list /Users/admin/builder/spi-builder-workspace/.derivedData/Build/Intermediates.noindex/NSIcon.build/Debug-appletvos/NSIcon-t.build/Objects-normal/arm64/NSIcon_const_extract_protocols.json -Xcc -I/Users/admin/builder/spi-builder-workspace/.derivedData/Build/Products/Debug-appletvos/include -Xcc -I/Users/admin/builder/spi-builder-workspace/.derivedData/Build/Intermediates.noindex/NSIcon.build/Debug-appletvos/NSIcon-t.build/DerivedSources-normal/arm64 -Xcc -I/Users/admin/builder/spi-builder-workspace/.derivedData/Build/Intermediates.noindex/NSIcon.build/Debug-appletvos/NSIcon-t.build/DerivedSources/arm64 -Xcc -I/Users/admin/builder/spi-builder-workspace/.derivedData/Build/Intermediates.noindex/NSIcon.build/Debug-appletvos/NSIcon-t.build/DerivedSources -Xcc -DSWIFT_PACKAGE -Xcc -DDEBUG\=1 -emit-objc-header -emit-objc-header-path /Users/admin/builder/spi-builder-workspace/.derivedData/Build/Intermediates.noindex/NSIcon.build/Debug-appletvos/NSIcon-t.build/Objects-normal/arm64/NSIcon-Swift.h -working-directory /Users/admin/builder/spi-builder-workspace/.swiftpm/xcode -experimental-emit-module-separately -disable-cmo
SwiftExplicitDependencyGeneratePcm arm64 /Users/admin/builder/spi-builder-workspace/.derivedData/SDKExplicitPrecompiledModules/_Builtin_stdarg-BO2OCAUYVAXDRVQWQ8ISKGNUQ.pcm
SwiftExplicitDependencyGeneratePcm arm64 /Users/admin/builder/spi-builder-workspace/.derivedData/SDKExplicitPrecompiledModules/ptrcheck-2AZ6B5IBYD3RRRTFWN2ONASY3.pcm
SwiftExplicitDependencyGeneratePcm arm64 /Users/admin/builder/spi-builder-workspace/.derivedData/SDKExplicitPrecompiledModules/ptrauth-8X2KEPL7CTRPS40TUB9APHPK6.pcm
SwiftExplicitDependencyGeneratePcm arm64 /Users/admin/builder/spi-builder-workspace/.derivedData/SDKExplicitPrecompiledModules/_Builtin_stdbool-AHRDH5EKLY6D04C5E42F3VCQI.pcm
SwiftExplicitDependencyGeneratePcm arm64 /Users/admin/builder/spi-builder-workspace/.derivedData/SDKExplicitPrecompiledModules/_Builtin_stddef-9ZJZ6FDEZNKTZU8YLPMFT9RAQ.pcm
SwiftExplicitDependencyGeneratePcm arm64 /Users/admin/builder/spi-builder-workspace/.derivedData/SDKExplicitPrecompiledModules/DeveloperToolsSupport-B1X8RI63V48AJRTH2RK6JAARV.pcm
SwiftExplicitDependencyGeneratePcm arm64 /Users/admin/builder/spi-builder-workspace/.derivedData/SDKExplicitPrecompiledModules/SwiftShims-8N4EXJ4RUJTR8K9OO3CMOH1EP.pcm
SwiftExplicitDependencyGeneratePcm arm64 /Users/admin/builder/spi-builder-workspace/.derivedData/SDKExplicitPrecompiledModules/_Builtin_float-8ZJAYZ85YBOAOP52Y9H6IUNP3.pcm
SwiftExplicitDependencyGeneratePcm arm64 /Users/admin/builder/spi-builder-workspace/.derivedData/SDKExplicitPrecompiledModules/_AvailabilityInternal-BV2EDDP0MI5QJDDPEEV4D9D3V.pcm
SwiftExplicitDependencyGeneratePcm arm64 /Users/admin/builder/spi-builder-workspace/.derivedData/SDKExplicitPrecompiledModules/_SwiftConcurrencyShims-BY5PD8KF1L5KF6F4Q69HE3TJ4.pcm
SwiftExplicitDependencyGeneratePcm arm64 /Users/admin/builder/spi-builder-workspace/.derivedData/SDKExplicitPrecompiledModules/_DarwinFoundation1-JOTYMOA1YZCIJ2NON6FQ848O.pcm
SwiftExplicitDependencyGeneratePcm arm64 /Users/admin/builder/spi-builder-workspace/.derivedData/SDKExplicitPrecompiledModules/_Builtin_limits-7JU2HP127LIT1X9E2V3D8WZ1.pcm
SwiftExplicitDependencyGeneratePcm arm64 /Users/admin/builder/spi-builder-workspace/.derivedData/SDKExplicitPrecompiledModules/_DarwinFoundation2-AOGAN1O02NKXRJN5V73AV3V3M.pcm
LinkAssetCatalog /Users/admin/builder/spi-builder-workspace/Sources/NSIcon/Media.xcassets (in target 'NSIcon_NSIcon' from project 'NSIcon')
cd /Users/admin/builder/spi-builder-workspace
builtin-linkAssetCatalog --thinned /Users/admin/builder/spi-builder-workspace/.derivedData/Build/Intermediates.noindex/NSIcon.build/Debug-appletvos/NSIcon_NSIcon-b.build/assetcatalog_output/thinned --thinned-dependencies /Users/admin/builder/spi-builder-workspace/.derivedData/Build/Intermediates.noindex/NSIcon.build/Debug-appletvos/NSIcon_NSIcon-b.build/assetcatalog_dependencies_thinned --thinned-info-plist-content /Users/admin/builder/spi-builder-workspace/.derivedData/Build/Intermediates.noindex/NSIcon.build/Debug-appletvos/NSIcon_NSIcon-b.build/assetcatalog_generated_info.plist_thinned --unthinned /Users/admin/builder/spi-builder-workspace/.derivedData/Build/Intermediates.noindex/NSIcon.build/Debug-appletvos/NSIcon_NSIcon-b.build/assetcatalog_output/unthinned --unthinned-dependencies /Users/admin/builder/spi-builder-workspace/.derivedData/Build/Intermediates.noindex/NSIcon.build/Debug-appletvos/NSIcon_NSIcon-b.build/assetcatalog_dependencies_unthinned --unthinned-info-plist-content /Users/admin/builder/spi-builder-workspace/.derivedData/Build/Intermediates.noindex/NSIcon.build/Debug-appletvos/NSIcon_NSIcon-b.build/assetcatalog_generated_info.plist_unthinned --output /Users/admin/builder/spi-builder-workspace/.derivedData/Build/Products/Debug-appletvos/NSIcon_NSIcon.bundle --plist-output /Users/admin/builder/spi-builder-workspace/.derivedData/Build/Intermediates.noindex/NSIcon.build/Debug-appletvos/NSIcon_NSIcon-b.build/assetcatalog_generated_info.plist
note: Emplaced /Users/admin/builder/spi-builder-workspace/.derivedData/Build/Products/Debug-appletvos/NSIcon_NSIcon.bundle/Assets.car (in target 'NSIcon_NSIcon' from project 'NSIcon')
ProcessInfoPlistFile /Users/admin/builder/spi-builder-workspace/.derivedData/Build/Products/Debug-appletvos/NSIcon_NSIcon.bundle/Info.plist /Users/admin/builder/spi-builder-workspace/.derivedData/Build/Intermediates.noindex/NSIcon.build/Debug-appletvos/NSIcon_NSIcon-b.build/empty-NSIcon_NSIcon.plist (in target 'NSIcon_NSIcon' from project 'NSIcon')
cd /Users/admin/builder/spi-builder-workspace
builtin-infoPlistUtility /Users/admin/builder/spi-builder-workspace/.derivedData/Build/Intermediates.noindex/NSIcon.build/Debug-appletvos/NSIcon_NSIcon-b.build/empty-NSIcon_NSIcon.plist -producttype com.apple.product-type.bundle -expandbuildsettings -format binary -platform appletvos -additionalcontentfile /Users/admin/builder/spi-builder-workspace/.derivedData/Build/Intermediates.noindex/NSIcon.build/Debug-appletvos/NSIcon_NSIcon-b.build/assetcatalog_generated_info.plist -o /Users/admin/builder/spi-builder-workspace/.derivedData/Build/Products/Debug-appletvos/NSIcon_NSIcon.bundle/Info.plist
RegisterExecutionPolicyException /Users/admin/builder/spi-builder-workspace/.derivedData/Build/Products/Debug-appletvos/NSIcon_NSIcon.bundle (in target 'NSIcon_NSIcon' from project 'NSIcon')
cd /Users/admin/builder/spi-builder-workspace
builtin-RegisterExecutionPolicyException /Users/admin/builder/spi-builder-workspace/.derivedData/Build/Products/Debug-appletvos/NSIcon_NSIcon.bundle
Touch /Users/admin/builder/spi-builder-workspace/.derivedData/Build/Products/Debug-appletvos/NSIcon_NSIcon.bundle (in target 'NSIcon_NSIcon' from project 'NSIcon')
cd /Users/admin/builder/spi-builder-workspace
/usr/bin/touch -c /Users/admin/builder/spi-builder-workspace/.derivedData/Build/Products/Debug-appletvos/NSIcon_NSIcon.bundle
SwiftExplicitDependencyGeneratePcm arm64 /Users/admin/builder/spi-builder-workspace/.derivedData/SDKExplicitPrecompiledModules/sys_types-8GCAV1YMG5UUGHUID3CA20TCH.pcm
SwiftExplicitDependencyGeneratePcm arm64 /Users/admin/builder/spi-builder-workspace/.derivedData/SDKExplicitPrecompiledModules/string_h-6EVHP7A717OUS5DMC78F79HWO.pcm
SwiftExplicitDependencyGeneratePcm arm64 /Users/admin/builder/spi-builder-workspace/.derivedData/SDKExplicitPrecompiledModules/_Builtin_tgmath-7ULT1EUHDHW4OZPSTT33H6QGE.pcm
SwiftExplicitDependencyGeneratePcm arm64 /Users/admin/builder/spi-builder-workspace/.derivedData/SDKExplicitPrecompiledModules/_Builtin_stdint-6NFTB6IBKS143IVPGT1EKB7HO.pcm
SwiftExplicitDependencyGeneratePcm arm64 /Users/admin/builder/spi-builder-workspace/.derivedData/SDKExplicitPrecompiledModules/_DarwinFoundation3-8SR3855WDFHQPR6G9GHOI2C07.pcm
SwiftExplicitDependencyGeneratePcm arm64 /Users/admin/builder/spi-builder-workspace/.derivedData/SDKExplicitPrecompiledModules/_Builtin_stdatomic-3YXHN678NGYM3NL9POJ2HVEIF.pcm
SwiftExplicitDependencyGeneratePcm arm64 /Users/admin/builder/spi-builder-workspace/.derivedData/SDKExplicitPrecompiledModules/_Builtin_intrinsics-437O2R2NID4WAQVENR63GR82C.pcm
SwiftExplicitDependencyGeneratePcm arm64 /Users/admin/builder/spi-builder-workspace/.derivedData/SDKExplicitPrecompiledModules/_Builtin_inttypes-6X1IQ3QK9KEVKXOK9Y79EW7J3.pcm
SwiftExplicitDependencyGeneratePcm arm64 /Users/admin/builder/spi-builder-workspace/.derivedData/SDKExplicitPrecompiledModules/Darwin-DBSQAVBBPC3D2OMU5ZI2RXMST.pcm
SwiftExplicitDependencyGeneratePcm arm64 /Users/admin/builder/spi-builder-workspace/.derivedData/SDKExplicitPrecompiledModules/simd-117QUXEUT3Z7UQCUYWV2UA228.pcm
SwiftExplicitDependencyGeneratePcm arm64 /Users/admin/builder/spi-builder-workspace/.derivedData/SDKExplicitPrecompiledModules/MachO-EH3F5PJCIZG05NO51CEFSZYPW.pcm
SwiftExplicitDependencyGeneratePcm arm64 /Users/admin/builder/spi-builder-workspace/.derivedData/SDKExplicitPrecompiledModules/ObjectiveC-5250FDCE56N8508OR6XUYDKZM.pcm
SwiftExplicitDependencyGeneratePcm arm64 /Users/admin/builder/spi-builder-workspace/.derivedData/SDKExplicitPrecompiledModules/os_object-E2DGZ0SX0TULQHULZRPO6OKNW.pcm
SwiftExplicitDependencyGeneratePcm arm64 /Users/admin/builder/spi-builder-workspace/.derivedData/SDKExplicitPrecompiledModules/os_workgroup-DBUFF7811DKMX7VPBOJPGGF1U.pcm
SwiftExplicitDependencyGeneratePcm arm64 /Users/admin/builder/spi-builder-workspace/.derivedData/SDKExplicitPrecompiledModules/Spatial-7U8NLEFXSB8BR7PJQGVMF5A4Q.pcm
SwiftExplicitDependencyGeneratePcm arm64 /Users/admin/builder/spi-builder-workspace/.derivedData/SDKExplicitPrecompiledModules/Dispatch-1QL58A0V50C39KVAIC6C38SHL.pcm
SwiftExplicitDependencyGeneratePcm arm64 /Users/admin/builder/spi-builder-workspace/.derivedData/SDKExplicitPrecompiledModules/XPC-6O2DJFT3QUJ7QKTD3SNUB6PCR.pcm
SwiftExplicitDependencyGeneratePcm arm64 /Users/admin/builder/spi-builder-workspace/.derivedData/SDKExplicitPrecompiledModules/CoreFoundation-7TPJ7ENDC4L1A1ESHYI9TXS0D.pcm
SwiftExplicitDependencyGeneratePcm arm64 /Users/admin/builder/spi-builder-workspace/.derivedData/SDKExplicitPrecompiledModules/os-3GJI8H0BNAEZPQPQ1V0VVY3FY.pcm
SwiftExplicitDependencyGeneratePcm arm64 /Users/admin/builder/spi-builder-workspace/.derivedData/SDKExplicitPrecompiledModules/CFNetwork-2CUR2VK9S3S3WPFXPNXNUWYGN.pcm
SwiftExplicitDependencyGeneratePcm arm64 /Users/admin/builder/spi-builder-workspace/.derivedData/SDKExplicitPrecompiledModules/CoreAudioTypes-E7EH96HAL3G83QSWLT7VWYIP4.pcm
SwiftExplicitDependencyGeneratePcm arm64 /Users/admin/builder/spi-builder-workspace/.derivedData/SDKExplicitPrecompiledModules/Security-8VMXEKVDA3MHUH9AOTP905DID.pcm
SwiftExplicitDependencyGeneratePcm arm64 /Users/admin/builder/spi-builder-workspace/.derivedData/SDKExplicitPrecompiledModules/CoreGraphics-CWSP3J98S2658BYCVL6RP99T3.pcm
SwiftExplicitDependencyGeneratePcm arm64 /Users/admin/builder/spi-builder-workspace/.derivedData/SDKExplicitPrecompiledModules/CoreAudio-6IR1XRM0Q9YQZMFW89F3H4V3X.pcm
SwiftExplicitDependencyGeneratePcm arm64 /Users/admin/builder/spi-builder-workspace/.derivedData/SDKExplicitPrecompiledModules/Foundation-BSSIP64DIGUKMAYJOG1WPQ78X.pcm
SwiftExplicitDependencyGeneratePcm arm64 /Users/admin/builder/spi-builder-workspace/.derivedData/SDKExplicitPrecompiledModules/ImageIO-88D4CLEBD4CLWQKT78PZ6H1O8.pcm
SwiftExplicitDependencyGeneratePcm arm64 /Users/admin/builder/spi-builder-workspace/.derivedData/SDKExplicitPrecompiledModules/CoreText-59NY7PABM0I4V978161FOC04A.pcm
SwiftExplicitDependencyGeneratePcm arm64 /Users/admin/builder/spi-builder-workspace/.derivedData/SDKExplicitPrecompiledModules/CoreData-DYMPHH3PH8AX9I1FHA4VFJ675.pcm
SwiftExplicitDependencyGeneratePcm arm64 /Users/admin/builder/spi-builder-workspace/.derivedData/SDKExplicitPrecompiledModules/Accessibility-B6BODGZ4MQQTY0PBC4SHRP009.pcm
SwiftExplicitDependencyGeneratePcm arm64 /Users/admin/builder/spi-builder-workspace/.derivedData/SDKExplicitPrecompiledModules/CoreTransferable-7V4O8DATEQ9F7SDNTCW8YWLG3.pcm
SwiftExplicitDependencyGeneratePcm arm64 /Users/admin/builder/spi-builder-workspace/.derivedData/SDKExplicitPrecompiledModules/IOSurface-38FJ1CKX9FV2RD97O64Z7QB17.pcm
SwiftExplicitDependencyGeneratePcm arm64 /Users/admin/builder/spi-builder-workspace/.derivedData/SDKExplicitPrecompiledModules/OSLog-7OT6HHTMY0ZFEQJ095LJZ6NLC.pcm
SwiftExplicitDependencyGeneratePcm arm64 /Users/admin/builder/spi-builder-workspace/.derivedData/SDKExplicitPrecompiledModules/UIUtilities-6ZFJ1AK4H8IBGEBMYQBWGBYLK.pcm
SwiftExplicitDependencyGeneratePcm arm64 /Users/admin/builder/spi-builder-workspace/.derivedData/SDKExplicitPrecompiledModules/UniformTypeIdentifiers-95CC8U42ZA9STP5K6GP9ZVJS5.pcm
SwiftExplicitDependencyGeneratePcm arm64 /Users/admin/builder/spi-builder-workspace/.derivedData/SDKExplicitPrecompiledModules/Symbols-B5AU9VM9Y7NU79RLMH13Z4IFM.pcm
SwiftExplicitDependencyGeneratePcm arm64 /Users/admin/builder/spi-builder-workspace/.derivedData/SDKExplicitPrecompiledModules/DataDetection-37JIYZ2GWDA1L166PP1D9JKAF.pcm
SwiftExplicitDependencyGeneratePcm arm64 /Users/admin/builder/spi-builder-workspace/.derivedData/SDKExplicitPrecompiledModules/_LocationEssentials-ETSJ65FELPWR8WH8G49R1DF2E.pcm
SwiftExplicitDependencyGeneratePcm arm64 /Users/admin/builder/spi-builder-workspace/.derivedData/SDKExplicitPrecompiledModules/UserNotifications-E9ZW5TH066WIJWH9080RC5NG4.pcm
SwiftExplicitDependencyGeneratePcm arm64 /Users/admin/builder/spi-builder-workspace/.derivedData/SDKExplicitPrecompiledModules/CoreLocation-YVXXAOMVX0JH2KO1XTTKTY51.pcm
SwiftExplicitDependencyGeneratePcm arm64 /Users/admin/builder/spi-builder-workspace/.derivedData/SDKExplicitPrecompiledModules/OpenGLES-4NY99CNDU9WUNUYEIXSS1QFGE.pcm
SwiftExplicitDependencyGeneratePcm arm64 /Users/admin/builder/spi-builder-workspace/.derivedData/SDKExplicitPrecompiledModules/Metal-2KYBS7IML1SD788M91YV7Q0CC.pcm
SwiftExplicitDependencyGeneratePcm arm64 /Users/admin/builder/spi-builder-workspace/.derivedData/SDKExplicitPrecompiledModules/CoreVideo-DPU0PB5X0XLSVA2ETRGI6FJBM.pcm
SwiftExplicitDependencyGeneratePcm arm64 /Users/admin/builder/spi-builder-workspace/.derivedData/SDKExplicitPrecompiledModules/QuartzCore-DJSYAWKXFGVSAK5CQMOB3JSR.pcm
SwiftExplicitDependencyGeneratePcm arm64 /Users/admin/builder/spi-builder-workspace/.derivedData/SDKExplicitPrecompiledModules/CoreImage-7S2AFJ8EIY3DUFYLEAX1JR1QV.pcm
SwiftExplicitDependencyGeneratePcm arm64 /Users/admin/builder/spi-builder-workspace/.derivedData/SDKExplicitPrecompiledModules/CoreMedia-4OUKVT03LV547KZJDPPJRJ4F8.pcm
SwiftExplicitDependencyGeneratePcm arm64 /Users/admin/builder/spi-builder-workspace/.derivedData/SDKExplicitPrecompiledModules/SwiftUICore-543QU5V2NHKUFCYFJDKUJ7NYG.pcm
SwiftExplicitDependencyGeneratePcm arm64 /Users/admin/builder/spi-builder-workspace/.derivedData/SDKExplicitPrecompiledModules/UIKit-1TKWN7VC2X6N3ITMRVA2G0EB2.pcm
SwiftExplicitDependencyGeneratePcm arm64 /Users/admin/builder/spi-builder-workspace/.derivedData/SDKExplicitPrecompiledModules/SwiftUI-7BV1YDT6IZWW6B8OC6ENV0Y0F.pcm
SwiftCompile normal arm64 Compiling\ VNExtensions.swift /Users/admin/builder/spi-builder-workspace/Sources/NSIcon/visionOS/VNExtensions.swift (in target 'NSIcon' from project 'NSIcon')
SwiftCompile normal arm64 /Users/admin/builder/spi-builder-workspace/Sources/NSIcon/visionOS/VNExtensions.swift (in target 'NSIcon' from project 'NSIcon')
cd /Users/admin/builder/spi-builder-workspace/.swiftpm/xcode
builtin-SwiftPerFileCompile VNExtensions.swift
SwiftEmitModule normal arm64 Emitting\ module\ for\ NSIcon (in target 'NSIcon' from project 'NSIcon')
SwiftCompile normal arm64 (in target 'NSIcon' from project 'NSIcon')
cd /Users/admin/builder/spi-builder-workspace/.swiftpm/xcode
SwiftCompile normal arm64 Compiling\ GeneratedAssetSymbols.swift /Users/admin/builder/spi-builder-workspace/.derivedData/Build/Intermediates.noindex/NSIcon.build/Debug-appletvos/NSIcon-t.build/DerivedSources/GeneratedAssetSymbols.swift (in target 'NSIcon' from project 'NSIcon')
SwiftCompile normal arm64 /Users/admin/builder/spi-builder-workspace/.derivedData/Build/Intermediates.noindex/NSIcon.build/Debug-appletvos/NSIcon-t.build/DerivedSources/GeneratedAssetSymbols.swift (in target 'NSIcon' from project 'NSIcon')
cd /Users/admin/builder/spi-builder-workspace/.swiftpm/xcode
builtin-SwiftPerFileCompile GeneratedAssetSymbols.swift
SwiftCompile normal arm64 Compiling\ NSExtensions.swift,\ AppIconLayer.swift /Users/admin/builder/spi-builder-workspace/Sources/NSIcon/macOS/NSExtensions.swift /Users/admin/builder/spi-builder-workspace/Sources/NSIcon/visionOS/AppIconLayer.swift (in target 'NSIcon' from project 'NSIcon')
SwiftCompile normal arm64 /Users/admin/builder/spi-builder-workspace/Sources/NSIcon/macOS/NSExtensions.swift (in target 'NSIcon' from project 'NSIcon')
cd /Users/admin/builder/spi-builder-workspace/.swiftpm/xcode
builtin-SwiftPerFileCompile NSExtensions.swift
SwiftCompile normal arm64 /Users/admin/builder/spi-builder-workspace/Sources/NSIcon/visionOS/AppIconLayer.swift (in target 'NSIcon' from project 'NSIcon')
cd /Users/admin/builder/spi-builder-workspace/.swiftpm/xcode
builtin-SwiftPerFileCompile AppIconLayer.swift
SwiftCompile normal arm64 Compiling\ UIAsyncIcon.swift,\ UIIcon.swift /Users/admin/builder/spi-builder-workspace/Sources/NSIcon/Views/UIKit/UIAsyncIcon.swift /Users/admin/builder/spi-builder-workspace/Sources/NSIcon/Views/UIKit/UIIcon.swift (in target 'NSIcon' from project 'NSIcon')
SwiftCompile normal arm64 /Users/admin/builder/spi-builder-workspace/Sources/NSIcon/Views/UIKit/UIAsyncIcon.swift (in target 'NSIcon' from project 'NSIcon')
cd /Users/admin/builder/spi-builder-workspace/.swiftpm/xcode
builtin-SwiftPerFileCompile UIAsyncIcon.swift
SwiftCompile normal arm64 /Users/admin/builder/spi-builder-workspace/Sources/NSIcon/Views/UIKit/UIIcon.swift (in target 'NSIcon' from project 'NSIcon')
cd /Users/admin/builder/spi-builder-workspace/.swiftpm/xcode
builtin-SwiftPerFileCompile UIIcon.swift
SwiftCompile normal arm64 Compiling\ UIExtensions.swift,\ IconPlaceholderStyle.swift /Users/admin/builder/spi-builder-workspace/Sources/NSIcon/iOS/UIExtensions.swift /Users/admin/builder/spi-builder-workspace/Sources/NSIcon/macOS/IconPlaceholderStyle.swift (in target 'NSIcon' from project 'NSIcon')
SwiftCompile normal arm64 /Users/admin/builder/spi-builder-workspace/Sources/NSIcon/iOS/UIExtensions.swift (in target 'NSIcon' from project 'NSIcon')
cd /Users/admin/builder/spi-builder-workspace/.swiftpm/xcode
builtin-SwiftPerFileCompile UIExtensions.swift
SwiftCompile normal arm64 /Users/admin/builder/spi-builder-workspace/Sources/NSIcon/macOS/IconPlaceholderStyle.swift (in target 'NSIcon' from project 'NSIcon')
cd /Users/admin/builder/spi-builder-workspace/.swiftpm/xcode
builtin-SwiftPerFileCompile IconPlaceholderStyle.swift
SwiftCompile normal arm64 Compiling\ WKExtensions.swift /Users/admin/builder/spi-builder-workspace/Sources/NSIcon/watchOS/WKExtensions.swift (in target 'NSIcon' from project 'NSIcon')
SwiftCompile normal arm64 /Users/admin/builder/spi-builder-workspace/Sources/NSIcon/watchOS/WKExtensions.swift (in target 'NSIcon' from project 'NSIcon')
cd /Users/admin/builder/spi-builder-workspace/.swiftpm/xcode
builtin-SwiftPerFileCompile WKExtensions.swift
SwiftCompile normal arm64 Compiling\ NSAsyncIcon.swift,\ NSIcon.swift /Users/admin/builder/spi-builder-workspace/Sources/NSIcon/Views/AppKit/NSAsyncIcon.swift /Users/admin/builder/spi-builder-workspace/Sources/NSIcon/Views/AppKit/NSIcon.swift (in target 'NSIcon' from project 'NSIcon')
SwiftCompile normal arm64 /Users/admin/builder/spi-builder-workspace/Sources/NSIcon/Views/AppKit/NSAsyncIcon.swift (in target 'NSIcon' from project 'NSIcon')
cd /Users/admin/builder/spi-builder-workspace/.swiftpm/xcode
builtin-SwiftPerFileCompile NSAsyncIcon.swift
SwiftCompile normal arm64 /Users/admin/builder/spi-builder-workspace/Sources/NSIcon/Views/AppKit/NSIcon.swift (in target 'NSIcon' from project 'NSIcon')
cd /Users/admin/builder/spi-builder-workspace/.swiftpm/xcode
builtin-SwiftPerFileCompile NSIcon.swift
SwiftCompile normal arm64 Compiling\ Extensions.swift,\ Icon.swift /Users/admin/builder/spi-builder-workspace/Sources/NSIcon/Extensions.swift /Users/admin/builder/spi-builder-workspace/Sources/NSIcon/Icon.swift (in target 'NSIcon' from project 'NSIcon')
/Users/admin/builder/spi-builder-workspace/Sources/NSIcon/Extensions.swift:8:22: error: cannot find 'applicationIconName' in scope
6 | extension UIImage {
7 | public static var appIcon: UIImage {
8 | .init(named: applicationIconName) ?? .init()
| `- error: cannot find 'applicationIconName' in scope
9 | }
10 | }
Failed frontend command:
/Applications/Xcode-27.0.0-Release.Candidate.app/Contents/Developer/Toolchains/XcodeDefault.xctoolchain/usr/bin/swift-frontend -frontend -c /Users/admin/builder/spi-builder-workspace/.derivedData/Build/Intermediates.noindex/NSIcon.build/Debug-appletvos/NSIcon-t.build/DerivedSources/resource_bundle_accessor.swift /Users/admin/builder/spi-builder-workspace/Sources/NSIcon/AppPlatform.swift -primary-file /Users/admin/builder/spi-builder-workspace/Sources/NSIcon/Extensions.swift -primary-file /Users/admin/builder/spi-builder-workspace/Sources/NSIcon/Icon.swift /Users/admin/builder/spi-builder-workspace/Sources/NSIcon/ViewModels/AsyncIconVM.swift /Users/admin/builder/spi-builder-workspace/Sources/NSIcon/ViewModels/NSIconVM.swift /Users/admin/builder/spi-builder-workspace/Sources/NSIcon/Views/AppKit/NSAsyncIcon.swift /Users/admin/builder/spi-builder-workspace/Sources/NSIcon/Views/AppKit/NSIcon.swift /Users/admin/builder/spi-builder-workspace/Sources/NSIcon/Views/UIKit/UIAsyncIcon.swift /Users/admin/builder/spi-builder-workspace/Sources/NSIcon/Views/UIKit/UIIcon.swift /Users/admin/builder/spi-builder-workspace/Sources/NSIcon/iOS/UIExtensions.swift /Users/admin/builder/spi-builder-workspace/Sources/NSIcon/macOS/IconPlaceholderStyle.swift /Users/admin/builder/spi-builder-workspace/Sources/NSIcon/macOS/NSExtensions.swift /Users/admin/builder/spi-builder-workspace/Sources/NSIcon/visionOS/AppIconLayer.swift /Users/admin/builder/spi-builder-workspace/Sources/NSIcon/visionOS/VNExtensions.swift /Users/admin/builder/spi-builder-workspace/Sources/NSIcon/watchOS/WKExtensions.swift /Users/admin/builder/spi-builder-workspace/.derivedData/Build/Intermediates.noindex/NSIcon.build/Debug-appletvos/NSIcon-t.build/DerivedSources/GeneratedAssetSymbols.swift -emit-dependencies-path /Users/admin/builder/spi-builder-workspace/.derivedData/Build/Intermediates.noindex/NSIcon.build/Debug-appletvos/NSIcon-t.build/Objects-normal/arm64/Extensions.d -emit-const-values-path /Users/admin/builder/spi-builder-workspace/.derivedData/Build/Intermediates.noindex/NSIcon.build/Debug-appletvos/NSIcon-t.build/Objects-normal/arm64/Extensions.swiftconstvalues -emit-reference-dependencies-path /Users/admin/builder/spi-builder-workspace/.derivedData/Build/Intermediates.noindex/NSIcon.build/Debug-appletvos/NSIcon-t.build/Objects-normal/arm64/Extensions.swiftdeps -serialize-diagnostics-path /Users/admin/builder/spi-builder-workspace/.derivedData/Build/Intermediates.noindex/NSIcon.build/Debug-appletvos/NSIcon-t.build/Objects-normal/arm64/Extensions.dia -emit-dependencies-path /Users/admin/builder/spi-builder-workspace/.derivedData/Build/Intermediates.noindex/NSIcon.build/Debug-appletvos/NSIcon-t.build/Objects-normal/arm64/Icon.d -emit-const-values-path /Users/admin/builder/spi-builder-workspace/.derivedData/Build/Intermediates.noindex/NSIcon.build/Debug-appletvos/NSIcon-t.build/Objects-normal/arm64/Icon.swiftconstvalues -emit-reference-dependencies-path /Users/admin/builder/spi-builder-workspace/.derivedData/Build/Intermediates.noindex/NSIcon.build/Debug-appletvos/NSIcon-t.build/Objects-normal/arm64/Icon.swiftdeps -serialize-diagnostics-path /Users/admin/builder/spi-builder-workspace/.derivedData/Build/Intermediates.noindex/NSIcon.build/Debug-appletvos/NSIcon-t.build/Objects-normal/arm64/Icon.dia -target arm64-apple-tvos16.0 -module-can-import-version DeveloperToolsSupport 24.0.24 24.0.24 -module-can-import-version SwiftUI 8.0.84 8.0.84 -module-can-import-version UIKit 9127.0.84.1 9127.0.84 -disable-cross-import-overlay-search -load-resolved-plugin /Applications/Xcode-27.0.0-Release.Candidate.app/Contents/Developer/Platforms/AppleTVOS.platform/Developer/usr/lib/swift/host/plugins/libFoundationMacros.dylib\#/Applications/Xcode-27.0.0-Release.Candidate.app/Contents/Developer/Platforms/AppleTVOS.platform/Developer/usr/bin/swift-plugin-server\#FoundationMacros -load-resolved-plugin /Applications/Xcode-27.0.0-Release.Candidate.app/Contents/Developer/Platforms/AppleTVOS.platform/Developer/usr/lib/swift/host/plugins/libObservationMacros.dylib\#/Applications/Xcode-27.0.0-Release.Candidate.app/Contents/Developer/Platforms/AppleTVOS.platform/Developer/usr/bin/swift-plugin-server\#ObservationMacros -load-resolved-plugin /Applications/Xcode-27.0.0-Release.Candidate.app/Contents/Developer/Platforms/AppleTVOS.platform/Developer/usr/lib/swift/host/plugins/libPreviewsMacros.dylib\#/Applications/Xcode-27.0.0-Release.Candidate.app/Contents/Developer/Platforms/AppleTVOS.platform/Developer/usr/bin/swift-plugin-server\#PreviewsMacros -load-resolved-plugin /Applications/Xcode-27.0.0-Release.Candidate.app/Contents/Developer/Platforms/AppleTVOS.platform/Developer/usr/lib/swift/host/plugins/libSwiftMacros.dylib\#/Applications/Xcode-27.0.0-Release.Candidate.app/Contents/Developer/Platforms/AppleTVOS.platform/Developer/usr/bin/swift-plugin-server\#SwiftMacros -load-resolved-plugin /Applications/Xcode-27.0.0-Release.Candidate.app/Contents/Developer/Platforms/AppleTVOS.platform/Developer/usr/lib/swift/host/plugins/libSwiftUIMacros.dylib\#/Applications/Xcode-27.0.0-Release.Candidate.app/Contents/Developer/Platforms/AppleTVOS.platform/Developer/usr/bin/swift-plugin-server\#SwiftUIMacros -disable-implicit-swift-modules -Xcc -fno-implicit-modules -Xcc -fno-implicit-module-maps -explicit-swift-module-map-file /Users/admin/builder/spi-builder-workspace/.derivedData/Build/Intermediates.noindex/NSIcon.build/Debug-appletvos/NSIcon-t.build/Objects-normal/arm64/NSIcon-dependencies-1.json -Xllvm -aarch64-use-tbi -enable-objc-interop -stack-check -sdk /Applications/Xcode-27.0.0-Release.Candidate.app/Contents/Developer/Platforms/AppleTVOS.platform/Developer/SDKs/AppleTVOS27.0.sdk -I /Users/admin/builder/spi-builder-workspace/.derivedData/Build/Products/Debug-appletvos -Isystem /Applications/Xcode-27.0.0-Release.Candidate.app/Contents/Developer/Platforms/AppleTVOS.platform/Developer/usr/lib -F /Users/admin/builder/spi-builder-workspace/.derivedData/Build/Products/Debug-appletvos -F /Applications/Xcode-27.0.0-Release.Candidate.app/Contents/Developer/Platforms/AppleTVOS.platform/Developer/Library/Frameworks -F /Applications/Xcode-27.0.0-Release.Candidate.app/Contents/Developer/Platforms/AppleTVOS.platform/Developer/SDKs/AppleTVOS27.0.sdk/Developer/Library/Frameworks -module-cache-path /Users/admin/builder/spi-builder-workspace/.derivedData/Build/Intermediates.noindex/SwiftExplicitPrecompiledModules -no-color-diagnostics -Xcc -fno-color-diagnostics -enable-testing -g -debug-info-format\=dwarf -dwarf-version\=4 -profile-generate -profile-coverage-mapping -swift-version 5 -Onone -D SWIFT_PACKAGE -D DEBUG -D SWIFT_MODULE_RESOURCE_BUNDLE_AVAILABLE -D Xcode -serialize-debugging-options -enable-experimental-feature DebugDescriptionMacro -empty-abi-descriptor -validate-clang-modules-once -clang-build-session-file /Users/admin/builder/spi-builder-workspace/.derivedData/ModuleCache.noindex/Session.modulevalidation -Xcc -working-directory -Xcc /Users/admin/builder/spi-builder-workspace/.swiftpm/xcode -enable-anonymous-context-mangled-names -file-compilation-dir /Users/admin/builder/spi-builder-workspace/.swiftpm/xcode -Xcc -D_LIBCPP_HARDENING_MODE\=_LIBCPP_HARDENING_MODE_DEBUG -Xcc -ivfsstatcache -Xcc /Users/admin/builder/spi-builder-workspace/.derivedData/SDKStatCaches.noindex/appletvos27.0-24J360-e829b21a6f8c9b70876ba0858053c044b32bfd8d43560033f8d89884cdb90028.sdkstatcache -Xcc -fmodules-prune-interval\=86400 -Xcc -fmodules-prune-after\=345600 -Xcc -I/Users/admin/builder/spi-builder-workspace/.derivedData/Build/Products/Debug-appletvos/include -Xcc -I/Users/admin/builder/spi-builder-workspace/.derivedData/Build/Intermediates.noindex/NSIcon.build/Debug-appletvos/NSIcon-t.build/DerivedSources-normal/arm64 -Xcc -I/Users/admin/builder/spi-builder-workspace/.derivedData/Build/Intermediates.noindex/NSIcon.build/Debug-appletvos/NSIcon-t.build/DerivedSources/arm64 -Xcc -I/Users/admin/builder/spi-builder-workspace/.derivedData/Build/Intermediates.noindex/NSIcon.build/Debug-appletvos/NSIcon-t.build/DerivedSources -Xcc -DSWIFT_PACKAGE -Xcc -DDEBUG\=1 -no-auto-bridging-header-chaining -module-name NSIcon -const-gather-protocols-file /Users/admin/builder/spi-builder-workspace/.derivedData/Build/Intermediates.noindex/NSIcon.build/Debug-appletvos/NSIcon-t.build/Objects-normal/arm64/NSIcon_const_extract_protocols.json -disable-clang-spi -clang-target arm64-apple-tvos27.0 -target-sdk-version 27.0 -target-sdk-name appletvos27.0 -in-process-plugin-server-path /Applications/Xcode-27.0.0-Release.Candidate.app/Contents/Developer/Toolchains/XcodeDefault.xctoolchain/usr/lib/swift/host/libSwiftInProcPluginServer.dylib -parse-as-library -o /Users/admin/builder/spi-builder-workspace/.derivedData/Build/Intermediates.noindex/NSIcon.build/Debug-appletvos/NSIcon-t.build/Objects-normal/arm64/Extensions.o -o /Users/admin/builder/spi-builder-workspace/.derivedData/Build/Intermediates.noindex/NSIcon.build/Debug-appletvos/NSIcon-t.build/Objects-normal/arm64/Icon.o -debug-module-path /Users/admin/builder/spi-builder-workspace/.derivedData/Build/Intermediates.noindex/NSIcon.build/Debug-appletvos/NSIcon-t.build/Objects-normal/arm64/NSIcon.swiftmodule -index-unit-output-path /NSIcon.build/Debug-appletvos/NSIcon-t.build/Objects-normal/arm64/Extensions.o -index-unit-output-path /NSIcon.build/Debug-appletvos/NSIcon-t.build/Objects-normal/arm64/Icon.o -index-store-path /Users/admin/builder/spi-builder-workspace/.derivedData/Index.noindex/DataStore -index-system-modules
SwiftCompile normal arm64 /Users/admin/builder/spi-builder-workspace/Sources/NSIcon/Extensions.swift (in target 'NSIcon' from project 'NSIcon')
cd /Users/admin/builder/spi-builder-workspace/.swiftpm/xcode
builtin-SwiftPerFileCompile Extensions.swift
SwiftCompile normal arm64 /Users/admin/builder/spi-builder-workspace/Sources/NSIcon/Icon.swift (in target 'NSIcon' from project 'NSIcon')
cd /Users/admin/builder/spi-builder-workspace/.swiftpm/xcode
builtin-SwiftPerFileCompile Icon.swift
SwiftCompile normal arm64 Compiling\ resource_bundle_accessor.swift,\ AppPlatform.swift /Users/admin/builder/spi-builder-workspace/.derivedData/Build/Intermediates.noindex/NSIcon.build/Debug-appletvos/NSIcon-t.build/DerivedSources/resource_bundle_accessor.swift /Users/admin/builder/spi-builder-workspace/Sources/NSIcon/AppPlatform.swift (in target 'NSIcon' from project 'NSIcon')
SwiftCompile normal arm64 /Users/admin/builder/spi-builder-workspace/.derivedData/Build/Intermediates.noindex/NSIcon.build/Debug-appletvos/NSIcon-t.build/DerivedSources/resource_bundle_accessor.swift (in target 'NSIcon' from project 'NSIcon')
cd /Users/admin/builder/spi-builder-workspace/.swiftpm/xcode
builtin-SwiftPerFileCompile resource_bundle_accessor.swift
SwiftCompile normal arm64 /Users/admin/builder/spi-builder-workspace/Sources/NSIcon/AppPlatform.swift (in target 'NSIcon' from project 'NSIcon')
cd /Users/admin/builder/spi-builder-workspace/.swiftpm/xcode
builtin-SwiftPerFileCompile AppPlatform.swift
SwiftCompile normal arm64 Compiling\ AsyncIconVM.swift,\ NSIconVM.swift /Users/admin/builder/spi-builder-workspace/Sources/NSIcon/ViewModels/AsyncIconVM.swift /Users/admin/builder/spi-builder-workspace/Sources/NSIcon/ViewModels/NSIconVM.swift (in target 'NSIcon' from project 'NSIcon')
SwiftCompile normal arm64 /Users/admin/builder/spi-builder-workspace/Sources/NSIcon/ViewModels/AsyncIconVM.swift (in target 'NSIcon' from project 'NSIcon')
cd /Users/admin/builder/spi-builder-workspace/.swiftpm/xcode
builtin-SwiftPerFileCompile AsyncIconVM.swift
SwiftCompile normal arm64 /Users/admin/builder/spi-builder-workspace/Sources/NSIcon/ViewModels/NSIconVM.swift (in target 'NSIcon' from project 'NSIcon')
cd /Users/admin/builder/spi-builder-workspace/.swiftpm/xcode
builtin-SwiftPerFileCompile NSIconVM.swift
SwiftDriverJobDiscovery normal arm64 Emitting module for NSIcon (in target 'NSIcon' from project 'NSIcon')
SwiftDriver\ Compilation\ Requirements NSIcon normal arm64 com.apple.xcode.tools.swift.compiler (in target 'NSIcon' from project 'NSIcon')
cd /Users/admin/builder/spi-builder-workspace/.swiftpm/xcode
builtin-Swift-Compilation-Requirements -- /Applications/Xcode-27.0.0-Release.Candidate.app/Contents/Developer/Toolchains/XcodeDefault.xctoolchain/usr/bin/swiftc -parse-as-library -module-name NSIcon -Onone @/Users/admin/builder/spi-builder-workspace/.derivedData/Build/Intermediates.noindex/NSIcon.build/Debug-appletvos/NSIcon-t.build/Objects-normal/arm64/NSIcon.SwiftFileList -DSWIFT_PACKAGE -DDEBUG -DSWIFT_MODULE_RESOURCE_BUNDLE_AVAILABLE -DXcode -plugin-path /Applications/Xcode-27.0.0-Release.Candidate.app/Contents/Developer/Toolchains/XcodeDefault.xctoolchain/usr/lib/swift/host/plugins/testing -enable-experimental-feature DebugDescriptionMacro -sdk /Applications/Xcode-27.0.0-Release.Candidate.app/Contents/Developer/Platforms/AppleTVOS.platform/Developer/SDKs/AppleTVOS27.0.sdk -target arm64-apple-tvos16.0 -g -module-cache-path /Users/admin/builder/spi-builder-workspace/.derivedData/ModuleCache.noindex -Xfrontend -serialize-debugging-options -profile-coverage-mapping -profile-generate -enable-testing -index-store-path /Users/admin/builder/spi-builder-workspace/.derivedData/Index.noindex/DataStore -Xcc -D_LIBCPP_HARDENING_MODE\=_LIBCPP_HARDENING_MODE_DEBUG -swift-version 5 -I /Users/admin/builder/spi-builder-workspace/.derivedData/Build/Products/Debug-appletvos -Isystem /Applications/Xcode-27.0.0-Release.Candidate.app/Contents/Developer/Platforms/AppleTVOS.platform/Developer/usr/lib -F /Users/admin/builder/spi-builder-workspace/.derivedData/Build/Products/Debug-appletvos -F /Applications/Xcode-27.0.0-Release.Candidate.app/Contents/Developer/Platforms/AppleTVOS.platform/Developer/Library/Frameworks -F /Applications/Xcode-27.0.0-Release.Candidate.app/Contents/Developer/Platforms/AppleTVOS.platform/Developer/SDKs/AppleTVOS27.0.sdk/Developer/Library/Frameworks -c -j10 -enable-batch-mode -incremental -Xcc -ivfsstatcache -Xcc /Users/admin/builder/spi-builder-workspace/.derivedData/SDKStatCaches.noindex/appletvos27.0-24J360-e829b21a6f8c9b70876ba0858053c044b32bfd8d43560033f8d89884cdb90028.sdkstatcache -output-file-map /Users/admin/builder/spi-builder-workspace/.derivedData/Build/Intermediates.noindex/NSIcon.build/Debug-appletvos/NSIcon-t.build/Objects-normal/arm64/NSIcon-OutputFileMap.json -save-temps -no-color-diagnostics -explicit-module-build -module-cache-path /Users/admin/builder/spi-builder-workspace/.derivedData/Build/Intermediates.noindex/SwiftExplicitPrecompiledModules -clang-scanner-module-cache-path /Users/admin/builder/spi-builder-workspace/.derivedData/ModuleCache.noindex -sdk-module-cache-path /Users/admin/builder/spi-builder-workspace/.derivedData/SDKExplicitPrecompiledModules -emit-dependencies -emit-module -emit-module-path /Users/admin/builder/spi-builder-workspace/.derivedData/Build/Intermediates.noindex/NSIcon.build/Debug-appletvos/NSIcon-t.build/Objects-normal/arm64/NSIcon.swiftmodule -serialize-diagnostics -dependency-scan-serialize-diagnostics-path /Users/admin/builder/spi-builder-workspace/.derivedData/Build/Intermediates.noindex/NSIcon.build/Debug-appletvos/NSIcon-t.build/Objects-normal/arm64/NSIcon-dependency-scan.dia -validate-clang-modules-once -clang-build-session-file /Users/admin/builder/spi-builder-workspace/.derivedData/ModuleCache.noindex/Session.modulevalidation -Xcc -fmodules-prune-interval\=86400 -Xcc -fmodules-prune-after\=345600 -emit-const-values -const-gather-protocols-list /Users/admin/builder/spi-builder-workspace/.derivedData/Build/Intermediates.noindex/NSIcon.build/Debug-appletvos/NSIcon-t.build/Objects-normal/arm64/NSIcon_const_extract_protocols.json -Xcc -I/Users/admin/builder/spi-builder-workspace/.derivedData/Build/Products/Debug-appletvos/include -Xcc -I/Users/admin/builder/spi-builder-workspace/.derivedData/Build/Intermediates.noindex/NSIcon.build/Debug-appletvos/NSIcon-t.build/DerivedSources-normal/arm64 -Xcc -I/Users/admin/builder/spi-builder-workspace/.derivedData/Build/Intermediates.noindex/NSIcon.build/Debug-appletvos/NSIcon-t.build/DerivedSources/arm64 -Xcc -I/Users/admin/builder/spi-builder-workspace/.derivedData/Build/Intermediates.noindex/NSIcon.build/Debug-appletvos/NSIcon-t.build/DerivedSources -Xcc -DSWIFT_PACKAGE -Xcc -DDEBUG\=1 -emit-objc-header -emit-objc-header-path /Users/admin/builder/spi-builder-workspace/.derivedData/Build/Intermediates.noindex/NSIcon.build/Debug-appletvos/NSIcon-t.build/Objects-normal/arm64/NSIcon-Swift.h -working-directory /Users/admin/builder/spi-builder-workspace/.swiftpm/xcode -experimental-emit-module-separately -disable-cmo
SwiftDriverJobDiscovery normal arm64 Compiling AsyncIconVM.swift, NSIconVM.swift (in target 'NSIcon' from project 'NSIcon')
SwiftDriverJobDiscovery normal arm64 Compiling UIAsyncIcon.swift, UIIcon.swift (in target 'NSIcon' from project 'NSIcon')
SwiftDriverJobDiscovery normal arm64 Compiling UIExtensions.swift, IconPlaceholderStyle.swift (in target 'NSIcon' from project 'NSIcon')
SwiftMergeGeneratedHeaders /Users/admin/builder/spi-builder-workspace/.derivedData/Build/Intermediates.noindex/GeneratedModuleMaps-appletvos/NSIcon-Swift.h /Users/admin/builder/spi-builder-workspace/.derivedData/Build/Intermediates.noindex/NSIcon.build/Debug-appletvos/NSIcon-t.build/Objects-normal/arm64/NSIcon-Swift.h (in target 'NSIcon' from project 'NSIcon')
cd /Users/admin/builder/spi-builder-workspace
builtin-swiftHeaderTool -arch arm64 /Users/admin/builder/spi-builder-workspace/.derivedData/Build/Intermediates.noindex/NSIcon.build/Debug-appletvos/NSIcon-t.build/Objects-normal/arm64/NSIcon-Swift.h -o /Users/admin/builder/spi-builder-workspace/.derivedData/Build/Intermediates.noindex/GeneratedModuleMaps-appletvos/NSIcon-Swift.h
SwiftDriverJobDiscovery normal arm64 Compiling VNExtensions.swift (in target 'NSIcon' from project 'NSIcon')
Copy /Users/admin/builder/spi-builder-workspace/.derivedData/Build/Products/Debug-appletvos/NSIcon.swiftmodule/arm64-apple-tvos.swiftmodule /Users/admin/builder/spi-builder-workspace/.derivedData/Build/Intermediates.noindex/NSIcon.build/Debug-appletvos/NSIcon-t.build/Objects-normal/arm64/NSIcon.swiftmodule (in target 'NSIcon' from project 'NSIcon')
cd /Users/admin/builder/spi-builder-workspace
builtin-copy -exclude .DS_Store -exclude CVS -exclude .svn -exclude .git -exclude .hg -resolve-src-symlinks -rename /Users/admin/builder/spi-builder-workspace/.derivedData/Build/Intermediates.noindex/NSIcon.build/Debug-appletvos/NSIcon-t.build/Objects-normal/arm64/NSIcon.swiftmodule /Users/admin/builder/spi-builder-workspace/.derivedData/Build/Products/Debug-appletvos/NSIcon.swiftmodule/arm64-apple-tvos.swiftmodule
Copy /Users/admin/builder/spi-builder-workspace/.derivedData/Build/Products/Debug-appletvos/NSIcon.swiftmodule/arm64-apple-tvos.swiftdoc /Users/admin/builder/spi-builder-workspace/.derivedData/Build/Intermediates.noindex/NSIcon.build/Debug-appletvos/NSIcon-t.build/Objects-normal/arm64/NSIcon.swiftdoc (in target 'NSIcon' from project 'NSIcon')
cd /Users/admin/builder/spi-builder-workspace
builtin-copy -exclude .DS_Store -exclude CVS -exclude .svn -exclude .git -exclude .hg -resolve-src-symlinks -rename /Users/admin/builder/spi-builder-workspace/.derivedData/Build/Intermediates.noindex/NSIcon.build/Debug-appletvos/NSIcon-t.build/Objects-normal/arm64/NSIcon.swiftdoc /Users/admin/builder/spi-builder-workspace/.derivedData/Build/Products/Debug-appletvos/NSIcon.swiftmodule/arm64-apple-tvos.swiftdoc
Copy /Users/admin/builder/spi-builder-workspace/.derivedData/Build/Products/Debug-appletvos/NSIcon.swiftmodule/arm64-apple-tvos.abi.json /Users/admin/builder/spi-builder-workspace/.derivedData/Build/Intermediates.noindex/NSIcon.build/Debug-appletvos/NSIcon-t.build/Objects-normal/arm64/NSIcon.abi.json (in target 'NSIcon' from project 'NSIcon')
cd /Users/admin/builder/spi-builder-workspace
builtin-copy -exclude .DS_Store -exclude CVS -exclude .svn -exclude .git -exclude .hg -resolve-src-symlinks -rename /Users/admin/builder/spi-builder-workspace/.derivedData/Build/Intermediates.noindex/NSIcon.build/Debug-appletvos/NSIcon-t.build/Objects-normal/arm64/NSIcon.abi.json /Users/admin/builder/spi-builder-workspace/.derivedData/Build/Products/Debug-appletvos/NSIcon.swiftmodule/arm64-apple-tvos.abi.json
Copy /Users/admin/builder/spi-builder-workspace/.derivedData/Build/Products/Debug-appletvos/NSIcon.swiftmodule/Project/arm64-apple-tvos.swiftsourceinfo /Users/admin/builder/spi-builder-workspace/.derivedData/Build/Intermediates.noindex/NSIcon.build/Debug-appletvos/NSIcon-t.build/Objects-normal/arm64/NSIcon.swiftsourceinfo (in target 'NSIcon' from project 'NSIcon')
cd /Users/admin/builder/spi-builder-workspace
builtin-copy -exclude .DS_Store -exclude CVS -exclude .svn -exclude .git -exclude .hg -resolve-src-symlinks -rename /Users/admin/builder/spi-builder-workspace/.derivedData/Build/Intermediates.noindex/NSIcon.build/Debug-appletvos/NSIcon-t.build/Objects-normal/arm64/NSIcon.swiftsourceinfo /Users/admin/builder/spi-builder-workspace/.derivedData/Build/Products/Debug-appletvos/NSIcon.swiftmodule/Project/arm64-apple-tvos.swiftsourceinfo
PruneExplicitPrecompiledModules /Users/admin/builder/spi-builder-workspace/.derivedData/Build/Intermediates.noindex/ExplicitPrecompiledModules
PruneExplicitPrecompiledModules /Users/admin/builder/spi-builder-workspace/.derivedData/SDKExplicitPrecompiledModules
PruneExplicitPrecompiledModules /Users/admin/builder/spi-builder-workspace/.derivedData/Build/Intermediates.noindex/SwiftExplicitPrecompiledModules
2026-09-20 01:01:21.275 xcodebuild[687:4273] [MT] IDERunDestination: Supported platforms for the buildables in the current scheme is empty.
** BUILD FAILED **
The following build commands failed:
SwiftCompile normal arm64 Compiling\ Extensions.swift,\ Icon.swift /Users/admin/builder/spi-builder-workspace/Sources/NSIcon/Extensions.swift /Users/admin/builder/spi-builder-workspace/Sources/NSIcon/Icon.swift (in target 'NSIcon' from project 'NSIcon')
SwiftCompile normal arm64 /Users/admin/builder/spi-builder-workspace/Sources/NSIcon/Extensions.swift (in target 'NSIcon' from project 'NSIcon')
Building workspace NSIcon with scheme NSIcon
(3 failures)
Command line invocation:
/Applications/Xcode-27.0.0-Release.Candidate.app/Contents/Developer/usr/bin/xcodebuild -IDEClonedSourcePackagesDirPathOverride=/Users/admin/builder/spi-builder-workspace/.dependencies -resolvePackageDependencies
Resolve Package Graph
Resolved source packages:
NSIcon: /Users/admin/builder/spi-builder-workspace
resolved source packages: NSIcon
2026-09-20 01:01:33.707 xcodebuild[784:4724] [MT] IDERunDestination: Supported platforms for the buildables in the current scheme is empty.
{
"dependencies" : [
],
"manifest_display_name" : "NSIcon",
"name" : "NSIcon",
"path" : "/Users/admin/builder/spi-builder-workspace",
"platforms" : [
{
"name" : "ios",
"version" : "16.0"
},
{
"name" : "macos",
"version" : "13.0"
},
{
"name" : "watchos",
"version" : "9.0"
}
],
"products" : [
{
"name" : "NSIcon",
"targets" : [
"NSIcon"
],
"type" : {
"library" : [
"automatic"
]
}
}
],
"targets" : [
{
"c99name" : "NSIconTests",
"module_type" : "SwiftTarget",
"name" : "NSIconTests",
"path" : "Tests/NSIconTests",
"sources" : [
"NSIconTests.swift"
],
"target_dependencies" : [
"NSIcon"
],
"type" : "test"
},
{
"c99name" : "NSIcon",
"module_type" : "SwiftTarget",
"name" : "NSIcon",
"path" : "Sources/NSIcon",
"product_memberships" : [
"NSIcon"
],
"sources" : [
"AppPlatform.swift",
"Extensions.swift",
"Icon.swift",
"ViewModels/AsyncIconVM.swift",
"ViewModels/NSIconVM.swift",
"Views/AppKit/NSAsyncIcon.swift",
"Views/AppKit/NSIcon.swift",
"Views/UIKit/UIAsyncIcon.swift",
"Views/UIKit/UIIcon.swift",
"iOS/UIExtensions.swift",
"macOS/IconPlaceholderStyle.swift",
"macOS/NSExtensions.swift",
"visionOS/AppIconLayer.swift",
"visionOS/VNExtensions.swift",
"watchOS/WKExtensions.swift"
],
"type" : "library"
}
],
"tools_version" : "5.7"
}
{
"workspace" : {
"name" : "NSIcon",
"schemes" : [
"NSIcon"
]
}
}
2026-09-20 01:01:34.919 xcodebuild[792:4792] [MT] IDERunDestination: Supported platforms for the buildables in the current scheme is empty.
Running build ...
env DEVELOPER_DIR=/Applications/Xcode-27.0.0-Release.Candidate.app xcrun xcodebuild -IDEClonedSourcePackagesDirPathOverride=$PWD/.dependencies -skipMacroValidation -skipPackagePluginValidation -derivedDataPath $PWD/.derivedData build -scheme NSIcon -destination generic/platform=tvOS
Command line invocation:
/Applications/Xcode-27.0.0-Release.Candidate.app/Contents/Developer/usr/bin/xcodebuild -IDEClonedSourcePackagesDirPathOverride=/Users/admin/builder/spi-builder-workspace/.dependencies -skipMacroValidation -skipPackagePluginValidation -derivedDataPath /Users/admin/builder/spi-builder-workspace/.derivedData build -scheme NSIcon -destination generic/platform=tvOS
Resolve Package Graph
Resolved source packages:
NSIcon: /Users/admin/builder/spi-builder-workspace
ComputePackagePrebuildTargetDependencyGraph
Prepare packages
CreateBuildRequest
SendProjectDescription
CreateBuildOperation
ComputeTargetDependencyGraph
note: Building targets in dependency order
note: Target dependency graph (3 targets)
Target 'NSIcon-product' in project 'NSIcon'
➜ Explicit dependency on target 'NSIcon' in project 'NSIcon'
➜ Explicit dependency on target 'NSIcon_NSIcon' in project 'NSIcon'
Target 'NSIcon' in project 'NSIcon'
➜ Explicit dependency on target 'NSIcon_NSIcon' in project 'NSIcon'
Target 'NSIcon_NSIcon' in project 'NSIcon' (no dependencies)
GatherProvisioningInputs
CreateBuildDescription
ClangStatCache /Applications/Xcode-27.0.0-Release.Candidate.app/Contents/Developer/Toolchains/XcodeDefault.xctoolchain/usr/bin/clang-stat-cache /Applications/Xcode-27.0.0-Release.Candidate.app/Contents/Developer/Platforms/AppleTVOS.platform/Developer/SDKs/AppleTVOS27.0.sdk /Users/admin/builder/spi-builder-workspace/.derivedData/SDKStatCaches.noindex/appletvos27.0-24J360-e829b21a6f8c9b70876ba0858053c044b32bfd8d43560033f8d89884cdb90028.sdkstatcache
cd /Users/admin/builder/spi-builder-workspace/.swiftpm/xcode
/Applications/Xcode-27.0.0-Release.Candidate.app/Contents/Developer/Toolchains/XcodeDefault.xctoolchain/usr/bin/clang-stat-cache /Applications/Xcode-27.0.0-Release.Candidate.app/Contents/Developer/Platforms/AppleTVOS.platform/Developer/SDKs/AppleTVOS27.0.sdk -o /Users/admin/builder/spi-builder-workspace/.derivedData/SDKStatCaches.noindex/appletvos27.0-24J360-e829b21a6f8c9b70876ba0858053c044b32bfd8d43560033f8d89884cdb90028.sdkstatcache
SwiftDriver NSIcon normal arm64 com.apple.xcode.tools.swift.compiler (in target 'NSIcon' from project 'NSIcon')
cd /Users/admin/builder/spi-builder-workspace/.swiftpm/xcode
builtin-SwiftDriver -- /Applications/Xcode-27.0.0-Release.Candidate.app/Contents/Developer/Toolchains/XcodeDefault.xctoolchain/usr/bin/swiftc -parse-as-library -module-name NSIcon -Onone @/Users/admin/builder/spi-builder-workspace/.derivedData/Build/Intermediates.noindex/NSIcon.build/Debug-appletvos/NSIcon-t.build/Objects-normal/arm64/NSIcon.SwiftFileList -DSWIFT_PACKAGE -DDEBUG -DSWIFT_MODULE_RESOURCE_BUNDLE_AVAILABLE -DXcode -plugin-path /Applications/Xcode-27.0.0-Release.Candidate.app/Contents/Developer/Toolchains/XcodeDefault.xctoolchain/usr/lib/swift/host/plugins/testing -enable-experimental-feature DebugDescriptionMacro -sdk /Applications/Xcode-27.0.0-Release.Candidate.app/Contents/Developer/Platforms/AppleTVOS.platform/Developer/SDKs/AppleTVOS27.0.sdk -target arm64-apple-tvos16.0 -g -module-cache-path /Users/admin/builder/spi-builder-workspace/.derivedData/ModuleCache.noindex -Xfrontend -serialize-debugging-options -profile-coverage-mapping -profile-generate -enable-testing -index-store-path /Users/admin/builder/spi-builder-workspace/.derivedData/Index.noindex/DataStore -Xcc -D_LIBCPP_HARDENING_MODE\=_LIBCPP_HARDENING_MODE_DEBUG -swift-version 5 -I /Users/admin/builder/spi-builder-workspace/.derivedData/Build/Products/Debug-appletvos -Isystem /Applications/Xcode-27.0.0-Release.Candidate.app/Contents/Developer/Platforms/AppleTVOS.platform/Developer/usr/lib -F /Users/admin/builder/spi-builder-workspace/.derivedData/Build/Products/Debug-appletvos -F /Applications/Xcode-27.0.0-Release.Candidate.app/Contents/Developer/Platforms/AppleTVOS.platform/Developer/Library/Frameworks -F /Applications/Xcode-27.0.0-Release.Candidate.app/Contents/Developer/Platforms/AppleTVOS.platform/Developer/SDKs/AppleTVOS27.0.sdk/Developer/Library/Frameworks -c -j10 -enable-batch-mode -incremental -Xcc -ivfsstatcache -Xcc /Users/admin/builder/spi-builder-workspace/.derivedData/SDKStatCaches.noindex/appletvos27.0-24J360-e829b21a6f8c9b70876ba0858053c044b32bfd8d43560033f8d89884cdb90028.sdkstatcache -output-file-map /Users/admin/builder/spi-builder-workspace/.derivedData/Build/Intermediates.noindex/NSIcon.build/Debug-appletvos/NSIcon-t.build/Objects-normal/arm64/NSIcon-OutputFileMap.json -save-temps -no-color-diagnostics -explicit-module-build -module-cache-path /Users/admin/builder/spi-builder-workspace/.derivedData/Build/Intermediates.noindex/SwiftExplicitPrecompiledModules -clang-scanner-module-cache-path /Users/admin/builder/spi-builder-workspace/.derivedData/ModuleCache.noindex -sdk-module-cache-path /Users/admin/builder/spi-builder-workspace/.derivedData/SDKExplicitPrecompiledModules -emit-dependencies -emit-module -emit-module-path /Users/admin/builder/spi-builder-workspace/.derivedData/Build/Intermediates.noindex/NSIcon.build/Debug-appletvos/NSIcon-t.build/Objects-normal/arm64/NSIcon.swiftmodule -serialize-diagnostics -dependency-scan-serialize-diagnostics-path /Users/admin/builder/spi-builder-workspace/.derivedData/Build/Intermediates.noindex/NSIcon.build/Debug-appletvos/NSIcon-t.build/Objects-normal/arm64/NSIcon-dependency-scan.dia -validate-clang-modules-once -clang-build-session-file /Users/admin/builder/spi-builder-workspace/.derivedData/ModuleCache.noindex/Session.modulevalidation -Xcc -fmodules-prune-interval\=86400 -Xcc -fmodules-prune-after\=345600 -emit-const-values -const-gather-protocols-list /Users/admin/builder/spi-builder-workspace/.derivedData/Build/Intermediates.noindex/NSIcon.build/Debug-appletvos/NSIcon-t.build/Objects-normal/arm64/NSIcon_const_extract_protocols.json -Xcc -I/Users/admin/builder/spi-builder-workspace/.derivedData/Build/Products/Debug-appletvos/include -Xcc -I/Users/admin/builder/spi-builder-workspace/.derivedData/Build/Intermediates.noindex/NSIcon.build/Debug-appletvos/NSIcon-t.build/DerivedSources-normal/arm64 -Xcc -I/Users/admin/builder/spi-builder-workspace/.derivedData/Build/Intermediates.noindex/NSIcon.build/Debug-appletvos/NSIcon-t.build/DerivedSources/arm64 -Xcc -I/Users/admin/builder/spi-builder-workspace/.derivedData/Build/Intermediates.noindex/NSIcon.build/Debug-appletvos/NSIcon-t.build/DerivedSources -Xcc -DSWIFT_PACKAGE -Xcc -DDEBUG\=1 -emit-objc-header -emit-objc-header-path /Users/admin/builder/spi-builder-workspace/.derivedData/Build/Intermediates.noindex/NSIcon.build/Debug-appletvos/NSIcon-t.build/Objects-normal/arm64/NSIcon-Swift.h -working-directory /Users/admin/builder/spi-builder-workspace/.swiftpm/xcode -experimental-emit-module-separately -disable-cmo
SwiftCompile normal arm64 Compiling\ AppPlatform.swift /Users/admin/builder/spi-builder-workspace/Sources/NSIcon/AppPlatform.swift (in target 'NSIcon' from project 'NSIcon')
SwiftCompile normal arm64 /Users/admin/builder/spi-builder-workspace/Sources/NSIcon/AppPlatform.swift (in target 'NSIcon' from project 'NSIcon')
cd /Users/admin/builder/spi-builder-workspace/.swiftpm/xcode
builtin-SwiftPerFileCompile AppPlatform.swift
SwiftCompile normal arm64 Compiling\ Extensions.swift /Users/admin/builder/spi-builder-workspace/Sources/NSIcon/Extensions.swift (in target 'NSIcon' from project 'NSIcon')
SwiftCompile normal arm64 /Users/admin/builder/spi-builder-workspace/Sources/NSIcon/Extensions.swift (in target 'NSIcon' from project 'NSIcon')
cd /Users/admin/builder/spi-builder-workspace/.swiftpm/xcode
builtin-SwiftPerFileCompile Extensions.swift
/Users/admin/builder/spi-builder-workspace/Sources/NSIcon/Extensions.swift:8:22: error: cannot find 'applicationIconName' in scope
6 | extension UIImage {
7 | public static var appIcon: UIImage {
8 | .init(named: applicationIconName) ?? .init()
| `- error: cannot find 'applicationIconName' in scope
9 | }
10 | }
Failed frontend command:
/Applications/Xcode-27.0.0-Release.Candidate.app/Contents/Developer/Toolchains/XcodeDefault.xctoolchain/usr/bin/swift-frontend -frontend -c /Users/admin/builder/spi-builder-workspace/.derivedData/Build/Intermediates.noindex/NSIcon.build/Debug-appletvos/NSIcon-t.build/DerivedSources/resource_bundle_accessor.swift /Users/admin/builder/spi-builder-workspace/Sources/NSIcon/AppPlatform.swift -primary-file /Users/admin/builder/spi-builder-workspace/Sources/NSIcon/Extensions.swift /Users/admin/builder/spi-builder-workspace/Sources/NSIcon/Icon.swift /Users/admin/builder/spi-builder-workspace/Sources/NSIcon/ViewModels/AsyncIconVM.swift /Users/admin/builder/spi-builder-workspace/Sources/NSIcon/ViewModels/NSIconVM.swift /Users/admin/builder/spi-builder-workspace/Sources/NSIcon/Views/AppKit/NSAsyncIcon.swift /Users/admin/builder/spi-builder-workspace/Sources/NSIcon/Views/AppKit/NSIcon.swift /Users/admin/builder/spi-builder-workspace/Sources/NSIcon/Views/UIKit/UIAsyncIcon.swift /Users/admin/builder/spi-builder-workspace/Sources/NSIcon/Views/UIKit/UIIcon.swift /Users/admin/builder/spi-builder-workspace/Sources/NSIcon/iOS/UIExtensions.swift /Users/admin/builder/spi-builder-workspace/Sources/NSIcon/macOS/IconPlaceholderStyle.swift /Users/admin/builder/spi-builder-workspace/Sources/NSIcon/macOS/NSExtensions.swift /Users/admin/builder/spi-builder-workspace/Sources/NSIcon/visionOS/AppIconLayer.swift /Users/admin/builder/spi-builder-workspace/Sources/NSIcon/visionOS/VNExtensions.swift /Users/admin/builder/spi-builder-workspace/Sources/NSIcon/watchOS/WKExtensions.swift /Users/admin/builder/spi-builder-workspace/.derivedData/Build/Intermediates.noindex/NSIcon.build/Debug-appletvos/NSIcon-t.build/DerivedSources/GeneratedAssetSymbols.swift -emit-dependencies-path /Users/admin/builder/spi-builder-workspace/.derivedData/Build/Intermediates.noindex/NSIcon.build/Debug-appletvos/NSIcon-t.build/Objects-normal/arm64/Extensions.d -emit-const-values-path /Users/admin/builder/spi-builder-workspace/.derivedData/Build/Intermediates.noindex/NSIcon.build/Debug-appletvos/NSIcon-t.build/Objects-normal/arm64/Extensions.swiftconstvalues -emit-reference-dependencies-path /Users/admin/builder/spi-builder-workspace/.derivedData/Build/Intermediates.noindex/NSIcon.build/Debug-appletvos/NSIcon-t.build/Objects-normal/arm64/Extensions.swiftdeps -serialize-diagnostics-path /Users/admin/builder/spi-builder-workspace/.derivedData/Build/Intermediates.noindex/NSIcon.build/Debug-appletvos/NSIcon-t.build/Objects-normal/arm64/Extensions.dia -target arm64-apple-tvos16.0 -module-can-import-version DeveloperToolsSupport 24.0.24 24.0.24 -module-can-import-version SwiftUI 8.0.84 8.0.84 -module-can-import-version UIKit 9127.0.84.1 9127.0.84 -disable-cross-import-overlay-search -load-resolved-plugin /Applications/Xcode-27.0.0-Release.Candidate.app/Contents/Developer/Platforms/AppleTVOS.platform/Developer/usr/lib/swift/host/plugins/libFoundationMacros.dylib\#/Applications/Xcode-27.0.0-Release.Candidate.app/Contents/Developer/Platforms/AppleTVOS.platform/Developer/usr/bin/swift-plugin-server\#FoundationMacros -load-resolved-plugin /Applications/Xcode-27.0.0-Release.Candidate.app/Contents/Developer/Platforms/AppleTVOS.platform/Developer/usr/lib/swift/host/plugins/libObservationMacros.dylib\#/Applications/Xcode-27.0.0-Release.Candidate.app/Contents/Developer/Platforms/AppleTVOS.platform/Developer/usr/bin/swift-plugin-server\#ObservationMacros -load-resolved-plugin /Applications/Xcode-27.0.0-Release.Candidate.app/Contents/Developer/Platforms/AppleTVOS.platform/Developer/usr/lib/swift/host/plugins/libPreviewsMacros.dylib\#/Applications/Xcode-27.0.0-Release.Candidate.app/Contents/Developer/Platforms/AppleTVOS.platform/Developer/usr/bin/swift-plugin-server\#PreviewsMacros -load-resolved-plugin /Applications/Xcode-27.0.0-Release.Candidate.app/Contents/Developer/Platforms/AppleTVOS.platform/Developer/usr/lib/swift/host/plugins/libSwiftMacros.dylib\#/Applications/Xcode-27.0.0-Release.Candidate.app/Contents/Developer/Platforms/AppleTVOS.platform/Developer/usr/bin/swift-plugin-server\#SwiftMacros -load-resolved-plugin /Applications/Xcode-27.0.0-Release.Candidate.app/Contents/Developer/Platforms/AppleTVOS.platform/Developer/usr/lib/swift/host/plugins/libSwiftUIMacros.dylib\#/Applications/Xcode-27.0.0-Release.Candidate.app/Contents/Developer/Platforms/AppleTVOS.platform/Developer/usr/bin/swift-plugin-server\#SwiftUIMacros -disable-implicit-swift-modules -Xcc -fno-implicit-modules -Xcc -fno-implicit-module-maps -explicit-swift-module-map-file /Users/admin/builder/spi-builder-workspace/.derivedData/Build/Intermediates.noindex/NSIcon.build/Debug-appletvos/NSIcon-t.build/Objects-normal/arm64/NSIcon-dependencies-1.json -Xllvm -aarch64-use-tbi -enable-objc-interop -stack-check -sdk /Applications/Xcode-27.0.0-Release.Candidate.app/Contents/Developer/Platforms/AppleTVOS.platform/Developer/SDKs/AppleTVOS27.0.sdk -I /Users/admin/builder/spi-builder-workspace/.derivedData/Build/Products/Debug-appletvos -Isystem /Applications/Xcode-27.0.0-Release.Candidate.app/Contents/Developer/Platforms/AppleTVOS.platform/Developer/usr/lib -F /Users/admin/builder/spi-builder-workspace/.derivedData/Build/Products/Debug-appletvos -F /Applications/Xcode-27.0.0-Release.Candidate.app/Contents/Developer/Platforms/AppleTVOS.platform/Developer/Library/Frameworks -F /Applications/Xcode-27.0.0-Release.Candidate.app/Contents/Developer/Platforms/AppleTVOS.platform/Developer/SDKs/AppleTVOS27.0.sdk/Developer/Library/Frameworks -module-cache-path /Users/admin/builder/spi-builder-workspace/.derivedData/Build/Intermediates.noindex/SwiftExplicitPrecompiledModules -no-color-diagnostics -Xcc -fno-color-diagnostics -enable-testing -g -debug-info-format\=dwarf -dwarf-version\=4 -profile-generate -profile-coverage-mapping -swift-version 5 -Onone -D SWIFT_PACKAGE -D DEBUG -D SWIFT_MODULE_RESOURCE_BUNDLE_AVAILABLE -D Xcode -serialize-debugging-options -enable-experimental-feature DebugDescriptionMacro -empty-abi-descriptor -validate-clang-modules-once -clang-build-session-file /Users/admin/builder/spi-builder-workspace/.derivedData/ModuleCache.noindex/Session.modulevalidation -Xcc -working-directory -Xcc /Users/admin/builder/spi-builder-workspace/.swiftpm/xcode -enable-anonymous-context-mangled-names -file-compilation-dir /Users/admin/builder/spi-builder-workspace/.swiftpm/xcode -Xcc -D_LIBCPP_HARDENING_MODE\=_LIBCPP_HARDENING_MODE_DEBUG -Xcc -ivfsstatcache -Xcc /Users/admin/builder/spi-builder-workspace/.derivedData/SDKStatCaches.noindex/appletvos27.0-24J360-e829b21a6f8c9b70876ba0858053c044b32bfd8d43560033f8d89884cdb90028.sdkstatcache -Xcc -fmodules-prune-interval\=86400 -Xcc -fmodules-prune-after\=345600 -Xcc -I/Users/admin/builder/spi-builder-workspace/.derivedData/Build/Products/Debug-appletvos/include -Xcc -I/Users/admin/builder/spi-builder-workspace/.derivedData/Build/Intermediates.noindex/NSIcon.build/Debug-appletvos/NSIcon-t.build/DerivedSources-normal/arm64 -Xcc -I/Users/admin/builder/spi-builder-workspace/.derivedData/Build/Intermediates.noindex/NSIcon.build/Debug-appletvos/NSIcon-t.build/DerivedSources/arm64 -Xcc -I/Users/admin/builder/spi-builder-workspace/.derivedData/Build/Intermediates.noindex/NSIcon.build/Debug-appletvos/NSIcon-t.build/DerivedSources -Xcc -DSWIFT_PACKAGE -Xcc -DDEBUG\=1 -no-auto-bridging-header-chaining -module-name NSIcon -const-gather-protocols-file /Users/admin/builder/spi-builder-workspace/.derivedData/Build/Intermediates.noindex/NSIcon.build/Debug-appletvos/NSIcon-t.build/Objects-normal/arm64/NSIcon_const_extract_protocols.json -disable-clang-spi -clang-target arm64-apple-tvos27.0 -target-sdk-version 27.0 -target-sdk-name appletvos27.0 -in-process-plugin-server-path /Applications/Xcode-27.0.0-Release.Candidate.app/Contents/Developer/Toolchains/XcodeDefault.xctoolchain/usr/lib/swift/host/libSwiftInProcPluginServer.dylib -parse-as-library -o /Users/admin/builder/spi-builder-workspace/.derivedData/Build/Intermediates.noindex/NSIcon.build/Debug-appletvos/NSIcon-t.build/Objects-normal/arm64/Extensions.o -debug-module-path /Users/admin/builder/spi-builder-workspace/.derivedData/Build/Intermediates.noindex/NSIcon.build/Debug-appletvos/NSIcon-t.build/Objects-normal/arm64/NSIcon.swiftmodule -index-unit-output-path /NSIcon.build/Debug-appletvos/NSIcon-t.build/Objects-normal/arm64/Extensions.o -index-store-path /Users/admin/builder/spi-builder-workspace/.derivedData/Index.noindex/DataStore -index-system-modules
SwiftEmitModule normal arm64 Emitting\ module\ for\ NSIcon (in target 'NSIcon' from project 'NSIcon')
SwiftCompile normal arm64 (in target 'NSIcon' from project 'NSIcon')
cd /Users/admin/builder/spi-builder-workspace/.swiftpm/xcode
SwiftCompile normal arm64 Compiling\ NSAsyncIcon.swift /Users/admin/builder/spi-builder-workspace/Sources/NSIcon/Views/AppKit/NSAsyncIcon.swift (in target 'NSIcon' from project 'NSIcon')
SwiftCompile normal arm64 /Users/admin/builder/spi-builder-workspace/Sources/NSIcon/Views/AppKit/NSAsyncIcon.swift (in target 'NSIcon' from project 'NSIcon')
cd /Users/admin/builder/spi-builder-workspace/.swiftpm/xcode
builtin-SwiftPerFileCompile NSAsyncIcon.swift
SwiftCompile normal arm64 Compiling\ WKExtensions.swift /Users/admin/builder/spi-builder-workspace/Sources/NSIcon/watchOS/WKExtensions.swift (in target 'NSIcon' from project 'NSIcon')
SwiftCompile normal arm64 /Users/admin/builder/spi-builder-workspace/Sources/NSIcon/watchOS/WKExtensions.swift (in target 'NSIcon' from project 'NSIcon')
cd /Users/admin/builder/spi-builder-workspace/.swiftpm/xcode
builtin-SwiftPerFileCompile WKExtensions.swift
SwiftCompile normal arm64 Compiling\ AppIconLayer.swift /Users/admin/builder/spi-builder-workspace/Sources/NSIcon/visionOS/AppIconLayer.swift (in target 'NSIcon' from project 'NSIcon')
SwiftCompile normal arm64 /Users/admin/builder/spi-builder-workspace/Sources/NSIcon/visionOS/AppIconLayer.swift (in target 'NSIcon' from project 'NSIcon')
cd /Users/admin/builder/spi-builder-workspace/.swiftpm/xcode
builtin-SwiftPerFileCompile AppIconLayer.swift
SwiftCompile normal arm64 Compiling\ GeneratedAssetSymbols.swift /Users/admin/builder/spi-builder-workspace/.derivedData/Build/Intermediates.noindex/NSIcon.build/Debug-appletvos/NSIcon-t.build/DerivedSources/GeneratedAssetSymbols.swift (in target 'NSIcon' from project 'NSIcon')
SwiftCompile normal arm64 /Users/admin/builder/spi-builder-workspace/.derivedData/Build/Intermediates.noindex/NSIcon.build/Debug-appletvos/NSIcon-t.build/DerivedSources/GeneratedAssetSymbols.swift (in target 'NSIcon' from project 'NSIcon')
cd /Users/admin/builder/spi-builder-workspace/.swiftpm/xcode
builtin-SwiftPerFileCompile GeneratedAssetSymbols.swift
SwiftCompile normal arm64 Compiling\ Icon.swift /Users/admin/builder/spi-builder-workspace/Sources/NSIcon/Icon.swift (in target 'NSIcon' from project 'NSIcon')
SwiftCompile normal arm64 /Users/admin/builder/spi-builder-workspace/Sources/NSIcon/Icon.swift (in target 'NSIcon' from project 'NSIcon')
cd /Users/admin/builder/spi-builder-workspace/.swiftpm/xcode
builtin-SwiftPerFileCompile Icon.swift
SwiftCompile normal arm64 Compiling\ NSExtensions.swift /Users/admin/builder/spi-builder-workspace/Sources/NSIcon/macOS/NSExtensions.swift (in target 'NSIcon' from project 'NSIcon')
SwiftCompile normal arm64 /Users/admin/builder/spi-builder-workspace/Sources/NSIcon/macOS/NSExtensions.swift (in target 'NSIcon' from project 'NSIcon')
cd /Users/admin/builder/spi-builder-workspace/.swiftpm/xcode
builtin-SwiftPerFileCompile NSExtensions.swift
SwiftCompile normal arm64 Compiling\ NSIcon.swift /Users/admin/builder/spi-builder-workspace/Sources/NSIcon/Views/AppKit/NSIcon.swift (in target 'NSIcon' from project 'NSIcon')
SwiftCompile normal arm64 /Users/admin/builder/spi-builder-workspace/Sources/NSIcon/Views/AppKit/NSIcon.swift (in target 'NSIcon' from project 'NSIcon')
cd /Users/admin/builder/spi-builder-workspace/.swiftpm/xcode
builtin-SwiftPerFileCompile NSIcon.swift
SwiftCompile normal arm64 Compiling\ resource_bundle_accessor.swift /Users/admin/builder/spi-builder-workspace/.derivedData/Build/Intermediates.noindex/NSIcon.build/Debug-appletvos/NSIcon-t.build/DerivedSources/resource_bundle_accessor.swift (in target 'NSIcon' from project 'NSIcon')
SwiftCompile normal arm64 /Users/admin/builder/spi-builder-workspace/.derivedData/Build/Intermediates.noindex/NSIcon.build/Debug-appletvos/NSIcon-t.build/DerivedSources/resource_bundle_accessor.swift (in target 'NSIcon' from project 'NSIcon')
cd /Users/admin/builder/spi-builder-workspace/.swiftpm/xcode
builtin-SwiftPerFileCompile resource_bundle_accessor.swift
SwiftDriverJobDiscovery normal arm64 Compiling NSAsyncIcon.swift (in target 'NSIcon' from project 'NSIcon')
SwiftDriverJobDiscovery normal arm64 Compiling AppIconLayer.swift (in target 'NSIcon' from project 'NSIcon')
SwiftDriverJobDiscovery normal arm64 Compiling WKExtensions.swift (in target 'NSIcon' from project 'NSIcon')
SwiftDriverJobDiscovery normal arm64 Compiling NSExtensions.swift (in target 'NSIcon' from project 'NSIcon')
SwiftDriverJobDiscovery normal arm64 Compiling NSIcon.swift (in target 'NSIcon' from project 'NSIcon')
SwiftDriverJobDiscovery normal arm64 Compiling Icon.swift (in target 'NSIcon' from project 'NSIcon')
SwiftCompile normal arm64 Compiling\ UIAsyncIcon.swift /Users/admin/builder/spi-builder-workspace/Sources/NSIcon/Views/UIKit/UIAsyncIcon.swift (in target 'NSIcon' from project 'NSIcon')
SwiftCompile normal arm64 /Users/admin/builder/spi-builder-workspace/Sources/NSIcon/Views/UIKit/UIAsyncIcon.swift (in target 'NSIcon' from project 'NSIcon')
cd /Users/admin/builder/spi-builder-workspace/.swiftpm/xcode
builtin-SwiftPerFileCompile UIAsyncIcon.swift
SwiftDriverJobDiscovery normal arm64 Compiling AppPlatform.swift (in target 'NSIcon' from project 'NSIcon')
SwiftCompile normal arm64 Compiling\ AsyncIconVM.swift /Users/admin/builder/spi-builder-workspace/Sources/NSIcon/ViewModels/AsyncIconVM.swift (in target 'NSIcon' from project 'NSIcon')
SwiftCompile normal arm64 /Users/admin/builder/spi-builder-workspace/Sources/NSIcon/ViewModels/AsyncIconVM.swift (in target 'NSIcon' from project 'NSIcon')
cd /Users/admin/builder/spi-builder-workspace/.swiftpm/xcode
builtin-SwiftPerFileCompile AsyncIconVM.swift
SwiftCompile normal arm64 Compiling\ UIIcon.swift /Users/admin/builder/spi-builder-workspace/Sources/NSIcon/Views/UIKit/UIIcon.swift (in target 'NSIcon' from project 'NSIcon')
SwiftCompile normal arm64 /Users/admin/builder/spi-builder-workspace/Sources/NSIcon/Views/UIKit/UIIcon.swift (in target 'NSIcon' from project 'NSIcon')
cd /Users/admin/builder/spi-builder-workspace/.swiftpm/xcode
builtin-SwiftPerFileCompile UIIcon.swift
PruneExplicitPrecompiledModules /Users/admin/builder/spi-builder-workspace/.derivedData/Build/Intermediates.noindex/ExplicitPrecompiledModules
PruneExplicitPrecompiledModules /Users/admin/builder/spi-builder-workspace/.derivedData/Build/Intermediates.noindex/SwiftExplicitPrecompiledModules
PruneExplicitPrecompiledModules /Users/admin/builder/spi-builder-workspace/.derivedData/SDKExplicitPrecompiledModules
2026-09-20 01:01:35.866 xcodebuild[793:4820] [MT] IDERunDestination: Supported platforms for the buildables in the current scheme is empty.
** BUILD FAILED **
The following build commands failed:
SwiftCompile normal arm64 /Users/admin/builder/spi-builder-workspace/Sources/NSIcon/Extensions.swift (in target 'NSIcon' from project 'NSIcon')
SwiftCompile normal arm64 Compiling\ Extensions.swift /Users/admin/builder/spi-builder-workspace/Sources/NSIcon/Extensions.swift (in target 'NSIcon' from project 'NSIcon')
Building workspace NSIcon with scheme NSIcon
(3 failures)
BUILD FAILURE 6.4 tvOS