The Swift Package Index logo.Swift Package Index

Build Information

Failed to build SwiftLlama, reference v0.4.0 (469310), with Swift 6.4 for tvOS using Xcode 27.0 on 22 Sep 2026 18:29:12 UTC.

Build Command

No build command. This typically means the build failed at an early stage where we determine the build command.

Build Log

========================================
RunAll
========================================
Builder version: 5.1.0
Interrupt handler set up.
========================================
Checkout
========================================
Clone URL: https://github.com/ShenghaiWang/SwiftLlama.git
Reference: v0.4.0
Initialized empty Git repository in /Users/admin/builder/spi-builder-workspace/.git/
From https://github.com/ShenghaiWang/SwiftLlama
 * tag               v0.4.0     -> FETCH_HEAD
HEAD is now at 4693100 Use precompiled framework
Cloned https://github.com/ShenghaiWang/SwiftLlama.git
Revision (git rev-parse @):
469310012506c307f3f6800d9c5f31e670ff068d
SUCCESS checkout https://github.com/ShenghaiWang/SwiftLlama.git at v0.4.0
========================================
Build
========================================
Selected platform:         tvOS
Swift version:             6.4
Building package at path:  $PWD
https://github.com/ShenghaiWang/SwiftLlama.git
Command line invocation:
    /Applications/Xcode-27.0.0-Release.Candidate.app/Contents/Developer/usr/bin/xcodebuild -IDEClonedSourcePackagesDirPathOverride=/Users/admin/builder/spi-builder-workspace/.dependencies -resolvePackageDependencies
Resolve Package Graph
Fetching from https://github.com/ggerganov/llama.cpp.git
the package manifest at '/Package.swift' cannot be accessed (/Package.swift doesn't exist in file system) in https://github.com/ggerganov/llama.cpp.gitbinary target 'LlamaFramework' could not be mapped to an artifact with expected name 'LlamaFramework'Resolve Package Graph
Updating from https://github.com/ggerganov/llama.cpp.git
the package manifest at '/Package.swift' cannot be accessed (/Package.swift doesn't exist in file system) in https://github.com/ggerganov/llama.cpp.gitbinary target 'LlamaFramework' could not be mapped to an artifact with expected name 'LlamaFramework'Resolve Package Graph
Updating from https://github.com/ggerganov/llama.cpp.git
the package manifest at '/Package.swift' cannot be accessed (/Package.swift doesn't exist in file system) in https://github.com/ggerganov/llama.cpp.gitbinary target 'LlamaFramework' could not be mapped to an artifact with expected name 'LlamaFramework'Resolve Package Graph
Updating from https://github.com/ggerganov/llama.cpp.git
the package manifest at '/Package.swift' cannot be accessed (/Package.swift doesn't exist in file system) in https://github.com/ggerganov/llama.cpp.gitbinary target 'LlamaFramework' could not be mapped to an artifact with expected name 'LlamaFramework'
Resolved source packages:
  spi-builder-workspace: (null)
2026-09-22 14:29:09.333 xcodebuild[529:3015] Writing error result bundle to /var/folders/xq/y_g06wb113726d38xsyx71_h0000gn/T/ResultBundle_2026-22-09_14-29-0009.xcresult
xcodebuild: error: Could not resolve package dependencies:
  the package manifest at '/Package.swift' cannot be accessed (/Package.swift doesn't exist in file system) in https://github.com/ggerganov/llama.cpp.git
  binary target 'LlamaFramework' could not be mapped to an artifact with expected name 'LlamaFramework'
Command line invocation:
    /Applications/Xcode-27.0.0-Release.Candidate.app/Contents/Developer/usr/bin/xcodebuild -IDEClonedSourcePackagesDirPathOverride=/Users/admin/builder/spi-builder-workspace/.dependencies -resolvePackageDependencies
Resolve Package Graph
Updating from https://github.com/ggerganov/llama.cpp.git
the package manifest at '/Package.swift' cannot be accessed (/Package.swift doesn't exist in file system) in https://github.com/ggerganov/llama.cpp.gitbinary target 'LlamaFramework' could not be mapped to an artifact with expected name 'LlamaFramework'
Resolved source packages:
  spi-builder-workspace: (null)
2026-09-22 14:29:12.038 xcodebuild[711:5077] Writing error result bundle to /var/folders/xq/y_g06wb113726d38xsyx71_h0000gn/T/ResultBundle_2026-22-09_14-29-0012.xcresult
xcodebuild: error: Could not resolve package dependencies:
  the package manifest at '/Package.swift' cannot be accessed (/Package.swift doesn't exist in file system) in https://github.com/ggerganov/llama.cpp.git
  binary target 'LlamaFramework' could not be mapped to an artifact with expected name 'LlamaFramework'
BUILD FAILURE 6.4 tvOS