The Swift Package Index logo.Swift Package Index

Build Information

Failed to build WWPatternLockView, reference 1.0.0 (ace821), with Swift 6.4 for macOS (Xcode) using Xcode 27.0 on 21 Sep 2026 15:25:13 UTC.

Build Command

env DEVELOPER_DIR=/Applications/Xcode-27.0.0-Release.Candidate.app xcrun xcodebuild -IDEClonedSourcePackagesDirPathOverride=$PWD/.dependencies -skipMacroValidation -skipPackagePluginValidation -derivedDataPath $PWD/.derivedData build -scheme WWPatternLockView -destination platform=macOS,arch=arm64

Build Log

========================================
RunAll
========================================
Builder version: 5.1.0
Interrupt handler set up.
========================================
Checkout
========================================
Clone URL: https://github.com/William-Weng/WWPatternLockView.git
Reference: 1.0.0
Initialized empty Git repository in /Users/admin/builder/spi-builder-workspace/.git/
From https://github.com/William-Weng/WWPatternLockView
 * tag               1.0.0      -> FETCH_HEAD
HEAD is now at ace8219 - init
Cloned https://github.com/William-Weng/WWPatternLockView.git
Revision (git rev-parse @):
ace82199904f5e5e4a95ef6ad092d3899432fdfb
SUCCESS checkout https://github.com/William-Weng/WWPatternLockView.git at 1.0.0
========================================
Build
========================================
Selected platform:         macosXcodebuild
Swift version:             6.4
Building package at path:  $PWD
https://github.com/William-Weng/WWPatternLockView.git
Command line invocation:
    /Applications/Xcode-27.0.0-Release.Candidate.app/Contents/Developer/usr/bin/xcodebuild -IDEClonedSourcePackagesDirPathOverride=/Users/admin/builder/spi-builder-workspace/.dependencies -resolvePackageDependencies
Resolve Package Graph
Resolve Package Graph
Resolved source packages:
  WWPatternLockView: /Users/admin/builder/spi-builder-workspace
resolved source packages: WWPatternLockView
2026-09-21 11:24:24.575 xcodebuild[529:3025] [MT] IDERunDestination: Supported platforms for the buildables in the current scheme is empty.
{
  "dependencies" : [
  ],
  "manifest_display_name" : "WWPatternLockView",
  "name" : "WWPatternLockView",
  "path" : "/Users/admin/builder/spi-builder-workspace",
  "platforms" : [
    {
      "name" : "ios",
      "version" : "14.0"
    }
  ],
  "products" : [
    {
      "name" : "WWPatternLockView",
      "targets" : [
        "WWPatternLockView"
      ],
      "type" : {
        "library" : [
          "automatic"
        ]
      }
    }
  ],
  "swift_languages_versions" : [
    "5"
  ],
  "targets" : [
    {
      "c99name" : "WWPatternLockView",
      "module_type" : "SwiftTarget",
      "name" : "WWPatternLockView",
      "path" : "Sources/WWPatternLockView",
      "product_memberships" : [
        "WWPatternLockView"
      ],
      "resources" : [
        {
          "path" : "/Users/admin/builder/spi-builder-workspace/Sources/WWPatternLockView/Privacy",
          "rule" : {
            "copy" : {
            }
          }
        },
        {
          "path" : "/Users/admin/builder/spi-builder-workspace/Sources/WWPatternLockView/Xib/WWPatternLockView.xib",
          "rule" : {
            "process" : {
            }
          }
        }
      ],
      "sources" : [
        "PatternLockCollectionView.swift",
        "PatternLockCollectionViewDelegate.swift",
        "WWPatternLockView.swift"
      ],
      "type" : "library"
    }
  ],
  "tools_version" : "5.6"
}
{
  "workspace" : {
    "name" : "WWPatternLockView",
    "schemes" : [
      "WWPatternLockView"
    ]
  }
}
2026-09-21 11:25:05.899 xcodebuild[650:4136] [MT] IDERunDestination: Supported platforms for the buildables in the current scheme is empty.
Running build ...
env DEVELOPER_DIR=/Applications/Xcode-27.0.0-Release.Candidate.app xcrun xcodebuild -IDEClonedSourcePackagesDirPathOverride=$PWD/.dependencies -skipMacroValidation -skipPackagePluginValidation -derivedDataPath $PWD/.derivedData build -scheme WWPatternLockView -destination platform=macOS,arch=arm64
Command line invocation:
    /Applications/Xcode-27.0.0-Release.Candidate.app/Contents/Developer/usr/bin/xcodebuild -IDEClonedSourcePackagesDirPathOverride=/Users/admin/builder/spi-builder-workspace/.dependencies -skipMacroValidation -skipPackagePluginValidation -derivedDataPath /Users/admin/builder/spi-builder-workspace/.derivedData build -scheme WWPatternLockView -destination platform=macOS,arch=arm64
Resolve Package Graph
Resolved source packages:
  WWPatternLockView: /Users/admin/builder/spi-builder-workspace
ComputePackagePrebuildTargetDependencyGraph
Prepare packages
CreateBuildRequest
SendProjectDescription
CreateBuildOperation
ComputeTargetDependencyGraph
note: Building targets in dependency order
note: Target dependency graph (3 targets)
    Target 'WWPatternLockView-product' in project 'WWPatternLockView'
        ➜ Explicit dependency on target 'WWPatternLockView' in project 'WWPatternLockView'
        ➜ Explicit dependency on target 'WWPatternLockView_WWPatternLockView' in project 'WWPatternLockView'
    Target 'WWPatternLockView' in project 'WWPatternLockView'
        ➜ Explicit dependency on target 'WWPatternLockView_WWPatternLockView' in project 'WWPatternLockView'
    Target 'WWPatternLockView_WWPatternLockView' in project 'WWPatternLockView' (no dependencies)
GatherProvisioningInputs
CreateBuildDescription
ExecuteExternalTool /Applications/Xcode-27.0.0-Release.Candidate.app/Contents/Developer/Toolchains/XcodeDefault.xctoolchain/usr/bin/clang -v -E -dM -isysroot /Applications/Xcode-27.0.0-Release.Candidate.app/Contents/Developer/Platforms/MacOSX.platform/Developer/SDKs/MacOSX27.0.sdk -x c -c /dev/null
ExecuteExternalTool /Applications/Xcode-27.0.0-Release.Candidate.app/Contents/Developer/usr/bin/ibtool --version --output-format xml1
ExecuteExternalTool /Applications/Xcode-27.0.0-Release.Candidate.app/Contents/Developer/Toolchains/XcodeDefault.xctoolchain/usr/bin/swiftc --version
ExecuteExternalTool /Applications/Xcode-27.0.0-Release.Candidate.app/Contents/Developer/Toolchains/XcodeDefault.xctoolchain/usr/bin/ld -version_details
Build description signature: 2fa05b6171a8f405d00e73c597da8e85
Build description path: /Users/admin/builder/spi-builder-workspace/.derivedData/Build/Intermediates.noindex/XCBuildData/2fa05b6171a8f405d00e73c597da8e85.xcbuilddata
CreateBuildDirectory /Users/admin/builder/spi-builder-workspace/.derivedData/SDKExplicitPrecompiledModules
    cd /Users/admin/builder/spi-builder-workspace/.swiftpm/xcode
    builtin-create-build-directory /Users/admin/builder/spi-builder-workspace/.derivedData/SDKExplicitPrecompiledModules
CreateBuildDirectory /Users/admin/builder/spi-builder-workspace/.derivedData/ModuleCache.noindex
    cd /Users/admin/builder/spi-builder-workspace/.swiftpm/xcode
    builtin-create-build-directory /Users/admin/builder/spi-builder-workspace/.derivedData/ModuleCache.noindex
CreateBuildDirectory /Users/admin/builder/spi-builder-workspace/.derivedData/Build/Products
    cd /Users/admin/builder/spi-builder-workspace/.swiftpm/xcode
    builtin-create-build-directory /Users/admin/builder/spi-builder-workspace/.derivedData/Build/Products
CreateBuildDirectory /Users/admin/builder/spi-builder-workspace/.derivedData/CompilationCache.noindex
    cd /Users/admin/builder/spi-builder-workspace/.swiftpm/xcode
    builtin-create-build-directory /Users/admin/builder/spi-builder-workspace/.derivedData/CompilationCache.noindex
CreateBuildDirectory /Users/admin/builder/spi-builder-workspace/.derivedData/Build/Intermediates.noindex
    cd /Users/admin/builder/spi-builder-workspace/.swiftpm/xcode
    builtin-create-build-directory /Users/admin/builder/spi-builder-workspace/.derivedData/Build/Intermediates.noindex
ClangStatCache /Applications/Xcode-27.0.0-Release.Candidate.app/Contents/Developer/Toolchains/XcodeDefault.xctoolchain/usr/bin/clang-stat-cache /Applications/Xcode-27.0.0-Release.Candidate.app/Contents/Developer/Platforms/MacOSX.platform/Developer/SDKs/MacOSX27.0.sdk /Users/admin/builder/spi-builder-workspace/.derivedData/SDKStatCaches.noindex/macosx27.0-26A425-e829b21a6f8c9b70876ba0858053c0446a22442a12e9d48fe1a705f55a1adfc4.sdkstatcache
    cd /Users/admin/builder/spi-builder-workspace/.swiftpm/xcode
    /Applications/Xcode-27.0.0-Release.Candidate.app/Contents/Developer/Toolchains/XcodeDefault.xctoolchain/usr/bin/clang-stat-cache /Applications/Xcode-27.0.0-Release.Candidate.app/Contents/Developer/Platforms/MacOSX.platform/Developer/SDKs/MacOSX27.0.sdk -o /Users/admin/builder/spi-builder-workspace/.derivedData/SDKStatCaches.noindex/macosx27.0-26A425-e829b21a6f8c9b70876ba0858053c0446a22442a12e9d48fe1a705f55a1adfc4.sdkstatcache
CreateBuildDirectory /Users/admin/builder/spi-builder-workspace/.derivedData/Build/Products/Debug
    cd /Users/admin/builder/spi-builder-workspace/.swiftpm/xcode
    builtin-create-build-directory /Users/admin/builder/spi-builder-workspace/.derivedData/Build/Products/Debug
CreateBuildDirectory /Users/admin/builder/spi-builder-workspace/.derivedData/Build/Intermediates.noindex/PrecompiledHeaders
    cd /Users/admin/builder/spi-builder-workspace/.swiftpm/xcode
    builtin-create-build-directory /Users/admin/builder/spi-builder-workspace/.derivedData/Build/Intermediates.noindex/PrecompiledHeaders
CreateBuildDirectory /Users/admin/builder/spi-builder-workspace/.derivedData/Build/Intermediates.noindex/SwiftExplicitPrecompiledModules
    cd /Users/admin/builder/spi-builder-workspace/.swiftpm/xcode
    builtin-create-build-directory /Users/admin/builder/spi-builder-workspace/.derivedData/Build/Intermediates.noindex/SwiftExplicitPrecompiledModules
CreateBuildDirectory /Users/admin/builder/spi-builder-workspace/.derivedData/Build/Intermediates.noindex/ExplicitPrecompiledModules
    cd /Users/admin/builder/spi-builder-workspace/.swiftpm/xcode
    builtin-create-build-directory /Users/admin/builder/spi-builder-workspace/.derivedData/Build/Intermediates.noindex/ExplicitPrecompiledModules
CreateBuildDirectory /Users/admin/builder/spi-builder-workspace/.derivedData/Build/Intermediates.noindex/EagerLinkingTBDs/Debug
    cd /Users/admin/builder/spi-builder-workspace/.swiftpm/xcode
    builtin-create-build-directory /Users/admin/builder/spi-builder-workspace/.derivedData/Build/Intermediates.noindex/EagerLinkingTBDs/Debug
CreateBuildDirectory /Users/admin/builder/spi-builder-workspace/.derivedData/Build/Products/Debug/PackageFrameworks
    cd /Users/admin/builder/spi-builder-workspace/.swiftpm/xcode
    builtin-create-build-directory /Users/admin/builder/spi-builder-workspace/.derivedData/Build/Products/Debug/PackageFrameworks
MkDir /Users/admin/builder/spi-builder-workspace/.derivedData/Build/Products/Debug/WWPatternLockView_WWPatternLockView.bundle (in target 'WWPatternLockView_WWPatternLockView' from project 'WWPatternLockView')
    cd /Users/admin/builder/spi-builder-workspace
    /bin/mkdir -p /Users/admin/builder/spi-builder-workspace/.derivedData/Build/Products/Debug/WWPatternLockView_WWPatternLockView.bundle
MkDir /Users/admin/builder/spi-builder-workspace/.derivedData/Build/Products/Debug/WWPatternLockView_WWPatternLockView.bundle/Contents (in target 'WWPatternLockView_WWPatternLockView' from project 'WWPatternLockView')
    cd /Users/admin/builder/spi-builder-workspace
    /bin/mkdir -p /Users/admin/builder/spi-builder-workspace/.derivedData/Build/Products/Debug/WWPatternLockView_WWPatternLockView.bundle/Contents
WriteAuxiliaryFile /Users/admin/builder/spi-builder-workspace/.derivedData/Build/Intermediates.noindex/WWPatternLockView.build/Debug/WWPatternLockView_WWPatternLockView-b.build/empty-WWPatternLockView_WWPatternLockView.plist (in target 'WWPatternLockView_WWPatternLockView' from project 'WWPatternLockView')
    cd /Users/admin/builder/spi-builder-workspace
    write-file /Users/admin/builder/spi-builder-workspace/.derivedData/Build/Intermediates.noindex/WWPatternLockView.build/Debug/WWPatternLockView_WWPatternLockView-b.build/empty-WWPatternLockView_WWPatternLockView.plist
WriteAuxiliaryFile /Users/admin/builder/spi-builder-workspace/.derivedData/Build/Intermediates.noindex/WWPatternLockView.build/Debug/WWPatternLockView-t.build/WWPatternLockView.DependencyMetadataFileList (in target 'WWPatternLockView' from project 'WWPatternLockView')
    cd /Users/admin/builder/spi-builder-workspace
    write-file /Users/admin/builder/spi-builder-workspace/.derivedData/Build/Intermediates.noindex/WWPatternLockView.build/Debug/WWPatternLockView-t.build/WWPatternLockView.DependencyMetadataFileList
WriteAuxiliaryFile /Users/admin/builder/spi-builder-workspace/.derivedData/Build/Intermediates.noindex/WWPatternLockView.build/Debug/WWPatternLockView_WWPatternLockView-b.build/WWPatternLockView_WWPatternLockView.DependencyMetadataFileList (in target 'WWPatternLockView_WWPatternLockView' from project 'WWPatternLockView')
    cd /Users/admin/builder/spi-builder-workspace
    write-file /Users/admin/builder/spi-builder-workspace/.derivedData/Build/Intermediates.noindex/WWPatternLockView.build/Debug/WWPatternLockView_WWPatternLockView-b.build/WWPatternLockView_WWPatternLockView.DependencyMetadataFileList
WriteAuxiliaryFile /Users/admin/builder/spi-builder-workspace/.derivedData/Build/Intermediates.noindex/WWPatternLockView.build/Debug/WWPatternLockView_WWPatternLockView-b.build/WWPatternLockView_WWPatternLockView.DependencyStaticMetadataFileList (in target 'WWPatternLockView_WWPatternLockView' from project 'WWPatternLockView')
    cd /Users/admin/builder/spi-builder-workspace
    write-file /Users/admin/builder/spi-builder-workspace/.derivedData/Build/Intermediates.noindex/WWPatternLockView.build/Debug/WWPatternLockView_WWPatternLockView-b.build/WWPatternLockView_WWPatternLockView.DependencyStaticMetadataFileList
WriteAuxiliaryFile /Users/admin/builder/spi-builder-workspace/.derivedData/Build/Intermediates.noindex/WWPatternLockView.build/Debug/WWPatternLockView-t.build/WWPatternLockView.modulemap (in target 'WWPatternLockView' from project 'WWPatternLockView')
    cd /Users/admin/builder/spi-builder-workspace
    write-file /Users/admin/builder/spi-builder-workspace/.derivedData/Build/Intermediates.noindex/WWPatternLockView.build/Debug/WWPatternLockView-t.build/WWPatternLockView.modulemap
MkDir /Users/admin/builder/spi-builder-workspace/.derivedData/Build/Products/Debug/WWPatternLockView_WWPatternLockView.bundle/Contents/Resources (in target 'WWPatternLockView_WWPatternLockView' from project 'WWPatternLockView')
    cd /Users/admin/builder/spi-builder-workspace
    /bin/mkdir -p /Users/admin/builder/spi-builder-workspace/.derivedData/Build/Products/Debug/WWPatternLockView_WWPatternLockView.bundle/Contents/Resources
WriteAuxiliaryFile /Users/admin/builder/spi-builder-workspace/.derivedData/Build/Intermediates.noindex/WWPatternLockView.build/Debug/WWPatternLockView-t.build/WWPatternLockView.DependencyStaticMetadataFileList (in target 'WWPatternLockView' from project 'WWPatternLockView')
    cd /Users/admin/builder/spi-builder-workspace
    write-file /Users/admin/builder/spi-builder-workspace/.derivedData/Build/Intermediates.noindex/WWPatternLockView.build/Debug/WWPatternLockView-t.build/WWPatternLockView.DependencyStaticMetadataFileList
WriteAuxiliaryFile /Users/admin/builder/spi-builder-workspace/.derivedData/Build/Intermediates.noindex/WWPatternLockView.build/Debug/WWPatternLockView-t.build/Objects-normal/arm64/WWPatternLockView_const_extract_protocols.json (in target 'WWPatternLockView' from project 'WWPatternLockView')
    cd /Users/admin/builder/spi-builder-workspace
    write-file /Users/admin/builder/spi-builder-workspace/.derivedData/Build/Intermediates.noindex/WWPatternLockView.build/Debug/WWPatternLockView-t.build/Objects-normal/arm64/WWPatternLockView_const_extract_protocols.json
WriteAuxiliaryFile /Users/admin/builder/spi-builder-workspace/.derivedData/Build/Intermediates.noindex/WWPatternLockView.build/Debug/WWPatternLockView-t.build/Objects-normal/arm64/WWPatternLockView.SwiftFileList (in target 'WWPatternLockView' from project 'WWPatternLockView')
    cd /Users/admin/builder/spi-builder-workspace
    write-file /Users/admin/builder/spi-builder-workspace/.derivedData/Build/Intermediates.noindex/WWPatternLockView.build/Debug/WWPatternLockView-t.build/Objects-normal/arm64/WWPatternLockView.SwiftFileList
WriteAuxiliaryFile /Users/admin/builder/spi-builder-workspace/.derivedData/Build/Intermediates.noindex/WWPatternLockView.build/Debug/WWPatternLockView-t.build/Objects-normal/arm64/WWPatternLockView.SwiftConstValuesFileList (in target 'WWPatternLockView' from project 'WWPatternLockView')
    cd /Users/admin/builder/spi-builder-workspace
    write-file /Users/admin/builder/spi-builder-workspace/.derivedData/Build/Intermediates.noindex/WWPatternLockView.build/Debug/WWPatternLockView-t.build/Objects-normal/arm64/WWPatternLockView.SwiftConstValuesFileList
WriteAuxiliaryFile /Users/admin/builder/spi-builder-workspace/.derivedData/Build/Intermediates.noindex/WWPatternLockView.build/Debug/WWPatternLockView-t.build/Objects-normal/arm64/WWPatternLockView.LinkFileList (in target 'WWPatternLockView' from project 'WWPatternLockView')
    cd /Users/admin/builder/spi-builder-workspace
    write-file /Users/admin/builder/spi-builder-workspace/.derivedData/Build/Intermediates.noindex/WWPatternLockView.build/Debug/WWPatternLockView-t.build/Objects-normal/arm64/WWPatternLockView.LinkFileList
WriteAuxiliaryFile /Users/admin/builder/spi-builder-workspace/.derivedData/Build/Intermediates.noindex/WWPatternLockView.build/Debug/WWPatternLockView-t.build/Objects-normal/arm64/WWPatternLockView-OutputFileMap.json (in target 'WWPatternLockView' from project 'WWPatternLockView')
    cd /Users/admin/builder/spi-builder-workspace
    write-file /Users/admin/builder/spi-builder-workspace/.derivedData/Build/Intermediates.noindex/WWPatternLockView.build/Debug/WWPatternLockView-t.build/Objects-normal/arm64/WWPatternLockView-OutputFileMap.json
WriteAuxiliaryFile /Users/admin/builder/spi-builder-workspace/.derivedData/Build/Intermediates.noindex/WWPatternLockView.build/Debug/WWPatternLockView-t.build/DerivedSources/resource_bundle_accessor.swift (in target 'WWPatternLockView' from project 'WWPatternLockView')
    cd /Users/admin/builder/spi-builder-workspace
    write-file /Users/admin/builder/spi-builder-workspace/.derivedData/Build/Intermediates.noindex/WWPatternLockView.build/Debug/WWPatternLockView-t.build/DerivedSources/resource_bundle_accessor.swift
Copy /Users/admin/builder/spi-builder-workspace/.derivedData/Build/Intermediates.noindex/GeneratedModuleMaps/WWPatternLockView.modulemap /Users/admin/builder/spi-builder-workspace/.derivedData/Build/Intermediates.noindex/WWPatternLockView.build/Debug/WWPatternLockView-t.build/WWPatternLockView.modulemap (in target 'WWPatternLockView' from project 'WWPatternLockView')
    cd /Users/admin/builder/spi-builder-workspace
    builtin-copy -exclude .DS_Store -exclude CVS -exclude .svn -exclude .git -exclude .hg -resolve-src-symlinks /Users/admin/builder/spi-builder-workspace/.derivedData/Build/Intermediates.noindex/WWPatternLockView.build/Debug/WWPatternLockView-t.build/WWPatternLockView.modulemap /Users/admin/builder/spi-builder-workspace/.derivedData/Build/Intermediates.noindex/GeneratedModuleMaps
CpResource /Users/admin/builder/spi-builder-workspace/.derivedData/Build/Products/Debug/WWPatternLockView_WWPatternLockView.bundle/Contents/Resources/Privacy /Users/admin/builder/spi-builder-workspace/Sources/WWPatternLockView/Privacy (in target 'WWPatternLockView_WWPatternLockView' from project 'WWPatternLockView')
    cd /Users/admin/builder/spi-builder-workspace
    builtin-copy -exclude .DS_Store -exclude CVS -exclude .svn -exclude .git -exclude .hg -resolve-src-symlinks /Users/admin/builder/spi-builder-workspace/Sources/WWPatternLockView/Privacy /Users/admin/builder/spi-builder-workspace/.derivedData/Build/Products/Debug/WWPatternLockView_WWPatternLockView.bundle/Contents/Resources
CompileXIB /Users/admin/builder/spi-builder-workspace/Sources/WWPatternLockView/Xib/WWPatternLockView.xib (in target 'WWPatternLockView_WWPatternLockView' from project 'WWPatternLockView')
    cd /Users/admin/builder/spi-builder-workspace
    /Applications/Xcode-27.0.0-Release.Candidate.app/Contents/Developer/usr/bin/ibtool --errors --warnings --notices --module WWPatternLockView_WWPatternLockView --output-partial-info-plist /Users/admin/builder/spi-builder-workspace/.derivedData/Build/Intermediates.noindex/WWPatternLockView.build/Debug/WWPatternLockView_WWPatternLockView-b.build/WWPatternLockView-PartialInfo.plist --auto-activate-custom-fonts --target-device mac --minimum-deployment-target 12.0 --output-format human-readable-text --compile /Users/admin/builder/spi-builder-workspace/.derivedData/Build/Products/Debug/WWPatternLockView_WWPatternLockView.bundle/Contents/Resources/WWPatternLockView.nib /Users/admin/builder/spi-builder-workspace/Sources/WWPatternLockView/Xib/WWPatternLockView.xib
/* com.apple.ibtool.errors */
/Users/admin/builder/spi-builder-workspace/Sources/WWPatternLockView/Xib/WWPatternLockView.xib: error: iOS xibs do not support target device type "mac".
PruneExplicitPrecompiledModules /Users/admin/builder/spi-builder-workspace/.derivedData/SDKExplicitPrecompiledModules
PruneExplicitPrecompiledModules /Users/admin/builder/spi-builder-workspace/.derivedData/Build/Intermediates.noindex/ExplicitPrecompiledModules
PruneExplicitPrecompiledModules /Users/admin/builder/spi-builder-workspace/.derivedData/Build/Intermediates.noindex/SwiftExplicitPrecompiledModules
2026-09-21 11:25:07.454 xcodebuild[651:4181] [MT] IDERunDestination: Supported platforms for the buildables in the current scheme is empty.
--- xcodebuild: WARNING: Using the first of multiple matching destinations:
{ platform:macOS, arch:arm64, id:e98c4cb75a926aba90349a35287cafd430fc3aec, name:My Mac }
{ platform:macOS, arch:arm64, variant:Mac Catalyst, id:e98c4cb75a926aba90349a35287cafd430fc3aec, name:My Mac }
{ platform:macOS, arch:arm64, variant:DriverKit, id:e98c4cb75a926aba90349a35287cafd430fc3aec, name:My Mac }
{ platform:macOS, arch:arm64, variant:Designed for [iPad,iPhone], id:e98c4cb75a926aba90349a35287cafd430fc3aec, name:My Mac }
** BUILD FAILED **
The following build commands failed:
	CompileXIB /Users/admin/builder/spi-builder-workspace/Sources/WWPatternLockView/Xib/WWPatternLockView.xib (in target 'WWPatternLockView_WWPatternLockView' from project 'WWPatternLockView')
	Building workspace WWPatternLockView with scheme WWPatternLockView
(2 failures)
Command line invocation:
    /Applications/Xcode-27.0.0-Release.Candidate.app/Contents/Developer/usr/bin/xcodebuild -IDEClonedSourcePackagesDirPathOverride=/Users/admin/builder/spi-builder-workspace/.dependencies -resolvePackageDependencies
Resolve Package Graph
Resolved source packages:
  WWPatternLockView: /Users/admin/builder/spi-builder-workspace
resolved source packages: WWPatternLockView
2026-09-21 11:25:10.926 xcodebuild[670:4338] [MT] IDERunDestination: Supported platforms for the buildables in the current scheme is empty.
{
  "dependencies" : [
  ],
  "manifest_display_name" : "WWPatternLockView",
  "name" : "WWPatternLockView",
  "path" : "/Users/admin/builder/spi-builder-workspace",
  "platforms" : [
    {
      "name" : "ios",
      "version" : "14.0"
    }
  ],
  "products" : [
    {
      "name" : "WWPatternLockView",
      "targets" : [
        "WWPatternLockView"
      ],
      "type" : {
        "library" : [
          "automatic"
        ]
      }
    }
  ],
  "swift_languages_versions" : [
    "5"
  ],
  "targets" : [
    {
      "c99name" : "WWPatternLockView",
      "module_type" : "SwiftTarget",
      "name" : "WWPatternLockView",
      "path" : "Sources/WWPatternLockView",
      "product_memberships" : [
        "WWPatternLockView"
      ],
      "resources" : [
        {
          "path" : "/Users/admin/builder/spi-builder-workspace/Sources/WWPatternLockView/Privacy",
          "rule" : {
            "copy" : {
            }
          }
        },
        {
          "path" : "/Users/admin/builder/spi-builder-workspace/Sources/WWPatternLockView/Xib/WWPatternLockView.xib",
          "rule" : {
            "process" : {
            }
          }
        }
      ],
      "sources" : [
        "PatternLockCollectionView.swift",
        "PatternLockCollectionViewDelegate.swift",
        "WWPatternLockView.swift"
      ],
      "type" : "library"
    }
  ],
  "tools_version" : "5.6"
}
{
  "workspace" : {
    "name" : "WWPatternLockView",
    "schemes" : [
      "WWPatternLockView"
    ]
  }
}
2026-09-21 11:25:12.099 xcodebuild[678:4396] [MT] IDERunDestination: Supported platforms for the buildables in the current scheme is empty.
Running build ...
env DEVELOPER_DIR=/Applications/Xcode-27.0.0-Release.Candidate.app xcrun xcodebuild -IDEClonedSourcePackagesDirPathOverride=$PWD/.dependencies -skipMacroValidation -skipPackagePluginValidation -derivedDataPath $PWD/.derivedData build -scheme WWPatternLockView -destination platform=macOS,arch=arm64
Command line invocation:
    /Applications/Xcode-27.0.0-Release.Candidate.app/Contents/Developer/usr/bin/xcodebuild -IDEClonedSourcePackagesDirPathOverride=/Users/admin/builder/spi-builder-workspace/.dependencies -skipMacroValidation -skipPackagePluginValidation -derivedDataPath /Users/admin/builder/spi-builder-workspace/.derivedData build -scheme WWPatternLockView -destination platform=macOS,arch=arm64
Resolve Package Graph
Resolved source packages:
  WWPatternLockView: /Users/admin/builder/spi-builder-workspace
ComputePackagePrebuildTargetDependencyGraph
Prepare packages
CreateBuildRequest
SendProjectDescription
CreateBuildOperation
ComputeTargetDependencyGraph
note: Building targets in dependency order
note: Target dependency graph (3 targets)
    Target 'WWPatternLockView-product' in project 'WWPatternLockView'
        ➜ Explicit dependency on target 'WWPatternLockView' in project 'WWPatternLockView'
        ➜ Explicit dependency on target 'WWPatternLockView_WWPatternLockView' in project 'WWPatternLockView'
    Target 'WWPatternLockView' in project 'WWPatternLockView'
        ➜ Explicit dependency on target 'WWPatternLockView_WWPatternLockView' in project 'WWPatternLockView'
    Target 'WWPatternLockView_WWPatternLockView' in project 'WWPatternLockView' (no dependencies)
GatherProvisioningInputs
CreateBuildDescription
ClangStatCache /Applications/Xcode-27.0.0-Release.Candidate.app/Contents/Developer/Toolchains/XcodeDefault.xctoolchain/usr/bin/clang-stat-cache /Applications/Xcode-27.0.0-Release.Candidate.app/Contents/Developer/Platforms/MacOSX.platform/Developer/SDKs/MacOSX27.0.sdk /Users/admin/builder/spi-builder-workspace/.derivedData/SDKStatCaches.noindex/macosx27.0-26A425-e829b21a6f8c9b70876ba0858053c0446a22442a12e9d48fe1a705f55a1adfc4.sdkstatcache
    cd /Users/admin/builder/spi-builder-workspace/.swiftpm/xcode
    /Applications/Xcode-27.0.0-Release.Candidate.app/Contents/Developer/Toolchains/XcodeDefault.xctoolchain/usr/bin/clang-stat-cache /Applications/Xcode-27.0.0-Release.Candidate.app/Contents/Developer/Platforms/MacOSX.platform/Developer/SDKs/MacOSX27.0.sdk -o /Users/admin/builder/spi-builder-workspace/.derivedData/SDKStatCaches.noindex/macosx27.0-26A425-e829b21a6f8c9b70876ba0858053c0446a22442a12e9d48fe1a705f55a1adfc4.sdkstatcache
CompileXIB /Users/admin/builder/spi-builder-workspace/Sources/WWPatternLockView/Xib/WWPatternLockView.xib (in target 'WWPatternLockView_WWPatternLockView' from project 'WWPatternLockView')
    cd /Users/admin/builder/spi-builder-workspace
    /Applications/Xcode-27.0.0-Release.Candidate.app/Contents/Developer/usr/bin/ibtool --errors --warnings --notices --module WWPatternLockView_WWPatternLockView --output-partial-info-plist /Users/admin/builder/spi-builder-workspace/.derivedData/Build/Intermediates.noindex/WWPatternLockView.build/Debug/WWPatternLockView_WWPatternLockView-b.build/WWPatternLockView-PartialInfo.plist --auto-activate-custom-fonts --target-device mac --minimum-deployment-target 12.0 --output-format human-readable-text --compile /Users/admin/builder/spi-builder-workspace/.derivedData/Build/Products/Debug/WWPatternLockView_WWPatternLockView.bundle/Contents/Resources/WWPatternLockView.nib /Users/admin/builder/spi-builder-workspace/Sources/WWPatternLockView/Xib/WWPatternLockView.xib
/* com.apple.ibtool.errors */
/Users/admin/builder/spi-builder-workspace/Sources/WWPatternLockView/Xib/WWPatternLockView.xib: error: iOS xibs do not support target device type "mac".
PruneExplicitPrecompiledModules /Users/admin/builder/spi-builder-workspace/.derivedData/Build/Intermediates.noindex/ExplicitPrecompiledModules
PruneExplicitPrecompiledModules /Users/admin/builder/spi-builder-workspace/.derivedData/Build/Intermediates.noindex/SwiftExplicitPrecompiledModules
PruneExplicitPrecompiledModules /Users/admin/builder/spi-builder-workspace/.derivedData/SDKExplicitPrecompiledModules
2026-09-21 11:25:13.059 xcodebuild[679:4424] [MT] IDERunDestination: Supported platforms for the buildables in the current scheme is empty.
--- xcodebuild: WARNING: Using the first of multiple matching destinations:
{ platform:macOS, arch:arm64, id:e98c4cb75a926aba90349a35287cafd430fc3aec, name:My Mac }
{ platform:macOS, arch:arm64, variant:Mac Catalyst, id:e98c4cb75a926aba90349a35287cafd430fc3aec, name:My Mac }
{ platform:macOS, arch:arm64, variant:DriverKit, id:e98c4cb75a926aba90349a35287cafd430fc3aec, name:My Mac }
{ platform:macOS, arch:arm64, variant:Designed for [iPad,iPhone], id:e98c4cb75a926aba90349a35287cafd430fc3aec, name:My Mac }
** BUILD FAILED **
The following build commands failed:
	CompileXIB /Users/admin/builder/spi-builder-workspace/Sources/WWPatternLockView/Xib/WWPatternLockView.xib (in target 'WWPatternLockView_WWPatternLockView' from project 'WWPatternLockView')
	Building workspace WWPatternLockView with scheme WWPatternLockView
(2 failures)
BUILD FAILURE 6.4 macosXcodebuild