The Swift Package Index logo.Swift Package Index

Build Information

Failed to build EthereumABI, reference master (6f4edb), with Swift 6.4 for Linux on 17 Sep 2026 09:04:54 UTC.

Build Command

bash -c docker run --pull=always --rm -v "checkouts-54344843-0":/host -w "$PWD" -e JAVA_HOME="/root/.sdkman/candidates/java/current" -e SPI_BUILD="1" -e SPI_PROCESSING="1" registry.gitlab.com/saguaro1/spi-images:basic-6.4-latest swift build --triple x86_64-unknown-linux-gnu 2>&1

Build Log

========================================
RunAll
========================================
Builder version: 5.1.0
Interrupt handler set up.
========================================
Checkout
========================================
Clone URL: https://github.com/shamatar/EthereumABI.git
Reference: master
Initialized empty Git repository in /host/spi-builder-workspace/.git/
hint: Using 'master' as the name for the initial branch. This default branch name
hint: is subject to change. To configure the initial branch name to use in all
hint: of your new repositories, which will suppress this warning, call:
hint:
hint: 	git config --global init.defaultBranch <name>
hint:
hint: Names commonly chosen instead of 'master' are 'main', 'trunk' and
hint: 'development'. The just-created branch can be renamed via this command:
hint:
hint: 	git branch -m <name>
From https://github.com/shamatar/EthereumABI
 * branch            master     -> FETCH_HEAD
 * [new branch]      master     -> origin/master
HEAD is now at 6f4edb9 fix changed signature
Cloned https://github.com/shamatar/EthereumABI.git
Revision (git rev-parse @):
6f4edb9fb3b46d7cdf5d6c4a304a88f014188733
SUCCESS checkout https://github.com/shamatar/EthereumABI.git at master
========================================
Build
========================================
Selected platform:         linux
Swift version:             6.4
Building package at path:  $PWD
https://github.com/shamatar/EthereumABI.git
Running build ...
bash -c docker run --pull=always --rm -v "checkouts-54344843-0":/host -w "$PWD" -e JAVA_HOME="/root/.sdkman/candidates/java/current" -e SPI_BUILD="1" -e SPI_PROCESSING="1" registry.gitlab.com/saguaro1/spi-images:basic-6.4-latest swift build --triple x86_64-unknown-linux-gnu 2>&1
basic-6.4-latest: Pulling from saguaro1/spi-images
Digest: sha256:c77fcce225e223ac0fafed844619173fc6de8d62dd560eeb28db3182af6a282b
Status: Image is up to date for registry.gitlab.com/saguaro1/spi-images:basic-6.4-latest
Fetching https://github.com/shamatar/EthereumAddress.git
Fetching https://github.com/krzyzanowskim/CryptoSwift.git
Fetching https://github.com/attaswift/BigInt.git
[1/210] Fetching ethereumaddress
[50/5149] Fetching ethereumaddress, bigint
[2582/18588] Fetching ethereumaddress, bigint, cryptoswift
Fetched https://github.com/attaswift/BigInt.git (0.59s)
[2226/13649] Fetching ethereumaddress, cryptoswift
Fetched https://github.com/shamatar/EthereumAddress.git (1.07s)
Fetched https://github.com/krzyzanowskim/CryptoSwift.git (1.08s)
Computing version for https://github.com/shamatar/EthereumAddress.git
Computed https://github.com/shamatar/EthereumAddress.git at 1.3.0 (1.27s)
Computing version for https://github.com/attaswift/BigInt.git
Computed https://github.com/attaswift/BigInt.git at 3.1.0 (1.05s)
Fetching https://github.com/attaswift/SipHash
[1/440] Fetching siphash
Fetched https://github.com/attaswift/SipHash (0.53s)
Computing version for https://github.com/krzyzanowskim/CryptoSwift.git
Computed https://github.com/krzyzanowskim/CryptoSwift.git at 1.0.0 (0.72s)
Computing version for https://github.com/attaswift/SipHash
Computed https://github.com/attaswift/SipHash at 1.2.2 (0.17s)
Creating working copy for https://github.com/attaswift/BigInt.git
Working copy of https://github.com/attaswift/BigInt.git resolved at 3.1.0
Creating working copy for https://github.com/shamatar/EthereumAddress.git
Working copy of https://github.com/shamatar/EthereumAddress.git resolved at 1.3.0
Creating working copy for https://github.com/krzyzanowskim/CryptoSwift.git
Working copy of https://github.com/krzyzanowskim/CryptoSwift.git resolved at 1.0.0
Creating working copy for https://github.com/attaswift/SipHash
Working copy of https://github.com/attaswift/SipHash resolved at 1.2.2
Building for debugging...
[Provisioning 7 / 11]
[Pre-planning 1 / 214]
[Starting]
[54 / 96] CryptoSwift
[65 / 96] SipHash
[66 / 96] SipHash-product
[69 / 96] CryptoSwift
error: SwiftCompile normal x86_64 /host/spi-builder-workspace/.build/checkouts/CryptoSwift/Sources/CryptoSwift/Foundation/HMAC+Foundation.swift failed with a nonzero exit code. Command line:     cd /host
    builtin-SwiftPerFileCompile HMAC+Foundation.swift
error: SwiftCompile normal x86_64 /host/spi-builder-workspace/.build/checkouts/CryptoSwift/Sources/CryptoSwift/Foundation/Rabbit+Foundation.swift failed with a nonzero exit code. Command line:     cd /host
    builtin-SwiftPerFileCompile Rabbit+Foundation.swift
error: SwiftCompile normal x86_64 /host/spi-builder-workspace/.build/checkouts/CryptoSwift/Sources/CryptoSwift/Foundation/String+FoundationExtension.swift failed with a nonzero exit code. Command line:     cd /host
    builtin-SwiftPerFileCompile String+FoundationExtension.swift
error: SwiftCompile normal x86_64 /host/spi-builder-workspace/.build/checkouts/CryptoSwift/Sources/CryptoSwift/Foundation/Utils+Foundation.swift failed with a nonzero exit code. Command line:     cd /host
    builtin-SwiftPerFileCompile Utils+Foundation.swift
error: SwiftCompile normal x86_64 /host/spi-builder-workspace/.build/checkouts/CryptoSwift/Sources/CryptoSwift/Generics.swift failed with a nonzero exit code. Command line:     cd /host
    builtin-SwiftPerFileCompile Generics.swift
error: SwiftCompile normal x86_64 /host/spi-builder-workspace/.build/checkouts/CryptoSwift/Sources/CryptoSwift/HKDF.swift failed with a nonzero exit code. Command line:     cd /host
    builtin-SwiftPerFileCompile HKDF.swift
error: SwiftCompile normal x86_64 /host/spi-builder-workspace/.build/checkouts/CryptoSwift/Sources/CryptoSwift/HMAC.swift failed with a nonzero exit code. Command line:     cd /host
    builtin-SwiftPerFileCompile HMAC.swift
error: SwiftCompile normal x86_64 /host/spi-builder-workspace/.build/checkouts/CryptoSwift/Sources/CryptoSwift/Int+Extension.swift failed with a nonzero exit code. Command line:     cd /host
    builtin-SwiftPerFileCompile Int+Extension.swift
error: SwiftCompile normal x86_64 /host/spi-builder-workspace/.build/checkouts/CryptoSwift/Sources/CryptoSwift/MD5.swift failed with a nonzero exit code. Command line:     cd /host
    builtin-SwiftPerFileCompile MD5.swift
<unknown>:0: error: symbol '$s11CryptoSwift12arrayOfBytes5value6lengthSays5UInt8VGx_Sits17FixedWidthIntegerRzlFfA0_AF_Ts5' (generic pre-specialization <Swift.UInt8> of default argument 1 of CryptoSwift.arrayOfBytes<A where A: Swift.FixedWidthInteger>(value: A, length: Swift.Int) -> Swift.Array<Swift.UInt8>) is in generated IR file, but not in TBD file
<unknown>:0: error: symbol '$s11CryptoSwift12arrayOfBytes5value6lengthSays5UInt8VGx_Sits17FixedWidthIntegerRzlFfA0_Si_Ts5' (generic pre-specialization <Swift.Int> of default argument 1 of CryptoSwift.arrayOfBytes<A where A: Swift.FixedWidthInteger>(value: A, length: Swift.Int) -> Swift.Array<Swift.UInt8>) is in generated IR file, but not in TBD file
<unknown>:0: error: symbol '$s11CryptoSwift12arrayOfBytes5value6lengthSays5UInt8VGx_Sits17FixedWidthIntegerRzlFfA0_Su_Ts5' (generic pre-specialization <Swift.UInt> of default argument 1 of CryptoSwift.arrayOfBytes<A where A: Swift.FixedWidthInteger>(value: A, length: Swift.Int) -> Swift.Array<Swift.UInt8>) is in generated IR file, but not in TBD file
<unknown>:0: error: symbol '$s11CryptoSwift12arrayOfBytes5value6lengthSays5UInt8VGx_Sits17FixedWidthIntegerRzlFfA0_s6UInt16V_Ts5' (generic pre-specialization <Swift.UInt16> of default argument 1 of CryptoSwift.arrayOfBytes<A where A: Swift.FixedWidthInteger>(value: A, length: Swift.Int) -> Swift.Array<Swift.UInt8>) is in generated IR file, but not in TBD file
<unknown>:0: error: symbol '$s11CryptoSwift12arrayOfBytes5value6lengthSays5UInt8VGx_Sits17FixedWidthIntegerRzlFfA0_s6UInt32V_Ts5' (generic pre-specialization <Swift.UInt32> of default argument 1 of CryptoSwift.arrayOfBytes<A where A: Swift.FixedWidthInteger>(value: A, length: Swift.Int) -> Swift.Array<Swift.UInt8>) is in generated IR file, but not in TBD file
<unknown>:0: error: symbol '$s11CryptoSwift12arrayOfBytes5value6lengthSays5UInt8VGx_Sits17FixedWidthIntegerRzlFfA0_s6UInt64V_Ts5' (generic pre-specialization <Swift.UInt64> of default argument 1 of CryptoSwift.arrayOfBytes<A where A: Swift.FixedWidthInteger>(value: A, length: Swift.Int) -> Swift.Array<Swift.UInt8>) is in generated IR file, but not in TBD file
<unknown>:0: error: please submit a bug report (https://swift.org/contributing/#reporting-bugs), and add '-Xfrontend -validate-tbd-against-ir=none' to squash the errors
Failed frontend command:
/usr/bin/swift-frontend -frontend -c /host/spi-builder-workspace/.build/checkouts/CryptoSwift/Sources/CryptoSwift/AEAD/AEAD.swift /host/spi-builder-workspace/.build/checkouts/CryptoSwift/Sources/CryptoSwift/AEAD/AEADChaCha20Poly1305.swift /host/spi-builder-workspace/.build/checkouts/CryptoSwift/Sources/CryptoSwift/AES.Cryptors.swift /host/spi-builder-workspace/.build/checkouts/CryptoSwift/Sources/CryptoSwift/AES.swift /host/spi-builder-workspace/.build/checkouts/CryptoSwift/Sources/CryptoSwift/Array+Extension.swift /host/spi-builder-workspace/.build/checkouts/CryptoSwift/Sources/CryptoSwift/Authenticator.swift /host/spi-builder-workspace/.build/checkouts/CryptoSwift/Sources/CryptoSwift/BatchedCollection.swift /host/spi-builder-workspace/.build/checkouts/CryptoSwift/Sources/CryptoSwift/Bit.swift /host/spi-builder-workspace/.build/checkouts/CryptoSwift/Sources/CryptoSwift/BlockCipher.swift /host/spi-builder-workspace/.build/checkouts/CryptoSwift/Sources/CryptoSwift/BlockDecryptor.swift /host/spi-builder-workspace/.build/checkouts/CryptoSwift/Sources/CryptoSwift/BlockEncryptor.swift /host/spi-builder-workspace/.build/checkouts/CryptoSwift/Sources/CryptoSwift/BlockMode/BlockMode.swift /host/spi-builder-workspace/.build/checkouts/CryptoSwift/Sources/CryptoSwift/BlockMode/BlockModeOptions.swift /host/spi-builder-workspace/.build/checkouts/CryptoSwift/Sources/CryptoSwift/BlockMode/CBC.swift /host/spi-builder-workspace/.build/checkouts/CryptoSwift/Sources/CryptoSwift/BlockMode/CCM.swift /host/spi-builder-workspace/.build/checkouts/CryptoSwift/Sources/CryptoSwift/BlockMode/CFB.swift /host/spi-builder-workspace/.build/checkouts/CryptoSwift/Sources/CryptoSwift/BlockMode/CTR.swift /host/spi-builder-workspace/.build/checkouts/CryptoSwift/Sources/CryptoSwift/BlockMode/CipherModeWorker.swift /host/spi-builder-workspace/.build/checkouts/CryptoSwift/Sources/CryptoSwift/BlockMode/ECB.swift /host/spi-builder-workspace/.build/checkouts/CryptoSwift/Sources/CryptoSwift/BlockMode/GCM.swift /host/spi-builder-workspace/.build/checkouts/CryptoSwift/Sources/CryptoSwift/BlockMode/OFB.swift /host/spi-builder-workspace/.build/checkouts/CryptoSwift/Sources/CryptoSwift/BlockMode/PCBC.swift /host/spi-builder-workspace/.build/checkouts/CryptoSwift/Sources/CryptoSwift/Blowfish.swift /host/spi-builder-workspace/.build/checkouts/CryptoSwift/Sources/CryptoSwift/CBCMAC.swift /host/spi-builder-workspace/.build/checkouts/CryptoSwift/Sources/CryptoSwift/CMAC.swift /host/spi-builder-workspace/.build/checkouts/CryptoSwift/Sources/CryptoSwift/ChaCha20.swift /host/spi-builder-workspace/.build/checkouts/CryptoSwift/Sources/CryptoSwift/Checksum.swift /host/spi-builder-workspace/.build/checkouts/CryptoSwift/Sources/CryptoSwift/Cipher.swift /host/spi-builder-workspace/.build/checkouts/CryptoSwift/Sources/CryptoSwift/Collection+Extension.swift /host/spi-builder-workspace/.build/checkouts/CryptoSwift/Sources/CryptoSwift/CompactMap.swift /host/spi-builder-workspace/.build/checkouts/CryptoSwift/Sources/CryptoSwift/Cryptor.swift /host/spi-builder-workspace/.build/checkouts/CryptoSwift/Sources/CryptoSwift/Cryptors.swift /host/spi-builder-workspace/.build/checkouts/CryptoSwift/Sources/CryptoSwift/Digest.swift /host/spi-builder-workspace/.build/checkouts/CryptoSwift/Sources/CryptoSwift/DigestType.swift /host/spi-builder-workspace/.build/checkouts/CryptoSwift/Sources/CryptoSwift/Foundation/AES+Foundation.swift /host/spi-builder-workspace/.build/checkouts/CryptoSwift/Sources/CryptoSwift/Foundation/Array+Foundation.swift /host/spi-builder-workspace/.build/checkouts/CryptoSwift/Sources/CryptoSwift/Foundation/Blowfish+Foundation.swift /host/spi-builder-workspace/.build/checkouts/CryptoSwift/Sources/CryptoSwift/Foundation/ChaCha20+Foundation.swift /host/spi-builder-workspace/.build/checkouts/CryptoSwift/Sources/CryptoSwift/Foundation/Data+Extension.swift -primary-file /host/spi-builder-workspace/.build/checkouts/CryptoSwift/Sources/CryptoSwift/Foundation/HMAC+Foundation.swift -primary-file /host/spi-builder-workspace/.build/checkouts/CryptoSwift/Sources/CryptoSwift/Foundation/Rabbit+Foundation.swift -primary-file /host/spi-builder-workspace/.build/checkouts/CryptoSwift/Sources/CryptoSwift/Foundation/String+FoundationExtension.swift -primary-file /host/spi-builder-workspace/.build/checkouts/CryptoSwift/Sources/CryptoSwift/Foundation/Utils+Foundation.swift -primary-file /host/spi-builder-workspace/.build/checkouts/CryptoSwift/Sources/CryptoSwift/Generics.swift -primary-file /host/spi-builder-workspace/.build/checkouts/CryptoSwift/Sources/CryptoSwift/HKDF.swift -primary-file /host/spi-builder-workspace/.build/checkouts/CryptoSwift/Sources/CryptoSwift/HMAC.swift -primary-file /host/spi-builder-workspace/.build/checkouts/CryptoSwift/Sources/CryptoSwift/Int+Extension.swift -primary-file /host/spi-builder-workspace/.build/checkouts/CryptoSwift/Sources/CryptoSwift/MD5.swift /host/spi-builder-workspace/.build/checkouts/CryptoSwift/Sources/CryptoSwift/NoPadding.swift /host/spi-builder-workspace/.build/checkouts/CryptoSwift/Sources/CryptoSwift/Operators.swift /host/spi-builder-workspace/.build/checkouts/CryptoSwift/Sources/CryptoSwift/PKCS/PBKDF1.swift /host/spi-builder-workspace/.build/checkouts/CryptoSwift/Sources/CryptoSwift/PKCS/PBKDF2.swift /host/spi-builder-workspace/.build/checkouts/CryptoSwift/Sources/CryptoSwift/PKCS/PKCS5.swift /host/spi-builder-workspace/.build/checkouts/CryptoSwift/Sources/CryptoSwift/PKCS/PKCS7.swift /host/spi-builder-workspace/.build/checkouts/CryptoSwift/Sources/CryptoSwift/PKCS/PKCS7Padding.swift /host/spi-builder-workspace/.build/checkouts/CryptoSwift/Sources/CryptoSwift/Padding.swift /host/spi-builder-workspace/.build/checkouts/CryptoSwift/Sources/CryptoSwift/Poly1305.swift /host/spi-builder-workspace/.build/checkouts/CryptoSwift/Sources/CryptoSwift/Rabbit.swift /host/spi-builder-workspace/.build/checkouts/CryptoSwift/Sources/CryptoSwift/RandomBytesSequence.swift /host/spi-builder-workspace/.build/checkouts/CryptoSwift/Sources/CryptoSwift/SHA1.swift /host/spi-builder-workspace/.build/checkouts/CryptoSwift/Sources/CryptoSwift/SHA2.swift /host/spi-builder-workspace/.build/checkouts/CryptoSwift/Sources/CryptoSwift/SHA3.swift /host/spi-builder-workspace/.build/checkouts/CryptoSwift/Sources/CryptoSwift/Scrypt.swift /host/spi-builder-workspace/.build/checkouts/CryptoSwift/Sources/CryptoSwift/SecureBytes.swift /host/spi-builder-workspace/.build/checkouts/CryptoSwift/Sources/CryptoSwift/StreamDecryptor.swift /host/spi-builder-workspace/.build/checkouts/CryptoSwift/Sources/CryptoSwift/StreamEncryptor.swift /host/spi-builder-workspace/.build/checkouts/CryptoSwift/Sources/CryptoSwift/String+Extension.swift /host/spi-builder-workspace/.build/checkouts/CryptoSwift/Sources/CryptoSwift/UInt128.swift /host/spi-builder-workspace/.build/checkouts/CryptoSwift/Sources/CryptoSwift/UInt16+Extension.swift /host/spi-builder-workspace/.build/checkouts/CryptoSwift/Sources/CryptoSwift/UInt32+Extension.swift /host/spi-builder-workspace/.build/checkouts/CryptoSwift/Sources/CryptoSwift/UInt64+Extension.swift /host/spi-builder-workspace/.build/checkouts/CryptoSwift/Sources/CryptoSwift/UInt8+Extension.swift /host/spi-builder-workspace/.build/checkouts/CryptoSwift/Sources/CryptoSwift/Updatable.swift /host/spi-builder-workspace/.build/checkouts/CryptoSwift/Sources/CryptoSwift/Utils.swift /host/spi-builder-workspace/.build/checkouts/CryptoSwift/Sources/CryptoSwift/ZeroPadding.swift -supplementary-output-file-map /host/spi-builder-workspace/.build/out/Intermediates.noindex/CryptoSwift.build/Debug-linux-x86_64/CryptoSwift-t.build/Objects-normal/x86_64/supplementaryOutputs-5 -target x86_64-unknown-linux-gnu -disable-objc-interop -I /host/spi-builder-workspace/.build/out/Products/Debug-linux-x86_64 -module-cache-path /host/spi-builder-workspace/.build/out/ModuleCache.noindex -color-diagnostics -Xcc -fcolor-diagnostics -enable-testing -g -debug-info-format\=dwarf -dwarf-version\=4 -suppress-warnings -swift-version 4.2 -Onone -D SWIFT_PACKAGE -D DEBUG -D SWIFT_MODULE_RESOURCE_BUNDLE_UNAVAILABLE -D Xcode -serialize-debugging-options -enable-experimental-feature DebugDescriptionMacro -empty-abi-descriptor -external-plugin-path /usr/lib/swift/host/plugins/testing\#/usr/bin/swift-plugin-server -validate-clang-modules-once -clang-build-session-file /host/spi-builder-workspace/.build/out/ModuleCache.noindex/Session.modulevalidation -Xcc -working-directory -Xcc /host -enable-anonymous-context-mangled-names -file-compilation-dir /host -Xcc -fno-omit-frame-pointer -Xcc -D_LIBCPP_HARDENING_MODE\=_LIBCPP_HARDENING_MODE_DEBUG -Xcc -fmodules-prune-interval\=86400 -Xcc -fmodules-prune-after\=345600 -Xcc -I/host/spi-builder-workspace/.build/out/Products/Debug-linux-x86_64/include -Xcc -I/host/spi-builder-workspace/.build/out/Intermediates.noindex/CryptoSwift.build/Debug-linux-x86_64/CryptoSwift-t.build/DerivedSources-normal/x86_64 -Xcc -I/host/spi-builder-workspace/.build/out/Intermediates.noindex/CryptoSwift.build/Debug-linux-x86_64/CryptoSwift-t.build/DerivedSources/x86_64 -Xcc -I/host/spi-builder-workspace/.build/out/Intermediates.noindex/CryptoSwift.build/Debug-linux-x86_64/CryptoSwift-t.build/DerivedSources -Xcc -DSWIFT_PACKAGE -Xcc -DDEBUG\=1 -no-auto-bridging-header-chaining -module-name CryptoSwift -const-gather-protocols-file /host/spi-builder-workspace/.build/out/Intermediates.noindex/CryptoSwift.build/Debug-linux-x86_64/CryptoSwift-t.build/Objects-normal/x86_64/CryptoSwift_const_extract_protocols.json -in-process-plugin-server-path /usr/lib/swift/host/libSwiftInProcPluginServer.so -plugin-path /usr/lib/swift/host/plugins -plugin-path /usr/local/lib/swift/host/plugins -parse-as-library -o /host/spi-builder-workspace/.build/out/Intermediates.noindex/CryptoSwift.build/Debug-linux-x86_64/CryptoSwift-t.build/Objects-normal/x86_64/HMAC+Foundation.o -o /host/spi-builder-workspace/.build/out/Intermediates.noindex/CryptoSwift.build/Debug-linux-x86_64/CryptoSwift-t.build/Objects-normal/x86_64/Rabbit+Foundation.o -o /host/spi-builder-workspace/.build/out/Intermediates.noindex/CryptoSwift.build/Debug-linux-x86_64/CryptoSwift-t.build/Objects-normal/x86_64/String+FoundationExtension.o -o /host/spi-builder-workspace/.build/out/Intermediates.noindex/CryptoSwift.build/Debug-linux-x86_64/CryptoSwift-t.build/Objects-normal/x86_64/Utils+Foundation.o -o /host/spi-builder-workspace/.build/out/Intermediates.noindex/CryptoSwift.build/Debug-linux-x86_64/CryptoSwift-t.build/Objects-normal/x86_64/Generics.o -o /host/spi-builder-workspace/.build/out/Intermediates.noindex/CryptoSwift.build/Debug-linux-x86_64/CryptoSwift-t.build/Objects-normal/x86_64/HKDF.o -o /host/spi-builder-workspace/.build/out/Intermediates.noindex/CryptoSwift.build/Debug-linux-x86_64/CryptoSwift-t.build/Objects-normal/x86_64/HMAC.o -o /host/spi-builder-workspace/.build/out/Intermediates.noindex/CryptoSwift.build/Debug-linux-x86_64/CryptoSwift-t.build/Objects-normal/x86_64/Int+Extension.o -o /host/spi-builder-workspace/.build/out/Intermediates.noindex/CryptoSwift.build/Debug-linux-x86_64/CryptoSwift-t.build/Objects-normal/x86_64/MD5.o -index-unit-output-path /CryptoSwift.build/Debug-linux-x86_64/CryptoSwift-t.build/Objects-normal/x86_64/HMAC+Foundation.o -index-unit-output-path /CryptoSwift.build/Debug-linux-x86_64/CryptoSwift-t.build/Objects-normal/x86_64/Rabbit+Foundation.o -index-unit-output-path /CryptoSwift.build/Debug-linux-x86_64/CryptoSwift-t.build/Objects-normal/x86_64/String+FoundationExtension.o -index-unit-output-path /CryptoSwift.build/Debug-linux-x86_64/CryptoSwift-t.build/Objects-normal/x86_64/Utils+Foundation.o -index-unit-output-path /CryptoSwift.build/Debug-linux-x86_64/CryptoSwift-t.build/Objects-normal/x86_64/Generics.o -index-unit-output-path /CryptoSwift.build/Debug-linux-x86_64/CryptoSwift-t.build/Objects-normal/x86_64/HKDF.o -index-unit-output-path /CryptoSwift.build/Debug-linux-x86_64/CryptoSwift-t.build/Objects-normal/x86_64/HMAC.o -index-unit-output-path /CryptoSwift.build/Debug-linux-x86_64/CryptoSwift-t.build/Objects-normal/x86_64/Int+Extension.o -index-unit-output-path /CryptoSwift.build/Debug-linux-x86_64/CryptoSwift-t.build/Objects-normal/x86_64/MD5.o -index-store-path /host/spi-builder-workspace/.build/out -index-system-modules
error: Build failed
BUILD FAILURE 6.4 linux