Build Information
Failed to build UserDefaultsEditor, reference 0.5.0 (bb11c7), with Swift 6.4 for watchOS using Xcode 27.0 on 22 Sep 2026 23:50:09 UTC.
Build Command
env DEVELOPER_DIR=/Applications/Xcode-27.0.0-Release.Candidate.app xcrun xcodebuild -IDEClonedSourcePackagesDirPathOverride=$PWD/.dependencies -skipMacroValidation -skipPackagePluginValidation -derivedDataPath $PWD/.derivedData build -scheme UserDefaultsEditor -destination generic/platform=watchOSBuild Log
SwiftDriver ReflectionView normal arm64_32 com.apple.xcode.tools.swift.compiler (in target 'ReflectionView' from project 'ReflectionView')
cd /Users/admin/builder/spi-builder-workspace/.swiftpm/xcode
builtin-SwiftDriver -- /Applications/Xcode-27.0.0-Release.Candidate.app/Contents/Developer/Toolchains/XcodeDefault.xctoolchain/usr/bin/swiftc -parse-as-library -module-name ReflectionView -Onone @/Users/admin/builder/spi-builder-workspace/.derivedData/Build/Intermediates.noindex/ReflectionView.build/Debug-watchos/ReflectionView-t.build/Objects-normal/arm64_32/ReflectionView.SwiftFileList -DSWIFT_PACKAGE -DDEBUG -DSWIFT_MODULE_RESOURCE_BUNDLE_AVAILABLE -DXcode -plugin-path /Applications/Xcode-27.0.0-Release.Candidate.app/Contents/Developer/Toolchains/XcodeDefault.xctoolchain/usr/lib/swift/host/plugins/testing -enable-experimental-feature DebugDescriptionMacro -sdk /Applications/Xcode-27.0.0-Release.Candidate.app/Contents/Developer/Platforms/WatchOS.platform/Developer/SDKs/WatchOS27.0.sdk -target arm64_32-apple-watchos9.0 -g -module-cache-path /Users/admin/builder/spi-builder-workspace/.derivedData/ModuleCache.noindex -Xfrontend -serialize-debugging-options -profile-coverage-mapping -profile-generate -enable-testing -suppress-warnings -index-store-path /Users/admin/builder/spi-builder-workspace/.derivedData/Index.noindex/DataStore -Xcc -D_LIBCPP_HARDENING_MODE\=_LIBCPP_HARDENING_MODE_DEBUG -swift-version 5 -I /Users/admin/builder/spi-builder-workspace/.derivedData/Build/Products/Debug-watchos -Isystem /Applications/Xcode-27.0.0-Release.Candidate.app/Contents/Developer/Platforms/WatchOS.platform/Developer/usr/lib -F /Users/admin/builder/spi-builder-workspace/.derivedData/Build/Products/Debug-watchos/PackageFrameworks -F /Users/admin/builder/spi-builder-workspace/.derivedData/Build/Products/Debug-watchos -F /Applications/Xcode-27.0.0-Release.Candidate.app/Contents/Developer/Platforms/WatchOS.platform/Developer/Library/Frameworks -F /Applications/Xcode-27.0.0-Release.Candidate.app/Contents/Developer/Platforms/WatchOS.platform/Developer/SDKs/WatchOS27.0.sdk/Developer/Library/Frameworks -c -j10 -enable-batch-mode -incremental -Xcc -ivfsstatcache -Xcc /Users/admin/builder/spi-builder-workspace/.derivedData/SDKStatCaches.noindex/watchos27.0-24R360-e829b21a6f8c9b70876ba0858053c04477534ef55a1706bf4c1112bbb242f0a2.sdkstatcache -output-file-map /Users/admin/builder/spi-builder-workspace/.derivedData/Build/Intermediates.noindex/ReflectionView.build/Debug-watchos/ReflectionView-t.build/Objects-normal/arm64_32/ReflectionView-OutputFileMap.json -save-temps -no-color-diagnostics -explicit-module-build -module-cache-path /Users/admin/builder/spi-builder-workspace/.derivedData/Build/Intermediates.noindex/SwiftExplicitPrecompiledModules -clang-scanner-module-cache-path /Users/admin/builder/spi-builder-workspace/.derivedData/ModuleCache.noindex -sdk-module-cache-path /Users/admin/builder/spi-builder-workspace/.derivedData/SDKExplicitPrecompiledModules -emit-dependencies -emit-module -emit-module-path /Users/admin/builder/spi-builder-workspace/.derivedData/Build/Intermediates.noindex/ReflectionView.build/Debug-watchos/ReflectionView-t.build/Objects-normal/arm64_32/ReflectionView.swiftmodule -serialize-diagnostics -dependency-scan-serialize-diagnostics-path /Users/admin/builder/spi-builder-workspace/.derivedData/Build/Intermediates.noindex/ReflectionView.build/Debug-watchos/ReflectionView-t.build/Objects-normal/arm64_32/ReflectionView-dependency-scan.dia -validate-clang-modules-once -clang-build-session-file /Users/admin/builder/spi-builder-workspace/.derivedData/ModuleCache.noindex/Session.modulevalidation -Xcc -fmodules-prune-interval\=86400 -Xcc -fmodules-prune-after\=345600 -package-name swiftui_reflection_view -emit-const-values -const-gather-protocols-list /Users/admin/builder/spi-builder-workspace/.derivedData/Build/Intermediates.noindex/ReflectionView.build/Debug-watchos/ReflectionView-t.build/Objects-normal/arm64_32/ReflectionView_const_extract_protocols.json -Xcc -I/Users/admin/builder/spi-builder-workspace/.derivedData/Build/Products/Debug-watchos/include -Xcc -I/Users/admin/builder/spi-builder-workspace/.derivedData/Build/Intermediates.noindex/ReflectionView.build/Debug-watchos/ReflectionView-t.build/DerivedSources-normal/arm64_32 -Xcc -I/Users/admin/builder/spi-builder-workspace/.derivedData/Build/Intermediates.noindex/ReflectionView.build/Debug-watchos/ReflectionView-t.build/DerivedSources/arm64_32 -Xcc -I/Users/admin/builder/spi-builder-workspace/.derivedData/Build/Intermediates.noindex/ReflectionView.build/Debug-watchos/ReflectionView-t.build/DerivedSources -Xcc -DSWIFT_PACKAGE -Xcc -DDEBUG\=1 -emit-objc-header -emit-objc-header-path /Users/admin/builder/spi-builder-workspace/.derivedData/Build/Intermediates.noindex/ReflectionView.build/Debug-watchos/ReflectionView-t.build/Objects-normal/arm64_32/ReflectionView-Swift.h -working-directory /Users/admin/builder/spi-builder-workspace/.swiftpm/xcode -experimental-emit-module-separately -disable-cmo
SwiftDriverJobDiscovery normal arm64_32 Compiling PreviewWorkaround.swift (in target 'SwiftUIColor' from project 'SwiftUIColor')
SwiftDriverJobDiscovery normal arm64 Compiling PreviewWorkaround.swift (in target 'SwiftUIColor' from project 'SwiftUIColor')
SwiftDriver\ Compilation SwiftUIColor normal arm64 com.apple.xcode.tools.swift.compiler (in target 'SwiftUIColor' from project 'SwiftUIColor')
cd /Users/admin/builder/spi-builder-workspace/.swiftpm/xcode
builtin-Swift-Compilation -- /Applications/Xcode-27.0.0-Release.Candidate.app/Contents/Developer/Toolchains/XcodeDefault.xctoolchain/usr/bin/swiftc -parse-as-library -module-name SwiftUIColor -Onone @/Users/admin/builder/spi-builder-workspace/.derivedData/Build/Intermediates.noindex/SwiftUIColor.build/Debug-watchos/SwiftUIColor-t.build/Objects-normal/arm64/SwiftUIColor.SwiftFileList -DSWIFT_PACKAGE -DDEBUG -DSWIFT_MODULE_RESOURCE_BUNDLE_AVAILABLE -DXcode -plugin-path /Applications/Xcode-27.0.0-Release.Candidate.app/Contents/Developer/Toolchains/XcodeDefault.xctoolchain/usr/lib/swift/host/plugins/testing -enable-experimental-feature DebugDescriptionMacro -sdk /Applications/Xcode-27.0.0-Release.Candidate.app/Contents/Developer/Platforms/WatchOS.platform/Developer/SDKs/WatchOS27.0.sdk -target arm64-apple-watchos9.0 -g -module-cache-path /Users/admin/builder/spi-builder-workspace/.derivedData/ModuleCache.noindex -Xfrontend -serialize-debugging-options -profile-coverage-mapping -profile-generate -enable-testing -suppress-warnings -index-store-path /Users/admin/builder/spi-builder-workspace/.derivedData/Index.noindex/DataStore -Xcc -D_LIBCPP_HARDENING_MODE\=_LIBCPP_HARDENING_MODE_DEBUG -swift-version 5 -I /Users/admin/builder/spi-builder-workspace/.derivedData/Build/Products/Debug-watchos -Isystem /Applications/Xcode-27.0.0-Release.Candidate.app/Contents/Developer/Platforms/WatchOS.platform/Developer/usr/lib -F /Users/admin/builder/spi-builder-workspace/.derivedData/Build/Products/Debug-watchos -F /Applications/Xcode-27.0.0-Release.Candidate.app/Contents/Developer/Platforms/WatchOS.platform/Developer/Library/Frameworks -F /Applications/Xcode-27.0.0-Release.Candidate.app/Contents/Developer/Platforms/WatchOS.platform/Developer/SDKs/WatchOS27.0.sdk/Developer/Library/Frameworks -c -j10 -enable-batch-mode -incremental -Xcc -ivfsstatcache -Xcc /Users/admin/builder/spi-builder-workspace/.derivedData/SDKStatCaches.noindex/watchos27.0-24R360-e829b21a6f8c9b70876ba0858053c04477534ef55a1706bf4c1112bbb242f0a2.sdkstatcache -output-file-map /Users/admin/builder/spi-builder-workspace/.derivedData/Build/Intermediates.noindex/SwiftUIColor.build/Debug-watchos/SwiftUIColor-t.build/Objects-normal/arm64/SwiftUIColor-OutputFileMap.json -save-temps -no-color-diagnostics -explicit-module-build -module-cache-path /Users/admin/builder/spi-builder-workspace/.derivedData/Build/Intermediates.noindex/SwiftExplicitPrecompiledModules -clang-scanner-module-cache-path /Users/admin/builder/spi-builder-workspace/.derivedData/ModuleCache.noindex -sdk-module-cache-path /Users/admin/builder/spi-builder-workspace/.derivedData/SDKExplicitPrecompiledModules -emit-dependencies -emit-module -emit-module-path /Users/admin/builder/spi-builder-workspace/.derivedData/Build/Intermediates.noindex/SwiftUIColor.build/Debug-watchos/SwiftUIColor-t.build/Objects-normal/arm64/SwiftUIColor.swiftmodule -serialize-diagnostics -dependency-scan-serialize-diagnostics-path /Users/admin/builder/spi-builder-workspace/.derivedData/Build/Intermediates.noindex/SwiftUIColor.build/Debug-watchos/SwiftUIColor-t.build/Objects-normal/arm64/SwiftUIColor-dependency-scan.dia -validate-clang-modules-once -clang-build-session-file /Users/admin/builder/spi-builder-workspace/.derivedData/ModuleCache.noindex/Session.modulevalidation -Xcc -fmodules-prune-interval\=86400 -Xcc -fmodules-prune-after\=345600 -emit-const-values -const-gather-protocols-list /Users/admin/builder/spi-builder-workspace/.derivedData/Build/Intermediates.noindex/SwiftUIColor.build/Debug-watchos/SwiftUIColor-t.build/Objects-normal/arm64/SwiftUIColor_const_extract_protocols.json -Xcc -I/Users/admin/builder/spi-builder-workspace/.derivedData/Build/Products/Debug-watchos/include -Xcc -I/Users/admin/builder/spi-builder-workspace/.derivedData/Build/Intermediates.noindex/SwiftUIColor.build/Debug-watchos/SwiftUIColor-t.build/DerivedSources-normal/arm64 -Xcc -I/Users/admin/builder/spi-builder-workspace/.derivedData/Build/Intermediates.noindex/SwiftUIColor.build/Debug-watchos/SwiftUIColor-t.build/DerivedSources/arm64 -Xcc -I/Users/admin/builder/spi-builder-workspace/.derivedData/Build/Intermediates.noindex/SwiftUIColor.build/Debug-watchos/SwiftUIColor-t.build/DerivedSources -Xcc -DSWIFT_PACKAGE -Xcc -DDEBUG\=1 -emit-objc-header -emit-objc-header-path /Users/admin/builder/spi-builder-workspace/.derivedData/Build/Intermediates.noindex/SwiftUIColor.build/Debug-watchos/SwiftUIColor-t.build/Objects-normal/arm64/SwiftUIColor-Swift.h -working-directory /Users/admin/builder/spi-builder-workspace/.swiftpm/xcode -experimental-emit-module-separately -disable-cmo
ExtractAppIntentsMetadata (in target 'MagicMirror' from project 'MagicMirror')
cd /Users/admin/builder/spi-builder-workspace/.dependencies/checkouts/swift-magic-mirror
/Applications/Xcode-27.0.0-Release.Candidate.app/Contents/Developer/Toolchains/XcodeDefault.xctoolchain/usr/bin/appintentsmetadataprocessor --toolchain-dir /var/run/com.apple.security.cryptexd/mnt/com.apple.MobileAsset.MetalToolchain-v27.1.266.1.frGkBo/Metal.xctoolchain --module-name MagicMirror --sdk-root /Applications/Xcode-27.0.0-Release.Candidate.app/Contents/Developer/Platforms/WatchOS.platform/Developer/SDKs/WatchOS27.0.sdk --xcode-version 27A266a --platform-family watchOS --deployment-target 9.0 --bundle-identifier swift-magic-mirror.MagicMirror --output /Users/admin/builder/spi-builder-workspace/.derivedData/Build/Products/Debug-watchos/MagicMirror.appintents --target-triple arm64-apple-watchos9.0 --target-triple arm64_32-apple-watchos9.0 --binary-file /Users/admin/builder/spi-builder-workspace/.derivedData/Build/Products/Debug-watchos/MagicMirror.o --dependency-file /Users/admin/builder/spi-builder-workspace/.derivedData/Build/Intermediates.noindex/MagicMirror.build/Debug-watchos/MagicMirror-t.build/Objects-normal/arm64/MagicMirror_dependency_info.dat --dependency-file /Users/admin/builder/spi-builder-workspace/.derivedData/Build/Intermediates.noindex/MagicMirror.build/Debug-watchos/MagicMirror-t.build/Objects-normal/arm64_32/MagicMirror_dependency_info.dat --stringsdata-file /Users/admin/builder/spi-builder-workspace/.derivedData/Build/Intermediates.noindex/MagicMirror.build/Debug-watchos/MagicMirror-t.build/Objects-normal/arm64/ExtractedAppShortcutsMetadata.stringsdata --stringsdata-file /Users/admin/builder/spi-builder-workspace/.derivedData/Build/Intermediates.noindex/MagicMirror.build/Debug-watchos/MagicMirror-t.build/Objects-normal/arm64_32/ExtractedAppShortcutsMetadata.stringsdata --source-file-list /Users/admin/builder/spi-builder-workspace/.derivedData/Build/Intermediates.noindex/MagicMirror.build/Debug-watchos/MagicMirror-t.build/Objects-normal/arm64/MagicMirror.SwiftFileList --source-file-list /Users/admin/builder/spi-builder-workspace/.derivedData/Build/Intermediates.noindex/MagicMirror.build/Debug-watchos/MagicMirror-t.build/Objects-normal/arm64_32/MagicMirror.SwiftFileList --metadata-file-list /Users/admin/builder/spi-builder-workspace/.derivedData/Build/Intermediates.noindex/MagicMirror.build/Debug-watchos/MagicMirror-t.build/MagicMirror.DependencyMetadataFileList --static-metadata-file-list /Users/admin/builder/spi-builder-workspace/.derivedData/Build/Intermediates.noindex/MagicMirror.build/Debug-watchos/MagicMirror-t.build/MagicMirror.DependencyStaticMetadataFileList --swift-const-vals-list /Users/admin/builder/spi-builder-workspace/.derivedData/Build/Intermediates.noindex/MagicMirror.build/Debug-watchos/MagicMirror-t.build/Objects-normal/arm64/MagicMirror.SwiftConstValuesFileList --swift-const-vals-list /Users/admin/builder/spi-builder-workspace/.derivedData/Build/Intermediates.noindex/MagicMirror.build/Debug-watchos/MagicMirror-t.build/Objects-normal/arm64_32/MagicMirror.SwiftConstValuesFileList --force --compile-time-extraction --deployment-aware-processing --no-app-shortcuts-localization
2026-09-22 19:50:01.751 appintentsmetadataprocessor[1022:5759] Starting appintentsmetadataprocessor export
2026-09-22 19:50:01.877 appintentsmetadataprocessor[1022:5759] Extracted no relevant App Intents symbols, skipping writing output
Ld /Users/admin/builder/spi-builder-workspace/.derivedData/Build/Intermediates.noindex/SwiftUIColor.build/Debug-watchos/SwiftUIColor-t.build/Objects-normal/arm64/Binary/SwiftUIColor.o normal arm64 (in target 'SwiftUIColor' from project 'SwiftUIColor')
cd /Users/admin/builder/spi-builder-workspace/.dependencies/checkouts/SwiftUIColor
/Applications/Xcode-27.0.0-Release.Candidate.app/Contents/Developer/Toolchains/XcodeDefault.xctoolchain/usr/bin/clang -Xlinker -reproducible -target arm64-apple-watchos9.0 -r -isysroot /Applications/Xcode-27.0.0-Release.Candidate.app/Contents/Developer/Platforms/WatchOS.platform/Developer/SDKs/WatchOS27.0.sdk -O0 -w -Xlinker -no_warn_duplicate_libraries -F/Users/admin/builder/spi-builder-workspace/.derivedData/Build/Intermediates.noindex/EagerLinkingTBDs/Debug-watchos -F/Users/admin/builder/spi-builder-workspace/.derivedData/Build/Products/Debug-watchos -iframework /Applications/Xcode-27.0.0-Release.Candidate.app/Contents/Developer/Platforms/WatchOS.platform/Developer/Library/Frameworks -iframework /Applications/Xcode-27.0.0-Release.Candidate.app/Contents/Developer/Platforms/WatchOS.platform/Developer/SDKs/WatchOS27.0.sdk/Developer/Library/Frameworks -filelist /Users/admin/builder/spi-builder-workspace/.derivedData/Build/Intermediates.noindex/SwiftUIColor.build/Debug-watchos/SwiftUIColor-t.build/Objects-normal/arm64/SwiftUIColor.LinkFileList -nostdlib -Xlinker -object_path_lto -Xlinker /Users/admin/builder/spi-builder-workspace/.derivedData/Build/Intermediates.noindex/SwiftUIColor.build/Debug-watchos/SwiftUIColor-t.build/Objects-normal/arm64/SwiftUIColor_lto.o -Xlinker -no_deduplicate -Xlinker -debug_variant -Xlinker -dependency_info -Xlinker /Users/admin/builder/spi-builder-workspace/.derivedData/Build/Intermediates.noindex/SwiftUIColor.build/Debug-watchos/SwiftUIColor-t.build/Objects-normal/arm64/SwiftUIColor_dependency_info.dat -fobjc-link-runtime -L/Applications/Xcode-27.0.0-Release.Candidate.app/Contents/Developer/Toolchains/XcodeDefault.xctoolchain/usr/lib/swift/watchos -L/usr/lib/swift -Xlinker -add_ast_path -Xlinker /Users/admin/builder/spi-builder-workspace/.derivedData/Build/Intermediates.noindex/SwiftUIColor.build/Debug-watchos/SwiftUIColor-t.build/Objects-normal/arm64/SwiftUIColor.swiftmodule -o /Users/admin/builder/spi-builder-workspace/.derivedData/Build/Intermediates.noindex/SwiftUIColor.build/Debug-watchos/SwiftUIColor-t.build/Objects-normal/arm64/Binary/SwiftUIColor.o
SwiftDriverJobDiscovery normal arm64_32 Compiling Color+tvOS.swift (in target 'SwiftUIColor' from project 'SwiftUIColor')
SwiftDriverJobDiscovery normal arm64_32 Compiling Color+iOS.swift (in target 'SwiftUIColor' from project 'SwiftUIColor')
SwiftDriverJobDiscovery normal arm64_32 Compiling Color+visionOS.swift (in target 'SwiftUIColor' from project 'SwiftUIColor')
SwiftDriverJobDiscovery normal arm64_32 Compiling Color+macOS.swift (in target 'SwiftUIColor' from project 'SwiftUIColor')
SwiftDriver\ Compilation SwiftUIColor normal arm64_32 com.apple.xcode.tools.swift.compiler (in target 'SwiftUIColor' from project 'SwiftUIColor')
cd /Users/admin/builder/spi-builder-workspace/.swiftpm/xcode
builtin-Swift-Compilation -- /Applications/Xcode-27.0.0-Release.Candidate.app/Contents/Developer/Toolchains/XcodeDefault.xctoolchain/usr/bin/swiftc -parse-as-library -module-name SwiftUIColor -Onone @/Users/admin/builder/spi-builder-workspace/.derivedData/Build/Intermediates.noindex/SwiftUIColor.build/Debug-watchos/SwiftUIColor-t.build/Objects-normal/arm64_32/SwiftUIColor.SwiftFileList -DSWIFT_PACKAGE -DDEBUG -DSWIFT_MODULE_RESOURCE_BUNDLE_AVAILABLE -DXcode -plugin-path /Applications/Xcode-27.0.0-Release.Candidate.app/Contents/Developer/Toolchains/XcodeDefault.xctoolchain/usr/lib/swift/host/plugins/testing -enable-experimental-feature DebugDescriptionMacro -sdk /Applications/Xcode-27.0.0-Release.Candidate.app/Contents/Developer/Platforms/WatchOS.platform/Developer/SDKs/WatchOS27.0.sdk -target arm64_32-apple-watchos9.0 -g -module-cache-path /Users/admin/builder/spi-builder-workspace/.derivedData/ModuleCache.noindex -Xfrontend -serialize-debugging-options -profile-coverage-mapping -profile-generate -enable-testing -suppress-warnings -index-store-path /Users/admin/builder/spi-builder-workspace/.derivedData/Index.noindex/DataStore -Xcc -D_LIBCPP_HARDENING_MODE\=_LIBCPP_HARDENING_MODE_DEBUG -swift-version 5 -I /Users/admin/builder/spi-builder-workspace/.derivedData/Build/Products/Debug-watchos -Isystem /Applications/Xcode-27.0.0-Release.Candidate.app/Contents/Developer/Platforms/WatchOS.platform/Developer/usr/lib -F /Users/admin/builder/spi-builder-workspace/.derivedData/Build/Products/Debug-watchos -F /Applications/Xcode-27.0.0-Release.Candidate.app/Contents/Developer/Platforms/WatchOS.platform/Developer/Library/Frameworks -F /Applications/Xcode-27.0.0-Release.Candidate.app/Contents/Developer/Platforms/WatchOS.platform/Developer/SDKs/WatchOS27.0.sdk/Developer/Library/Frameworks -c -j10 -enable-batch-mode -incremental -Xcc -ivfsstatcache -Xcc /Users/admin/builder/spi-builder-workspace/.derivedData/SDKStatCaches.noindex/watchos27.0-24R360-e829b21a6f8c9b70876ba0858053c04477534ef55a1706bf4c1112bbb242f0a2.sdkstatcache -output-file-map /Users/admin/builder/spi-builder-workspace/.derivedData/Build/Intermediates.noindex/SwiftUIColor.build/Debug-watchos/SwiftUIColor-t.build/Objects-normal/arm64_32/SwiftUIColor-OutputFileMap.json -save-temps -no-color-diagnostics -explicit-module-build -module-cache-path /Users/admin/builder/spi-builder-workspace/.derivedData/Build/Intermediates.noindex/SwiftExplicitPrecompiledModules -clang-scanner-module-cache-path /Users/admin/builder/spi-builder-workspace/.derivedData/ModuleCache.noindex -sdk-module-cache-path /Users/admin/builder/spi-builder-workspace/.derivedData/SDKExplicitPrecompiledModules -emit-dependencies -emit-module -emit-module-path /Users/admin/builder/spi-builder-workspace/.derivedData/Build/Intermediates.noindex/SwiftUIColor.build/Debug-watchos/SwiftUIColor-t.build/Objects-normal/arm64_32/SwiftUIColor.swiftmodule -serialize-diagnostics -dependency-scan-serialize-diagnostics-path /Users/admin/builder/spi-builder-workspace/.derivedData/Build/Intermediates.noindex/SwiftUIColor.build/Debug-watchos/SwiftUIColor-t.build/Objects-normal/arm64_32/SwiftUIColor-dependency-scan.dia -validate-clang-modules-once -clang-build-session-file /Users/admin/builder/spi-builder-workspace/.derivedData/ModuleCache.noindex/Session.modulevalidation -Xcc -fmodules-prune-interval\=86400 -Xcc -fmodules-prune-after\=345600 -emit-const-values -const-gather-protocols-list /Users/admin/builder/spi-builder-workspace/.derivedData/Build/Intermediates.noindex/SwiftUIColor.build/Debug-watchos/SwiftUIColor-t.build/Objects-normal/arm64_32/SwiftUIColor_const_extract_protocols.json -Xcc -I/Users/admin/builder/spi-builder-workspace/.derivedData/Build/Products/Debug-watchos/include -Xcc -I/Users/admin/builder/spi-builder-workspace/.derivedData/Build/Intermediates.noindex/SwiftUIColor.build/Debug-watchos/SwiftUIColor-t.build/DerivedSources-normal/arm64_32 -Xcc -I/Users/admin/builder/spi-builder-workspace/.derivedData/Build/Intermediates.noindex/SwiftUIColor.build/Debug-watchos/SwiftUIColor-t.build/DerivedSources/arm64_32 -Xcc -I/Users/admin/builder/spi-builder-workspace/.derivedData/Build/Intermediates.noindex/SwiftUIColor.build/Debug-watchos/SwiftUIColor-t.build/DerivedSources -Xcc -DSWIFT_PACKAGE -Xcc -DDEBUG\=1 -emit-objc-header -emit-objc-header-path /Users/admin/builder/spi-builder-workspace/.derivedData/Build/Intermediates.noindex/SwiftUIColor.build/Debug-watchos/SwiftUIColor-t.build/Objects-normal/arm64_32/SwiftUIColor-Swift.h -working-directory /Users/admin/builder/spi-builder-workspace/.swiftpm/xcode -experimental-emit-module-separately -disable-cmo
Ld /Users/admin/builder/spi-builder-workspace/.derivedData/Build/Intermediates.noindex/SwiftUIColor.build/Debug-watchos/SwiftUIColor-t.build/Objects-normal/arm64_32/Binary/SwiftUIColor.o normal arm64_32 (in target 'SwiftUIColor' from project 'SwiftUIColor')
cd /Users/admin/builder/spi-builder-workspace/.dependencies/checkouts/SwiftUIColor
/Applications/Xcode-27.0.0-Release.Candidate.app/Contents/Developer/Toolchains/XcodeDefault.xctoolchain/usr/bin/clang -Xlinker -reproducible -target arm64_32-apple-watchos9.0 -r -isysroot /Applications/Xcode-27.0.0-Release.Candidate.app/Contents/Developer/Platforms/WatchOS.platform/Developer/SDKs/WatchOS27.0.sdk -O0 -w -Xlinker -no_warn_duplicate_libraries -F/Users/admin/builder/spi-builder-workspace/.derivedData/Build/Intermediates.noindex/EagerLinkingTBDs/Debug-watchos -F/Users/admin/builder/spi-builder-workspace/.derivedData/Build/Products/Debug-watchos -iframework /Applications/Xcode-27.0.0-Release.Candidate.app/Contents/Developer/Platforms/WatchOS.platform/Developer/Library/Frameworks -iframework /Applications/Xcode-27.0.0-Release.Candidate.app/Contents/Developer/Platforms/WatchOS.platform/Developer/SDKs/WatchOS27.0.sdk/Developer/Library/Frameworks -filelist /Users/admin/builder/spi-builder-workspace/.derivedData/Build/Intermediates.noindex/SwiftUIColor.build/Debug-watchos/SwiftUIColor-t.build/Objects-normal/arm64_32/SwiftUIColor.LinkFileList -nostdlib -Xlinker -object_path_lto -Xlinker /Users/admin/builder/spi-builder-workspace/.derivedData/Build/Intermediates.noindex/SwiftUIColor.build/Debug-watchos/SwiftUIColor-t.build/Objects-normal/arm64_32/SwiftUIColor_lto.o -Xlinker -no_deduplicate -Xlinker -debug_variant -Xlinker -dependency_info -Xlinker /Users/admin/builder/spi-builder-workspace/.derivedData/Build/Intermediates.noindex/SwiftUIColor.build/Debug-watchos/SwiftUIColor-t.build/Objects-normal/arm64_32/SwiftUIColor_dependency_info.dat -fobjc-link-runtime -L/Applications/Xcode-27.0.0-Release.Candidate.app/Contents/Developer/Toolchains/XcodeDefault.xctoolchain/usr/lib/swift/watchos -L/usr/lib/swift -Xlinker -add_ast_path -Xlinker /Users/admin/builder/spi-builder-workspace/.derivedData/Build/Intermediates.noindex/SwiftUIColor.build/Debug-watchos/SwiftUIColor-t.build/Objects-normal/arm64_32/SwiftUIColor.swiftmodule -o /Users/admin/builder/spi-builder-workspace/.derivedData/Build/Intermediates.noindex/SwiftUIColor.build/Debug-watchos/SwiftUIColor-t.build/Objects-normal/arm64_32/Binary/SwiftUIColor.o
CreateUniversalBinary /Users/admin/builder/spi-builder-workspace/.derivedData/Build/Products/Debug-watchos/SwiftUIColor.o normal arm64\ arm64_32 (in target 'SwiftUIColor' from project 'SwiftUIColor')
cd /Users/admin/builder/spi-builder-workspace/.dependencies/checkouts/SwiftUIColor
/Applications/Xcode-27.0.0-Release.Candidate.app/Contents/Developer/Toolchains/XcodeDefault.xctoolchain/usr/bin/lipo -create /Users/admin/builder/spi-builder-workspace/.derivedData/Build/Intermediates.noindex/SwiftUIColor.build/Debug-watchos/SwiftUIColor-t.build/Objects-normal/arm64/Binary/SwiftUIColor.o /Users/admin/builder/spi-builder-workspace/.derivedData/Build/Intermediates.noindex/SwiftUIColor.build/Debug-watchos/SwiftUIColor-t.build/Objects-normal/arm64_32/Binary/SwiftUIColor.o -output /Users/admin/builder/spi-builder-workspace/.derivedData/Build/Products/Debug-watchos/SwiftUIColor.o
ExtractAppIntentsMetadata (in target 'SwiftUIColor' from project 'SwiftUIColor')
cd /Users/admin/builder/spi-builder-workspace/.dependencies/checkouts/SwiftUIColor
/Applications/Xcode-27.0.0-Release.Candidate.app/Contents/Developer/Toolchains/XcodeDefault.xctoolchain/usr/bin/appintentsmetadataprocessor --toolchain-dir /var/run/com.apple.security.cryptexd/mnt/com.apple.MobileAsset.MetalToolchain-v27.1.266.1.frGkBo/Metal.xctoolchain --module-name SwiftUIColor --sdk-root /Applications/Xcode-27.0.0-Release.Candidate.app/Contents/Developer/Platforms/WatchOS.platform/Developer/SDKs/WatchOS27.0.sdk --xcode-version 27A266a --platform-family watchOS --deployment-target 9.0 --bundle-identifier swiftuicolor.SwiftUIColor --output /Users/admin/builder/spi-builder-workspace/.derivedData/Build/Products/Debug-watchos/SwiftUIColor.appintents --target-triple arm64-apple-watchos9.0 --target-triple arm64_32-apple-watchos9.0 --binary-file /Users/admin/builder/spi-builder-workspace/.derivedData/Build/Products/Debug-watchos/SwiftUIColor.o --dependency-file /Users/admin/builder/spi-builder-workspace/.derivedData/Build/Intermediates.noindex/SwiftUIColor.build/Debug-watchos/SwiftUIColor-t.build/Objects-normal/arm64/SwiftUIColor_dependency_info.dat --dependency-file /Users/admin/builder/spi-builder-workspace/.derivedData/Build/Intermediates.noindex/SwiftUIColor.build/Debug-watchos/SwiftUIColor-t.build/Objects-normal/arm64_32/SwiftUIColor_dependency_info.dat --stringsdata-file /Users/admin/builder/spi-builder-workspace/.derivedData/Build/Intermediates.noindex/SwiftUIColor.build/Debug-watchos/SwiftUIColor-t.build/Objects-normal/arm64/ExtractedAppShortcutsMetadata.stringsdata --stringsdata-file /Users/admin/builder/spi-builder-workspace/.derivedData/Build/Intermediates.noindex/SwiftUIColor.build/Debug-watchos/SwiftUIColor-t.build/Objects-normal/arm64_32/ExtractedAppShortcutsMetadata.stringsdata --source-file-list /Users/admin/builder/spi-builder-workspace/.derivedData/Build/Intermediates.noindex/SwiftUIColor.build/Debug-watchos/SwiftUIColor-t.build/Objects-normal/arm64/SwiftUIColor.SwiftFileList --source-file-list /Users/admin/builder/spi-builder-workspace/.derivedData/Build/Intermediates.noindex/SwiftUIColor.build/Debug-watchos/SwiftUIColor-t.build/Objects-normal/arm64_32/SwiftUIColor.SwiftFileList --metadata-file-list /Users/admin/builder/spi-builder-workspace/.derivedData/Build/Intermediates.noindex/SwiftUIColor.build/Debug-watchos/SwiftUIColor-t.build/SwiftUIColor.DependencyMetadataFileList --static-metadata-file-list /Users/admin/builder/spi-builder-workspace/.derivedData/Build/Intermediates.noindex/SwiftUIColor.build/Debug-watchos/SwiftUIColor-t.build/SwiftUIColor.DependencyStaticMetadataFileList --swift-const-vals-list /Users/admin/builder/spi-builder-workspace/.derivedData/Build/Intermediates.noindex/SwiftUIColor.build/Debug-watchos/SwiftUIColor-t.build/Objects-normal/arm64/SwiftUIColor.SwiftConstValuesFileList --swift-const-vals-list /Users/admin/builder/spi-builder-workspace/.derivedData/Build/Intermediates.noindex/SwiftUIColor.build/Debug-watchos/SwiftUIColor-t.build/Objects-normal/arm64_32/SwiftUIColor.SwiftConstValuesFileList --force --compile-time-extraction --deployment-aware-processing --no-app-shortcuts-localization
2026-09-22 19:50:01.858 appintentsmetadataprocessor[1028:5862] Starting appintentsmetadataprocessor export
2026-09-22 19:50:01.929 appintentsmetadataprocessor[1028:5862] Extracted no relevant App Intents symbols, skipping writing output
SwiftDriverJobDiscovery normal arm64_32 Compiling String+.swift (in target 'Reflection' from project 'ReflectionView')
SwiftDriverJobDiscovery normal arm64_32 Compiling Reflection.swift (in target 'Reflection' from project 'ReflectionView')
SwiftDriver\ Compilation Reflection normal arm64_32 com.apple.xcode.tools.swift.compiler (in target 'Reflection' from project 'ReflectionView')
cd /Users/admin/builder/spi-builder-workspace/.swiftpm/xcode
builtin-Swift-Compilation -- /Applications/Xcode-27.0.0-Release.Candidate.app/Contents/Developer/Toolchains/XcodeDefault.xctoolchain/usr/bin/swiftc -parse-as-library -module-name Reflection -Onone @/Users/admin/builder/spi-builder-workspace/.derivedData/Build/Intermediates.noindex/ReflectionView.build/Debug-watchos/Reflection-t.build/Objects-normal/arm64_32/Reflection.SwiftFileList -DSWIFT_PACKAGE -DDEBUG -DSWIFT_MODULE_RESOURCE_BUNDLE_UNAVAILABLE -DXcode -plugin-path /Applications/Xcode-27.0.0-Release.Candidate.app/Contents/Developer/Toolchains/XcodeDefault.xctoolchain/usr/lib/swift/host/plugins/testing -enable-experimental-feature DebugDescriptionMacro -sdk /Applications/Xcode-27.0.0-Release.Candidate.app/Contents/Developer/Platforms/WatchOS.platform/Developer/SDKs/WatchOS27.0.sdk -target arm64_32-apple-watchos9.0 -g -module-cache-path /Users/admin/builder/spi-builder-workspace/.derivedData/ModuleCache.noindex -Xfrontend -serialize-debugging-options -profile-coverage-mapping -profile-generate -enable-testing -suppress-warnings -index-store-path /Users/admin/builder/spi-builder-workspace/.derivedData/Index.noindex/DataStore -Xcc -D_LIBCPP_HARDENING_MODE\=_LIBCPP_HARDENING_MODE_DEBUG -swift-version 5 -I /Users/admin/builder/spi-builder-workspace/.derivedData/Build/Products/Debug-watchos -Isystem /Applications/Xcode-27.0.0-Release.Candidate.app/Contents/Developer/Platforms/WatchOS.platform/Developer/usr/lib -F /Users/admin/builder/spi-builder-workspace/.derivedData/Build/Products/Debug-watchos/PackageFrameworks -F /Users/admin/builder/spi-builder-workspace/.derivedData/Build/Products/Debug-watchos -F /Applications/Xcode-27.0.0-Release.Candidate.app/Contents/Developer/Platforms/WatchOS.platform/Developer/Library/Frameworks -F /Applications/Xcode-27.0.0-Release.Candidate.app/Contents/Developer/Platforms/WatchOS.platform/Developer/SDKs/WatchOS27.0.sdk/Developer/Library/Frameworks -c -j10 -enable-batch-mode -incremental -Xcc -ivfsstatcache -Xcc /Users/admin/builder/spi-builder-workspace/.derivedData/SDKStatCaches.noindex/watchos27.0-24R360-e829b21a6f8c9b70876ba0858053c04477534ef55a1706bf4c1112bbb242f0a2.sdkstatcache -output-file-map /Users/admin/builder/spi-builder-workspace/.derivedData/Build/Intermediates.noindex/ReflectionView.build/Debug-watchos/Reflection-t.build/Objects-normal/arm64_32/Reflection-OutputFileMap.json -save-temps -no-color-diagnostics -explicit-module-build -module-cache-path /Users/admin/builder/spi-builder-workspace/.derivedData/Build/Intermediates.noindex/SwiftExplicitPrecompiledModules -clang-scanner-module-cache-path /Users/admin/builder/spi-builder-workspace/.derivedData/ModuleCache.noindex -sdk-module-cache-path /Users/admin/builder/spi-builder-workspace/.derivedData/SDKExplicitPrecompiledModules -emit-dependencies -emit-module -emit-module-path /Users/admin/builder/spi-builder-workspace/.derivedData/Build/Intermediates.noindex/ReflectionView.build/Debug-watchos/Reflection-t.build/Objects-normal/arm64_32/Reflection.swiftmodule -serialize-diagnostics -dependency-scan-serialize-diagnostics-path /Users/admin/builder/spi-builder-workspace/.derivedData/Build/Intermediates.noindex/ReflectionView.build/Debug-watchos/Reflection-t.build/Objects-normal/arm64_32/Reflection-dependency-scan.dia -validate-clang-modules-once -clang-build-session-file /Users/admin/builder/spi-builder-workspace/.derivedData/ModuleCache.noindex/Session.modulevalidation -Xcc -fmodules-prune-interval\=86400 -Xcc -fmodules-prune-after\=345600 -package-name swiftui_reflection_view -emit-const-values -const-gather-protocols-list /Users/admin/builder/spi-builder-workspace/.derivedData/Build/Intermediates.noindex/ReflectionView.build/Debug-watchos/Reflection-t.build/Objects-normal/arm64_32/Reflection_const_extract_protocols.json -Xcc -I/Users/admin/builder/spi-builder-workspace/.derivedData/Build/Products/Debug-watchos/include -Xcc -I/Users/admin/builder/spi-builder-workspace/.derivedData/Build/Intermediates.noindex/ReflectionView.build/Debug-watchos/Reflection-t.build/DerivedSources-normal/arm64_32 -Xcc -I/Users/admin/builder/spi-builder-workspace/.derivedData/Build/Intermediates.noindex/ReflectionView.build/Debug-watchos/Reflection-t.build/DerivedSources/arm64_32 -Xcc -I/Users/admin/builder/spi-builder-workspace/.derivedData/Build/Intermediates.noindex/ReflectionView.build/Debug-watchos/Reflection-t.build/DerivedSources -Xcc -DSWIFT_PACKAGE -Xcc -DDEBUG\=1 -emit-objc-header -emit-objc-header-path /Users/admin/builder/spi-builder-workspace/.derivedData/Build/Intermediates.noindex/ReflectionView.build/Debug-watchos/Reflection-t.build/Objects-normal/arm64_32/Reflection-Swift.h -working-directory /Users/admin/builder/spi-builder-workspace/.swiftpm/xcode -experimental-emit-module-separately -disable-cmo
Ld /Users/admin/builder/spi-builder-workspace/.derivedData/Build/Intermediates.noindex/ReflectionView.build/Debug-watchos/Reflection-t.build/Objects-normal/arm64_32/Binary/Reflection.o normal arm64_32 (in target 'Reflection' from project 'ReflectionView')
cd /Users/admin/builder/spi-builder-workspace/.dependencies/checkouts/swiftui-reflection-view
/Applications/Xcode-27.0.0-Release.Candidate.app/Contents/Developer/Toolchains/XcodeDefault.xctoolchain/usr/bin/clang -Xlinker -reproducible -target arm64_32-apple-watchos9.0 -r -isysroot /Applications/Xcode-27.0.0-Release.Candidate.app/Contents/Developer/Platforms/WatchOS.platform/Developer/SDKs/WatchOS27.0.sdk -O0 -w -Xlinker -no_warn_duplicate_libraries -F/Users/admin/builder/spi-builder-workspace/.derivedData/Build/Intermediates.noindex/EagerLinkingTBDs/Debug-watchos -F/Users/admin/builder/spi-builder-workspace/.derivedData/Build/Products/Debug-watchos/PackageFrameworks -F/Users/admin/builder/spi-builder-workspace/.derivedData/Build/Products/Debug-watchos -iframework /Applications/Xcode-27.0.0-Release.Candidate.app/Contents/Developer/Platforms/WatchOS.platform/Developer/Library/Frameworks -iframework /Applications/Xcode-27.0.0-Release.Candidate.app/Contents/Developer/Platforms/WatchOS.platform/Developer/SDKs/WatchOS27.0.sdk/Developer/Library/Frameworks -filelist /Users/admin/builder/spi-builder-workspace/.derivedData/Build/Intermediates.noindex/ReflectionView.build/Debug-watchos/Reflection-t.build/Objects-normal/arm64_32/Reflection.LinkFileList -nostdlib -Xlinker -object_path_lto -Xlinker /Users/admin/builder/spi-builder-workspace/.derivedData/Build/Intermediates.noindex/ReflectionView.build/Debug-watchos/Reflection-t.build/Objects-normal/arm64_32/Reflection_lto.o -Xlinker -no_deduplicate -Xlinker -debug_variant -Xlinker -dependency_info -Xlinker /Users/admin/builder/spi-builder-workspace/.derivedData/Build/Intermediates.noindex/ReflectionView.build/Debug-watchos/Reflection-t.build/Objects-normal/arm64_32/Reflection_dependency_info.dat -fobjc-link-runtime -L/Applications/Xcode-27.0.0-Release.Candidate.app/Contents/Developer/Toolchains/XcodeDefault.xctoolchain/usr/lib/swift/watchos -L/usr/lib/swift -Xlinker -add_ast_path -Xlinker /Users/admin/builder/spi-builder-workspace/.derivedData/Build/Intermediates.noindex/ReflectionView.build/Debug-watchos/Reflection-t.build/Objects-normal/arm64_32/Reflection.swiftmodule -o /Users/admin/builder/spi-builder-workspace/.derivedData/Build/Intermediates.noindex/ReflectionView.build/Debug-watchos/Reflection-t.build/Objects-normal/arm64_32/Binary/Reflection.o
Ld /Users/admin/builder/spi-builder-workspace/.derivedData/Build/Intermediates.noindex/ReflectionView.build/Debug-watchos/Reflection-t.build/Objects-normal/arm64/Binary/Reflection.o normal arm64 (in target 'Reflection' from project 'ReflectionView')
cd /Users/admin/builder/spi-builder-workspace/.dependencies/checkouts/swiftui-reflection-view
/Applications/Xcode-27.0.0-Release.Candidate.app/Contents/Developer/Toolchains/XcodeDefault.xctoolchain/usr/bin/clang -Xlinker -reproducible -target arm64-apple-watchos9.0 -r -isysroot /Applications/Xcode-27.0.0-Release.Candidate.app/Contents/Developer/Platforms/WatchOS.platform/Developer/SDKs/WatchOS27.0.sdk -O0 -w -Xlinker -no_warn_duplicate_libraries -F/Users/admin/builder/spi-builder-workspace/.derivedData/Build/Intermediates.noindex/EagerLinkingTBDs/Debug-watchos -F/Users/admin/builder/spi-builder-workspace/.derivedData/Build/Products/Debug-watchos/PackageFrameworks -F/Users/admin/builder/spi-builder-workspace/.derivedData/Build/Products/Debug-watchos -iframework /Applications/Xcode-27.0.0-Release.Candidate.app/Contents/Developer/Platforms/WatchOS.platform/Developer/Library/Frameworks -iframework /Applications/Xcode-27.0.0-Release.Candidate.app/Contents/Developer/Platforms/WatchOS.platform/Developer/SDKs/WatchOS27.0.sdk/Developer/Library/Frameworks -filelist /Users/admin/builder/spi-builder-workspace/.derivedData/Build/Intermediates.noindex/ReflectionView.build/Debug-watchos/Reflection-t.build/Objects-normal/arm64/Reflection.LinkFileList -nostdlib -Xlinker -object_path_lto -Xlinker /Users/admin/builder/spi-builder-workspace/.derivedData/Build/Intermediates.noindex/ReflectionView.build/Debug-watchos/Reflection-t.build/Objects-normal/arm64/Reflection_lto.o -Xlinker -no_deduplicate -Xlinker -debug_variant -Xlinker -dependency_info -Xlinker /Users/admin/builder/spi-builder-workspace/.derivedData/Build/Intermediates.noindex/ReflectionView.build/Debug-watchos/Reflection-t.build/Objects-normal/arm64/Reflection_dependency_info.dat -fobjc-link-runtime -L/Applications/Xcode-27.0.0-Release.Candidate.app/Contents/Developer/Toolchains/XcodeDefault.xctoolchain/usr/lib/swift/watchos -L/usr/lib/swift -Xlinker -add_ast_path -Xlinker /Users/admin/builder/spi-builder-workspace/.derivedData/Build/Intermediates.noindex/ReflectionView.build/Debug-watchos/Reflection-t.build/Objects-normal/arm64/Reflection.swiftmodule -o /Users/admin/builder/spi-builder-workspace/.derivedData/Build/Intermediates.noindex/ReflectionView.build/Debug-watchos/Reflection-t.build/Objects-normal/arm64/Binary/Reflection.o
CreateUniversalBinary /Users/admin/builder/spi-builder-workspace/.derivedData/Build/Products/Debug-watchos/Reflection.o normal arm64\ arm64_32 (in target 'Reflection' from project 'ReflectionView')
cd /Users/admin/builder/spi-builder-workspace/.dependencies/checkouts/swiftui-reflection-view
/Applications/Xcode-27.0.0-Release.Candidate.app/Contents/Developer/Toolchains/XcodeDefault.xctoolchain/usr/bin/lipo -create /Users/admin/builder/spi-builder-workspace/.derivedData/Build/Intermediates.noindex/ReflectionView.build/Debug-watchos/Reflection-t.build/Objects-normal/arm64/Binary/Reflection.o /Users/admin/builder/spi-builder-workspace/.derivedData/Build/Intermediates.noindex/ReflectionView.build/Debug-watchos/Reflection-t.build/Objects-normal/arm64_32/Binary/Reflection.o -output /Users/admin/builder/spi-builder-workspace/.derivedData/Build/Products/Debug-watchos/Reflection.o
ExtractAppIntentsMetadata (in target 'Reflection' from project 'ReflectionView')
cd /Users/admin/builder/spi-builder-workspace/.dependencies/checkouts/swiftui-reflection-view
/Applications/Xcode-27.0.0-Release.Candidate.app/Contents/Developer/Toolchains/XcodeDefault.xctoolchain/usr/bin/appintentsmetadataprocessor --toolchain-dir /var/run/com.apple.security.cryptexd/mnt/com.apple.MobileAsset.MetalToolchain-v27.1.266.1.frGkBo/Metal.xctoolchain --module-name Reflection --sdk-root /Applications/Xcode-27.0.0-Release.Candidate.app/Contents/Developer/Platforms/WatchOS.platform/Developer/SDKs/WatchOS27.0.sdk --xcode-version 27A266a --platform-family watchOS --deployment-target 9.0 --bundle-identifier swiftui-reflection-view.Reflection --output /Users/admin/builder/spi-builder-workspace/.derivedData/Build/Products/Debug-watchos/Reflection.appintents --target-triple arm64-apple-watchos9.0 --target-triple arm64_32-apple-watchos9.0 --binary-file /Users/admin/builder/spi-builder-workspace/.derivedData/Build/Products/Debug-watchos/Reflection.o --dependency-file /Users/admin/builder/spi-builder-workspace/.derivedData/Build/Intermediates.noindex/ReflectionView.build/Debug-watchos/Reflection-t.build/Objects-normal/arm64/Reflection_dependency_info.dat --dependency-file /Users/admin/builder/spi-builder-workspace/.derivedData/Build/Intermediates.noindex/ReflectionView.build/Debug-watchos/Reflection-t.build/Objects-normal/arm64_32/Reflection_dependency_info.dat --stringsdata-file /Users/admin/builder/spi-builder-workspace/.derivedData/Build/Intermediates.noindex/ReflectionView.build/Debug-watchos/Reflection-t.build/Objects-normal/arm64/ExtractedAppShortcutsMetadata.stringsdata --stringsdata-file /Users/admin/builder/spi-builder-workspace/.derivedData/Build/Intermediates.noindex/ReflectionView.build/Debug-watchos/Reflection-t.build/Objects-normal/arm64_32/ExtractedAppShortcutsMetadata.stringsdata --source-file-list /Users/admin/builder/spi-builder-workspace/.derivedData/Build/Intermediates.noindex/ReflectionView.build/Debug-watchos/Reflection-t.build/Objects-normal/arm64/Reflection.SwiftFileList --source-file-list /Users/admin/builder/spi-builder-workspace/.derivedData/Build/Intermediates.noindex/ReflectionView.build/Debug-watchos/Reflection-t.build/Objects-normal/arm64_32/Reflection.SwiftFileList --metadata-file-list /Users/admin/builder/spi-builder-workspace/.derivedData/Build/Intermediates.noindex/ReflectionView.build/Debug-watchos/Reflection-t.build/Reflection.DependencyMetadataFileList --static-metadata-file-list /Users/admin/builder/spi-builder-workspace/.derivedData/Build/Intermediates.noindex/ReflectionView.build/Debug-watchos/Reflection-t.build/Reflection.DependencyStaticMetadataFileList --swift-const-vals-list /Users/admin/builder/spi-builder-workspace/.derivedData/Build/Intermediates.noindex/ReflectionView.build/Debug-watchos/Reflection-t.build/Objects-normal/arm64/Reflection.SwiftConstValuesFileList --swift-const-vals-list /Users/admin/builder/spi-builder-workspace/.derivedData/Build/Intermediates.noindex/ReflectionView.build/Debug-watchos/Reflection-t.build/Objects-normal/arm64_32/Reflection.SwiftConstValuesFileList --force --compile-time-extraction --deployment-aware-processing --no-app-shortcuts-localization
2026-09-22 19:50:01.939 appintentsmetadataprocessor[1034:5913] Starting appintentsmetadataprocessor export
2026-09-22 19:50:02.033 appintentsmetadataprocessor[1034:5913] Extracted no relevant App Intents symbols, skipping writing output
SwiftCompile normal arm64 Compiling\ EnumCaseContent.swift,\ KeyedContent.swift /Users/admin/builder/spi-builder-workspace/.dependencies/checkouts/swiftui-reflection-view/Sources/ReflectionView/ContentView/EnumCaseContent.swift /Users/admin/builder/spi-builder-workspace/.dependencies/checkouts/swiftui-reflection-view/Sources/ReflectionView/ContentView/KeyedContent.swift (in target 'ReflectionView' from project 'ReflectionView')
SwiftCompile normal arm64 /Users/admin/builder/spi-builder-workspace/.dependencies/checkouts/swiftui-reflection-view/Sources/ReflectionView/ContentView/EnumCaseContent.swift (in target 'ReflectionView' from project 'ReflectionView')
cd /Users/admin/builder/spi-builder-workspace/.swiftpm/xcode
builtin-SwiftPerFileCompile EnumCaseContent.swift
SwiftCompile normal arm64 /Users/admin/builder/spi-builder-workspace/.dependencies/checkouts/swiftui-reflection-view/Sources/ReflectionView/ContentView/KeyedContent.swift (in target 'ReflectionView' from project 'ReflectionView')
cd /Users/admin/builder/spi-builder-workspace/.swiftpm/xcode
builtin-SwiftPerFileCompile KeyedContent.swift
SwiftCompile normal arm64 Compiling\ ReflectionContentView.swift /Users/admin/builder/spi-builder-workspace/.dependencies/checkouts/swiftui-reflection-view/Sources/ReflectionView/ReflectionContentView.swift (in target 'ReflectionView' from project 'ReflectionView')
SwiftCompile normal arm64 /Users/admin/builder/spi-builder-workspace/.dependencies/checkouts/swiftui-reflection-view/Sources/ReflectionView/ReflectionContentView.swift (in target 'ReflectionView' from project 'ReflectionView')
cd /Users/admin/builder/spi-builder-workspace/.swiftpm/xcode
builtin-SwiftPerFileCompile ReflectionContentView.swift
SwiftCompile normal arm64 Compiling\ ReflectionView.swift /Users/admin/builder/spi-builder-workspace/.dependencies/checkouts/swiftui-reflection-view/Sources/ReflectionView/ReflectionView.swift (in target 'ReflectionView' from project 'ReflectionView')
SwiftCompile normal arm64 /Users/admin/builder/spi-builder-workspace/.dependencies/checkouts/swiftui-reflection-view/Sources/ReflectionView/ReflectionView.swift (in target 'ReflectionView' from project 'ReflectionView')
cd /Users/admin/builder/spi-builder-workspace/.swiftpm/xcode
builtin-SwiftPerFileCompile ReflectionView.swift
SwiftCompile normal arm64 Compiling\ TypedContent.swift,\ View+.swift /Users/admin/builder/spi-builder-workspace/.dependencies/checkouts/swiftui-reflection-view/Sources/ReflectionView/ContentView/TypedContent.swift /Users/admin/builder/spi-builder-workspace/.dependencies/checkouts/swiftui-reflection-view/Sources/ReflectionView/Extension/View+.swift (in target 'ReflectionView' from project 'ReflectionView')
SwiftCompile normal arm64 /Users/admin/builder/spi-builder-workspace/.dependencies/checkouts/swiftui-reflection-view/Sources/ReflectionView/ContentView/TypedContent.swift (in target 'ReflectionView' from project 'ReflectionView')
cd /Users/admin/builder/spi-builder-workspace/.swiftpm/xcode
builtin-SwiftPerFileCompile TypedContent.swift
SwiftCompile normal arm64 /Users/admin/builder/spi-builder-workspace/.dependencies/checkouts/swiftui-reflection-view/Sources/ReflectionView/Extension/View+.swift (in target 'ReflectionView' from project 'ReflectionView')
cd /Users/admin/builder/spi-builder-workspace/.swiftpm/xcode
builtin-SwiftPerFileCompile View+.swift
SwiftEmitModule normal arm64 Emitting\ module\ for\ ReflectionView (in target 'ReflectionView' from project 'ReflectionView')
SwiftCompile normal arm64 (in target 'ReflectionView' from project 'ReflectionView')
cd /Users/admin/builder/spi-builder-workspace/.swiftpm/xcode
SwiftCompile normal arm64 Compiling\ TypeInfoView.swift /Users/admin/builder/spi-builder-workspace/.dependencies/checkouts/swiftui-reflection-view/Sources/ReflectionView/TypeInfoView.swift (in target 'ReflectionView' from project 'ReflectionView')
SwiftCompile normal arm64 /Users/admin/builder/spi-builder-workspace/.dependencies/checkouts/swiftui-reflection-view/Sources/ReflectionView/TypeInfoView.swift (in target 'ReflectionView' from project 'ReflectionView')
cd /Users/admin/builder/spi-builder-workspace/.swiftpm/xcode
builtin-SwiftPerFileCompile TypeInfoView.swift
SwiftCompile normal arm64 Compiling\ resource_bundle_accessor.swift,\ ItemCountLabel.swift /Users/admin/builder/spi-builder-workspace/.derivedData/Build/Intermediates.noindex/ReflectionView.build/Debug-watchos/ReflectionView-t.build/DerivedSources/resource_bundle_accessor.swift /Users/admin/builder/spi-builder-workspace/.dependencies/checkouts/swiftui-reflection-view/Sources/ReflectionView/Component/ItemCountLabel.swift (in target 'ReflectionView' from project 'ReflectionView')
SwiftCompile normal arm64 /Users/admin/builder/spi-builder-workspace/.derivedData/Build/Intermediates.noindex/ReflectionView.build/Debug-watchos/ReflectionView-t.build/DerivedSources/resource_bundle_accessor.swift (in target 'ReflectionView' from project 'ReflectionView')
cd /Users/admin/builder/spi-builder-workspace/.swiftpm/xcode
builtin-SwiftPerFileCompile resource_bundle_accessor.swift
SwiftCompile normal arm64 /Users/admin/builder/spi-builder-workspace/.dependencies/checkouts/swiftui-reflection-view/Sources/ReflectionView/Component/ItemCountLabel.swift (in target 'ReflectionView' from project 'ReflectionView')
cd /Users/admin/builder/spi-builder-workspace/.swiftpm/xcode
builtin-SwiftPerFileCompile ItemCountLabel.swift
SwiftCompile normal arm64 Compiling\ GeneratedAssetSymbols.swift /Users/admin/builder/spi-builder-workspace/.derivedData/Build/Intermediates.noindex/ReflectionView.build/Debug-watchos/ReflectionView-t.build/DerivedSources/GeneratedAssetSymbols.swift (in target 'ReflectionView' from project 'ReflectionView')
SwiftCompile normal arm64 /Users/admin/builder/spi-builder-workspace/.derivedData/Build/Intermediates.noindex/ReflectionView.build/Debug-watchos/ReflectionView-t.build/DerivedSources/GeneratedAssetSymbols.swift (in target 'ReflectionView' from project 'ReflectionView')
cd /Users/admin/builder/spi-builder-workspace/.swiftpm/xcode
builtin-SwiftPerFileCompile GeneratedAssetSymbols.swift
SwiftCompile normal arm64 Compiling\ ListContent.swift,\ NestedContent.swift /Users/admin/builder/spi-builder-workspace/.dependencies/checkouts/swiftui-reflection-view/Sources/ReflectionView/ContentView/ListContent.swift /Users/admin/builder/spi-builder-workspace/.dependencies/checkouts/swiftui-reflection-view/Sources/ReflectionView/ContentView/NestedContent.swift (in target 'ReflectionView' from project 'ReflectionView')
SwiftCompile normal arm64 /Users/admin/builder/spi-builder-workspace/.dependencies/checkouts/swiftui-reflection-view/Sources/ReflectionView/ContentView/ListContent.swift (in target 'ReflectionView' from project 'ReflectionView')
cd /Users/admin/builder/spi-builder-workspace/.swiftpm/xcode
builtin-SwiftPerFileCompile ListContent.swift
SwiftCompile normal arm64 /Users/admin/builder/spi-builder-workspace/.dependencies/checkouts/swiftui-reflection-view/Sources/ReflectionView/ContentView/NestedContent.swift (in target 'ReflectionView' from project 'ReflectionView')
cd /Users/admin/builder/spi-builder-workspace/.swiftpm/xcode
builtin-SwiftPerFileCompile NestedContent.swift
SwiftCompile normal arm64 Compiling\ TypeInfoContentView.swift /Users/admin/builder/spi-builder-workspace/.dependencies/checkouts/swiftui-reflection-view/Sources/ReflectionView/TypeInfoContentView.swift (in target 'ReflectionView' from project 'ReflectionView')
SwiftCompile normal arm64 /Users/admin/builder/spi-builder-workspace/.dependencies/checkouts/swiftui-reflection-view/Sources/ReflectionView/TypeInfoContentView.swift (in target 'ReflectionView' from project 'ReflectionView')
cd /Users/admin/builder/spi-builder-workspace/.swiftpm/xcode
builtin-SwiftPerFileCompile TypeInfoContentView.swift
SwiftEmitModule normal arm64_32 Emitting\ module\ for\ ReflectionView (in target 'ReflectionView' from project 'ReflectionView')
SwiftCompile normal arm64_32 (in target 'ReflectionView' from project 'ReflectionView')
cd /Users/admin/builder/spi-builder-workspace/.swiftpm/xcode
SwiftDriverJobDiscovery normal arm64 Compiling TypedContent.swift, View+.swift (in target 'ReflectionView' from project 'ReflectionView')
SwiftCompile normal arm64_32 Compiling\ Config.swift,\ DictContent.swift /Users/admin/builder/spi-builder-workspace/.dependencies/checkouts/swiftui-reflection-view/Sources/ReflectionView/Config.swift /Users/admin/builder/spi-builder-workspace/.dependencies/checkouts/swiftui-reflection-view/Sources/ReflectionView/ContentView/DictContent.swift (in target 'ReflectionView' from project 'ReflectionView')
SwiftCompile normal arm64_32 /Users/admin/builder/spi-builder-workspace/.dependencies/checkouts/swiftui-reflection-view/Sources/ReflectionView/Config.swift (in target 'ReflectionView' from project 'ReflectionView')
cd /Users/admin/builder/spi-builder-workspace/.swiftpm/xcode
builtin-SwiftPerFileCompile Config.swift
SwiftCompile normal arm64_32 /Users/admin/builder/spi-builder-workspace/.dependencies/checkouts/swiftui-reflection-view/Sources/ReflectionView/ContentView/DictContent.swift (in target 'ReflectionView' from project 'ReflectionView')
cd /Users/admin/builder/spi-builder-workspace/.swiftpm/xcode
builtin-SwiftPerFileCompile DictContent.swift
SwiftDriverJobDiscovery normal arm64 Compiling resource_bundle_accessor.swift, ItemCountLabel.swift (in target 'ReflectionView' from project 'ReflectionView')
SwiftCompile normal arm64_32 Compiling\ ReflectionContentView.swift /Users/admin/builder/spi-builder-workspace/.dependencies/checkouts/swiftui-reflection-view/Sources/ReflectionView/ReflectionContentView.swift (in target 'ReflectionView' from project 'ReflectionView')
SwiftCompile normal arm64_32 /Users/admin/builder/spi-builder-workspace/.dependencies/checkouts/swiftui-reflection-view/Sources/ReflectionView/ReflectionContentView.swift (in target 'ReflectionView' from project 'ReflectionView')
cd /Users/admin/builder/spi-builder-workspace/.swiftpm/xcode
builtin-SwiftPerFileCompile ReflectionContentView.swift
SwiftDriverJobDiscovery normal arm64 Compiling GeneratedAssetSymbols.swift (in target 'ReflectionView' from project 'ReflectionView')
SwiftCompile normal arm64_32 Compiling\ EnumCaseContent.swift,\ KeyedContent.swift /Users/admin/builder/spi-builder-workspace/.dependencies/checkouts/swiftui-reflection-view/Sources/ReflectionView/ContentView/EnumCaseContent.swift /Users/admin/builder/spi-builder-workspace/.dependencies/checkouts/swiftui-reflection-view/Sources/ReflectionView/ContentView/KeyedContent.swift (in target 'ReflectionView' from project 'ReflectionView')
SwiftCompile normal arm64_32 /Users/admin/builder/spi-builder-workspace/.dependencies/checkouts/swiftui-reflection-view/Sources/ReflectionView/ContentView/EnumCaseContent.swift (in target 'ReflectionView' from project 'ReflectionView')
cd /Users/admin/builder/spi-builder-workspace/.swiftpm/xcode
builtin-SwiftPerFileCompile EnumCaseContent.swift
SwiftCompile normal arm64_32 /Users/admin/builder/spi-builder-workspace/.dependencies/checkouts/swiftui-reflection-view/Sources/ReflectionView/ContentView/KeyedContent.swift (in target 'ReflectionView' from project 'ReflectionView')
cd /Users/admin/builder/spi-builder-workspace/.swiftpm/xcode
builtin-SwiftPerFileCompile KeyedContent.swift
SwiftDriverJobDiscovery normal arm64 Compiling ReflectionView.swift (in target 'ReflectionView' from project 'ReflectionView')
SwiftCompile normal arm64_32 Compiling\ TypeInfoContentView.swift /Users/admin/builder/spi-builder-workspace/.dependencies/checkouts/swiftui-reflection-view/Sources/ReflectionView/TypeInfoContentView.swift (in target 'ReflectionView' from project 'ReflectionView')
SwiftCompile normal arm64_32 /Users/admin/builder/spi-builder-workspace/.dependencies/checkouts/swiftui-reflection-view/Sources/ReflectionView/TypeInfoContentView.swift (in target 'ReflectionView' from project 'ReflectionView')
cd /Users/admin/builder/spi-builder-workspace/.swiftpm/xcode
builtin-SwiftPerFileCompile TypeInfoContentView.swift
SwiftDriverJobDiscovery normal arm64 Compiling TypeInfoView.swift (in target 'ReflectionView' from project 'ReflectionView')
SwiftCompile normal arm64_32 Compiling\ TypedContent.swift,\ View+.swift /Users/admin/builder/spi-builder-workspace/.dependencies/checkouts/swiftui-reflection-view/Sources/ReflectionView/ContentView/TypedContent.swift /Users/admin/builder/spi-builder-workspace/.dependencies/checkouts/swiftui-reflection-view/Sources/ReflectionView/Extension/View+.swift (in target 'ReflectionView' from project 'ReflectionView')
SwiftCompile normal arm64_32 /Users/admin/builder/spi-builder-workspace/.dependencies/checkouts/swiftui-reflection-view/Sources/ReflectionView/ContentView/TypedContent.swift (in target 'ReflectionView' from project 'ReflectionView')
cd /Users/admin/builder/spi-builder-workspace/.swiftpm/xcode
builtin-SwiftPerFileCompile TypedContent.swift
SwiftCompile normal arm64_32 /Users/admin/builder/spi-builder-workspace/.dependencies/checkouts/swiftui-reflection-view/Sources/ReflectionView/Extension/View+.swift (in target 'ReflectionView' from project 'ReflectionView')
cd /Users/admin/builder/spi-builder-workspace/.swiftpm/xcode
builtin-SwiftPerFileCompile View+.swift
SwiftDriverJobDiscovery normal arm64 Compiling TypeInfoContentView.swift (in target 'ReflectionView' from project 'ReflectionView')
SwiftCompile normal arm64_32 Compiling\ ReflectionView.swift /Users/admin/builder/spi-builder-workspace/.dependencies/checkouts/swiftui-reflection-view/Sources/ReflectionView/ReflectionView.swift (in target 'ReflectionView' from project 'ReflectionView')
SwiftCompile normal arm64_32 /Users/admin/builder/spi-builder-workspace/.dependencies/checkouts/swiftui-reflection-view/Sources/ReflectionView/ReflectionView.swift (in target 'ReflectionView' from project 'ReflectionView')
cd /Users/admin/builder/spi-builder-workspace/.swiftpm/xcode
builtin-SwiftPerFileCompile ReflectionView.swift
SwiftDriverJobDiscovery normal arm64 Emitting module for ReflectionView (in target 'ReflectionView' from project 'ReflectionView')
SwiftDriver\ Compilation\ Requirements ReflectionView normal arm64 com.apple.xcode.tools.swift.compiler (in target 'ReflectionView' from project 'ReflectionView')
cd /Users/admin/builder/spi-builder-workspace/.swiftpm/xcode
builtin-Swift-Compilation-Requirements -- /Applications/Xcode-27.0.0-Release.Candidate.app/Contents/Developer/Toolchains/XcodeDefault.xctoolchain/usr/bin/swiftc -parse-as-library -module-name ReflectionView -Onone @/Users/admin/builder/spi-builder-workspace/.derivedData/Build/Intermediates.noindex/ReflectionView.build/Debug-watchos/ReflectionView-t.build/Objects-normal/arm64/ReflectionView.SwiftFileList -DSWIFT_PACKAGE -DDEBUG -DSWIFT_MODULE_RESOURCE_BUNDLE_AVAILABLE -DXcode -plugin-path /Applications/Xcode-27.0.0-Release.Candidate.app/Contents/Developer/Toolchains/XcodeDefault.xctoolchain/usr/lib/swift/host/plugins/testing -enable-experimental-feature DebugDescriptionMacro -sdk /Applications/Xcode-27.0.0-Release.Candidate.app/Contents/Developer/Platforms/WatchOS.platform/Developer/SDKs/WatchOS27.0.sdk -target arm64-apple-watchos9.0 -g -module-cache-path /Users/admin/builder/spi-builder-workspace/.derivedData/ModuleCache.noindex -Xfrontend -serialize-debugging-options -profile-coverage-mapping -profile-generate -enable-testing -suppress-warnings -index-store-path /Users/admin/builder/spi-builder-workspace/.derivedData/Index.noindex/DataStore -Xcc -D_LIBCPP_HARDENING_MODE\=_LIBCPP_HARDENING_MODE_DEBUG -swift-version 5 -I /Users/admin/builder/spi-builder-workspace/.derivedData/Build/Products/Debug-watchos -Isystem /Applications/Xcode-27.0.0-Release.Candidate.app/Contents/Developer/Platforms/WatchOS.platform/Developer/usr/lib -F /Users/admin/builder/spi-builder-workspace/.derivedData/Build/Products/Debug-watchos/PackageFrameworks -F /Users/admin/builder/spi-builder-workspace/.derivedData/Build/Products/Debug-watchos -F /Applications/Xcode-27.0.0-Release.Candidate.app/Contents/Developer/Platforms/WatchOS.platform/Developer/Library/Frameworks -F /Applications/Xcode-27.0.0-Release.Candidate.app/Contents/Developer/Platforms/WatchOS.platform/Developer/SDKs/WatchOS27.0.sdk/Developer/Library/Frameworks -c -j10 -enable-batch-mode -incremental -Xcc -ivfsstatcache -Xcc /Users/admin/builder/spi-builder-workspace/.derivedData/SDKStatCaches.noindex/watchos27.0-24R360-e829b21a6f8c9b70876ba0858053c04477534ef55a1706bf4c1112bbb242f0a2.sdkstatcache -output-file-map /Users/admin/builder/spi-builder-workspace/.derivedData/Build/Intermediates.noindex/ReflectionView.build/Debug-watchos/ReflectionView-t.build/Objects-normal/arm64/ReflectionView-OutputFileMap.json -save-temps -no-color-diagnostics -explicit-module-build -module-cache-path /Users/admin/builder/spi-builder-workspace/.derivedData/Build/Intermediates.noindex/SwiftExplicitPrecompiledModules -clang-scanner-module-cache-path /Users/admin/builder/spi-builder-workspace/.derivedData/ModuleCache.noindex -sdk-module-cache-path /Users/admin/builder/spi-builder-workspace/.derivedData/SDKExplicitPrecompiledModules -emit-dependencies -emit-module -emit-module-path /Users/admin/builder/spi-builder-workspace/.derivedData/Build/Intermediates.noindex/ReflectionView.build/Debug-watchos/ReflectionView-t.build/Objects-normal/arm64/ReflectionView.swiftmodule -serialize-diagnostics -dependency-scan-serialize-diagnostics-path /Users/admin/builder/spi-builder-workspace/.derivedData/Build/Intermediates.noindex/ReflectionView.build/Debug-watchos/ReflectionView-t.build/Objects-normal/arm64/ReflectionView-dependency-scan.dia -validate-clang-modules-once -clang-build-session-file /Users/admin/builder/spi-builder-workspace/.derivedData/ModuleCache.noindex/Session.modulevalidation -Xcc -fmodules-prune-interval\=86400 -Xcc -fmodules-prune-after\=345600 -package-name swiftui_reflection_view -emit-const-values -const-gather-protocols-list /Users/admin/builder/spi-builder-workspace/.derivedData/Build/Intermediates.noindex/ReflectionView.build/Debug-watchos/ReflectionView-t.build/Objects-normal/arm64/ReflectionView_const_extract_protocols.json -Xcc -I/Users/admin/builder/spi-builder-workspace/.derivedData/Build/Products/Debug-watchos/include -Xcc -I/Users/admin/builder/spi-builder-workspace/.derivedData/Build/Intermediates.noindex/ReflectionView.build/Debug-watchos/ReflectionView-t.build/DerivedSources-normal/arm64 -Xcc -I/Users/admin/builder/spi-builder-workspace/.derivedData/Build/Intermediates.noindex/ReflectionView.build/Debug-watchos/ReflectionView-t.build/DerivedSources/arm64 -Xcc -I/Users/admin/builder/spi-builder-workspace/.derivedData/Build/Intermediates.noindex/ReflectionView.build/Debug-watchos/ReflectionView-t.build/DerivedSources -Xcc -DSWIFT_PACKAGE -Xcc -DDEBUG\=1 -emit-objc-header -emit-objc-header-path /Users/admin/builder/spi-builder-workspace/.derivedData/Build/Intermediates.noindex/ReflectionView.build/Debug-watchos/ReflectionView-t.build/Objects-normal/arm64/ReflectionView-Swift.h -working-directory /Users/admin/builder/spi-builder-workspace/.swiftpm/xcode -experimental-emit-module-separately -disable-cmo
SwiftDriverJobDiscovery normal arm64 Compiling ReflectionContentView.swift (in target 'ReflectionView' from project 'ReflectionView')
SwiftCompile normal arm64_32 Compiling\ resource_bundle_accessor.swift,\ ItemCountLabel.swift /Users/admin/builder/spi-builder-workspace/.derivedData/Build/Intermediates.noindex/ReflectionView.build/Debug-watchos/ReflectionView-t.build/DerivedSources/resource_bundle_accessor.swift /Users/admin/builder/spi-builder-workspace/.dependencies/checkouts/swiftui-reflection-view/Sources/ReflectionView/Component/ItemCountLabel.swift (in target 'ReflectionView' from project 'ReflectionView')
SwiftCompile normal arm64_32 /Users/admin/builder/spi-builder-workspace/.derivedData/Build/Intermediates.noindex/ReflectionView.build/Debug-watchos/ReflectionView-t.build/DerivedSources/resource_bundle_accessor.swift (in target 'ReflectionView' from project 'ReflectionView')
cd /Users/admin/builder/spi-builder-workspace/.swiftpm/xcode
builtin-SwiftPerFileCompile resource_bundle_accessor.swift
SwiftCompile normal arm64_32 /Users/admin/builder/spi-builder-workspace/.dependencies/checkouts/swiftui-reflection-view/Sources/ReflectionView/Component/ItemCountLabel.swift (in target 'ReflectionView' from project 'ReflectionView')
cd /Users/admin/builder/spi-builder-workspace/.swiftpm/xcode
builtin-SwiftPerFileCompile ItemCountLabel.swift
Copy /Users/admin/builder/spi-builder-workspace/.derivedData/Build/Products/Debug-watchos/ReflectionView.swiftmodule/arm64-apple-watchos.swiftmodule /Users/admin/builder/spi-builder-workspace/.derivedData/Build/Intermediates.noindex/ReflectionView.build/Debug-watchos/ReflectionView-t.build/Objects-normal/arm64/ReflectionView.swiftmodule (in target 'ReflectionView' from project 'ReflectionView')
cd /Users/admin/builder/spi-builder-workspace/.dependencies/checkouts/swiftui-reflection-view
builtin-copy -exclude .DS_Store -exclude CVS -exclude .svn -exclude .git -exclude .hg -resolve-src-symlinks -rename /Users/admin/builder/spi-builder-workspace/.derivedData/Build/Intermediates.noindex/ReflectionView.build/Debug-watchos/ReflectionView-t.build/Objects-normal/arm64/ReflectionView.swiftmodule /Users/admin/builder/spi-builder-workspace/.derivedData/Build/Products/Debug-watchos/ReflectionView.swiftmodule/arm64-apple-watchos.swiftmodule
SwiftDriverJobDiscovery normal arm64 Compiling EnumCaseContent.swift, KeyedContent.swift (in target 'ReflectionView' from project 'ReflectionView')
Copy /Users/admin/builder/spi-builder-workspace/.derivedData/Build/Products/Debug-watchos/ReflectionView.swiftmodule/arm64-apple-watchos.swiftdoc /Users/admin/builder/spi-builder-workspace/.derivedData/Build/Intermediates.noindex/ReflectionView.build/Debug-watchos/ReflectionView-t.build/Objects-normal/arm64/ReflectionView.swiftdoc (in target 'ReflectionView' from project 'ReflectionView')
cd /Users/admin/builder/spi-builder-workspace/.dependencies/checkouts/swiftui-reflection-view
builtin-copy -exclude .DS_Store -exclude CVS -exclude .svn -exclude .git -exclude .hg -resolve-src-symlinks -rename /Users/admin/builder/spi-builder-workspace/.derivedData/Build/Intermediates.noindex/ReflectionView.build/Debug-watchos/ReflectionView-t.build/Objects-normal/arm64/ReflectionView.swiftdoc /Users/admin/builder/spi-builder-workspace/.derivedData/Build/Products/Debug-watchos/ReflectionView.swiftmodule/arm64-apple-watchos.swiftdoc
Copy /Users/admin/builder/spi-builder-workspace/.derivedData/Build/Products/Debug-watchos/ReflectionView.swiftmodule/arm64-apple-watchos.abi.json /Users/admin/builder/spi-builder-workspace/.derivedData/Build/Intermediates.noindex/ReflectionView.build/Debug-watchos/ReflectionView-t.build/Objects-normal/arm64/ReflectionView.abi.json (in target 'ReflectionView' from project 'ReflectionView')
cd /Users/admin/builder/spi-builder-workspace/.dependencies/checkouts/swiftui-reflection-view
builtin-copy -exclude .DS_Store -exclude CVS -exclude .svn -exclude .git -exclude .hg -resolve-src-symlinks -rename /Users/admin/builder/spi-builder-workspace/.derivedData/Build/Intermediates.noindex/ReflectionView.build/Debug-watchos/ReflectionView-t.build/Objects-normal/arm64/ReflectionView.abi.json /Users/admin/builder/spi-builder-workspace/.derivedData/Build/Products/Debug-watchos/ReflectionView.swiftmodule/arm64-apple-watchos.abi.json
SwiftDriverJobDiscovery normal arm64_32 Compiling TypedContent.swift, View+.swift (in target 'ReflectionView' from project 'ReflectionView')
Copy /Users/admin/builder/spi-builder-workspace/.derivedData/Build/Products/Debug-watchos/ReflectionView.swiftmodule/Project/arm64-apple-watchos.swiftsourceinfo /Users/admin/builder/spi-builder-workspace/.derivedData/Build/Intermediates.noindex/ReflectionView.build/Debug-watchos/ReflectionView-t.build/Objects-normal/arm64/ReflectionView.swiftsourceinfo (in target 'ReflectionView' from project 'ReflectionView')
cd /Users/admin/builder/spi-builder-workspace/.dependencies/checkouts/swiftui-reflection-view
builtin-copy -exclude .DS_Store -exclude CVS -exclude .svn -exclude .git -exclude .hg -resolve-src-symlinks -rename /Users/admin/builder/spi-builder-workspace/.derivedData/Build/Intermediates.noindex/ReflectionView.build/Debug-watchos/ReflectionView-t.build/Objects-normal/arm64/ReflectionView.swiftsourceinfo /Users/admin/builder/spi-builder-workspace/.derivedData/Build/Products/Debug-watchos/ReflectionView.swiftmodule/Project/arm64-apple-watchos.swiftsourceinfo
SwiftCompile normal arm64_32 Compiling\ ListContent.swift,\ NestedContent.swift /Users/admin/builder/spi-builder-workspace/.dependencies/checkouts/swiftui-reflection-view/Sources/ReflectionView/ContentView/ListContent.swift /Users/admin/builder/spi-builder-workspace/.dependencies/checkouts/swiftui-reflection-view/Sources/ReflectionView/ContentView/NestedContent.swift (in target 'ReflectionView' from project 'ReflectionView')
SwiftCompile normal arm64_32 /Users/admin/builder/spi-builder-workspace/.dependencies/checkouts/swiftui-reflection-view/Sources/ReflectionView/ContentView/ListContent.swift (in target 'ReflectionView' from project 'ReflectionView')
cd /Users/admin/builder/spi-builder-workspace/.swiftpm/xcode
builtin-SwiftPerFileCompile ListContent.swift
SwiftCompile normal arm64_32 /Users/admin/builder/spi-builder-workspace/.dependencies/checkouts/swiftui-reflection-view/Sources/ReflectionView/ContentView/NestedContent.swift (in target 'ReflectionView' from project 'ReflectionView')
cd /Users/admin/builder/spi-builder-workspace/.swiftpm/xcode
builtin-SwiftPerFileCompile NestedContent.swift
SwiftCompile normal arm64_32 Compiling\ GeneratedAssetSymbols.swift /Users/admin/builder/spi-builder-workspace/.derivedData/Build/Intermediates.noindex/ReflectionView.build/Debug-watchos/ReflectionView-t.build/DerivedSources/GeneratedAssetSymbols.swift (in target 'ReflectionView' from project 'ReflectionView')
SwiftCompile normal arm64_32 /Users/admin/builder/spi-builder-workspace/.derivedData/Build/Intermediates.noindex/ReflectionView.build/Debug-watchos/ReflectionView-t.build/DerivedSources/GeneratedAssetSymbols.swift (in target 'ReflectionView' from project 'ReflectionView')
cd /Users/admin/builder/spi-builder-workspace/.swiftpm/xcode
builtin-SwiftPerFileCompile GeneratedAssetSymbols.swift
SwiftCompile normal arm64 Compiling\ Config.swift,\ DictContent.swift /Users/admin/builder/spi-builder-workspace/.dependencies/checkouts/swiftui-reflection-view/Sources/ReflectionView/Config.swift /Users/admin/builder/spi-builder-workspace/.dependencies/checkouts/swiftui-reflection-view/Sources/ReflectionView/ContentView/DictContent.swift (in target 'ReflectionView' from project 'ReflectionView')
SwiftCompile normal arm64 /Users/admin/builder/spi-builder-workspace/.dependencies/checkouts/swiftui-reflection-view/Sources/ReflectionView/Config.swift (in target 'ReflectionView' from project 'ReflectionView')
cd /Users/admin/builder/spi-builder-workspace/.swiftpm/xcode
builtin-SwiftPerFileCompile Config.swift
SwiftCompile normal arm64 /Users/admin/builder/spi-builder-workspace/.dependencies/checkouts/swiftui-reflection-view/Sources/ReflectionView/ContentView/DictContent.swift (in target 'ReflectionView' from project 'ReflectionView')
cd /Users/admin/builder/spi-builder-workspace/.swiftpm/xcode
builtin-SwiftPerFileCompile DictContent.swift
SwiftDriverJobDiscovery normal arm64_32 Emitting module for ReflectionView (in target 'ReflectionView' from project 'ReflectionView')
SwiftDriver\ Compilation\ Requirements ReflectionView normal arm64_32 com.apple.xcode.tools.swift.compiler (in target 'ReflectionView' from project 'ReflectionView')
cd /Users/admin/builder/spi-builder-workspace/.swiftpm/xcode
builtin-Swift-Compilation-Requirements -- /Applications/Xcode-27.0.0-Release.Candidate.app/Contents/Developer/Toolchains/XcodeDefault.xctoolchain/usr/bin/swiftc -parse-as-library -module-name ReflectionView -Onone @/Users/admin/builder/spi-builder-workspace/.derivedData/Build/Intermediates.noindex/ReflectionView.build/Debug-watchos/ReflectionView-t.build/Objects-normal/arm64_32/ReflectionView.SwiftFileList -DSWIFT_PACKAGE -DDEBUG -DSWIFT_MODULE_RESOURCE_BUNDLE_AVAILABLE -DXcode -plugin-path /Applications/Xcode-27.0.0-Release.Candidate.app/Contents/Developer/Toolchains/XcodeDefault.xctoolchain/usr/lib/swift/host/plugins/testing -enable-experimental-feature DebugDescriptionMacro -sdk /Applications/Xcode-27.0.0-Release.Candidate.app/Contents/Developer/Platforms/WatchOS.platform/Developer/SDKs/WatchOS27.0.sdk -target arm64_32-apple-watchos9.0 -g -module-cache-path /Users/admin/builder/spi-builder-workspace/.derivedData/ModuleCache.noindex -Xfrontend -serialize-debugging-options -profile-coverage-mapping -profile-generate -enable-testing -suppress-warnings -index-store-path /Users/admin/builder/spi-builder-workspace/.derivedData/Index.noindex/DataStore -Xcc -D_LIBCPP_HARDENING_MODE\=_LIBCPP_HARDENING_MODE_DEBUG -swift-version 5 -I /Users/admin/builder/spi-builder-workspace/.derivedData/Build/Products/Debug-watchos -Isystem /Applications/Xcode-27.0.0-Release.Candidate.app/Contents/Developer/Platforms/WatchOS.platform/Developer/usr/lib -F /Users/admin/builder/spi-builder-workspace/.derivedData/Build/Products/Debug-watchos/PackageFrameworks -F /Users/admin/builder/spi-builder-workspace/.derivedData/Build/Products/Debug-watchos -F /Applications/Xcode-27.0.0-Release.Candidate.app/Contents/Developer/Platforms/WatchOS.platform/Developer/Library/Frameworks -F /Applications/Xcode-27.0.0-Release.Candidate.app/Contents/Developer/Platforms/WatchOS.platform/Developer/SDKs/WatchOS27.0.sdk/Developer/Library/Frameworks -c -j10 -enable-batch-mode -incremental -Xcc -ivfsstatcache -Xcc /Users/admin/builder/spi-builder-workspace/.derivedData/SDKStatCaches.noindex/watchos27.0-24R360-e829b21a6f8c9b70876ba0858053c04477534ef55a1706bf4c1112bbb242f0a2.sdkstatcache -output-file-map /Users/admin/builder/spi-builder-workspace/.derivedData/Build/Intermediates.noindex/ReflectionView.build/Debug-watchos/ReflectionView-t.build/Objects-normal/arm64_32/ReflectionView-OutputFileMap.json -save-temps -no-color-diagnostics -explicit-module-build -module-cache-path /Users/admin/builder/spi-builder-workspace/.derivedData/Build/Intermediates.noindex/SwiftExplicitPrecompiledModules -clang-scanner-module-cache-path /Users/admin/builder/spi-builder-workspace/.derivedData/ModuleCache.noindex -sdk-module-cache-path /Users/admin/builder/spi-builder-workspace/.derivedData/SDKExplicitPrecompiledModules -emit-dependencies -emit-module -emit-module-path /Users/admin/builder/spi-builder-workspace/.derivedData/Build/Intermediates.noindex/ReflectionView.build/Debug-watchos/ReflectionView-t.build/Objects-normal/arm64_32/ReflectionView.swiftmodule -serialize-diagnostics -dependency-scan-serialize-diagnostics-path /Users/admin/builder/spi-builder-workspace/.derivedData/Build/Intermediates.noindex/ReflectionView.build/Debug-watchos/ReflectionView-t.build/Objects-normal/arm64_32/ReflectionView-dependency-scan.dia -validate-clang-modules-once -clang-build-session-file /Users/admin/builder/spi-builder-workspace/.derivedData/ModuleCache.noindex/Session.modulevalidation -Xcc -fmodules-prune-interval\=86400 -Xcc -fmodules-prune-after\=345600 -package-name swiftui_reflection_view -emit-const-values -const-gather-protocols-list /Users/admin/builder/spi-builder-workspace/.derivedData/Build/Intermediates.noindex/ReflectionView.build/Debug-watchos/ReflectionView-t.build/Objects-normal/arm64_32/ReflectionView_const_extract_protocols.json -Xcc -I/Users/admin/builder/spi-builder-workspace/.derivedData/Build/Products/Debug-watchos/include -Xcc -I/Users/admin/builder/spi-builder-workspace/.derivedData/Build/Intermediates.noindex/ReflectionView.build/Debug-watchos/ReflectionView-t.build/DerivedSources-normal/arm64_32 -Xcc -I/Users/admin/builder/spi-builder-workspace/.derivedData/Build/Intermediates.noindex/ReflectionView.build/Debug-watchos/ReflectionView-t.build/DerivedSources/arm64_32 -Xcc -I/Users/admin/builder/spi-builder-workspace/.derivedData/Build/Intermediates.noindex/ReflectionView.build/Debug-watchos/ReflectionView-t.build/DerivedSources -Xcc -DSWIFT_PACKAGE -Xcc -DDEBUG\=1 -emit-objc-header -emit-objc-header-path /Users/admin/builder/spi-builder-workspace/.derivedData/Build/Intermediates.noindex/ReflectionView.build/Debug-watchos/ReflectionView-t.build/Objects-normal/arm64_32/ReflectionView-Swift.h -working-directory /Users/admin/builder/spi-builder-workspace/.swiftpm/xcode -experimental-emit-module-separately -disable-cmo
SwiftDriverJobDiscovery normal arm64 Compiling ListContent.swift, NestedContent.swift (in target 'ReflectionView' from project 'ReflectionView')
SwiftCompile normal arm64_32 Compiling\ TypeInfoView.swift /Users/admin/builder/spi-builder-workspace/.dependencies/checkouts/swiftui-reflection-view/Sources/ReflectionView/TypeInfoView.swift (in target 'ReflectionView' from project 'ReflectionView')
SwiftCompile normal arm64_32 /Users/admin/builder/spi-builder-workspace/.dependencies/checkouts/swiftui-reflection-view/Sources/ReflectionView/TypeInfoView.swift (in target 'ReflectionView' from project 'ReflectionView')
cd /Users/admin/builder/spi-builder-workspace/.swiftpm/xcode
builtin-SwiftPerFileCompile TypeInfoView.swift
SwiftMergeGeneratedHeaders /Users/admin/builder/spi-builder-workspace/.derivedData/Build/Intermediates.noindex/GeneratedModuleMaps-watchos/ReflectionView-Swift.h /Users/admin/builder/spi-builder-workspace/.derivedData/Build/Intermediates.noindex/ReflectionView.build/Debug-watchos/ReflectionView-t.build/Objects-normal/arm64/ReflectionView-Swift.h /Users/admin/builder/spi-builder-workspace/.derivedData/Build/Intermediates.noindex/ReflectionView.build/Debug-watchos/ReflectionView-t.build/Objects-normal/arm64_32/ReflectionView-Swift.h (in target 'ReflectionView' from project 'ReflectionView')
cd /Users/admin/builder/spi-builder-workspace/.dependencies/checkouts/swiftui-reflection-view
builtin-swiftHeaderTool -arch arm64 /Users/admin/builder/spi-builder-workspace/.derivedData/Build/Intermediates.noindex/ReflectionView.build/Debug-watchos/ReflectionView-t.build/Objects-normal/arm64/ReflectionView-Swift.h -arch arm64_32 /Users/admin/builder/spi-builder-workspace/.derivedData/Build/Intermediates.noindex/ReflectionView.build/Debug-watchos/ReflectionView-t.build/Objects-normal/arm64_32/ReflectionView-Swift.h -o /Users/admin/builder/spi-builder-workspace/.derivedData/Build/Intermediates.noindex/GeneratedModuleMaps-watchos/ReflectionView-Swift.h
SwiftDriverJobDiscovery normal arm64_32 Compiling TypeInfoContentView.swift (in target 'ReflectionView' from project 'ReflectionView')
Copy /Users/admin/builder/spi-builder-workspace/.derivedData/Build/Products/Debug-watchos/ReflectionView.swiftmodule/arm64_32-apple-watchos.swiftmodule /Users/admin/builder/spi-builder-workspace/.derivedData/Build/Intermediates.noindex/ReflectionView.build/Debug-watchos/ReflectionView-t.build/Objects-normal/arm64_32/ReflectionView.swiftmodule (in target 'ReflectionView' from project 'ReflectionView')
cd /Users/admin/builder/spi-builder-workspace/.dependencies/checkouts/swiftui-reflection-view
builtin-copy -exclude .DS_Store -exclude CVS -exclude .svn -exclude .git -exclude .hg -resolve-src-symlinks -rename /Users/admin/builder/spi-builder-workspace/.derivedData/Build/Intermediates.noindex/ReflectionView.build/Debug-watchos/ReflectionView-t.build/Objects-normal/arm64_32/ReflectionView.swiftmodule /Users/admin/builder/spi-builder-workspace/.derivedData/Build/Products/Debug-watchos/ReflectionView.swiftmodule/arm64_32-apple-watchos.swiftmodule
Copy /Users/admin/builder/spi-builder-workspace/.derivedData/Build/Products/Debug-watchos/ReflectionView.swiftmodule/arm64_32-apple-watchos.swiftdoc /Users/admin/builder/spi-builder-workspace/.derivedData/Build/Intermediates.noindex/ReflectionView.build/Debug-watchos/ReflectionView-t.build/Objects-normal/arm64_32/ReflectionView.swiftdoc (in target 'ReflectionView' from project 'ReflectionView')
cd /Users/admin/builder/spi-builder-workspace/.dependencies/checkouts/swiftui-reflection-view
builtin-copy -exclude .DS_Store -exclude CVS -exclude .svn -exclude .git -exclude .hg -resolve-src-symlinks -rename /Users/admin/builder/spi-builder-workspace/.derivedData/Build/Intermediates.noindex/ReflectionView.build/Debug-watchos/ReflectionView-t.build/Objects-normal/arm64_32/ReflectionView.swiftdoc /Users/admin/builder/spi-builder-workspace/.derivedData/Build/Products/Debug-watchos/ReflectionView.swiftmodule/arm64_32-apple-watchos.swiftdoc
Copy /Users/admin/builder/spi-builder-workspace/.derivedData/Build/Products/Debug-watchos/ReflectionView.swiftmodule/arm64_32-apple-watchos.abi.json /Users/admin/builder/spi-builder-workspace/.derivedData/Build/Intermediates.noindex/ReflectionView.build/Debug-watchos/ReflectionView-t.build/Objects-normal/arm64_32/ReflectionView.abi.json (in target 'ReflectionView' from project 'ReflectionView')
cd /Users/admin/builder/spi-builder-workspace/.dependencies/checkouts/swiftui-reflection-view
builtin-copy -exclude .DS_Store -exclude CVS -exclude .svn -exclude .git -exclude .hg -resolve-src-symlinks -rename /Users/admin/builder/spi-builder-workspace/.derivedData/Build/Intermediates.noindex/ReflectionView.build/Debug-watchos/ReflectionView-t.build/Objects-normal/arm64_32/ReflectionView.abi.json /Users/admin/builder/spi-builder-workspace/.derivedData/Build/Products/Debug-watchos/ReflectionView.swiftmodule/arm64_32-apple-watchos.abi.json
Copy /Users/admin/builder/spi-builder-workspace/.derivedData/Build/Products/Debug-watchos/ReflectionView.swiftmodule/Project/arm64_32-apple-watchos.swiftsourceinfo /Users/admin/builder/spi-builder-workspace/.derivedData/Build/Intermediates.noindex/ReflectionView.build/Debug-watchos/ReflectionView-t.build/Objects-normal/arm64_32/ReflectionView.swiftsourceinfo (in target 'ReflectionView' from project 'ReflectionView')
cd /Users/admin/builder/spi-builder-workspace/.dependencies/checkouts/swiftui-reflection-view
builtin-copy -exclude .DS_Store -exclude CVS -exclude .svn -exclude .git -exclude .hg -resolve-src-symlinks -rename /Users/admin/builder/spi-builder-workspace/.derivedData/Build/Intermediates.noindex/ReflectionView.build/Debug-watchos/ReflectionView-t.build/Objects-normal/arm64_32/ReflectionView.swiftsourceinfo /Users/admin/builder/spi-builder-workspace/.derivedData/Build/Products/Debug-watchos/ReflectionView.swiftmodule/Project/arm64_32-apple-watchos.swiftsourceinfo
SwiftDriverJobDiscovery normal arm64_32 Compiling ReflectionView.swift (in target 'ReflectionView' from project 'ReflectionView')
SwiftDriver EditValueView normal arm64_32 com.apple.xcode.tools.swift.compiler (in target 'EditValueView' from project 'EditValueView')
cd /Users/admin/builder/spi-builder-workspace/.swiftpm/xcode
builtin-SwiftDriver -- /Applications/Xcode-27.0.0-Release.Candidate.app/Contents/Developer/Toolchains/XcodeDefault.xctoolchain/usr/bin/swiftc -parse-as-library -module-name EditValueView -Onone @/Users/admin/builder/spi-builder-workspace/.derivedData/Build/Intermediates.noindex/EditValueView.build/Debug-watchos/EditValueView-t.build/Objects-normal/arm64_32/EditValueView.SwiftFileList -DSWIFT_PACKAGE -DDEBUG -DSWIFT_MODULE_RESOURCE_BUNDLE_UNAVAILABLE -DXcode -plugin-path /Applications/Xcode-27.0.0-Release.Candidate.app/Contents/Developer/Toolchains/XcodeDefault.xctoolchain/usr/lib/swift/host/plugins/testing -enable-experimental-feature DebugDescriptionMacro -sdk /Applications/Xcode-27.0.0-Release.Candidate.app/Contents/Developer/Platforms/WatchOS.platform/Developer/SDKs/WatchOS27.0.sdk -target arm64_32-apple-watchos9.0 -g -module-cache-path /Users/admin/builder/spi-builder-workspace/.derivedData/ModuleCache.noindex -Xfrontend -serialize-debugging-options -profile-coverage-mapping -profile-generate -enable-testing -suppress-warnings -index-store-path /Users/admin/builder/spi-builder-workspace/.derivedData/Index.noindex/DataStore -Xcc -D_LIBCPP_HARDENING_MODE\=_LIBCPP_HARDENING_MODE_DEBUG -swift-version 5 -I /Users/admin/builder/spi-builder-workspace/.derivedData/Build/Products/Debug-watchos -Isystem /Applications/Xcode-27.0.0-Release.Candidate.app/Contents/Developer/Platforms/WatchOS.platform/Developer/usr/lib -F /Users/admin/builder/spi-builder-workspace/.derivedData/Build/Products/Debug-watchos/PackageFrameworks -F /Users/admin/builder/spi-builder-workspace/.derivedData/Build/Products/Debug-watchos -F /Applications/Xcode-27.0.0-Release.Candidate.app/Contents/Developer/Platforms/WatchOS.platform/Developer/Library/Frameworks -F /Applications/Xcode-27.0.0-Release.Candidate.app/Contents/Developer/Platforms/WatchOS.platform/Developer/SDKs/WatchOS27.0.sdk/Developer/Library/Frameworks -c -j10 -enable-batch-mode -incremental -Xcc -ivfsstatcache -Xcc /Users/admin/builder/spi-builder-workspace/.derivedData/SDKStatCaches.noindex/watchos27.0-24R360-e829b21a6f8c9b70876ba0858053c04477534ef55a1706bf4c1112bbb242f0a2.sdkstatcache -output-file-map /Users/admin/builder/spi-builder-workspace/.derivedData/Build/Intermediates.noindex/EditValueView.build/Debug-watchos/EditValueView-t.build/Objects-normal/arm64_32/EditValueView-OutputFileMap.json -save-temps -no-color-diagnostics -explicit-module-build -module-cache-path /Users/admin/builder/spi-builder-workspace/.derivedData/Build/Intermediates.noindex/SwiftExplicitPrecompiledModules -clang-scanner-module-cache-path /Users/admin/builder/spi-builder-workspace/.derivedData/ModuleCache.noindex -sdk-module-cache-path /Users/admin/builder/spi-builder-workspace/.derivedData/SDKExplicitPrecompiledModules -emit-dependencies -emit-module -emit-module-path /Users/admin/builder/spi-builder-workspace/.derivedData/Build/Intermediates.noindex/EditValueView.build/Debug-watchos/EditValueView-t.build/Objects-normal/arm64_32/EditValueView.swiftmodule -serialize-diagnostics -dependency-scan-serialize-diagnostics-path /Users/admin/builder/spi-builder-workspace/.derivedData/Build/Intermediates.noindex/EditValueView.build/Debug-watchos/EditValueView-t.build/Objects-normal/arm64_32/EditValueView-dependency-scan.dia -validate-clang-modules-once -clang-build-session-file /Users/admin/builder/spi-builder-workspace/.derivedData/ModuleCache.noindex/Session.modulevalidation -Xcc -fmodules-prune-interval\=86400 -Xcc -fmodules-prune-after\=345600 -emit-const-values -const-gather-protocols-list /Users/admin/builder/spi-builder-workspace/.derivedData/Build/Intermediates.noindex/EditValueView.build/Debug-watchos/EditValueView-t.build/Objects-normal/arm64_32/EditValueView_const_extract_protocols.json -Xcc -I/Users/admin/builder/spi-builder-workspace/.derivedData/Build/Products/Debug-watchos/include -Xcc -I/Users/admin/builder/spi-builder-workspace/.derivedData/Build/Intermediates.noindex/EditValueView.build/Debug-watchos/EditValueView-t.build/DerivedSources-normal/arm64_32 -Xcc -I/Users/admin/builder/spi-builder-workspace/.derivedData/Build/Intermediates.noindex/EditValueView.build/Debug-watchos/EditValueView-t.build/DerivedSources/arm64_32 -Xcc -I/Users/admin/builder/spi-builder-workspace/.derivedData/Build/Intermediates.noindex/EditValueView.build/Debug-watchos/EditValueView-t.build/DerivedSources -Xcc -DSWIFT_PACKAGE -Xcc -DDEBUG\=1 -emit-objc-header -emit-objc-header-path /Users/admin/builder/spi-builder-workspace/.derivedData/Build/Intermediates.noindex/EditValueView.build/Debug-watchos/EditValueView-t.build/Objects-normal/arm64_32/EditValueView-Swift.h -working-directory /Users/admin/builder/spi-builder-workspace/.swiftpm/xcode -experimental-emit-module-separately -disable-cmo
SwiftDriver EditValueView normal arm64 com.apple.xcode.tools.swift.compiler (in target 'EditValueView' from project 'EditValueView')
cd /Users/admin/builder/spi-builder-workspace/.swiftpm/xcode
builtin-SwiftDriver -- /Applications/Xcode-27.0.0-Release.Candidate.app/Contents/Developer/Toolchains/XcodeDefault.xctoolchain/usr/bin/swiftc -parse-as-library -module-name EditValueView -Onone @/Users/admin/builder/spi-builder-workspace/.derivedData/Build/Intermediates.noindex/EditValueView.build/Debug-watchos/EditValueView-t.build/Objects-normal/arm64/EditValueView.SwiftFileList -DSWIFT_PACKAGE -DDEBUG -DSWIFT_MODULE_RESOURCE_BUNDLE_UNAVAILABLE -DXcode -plugin-path /Applications/Xcode-27.0.0-Release.Candidate.app/Contents/Developer/Toolchains/XcodeDefault.xctoolchain/usr/lib/swift/host/plugins/testing -enable-experimental-feature DebugDescriptionMacro -sdk /Applications/Xcode-27.0.0-Release.Candidate.app/Contents/Developer/Platforms/WatchOS.platform/Developer/SDKs/WatchOS27.0.sdk -target arm64-apple-watchos9.0 -g -module-cache-path /Users/admin/builder/spi-builder-workspace/.derivedData/ModuleCache.noindex -Xfrontend -serialize-debugging-options -profile-coverage-mapping -profile-generate -enable-testing -suppress-warnings -index-store-path /Users/admin/builder/spi-builder-workspace/.derivedData/Index.noindex/DataStore -Xcc -D_LIBCPP_HARDENING_MODE\=_LIBCPP_HARDENING_MODE_DEBUG -swift-version 5 -I /Users/admin/builder/spi-builder-workspace/.derivedData/Build/Products/Debug-watchos -Isystem /Applications/Xcode-27.0.0-Release.Candidate.app/Contents/Developer/Platforms/WatchOS.platform/Developer/usr/lib -F /Users/admin/builder/spi-builder-workspace/.derivedData/Build/Products/Debug-watchos/PackageFrameworks -F /Users/admin/builder/spi-builder-workspace/.derivedData/Build/Products/Debug-watchos -F /Applications/Xcode-27.0.0-Release.Candidate.app/Contents/Developer/Platforms/WatchOS.platform/Developer/Library/Frameworks -F /Applications/Xcode-27.0.0-Release.Candidate.app/Contents/Developer/Platforms/WatchOS.platform/Developer/SDKs/WatchOS27.0.sdk/Developer/Library/Frameworks -c -j10 -enable-batch-mode -incremental -Xcc -ivfsstatcache -Xcc /Users/admin/builder/spi-builder-workspace/.derivedData/SDKStatCaches.noindex/watchos27.0-24R360-e829b21a6f8c9b70876ba0858053c04477534ef55a1706bf4c1112bbb242f0a2.sdkstatcache -output-file-map /Users/admin/builder/spi-builder-workspace/.derivedData/Build/Intermediates.noindex/EditValueView.build/Debug-watchos/EditValueView-t.build/Objects-normal/arm64/EditValueView-OutputFileMap.json -save-temps -no-color-diagnostics -explicit-module-build -module-cache-path /Users/admin/builder/spi-builder-workspace/.derivedData/Build/Intermediates.noindex/SwiftExplicitPrecompiledModules -clang-scanner-module-cache-path /Users/admin/builder/spi-builder-workspace/.derivedData/ModuleCache.noindex -sdk-module-cache-path /Users/admin/builder/spi-builder-workspace/.derivedData/SDKExplicitPrecompiledModules -emit-dependencies -emit-module -emit-module-path /Users/admin/builder/spi-builder-workspace/.derivedData/Build/Intermediates.noindex/EditValueView.build/Debug-watchos/EditValueView-t.build/Objects-normal/arm64/EditValueView.swiftmodule -serialize-diagnostics -dependency-scan-serialize-diagnostics-path /Users/admin/builder/spi-builder-workspace/.derivedData/Build/Intermediates.noindex/EditValueView.build/Debug-watchos/EditValueView-t.build/Objects-normal/arm64/EditValueView-dependency-scan.dia -validate-clang-modules-once -clang-build-session-file /Users/admin/builder/spi-builder-workspace/.derivedData/ModuleCache.noindex/Session.modulevalidation -Xcc -fmodules-prune-interval\=86400 -Xcc -fmodules-prune-after\=345600 -emit-const-values -const-gather-protocols-list /Users/admin/builder/spi-builder-workspace/.derivedData/Build/Intermediates.noindex/EditValueView.build/Debug-watchos/EditValueView-t.build/Objects-normal/arm64/EditValueView_const_extract_protocols.json -Xcc -I/Users/admin/builder/spi-builder-workspace/.derivedData/Build/Products/Debug-watchos/include -Xcc -I/Users/admin/builder/spi-builder-workspace/.derivedData/Build/Intermediates.noindex/EditValueView.build/Debug-watchos/EditValueView-t.build/DerivedSources-normal/arm64 -Xcc -I/Users/admin/builder/spi-builder-workspace/.derivedData/Build/Intermediates.noindex/EditValueView.build/Debug-watchos/EditValueView-t.build/DerivedSources/arm64 -Xcc -I/Users/admin/builder/spi-builder-workspace/.derivedData/Build/Intermediates.noindex/EditValueView.build/Debug-watchos/EditValueView-t.build/DerivedSources -Xcc -DSWIFT_PACKAGE -Xcc -DDEBUG\=1 -emit-objc-header -emit-objc-header-path /Users/admin/builder/spi-builder-workspace/.derivedData/Build/Intermediates.noindex/EditValueView.build/Debug-watchos/EditValueView-t.build/Objects-normal/arm64/EditValueView-Swift.h -working-directory /Users/admin/builder/spi-builder-workspace/.swiftpm/xcode -experimental-emit-module-separately -disable-cmo
SwiftDriverJobDiscovery normal arm64_32 Compiling resource_bundle_accessor.swift, ItemCountLabel.swift (in target 'ReflectionView' from project 'ReflectionView')
SwiftDriverJobDiscovery normal arm64_32 Compiling ReflectionContentView.swift (in target 'ReflectionView' from project 'ReflectionView')
SwiftDriverJobDiscovery normal arm64_32 Compiling EnumCaseContent.swift, KeyedContent.swift (in target 'ReflectionView' from project 'ReflectionView')
SwiftDriverJobDiscovery normal arm64_32 Compiling GeneratedAssetSymbols.swift (in target 'ReflectionView' from project 'ReflectionView')
SwiftDriverJobDiscovery normal arm64_32 Compiling Config.swift, DictContent.swift (in target 'ReflectionView' from project 'ReflectionView')
SwiftDriverJobDiscovery normal arm64_32 Compiling TypeInfoView.swift (in target 'ReflectionView' from project 'ReflectionView')
SwiftDriverJobDiscovery normal arm64 Compiling Config.swift, DictContent.swift (in target 'ReflectionView' from project 'ReflectionView')
SwiftDriver\ Compilation ReflectionView normal arm64 com.apple.xcode.tools.swift.compiler (in target 'ReflectionView' from project 'ReflectionView')
cd /Users/admin/builder/spi-builder-workspace/.swiftpm/xcode
builtin-Swift-Compilation -- /Applications/Xcode-27.0.0-Release.Candidate.app/Contents/Developer/Toolchains/XcodeDefault.xctoolchain/usr/bin/swiftc -parse-as-library -module-name ReflectionView -Onone @/Users/admin/builder/spi-builder-workspace/.derivedData/Build/Intermediates.noindex/ReflectionView.build/Debug-watchos/ReflectionView-t.build/Objects-normal/arm64/ReflectionView.SwiftFileList -DSWIFT_PACKAGE -DDEBUG -DSWIFT_MODULE_RESOURCE_BUNDLE_AVAILABLE -DXcode -plugin-path /Applications/Xcode-27.0.0-Release.Candidate.app/Contents/Developer/Toolchains/XcodeDefault.xctoolchain/usr/lib/swift/host/plugins/testing -enable-experimental-feature DebugDescriptionMacro -sdk /Applications/Xcode-27.0.0-Release.Candidate.app/Contents/Developer/Platforms/WatchOS.platform/Developer/SDKs/WatchOS27.0.sdk -target arm64-apple-watchos9.0 -g -module-cache-path /Users/admin/builder/spi-builder-workspace/.derivedData/ModuleCache.noindex -Xfrontend -serialize-debugging-options -profile-coverage-mapping -profile-generate -enable-testing -suppress-warnings -index-store-path /Users/admin/builder/spi-builder-workspace/.derivedData/Index.noindex/DataStore -Xcc -D_LIBCPP_HARDENING_MODE\=_LIBCPP_HARDENING_MODE_DEBUG -swift-version 5 -I /Users/admin/builder/spi-builder-workspace/.derivedData/Build/Products/Debug-watchos -Isystem /Applications/Xcode-27.0.0-Release.Candidate.app/Contents/Developer/Platforms/WatchOS.platform/Developer/usr/lib -F /Users/admin/builder/spi-builder-workspace/.derivedData/Build/Products/Debug-watchos/PackageFrameworks -F /Users/admin/builder/spi-builder-workspace/.derivedData/Build/Products/Debug-watchos -F /Applications/Xcode-27.0.0-Release.Candidate.app/Contents/Developer/Platforms/WatchOS.platform/Developer/Library/Frameworks -F /Applications/Xcode-27.0.0-Release.Candidate.app/Contents/Developer/Platforms/WatchOS.platform/Developer/SDKs/WatchOS27.0.sdk/Developer/Library/Frameworks -c -j10 -enable-batch-mode -incremental -Xcc -ivfsstatcache -Xcc /Users/admin/builder/spi-builder-workspace/.derivedData/SDKStatCaches.noindex/watchos27.0-24R360-e829b21a6f8c9b70876ba0858053c04477534ef55a1706bf4c1112bbb242f0a2.sdkstatcache -output-file-map /Users/admin/builder/spi-builder-workspace/.derivedData/Build/Intermediates.noindex/ReflectionView.build/Debug-watchos/ReflectionView-t.build/Objects-normal/arm64/ReflectionView-OutputFileMap.json -save-temps -no-color-diagnostics -explicit-module-build -module-cache-path /Users/admin/builder/spi-builder-workspace/.derivedData/Build/Intermediates.noindex/SwiftExplicitPrecompiledModules -clang-scanner-module-cache-path /Users/admin/builder/spi-builder-workspace/.derivedData/ModuleCache.noindex -sdk-module-cache-path /Users/admin/builder/spi-builder-workspace/.derivedData/SDKExplicitPrecompiledModules -emit-dependencies -emit-module -emit-module-path /Users/admin/builder/spi-builder-workspace/.derivedData/Build/Intermediates.noindex/ReflectionView.build/Debug-watchos/ReflectionView-t.build/Objects-normal/arm64/ReflectionView.swiftmodule -serialize-diagnostics -dependency-scan-serialize-diagnostics-path /Users/admin/builder/spi-builder-workspace/.derivedData/Build/Intermediates.noindex/ReflectionView.build/Debug-watchos/ReflectionView-t.build/Objects-normal/arm64/ReflectionView-dependency-scan.dia -validate-clang-modules-once -clang-build-session-file /Users/admin/builder/spi-builder-workspace/.derivedData/ModuleCache.noindex/Session.modulevalidation -Xcc -fmodules-prune-interval\=86400 -Xcc -fmodules-prune-after\=345600 -package-name swiftui_reflection_view -emit-const-values -const-gather-protocols-list /Users/admin/builder/spi-builder-workspace/.derivedData/Build/Intermediates.noindex/ReflectionView.build/Debug-watchos/ReflectionView-t.build/Objects-normal/arm64/ReflectionView_const_extract_protocols.json -Xcc -I/Users/admin/builder/spi-builder-workspace/.derivedData/Build/Products/Debug-watchos/include -Xcc -I/Users/admin/builder/spi-builder-workspace/.derivedData/Build/Intermediates.noindex/ReflectionView.build/Debug-watchos/ReflectionView-t.build/DerivedSources-normal/arm64 -Xcc -I/Users/admin/builder/spi-builder-workspace/.derivedData/Build/Intermediates.noindex/ReflectionView.build/Debug-watchos/ReflectionView-t.build/DerivedSources/arm64 -Xcc -I/Users/admin/builder/spi-builder-workspace/.derivedData/Build/Intermediates.noindex/ReflectionView.build/Debug-watchos/ReflectionView-t.build/DerivedSources -Xcc -DSWIFT_PACKAGE -Xcc -DDEBUG\=1 -emit-objc-header -emit-objc-header-path /Users/admin/builder/spi-builder-workspace/.derivedData/Build/Intermediates.noindex/ReflectionView.build/Debug-watchos/ReflectionView-t.build/Objects-normal/arm64/ReflectionView-Swift.h -working-directory /Users/admin/builder/spi-builder-workspace/.swiftpm/xcode -experimental-emit-module-separately -disable-cmo
Ld /Users/admin/builder/spi-builder-workspace/.derivedData/Build/Intermediates.noindex/ReflectionView.build/Debug-watchos/ReflectionView-t.build/Objects-normal/arm64/Binary/ReflectionView.o normal arm64 (in target 'ReflectionView' from project 'ReflectionView')
cd /Users/admin/builder/spi-builder-workspace/.dependencies/checkouts/swiftui-reflection-view
/Applications/Xcode-27.0.0-Release.Candidate.app/Contents/Developer/Toolchains/XcodeDefault.xctoolchain/usr/bin/clang -Xlinker -reproducible -target arm64-apple-watchos9.0 -r -isysroot /Applications/Xcode-27.0.0-Release.Candidate.app/Contents/Developer/Platforms/WatchOS.platform/Developer/SDKs/WatchOS27.0.sdk -O0 -w -Xlinker -no_warn_duplicate_libraries -F/Users/admin/builder/spi-builder-workspace/.derivedData/Build/Intermediates.noindex/EagerLinkingTBDs/Debug-watchos -F/Users/admin/builder/spi-builder-workspace/.derivedData/Build/Products/Debug-watchos/PackageFrameworks -F/Users/admin/builder/spi-builder-workspace/.derivedData/Build/Products/Debug-watchos -iframework /Applications/Xcode-27.0.0-Release.Candidate.app/Contents/Developer/Platforms/WatchOS.platform/Developer/Library/Frameworks -iframework /Applications/Xcode-27.0.0-Release.Candidate.app/Contents/Developer/Platforms/WatchOS.platform/Developer/SDKs/WatchOS27.0.sdk/Developer/Library/Frameworks -filelist /Users/admin/builder/spi-builder-workspace/.derivedData/Build/Intermediates.noindex/ReflectionView.build/Debug-watchos/ReflectionView-t.build/Objects-normal/arm64/ReflectionView.LinkFileList -nostdlib -Xlinker -object_path_lto -Xlinker /Users/admin/builder/spi-builder-workspace/.derivedData/Build/Intermediates.noindex/ReflectionView.build/Debug-watchos/ReflectionView-t.build/Objects-normal/arm64/ReflectionView_lto.o -Xlinker -no_deduplicate -Xlinker -debug_variant -Xlinker -dependency_info -Xlinker /Users/admin/builder/spi-builder-workspace/.derivedData/Build/Intermediates.noindex/ReflectionView.build/Debug-watchos/ReflectionView-t.build/Objects-normal/arm64/ReflectionView_dependency_info.dat -fobjc-link-runtime -L/Applications/Xcode-27.0.0-Release.Candidate.app/Contents/Developer/Toolchains/XcodeDefault.xctoolchain/usr/lib/swift/watchos -L/usr/lib/swift -Xlinker -add_ast_path -Xlinker /Users/admin/builder/spi-builder-workspace/.derivedData/Build/Intermediates.noindex/ReflectionView.build/Debug-watchos/ReflectionView-t.build/Objects-normal/arm64/ReflectionView.swiftmodule -o /Users/admin/builder/spi-builder-workspace/.derivedData/Build/Intermediates.noindex/ReflectionView.build/Debug-watchos/ReflectionView-t.build/Objects-normal/arm64/Binary/ReflectionView.o
SwiftDriverJobDiscovery normal arm64_32 Compiling ListContent.swift, NestedContent.swift (in target 'ReflectionView' from project 'ReflectionView')
SwiftDriver\ Compilation ReflectionView normal arm64_32 com.apple.xcode.tools.swift.compiler (in target 'ReflectionView' from project 'ReflectionView')
cd /Users/admin/builder/spi-builder-workspace/.swiftpm/xcode
builtin-Swift-Compilation -- /Applications/Xcode-27.0.0-Release.Candidate.app/Contents/Developer/Toolchains/XcodeDefault.xctoolchain/usr/bin/swiftc -parse-as-library -module-name ReflectionView -Onone @/Users/admin/builder/spi-builder-workspace/.derivedData/Build/Intermediates.noindex/ReflectionView.build/Debug-watchos/ReflectionView-t.build/Objects-normal/arm64_32/ReflectionView.SwiftFileList -DSWIFT_PACKAGE -DDEBUG -DSWIFT_MODULE_RESOURCE_BUNDLE_AVAILABLE -DXcode -plugin-path /Applications/Xcode-27.0.0-Release.Candidate.app/Contents/Developer/Toolchains/XcodeDefault.xctoolchain/usr/lib/swift/host/plugins/testing -enable-experimental-feature DebugDescriptionMacro -sdk /Applications/Xcode-27.0.0-Release.Candidate.app/Contents/Developer/Platforms/WatchOS.platform/Developer/SDKs/WatchOS27.0.sdk -target arm64_32-apple-watchos9.0 -g -module-cache-path /Users/admin/builder/spi-builder-workspace/.derivedData/ModuleCache.noindex -Xfrontend -serialize-debugging-options -profile-coverage-mapping -profile-generate -enable-testing -suppress-warnings -index-store-path /Users/admin/builder/spi-builder-workspace/.derivedData/Index.noindex/DataStore -Xcc -D_LIBCPP_HARDENING_MODE\=_LIBCPP_HARDENING_MODE_DEBUG -swift-version 5 -I /Users/admin/builder/spi-builder-workspace/.derivedData/Build/Products/Debug-watchos -Isystem /Applications/Xcode-27.0.0-Release.Candidate.app/Contents/Developer/Platforms/WatchOS.platform/Developer/usr/lib -F /Users/admin/builder/spi-builder-workspace/.derivedData/Build/Products/Debug-watchos/PackageFrameworks -F /Users/admin/builder/spi-builder-workspace/.derivedData/Build/Products/Debug-watchos -F /Applications/Xcode-27.0.0-Release.Candidate.app/Contents/Developer/Platforms/WatchOS.platform/Developer/Library/Frameworks -F /Applications/Xcode-27.0.0-Release.Candidate.app/Contents/Developer/Platforms/WatchOS.platform/Developer/SDKs/WatchOS27.0.sdk/Developer/Library/Frameworks -c -j10 -enable-batch-mode -incremental -Xcc -ivfsstatcache -Xcc /Users/admin/builder/spi-builder-workspace/.derivedData/SDKStatCaches.noindex/watchos27.0-24R360-e829b21a6f8c9b70876ba0858053c04477534ef55a1706bf4c1112bbb242f0a2.sdkstatcache -output-file-map /Users/admin/builder/spi-builder-workspace/.derivedData/Build/Intermediates.noindex/ReflectionView.build/Debug-watchos/ReflectionView-t.build/Objects-normal/arm64_32/ReflectionView-OutputFileMap.json -save-temps -no-color-diagnostics -explicit-module-build -module-cache-path /Users/admin/builder/spi-builder-workspace/.derivedData/Build/Intermediates.noindex/SwiftExplicitPrecompiledModules -clang-scanner-module-cache-path /Users/admin/builder/spi-builder-workspace/.derivedData/ModuleCache.noindex -sdk-module-cache-path /Users/admin/builder/spi-builder-workspace/.derivedData/SDKExplicitPrecompiledModules -emit-dependencies -emit-module -emit-module-path /Users/admin/builder/spi-builder-workspace/.derivedData/Build/Intermediates.noindex/ReflectionView.build/Debug-watchos/ReflectionView-t.build/Objects-normal/arm64_32/ReflectionView.swiftmodule -serialize-diagnostics -dependency-scan-serialize-diagnostics-path /Users/admin/builder/spi-builder-workspace/.derivedData/Build/Intermediates.noindex/ReflectionView.build/Debug-watchos/ReflectionView-t.build/Objects-normal/arm64_32/ReflectionView-dependency-scan.dia -validate-clang-modules-once -clang-build-session-file /Users/admin/builder/spi-builder-workspace/.derivedData/ModuleCache.noindex/Session.modulevalidation -Xcc -fmodules-prune-interval\=86400 -Xcc -fmodules-prune-after\=345600 -package-name swiftui_reflection_view -emit-const-values -const-gather-protocols-list /Users/admin/builder/spi-builder-workspace/.derivedData/Build/Intermediates.noindex/ReflectionView.build/Debug-watchos/ReflectionView-t.build/Objects-normal/arm64_32/ReflectionView_const_extract_protocols.json -Xcc -I/Users/admin/builder/spi-builder-workspace/.derivedData/Build/Products/Debug-watchos/include -Xcc -I/Users/admin/builder/spi-builder-workspace/.derivedData/Build/Intermediates.noindex/ReflectionView.build/Debug-watchos/ReflectionView-t.build/DerivedSources-normal/arm64_32 -Xcc -I/Users/admin/builder/spi-builder-workspace/.derivedData/Build/Intermediates.noindex/ReflectionView.build/Debug-watchos/ReflectionView-t.build/DerivedSources/arm64_32 -Xcc -I/Users/admin/builder/spi-builder-workspace/.derivedData/Build/Intermediates.noindex/ReflectionView.build/Debug-watchos/ReflectionView-t.build/DerivedSources -Xcc -DSWIFT_PACKAGE -Xcc -DDEBUG\=1 -emit-objc-header -emit-objc-header-path /Users/admin/builder/spi-builder-workspace/.derivedData/Build/Intermediates.noindex/ReflectionView.build/Debug-watchos/ReflectionView-t.build/Objects-normal/arm64_32/ReflectionView-Swift.h -working-directory /Users/admin/builder/spi-builder-workspace/.swiftpm/xcode -experimental-emit-module-separately -disable-cmo
Ld /Users/admin/builder/spi-builder-workspace/.derivedData/Build/Intermediates.noindex/ReflectionView.build/Debug-watchos/ReflectionView-t.build/Objects-normal/arm64_32/Binary/ReflectionView.o normal arm64_32 (in target 'ReflectionView' from project 'ReflectionView')
cd /Users/admin/builder/spi-builder-workspace/.dependencies/checkouts/swiftui-reflection-view
/Applications/Xcode-27.0.0-Release.Candidate.app/Contents/Developer/Toolchains/XcodeDefault.xctoolchain/usr/bin/clang -Xlinker -reproducible -target arm64_32-apple-watchos9.0 -r -isysroot /Applications/Xcode-27.0.0-Release.Candidate.app/Contents/Developer/Platforms/WatchOS.platform/Developer/SDKs/WatchOS27.0.sdk -O0 -w -Xlinker -no_warn_duplicate_libraries -F/Users/admin/builder/spi-builder-workspace/.derivedData/Build/Intermediates.noindex/EagerLinkingTBDs/Debug-watchos -F/Users/admin/builder/spi-builder-workspace/.derivedData/Build/Products/Debug-watchos/PackageFrameworks -F/Users/admin/builder/spi-builder-workspace/.derivedData/Build/Products/Debug-watchos -iframework /Applications/Xcode-27.0.0-Release.Candidate.app/Contents/Developer/Platforms/WatchOS.platform/Developer/Library/Frameworks -iframework /Applications/Xcode-27.0.0-Release.Candidate.app/Contents/Developer/Platforms/WatchOS.platform/Developer/SDKs/WatchOS27.0.sdk/Developer/Library/Frameworks -filelist /Users/admin/builder/spi-builder-workspace/.derivedData/Build/Intermediates.noindex/ReflectionView.build/Debug-watchos/ReflectionView-t.build/Objects-normal/arm64_32/ReflectionView.LinkFileList -nostdlib -Xlinker -object_path_lto -Xlinker /Users/admin/builder/spi-builder-workspace/.derivedData/Build/Intermediates.noindex/ReflectionView.build/Debug-watchos/ReflectionView-t.build/Objects-normal/arm64_32/ReflectionView_lto.o -Xlinker -no_deduplicate -Xlinker -debug_variant -Xlinker -dependency_info -Xlinker /Users/admin/builder/spi-builder-workspace/.derivedData/Build/Intermediates.noindex/ReflectionView.build/Debug-watchos/ReflectionView-t.build/Objects-normal/arm64_32/ReflectionView_dependency_info.dat -fobjc-link-runtime -L/Applications/Xcode-27.0.0-Release.Candidate.app/Contents/Developer/Toolchains/XcodeDefault.xctoolchain/usr/lib/swift/watchos -L/usr/lib/swift -Xlinker -add_ast_path -Xlinker /Users/admin/builder/spi-builder-workspace/.derivedData/Build/Intermediates.noindex/ReflectionView.build/Debug-watchos/ReflectionView-t.build/Objects-normal/arm64_32/ReflectionView.swiftmodule -o /Users/admin/builder/spi-builder-workspace/.derivedData/Build/Intermediates.noindex/ReflectionView.build/Debug-watchos/ReflectionView-t.build/Objects-normal/arm64_32/Binary/ReflectionView.o
CreateUniversalBinary /Users/admin/builder/spi-builder-workspace/.derivedData/Build/Products/Debug-watchos/ReflectionView.o normal arm64\ arm64_32 (in target 'ReflectionView' from project 'ReflectionView')
cd /Users/admin/builder/spi-builder-workspace/.dependencies/checkouts/swiftui-reflection-view
/Applications/Xcode-27.0.0-Release.Candidate.app/Contents/Developer/Toolchains/XcodeDefault.xctoolchain/usr/bin/lipo -create /Users/admin/builder/spi-builder-workspace/.derivedData/Build/Intermediates.noindex/ReflectionView.build/Debug-watchos/ReflectionView-t.build/Objects-normal/arm64/Binary/ReflectionView.o /Users/admin/builder/spi-builder-workspace/.derivedData/Build/Intermediates.noindex/ReflectionView.build/Debug-watchos/ReflectionView-t.build/Objects-normal/arm64_32/Binary/ReflectionView.o -output /Users/admin/builder/spi-builder-workspace/.derivedData/Build/Products/Debug-watchos/ReflectionView.o
ExtractAppIntentsMetadata (in target 'ReflectionView' from project 'ReflectionView')
cd /Users/admin/builder/spi-builder-workspace/.dependencies/checkouts/swiftui-reflection-view
/Applications/Xcode-27.0.0-Release.Candidate.app/Contents/Developer/Toolchains/XcodeDefault.xctoolchain/usr/bin/appintentsmetadataprocessor --toolchain-dir /var/run/com.apple.security.cryptexd/mnt/com.apple.MobileAsset.MetalToolchain-v27.1.266.1.frGkBo/Metal.xctoolchain --module-name ReflectionView --sdk-root /Applications/Xcode-27.0.0-Release.Candidate.app/Contents/Developer/Platforms/WatchOS.platform/Developer/SDKs/WatchOS27.0.sdk --xcode-version 27A266a --platform-family watchOS --deployment-target 9.0 --bundle-identifier swiftui-reflection-view.ReflectionView --output /Users/admin/builder/spi-builder-workspace/.derivedData/Build/Products/Debug-watchos/ReflectionView.appintents --target-triple arm64-apple-watchos9.0 --target-triple arm64_32-apple-watchos9.0 --binary-file /Users/admin/builder/spi-builder-workspace/.derivedData/Build/Products/Debug-watchos/ReflectionView.o --dependency-file /Users/admin/builder/spi-builder-workspace/.derivedData/Build/Intermediates.noindex/ReflectionView.build/Debug-watchos/ReflectionView-t.build/Objects-normal/arm64/ReflectionView_dependency_info.dat --dependency-file /Users/admin/builder/spi-builder-workspace/.derivedData/Build/Intermediates.noindex/ReflectionView.build/Debug-watchos/ReflectionView-t.build/Objects-normal/arm64_32/ReflectionView_dependency_info.dat --stringsdata-file /Users/admin/builder/spi-builder-workspace/.derivedData/Build/Intermediates.noindex/ReflectionView.build/Debug-watchos/ReflectionView-t.build/Objects-normal/arm64/ExtractedAppShortcutsMetadata.stringsdata --stringsdata-file /Users/admin/builder/spi-builder-workspace/.derivedData/Build/Intermediates.noindex/ReflectionView.build/Debug-watchos/ReflectionView-t.build/Objects-normal/arm64_32/ExtractedAppShortcutsMetadata.stringsdata --source-file-list /Users/admin/builder/spi-builder-workspace/.derivedData/Build/Intermediates.noindex/ReflectionView.build/Debug-watchos/ReflectionView-t.build/Objects-normal/arm64/ReflectionView.SwiftFileList --source-file-list /Users/admin/builder/spi-builder-workspace/.derivedData/Build/Intermediates.noindex/ReflectionView.build/Debug-watchos/ReflectionView-t.build/Objects-normal/arm64_32/ReflectionView.SwiftFileList --metadata-file-list /Users/admin/builder/spi-builder-workspace/.derivedData/Build/Intermediates.noindex/ReflectionView.build/Debug-watchos/ReflectionView-t.build/ReflectionView.DependencyMetadataFileList --static-metadata-file-list /Users/admin/builder/spi-builder-workspace/.derivedData/Build/Intermediates.noindex/ReflectionView.build/Debug-watchos/ReflectionView-t.build/ReflectionView.DependencyStaticMetadataFileList --swift-const-vals-list /Users/admin/builder/spi-builder-workspace/.derivedData/Build/Intermediates.noindex/ReflectionView.build/Debug-watchos/ReflectionView-t.build/Objects-normal/arm64/ReflectionView.SwiftConstValuesFileList --swift-const-vals-list /Users/admin/builder/spi-builder-workspace/.derivedData/Build/Intermediates.noindex/ReflectionView.build/Debug-watchos/ReflectionView-t.build/Objects-normal/arm64_32/ReflectionView.SwiftConstValuesFileList --force --compile-time-extraction --deployment-aware-processing --no-app-shortcuts-localization
2026-09-22 19:50:03.505 appintentsmetadataprocessor[1078:6236] Starting appintentsmetadataprocessor export
2026-09-22 19:50:03.579 appintentsmetadataprocessor[1078:6236] Extracted no relevant App Intents symbols, skipping writing output
SwiftCompile normal arm64 Compiling\ EditValueView+EditorType.swift,\ EditValueView+setValue.swift,\ EditValueView.swift /Users/admin/builder/spi-builder-workspace/.dependencies/checkouts/EditValueView/Sources/EditValueView/EditValueView+EditorType.swift /Users/admin/builder/spi-builder-workspace/.dependencies/checkouts/EditValueView/Sources/EditValueView/EditValueView+setValue.swift /Users/admin/builder/spi-builder-workspace/.dependencies/checkouts/EditValueView/Sources/EditValueView/EditValueView.swift (in target 'EditValueView' from project 'EditValueView')
SwiftCompile normal arm64 /Users/admin/builder/spi-builder-workspace/.dependencies/checkouts/EditValueView/Sources/EditValueView/EditValueView+EditorType.swift (in target 'EditValueView' from project 'EditValueView')
cd /Users/admin/builder/spi-builder-workspace/.swiftpm/xcode
builtin-SwiftPerFileCompile EditValueView+EditorType.swift
SwiftCompile normal arm64 /Users/admin/builder/spi-builder-workspace/.dependencies/checkouts/EditValueView/Sources/EditValueView/EditValueView+setValue.swift (in target 'EditValueView' from project 'EditValueView')
cd /Users/admin/builder/spi-builder-workspace/.swiftpm/xcode
builtin-SwiftPerFileCompile EditValueView+setValue.swift
SwiftCompile normal arm64 /Users/admin/builder/spi-builder-workspace/.dependencies/checkouts/EditValueView/Sources/EditValueView/EditValueView.swift (in target 'EditValueView' from project 'EditValueView')
cd /Users/admin/builder/spi-builder-workspace/.swiftpm/xcode
builtin-SwiftPerFileCompile EditValueView.swift
/Users/admin/builder/spi-builder-workspace/.dependencies/checkouts/EditValueView/Sources/EditValueView/EditValueView+EditorType.swift:66:17: error: cannot find type 'CIColor' in scope
64 | return .color
65 |
66 | case is CIColor.Type,
| `- error: cannot find type 'CIColor' in scope
67 | is CIColor?.Type:
68 | return .color
/Users/admin/builder/spi-builder-workspace/.dependencies/checkouts/EditValueView/Sources/EditValueView/EditValueView+EditorType.swift:67:16: error: cannot find type 'CIColor' in scope
65 |
66 | case is CIColor.Type,
67 | is CIColor?.Type:
| `- error: cannot find type 'CIColor' in scope
68 | return .color
69 |
/Users/admin/builder/spi-builder-workspace/.dependencies/checkouts/EditValueView/Sources/EditValueView/EditValueView+EditorType.swift:83:17: error: cannot find type 'CIImage' in scope
81 | return .image
82 |
83 | case is CIImage.Type,
| `- error: cannot find type 'CIImage' in scope
84 | is CIImage?.Type:
85 | return .image
SwiftCompile normal arm64 Compiling\ ImageEditor.swift,\ ImagePicker.swift /Users/admin/builder/spi-builder-workspace/.dependencies/checkouts/EditValueView/Sources/EditValueView/Editors/Image/ImageEditor.swift /Users/admin/builder/spi-builder-workspace/.dependencies/checkouts/EditValueView/Sources/EditValueView/Editors/Image/Picker/ImagePicker.swift (in target 'EditValueView' from project 'EditValueView')
SwiftCompile normal arm64 /Users/admin/builder/spi-builder-workspace/.dependencies/checkouts/EditValueView/Sources/EditValueView/Editors/Image/ImageEditor.swift (in target 'EditValueView' from project 'EditValueView')
cd /Users/admin/builder/spi-builder-workspace/.swiftpm/xcode
builtin-SwiftPerFileCompile ImageEditor.swift
SwiftCompile normal arm64 /Users/admin/builder/spi-builder-workspace/.dependencies/checkouts/EditValueView/Sources/EditValueView/Editors/Image/Picker/ImagePicker.swift (in target 'EditValueView' from project 'EditValueView')
cd /Users/admin/builder/spi-builder-workspace/.swiftpm/xcode
builtin-SwiftPerFileCompile ImagePicker.swift
SwiftCompile normal arm64 Compiling\ ColorEditorView.swift,\ DateEditorView.swift /Users/admin/builder/spi-builder-workspace/.dependencies/checkouts/EditValueView/Sources/EditValueView/Editors/ColorEditorView.swift /Users/admin/builder/spi-builder-workspace/.dependencies/checkouts/EditValueView/Sources/EditValueView/Editors/DateEditorView.swift (in target 'EditValueView' from project 'EditValueView')
SwiftCompile normal arm64 /Users/admin/builder/spi-builder-workspace/.dependencies/checkouts/EditValueView/Sources/EditValueView/Editors/ColorEditorView.swift (in target 'EditValueView' from project 'EditValueView')
cd /Users/admin/builder/spi-builder-workspace/.swiftpm/xcode
builtin-SwiftPerFileCompile ColorEditorView.swift
SwiftCompile normal arm64 /Users/admin/builder/spi-builder-workspace/.dependencies/checkouts/EditValueView/Sources/EditValueView/Editors/DateEditorView.swift (in target 'EditValueView' from project 'EditValueView')
cd /Users/admin/builder/spi-builder-workspace/.swiftpm/xcode
builtin-SwiftPerFileCompile DateEditorView.swift
SwiftCompile normal arm64 Compiling\ AnyJSONEditor.swift,\ CaseIterableEditor.swift,\ CodableEditorView.swift /Users/admin/builder/spi-builder-workspace/.dependencies/checkouts/EditValueView/Sources/EditValueView/Editors/AnyJSONEditor.swift /Users/admin/builder/spi-builder-workspace/.dependencies/checkouts/EditValueView/Sources/EditValueView/Editors/CaseIterableEditor.swift /Users/admin/builder/spi-builder-workspace/.dependencies/checkouts/EditValueView/Sources/EditValueView/Editors/CodableEditorView.swift (in target 'EditValueView' from project 'EditValueView')
SwiftCompile normal arm64 /Users/admin/builder/spi-builder-workspace/.dependencies/checkouts/EditValueView/Sources/EditValueView/Editors/AnyJSONEditor.swift (in target 'EditValueView' from project 'EditValueView')
cd /Users/admin/builder/spi-builder-workspace/.swiftpm/xcode
builtin-SwiftPerFileCompile AnyJSONEditor.swift
SwiftCompile normal arm64 /Users/admin/builder/spi-builder-workspace/.dependencies/checkouts/EditValueView/Sources/EditValueView/Editors/CaseIterableEditor.swift (in target 'EditValueView' from project 'EditValueView')
cd /Users/admin/builder/spi-builder-workspace/.swiftpm/xcode
builtin-SwiftPerFileCompile CaseIterableEditor.swift
SwiftCompile normal arm64 /Users/admin/builder/spi-builder-workspace/.dependencies/checkouts/EditValueView/Sources/EditValueView/Editors/CodableEditorView.swift (in target 'EditValueView' from project 'EditValueView')
cd /Users/admin/builder/spi-builder-workspace/.swiftpm/xcode
builtin-SwiftPerFileCompile CodableEditorView.swift
SwiftCompile normal arm64 Compiling\ DefaultRepresentable.swift,\ OptionalCaseIterable.swift /Users/admin/builder/spi-builder-workspace/.dependencies/checkouts/EditValueView/Sources/EditValueView/Protocol/DefaultRepresentable.swift /Users/admin/builder/spi-builder-workspace/.dependencies/checkouts/EditValueView/Sources/EditValueView/Protocol/OptionalCaseIterable.swift (in target 'EditValueView' from project 'EditValueView')
SwiftCompile normal arm64 /Users/admin/builder/spi-builder-workspace/.dependencies/checkouts/EditValueView/Sources/EditValueView/Protocol/DefaultRepresentable.swift (in target 'EditValueView' from project 'EditValueView')
cd /Users/admin/builder/spi-builder-workspace/.swiftpm/xcode
builtin-SwiftPerFileCompile DefaultRepresentable.swift
SwiftCompile normal arm64 /Users/admin/builder/spi-builder-workspace/.dependencies/checkouts/EditValueView/Sources/EditValueView/Protocol/OptionalCaseIterable.swift (in target 'EditValueView' from project 'EditValueView')
cd /Users/admin/builder/spi-builder-workspace/.swiftpm/xcode
builtin-SwiftPerFileCompile OptionalCaseIterable.swift
SwiftCompile normal arm64 Compiling\ CIImage+.swift,\ Codable+.swift /Users/admin/builder/spi-builder-workspace/.dependencies/checkouts/EditValueView/Sources/EditValueView/Extensions/CIImage+.swift /Users/admin/builder/spi-builder-workspace/.dependencies/checkouts/EditValueView/Sources/EditValueView/Extensions/Codable+.swift (in target 'EditValueView' from project 'EditValueView')
/Users/admin/builder/spi-builder-workspace/.dependencies/checkouts/EditValueView/Sources/EditValueView/Extensions/CIImage+.swift:12:11: error: cannot find type 'CIImage' in scope
10 | import UIKit
11 |
12 | extension CIImage {
| `- error: cannot find type 'CIImage' in scope
13 | var uiImage: UIImage? {
14 | let context = CIContext()
Failed frontend command:
/Applications/Xcode-27.0.0-Release.Candidate.app/Contents/Developer/Toolchains/XcodeDefault.xctoolchain/usr/bin/swift-frontend -frontend -c /Users/admin/builder/spi-builder-workspace/.dependencies/checkouts/EditValueView/Sources/EditValueView/EditValueView+EditorType.swift /Users/admin/builder/spi-builder-workspace/.dependencies/checkouts/EditValueView/Sources/EditValueView/EditValueView+setValue.swift /Users/admin/builder/spi-builder-workspace/.dependencies/checkouts/EditValueView/Sources/EditValueView/EditValueView.swift /Users/admin/builder/spi-builder-workspace/.dependencies/checkouts/EditValueView/Sources/EditValueView/Editors/AnyJSONEditor.swift /Users/admin/builder/spi-builder-workspace/.dependencies/checkouts/EditValueView/Sources/EditValueView/Editors/CaseIterableEditor.swift /Users/admin/builder/spi-builder-workspace/.dependencies/checkouts/EditValueView/Sources/EditValueView/Editors/CodableEditorView.swift /Users/admin/builder/spi-builder-workspace/.dependencies/checkouts/EditValueView/Sources/EditValueView/Editors/ColorEditorView.swift /Users/admin/builder/spi-builder-workspace/.dependencies/checkouts/EditValueView/Sources/EditValueView/Editors/DateEditorView.swift /Users/admin/builder/spi-builder-workspace/.dependencies/checkouts/EditValueView/Sources/EditValueView/Editors/Image/ImageEditor.swift /Users/admin/builder/spi-builder-workspace/.dependencies/checkouts/EditValueView/Sources/EditValueView/Editors/Image/Picker/ImagePicker.swift /Users/admin/builder/spi-builder-workspace/.dependencies/checkouts/EditValueView/Sources/EditValueView/Editors/Image/Picker/SwiftUIImagePicker.swift /Users/admin/builder/spi-builder-workspace/.dependencies/checkouts/EditValueView/Sources/EditValueView/Editors/Image/SwiftUIImageEditor.swift -primary-file /Users/admin/builder/spi-builder-workspace/.dependencies/checkouts/EditValueView/Sources/EditValueView/Extensions/CIImage+.swift -primary-file /Users/admin/builder/spi-builder-workspace/.dependencies/checkouts/EditValueView/Sources/EditValueView/Extensions/Codable+.swift /Users/admin/builder/spi-builder-workspace/.dependencies/checkouts/EditValueView/Sources/EditValueView/Extensions/UIImage+.swift /Users/admin/builder/spi-builder-workspace/.dependencies/checkouts/EditValueView/Sources/EditValueView/Extensions/View+.swift /Users/admin/builder/spi-builder-workspace/.dependencies/checkouts/EditValueView/Sources/EditValueView/Protocol/DefaultRepresentable.swift /Users/admin/builder/spi-builder-workspace/.dependencies/checkouts/EditValueView/Sources/EditValueView/Protocol/OptionalCaseIterable.swift /Users/admin/builder/spi-builder-workspace/.dependencies/checkouts/EditValueView/Sources/EditValueView/Protocol/OptionalNumeric.swift /Users/admin/builder/spi-builder-workspace/.dependencies/checkouts/EditValueView/Sources/EditValueView/Protocol/OptionalType.swift /Users/admin/builder/spi-builder-workspace/.dependencies/checkouts/EditValueView/Sources/EditValueView/UIKit/EditValueViewController.swift /Users/admin/builder/spi-builder-workspace/.dependencies/checkouts/EditValueView/Sources/EditValueView/Util/Typealias.swift -emit-dependencies-path /Users/admin/builder/spi-builder-workspace/.derivedData/Build/Intermediates.noindex/EditValueView.build/Debug-watchos/EditValueView-t.build/Objects-normal/arm64/CIImage+.d -emit-const-values-path /Users/admin/builder/spi-builder-workspace/.derivedData/Build/Intermediates.noindex/EditValueView.build/Debug-watchos/EditValueView-t.build/Objects-normal/arm64/CIImage+.swiftconstvalues -emit-reference-dependencies-path /Users/admin/builder/spi-builder-workspace/.derivedData/Build/Intermediates.noindex/EditValueView.build/Debug-watchos/EditValueView-t.build/Objects-normal/arm64/CIImage+.swiftdeps -serialize-diagnostics-path /Users/admin/builder/spi-builder-workspace/.derivedData/Build/Intermediates.noindex/EditValueView.build/Debug-watchos/EditValueView-t.build/Objects-normal/arm64/CIImage+.dia -emit-dependencies-path /Users/admin/builder/spi-builder-workspace/.derivedData/Build/Intermediates.noindex/EditValueView.build/Debug-watchos/EditValueView-t.build/Objects-normal/arm64/Codable+.d -emit-const-values-path /Users/admin/builder/spi-builder-workspace/.derivedData/Build/Intermediates.noindex/EditValueView.build/Debug-watchos/EditValueView-t.build/Objects-normal/arm64/Codable+.swiftconstvalues -emit-reference-dependencies-path /Users/admin/builder/spi-builder-workspace/.derivedData/Build/Intermediates.noindex/EditValueView.build/Debug-watchos/EditValueView-t.build/Objects-normal/arm64/Codable+.swiftdeps -serialize-diagnostics-path /Users/admin/builder/spi-builder-workspace/.derivedData/Build/Intermediates.noindex/EditValueView.build/Debug-watchos/EditValueView-t.build/Objects-normal/arm64/Codable+.dia -target arm64-apple-watchos9.0 -module-can-import-version SwiftUI 8.0.84.1 8.0.84 -module-can-import-version UIKit 9127.0.84.1 9127.0.84 -disable-cross-import-overlay-search -load-resolved-plugin /Applications/Xcode-27.0.0-Release.Candidate.app/Contents/Developer/Platforms/WatchOS.platform/Developer/usr/lib/swift/host/plugins/libFoundationMacros.dylib\#/Applications/Xcode-27.0.0-Release.Candidate.app/Contents/Developer/Platforms/WatchOS.platform/Developer/usr/bin/swift-plugin-server\#FoundationMacros -load-resolved-plugin /Applications/Xcode-27.0.0-Release.Candidate.app/Contents/Developer/Platforms/WatchOS.platform/Developer/usr/lib/swift/host/plugins/libObservationMacros.dylib\#/Applications/Xcode-27.0.0-Release.Candidate.app/Contents/Developer/Platforms/WatchOS.platform/Developer/usr/bin/swift-plugin-server\#ObservationMacros -load-resolved-plugin /Applications/Xcode-27.0.0-Release.Candidate.app/Contents/Developer/Platforms/WatchOS.platform/Developer/usr/lib/swift/host/plugins/libPreviewsMacros.dylib\#/Applications/Xcode-27.0.0-Release.Candidate.app/Contents/Developer/Platforms/WatchOS.platform/Developer/usr/bin/swift-plugin-server\#PreviewsMacros -load-resolved-plugin /Applications/Xcode-27.0.0-Release.Candidate.app/Contents/Developer/Platforms/WatchOS.platform/Developer/usr/lib/swift/host/plugins/libSwiftMacros.dylib\#/Applications/Xcode-27.0.0-Release.Candidate.app/Contents/Developer/Platforms/WatchOS.platform/Developer/usr/bin/swift-plugin-server\#SwiftMacros -load-resolved-plugin /Applications/Xcode-27.0.0-Release.Candidate.app/Contents/Developer/Platforms/WatchOS.platform/Developer/usr/lib/swift/host/plugins/libSwiftUIMacros.dylib\#/Applications/Xcode-27.0.0-Release.Candidate.app/Contents/Developer/Platforms/WatchOS.platform/Developer/usr/bin/swift-plugin-server\#SwiftUIMacros -disable-implicit-swift-modules -Xcc -fno-implicit-modules -Xcc -fno-implicit-module-maps -explicit-swift-module-map-file /Users/admin/builder/spi-builder-workspace/.derivedData/Build/Intermediates.noindex/EditValueView.build/Debug-watchos/EditValueView-t.build/Objects-normal/arm64/EditValueView-dependencies-1.json -Xllvm -aarch64-use-tbi -enable-objc-interop -stack-check -sdk /Applications/Xcode-27.0.0-Release.Candidate.app/Contents/Developer/Platforms/WatchOS.platform/Developer/SDKs/WatchOS27.0.sdk -I /Users/admin/builder/spi-builder-workspace/.derivedData/Build/Products/Debug-watchos -Isystem /Applications/Xcode-27.0.0-Release.Candidate.app/Contents/Developer/Platforms/WatchOS.platform/Developer/usr/lib -F /Users/admin/builder/spi-builder-workspace/.derivedData/Build/Products/Debug-watchos/PackageFrameworks -F /Users/admin/builder/spi-builder-workspace/.derivedData/Build/Products/Debug-watchos -F /Applications/Xcode-27.0.0-Release.Candidate.app/Contents/Developer/Platforms/WatchOS.platform/Developer/Library/Frameworks -F /Applications/Xcode-27.0.0-Release.Candidate.app/Contents/Developer/Platforms/WatchOS.platform/Developer/SDKs/WatchOS27.0.sdk/Developer/Library/Frameworks -module-cache-path /Users/admin/builder/spi-builder-workspace/.derivedData/Build/Intermediates.noindex/SwiftExplicitPrecompiledModules -no-color-diagnostics -Xcc -fno-color-diagnostics -enable-testing -g -debug-info-format\=dwarf -dwarf-version\=4 -suppress-warnings -profile-generate -profile-coverage-mapping -swift-version 5 -Onone -D SWIFT_PACKAGE -D DEBUG -D SWIFT_MODULE_RESOURCE_BUNDLE_UNAVAILABLE -D Xcode -serialize-debugging-options -enable-experimental-feature DebugDescriptionMacro -empty-abi-descriptor -validate-clang-modules-once -clang-build-session-file /Users/admin/builder/spi-builder-workspace/.derivedData/ModuleCache.noindex/Session.modulevalidation -Xcc -working-directory -Xcc /Users/admin/builder/spi-builder-workspace/.swiftpm/xcode -enable-anonymous-context-mangled-names -file-compilation-dir /Users/admin/builder/spi-builder-workspace/.swiftpm/xcode -Xcc -D_LIBCPP_HARDENING_MODE\=_LIBCPP_HARDENING_MODE_DEBUG -Xcc -ivfsstatcache -Xcc /Users/admin/builder/spi-builder-workspace/.derivedData/SDKStatCaches.noindex/watchos27.0-24R360-e829b21a6f8c9b70876ba0858053c04477534ef55a1706bf4c1112bbb242f0a2.sdkstatcache -Xcc -fmodules-prune-interval\=86400 -Xcc -fmodules-prune-after\=345600 -Xcc -I/Users/admin/builder/spi-builder-workspace/.derivedData/Build/Products/Debug-watchos/include -Xcc -I/Users/admin/builder/spi-builder-workspace/.derivedData/Build/Intermediates.noindex/EditValueView.build/Debug-watchos/EditValueView-t.build/DerivedSources-normal/arm64 -Xcc -I/Users/admin/builder/spi-builder-workspace/.derivedData/Build/Intermediates.noindex/EditValueView.build/Debug-watchos/EditValueView-t.build/DerivedSources/arm64 -Xcc -I/Users/admin/builder/spi-builder-workspace/.derivedData/Build/Intermediates.noindex/EditValueView.build/Debug-watchos/EditValueView-t.build/DerivedSources -Xcc -DSWIFT_PACKAGE -Xcc -DDEBUG\=1 -no-auto-bridging-header-chaining -module-name EditValueView -const-gather-protocols-file /Users/admin/builder/spi-builder-workspace/.derivedData/Build/Intermediates.noindex/EditValueView.build/Debug-watchos/EditValueView-t.build/Objects-normal/arm64/EditValueView_const_extract_protocols.json -disable-clang-spi -clang-target arm64-apple-watchos27.0 -target-sdk-version 27.0 -target-sdk-name watchos27.0 -in-process-plugin-server-path /Applications/Xcode-27.0.0-Release.Candidate.app/Contents/Developer/Toolchains/XcodeDefault.xctoolchain/usr/lib/swift/host/libSwiftInProcPluginServer.dylib -parse-as-library -o /Users/admin/builder/spi-builder-workspace/.derivedData/Build/Intermediates.noindex/EditValueView.build/Debug-watchos/EditValueView-t.build/Objects-normal/arm64/CIImage+.o -o /Users/admin/builder/spi-builder-workspace/.derivedData/Build/Intermediates.noindex/EditValueView.build/Debug-watchos/EditValueView-t.build/Objects-normal/arm64/Codable+.o -debug-module-path /Users/admin/builder/spi-builder-workspace/.derivedData/Build/Intermediates.noindex/EditValueView.build/Debug-watchos/EditValueView-t.build/Objects-normal/arm64/EditValueView.swiftmodule -index-unit-output-path /EditValueView.build/Debug-watchos/EditValueView-t.build/Objects-normal/arm64/CIImage+.o -index-unit-output-path /EditValueView.build/Debug-watchos/EditValueView-t.build/Objects-normal/arm64/Codable+.o -index-store-path /Users/admin/builder/spi-builder-workspace/.derivedData/Index.noindex/DataStore -index-system-modules
SwiftCompile normal arm64 /Users/admin/builder/spi-builder-workspace/.dependencies/checkouts/EditValueView/Sources/EditValueView/Extensions/CIImage+.swift (in target 'EditValueView' from project 'EditValueView')
cd /Users/admin/builder/spi-builder-workspace/.swiftpm/xcode
builtin-SwiftPerFileCompile CIImage+.swift
SwiftCompile normal arm64 /Users/admin/builder/spi-builder-workspace/.dependencies/checkouts/EditValueView/Sources/EditValueView/Extensions/Codable+.swift (in target 'EditValueView' from project 'EditValueView')
cd /Users/admin/builder/spi-builder-workspace/.swiftpm/xcode
builtin-SwiftPerFileCompile Codable+.swift
SwiftCompile normal arm64 Compiling\ EditValueViewController.swift,\ Typealias.swift /Users/admin/builder/spi-builder-workspace/.dependencies/checkouts/EditValueView/Sources/EditValueView/UIKit/EditValueViewController.swift /Users/admin/builder/spi-builder-workspace/.dependencies/checkouts/EditValueView/Sources/EditValueView/Util/Typealias.swift (in target 'EditValueView' from project 'EditValueView')
/Users/admin/builder/spi-builder-workspace/.dependencies/checkouts/EditValueView/Sources/EditValueView/UIKit/EditValueViewController.swift:13:46: error: cannot find type 'UIHostingController' in scope
11 | import SwiftUI
12 |
13 | public class EditValueViewController<Value>: UIHostingController<EditValueView<Value>> {
| `- error: cannot find type 'UIHostingController' in scope
14 |
15 | /// Name of the property to be edited
/Users/admin/builder/spi-builder-workspace/.dependencies/checkouts/EditValueView/Sources/EditValueView/UIKit/EditValueViewController.swift:71:26: error: method does not override any method from its superclass
69 | }
70 |
71 | public override func viewDidLoad() {
| `- error: method does not override any method from its superclass
72 | super.viewDidLoad()
73 |
/Users/admin/builder/spi-builder-workspace/.dependencies/checkouts/EditValueView/Sources/EditValueView/UIKit/EditValueViewController.swift:36:9: error: 'super' cannot be used in class 'EditValueViewController' because it has no superclass
34 | self.key = key
35 |
36 | super.init(rootView: .init(target, key: key, keyPath: keyPath))
| `- error: 'super' cannot be used in class 'EditValueViewController' because it has no superclass
37 |
38 | rootView = rootView
/Users/admin/builder/spi-builder-workspace/.dependencies/checkouts/EditValueView/Sources/EditValueView/UIKit/EditValueViewController.swift:38:9: error: cannot find 'rootView' in scope
36 | super.init(rootView: .init(target, key: key, keyPath: keyPath))
37 |
38 | rootView = rootView
| `- error: cannot find 'rootView' in scope
39 | .onUpdate({ newValue in
40 | self.onUpdate?(newValue)
/Users/admin/builder/spi-builder-workspace/.dependencies/checkouts/EditValueView/Sources/EditValueView/UIKit/EditValueViewController.swift:38:20: error: cannot find 'rootView' in scope
36 | super.init(rootView: .init(target, key: key, keyPath: keyPath))
37 |
38 | rootView = rootView
| `- error: cannot find 'rootView' in scope
39 | .onUpdate({ newValue in
40 | self.onUpdate?(newValue)
/Users/admin/builder/spi-builder-workspace/.dependencies/checkouts/EditValueView/Sources/EditValueView/UIKit/EditValueViewController.swift:55:9: error: 'super' cannot be used in class 'EditValueViewController' because it has no superclass
53 | self.key = key
54 |
55 | super.init(rootView: .init(key: key, value: value))
| `- error: 'super' cannot be used in class 'EditValueViewController' because it has no superclass
56 |
57 | rootView = rootView
/Users/admin/builder/spi-builder-workspace/.dependencies/checkouts/EditValueView/Sources/EditValueView/UIKit/EditValueViewController.swift:57:9: error: cannot find 'rootView' in scope
55 | super.init(rootView: .init(key: key, value: value))
56 |
57 | rootView = rootView
| `- error: cannot find 'rootView' in scope
58 | .onUpdate({ newValue in
59 | self.onUpdate?(newValue)
/Users/admin/builder/spi-builder-workspace/.dependencies/checkouts/EditValueView/Sources/EditValueView/UIKit/EditValueViewController.swift:57:20: error: cannot find 'rootView' in scope
55 | super.init(rootView: .init(key: key, value: value))
56 |
57 | rootView = rootView
| `- error: cannot find 'rootView' in scope
58 | .onUpdate({ newValue in
59 | self.onUpdate?(newValue)
/Users/admin/builder/spi-builder-workspace/.dependencies/checkouts/EditValueView/Sources/EditValueView/UIKit/EditValueViewController.swift:72:9: error: 'super' cannot be used in class 'EditValueViewController' because it has no superclass
70 |
71 | public override func viewDidLoad() {
72 | super.viewDidLoad()
| `- error: 'super' cannot be used in class 'EditValueViewController' because it has no superclass
73 |
74 | let style: EditValueView<Value>.PresentationStyle
SwiftCompile normal arm64 /Users/admin/builder/spi-builder-workspace/.dependencies/checkouts/EditValueView/Sources/EditValueView/UIKit/EditValueViewController.swift (in target 'EditValueView' from project 'EditValueView')
cd /Users/admin/builder/spi-builder-workspace/.swiftpm/xcode
builtin-SwiftPerFileCompile EditValueViewController.swift
SwiftCompile normal arm64 /Users/admin/builder/spi-builder-workspace/.dependencies/checkouts/EditValueView/Sources/EditValueView/Util/Typealias.swift (in target 'EditValueView' from project 'EditValueView')
cd /Users/admin/builder/spi-builder-workspace/.swiftpm/xcode
builtin-SwiftPerFileCompile Typealias.swift
SwiftEmitModule normal arm64 Emitting\ module\ for\ EditValueView (in target 'EditValueView' from project 'EditValueView')
SwiftCompile normal arm64 (in target 'EditValueView' from project 'EditValueView')
cd /Users/admin/builder/spi-builder-workspace/.swiftpm/xcode
SwiftCompile normal arm64 Compiling\ SwiftUIImagePicker.swift,\ SwiftUIImageEditor.swift /Users/admin/builder/spi-builder-workspace/.dependencies/checkouts/EditValueView/Sources/EditValueView/Editors/Image/Picker/SwiftUIImagePicker.swift /Users/admin/builder/spi-builder-workspace/.dependencies/checkouts/EditValueView/Sources/EditValueView/Editors/Image/SwiftUIImageEditor.swift (in target 'EditValueView' from project 'EditValueView')
/Users/admin/builder/spi-builder-workspace/.dependencies/checkouts/EditValueView/Sources/EditValueView/Editors/Image/Picker/SwiftUIImagePicker.swift:15:38: error: 'UIImagePickerController' is unavailable in watchOS
13 |
14 | struct SwiftUIImagePicker: UIViewControllerRepresentable {
15 | typealias UIViewControllerType = UIImagePickerController
| `- error: 'UIImagePickerController' is unavailable in watchOS
16 |
17 | var sourceType: UIImagePickerController.SourceType = .photoLibrary
/Applications/Xcode-27.0.0-Release.Candidate.app/Contents/Developer/Platforms/WatchOS.platform/Developer/SDKs/WatchOS27.0.sdk/System/Library/Frameworks/UIKit.framework/Headers/UIImagePickerController.h:69:12: note: 'UIImagePickerController' has been explicitly marked unavailable here
67 |
68 | UIKIT_EXTERN API_AVAILABLE(ios(2.0)) API_UNAVAILABLE(tvos, watchos) NS_SWIFT_UI_ACTOR
69 | @interface UIImagePickerController : UINavigationController <NSCoding>
| `- note: 'UIImagePickerController' has been explicitly marked unavailable here
70 |
71 | + (BOOL)isSourceTypeAvailable:(UIImagePickerControllerSourceType)sourceType; // returns YES if source is available (i.e. camera present)
/Users/admin/builder/spi-builder-workspace/.dependencies/checkouts/EditValueView/Sources/EditValueView/Editors/Image/Picker/SwiftUIImagePicker.swift:17:21: error: 'UIImagePickerController' is unavailable in watchOS
15 | typealias UIViewControllerType = UIImagePickerController
16 |
17 | var sourceType: UIImagePickerController.SourceType = .photoLibrary
| `- error: 'UIImagePickerController' is unavailable in watchOS
18 |
19 | @Binding var selectedImage: Image?
/Applications/Xcode-27.0.0-Release.Candidate.app/Contents/Developer/Platforms/WatchOS.platform/Developer/SDKs/WatchOS27.0.sdk/System/Library/Frameworks/UIKit.framework/Headers/UIImagePickerController.h:69:12: note: 'UIImagePickerController' has been explicitly marked unavailable here
67 |
68 | UIKIT_EXTERN API_AVAILABLE(ios(2.0)) API_UNAVAILABLE(tvos, watchos) NS_SWIFT_UI_ACTOR
69 | @interface UIImagePickerController : UINavigationController <NSCoding>
| `- note: 'UIImagePickerController' has been explicitly marked unavailable here
70 |
71 | + (BOOL)isSourceTypeAvailable:(UIImagePickerControllerSourceType)sourceType; // returns YES if source is available (i.e. camera present)
/Users/admin/builder/spi-builder-workspace/.dependencies/checkouts/EditValueView/Sources/EditValueView/Editors/Image/Picker/SwiftUIImagePicker.swift:17:59: error: 'photoLibrary' is unavailable in watchOS
15 | typealias UIViewControllerType = UIImagePickerController
16 |
17 | var sourceType: UIImagePickerController.SourceType = .photoLibrary
| `- error: 'photoLibrary' is unavailable in watchOS
18 |
19 | @Binding var selectedImage: Image?
UIKit.UIImagePickerController.SourceType.photoLibrary:4:10: note: 'photoLibrary' has been explicitly marked unavailable here
2 | enum SourceType {
3 | @available(watchOS, unavailable)
4 | case photoLibrary }
| `- note: 'photoLibrary' has been explicitly marked unavailable here
5 | }
6 |
/Users/admin/builder/spi-builder-workspace/.dependencies/checkouts/EditValueView/Sources/EditValueView/Editors/Image/Picker/SwiftUIImagePicker.swift:22:40: error: cannot find type 'UIViewControllerRepresentableContext' in scope
20 | @Environment(\.presentationMode) private var presentationMode
21 |
22 | func makeUIViewController(context: UIViewControllerRepresentableContext<SwiftUIImagePicker>) -> UIViewControllerType {
| `- error: cannot find type 'UIViewControllerRepresentableContext' in scope
23 |
24 | let imagePicker = UIImagePickerController()
/Users/admin/builder/spi-builder-workspace/.dependencies/checkouts/EditValueView/Sources/EditValueView/Editors/Image/Picker/SwiftUIImagePicker.swift:32:84: error: cannot find type 'UIViewControllerRepresentableContext' in scope
30 | }
31 |
32 | func updateUIViewController(_ uiViewController: UIViewControllerType, context: UIViewControllerRepresentableContext<Self>) {
| `- error: cannot find type 'UIViewControllerRepresentableContext' in scope
33 |
34 | }
/Users/admin/builder/spi-builder-workspace/.dependencies/checkouts/EditValueView/Sources/EditValueView/Editors/Image/Picker/SwiftUIImagePicker.swift:48:46: error: 'UIImagePickerController' is unavailable in watchOS
46 | }
47 |
48 | func imagePickerController(_ picker: UIImagePickerController, didFinishPickingMediaWithInfo info: [UIImagePickerController.InfoKey : Any]) {
| `- error: 'UIImagePickerController' is unavailable in watchOS
49 |
50 | if let image = info[.originalImage] as? UIImage {
/Applications/Xcode-27.0.0-Release.Candidate.app/Contents/Developer/Platforms/WatchOS.platform/Developer/SDKs/WatchOS27.0.sdk/System/Library/Frameworks/UIKit.framework/Headers/UIImagePickerController.h:69:12: note: 'UIImagePickerController' has been explicitly marked unavailable here
67 |
68 | UIKIT_EXTERN API_AVAILABLE(ios(2.0)) API_UNAVAILABLE(tvos, watchos) NS_SWIFT_UI_ACTOR
69 | @interface UIImagePickerController : UINavigationController <NSCoding>
| `- note: 'UIImagePickerController' has been explicitly marked unavailable here
70 |
71 | + (BOOL)isSourceTypeAvailable:(UIImagePickerControllerSourceType)sourceType; // returns YES if source is available (i.e. camera present)
/Users/admin/builder/spi-builder-workspace/.dependencies/checkouts/EditValueView/Sources/EditValueView/Editors/Image/Picker/SwiftUIImagePicker.swift:48:108: error: 'UIImagePickerController' is unavailable in watchOS
46 | }
47 |
48 | func imagePickerController(_ picker: UIImagePickerController, didFinishPickingMediaWithInfo info: [UIImagePickerController.InfoKey : Any]) {
| `- error: 'UIImagePickerController' is unavailable in watchOS
49 |
50 | if let image = info[.originalImage] as? UIImage {
/Applications/Xcode-27.0.0-Release.Candidate.app/Contents/Developer/Platforms/WatchOS.platform/Developer/SDKs/WatchOS27.0.sdk/System/Library/Frameworks/UIKit.framework/Headers/UIImagePickerController.h:69:12: note: 'UIImagePickerController' has been explicitly marked unavailable here
67 |
68 | UIKIT_EXTERN API_AVAILABLE(ios(2.0)) API_UNAVAILABLE(tvos, watchos) NS_SWIFT_UI_ACTOR
69 | @interface UIImagePickerController : UINavigationController <NSCoding>
| `- note: 'UIImagePickerController' has been explicitly marked unavailable here
70 |
71 | + (BOOL)isSourceTypeAvailable:(UIImagePickerControllerSourceType)sourceType; // returns YES if source is available (i.e. camera present)
/Users/admin/builder/spi-builder-workspace/.dependencies/checkouts/EditValueView/Sources/EditValueView/Editors/Image/Picker/SwiftUIImagePicker.swift:40:40: error: 'UIImagePickerControllerDelegate' is unavailable in watchOS
38 | }
39 |
40 | final class Coordinator: NSObject, UIImagePickerControllerDelegate, UINavigationControllerDelegate {
| `- error: 'UIImagePickerControllerDelegate' is unavailable in watchOS
41 |
42 | var parent: SwiftUIImagePicker
/Applications/Xcode-27.0.0-Release.Candidate.app/Contents/Developer/Platforms/WatchOS.platform/Developer/SDKs/WatchOS27.0.sdk/System/Library/Frameworks/UIKit.framework/Headers/UIImagePickerController.h:113:11: note: 'UIImagePickerControllerDelegate' has been explicitly marked unavailable here
111 |
112 | API_UNAVAILABLE(tvos, watchos) NS_SWIFT_UI_ACTOR
113 | @protocol UIImagePickerControllerDelegate<NSObject>
| `- note: 'UIImagePickerControllerDelegate' has been explicitly marked unavailable here
114 | @optional
115 | // The picker does not dismiss itself; the client dismisses it in these callbacks.
/Users/admin/builder/spi-builder-workspace/.dependencies/checkouts/EditValueView/Sources/EditValueView/Editors/Image/Picker/SwiftUIImagePicker.swift:40:73: error: 'UINavigationControllerDelegate' is unavailable in watchOS
38 | }
39 |
40 | final class Coordinator: NSObject, UIImagePickerControllerDelegate, UINavigationControllerDelegate {
| `- error: 'UINavigationControllerDelegate' is unavailable in watchOS
41 |
42 | var parent: SwiftUIImagePicker
/Applications/Xcode-27.0.0-Release.Candidate.app/Contents/Developer/Platforms/WatchOS.platform/Developer/SDKs/WatchOS27.0.sdk/System/Library/Frameworks/UIKit.framework/Headers/UINavigationController.h:128:11: note: 'UINavigationControllerDelegate' has been explicitly marked unavailable here
126 |
127 | API_UNAVAILABLE(watchos) NS_SWIFT_UI_ACTOR
128 | @protocol UINavigationControllerDelegate <NSObject>
| `- note: 'UINavigationControllerDelegate' has been explicitly marked unavailable here
129 |
130 | @optional
/Users/admin/builder/spi-builder-workspace/.dependencies/checkouts/EditValueView/Sources/EditValueView/Editors/Image/Picker/SwiftUIImagePicker.swift:14:28: error: cannot find type 'UIViewControllerRepresentable' in scope
12 | import UIKit
13 |
14 | struct SwiftUIImagePicker: UIViewControllerRepresentable {
| `- error: cannot find type 'UIViewControllerRepresentable' in scope
15 | typealias UIViewControllerType = UIImagePickerController
16 |
SwiftCompile normal arm64 /Users/admin/builder/spi-builder-workspace/.dependencies/checkouts/EditValueView/Sources/EditValueView/Editors/Image/Picker/SwiftUIImagePicker.swift (in target 'EditValueView' from project 'EditValueView')
cd /Users/admin/builder/spi-builder-workspace/.swiftpm/xcode
builtin-SwiftPerFileCompile SwiftUIImagePicker.swift
SwiftCompile normal arm64 /Users/admin/builder/spi-builder-workspace/.dependencies/checkouts/EditValueView/Sources/EditValueView/Editors/Image/SwiftUIImageEditor.swift (in target 'EditValueView' from project 'EditValueView')
cd /Users/admin/builder/spi-builder-workspace/.swiftpm/xcode
builtin-SwiftPerFileCompile SwiftUIImageEditor.swift
SwiftEmitModule normal arm64_32 Emitting\ module\ for\ EditValueView (in target 'EditValueView' from project 'EditValueView')
SwiftCompile normal arm64_32 (in target 'EditValueView' from project 'EditValueView')
cd /Users/admin/builder/spi-builder-workspace/.swiftpm/xcode
SwiftCompile normal arm64_32 Compiling\ ImageEditor.swift,\ ImagePicker.swift /Users/admin/builder/spi-builder-workspace/.dependencies/checkouts/EditValueView/Sources/EditValueView/Editors/Image/ImageEditor.swift /Users/admin/builder/spi-builder-workspace/.dependencies/checkouts/EditValueView/Sources/EditValueView/Editors/Image/Picker/ImagePicker.swift (in target 'EditValueView' from project 'EditValueView')
SwiftCompile normal arm64_32 /Users/admin/builder/spi-builder-workspace/.dependencies/checkouts/EditValueView/Sources/EditValueView/Editors/Image/ImageEditor.swift (in target 'EditValueView' from project 'EditValueView')
cd /Users/admin/builder/spi-builder-workspace/.swiftpm/xcode
builtin-SwiftPerFileCompile ImageEditor.swift
SwiftCompile normal arm64_32 /Users/admin/builder/spi-builder-workspace/.dependencies/checkouts/EditValueView/Sources/EditValueView/Editors/Image/Picker/ImagePicker.swift (in target 'EditValueView' from project 'EditValueView')
cd /Users/admin/builder/spi-builder-workspace/.swiftpm/xcode
builtin-SwiftPerFileCompile ImagePicker.swift
PruneExplicitPrecompiledModules /Users/admin/builder/spi-builder-workspace/.derivedData/Build/Intermediates.noindex/ExplicitPrecompiledModules
PruneExplicitPrecompiledModules /Users/admin/builder/spi-builder-workspace/.derivedData/Build/Intermediates.noindex/SwiftExplicitPrecompiledModules
PruneExplicitPrecompiledModules /Users/admin/builder/spi-builder-workspace/.derivedData/SDKExplicitPrecompiledModules
2026-09-22 19:49:50.129 xcodebuild[774:4509] [MT] IDERunDestination: Supported platforms for the buildables in the current scheme is empty.
** BUILD FAILED **
The following build commands failed:
SwiftCompile normal arm64 Compiling\ CIImage+.swift,\ Codable+.swift /Users/admin/builder/spi-builder-workspace/.dependencies/checkouts/EditValueView/Sources/EditValueView/Extensions/CIImage+.swift /Users/admin/builder/spi-builder-workspace/.dependencies/checkouts/EditValueView/Sources/EditValueView/Extensions/Codable+.swift (in target 'EditValueView' from project 'EditValueView')
SwiftCompile normal arm64 /Users/admin/builder/spi-builder-workspace/.dependencies/checkouts/EditValueView/Sources/EditValueView/Extensions/CIImage+.swift (in target 'EditValueView' from project 'EditValueView')
Building workspace UserDefaultsEditor with scheme UserDefaultsEditor
(3 failures)
Command line invocation:
/Applications/Xcode-27.0.0-Release.Candidate.app/Contents/Developer/usr/bin/xcodebuild -IDEClonedSourcePackagesDirPathOverride=/Users/admin/builder/spi-builder-workspace/.dependencies -resolvePackageDependencies
Resolve Package Graph
Resolved source packages:
SwiftUIColor: https://github.com/p-x9/SwiftUIColor.git @ 0.6.0
ReflectionView: https://github.com/p-x9/swiftui-reflection-view.git @ 0.11.0
MagicMirror: https://github.com/p-x9/swift-magic-mirror.git @ 0.2.0
UserDefaultsEditor: /Users/admin/builder/spi-builder-workspace
EditValueView: https://github.com/p-x9/EditValueView.git @ 0.7.0
resolved source packages: SwiftUIColor, ReflectionView, MagicMirror, UserDefaultsEditor, EditValueView
2026-09-22 19:50:04.887 xcodebuild[1093:6298] [MT] IDERunDestination: Supported platforms for the buildables in the current scheme is empty.
{
"dependencies" : [
{
"identity" : "editvalueview",
"requirement" : {
"range" : [
{
"lower_bound" : "0.7.0",
"upper_bound" : "1.0.0"
}
]
},
"type" : "sourceControl",
"url" : "https://github.com/p-x9/EditValueView.git"
}
],
"manifest_display_name" : "UserDefaultsEditor",
"name" : "UserDefaultsEditor",
"path" : "/Users/admin/builder/spi-builder-workspace",
"platforms" : [
{
"name" : "ios",
"version" : "15.0"
},
{
"name" : "macos",
"version" : "12.0"
}
],
"products" : [
{
"name" : "UserDefaultsEditor",
"targets" : [
"UserDefaultsEditor"
],
"type" : {
"library" : [
"automatic"
]
}
}
],
"targets" : [
{
"c99name" : "UserDefaultsEditorTests",
"module_type" : "SwiftTarget",
"name" : "UserDefaultsEditorTests",
"path" : "Tests/UserDefaultsEditorTests",
"sources" : [
"UserDefaultsEditorTests.swift"
],
"target_dependencies" : [
"UserDefaultsEditor"
],
"type" : "test"
},
{
"c99name" : "UserDefaultsEditor",
"module_type" : "SwiftTarget",
"name" : "UserDefaultsEditor",
"path" : "Sources/UserDefaultsEditor",
"product_dependencies" : [
"EditValueView"
],
"product_memberships" : [
"UserDefaultsEditor"
],
"resources" : [
{
"path" : "/Users/admin/builder/spi-builder-workspace/Sources/UserDefaultsEditor/PrivacyInfo.xcprivacy",
"rule" : {
"copy" : {
}
}
}
],
"sources" : [
"UserDefaultsEditor.swift",
"UserDefaultsType.swift"
],
"type" : "library"
}
],
"tools_version" : "5.9"
}
{
"workspace" : {
"name" : "UserDefaultsEditor",
"schemes" : [
"EditValueView",
"UserDefaultsEditor"
]
}
}
2026-09-22 19:50:06.212 xcodebuild[1101:6367] [MT] IDERunDestination: Supported platforms for the buildables in the current scheme is empty.
{
"workspace" : {
"name" : "UserDefaultsEditor",
"schemes" : [
"EditValueView",
"UserDefaultsEditor"
]
}
}
2026-09-22 19:50:07.249 xcodebuild[1103:6398] [MT] IDERunDestination: Supported platforms for the buildables in the current scheme is empty.
Running build ...
env DEVELOPER_DIR=/Applications/Xcode-27.0.0-Release.Candidate.app xcrun xcodebuild -IDEClonedSourcePackagesDirPathOverride=$PWD/.dependencies -skipMacroValidation -skipPackagePluginValidation -derivedDataPath $PWD/.derivedData build -scheme UserDefaultsEditor -destination generic/platform=watchOS
Command line invocation:
/Applications/Xcode-27.0.0-Release.Candidate.app/Contents/Developer/usr/bin/xcodebuild -IDEClonedSourcePackagesDirPathOverride=/Users/admin/builder/spi-builder-workspace/.dependencies -skipMacroValidation -skipPackagePluginValidation -derivedDataPath /Users/admin/builder/spi-builder-workspace/.derivedData build -scheme UserDefaultsEditor -destination generic/platform=watchOS
Resolve Package Graph
Resolved source packages:
MagicMirror: https://github.com/p-x9/swift-magic-mirror.git @ 0.2.0
UserDefaultsEditor: /Users/admin/builder/spi-builder-workspace
ReflectionView: https://github.com/p-x9/swiftui-reflection-view.git @ 0.11.0
EditValueView: https://github.com/p-x9/EditValueView.git @ 0.7.0
SwiftUIColor: https://github.com/p-x9/SwiftUIColor.git @ 0.6.0
ComputePackagePrebuildTargetDependencyGraph
Prepare packages
CreateBuildRequest
SendProjectDescription
CreateBuildOperation
ComputeTargetDependencyGraph
note: Building targets in dependency order
note: Target dependency graph (14 targets)
Target 'UserDefaultsEditor-product' in project 'UserDefaultsEditor'
➜ Explicit dependency on target 'UserDefaultsEditor' in project 'UserDefaultsEditor'
➜ Explicit dependency on target 'UserDefaultsEditor_UserDefaultsEditor' in project 'UserDefaultsEditor'
➜ Explicit dependency on target 'EditValueView-product' in project 'EditValueView'
Target 'UserDefaultsEditor' in project 'UserDefaultsEditor'
➜ Explicit dependency on target 'UserDefaultsEditor_UserDefaultsEditor' in project 'UserDefaultsEditor'
➜ Explicit dependency on target 'EditValueView-product' in project 'EditValueView'
Target 'EditValueView-product' in project 'EditValueView'
➜ Explicit dependency on target 'EditValueView' in project 'EditValueView'
➜ Explicit dependency on target 'SwiftUIColor-product' in project 'SwiftUIColor'
➜ Explicit dependency on target 'MagicMirror-product' in project 'MagicMirror'
➜ Explicit dependency on target 'ReflectionView-product' in project 'ReflectionView'
Target 'EditValueView' in project 'EditValueView'
➜ Explicit dependency on target 'SwiftUIColor-product' in project 'SwiftUIColor'
➜ Explicit dependency on target 'MagicMirror-product' in project 'MagicMirror'
➜ Explicit dependency on target 'ReflectionView-product' in project 'ReflectionView'
Target 'ReflectionView-product' in project 'ReflectionView'
➜ Explicit dependency on target 'ReflectionView' in project 'ReflectionView'
➜ Explicit dependency on target 'ReflectionView_ReflectionView' in project 'ReflectionView'
➜ Explicit dependency on target 'Reflection' in project 'ReflectionView'
➜ Explicit dependency on target 'MagicMirror-product' in project 'MagicMirror'
➜ Explicit dependency on target 'SwiftUIColor-product' in project 'SwiftUIColor'
Target 'ReflectionView' in project 'ReflectionView'
➜ Explicit dependency on target 'ReflectionView_ReflectionView' in project 'ReflectionView'
➜ Explicit dependency on target 'Reflection' in project 'ReflectionView'
➜ Explicit dependency on target 'MagicMirror-product' in project 'MagicMirror'
➜ Explicit dependency on target 'SwiftUIColor-product' in project 'SwiftUIColor'
Target 'Reflection' in project 'ReflectionView'
➜ Explicit dependency on target 'MagicMirror-product' in project 'MagicMirror'
Target 'ReflectionView_ReflectionView' in project 'ReflectionView' (no dependencies)
Target 'MagicMirror-product' in project 'MagicMirror'
➜ Explicit dependency on target 'MagicMirror' in project 'MagicMirror'
Target 'MagicMirror' in project 'MagicMirror' (no dependencies)
Target 'SwiftUIColor-product' in project 'SwiftUIColor'
➜ Explicit dependency on target 'SwiftUIColor' in project 'SwiftUIColor'
➜ Explicit dependency on target 'SwiftUIColor_SwiftUIColor' in project 'SwiftUIColor'
Target 'SwiftUIColor' in project 'SwiftUIColor'
➜ Explicit dependency on target 'SwiftUIColor_SwiftUIColor' in project 'SwiftUIColor'
Target 'SwiftUIColor_SwiftUIColor' in project 'SwiftUIColor' (no dependencies)
Target 'UserDefaultsEditor_UserDefaultsEditor' in project 'UserDefaultsEditor' (no dependencies)
GatherProvisioningInputs
CreateBuildDescription
ClangStatCache /Applications/Xcode-27.0.0-Release.Candidate.app/Contents/Developer/Toolchains/XcodeDefault.xctoolchain/usr/bin/clang-stat-cache /Applications/Xcode-27.0.0-Release.Candidate.app/Contents/Developer/Platforms/WatchOS.platform/Developer/SDKs/WatchOS27.0.sdk /Users/admin/builder/spi-builder-workspace/.derivedData/SDKStatCaches.noindex/watchos27.0-24R360-e829b21a6f8c9b70876ba0858053c04477534ef55a1706bf4c1112bbb242f0a2.sdkstatcache
cd /Users/admin/builder/spi-builder-workspace/.swiftpm/xcode
/Applications/Xcode-27.0.0-Release.Candidate.app/Contents/Developer/Toolchains/XcodeDefault.xctoolchain/usr/bin/clang-stat-cache /Applications/Xcode-27.0.0-Release.Candidate.app/Contents/Developer/Platforms/WatchOS.platform/Developer/SDKs/WatchOS27.0.sdk -o /Users/admin/builder/spi-builder-workspace/.derivedData/SDKStatCaches.noindex/watchos27.0-24R360-e829b21a6f8c9b70876ba0858053c04477534ef55a1706bf4c1112bbb242f0a2.sdkstatcache
SwiftDriver EditValueView normal arm64_32 com.apple.xcode.tools.swift.compiler (in target 'EditValueView' from project 'EditValueView')
cd /Users/admin/builder/spi-builder-workspace/.swiftpm/xcode
builtin-SwiftDriver -- /Applications/Xcode-27.0.0-Release.Candidate.app/Contents/Developer/Toolchains/XcodeDefault.xctoolchain/usr/bin/swiftc -parse-as-library -module-name EditValueView -Onone @/Users/admin/builder/spi-builder-workspace/.derivedData/Build/Intermediates.noindex/EditValueView.build/Debug-watchos/EditValueView-t.build/Objects-normal/arm64_32/EditValueView.SwiftFileList -DSWIFT_PACKAGE -DDEBUG -DSWIFT_MODULE_RESOURCE_BUNDLE_UNAVAILABLE -DXcode -plugin-path /Applications/Xcode-27.0.0-Release.Candidate.app/Contents/Developer/Toolchains/XcodeDefault.xctoolchain/usr/lib/swift/host/plugins/testing -enable-experimental-feature DebugDescriptionMacro -sdk /Applications/Xcode-27.0.0-Release.Candidate.app/Contents/Developer/Platforms/WatchOS.platform/Developer/SDKs/WatchOS27.0.sdk -target arm64_32-apple-watchos9.0 -g -module-cache-path /Users/admin/builder/spi-builder-workspace/.derivedData/ModuleCache.noindex -Xfrontend -serialize-debugging-options -profile-coverage-mapping -profile-generate -enable-testing -suppress-warnings -index-store-path /Users/admin/builder/spi-builder-workspace/.derivedData/Index.noindex/DataStore -Xcc -D_LIBCPP_HARDENING_MODE\=_LIBCPP_HARDENING_MODE_DEBUG -swift-version 5 -I /Users/admin/builder/spi-builder-workspace/.derivedData/Build/Products/Debug-watchos -Isystem /Applications/Xcode-27.0.0-Release.Candidate.app/Contents/Developer/Platforms/WatchOS.platform/Developer/usr/lib -F /Users/admin/builder/spi-builder-workspace/.derivedData/Build/Products/Debug-watchos/PackageFrameworks -F /Users/admin/builder/spi-builder-workspace/.derivedData/Build/Products/Debug-watchos -F /Applications/Xcode-27.0.0-Release.Candidate.app/Contents/Developer/Platforms/WatchOS.platform/Developer/Library/Frameworks -F /Applications/Xcode-27.0.0-Release.Candidate.app/Contents/Developer/Platforms/WatchOS.platform/Developer/SDKs/WatchOS27.0.sdk/Developer/Library/Frameworks -c -j10 -enable-batch-mode -incremental -Xcc -ivfsstatcache -Xcc /Users/admin/builder/spi-builder-workspace/.derivedData/SDKStatCaches.noindex/watchos27.0-24R360-e829b21a6f8c9b70876ba0858053c04477534ef55a1706bf4c1112bbb242f0a2.sdkstatcache -output-file-map /Users/admin/builder/spi-builder-workspace/.derivedData/Build/Intermediates.noindex/EditValueView.build/Debug-watchos/EditValueView-t.build/Objects-normal/arm64_32/EditValueView-OutputFileMap.json -save-temps -no-color-diagnostics -explicit-module-build -module-cache-path /Users/admin/builder/spi-builder-workspace/.derivedData/Build/Intermediates.noindex/SwiftExplicitPrecompiledModules -clang-scanner-module-cache-path /Users/admin/builder/spi-builder-workspace/.derivedData/ModuleCache.noindex -sdk-module-cache-path /Users/admin/builder/spi-builder-workspace/.derivedData/SDKExplicitPrecompiledModules -emit-dependencies -emit-module -emit-module-path /Users/admin/builder/spi-builder-workspace/.derivedData/Build/Intermediates.noindex/EditValueView.build/Debug-watchos/EditValueView-t.build/Objects-normal/arm64_32/EditValueView.swiftmodule -serialize-diagnostics -dependency-scan-serialize-diagnostics-path /Users/admin/builder/spi-builder-workspace/.derivedData/Build/Intermediates.noindex/EditValueView.build/Debug-watchos/EditValueView-t.build/Objects-normal/arm64_32/EditValueView-dependency-scan.dia -validate-clang-modules-once -clang-build-session-file /Users/admin/builder/spi-builder-workspace/.derivedData/ModuleCache.noindex/Session.modulevalidation -Xcc -fmodules-prune-interval\=86400 -Xcc -fmodules-prune-after\=345600 -emit-const-values -const-gather-protocols-list /Users/admin/builder/spi-builder-workspace/.derivedData/Build/Intermediates.noindex/EditValueView.build/Debug-watchos/EditValueView-t.build/Objects-normal/arm64_32/EditValueView_const_extract_protocols.json -Xcc -I/Users/admin/builder/spi-builder-workspace/.derivedData/Build/Products/Debug-watchos/include -Xcc -I/Users/admin/builder/spi-builder-workspace/.derivedData/Build/Intermediates.noindex/EditValueView.build/Debug-watchos/EditValueView-t.build/DerivedSources-normal/arm64_32 -Xcc -I/Users/admin/builder/spi-builder-workspace/.derivedData/Build/Intermediates.noindex/EditValueView.build/Debug-watchos/EditValueView-t.build/DerivedSources/arm64_32 -Xcc -I/Users/admin/builder/spi-builder-workspace/.derivedData/Build/Intermediates.noindex/EditValueView.build/Debug-watchos/EditValueView-t.build/DerivedSources -Xcc -DSWIFT_PACKAGE -Xcc -DDEBUG\=1 -emit-objc-header -emit-objc-header-path /Users/admin/builder/spi-builder-workspace/.derivedData/Build/Intermediates.noindex/EditValueView.build/Debug-watchos/EditValueView-t.build/Objects-normal/arm64_32/EditValueView-Swift.h -working-directory /Users/admin/builder/spi-builder-workspace/.swiftpm/xcode -experimental-emit-module-separately -disable-cmo
SwiftDriver EditValueView normal arm64 com.apple.xcode.tools.swift.compiler (in target 'EditValueView' from project 'EditValueView')
cd /Users/admin/builder/spi-builder-workspace/.swiftpm/xcode
builtin-SwiftDriver -- /Applications/Xcode-27.0.0-Release.Candidate.app/Contents/Developer/Toolchains/XcodeDefault.xctoolchain/usr/bin/swiftc -parse-as-library -module-name EditValueView -Onone @/Users/admin/builder/spi-builder-workspace/.derivedData/Build/Intermediates.noindex/EditValueView.build/Debug-watchos/EditValueView-t.build/Objects-normal/arm64/EditValueView.SwiftFileList -DSWIFT_PACKAGE -DDEBUG -DSWIFT_MODULE_RESOURCE_BUNDLE_UNAVAILABLE -DXcode -plugin-path /Applications/Xcode-27.0.0-Release.Candidate.app/Contents/Developer/Toolchains/XcodeDefault.xctoolchain/usr/lib/swift/host/plugins/testing -enable-experimental-feature DebugDescriptionMacro -sdk /Applications/Xcode-27.0.0-Release.Candidate.app/Contents/Developer/Platforms/WatchOS.platform/Developer/SDKs/WatchOS27.0.sdk -target arm64-apple-watchos9.0 -g -module-cache-path /Users/admin/builder/spi-builder-workspace/.derivedData/ModuleCache.noindex -Xfrontend -serialize-debugging-options -profile-coverage-mapping -profile-generate -enable-testing -suppress-warnings -index-store-path /Users/admin/builder/spi-builder-workspace/.derivedData/Index.noindex/DataStore -Xcc -D_LIBCPP_HARDENING_MODE\=_LIBCPP_HARDENING_MODE_DEBUG -swift-version 5 -I /Users/admin/builder/spi-builder-workspace/.derivedData/Build/Products/Debug-watchos -Isystem /Applications/Xcode-27.0.0-Release.Candidate.app/Contents/Developer/Platforms/WatchOS.platform/Developer/usr/lib -F /Users/admin/builder/spi-builder-workspace/.derivedData/Build/Products/Debug-watchos/PackageFrameworks -F /Users/admin/builder/spi-builder-workspace/.derivedData/Build/Products/Debug-watchos -F /Applications/Xcode-27.0.0-Release.Candidate.app/Contents/Developer/Platforms/WatchOS.platform/Developer/Library/Frameworks -F /Applications/Xcode-27.0.0-Release.Candidate.app/Contents/Developer/Platforms/WatchOS.platform/Developer/SDKs/WatchOS27.0.sdk/Developer/Library/Frameworks -c -j10 -enable-batch-mode -incremental -Xcc -ivfsstatcache -Xcc /Users/admin/builder/spi-builder-workspace/.derivedData/SDKStatCaches.noindex/watchos27.0-24R360-e829b21a6f8c9b70876ba0858053c04477534ef55a1706bf4c1112bbb242f0a2.sdkstatcache -output-file-map /Users/admin/builder/spi-builder-workspace/.derivedData/Build/Intermediates.noindex/EditValueView.build/Debug-watchos/EditValueView-t.build/Objects-normal/arm64/EditValueView-OutputFileMap.json -save-temps -no-color-diagnostics -explicit-module-build -module-cache-path /Users/admin/builder/spi-builder-workspace/.derivedData/Build/Intermediates.noindex/SwiftExplicitPrecompiledModules -clang-scanner-module-cache-path /Users/admin/builder/spi-builder-workspace/.derivedData/ModuleCache.noindex -sdk-module-cache-path /Users/admin/builder/spi-builder-workspace/.derivedData/SDKExplicitPrecompiledModules -emit-dependencies -emit-module -emit-module-path /Users/admin/builder/spi-builder-workspace/.derivedData/Build/Intermediates.noindex/EditValueView.build/Debug-watchos/EditValueView-t.build/Objects-normal/arm64/EditValueView.swiftmodule -serialize-diagnostics -dependency-scan-serialize-diagnostics-path /Users/admin/builder/spi-builder-workspace/.derivedData/Build/Intermediates.noindex/EditValueView.build/Debug-watchos/EditValueView-t.build/Objects-normal/arm64/EditValueView-dependency-scan.dia -validate-clang-modules-once -clang-build-session-file /Users/admin/builder/spi-builder-workspace/.derivedData/ModuleCache.noindex/Session.modulevalidation -Xcc -fmodules-prune-interval\=86400 -Xcc -fmodules-prune-after\=345600 -emit-const-values -const-gather-protocols-list /Users/admin/builder/spi-builder-workspace/.derivedData/Build/Intermediates.noindex/EditValueView.build/Debug-watchos/EditValueView-t.build/Objects-normal/arm64/EditValueView_const_extract_protocols.json -Xcc -I/Users/admin/builder/spi-builder-workspace/.derivedData/Build/Products/Debug-watchos/include -Xcc -I/Users/admin/builder/spi-builder-workspace/.derivedData/Build/Intermediates.noindex/EditValueView.build/Debug-watchos/EditValueView-t.build/DerivedSources-normal/arm64 -Xcc -I/Users/admin/builder/spi-builder-workspace/.derivedData/Build/Intermediates.noindex/EditValueView.build/Debug-watchos/EditValueView-t.build/DerivedSources/arm64 -Xcc -I/Users/admin/builder/spi-builder-workspace/.derivedData/Build/Intermediates.noindex/EditValueView.build/Debug-watchos/EditValueView-t.build/DerivedSources -Xcc -DSWIFT_PACKAGE -Xcc -DDEBUG\=1 -emit-objc-header -emit-objc-header-path /Users/admin/builder/spi-builder-workspace/.derivedData/Build/Intermediates.noindex/EditValueView.build/Debug-watchos/EditValueView-t.build/Objects-normal/arm64/EditValueView-Swift.h -working-directory /Users/admin/builder/spi-builder-workspace/.swiftpm/xcode -experimental-emit-module-separately -disable-cmo
SwiftCompile normal arm64 Compiling\ ImageEditor.swift,\ ImagePicker.swift /Users/admin/builder/spi-builder-workspace/.dependencies/checkouts/EditValueView/Sources/EditValueView/Editors/Image/ImageEditor.swift /Users/admin/builder/spi-builder-workspace/.dependencies/checkouts/EditValueView/Sources/EditValueView/Editors/Image/Picker/ImagePicker.swift (in target 'EditValueView' from project 'EditValueView')
SwiftCompile normal arm64 /Users/admin/builder/spi-builder-workspace/.dependencies/checkouts/EditValueView/Sources/EditValueView/Editors/Image/ImageEditor.swift (in target 'EditValueView' from project 'EditValueView')
cd /Users/admin/builder/spi-builder-workspace/.swiftpm/xcode
builtin-SwiftPerFileCompile ImageEditor.swift
SwiftCompile normal arm64 /Users/admin/builder/spi-builder-workspace/.dependencies/checkouts/EditValueView/Sources/EditValueView/Editors/Image/Picker/ImagePicker.swift (in target 'EditValueView' from project 'EditValueView')
cd /Users/admin/builder/spi-builder-workspace/.swiftpm/xcode
builtin-SwiftPerFileCompile ImagePicker.swift
SwiftCompile normal arm64 Compiling\ ColorEditorView.swift,\ DateEditorView.swift /Users/admin/builder/spi-builder-workspace/.dependencies/checkouts/EditValueView/Sources/EditValueView/Editors/ColorEditorView.swift /Users/admin/builder/spi-builder-workspace/.dependencies/checkouts/EditValueView/Sources/EditValueView/Editors/DateEditorView.swift (in target 'EditValueView' from project 'EditValueView')
SwiftCompile normal arm64 /Users/admin/builder/spi-builder-workspace/.dependencies/checkouts/EditValueView/Sources/EditValueView/Editors/ColorEditorView.swift (in target 'EditValueView' from project 'EditValueView')
cd /Users/admin/builder/spi-builder-workspace/.swiftpm/xcode
builtin-SwiftPerFileCompile ColorEditorView.swift
SwiftCompile normal arm64 /Users/admin/builder/spi-builder-workspace/.dependencies/checkouts/EditValueView/Sources/EditValueView/Editors/DateEditorView.swift (in target 'EditValueView' from project 'EditValueView')
cd /Users/admin/builder/spi-builder-workspace/.swiftpm/xcode
builtin-SwiftPerFileCompile DateEditorView.swift
SwiftCompile normal arm64 Compiling\ CIImage+.swift,\ Codable+.swift /Users/admin/builder/spi-builder-workspace/.dependencies/checkouts/EditValueView/Sources/EditValueView/Extensions/CIImage+.swift /Users/admin/builder/spi-builder-workspace/.dependencies/checkouts/EditValueView/Sources/EditValueView/Extensions/Codable+.swift (in target 'EditValueView' from project 'EditValueView')
SwiftCompile normal arm64 /Users/admin/builder/spi-builder-workspace/.dependencies/checkouts/EditValueView/Sources/EditValueView/Extensions/CIImage+.swift (in target 'EditValueView' from project 'EditValueView')
cd /Users/admin/builder/spi-builder-workspace/.swiftpm/xcode
builtin-SwiftPerFileCompile CIImage+.swift
SwiftCompile normal arm64 /Users/admin/builder/spi-builder-workspace/.dependencies/checkouts/EditValueView/Sources/EditValueView/Extensions/Codable+.swift (in target 'EditValueView' from project 'EditValueView')
cd /Users/admin/builder/spi-builder-workspace/.swiftpm/xcode
builtin-SwiftPerFileCompile Codable+.swift
SwiftCompile normal arm64 Compiling\ SwiftUIImagePicker.swift,\ SwiftUIImageEditor.swift /Users/admin/builder/spi-builder-workspace/.dependencies/checkouts/EditValueView/Sources/EditValueView/Editors/Image/Picker/SwiftUIImagePicker.swift /Users/admin/builder/spi-builder-workspace/.dependencies/checkouts/EditValueView/Sources/EditValueView/Editors/Image/SwiftUIImageEditor.swift (in target 'EditValueView' from project 'EditValueView')
/Users/admin/builder/spi-builder-workspace/.dependencies/checkouts/EditValueView/Sources/EditValueView/Editors/Image/Picker/SwiftUIImagePicker.swift:15:38: error: 'UIImagePickerController' is unavailable in watchOS
13 |
14 | struct SwiftUIImagePicker: UIViewControllerRepresentable {
15 | typealias UIViewControllerType = UIImagePickerController
| `- error: 'UIImagePickerController' is unavailable in watchOS
16 |
17 | var sourceType: UIImagePickerController.SourceType = .photoLibrary
/Applications/Xcode-27.0.0-Release.Candidate.app/Contents/Developer/Platforms/WatchOS.platform/Developer/SDKs/WatchOS27.0.sdk/System/Library/Frameworks/UIKit.framework/Headers/UIImagePickerController.h:69:12: note: 'UIImagePickerController' has been explicitly marked unavailable here
67 |
68 | UIKIT_EXTERN API_AVAILABLE(ios(2.0)) API_UNAVAILABLE(tvos, watchos) NS_SWIFT_UI_ACTOR
69 | @interface UIImagePickerController : UINavigationController <NSCoding>
| `- note: 'UIImagePickerController' has been explicitly marked unavailable here
70 |
71 | + (BOOL)isSourceTypeAvailable:(UIImagePickerControllerSourceType)sourceType; // returns YES if source is available (i.e. camera present)
/Users/admin/builder/spi-builder-workspace/.dependencies/checkouts/EditValueView/Sources/EditValueView/Editors/Image/Picker/SwiftUIImagePicker.swift:17:21: error: 'UIImagePickerController' is unavailable in watchOS
15 | typealias UIViewControllerType = UIImagePickerController
16 |
17 | var sourceType: UIImagePickerController.SourceType = .photoLibrary
| `- error: 'UIImagePickerController' is unavailable in watchOS
18 |
19 | @Binding var selectedImage: Image?
/Applications/Xcode-27.0.0-Release.Candidate.app/Contents/Developer/Platforms/WatchOS.platform/Developer/SDKs/WatchOS27.0.sdk/System/Library/Frameworks/UIKit.framework/Headers/UIImagePickerController.h:69:12: note: 'UIImagePickerController' has been explicitly marked unavailable here
67 |
68 | UIKIT_EXTERN API_AVAILABLE(ios(2.0)) API_UNAVAILABLE(tvos, watchos) NS_SWIFT_UI_ACTOR
69 | @interface UIImagePickerController : UINavigationController <NSCoding>
| `- note: 'UIImagePickerController' has been explicitly marked unavailable here
70 |
71 | + (BOOL)isSourceTypeAvailable:(UIImagePickerControllerSourceType)sourceType; // returns YES if source is available (i.e. camera present)
/Users/admin/builder/spi-builder-workspace/.dependencies/checkouts/EditValueView/Sources/EditValueView/Editors/Image/Picker/SwiftUIImagePicker.swift:17:59: error: 'photoLibrary' is unavailable in watchOS
15 | typealias UIViewControllerType = UIImagePickerController
16 |
17 | var sourceType: UIImagePickerController.SourceType = .photoLibrary
| `- error: 'photoLibrary' is unavailable in watchOS
18 |
19 | @Binding var selectedImage: Image?
UIKit.UIImagePickerController.SourceType.photoLibrary:4:10: note: 'photoLibrary' has been explicitly marked unavailable here
2 | enum SourceType {
3 | @available(watchOS, unavailable)
4 | case photoLibrary }
| `- note: 'photoLibrary' has been explicitly marked unavailable here
5 | }
6 |
/Users/admin/builder/spi-builder-workspace/.dependencies/checkouts/EditValueView/Sources/EditValueView/Editors/Image/Picker/SwiftUIImagePicker.swift:22:40: error: cannot find type 'UIViewControllerRepresentableContext' in scope
20 | @Environment(\.presentationMode) private var presentationMode
21 |
22 | func makeUIViewController(context: UIViewControllerRepresentableContext<SwiftUIImagePicker>) -> UIViewControllerType {
| `- error: cannot find type 'UIViewControllerRepresentableContext' in scope
23 |
24 | let imagePicker = UIImagePickerController()
SwiftCompile normal arm64 /Users/admin/builder/spi-builder-workspace/.dependencies/checkouts/EditValueView/Sources/EditValueView/Editors/Image/Picker/SwiftUIImagePicker.swift (in target 'EditValueView' from project 'EditValueView')
cd /Users/admin/builder/spi-builder-workspace/.swiftpm/xcode
builtin-SwiftPerFileCompile SwiftUIImagePicker.swift
SwiftCompile normal arm64 /Users/admin/builder/spi-builder-workspace/.dependencies/checkouts/EditValueView/Sources/EditValueView/Editors/Image/SwiftUIImageEditor.swift (in target 'EditValueView' from project 'EditValueView')
cd /Users/admin/builder/spi-builder-workspace/.swiftpm/xcode
builtin-SwiftPerFileCompile SwiftUIImageEditor.swift
SwiftCompile normal arm64 Compiling\ OptionalNumeric.swift,\ OptionalType.swift /Users/admin/builder/spi-builder-workspace/.dependencies/checkouts/EditValueView/Sources/EditValueView/Protocol/OptionalNumeric.swift /Users/admin/builder/spi-builder-workspace/.dependencies/checkouts/EditValueView/Sources/EditValueView/Protocol/OptionalType.swift (in target 'EditValueView' from project 'EditValueView')
SwiftCompile normal arm64 /Users/admin/builder/spi-builder-workspace/.dependencies/checkouts/EditValueView/Sources/EditValueView/Protocol/OptionalNumeric.swift (in target 'EditValueView' from project 'EditValueView')
cd /Users/admin/builder/spi-builder-workspace/.swiftpm/xcode
builtin-SwiftPerFileCompile OptionalNumeric.swift
SwiftCompile normal arm64 /Users/admin/builder/spi-builder-workspace/.dependencies/checkouts/EditValueView/Sources/EditValueView/Protocol/OptionalType.swift (in target 'EditValueView' from project 'EditValueView')
cd /Users/admin/builder/spi-builder-workspace/.swiftpm/xcode
builtin-SwiftPerFileCompile OptionalType.swift
SwiftEmitModule normal arm64 Emitting\ module\ for\ EditValueView (in target 'EditValueView' from project 'EditValueView')
SwiftCompile normal arm64 (in target 'EditValueView' from project 'EditValueView')
cd /Users/admin/builder/spi-builder-workspace/.swiftpm/xcode
SwiftEmitModule normal arm64_32 Emitting\ module\ for\ EditValueView (in target 'EditValueView' from project 'EditValueView')
SwiftCompile normal arm64_32 (in target 'EditValueView' from project 'EditValueView')
cd /Users/admin/builder/spi-builder-workspace/.swiftpm/xcode
SwiftCompile normal arm64_32 Compiling\ AnyJSONEditor.swift,\ CaseIterableEditor.swift,\ CodableEditorView.swift /Users/admin/builder/spi-builder-workspace/.dependencies/checkouts/EditValueView/Sources/EditValueView/Editors/AnyJSONEditor.swift /Users/admin/builder/spi-builder-workspace/.dependencies/checkouts/EditValueView/Sources/EditValueView/Editors/CaseIterableEditor.swift /Users/admin/builder/spi-builder-workspace/.dependencies/checkouts/EditValueView/Sources/EditValueView/Editors/CodableEditorView.swift (in target 'EditValueView' from project 'EditValueView')
SwiftCompile normal arm64_32 /Users/admin/builder/spi-builder-workspace/.dependencies/checkouts/EditValueView/Sources/EditValueView/Editors/AnyJSONEditor.swift (in target 'EditValueView' from project 'EditValueView')
cd /Users/admin/builder/spi-builder-workspace/.swiftpm/xcode
builtin-SwiftPerFileCompile AnyJSONEditor.swift
SwiftCompile normal arm64_32 /Users/admin/builder/spi-builder-workspace/.dependencies/checkouts/EditValueView/Sources/EditValueView/Editors/CaseIterableEditor.swift (in target 'EditValueView' from project 'EditValueView')
cd /Users/admin/builder/spi-builder-workspace/.swiftpm/xcode
builtin-SwiftPerFileCompile CaseIterableEditor.swift
SwiftCompile normal arm64_32 /Users/admin/builder/spi-builder-workspace/.dependencies/checkouts/EditValueView/Sources/EditValueView/Editors/CodableEditorView.swift (in target 'EditValueView' from project 'EditValueView')
cd /Users/admin/builder/spi-builder-workspace/.swiftpm/xcode
builtin-SwiftPerFileCompile CodableEditorView.swift
SwiftCompile normal arm64 Compiling\ EditValueView+EditorType.swift,\ EditValueView+setValue.swift,\ EditValueView.swift /Users/admin/builder/spi-builder-workspace/.dependencies/checkouts/EditValueView/Sources/EditValueView/EditValueView+EditorType.swift /Users/admin/builder/spi-builder-workspace/.dependencies/checkouts/EditValueView/Sources/EditValueView/EditValueView+setValue.swift /Users/admin/builder/spi-builder-workspace/.dependencies/checkouts/EditValueView/Sources/EditValueView/EditValueView.swift (in target 'EditValueView' from project 'EditValueView')
SwiftCompile normal arm64 /Users/admin/builder/spi-builder-workspace/.dependencies/checkouts/EditValueView/Sources/EditValueView/EditValueView+EditorType.swift (in target 'EditValueView' from project 'EditValueView')
cd /Users/admin/builder/spi-builder-workspace/.swiftpm/xcode
builtin-SwiftPerFileCompile EditValueView+EditorType.swift
SwiftCompile normal arm64 /Users/admin/builder/spi-builder-workspace/.dependencies/checkouts/EditValueView/Sources/EditValueView/EditValueView+setValue.swift (in target 'EditValueView' from project 'EditValueView')
cd /Users/admin/builder/spi-builder-workspace/.swiftpm/xcode
builtin-SwiftPerFileCompile EditValueView+setValue.swift
SwiftCompile normal arm64 /Users/admin/builder/spi-builder-workspace/.dependencies/checkouts/EditValueView/Sources/EditValueView/EditValueView.swift (in target 'EditValueView' from project 'EditValueView')
cd /Users/admin/builder/spi-builder-workspace/.swiftpm/xcode
builtin-SwiftPerFileCompile EditValueView.swift
SwiftCompile normal arm64_32 Compiling\ UIImage+.swift,\ View+.swift /Users/admin/builder/spi-builder-workspace/.dependencies/checkouts/EditValueView/Sources/EditValueView/Extensions/UIImage+.swift /Users/admin/builder/spi-builder-workspace/.dependencies/checkouts/EditValueView/Sources/EditValueView/Extensions/View+.swift (in target 'EditValueView' from project 'EditValueView')
/Users/admin/builder/spi-builder-workspace/.dependencies/checkouts/EditValueView/Sources/EditValueView/Extensions/UIImage+.swift:13:25: error: cannot find type 'CIImage' in scope
11 |
12 | extension UIImage {
13 | func toCIImage() -> CIImage? {
| `- error: cannot find type 'CIImage' in scope
14 | if let ciImage {
15 | return ciImage
/Users/admin/builder/spi-builder-workspace/.dependencies/checkouts/EditValueView/Sources/EditValueView/Extensions/UIImage+.swift:14:16: error: cannot find 'ciImage' in scope
12 | extension UIImage {
13 | func toCIImage() -> CIImage? {
14 | if let ciImage {
| `- error: cannot find 'ciImage' in scope
15 | return ciImage
16 | } else if let cgImage {
/Users/admin/builder/spi-builder-workspace/.dependencies/checkouts/EditValueView/Sources/EditValueView/Extensions/UIImage+.swift:17:20: error: cannot find 'CIImage' in scope
15 | return ciImage
16 | } else if let cgImage {
17 | return CIImage(cgImage: cgImage)
| `- error: cannot find 'CIImage' in scope
18 | }
19 | return nil
Failed frontend command:
/Applications/Xcode-27.0.0-Release.Candidate.app/Contents/Developer/Toolchains/XcodeDefault.xctoolchain/usr/bin/swift-frontend -frontend -c /Users/admin/builder/spi-builder-workspace/.dependencies/checkouts/EditValueView/Sources/EditValueView/EditValueView+EditorType.swift /Users/admin/builder/spi-builder-workspace/.dependencies/checkouts/EditValueView/Sources/EditValueView/EditValueView+setValue.swift /Users/admin/builder/spi-builder-workspace/.dependencies/checkouts/EditValueView/Sources/EditValueView/EditValueView.swift /Users/admin/builder/spi-builder-workspace/.dependencies/checkouts/EditValueView/Sources/EditValueView/Editors/AnyJSONEditor.swift /Users/admin/builder/spi-builder-workspace/.dependencies/checkouts/EditValueView/Sources/EditValueView/Editors/CaseIterableEditor.swift /Users/admin/builder/spi-builder-workspace/.dependencies/checkouts/EditValueView/Sources/EditValueView/Editors/CodableEditorView.swift /Users/admin/builder/spi-builder-workspace/.dependencies/checkouts/EditValueView/Sources/EditValueView/Editors/ColorEditorView.swift /Users/admin/builder/spi-builder-workspace/.dependencies/checkouts/EditValueView/Sources/EditValueView/Editors/DateEditorView.swift /Users/admin/builder/spi-builder-workspace/.dependencies/checkouts/EditValueView/Sources/EditValueView/Editors/Image/ImageEditor.swift /Users/admin/builder/spi-builder-workspace/.dependencies/checkouts/EditValueView/Sources/EditValueView/Editors/Image/Picker/ImagePicker.swift /Users/admin/builder/spi-builder-workspace/.dependencies/checkouts/EditValueView/Sources/EditValueView/Editors/Image/Picker/SwiftUIImagePicker.swift /Users/admin/builder/spi-builder-workspace/.dependencies/checkouts/EditValueView/Sources/EditValueView/Editors/Image/SwiftUIImageEditor.swift /Users/admin/builder/spi-builder-workspace/.dependencies/checkouts/EditValueView/Sources/EditValueView/Extensions/CIImage+.swift /Users/admin/builder/spi-builder-workspace/.dependencies/checkouts/EditValueView/Sources/EditValueView/Extensions/Codable+.swift -primary-file /Users/admin/builder/spi-builder-workspace/.dependencies/checkouts/EditValueView/Sources/EditValueView/Extensions/UIImage+.swift -primary-file /Users/admin/builder/spi-builder-workspace/.dependencies/checkouts/EditValueView/Sources/EditValueView/Extensions/View+.swift /Users/admin/builder/spi-builder-workspace/.dependencies/checkouts/EditValueView/Sources/EditValueView/Protocol/DefaultRepresentable.swift /Users/admin/builder/spi-builder-workspace/.dependencies/checkouts/EditValueView/Sources/EditValueView/Protocol/OptionalCaseIterable.swift /Users/admin/builder/spi-builder-workspace/.dependencies/checkouts/EditValueView/Sources/EditValueView/Protocol/OptionalNumeric.swift /Users/admin/builder/spi-builder-workspace/.dependencies/checkouts/EditValueView/Sources/EditValueView/Protocol/OptionalType.swift /Users/admin/builder/spi-builder-workspace/.dependencies/checkouts/EditValueView/Sources/EditValueView/UIKit/EditValueViewController.swift /Users/admin/builder/spi-builder-workspace/.dependencies/checkouts/EditValueView/Sources/EditValueView/Util/Typealias.swift -emit-dependencies-path /Users/admin/builder/spi-builder-workspace/.derivedData/Build/Intermediates.noindex/EditValueView.build/Debug-watchos/EditValueView-t.build/Objects-normal/arm64_32/UIImage+.d -emit-const-values-path /Users/admin/builder/spi-builder-workspace/.derivedData/Build/Intermediates.noindex/EditValueView.build/Debug-watchos/EditValueView-t.build/Objects-normal/arm64_32/UIImage+.swiftconstvalues -emit-reference-dependencies-path /Users/admin/builder/spi-builder-workspace/.derivedData/Build/Intermediates.noindex/EditValueView.build/Debug-watchos/EditValueView-t.build/Objects-normal/arm64_32/UIImage+.swiftdeps -serialize-diagnostics-path /Users/admin/builder/spi-builder-workspace/.derivedData/Build/Intermediates.noindex/EditValueView.build/Debug-watchos/EditValueView-t.build/Objects-normal/arm64_32/UIImage+.dia -emit-dependencies-path /Users/admin/builder/spi-builder-workspace/.derivedData/Build/Intermediates.noindex/EditValueView.build/Debug-watchos/EditValueView-t.build/Objects-normal/arm64_32/View+.d -emit-const-values-path /Users/admin/builder/spi-builder-workspace/.derivedData/Build/Intermediates.noindex/EditValueView.build/Debug-watchos/EditValueView-t.build/Objects-normal/arm64_32/View+.swiftconstvalues -emit-reference-dependencies-path /Users/admin/builder/spi-builder-workspace/.derivedData/Build/Intermediates.noindex/EditValueView.build/Debug-watchos/EditValueView-t.build/Objects-normal/arm64_32/View+.swiftdeps -serialize-diagnostics-path /Users/admin/builder/spi-builder-workspace/.derivedData/Build/Intermediates.noindex/EditValueView.build/Debug-watchos/EditValueView-t.build/Objects-normal/arm64_32/View+.dia -target arm64_32-apple-watchos9.0 -module-can-import-version SwiftUI 8.0.84.1 8.0.84 -module-can-import-version UIKit 9127.0.84.1 9127.0.84 -disable-cross-import-overlay-search -load-resolved-plugin /Applications/Xcode-27.0.0-Release.Candidate.app/Contents/Developer/Platforms/WatchOS.platform/Developer/usr/lib/swift/host/plugins/libFoundationMacros.dylib\#/Applications/Xcode-27.0.0-Release.Candidate.app/Contents/Developer/Platforms/WatchOS.platform/Developer/usr/bin/swift-plugin-server\#FoundationMacros -load-resolved-plugin /Applications/Xcode-27.0.0-Release.Candidate.app/Contents/Developer/Platforms/WatchOS.platform/Developer/usr/lib/swift/host/plugins/libObservationMacros.dylib\#/Applications/Xcode-27.0.0-Release.Candidate.app/Contents/Developer/Platforms/WatchOS.platform/Developer/usr/bin/swift-plugin-server\#ObservationMacros -load-resolved-plugin /Applications/Xcode-27.0.0-Release.Candidate.app/Contents/Developer/Platforms/WatchOS.platform/Developer/usr/lib/swift/host/plugins/libPreviewsMacros.dylib\#/Applications/Xcode-27.0.0-Release.Candidate.app/Contents/Developer/Platforms/WatchOS.platform/Developer/usr/bin/swift-plugin-server\#PreviewsMacros -load-resolved-plugin /Applications/Xcode-27.0.0-Release.Candidate.app/Contents/Developer/Platforms/WatchOS.platform/Developer/usr/lib/swift/host/plugins/libSwiftMacros.dylib\#/Applications/Xcode-27.0.0-Release.Candidate.app/Contents/Developer/Platforms/WatchOS.platform/Developer/usr/bin/swift-plugin-server\#SwiftMacros -load-resolved-plugin /Applications/Xcode-27.0.0-Release.Candidate.app/Contents/Developer/Platforms/WatchOS.platform/Developer/usr/lib/swift/host/plugins/libSwiftUIMacros.dylib\#/Applications/Xcode-27.0.0-Release.Candidate.app/Contents/Developer/Platforms/WatchOS.platform/Developer/usr/bin/swift-plugin-server\#SwiftUIMacros -disable-implicit-swift-modules -Xcc -fno-implicit-modules -Xcc -fno-implicit-module-maps -explicit-swift-module-map-file /Users/admin/builder/spi-builder-workspace/.derivedData/Build/Intermediates.noindex/EditValueView.build/Debug-watchos/EditValueView-t.build/Objects-normal/arm64_32/EditValueView-dependencies-1.json -enable-objc-interop -sdk /Applications/Xcode-27.0.0-Release.Candidate.app/Contents/Developer/Platforms/WatchOS.platform/Developer/SDKs/WatchOS27.0.sdk -I /Users/admin/builder/spi-builder-workspace/.derivedData/Build/Products/Debug-watchos -Isystem /Applications/Xcode-27.0.0-Release.Candidate.app/Contents/Developer/Platforms/WatchOS.platform/Developer/usr/lib -F /Users/admin/builder/spi-builder-workspace/.derivedData/Build/Products/Debug-watchos/PackageFrameworks -F /Users/admin/builder/spi-builder-workspace/.derivedData/Build/Products/Debug-watchos -F /Applications/Xcode-27.0.0-Release.Candidate.app/Contents/Developer/Platforms/WatchOS.platform/Developer/Library/Frameworks -F /Applications/Xcode-27.0.0-Release.Candidate.app/Contents/Developer/Platforms/WatchOS.platform/Developer/SDKs/WatchOS27.0.sdk/Developer/Library/Frameworks -module-cache-path /Users/admin/builder/spi-builder-workspace/.derivedData/Build/Intermediates.noindex/SwiftExplicitPrecompiledModules -no-color-diagnostics -Xcc -fno-color-diagnostics -enable-testing -g -debug-info-format\=dwarf -dwarf-version\=4 -suppress-warnings -profile-generate -profile-coverage-mapping -swift-version 5 -Onone -D SWIFT_PACKAGE -D DEBUG -D SWIFT_MODULE_RESOURCE_BUNDLE_UNAVAILABLE -D Xcode -serialize-debugging-options -enable-experimental-feature DebugDescriptionMacro -empty-abi-descriptor -validate-clang-modules-once -clang-build-session-file /Users/admin/builder/spi-builder-workspace/.derivedData/ModuleCache.noindex/Session.modulevalidation -Xcc -working-directory -Xcc /Users/admin/builder/spi-builder-workspace/.swiftpm/xcode -enable-anonymous-context-mangled-names -file-compilation-dir /Users/admin/builder/spi-builder-workspace/.swiftpm/xcode -Xcc -D_LIBCPP_HARDENING_MODE\=_LIBCPP_HARDENING_MODE_DEBUG -Xcc -ivfsstatcache -Xcc /Users/admin/builder/spi-builder-workspace/.derivedData/SDKStatCaches.noindex/watchos27.0-24R360-e829b21a6f8c9b70876ba0858053c04477534ef55a1706bf4c1112bbb242f0a2.sdkstatcache -Xcc -fmodules-prune-interval\=86400 -Xcc -fmodules-prune-after\=345600 -Xcc -I/Users/admin/builder/spi-builder-workspace/.derivedData/Build/Products/Debug-watchos/include -Xcc -I/Users/admin/builder/spi-builder-workspace/.derivedData/Build/Intermediates.noindex/EditValueView.build/Debug-watchos/EditValueView-t.build/DerivedSources-normal/arm64_32 -Xcc -I/Users/admin/builder/spi-builder-workspace/.derivedData/Build/Intermediates.noindex/EditValueView.build/Debug-watchos/EditValueView-t.build/DerivedSources/arm64_32 -Xcc -I/Users/admin/builder/spi-builder-workspace/.derivedData/Build/Intermediates.noindex/EditValueView.build/Debug-watchos/EditValueView-t.build/DerivedSources -Xcc -DSWIFT_PACKAGE -Xcc -DDEBUG\=1 -no-auto-bridging-header-chaining -module-name EditValueView -const-gather-protocols-file /Users/admin/builder/spi-builder-workspace/.derivedData/Build/Intermediates.noindex/EditValueView.build/Debug-watchos/EditValueView-t.build/Objects-normal/arm64_32/EditValueView_const_extract_protocols.json -disable-clang-spi -clang-target arm64_32-apple-watchos27.0 -target-sdk-version 27.0 -target-sdk-name watchos27.0 -in-process-plugin-server-path /Applications/Xcode-27.0.0-Release.Candidate.app/Contents/Developer/Toolchains/XcodeDefault.xctoolchain/usr/lib/swift/host/libSwiftInProcPluginServer.dylib -parse-as-library -o /Users/admin/builder/spi-builder-workspace/.derivedData/Build/Intermediates.noindex/EditValueView.build/Debug-watchos/EditValueView-t.build/Objects-normal/arm64_32/UIImage+.o -o /Users/admin/builder/spi-builder-workspace/.derivedData/Build/Intermediates.noindex/EditValueView.build/Debug-watchos/EditValueView-t.build/Objects-normal/arm64_32/View+.o -debug-module-path /Users/admin/builder/spi-builder-workspace/.derivedData/Build/Intermediates.noindex/EditValueView.build/Debug-watchos/EditValueView-t.build/Objects-normal/arm64_32/EditValueView.swiftmodule -index-unit-output-path /EditValueView.build/Debug-watchos/EditValueView-t.build/Objects-normal/arm64_32/UIImage+.o -index-unit-output-path /EditValueView.build/Debug-watchos/EditValueView-t.build/Objects-normal/arm64_32/View+.o -index-store-path /Users/admin/builder/spi-builder-workspace/.derivedData/Index.noindex/DataStore -index-system-modules
SwiftCompile normal arm64_32 /Users/admin/builder/spi-builder-workspace/.dependencies/checkouts/EditValueView/Sources/EditValueView/Extensions/UIImage+.swift (in target 'EditValueView' from project 'EditValueView')
cd /Users/admin/builder/spi-builder-workspace/.swiftpm/xcode
builtin-SwiftPerFileCompile UIImage+.swift
SwiftCompile normal arm64_32 /Users/admin/builder/spi-builder-workspace/.dependencies/checkouts/EditValueView/Sources/EditValueView/Extensions/View+.swift (in target 'EditValueView' from project 'EditValueView')
cd /Users/admin/builder/spi-builder-workspace/.swiftpm/xcode
builtin-SwiftPerFileCompile View+.swift
SwiftCompile normal arm64_32 Compiling\ OptionalNumeric.swift,\ OptionalType.swift /Users/admin/builder/spi-builder-workspace/.dependencies/checkouts/EditValueView/Sources/EditValueView/Protocol/OptionalNumeric.swift /Users/admin/builder/spi-builder-workspace/.dependencies/checkouts/EditValueView/Sources/EditValueView/Protocol/OptionalType.swift (in target 'EditValueView' from project 'EditValueView')
SwiftCompile normal arm64_32 /Users/admin/builder/spi-builder-workspace/.dependencies/checkouts/EditValueView/Sources/EditValueView/Protocol/OptionalNumeric.swift (in target 'EditValueView' from project 'EditValueView')
cd /Users/admin/builder/spi-builder-workspace/.swiftpm/xcode
builtin-SwiftPerFileCompile OptionalNumeric.swift
SwiftCompile normal arm64_32 /Users/admin/builder/spi-builder-workspace/.dependencies/checkouts/EditValueView/Sources/EditValueView/Protocol/OptionalType.swift (in target 'EditValueView' from project 'EditValueView')
cd /Users/admin/builder/spi-builder-workspace/.swiftpm/xcode
builtin-SwiftPerFileCompile OptionalType.swift
PruneExplicitPrecompiledModules /Users/admin/builder/spi-builder-workspace/.derivedData/SDKExplicitPrecompiledModules
PruneExplicitPrecompiledModules /Users/admin/builder/spi-builder-workspace/.derivedData/Build/Intermediates.noindex/ExplicitPrecompiledModules
PruneExplicitPrecompiledModules /Users/admin/builder/spi-builder-workspace/.derivedData/Build/Intermediates.noindex/SwiftExplicitPrecompiledModules
2026-09-22 19:50:08.281 xcodebuild[1104:6425] [MT] IDERunDestination: Supported platforms for the buildables in the current scheme is empty.
** BUILD FAILED **
The following build commands failed:
SwiftCompile normal arm64_32 Compiling\ UIImage+.swift,\ View+.swift /Users/admin/builder/spi-builder-workspace/.dependencies/checkouts/EditValueView/Sources/EditValueView/Extensions/UIImage+.swift /Users/admin/builder/spi-builder-workspace/.dependencies/checkouts/EditValueView/Sources/EditValueView/Extensions/View+.swift (in target 'EditValueView' from project 'EditValueView')
SwiftCompile normal arm64_32 /Users/admin/builder/spi-builder-workspace/.dependencies/checkouts/EditValueView/Sources/EditValueView/Extensions/UIImage+.swift (in target 'EditValueView' from project 'EditValueView')
Building workspace UserDefaultsEditor with scheme UserDefaultsEditor
(3 failures)
BUILD FAILURE 6.4 watchOS