The Swift Package Index logo.Swift Package Index

Build Information

Failed to build SafeURLKit, reference 0.2.0 (e9c4ed), with Swift 6.4 for Wasm on 17 Sep 2026 06:15:39 UTC.

Build Command

bash -c docker run --pull=always --rm -v "checkouts-53886769-0":/host -w "$PWD" -e JAVA_HOME="/root/.sdkman/candidates/java/current" -e SPI_BUILD="1" -e SPI_PROCESSING="1" registry.gitlab.com/saguaro1/spi-images:wasm-6.4-latest swift build --swift-sdk swift-6.4.x-DEVELOPMENT-SNAPSHOT-2026-09-04-a_wasm 2>&1

Build Log

========================================
RunAll
========================================
Builder version: 5.1.0
Interrupt handler set up.
========================================
Checkout
========================================
Clone URL: https://github.com/adamtheturtle/SafeURLKit.git
Reference: 0.2.0
Initialized empty Git repository in /host/spi-builder-workspace/.git/
hint: Using 'master' as the name for the initial branch. This default branch name
hint: is subject to change. To configure the initial branch name to use in all
hint: of your new repositories, which will suppress this warning, call:
hint:
hint: 	git config --global init.defaultBranch <name>
hint:
hint: Names commonly chosen instead of 'master' are 'main', 'trunk' and
hint: 'development'. The just-created branch can be renamed via this command:
hint:
hint: 	git branch -m <name>
From https://github.com/adamtheturtle/SafeURLKit
 * tag               0.2.0      -> FETCH_HEAD
HEAD is now at e9c4edd Merge pull request #148 from adamtheturtle/codex/vale-alignment
Cloned https://github.com/adamtheturtle/SafeURLKit.git
Revision (git rev-parse @):
e9c4eddcfd3e16669a19f46142f487d9b74fbc14
SPI manifest file found: $PWD/.spi.yml
SUCCESS checkout https://github.com/adamtheturtle/SafeURLKit.git at 0.2.0
========================================
Build
========================================
Selected platform:         wasm
Swift version:             6.4
Building package at path:  $PWD
https://github.com/adamtheturtle/SafeURLKit.git
Running build ...
bash -c docker run --pull=always --rm -v "checkouts-53886769-0":/host -w "$PWD" -e JAVA_HOME="/root/.sdkman/candidates/java/current" -e SPI_BUILD="1" -e SPI_PROCESSING="1" registry.gitlab.com/saguaro1/spi-images:wasm-6.4-latest swift build --swift-sdk swift-6.4.x-DEVELOPMENT-SNAPSHOT-2026-09-04-a_wasm 2>&1
wasm-6.4-latest: Pulling from saguaro1/spi-images
Digest: sha256:4328fdb43c680d205c1d6761b1e3267aa38277eefdda9ddfb17b6a0f1a77857a
Status: Image is up to date for registry.gitlab.com/saguaro1/spi-images:wasm-6.4-latest
Building for debugging...
[Planning deferred tasks]
[27 / 35] SafeURLKit
error: SwiftCompile normal wasm32 failed with a nonzero exit code. Command line:     cd /host

/host/spi-builder-workspace/Sources/SafeURLKit/PolicyEnforcingRedirectDelegate.swift:105:29: error: cannot find type 'URLRequest' in scope
103 |         task: URLSessionTask,
104 |         willPerformHTTPRedirection response: HTTPURLResponse,
105 |         newRequest request: URLRequest,
    |                             `- error: cannot find type 'URLRequest' in scope
106 |         completionHandler: @escaping (URLRequest?) -> Void
107 |     ) {
/host/spi-builder-workspace/Sources/SafeURLKit/PolicyEnforcingRedirectDelegate.swift:106:39: error: cannot find type 'URLRequest' in scope
104 |         willPerformHTTPRedirection response: HTTPURLResponse,
105 |         newRequest request: URLRequest,
106 |         completionHandler: @escaping (URLRequest?) -> Void
    |                                       `- error: cannot find type 'URLRequest' in scope
107 |     ) {
108 |         guard let url = request.url else {
/host/spi-builder-workspace/Sources/SafeURLKit/PolicyEnforcingRedirectDelegate.swift:102:12: error: 'URLSession' is unavailable: This type has moved to the FoundationNetworking module. Import that module to use it.
100 |     /// stored properties on a `final` class whose superclass is not `Sendable`.
101 |     public func urlSession(
102 |         _: URLSession,
    |            `- error: 'URLSession' is unavailable: This type has moved to the FoundationNetworking module. Import that module to use it.
103 |         task: URLSessionTask,
104 |         willPerformHTTPRedirection response: HTTPURLResponse,
Foundation.URLSession:2:18: note: 'URLSession' has been explicitly marked unavailable here
1 | @available(*, unavailable, message: "This type has moved to the FoundationNetworking module. Import that module to use it.")
2 | public typealias URLSession = AnyObject
  |                  `- note: 'URLSession' has been explicitly marked unavailable here
/host/spi-builder-workspace/Sources/SafeURLKit/PolicyEnforcingRedirectDelegate.swift:103:15: error: 'URLSessionTask' is unavailable: This type has moved to the FoundationNetworking module. Import that module to use it.
101 |     public func urlSession(
102 |         _: URLSession,
103 |         task: URLSessionTask,
    |               `- error: 'URLSessionTask' is unavailable: This type has moved to the FoundationNetworking module. Import that module to use it.
104 |         willPerformHTTPRedirection response: HTTPURLResponse,
105 |         newRequest request: URLRequest,
Foundation.URLSessionTask:2:18: note: 'URLSessionTask' has been explicitly marked unavailable here
1 | @available(*, unavailable, message: "This type has moved to the FoundationNetworking module. Import that module to use it.")
2 | public typealias URLSessionTask = AnyObject
  |                  `- note: 'URLSessionTask' has been explicitly marked unavailable here
/host/spi-builder-workspace/Sources/SafeURLKit/PolicyEnforcingRedirectDelegate.swift:104:46: error: 'HTTPURLResponse' is unavailable: This type has moved to the FoundationNetworking module. Import that module to use it.
102 |         _: URLSession,
103 |         task: URLSessionTask,
104 |         willPerformHTTPRedirection response: HTTPURLResponse,
    |                                              `- error: 'HTTPURLResponse' is unavailable: This type has moved to the FoundationNetworking module. Import that module to use it.
105 |         newRequest request: URLRequest,
106 |         completionHandler: @escaping (URLRequest?) -> Void
Foundation.HTTPURLResponse:2:18: note: 'HTTPURLResponse' has been explicitly marked unavailable here
1 | @available(*, unavailable, message: "This type has moved to the FoundationNetworking module. Import that module to use it.")
2 | public typealias HTTPURLResponse = AnyObject
  |                  `- note: 'HTTPURLResponse' has been explicitly marked unavailable here
/host/spi-builder-workspace/Sources/SafeURLKit/PolicyEnforcingRedirectDelegate.swift:137:19: error: 'HTTPURLResponse' is unavailable: This type has moved to the FoundationNetworking module. Import that module to use it.
135 |
136 |     private func validateRedirect(
137 |         response: HTTPURLResponse,
    |                   `- error: 'HTTPURLResponse' is unavailable: This type has moved to the FoundationNetworking module. Import that module to use it.
138 |         generatedURL: URL
139 |     ) throws(URLValidationError) -> ValidatedURL {
Foundation.HTTPURLResponse:2:18: note: 'HTTPURLResponse' has been explicitly marked unavailable here
1 | @available(*, unavailable, message: "This type has moved to the FoundationNetworking module. Import that module to use it.")
2 | public typealias HTTPURLResponse = AnyObject
  |                  `- note: 'HTTPURLResponse' has been explicitly marked unavailable here
/host/spi-builder-workspace/Sources/SafeURLKit/PolicyEnforcingRedirectDelegate.swift:214:84: error: cannot find type 'URLRequest' in scope
212 |     }
213 |
214 |     private func sanitized(_ request: URLRequest, redirectingFrom source: URL?) -> URLRequest {
    |                                                                                    `- error: cannot find type 'URLRequest' in scope
215 |         guard
216 |             let source,
/host/spi-builder-workspace/Sources/SafeURLKit/PolicyEnforcingRedirectDelegate.swift:214:39: error: cannot find type 'URLRequest' in scope
212 |     }
213 |
214 |     private func sanitized(_ request: URLRequest, redirectingFrom source: URL?) -> URLRequest {
    |                                       `- error: cannot find type 'URLRequest' in scope
215 |         guard
216 |             let source,
/host/spi-builder-workspace/Sources/SafeURLKit/PolicyEnforcingRedirectDelegate.swift:53:63: error: cannot find type 'URLSessionTaskDelegate' in scope
 51 | ///   Subclassing is already impossible (`final`); do not copy this pattern onto a
 52 | ///   non-final type without the same immutability guarantees.
 53 | public final class PolicyEnforcingRedirectDelegate: NSObject, URLSessionTaskDelegate,
    |                                                               `- error: cannot find type 'URLSessionTaskDelegate' in scope
 54 |     @unchecked Sendable {
 55 |     /// The policy applied to each redirect target.
Failed frontend command:
/usr/bin/swift-frontend -frontend -emit-module -experimental-skip-non-inlinable-function-bodies-without-types /host/spi-builder-workspace/Sources/SafeURLKit/IPv4Address.swift /host/spi-builder-workspace/Sources/SafeURLKit/IPv6Address.swift /host/spi-builder-workspace/Sources/SafeURLKit/OriginRule.swift /host/spi-builder-workspace/Sources/SafeURLKit/PolicyEnforcingRedirectDelegate.swift /host/spi-builder-workspace/Sources/SafeURLKit/SpecialPurposeAddresses.swift /host/spi-builder-workspace/Sources/SafeURLKit/SpecialUseDomains.swift /host/spi-builder-workspace/Sources/SafeURLKit/URLHost.swift /host/spi-builder-workspace/Sources/SafeURLKit/URLPolicy.swift /host/spi-builder-workspace/Sources/SafeURLKit/URLStringParser.swift /host/spi-builder-workspace/Sources/SafeURLKit/URLValidationError.swift /host/spi-builder-workspace/Sources/SafeURLKit/ValidatedURL.swift -target wasm32-unknown-wasip1 -disable-objc-interop -sdk /root/.swiftpm/swift-sdks/swift-6.4.x-DEVELOPMENT-SNAPSHOT-2026-09-04-a_wasm.artifactbundle/swift-6.4.x-DEVELOPMENT-SNAPSHOT-2026-09-04-a_wasm/wasm32-unknown-wasip1/WASI.sdk -sysroot /root/.swiftpm/swift-sdks/swift-6.4.x-DEVELOPMENT-SNAPSHOT-2026-09-04-a_wasm.artifactbundle/swift-6.4.x-DEVELOPMENT-SNAPSHOT-2026-09-04-a_wasm/wasm32-unknown-wasip1/WASI.sdk -I /host/spi-builder-workspace/.build/out/Products/Debug-webassembly-wasm32 -module-cache-path /host/spi-builder-workspace/.build/out/ModuleCache.noindex -color-diagnostics -Xcc -fcolor-diagnostics -enable-testing -g -debug-info-format\=dwarf -dwarf-version\=4 -swift-version 6 -Onone -D SWIFT_PACKAGE -D DEBUG -D SWIFT_MODULE_RESOURCE_BUNDLE_UNAVAILABLE -D Xcode -serialize-debugging-options -enable-upcoming-feature InferIsolatedConformances -enable-experimental-feature DebugDescriptionMacro -empty-abi-descriptor -external-plugin-path /usr/lib/swift/host/plugins/testing\#/usr/bin/swift-plugin-server -validate-clang-modules-once -clang-build-session-file /host/spi-builder-workspace/.build/out/ModuleCache.noindex/Session.modulevalidation -Xcc -working-directory -Xcc /host -resource-dir /root/.swiftpm/swift-sdks/swift-6.4.x-DEVELOPMENT-SNAPSHOT-2026-09-04-a_wasm.artifactbundle/swift-6.4.x-DEVELOPMENT-SNAPSHOT-2026-09-04-a_wasm/wasm32-unknown-wasip1/swift.xctoolchain/usr/lib/swift_static -use-static-resource-dir -enable-anonymous-context-mangled-names -file-compilation-dir /host -Xcc -resource-dir -Xcc /root/.swiftpm/swift-sdks/swift-6.4.x-DEVELOPMENT-SNAPSHOT-2026-09-04-a_wasm.artifactbundle/swift-6.4.x-DEVELOPMENT-SNAPSHOT-2026-09-04-a_wasm/wasm32-unknown-wasip1/swift.xctoolchain/usr/lib/swift_static/clang -Xcc -D_LIBCPP_HARDENING_MODE\=_LIBCPP_HARDENING_MODE_DEBUG -Xcc -fmodules-prune-interval\=86400 -Xcc -fmodules-prune-after\=345600 -Xcc -I/host/spi-builder-workspace/.build/out/Products/Debug-webassembly-wasm32/include -Xcc -I/host/spi-builder-workspace/.build/out/Intermediates.noindex/SafeURLKit.build/Debug-webassembly-wasm32/SafeURLKit-t.build/DerivedSources-normal/wasm32 -Xcc -I/host/spi-builder-workspace/.build/out/Intermediates.noindex/SafeURLKit.build/Debug-webassembly-wasm32/SafeURLKit-t.build/DerivedSources/wasm32 -Xcc -I/host/spi-builder-workspace/.build/out/Intermediates.noindex/SafeURLKit.build/Debug-webassembly-wasm32/SafeURLKit-t.build/DerivedSources -Xcc -DSWIFT_PACKAGE -Xcc -DDEBUG\=1 -no-auto-bridging-header-chaining -module-name SafeURLKit -package-name spi_builder_workspace -const-gather-protocols-file /host/spi-builder-workspace/.build/out/Intermediates.noindex/SafeURLKit.build/Debug-webassembly-wasm32/SafeURLKit-t.build/Objects-normal/wasm32/SafeURLKit_const_extract_protocols.json -in-process-plugin-server-path /usr/lib/swift/host/libSwiftInProcPluginServer.so -plugin-path /usr/lib/swift/host/plugins -plugin-path /usr/local/lib/swift/host/plugins -emit-module-doc-path /host/spi-builder-workspace/.build/out/Intermediates.noindex/SafeURLKit.build/Debug-webassembly-wasm32/SafeURLKit-t.build/Objects-normal/wasm32/Modules/SafeURLKit.swiftdoc -emit-module-source-info-path /host/spi-builder-workspace/.build/out/Intermediates.noindex/SafeURLKit.build/Debug-webassembly-wasm32/SafeURLKit-t.build/Objects-normal/wasm32/Modules/SafeURLKit.swiftsourceinfo -emit-objc-header-path /host/spi-builder-workspace/.build/out/Intermediates.noindex/SafeURLKit.build/Debug-webassembly-wasm32/SafeURLKit-t.build/Objects-normal/wasm32/SafeURLKit-Swift.h -serialize-diagnostics-path /host/spi-builder-workspace/.build/out/Intermediates.noindex/SafeURLKit.build/Debug-webassembly-wasm32/SafeURLKit-t.build/Objects-normal/wasm32/SafeURLKit-primary-emit-module.dia -emit-dependencies-path /host/spi-builder-workspace/.build/out/Intermediates.noindex/SafeURLKit.build/Debug-webassembly-wasm32/SafeURLKit-t.build/Objects-normal/wasm32/SafeURLKit-primary-emit-module.d -parse-as-library -o /host/spi-builder-workspace/.build/out/Intermediates.noindex/SafeURLKit.build/Debug-webassembly-wasm32/SafeURLKit-t.build/Objects-normal/wasm32/Modules/SafeURLKit.swiftmodule
error: Build failed
BUILD FAILURE 6.4 wasm