Build Information
Failed to build ACP, reference v0.2.2 (159851), with Swift 6.2 for Wasm on 23 Oct 2026 18:49:23 UTC.
Build Command
bash -c docker run --pull=always --rm -v "checkouts-53886769-1":/host -w "$PWD" -e JAVA_HOME="/root/.sdkman/candidates/java/current" -e SPI_BUILD="1" -e SPI_PROCESSING="1" registry.gitlab.com/saguaro1/spi-images:wasm-6.2-latest swift build --swift-sdk swift-6.2-RELEASE_wasm 2>&1Build Log
========================================
RunAll
========================================
Builder version: 5.1.3
Interrupt handler set up.
========================================
Checkout
========================================
Clone URL: https://github.com/aptove/swift-sdk.git
Reference: v0.2.2
Initialized empty Git repository in /host/spi-builder-workspace/.git/
hint: Using 'master' as the name for the initial branch. This default branch name
hint: is subject to change. To configure the initial branch name to use in all
hint: of your new repositories, which will suppress this warning, call:
hint:
hint: git config --global init.defaultBranch <name>
hint:
hint: Names commonly chosen instead of 'master' are 'main', 'trunk' and
hint: 'development'. The just-created branch can be renamed via this command:
hint:
hint: git branch -m <name>
From https://github.com/aptove/swift-sdk
* tag v0.2.2 -> FETCH_HEAD
HEAD is now at 1598510 chore: bump version to 0.2.2
Cloned https://github.com/aptove/swift-sdk.git
Revision (git rev-parse @):
159851093f2889aeacc4a73f39a433f30f0da958
SPI manifest file found: $PWD/.spi.yml
SUCCESS checkout https://github.com/aptove/swift-sdk.git at v0.2.2
========================================
Build
========================================
Selected platform: wasm
Swift version: 6.2
Building package at path: $PWD
https://github.com/aptove/swift-sdk.git
Running build ...
bash -c docker run --pull=always --rm -v "checkouts-53886769-1":/host -w "$PWD" -e JAVA_HOME="/root/.sdkman/candidates/java/current" -e SPI_BUILD="1" -e SPI_PROCESSING="1" registry.gitlab.com/saguaro1/spi-images:wasm-6.2-latest swift build --swift-sdk swift-6.2-RELEASE_wasm 2>&1
wasm-6.2-latest: Pulling from saguaro1/spi-images
Digest: sha256:c2cc4df169d3c45015ced899e997f329be5fc90bdbfce388bd8981e1ea44d639
Status: Image is up to date for registry.gitlab.com/saguaro1/spi-images:wasm-6.2-latest
Fetching https://github.com/apple/swift-log.git
Fetching https://github.com/apple/swift-collections.git
[1/8373] Fetching swift-log
[8374/37674] Fetching swift-log, swift-collections
Fetched https://github.com/apple/swift-log.git from cache (1.43s)
Fetched https://github.com/apple/swift-collections.git from cache (1.44s)
Computing version for https://github.com/apple/swift-collections.git
Computed https://github.com/apple/swift-collections.git at 1.7.4 (1.68s)
Computing version for https://github.com/apple/swift-log.git
Computed https://github.com/apple/swift-log.git at 1.16.2 (0.15s)
Creating working copy for https://github.com/apple/swift-collections.git
Working copy of https://github.com/apple/swift-collections.git resolved at 1.7.4
Creating working copy for https://github.com/apple/swift-log.git
Working copy of https://github.com/apple/swift-log.git resolved at 1.16.2
warning: 'spi-builder-workspace': found 1 file(s) which are unhandled; explicitly declare them as resources or exclude from the target
/host/spi-builder-workspace/Samples/SimpleAgentApp/README.md
Building for debugging...
[0/46] Write sources
[18/46] Write swift-version-24593BA9C3E375BF.txt
[20/85] Compiling InternalCollectionsUtilities _UnsafeBitSet+_Word.swift
[21/85] Compiling InternalCollectionsUtilities _UnsafeBitSet.swift
[22/85] Compiling InternalCollectionsUtilities UnsafeBufferPointer+Extras.swift
[23/85] Compiling InternalCollectionsUtilities UnsafeMutableBufferPointer+Extras.swift
[24/88] Compiling InternalCollectionsUtilities Iterable+CopyContents.swift
[25/88] Compiling InternalCollectionsUtilities Iterable+Equality.swift
[26/88] Compiling InternalCollectionsUtilities LifetimeOverride.swift
[27/88] Compiling InternalCollectionsUtilities MutableRef.swift
[28/88] Compiling InternalCollectionsUtilities FixedWidthInteger+roundUpToPowerOfTwo.swift
[29/88] Compiling InternalCollectionsUtilities Integer rank.swift
[30/88] Compiling InternalCollectionsUtilities UInt+first and last set bit.swift
[31/88] Compiling InternalCollectionsUtilities UInt+reversed.swift
[32/88] Compiling InternalCollectionsUtilities Strideable+LimitHelpers.swift
[33/88] Compiling InternalCollectionsUtilities String+Padding.swift
[34/88] Compiling InternalCollectionsUtilities TemporaryAllocation.swift
[35/88] Compiling InternalCollectionsUtilities _UnsafeBitSet+Index.swift
[36/88] Compiling InternalCollectionsUtilities MutableSpan+Extras.swift
[37/88] Compiling InternalCollectionsUtilities OutputSpan+Extras.swift
[38/88] Compiling InternalCollectionsUtilities RandomAccessCollection+Offsets.swift
[39/88] Compiling InternalCollectionsUtilities Span+Extras.swift
[40/88] Compiling InternalCollectionsUtilities UnsafeMutablePointer+Extras.swift
[41/88] Compiling InternalCollectionsUtilities UnsafeMutableRawBufferPointer+Extras.swift
[42/88] Compiling InternalCollectionsUtilities UnsafePointer+Extras.swift
[43/88] Compiling InternalCollectionsUtilities UnsafeRawBufferPointer+Extras.swift
[44/88] Compiling InternalCollectionsUtilities _SortedCollection.swift
[45/88] Compiling InternalCollectionsUtilities _UniqueCollection.swift
[46/88] Emitting module InternalCollectionsUtilities
[47/88] Compiling InternalCollectionsUtilities BorrowingIteratorProtocol+Equality.swift
[48/88] Compiling InternalCollectionsUtilities BorrowingIteratorProtocol+Extras.swift
[49/88] Compiling InternalCollectionsUtilities Debugging.swift
[50/88] Compiling InternalCollectionsUtilities Descriptions.swift
[51/97] Wrapping AST for InternalCollectionsUtilities for debugging
[53/122] Compiling SpanPreview MutableSpan+InputSpanHelpers.swift
[54/122] Compiling SpanPreview OutputSpan+InputSpanHelpers.swift
[55/282] Compiling SpanPreview InputSpan.swift
[56/289] Emitting module SpanPreview
[58/359] Compiling HeapModule Heap+Descriptions.swift
[58/359] Wrapping AST for SpanPreview for debugging
[60/401] Compiling Logging Logger.swift
[61/401] Compiling Logging Logger+With.swift
[62/402] Compiling Logging LoggingSystem.swift
[63/402] Compiling DequeModule UniqueDeque+Consumption.swift
[64/402] Compiling DequeModule UniqueDeque+ContainerOperations.swift
[65/402] Compiling DequeModule UniqueDeque+Deprecations.swift
[66/402] Compiling DequeModule UniqueDeque+Descriptions.swift
[67/402] Compiling DequeModule UniqueDeque+Equatable.swift
[68/402] Compiling DequeModule UniqueDeque+Hashable.swift
[69/407] Compiling Logging Logger+Attributes.swift
[70/407] Compiling HeapModule _HeapNode.swift
[71/407] Compiling DequeModule Deque+Equatable.swift
[72/407] Compiling DequeModule Deque+ExpressibleByArrayLiteral.swift
[73/407] Compiling DequeModule Deque+CustomReflectable.swift
[74/407] Compiling DequeModule Deque+Descriptions.swift
[75/407] Compiling DequeModule Deque+Codable.swift
[76/407] Compiling DequeModule Deque+Collection.swift
[77/407] Emitting module Logging
[78/407] Compiling Logging MetadataProvider.swift
[79/407] Compiling HeapModule Heap.swift
[81/408] Compiling DequeModule RigidDeque+Append.swift
[82/408] Compiling DequeModule RigidDeque+Consumption.swift
[83/408] Compiling DequeModule RigidDeque+ContainerOperations.swift
[84/408] Compiling DequeModule RigidDeque+Deprecations.swift
[85/408] Compiling HeapModule Heap+UnsafeHandle.swift
[86/408] Compiling DequeModule Deque+Extras.swift
[87/408] Compiling DequeModule Deque+Hashable.swift
[88/408] Compiling HeapModule Heap+ExpressibleByArrayLiteral.swift
[89/408] Compiling DequeModule Deque+Testing.swift
[90/408] Compiling HeapModule Heap+Testing.swift
[91/408] Compiling DequeModule Deque._Storage.swift
[92/408] Compiling HeapModule Heap+Invariants.swift
[92/408] Wrapping AST for Logging for debugging
[94/415] Emitting module HeapModule
[96/416] Compiling DequeModule UniqueDeque+Initializers.swift
[97/416] Compiling DequeModule UniqueDeque+Insertions.swift
[98/416] Compiling DequeModule UniqueDeque+Iterable.swift
[99/416] Compiling DequeModule UniqueDeque+Prepend.swift
[100/416] Compiling DequeModule UniqueDeque+Removals.swift
[101/416] Compiling HashTreeCollections TreeSet+Hashable.swift
[102/416] Compiling HashTreeCollections TreeSet+Sendable.swift
[103/416] Compiling HashTreeCollections TreeSet+Sequence.swift
[104/416] Compiling HashTreeCollections TreeSet+SetAlgebra Initializers.swift
[105/416] Compiling HashTreeCollections TreeSet+SetAlgebra basics.swift
[106/416] Compiling HashTreeCollections TreeSet+SetAlgebra formIntersection.swift
[107/416] Compiling HashTreeCollections TreeSet+SetAlgebra formSymmetricDifference.swift
[108/416] Compiling HashTreeCollections TreeSet+SetAlgebra formUnion.swift
[109/416] Compiling HashTreeCollections TreeSet+SetAlgebra intersection.swift
[110/416] Compiling HashTreeCollections TreeSet+SetAlgebra isDisjoint.swift
[110/416] Wrapping AST for HeapModule for debugging
[112/426] Compiling DequeModule _DequeBuffer.swift
[113/426] Compiling DequeModule _DequeBufferHeader.swift
[118/426] Compiling HashTreeCollections _UnmanagedHashNode.swift
[119/426] Compiling HashTreeCollections _UnsafePath.swift
[120/426] Compiling HashTreeCollections TreeDictionary+Codable.swift
[121/426] Compiling HashTreeCollections TreeDictionary+Collection.swift
[122/426] Compiling HashTreeCollections TreeDictionary+CustomReflectable.swift
[123/426] Compiling BitCollections BitSet.Index.swift
[124/426] Compiling BitCollections BitSet._UnsafeHandle.swift
[125/426] Compiling BitCollections BitSet.swift
[127/426] Compiling DequeModule UniqueDeque+Replacements.swift
[128/426] Compiling DequeModule UniqueDeque.swift
[129/426] Compiling DequeModule _DequeSlot.swift
[130/426] Compiling DequeModule _UnsafeDequeHandle.swift
[131/426] Compiling DequeModule _UnsafeDequeSegments.swift
[132/426] Compiling HashTreeCollections _RawHashNode+UnsafeHandle.swift
[133/426] Compiling HashTreeCollections _RawHashNode.swift
[134/433] Compiling DequeModule RigidDeque+Prepend.swift
[135/433] Compiling DequeModule RigidDeque+Removals.swift
[136/433] Compiling DequeModule RigidDeque+Replacements.swift
[137/433] Compiling DequeModule RigidDeque+Testing.swift
[138/433] Compiling DequeModule RigidDeque.swift
[139/433] Compiling DequeModule UniqueDeque+Append.swift
[155/433] Compiling DequeModule RigidDeque+Descriptions.swift
[156/433] Compiling DequeModule RigidDeque+Equatable.swift
[157/433] Compiling DequeModule RigidDeque+Hashable.swift
[158/433] Compiling DequeModule RigidDeque+Initializers.swift
[159/433] Compiling DequeModule RigidDeque+Insertions.swift
[160/433] Compiling DequeModule RigidDeque+Iterable.swift
[184/433] Compiling OrderedCollections OrderedSet+Sendable.swift
[185/433] Compiling OrderedCollections OrderedSet+SubSequence.swift
[186/433] Compiling OrderedCollections OrderedSet+Testing.swift
[187/433] Compiling OrderedCollections OrderedSet+UnorderedView.swift
[188/433] Compiling OrderedCollections OrderedSet+UnstableInternals.swift
[189/433] Compiling OrderedCollections OrderedSet.swift
[190/433] Compiling OrderedCollections _UnsafeBitset.swift
[191/433] Compiling HashTreeCollections TreeSet+Extras.swift
[192/433] Compiling HashTreeCollections TreeSet+Filter.swift
[204/433] Compiling HashTreeCollections TreeSet+SetAlgebra isEqualSet.swift
[205/433] Compiling HashTreeCollections TreeSet+SetAlgebra isStrictSubset.swift
[206/433] Compiling HashTreeCollections TreeSet+SetAlgebra isStrictSuperset.swift
[207/433] Compiling HashTreeCollections TreeSet+SetAlgebra isSubset.swift
[208/433] Compiling HashTreeCollections TreeSet+SetAlgebra isSuperset.swift
[209/433] Compiling HashTreeCollections TreeSet+SetAlgebra subtract.swift
[210/433] Compiling HashTreeCollections TreeSet+SetAlgebra subtracting.swift
[211/433] Compiling HashTreeCollections TreeSet+SetAlgebra symmetricDifference.swift
[212/433] Compiling HashTreeCollections TreeSet+SetAlgebra union.swift
[213/433] Compiling HashTreeCollections TreeSet.swift
[214/433] Emitting module BitCollections
[234/433] Compiling DequeModule Deque._UnsafeHandle.swift
[235/433] Compiling DequeModule Deque.swift
[339/443] Wrapping AST for BitCollections for debugging
[374/443] Emitting module _RopeModule
[385/443] Emitting module OrderedCollections
[386/444] Wrapping AST for OrderedCollections for debugging
[388/444] Compiling _RopeModule Rope+Join.swift
[389/444] Compiling _RopeModule Rope+MutatingForEach.swift
[390/444] Compiling _RopeModule Rope+Remove.swift
[391/444] Compiling _RopeModule Rope+RemoveSubrange.swift
[392/444] Compiling _RopeModule Rope+Split.swift
[393/444] Compiling _RopeModule Optional Utilities.swift
[394/444] Compiling _RopeModule String Utilities.swift
[395/444] Compiling _RopeModule String.Index+ABI.swift
[396/444] Compiling _RopeModule _CharacterRecognizer.swift
[417/444] Emitting module HashTreeCollections
[420/446] Emitting module DequeModule
[420/446] Wrapping AST for HashTreeCollections for debugging
[421/446] Wrapping AST for _RopeModule for debugging
[428/447] Wrapping AST for DequeModule for debugging
[430/449] Compiling Collections Collections.swift
[431/449] Emitting module Collections
[432/450] Wrapping AST for Collections for debugging
[434/505] Emitting module ACPModel
[435/512] Compiling ACPModel V2Elicitation.swift
[436/512] Compiling ACPModel V2ElicitationRequests.swift
[437/512] Compiling ACPModel V2MaybeUndefined.swift
[438/512] Compiling ACPModel V2Permission.swift
[439/512] Compiling ACPModel V2Plan.swift
[440/512] Compiling ACPModel V2Providers.swift
[441/512] Compiling ACPModel V2Requests.swift
[442/512] Compiling ACPModel Priority.swift
[443/512] Compiling ACPModel ProtocolVersion.swift
[444/512] Compiling ACPModel Providers.swift
[445/512] Compiling ACPModel RequestId.swift
[446/512] Compiling ACPModel Role.swift
[447/512] Compiling ACPModel SessionConfigGroupId.swift
[448/512] Compiling ACPModel SessionConfigId.swift
[449/512] Compiling ACPModel SessionConfigOption.swift
[450/512] Compiling ACPModel Elicitation.swift
[451/512] Compiling ACPModel FileMessages.swift
[452/512] Compiling ACPModel Implementation.swift
[453/512] Compiling ACPModel InitializeMessages.swift
[454/512] Compiling ACPModel JsonRpc.swift
[455/512] Compiling ACPModel JsonValue.swift
[456/512] Compiling ACPModel McpServer.swift
[457/512] Compiling ACPModel MessageId.swift
[458/512] Compiling ACPModel ACPModel.swift
[459/512] Compiling ACPModel AcpProtocols.swift
[460/512] Compiling ACPModel Annotations.swift
[461/512] Compiling ACPModel AuthMessages.swift
[462/512] Compiling ACPModel AvailableCommand.swift
[463/512] Compiling ACPModel Capabilities.swift
[464/512] Compiling ACPModel ContentBlock.swift
[465/512] Compiling ACPModel Cursor.swift
[466/512] Compiling ACPModel SessionUpdateTypes.swift
[467/512] Compiling ACPModel Terminal.swift
[468/512] Compiling ACPModel ToolCall.swift
[469/512] Compiling ACPModel ToolCallId.swift
[470/512] Compiling ACPModel V2Auth.swift
[471/512] Compiling ACPModel V2Capabilities.swift
[472/512] Compiling ACPModel V2Content.swift
[473/512] Compiling ACPModel SessionConfigValueId.swift
[474/512] Compiling ACPModel SessionId.swift
[475/512] Compiling ACPModel SessionInfo.swift
[476/512] Compiling ACPModel SessionMessages.swift
[477/512] Compiling ACPModel SessionModeId.swift
[478/512] Compiling ACPModel SessionModeMessages.swift
[479/512] Compiling ACPModel SessionOperations.swift
[480/512] Compiling ACPModel SessionUpdate.swift
[481/512] Compiling ACPModel ModelId.swift
[482/512] Compiling ACPModel ModelMessages.swift
[483/512] Compiling ACPModel Nes.swift
[484/512] Compiling ACPModel Notifications.swift
[485/512] Compiling ACPModel Pagination.swift
[486/512] Compiling ACPModel PermissionMessages.swift
[487/512] Compiling ACPModel PermissionOptionId.swift
[488/512] Compiling ACPModel PlanEntry.swift
[489/512] Compiling ACPModel V2Session.swift
[490/512] Compiling ACPModel V2SessionConfig.swift
[491/512] Compiling ACPModel V2SessionResume.swift
[492/512] Compiling ACPModel V2SessionUpdate.swift
[493/512] Compiling ACPModel V2Terminal.swift
[494/512] Compiling ACPModel V2ToolCall.swift
[495/512] Compiling ACPModel V2Types.swift
[496/529] Wrapping AST for ACPModel for debugging
[498/529] Compiling ACP ClientSessionOperations.swift
[499/529] Compiling ACP Event.swift
[500/531] Compiling ACP AgentContext.swift
[501/531] Compiling ACP Client.swift
[502/531] Emitting module ACP
[503/531] Compiling ACP TerminalOperations.swift
[504/531] Compiling ACP Transport.swift
[505/531] Compiling ACP Protocol.swift
/host/spi-builder-workspace/Sources/ACP/ProtocolExtensions.swift:187:17: warning: capture of non-Sendable type 'P.Type' in an isolated closure [#SendableMetatypes]
185 | if let paramsValue = request.params {
186 | let data = try JSONEncoder().encode(paramsValue)
187 | params = try JSONDecoder().decode(P.self, from: data)
| `- warning: capture of non-Sendable type 'P.Type' in an isolated closure [#SendableMetatypes]
188 | } else {
189 | throw ProtocolError.decodingFailed(underlying: NSError(
/host/spi-builder-workspace/Sources/ACP/ProtocolExtensions.swift:197:30: warning: capture of non-Sendable type 'R.Type' in an isolated closure [#SendableMetatypes]
195 |
196 | // Execute handler
197 | let result = try await handler(params)
| `- warning: capture of non-Sendable type 'R.Type' in an isolated closure [#SendableMetatypes]
198 |
199 | // Encode result as JsonValue
[#SendableMetatypes]: <https://docs.swift.org/compiler/documentation/diagnostics/sendable-metatypes>
[506/531] Compiling ACP ProtocolExtensions.swift
/host/spi-builder-workspace/Sources/ACP/ProtocolExtensions.swift:187:17: warning: capture of non-Sendable type 'P.Type' in an isolated closure [#SendableMetatypes]
185 | if let paramsValue = request.params {
186 | let data = try JSONEncoder().encode(paramsValue)
187 | params = try JSONDecoder().decode(P.self, from: data)
| `- warning: capture of non-Sendable type 'P.Type' in an isolated closure [#SendableMetatypes]
188 | } else {
189 | throw ProtocolError.decodingFailed(underlying: NSError(
/host/spi-builder-workspace/Sources/ACP/ProtocolExtensions.swift:197:30: warning: capture of non-Sendable type 'R.Type' in an isolated closure [#SendableMetatypes]
195 |
196 | // Execute handler
197 | let result = try await handler(params)
| `- warning: capture of non-Sendable type 'R.Type' in an isolated closure [#SendableMetatypes]
198 |
199 | // Encode result as JsonValue
[#SendableMetatypes]: <https://docs.swift.org/compiler/documentation/diagnostics/sendable-metatypes>
[507/531] Compiling ACP FileSystemOperations.swift
/host/spi-builder-workspace/Sources/ACP/PaginatedResponse.swift:128:27: warning: capture of non-Sendable type 'Request.Type' in an isolated closure [#SendableMetatypes]
126 | ) -> PaginatedAsyncSequence<Item> {
127 | PaginatedAsyncSequence { [self] cursor in
128 | let request = requestFactory(cursor)
| `- warning: capture of non-Sendable type 'Request.Type' in an isolated closure [#SendableMetatypes]
129 | let jsonRpcResponse = try await self.sendRequest(method: method, params: request)
130 |
/host/spi-builder-workspace/Sources/ACP/PaginatedResponse.swift:133:46: warning: capture of non-Sendable type 'Response.Type' in an isolated closure [#SendableMetatypes]
131 | // Decode the result to the expected response type
132 | let data = try JSONEncoder().encode(jsonRpcResponse.result)
133 | let response = try JSONDecoder().decode(Response.self, from: data)
| `- warning: capture of non-Sendable type 'Response.Type' in an isolated closure [#SendableMetatypes]
134 |
135 | return responseHandler(response)
/host/spi-builder-workspace/Sources/ACP/PaginatedResponse.swift:129:50: warning: sending value of non-Sendable type 'Request' risks causing data races [#SendingRisksDataRace]
127 | PaginatedAsyncSequence { [self] cursor in
128 | let request = requestFactory(cursor)
129 | let jsonRpcResponse = try await self.sendRequest(method: method, params: request)
| | `- note: isolated conformance to protocol 'Encodable' can be introduced here
| |- warning: sending value of non-Sendable type 'Request' risks causing data races [#SendingRisksDataRace]
| `- note: sending task-isolated value of non-Sendable type 'Request' to actor-isolated instance method 'sendRequest(method:params:timeoutSeconds:)' risks causing races in between task-isolated and actor-isolated uses
130 |
131 | // Decode the result to the expected response type
[#SendableMetatypes]: <https://docs.swift.org/compiler/documentation/diagnostics/sendable-metatypes>
[#SendingRisksDataRace]: <https://docs.swift.org/compiler/documentation/diagnostics/sending-risks-data-race>
[508/531] Compiling ACP PaginatedResponse.swift
/host/spi-builder-workspace/Sources/ACP/PaginatedResponse.swift:128:27: warning: capture of non-Sendable type 'Request.Type' in an isolated closure [#SendableMetatypes]
126 | ) -> PaginatedAsyncSequence<Item> {
127 | PaginatedAsyncSequence { [self] cursor in
128 | let request = requestFactory(cursor)
| `- warning: capture of non-Sendable type 'Request.Type' in an isolated closure [#SendableMetatypes]
129 | let jsonRpcResponse = try await self.sendRequest(method: method, params: request)
130 |
/host/spi-builder-workspace/Sources/ACP/PaginatedResponse.swift:133:46: warning: capture of non-Sendable type 'Response.Type' in an isolated closure [#SendableMetatypes]
131 | // Decode the result to the expected response type
132 | let data = try JSONEncoder().encode(jsonRpcResponse.result)
133 | let response = try JSONDecoder().decode(Response.self, from: data)
| `- warning: capture of non-Sendable type 'Response.Type' in an isolated closure [#SendableMetatypes]
134 |
135 | return responseHandler(response)
/host/spi-builder-workspace/Sources/ACP/PaginatedResponse.swift:129:50: warning: sending value of non-Sendable type 'Request' risks causing data races [#SendingRisksDataRace]
127 | PaginatedAsyncSequence { [self] cursor in
128 | let request = requestFactory(cursor)
129 | let jsonRpcResponse = try await self.sendRequest(method: method, params: request)
| | `- note: isolated conformance to protocol 'Encodable' can be introduced here
| |- warning: sending value of non-Sendable type 'Request' risks causing data races [#SendingRisksDataRace]
| `- note: sending task-isolated value of non-Sendable type 'Request' to actor-isolated instance method 'sendRequest(method:params:timeoutSeconds:)' risks causing races in between task-isolated and actor-isolated uses
130 |
131 | // Decode the result to the expected response type
[#SendableMetatypes]: <https://docs.swift.org/compiler/documentation/diagnostics/sendable-metatypes>
[#SendingRisksDataRace]: <https://docs.swift.org/compiler/documentation/diagnostics/sending-risks-data-race>
[509/531] Compiling ACP ClientConnection.swift
[510/531] Compiling ACP ClientSession.swift
[511/531] Compiling ACP RemoteClientOperations.swift
[512/531] Compiling ACP StdioTransport.swift
[513/531] Compiling ACP ACP.swift
[514/531] Compiling ACP Agent.swift
[515/531] Compiling ACP AgentConnection.swift
[516/532] Wrapping AST for ACP for debugging
error: emit-module command failed with exit code 1 (use -v to see invocation)
[518/545] Emitting module AuthStatusApp
/host/spi-builder-workspace/Samples/AuthStatusApp/main.swift:20:92: error: cannot find type 'Process' in scope
18 | // MARK: - Process Transport
19 |
20 | func makeProcessTransport(command: String, arguments: [String]) throws -> (StdioTransport, Process) {
| `- error: cannot find type 'Process' in scope
21 | let process = Process()
22 | let stdinPipe = Pipe()
[519/545] Emitting module V2SimpleAgentApp
[520/545] Emitting module V2NegotiationApp
[521/545] Compiling AuthStatusApp main.swift
/host/spi-builder-workspace/Samples/AuthStatusApp/main.swift:20:92: error: cannot find type 'Process' in scope
18 | // MARK: - Process Transport
19 |
20 | func makeProcessTransport(command: String, arguments: [String]) throws -> (StdioTransport, Process) {
| `- error: cannot find type 'Process' in scope
21 | let process = Process()
22 | let stdinPipe = Pipe()
/host/spi-builder-workspace/Samples/AuthStatusApp/main.swift:21:19: error: cannot find 'Process' in scope
19 |
20 | func makeProcessTransport(command: String, arguments: [String]) throws -> (StdioTransport, Process) {
21 | let process = Process()
| `- error: cannot find 'Process' in scope
22 | let stdinPipe = Pipe()
23 | let stdoutPipe = Pipe()
error: emit-module command failed with exit code 1 (use -v to see invocation)
[522/545] Emitting module SimpleAgentApp
/host/spi-builder-workspace/Samples/SimpleAgentApp/main.swift:322:37: error: cannot find type 'Process' in scope
320 | // MARK: - TerminalOperations
321 |
322 | private var processes: [String: Process] = [:]
| `- error: cannot find type 'Process' in scope
323 | private var outputPipes: [String: Pipe] = [:]
324 |
[523/545] Compiling SimpleAgentApp main.swift
/host/spi-builder-workspace/Samples/SimpleAgentApp/main.swift:322:37: error: cannot find type 'Process' in scope
320 | // MARK: - TerminalOperations
321 |
322 | private var processes: [String: Process] = [:]
| `- error: cannot find type 'Process' in scope
323 | private var outputPipes: [String: Pipe] = [:]
324 |
/host/spi-builder-workspace/Samples/SimpleAgentApp/main.swift:328:23: error: cannot find 'Process' in scope
326 | print("📱 Client: Creating terminal for \(request.command)")
327 |
328 | let process = Process()
| `- error: cannot find 'Process' in scope
329 | let outputPipe = Pipe()
330 |
error: emit-module command failed with exit code 1 (use -v to see invocation)
[524/545] Compiling ACPHTTP ACPHTTP.swift
[525/545] Emitting module ACPHTTP
/host/spi-builder-workspace/Sources/ACPHTTP/WebSocketTransport.swift:44:32: error: cannot find type 'URLSessionWebSocketTask' in scope
42 |
43 | private let stateActor: WebSocketStateActor
44 | private var webSocketTask: URLSessionWebSocketTask?
| `- error: cannot find type 'URLSessionWebSocketTask' in scope
45 | private let session: URLSession
46 |
/host/spi-builder-workspace/Sources/ACPHTTP/WebSocketTransport.swift:45:26: error: 'URLSession' is unavailable: This type has moved to the FoundationNetworking module. Import that module to use it.
43 | private let stateActor: WebSocketStateActor
44 | private var webSocketTask: URLSessionWebSocketTask?
45 | private let session: URLSession
| `- error: 'URLSession' is unavailable: This type has moved to the FoundationNetworking module. Import that module to use it.
46 |
47 | /// Initialize a new WebSocket transport.
Foundation.URLSession:2:18: note: 'URLSession' has been explicitly marked unavailable here
1 | @available(*, unavailable, message: "This type has moved to the FoundationNetworking module. Import that module to use it.")
2 | public typealias URLSession = AnyObject
| `- note: 'URLSession' has been explicitly marked unavailable here
/host/spi-builder-workspace/Sources/ACPHTTP/WebSocketTransport.swift:52:36: error: 'URLSession' is unavailable: This type has moved to the FoundationNetworking module. Import that module to use it.
50 | /// - url: The WebSocket URL to connect to (must use ws:// or wss://)
51 | /// - session: URLSession to use for connections (defaults to shared)
52 | public init(url: URL, session: URLSession = .shared) {
| `- error: 'URLSession' is unavailable: This type has moved to the FoundationNetworking module. Import that module to use it.
53 | self.url = url
54 | self.session = session
Foundation.URLSession:2:18: note: 'URLSession' has been explicitly marked unavailable here
1 | @available(*, unavailable, message: "This type has moved to the FoundationNetworking module. Import that module to use it.")
2 | public typealias URLSession = AnyObject
| `- note: 'URLSession' has been explicitly marked unavailable here
/host/spi-builder-workspace/Sources/ACPHTTP/WebSocketTransport.swift:52:50: error: type 'URLSession' (aka 'AnyObject') has no member 'shared'
50 | /// - url: The WebSocket URL to connect to (must use ws:// or wss://)
51 | /// - session: URLSession to use for connections (defaults to shared)
52 | public init(url: URL, session: URLSession = .shared) {
| `- error: type 'URLSession' (aka 'AnyObject') has no member 'shared'
53 | self.url = url
54 | self.session = session
/host/spi-builder-workspace/Sources/ACPHTTP/WebSocketTransport.swift:52:50: error: value of type '_' expected to be instance of class or class-constrained type
50 | /// - url: The WebSocket URL to connect to (must use ws:// or wss://)
51 | /// - session: URLSession to use for connections (defaults to shared)
52 | public init(url: URL, session: URLSession = .shared) {
| `- error: value of type '_' expected to be instance of class or class-constrained type
53 | self.url = url
54 | self.session = session
[526/545] Compiling ACPHTTP WebSocketTransport.swift
/host/spi-builder-workspace/Sources/ACPHTTP/WebSocketTransport.swift:44:32: error: cannot find type 'URLSessionWebSocketTask' in scope
42 |
43 | private let stateActor: WebSocketStateActor
44 | private var webSocketTask: URLSessionWebSocketTask?
| `- error: cannot find type 'URLSessionWebSocketTask' in scope
45 | private let session: URLSession
46 |
/host/spi-builder-workspace/Sources/ACPHTTP/WebSocketTransport.swift:45:26: error: 'URLSession' is unavailable: This type has moved to the FoundationNetworking module. Import that module to use it.
43 | private let stateActor: WebSocketStateActor
44 | private var webSocketTask: URLSessionWebSocketTask?
45 | private let session: URLSession
| `- error: 'URLSession' is unavailable: This type has moved to the FoundationNetworking module. Import that module to use it.
46 |
47 | /// Initialize a new WebSocket transport.
Foundation.URLSession:2:18: note: 'URLSession' has been explicitly marked unavailable here
1 | @available(*, unavailable, message: "This type has moved to the FoundationNetworking module. Import that module to use it.")
2 | public typealias URLSession = AnyObject
| `- note: 'URLSession' has been explicitly marked unavailable here
/host/spi-builder-workspace/Sources/ACPHTTP/WebSocketTransport.swift:52:36: error: 'URLSession' is unavailable: This type has moved to the FoundationNetworking module. Import that module to use it.
50 | /// - url: The WebSocket URL to connect to (must use ws:// or wss://)
51 | /// - session: URLSession to use for connections (defaults to shared)
52 | public init(url: URL, session: URLSession = .shared) {
| `- error: 'URLSession' is unavailable: This type has moved to the FoundationNetworking module. Import that module to use it.
53 | self.url = url
54 | self.session = session
Foundation.URLSession:2:18: note: 'URLSession' has been explicitly marked unavailable here
1 | @available(*, unavailable, message: "This type has moved to the FoundationNetworking module. Import that module to use it.")
2 | public typealias URLSession = AnyObject
| `- note: 'URLSession' has been explicitly marked unavailable here
/host/spi-builder-workspace/Sources/ACPHTTP/WebSocketTransport.swift:52:50: error: value of type '_' expected to be instance of class or class-constrained type
50 | /// - url: The WebSocket URL to connect to (must use ws:// or wss://)
51 | /// - session: URLSession to use for connections (defaults to shared)
52 | public init(url: URL, session: URLSession = .shared) {
| `- error: value of type '_' expected to be instance of class or class-constrained type
53 | self.url = url
54 | self.session = session
/host/spi-builder-workspace/Sources/ACPHTTP/WebSocketTransport.swift:52:50: error: type 'URLSession' (aka 'AnyObject') has no member 'shared'
50 | /// - url: The WebSocket URL to connect to (must use ws:// or wss://)
51 | /// - session: URLSession to use for connections (defaults to shared)
52 | public init(url: URL, session: URLSession = .shared) {
| `- error: type 'URLSession' (aka 'AnyObject') has no member 'shared'
53 | self.url = url
54 | self.session = session
/host/spi-builder-workspace/Sources/ACPHTTP/WebSocketTransport.swift:69:33: error: value of type 'URLSession' (aka 'AnyObject') has no member 'webSocketTask'
67 |
68 | // Create WebSocket task
69 | webSocketTask = session.webSocketTask(with: url)
| `- error: value of type 'URLSession' (aka 'AnyObject') has no member 'webSocketTask'
70 |
71 | // Start the connection
/host/spi-builder-workspace/Sources/ACPHTTP/WebSocketTransport.swift:97:40: error: cannot infer contextual base in reference to member 'string'
95 | }
96 |
97 | try await webSocketTask?.send(.string(text))
| `- error: cannot infer contextual base in reference to member 'string'
98 | }
99 |
/host/spi-builder-workspace/Sources/ACPHTTP/WebSocketTransport.swift:114:38: error: cannot infer contextual base in reference to member 'normalClosure'
112 |
113 | // Close WebSocket with normal closure
114 | webSocketTask?.cancel(with: .normalClosure, reason: nil)
| `- error: cannot infer contextual base in reference to member 'normalClosure'
115 | webSocketTask = nil
116 |
/host/spi-builder-workspace/Sources/ACPHTTP/WebSocketTransport.swift:114:61: error: 'nil' requires a contextual type
112 |
113 | // Close WebSocket with normal closure
114 | webSocketTask?.cancel(with: .normalClosure, reason: nil)
| `- error: 'nil' requires a contextual type
115 | webSocketTask = nil
116 |
error: emit-module command failed with exit code 1 (use -v to see invocation)
[527/545] Emitting module GeminiClientApp
/host/spi-builder-workspace/Samples/GeminiClientApp/main.swift:21:37: error: cannot find type 'Process' in scope
19 | /// Thread-safe terminal process manager.
20 | actor TerminalManager {
21 | private var processes: [String: Process] = [:]
| `- error: cannot find type 'Process' in scope
22 | private var outputPipes: [String: Pipe] = [:]
23 | private var errorPipes: [String: Pipe] = [:]
/host/spi-builder-workspace/Samples/GeminiClientApp/main.swift:25:43: error: cannot find type 'Process' in scope
23 | private var errorPipes: [String: Pipe] = [:]
24 |
25 | func add(terminalId: String, process: Process, outputPipe: Pipe, errorPipe: Pipe) {
| `- error: cannot find type 'Process' in scope
26 | processes[terminalId] = process
27 | outputPipes[terminalId] = outputPipe
/host/spi-builder-workspace/Samples/GeminiClientApp/main.swift:36:45: error: cannot find type 'Process' in scope
34 | }
35 |
36 | func process(for terminalId: String) -> Process? { processes[terminalId] }
| `- error: cannot find type 'Process' in scope
37 |
38 | func remove(terminalId: String) -> Process? {
/host/spi-builder-workspace/Samples/GeminiClientApp/main.swift:38:40: error: cannot find type 'Process' in scope
36 | func process(for terminalId: String) -> Process? { processes[terminalId] }
37 |
38 | func remove(terminalId: String) -> Process? {
| `- error: cannot find type 'Process' in scope
39 | let process = processes.removeValue(forKey: terminalId)
40 | outputPipes.removeValue(forKey: terminalId)
/host/spi-builder-workspace/Samples/GeminiClientApp/main.swift:194:94: error: cannot find type 'Process' in scope
192 | // MARK: - Process Transport
193 |
194 | func createProcessTransport(command: String, arguments: [String]) throws -> (StdioTransport, Process) {
| `- error: cannot find type 'Process' in scope
195 | let process = Process()
196 | let stdinPipe = Pipe()
/host/spi-builder-workspace/Samples/GeminiClientApp/main.swift:21:37: error: cannot find type 'Process' in scope
19 | /// Thread-safe terminal process manager.
20 | actor TerminalManager {
21 | private var processes: [String: Process] = [:]
| `- error: cannot find type 'Process' in scope
22 | private var outputPipes: [String: Pipe] = [:]
23 | private var errorPipes: [String: Pipe] = [:]
/host/spi-builder-workspace/Samples/GeminiClientApp/main.swift:25:43: error: cannot find type 'Process' in scope
23 | private var errorPipes: [String: Pipe] = [:]
24 |
25 | func add(terminalId: String, process: Process, outputPipe: Pipe, errorPipe: Pipe) {
| `- error: cannot find type 'Process' in scope
26 | processes[terminalId] = process
27 | outputPipes[terminalId] = outputPipe
/host/spi-builder-workspace/Samples/GeminiClientApp/main.swift:36:45: error: cannot find type 'Process' in scope
34 | }
35 |
36 | func process(for terminalId: String) -> Process? { processes[terminalId] }
| `- error: cannot find type 'Process' in scope
37 |
38 | func remove(terminalId: String) -> Process? {
/host/spi-builder-workspace/Samples/GeminiClientApp/main.swift:38:40: error: cannot find type 'Process' in scope
36 | func process(for terminalId: String) -> Process? { processes[terminalId] }
37 |
38 | func remove(terminalId: String) -> Process? {
| `- error: cannot find type 'Process' in scope
39 | let process = processes.removeValue(forKey: terminalId)
40 | outputPipes.removeValue(forKey: terminalId)
/host/spi-builder-workspace/Samples/GeminiClientApp/main.swift:194:94: error: cannot find type 'Process' in scope
192 | // MARK: - Process Transport
193 |
194 | func createProcessTransport(command: String, arguments: [String]) throws -> (StdioTransport, Process) {
| `- error: cannot find type 'Process' in scope
195 | let process = Process()
196 | let stdinPipe = Pipe()
/host/spi-builder-workspace/Samples/GeminiClientApp/main.swift:116:23: error: cannot find 'Process' in scope
114 |
115 | func terminalCreate(request: CreateTerminalRequest) async throws -> CreateTerminalResponse {
116 | let process = Process()
| `- error: cannot find 'Process' in scope
117 | let outputPipe = Pipe()
118 | let errorPipe = Pipe()
BUILD FAILURE 6.2 wasm