The Swift Package Index logo.Swift Package Index

Build Information

Failed to build swift-openapi-generator, reference 1.14.3 (759625), with Swift 6.4 for watchOS using Xcode 27.0 on 28 Oct 2026 08:30:17 UTC.

Build Command

env DEVELOPER_DIR=/Applications/Xcode-27.0.0.app xcrun xcodebuild -IDEClonedSourcePackagesDirPathOverride=$PWD/.dependencies -skipMacroValidation -skipPackagePluginValidation -derivedDataPath $PWD/.derivedData build -scheme swift-openapi-generator-Package -destination generic/platform=watchOS

Build Log

    cd /Users/admin/builder/spi-builder-workspace/.swiftpm/xcode
    builtin-SwiftPerFileCompile ExampleValue.swift
SwiftCompile normal arm64_32 /Users/admin/builder/spi-builder-workspace/.dependencies/checkouts/OpenAPIKit/Sources/OpenAPIKit/ExternalDocumentation.swift (in target 'OpenAPIKit' from project 'OpenAPIKit')
    cd /Users/admin/builder/spi-builder-workspace/.swiftpm/xcode
    builtin-SwiftPerFileCompile ExternalDocumentation.swift
SwiftCompile normal arm64_32 /Users/admin/builder/spi-builder-workspace/.dependencies/checkouts/OpenAPIKit/Sources/OpenAPIKit/ExternalLoader.swift (in target 'OpenAPIKit' from project 'OpenAPIKit')
    cd /Users/admin/builder/spi-builder-workspace/.swiftpm/xcode
    builtin-SwiftPerFileCompile ExternalLoader.swift
SwiftCompile normal arm64_32 /Users/admin/builder/spi-builder-workspace/.dependencies/checkouts/OpenAPIKit/Sources/OpenAPIKit/Header/DereferencedHeader.swift (in target 'OpenAPIKit' from project 'OpenAPIKit')
    cd /Users/admin/builder/spi-builder-workspace/.swiftpm/xcode
    builtin-SwiftPerFileCompile DereferencedHeader.swift
SwiftCompile normal arm64_32 /Users/admin/builder/spi-builder-workspace/.dependencies/checkouts/OpenAPIKit/Sources/OpenAPIKit/Header/Header.swift (in target 'OpenAPIKit' from project 'OpenAPIKit')
    cd /Users/admin/builder/spi-builder-workspace/.swiftpm/xcode
    builtin-SwiftPerFileCompile Header.swift
SwiftCompile normal arm64_32 /Users/admin/builder/spi-builder-workspace/.dependencies/checkouts/OpenAPIKit/Sources/OpenAPIKit/JSONReference+URIResolution.swift (in target 'OpenAPIKit' from project 'OpenAPIKit')
    cd /Users/admin/builder/spi-builder-workspace/.swiftpm/xcode
    builtin-SwiftPerFileCompile JSONReference+URIResolution.swift
SwiftCompile normal arm64_32 /Users/admin/builder/spi-builder-workspace/.dependencies/checkouts/OpenAPIKit/Sources/OpenAPIKit/JSONReference.swift (in target 'OpenAPIKit' from project 'OpenAPIKit')
    cd /Users/admin/builder/spi-builder-workspace/.swiftpm/xcode
    builtin-SwiftPerFileCompile JSONReference.swift
SwiftCompile normal arm64_32 Compiling\ Link.swift,\ OpenAPI.swift,\ OpenAPIConditionalWarnings.swift,\ DereferencedOperation.swift,\ Operation.swift,\ ResolvedEndpoint.swift,\ DereferencedParameter.swift,\ DereferencedSchemaContext.swift /Users/admin/builder/spi-builder-workspace/.dependencies/checkouts/OpenAPIKit/Sources/OpenAPIKit/Link.swift /Users/admin/builder/spi-builder-workspace/.dependencies/checkouts/OpenAPIKit/Sources/OpenAPIKit/OpenAPI.swift /Users/admin/builder/spi-builder-workspace/.dependencies/checkouts/OpenAPIKit/Sources/OpenAPIKit/OpenAPIConditionalWarnings.swift /Users/admin/builder/spi-builder-workspace/.dependencies/checkouts/OpenAPIKit/Sources/OpenAPIKit/Operation/DereferencedOperation.swift /Users/admin/builder/spi-builder-workspace/.dependencies/checkouts/OpenAPIKit/Sources/OpenAPIKit/Operation/Operation.swift /Users/admin/builder/spi-builder-workspace/.dependencies/checkouts/OpenAPIKit/Sources/OpenAPIKit/Operation/ResolvedEndpoint.swift /Users/admin/builder/spi-builder-workspace/.dependencies/checkouts/OpenAPIKit/Sources/OpenAPIKit/Parameter/DereferencedParameter.swift /Users/admin/builder/spi-builder-workspace/.dependencies/checkouts/OpenAPIKit/Sources/OpenAPIKit/Parameter/DereferencedSchemaContext.swift (in target 'OpenAPIKit' from project 'OpenAPIKit')
SwiftCompile normal arm64_32 /Users/admin/builder/spi-builder-workspace/.dependencies/checkouts/OpenAPIKit/Sources/OpenAPIKit/Link.swift (in target 'OpenAPIKit' from project 'OpenAPIKit')
    cd /Users/admin/builder/spi-builder-workspace/.swiftpm/xcode
    builtin-SwiftPerFileCompile Link.swift
SwiftCompile normal arm64_32 /Users/admin/builder/spi-builder-workspace/.dependencies/checkouts/OpenAPIKit/Sources/OpenAPIKit/OpenAPI.swift (in target 'OpenAPIKit' from project 'OpenAPIKit')
    cd /Users/admin/builder/spi-builder-workspace/.swiftpm/xcode
    builtin-SwiftPerFileCompile OpenAPI.swift
SwiftCompile normal arm64_32 /Users/admin/builder/spi-builder-workspace/.dependencies/checkouts/OpenAPIKit/Sources/OpenAPIKit/OpenAPIConditionalWarnings.swift (in target 'OpenAPIKit' from project 'OpenAPIKit')
    cd /Users/admin/builder/spi-builder-workspace/.swiftpm/xcode
    builtin-SwiftPerFileCompile OpenAPIConditionalWarnings.swift
SwiftCompile normal arm64_32 /Users/admin/builder/spi-builder-workspace/.dependencies/checkouts/OpenAPIKit/Sources/OpenAPIKit/Operation/DereferencedOperation.swift (in target 'OpenAPIKit' from project 'OpenAPIKit')
    cd /Users/admin/builder/spi-builder-workspace/.swiftpm/xcode
    builtin-SwiftPerFileCompile DereferencedOperation.swift
SwiftCompile normal arm64_32 /Users/admin/builder/spi-builder-workspace/.dependencies/checkouts/OpenAPIKit/Sources/OpenAPIKit/Operation/Operation.swift (in target 'OpenAPIKit' from project 'OpenAPIKit')
    cd /Users/admin/builder/spi-builder-workspace/.swiftpm/xcode
    builtin-SwiftPerFileCompile Operation.swift
SwiftCompile normal arm64_32 /Users/admin/builder/spi-builder-workspace/.dependencies/checkouts/OpenAPIKit/Sources/OpenAPIKit/Operation/ResolvedEndpoint.swift (in target 'OpenAPIKit' from project 'OpenAPIKit')
    cd /Users/admin/builder/spi-builder-workspace/.swiftpm/xcode
    builtin-SwiftPerFileCompile ResolvedEndpoint.swift
SwiftCompile normal arm64_32 /Users/admin/builder/spi-builder-workspace/.dependencies/checkouts/OpenAPIKit/Sources/OpenAPIKit/Parameter/DereferencedParameter.swift (in target 'OpenAPIKit' from project 'OpenAPIKit')
    cd /Users/admin/builder/spi-builder-workspace/.swiftpm/xcode
    builtin-SwiftPerFileCompile DereferencedParameter.swift
SwiftCompile normal arm64_32 /Users/admin/builder/spi-builder-workspace/.dependencies/checkouts/OpenAPIKit/Sources/OpenAPIKit/Parameter/DereferencedSchemaContext.swift (in target 'OpenAPIKit' from project 'OpenAPIKit')
    cd /Users/admin/builder/spi-builder-workspace/.swiftpm/xcode
    builtin-SwiftPerFileCompile DereferencedSchemaContext.swift
SwiftDriverJobDiscovery normal arm64 Compiling Either+ExternallyDereferenceable.swift, Either+LocallyDereferenceable.swift, Either+Summarizable.swift, Either+Validatable.swift, DocumentDecodingError.swift, OperationDecodingError.swift, PathDecodingError.swift, ResponseDecodingError.swift (in target 'OpenAPIKit' from project 'OpenAPIKit')
SwiftDriverJobDiscovery normal arm64_32 Compiling Server.swift, Tag.swift, URLTemplate+Validatable.swift, Array+ExternallyDereferenceable.swift, Container+DecodeURLAsString.swift, Dictionary+ExternallyDereferenceable.swift, Optional+ExternallyDereferenceable.swift, OrderedDictionary+ExternallyDereferenceable.swift (in target 'OpenAPIKit' from project 'OpenAPIKit')
SwiftCompile normal arm64_32 Compiling\ Callbacks.swift,\ CodableVendorExtendable.swift,\ Components+JSONReference.swift,\ Components+Locatable.swift,\ Components.swift,\ Content.swift,\ ContentEncoding.swift,\ ContentPositionalEncoding.swift,\ DereferencedContent.swift /Users/admin/builder/spi-builder-workspace/.dependencies/checkouts/OpenAPIKit/Sources/OpenAPIKit/Callbacks.swift /Users/admin/builder/spi-builder-workspace/.dependencies/checkouts/OpenAPIKit/Sources/OpenAPIKit/CodableVendorExtendable.swift /Users/admin/builder/spi-builder-workspace/.dependencies/checkouts/OpenAPIKit/Sources/OpenAPIKit/Components\ Object/Components+JSONReference.swift /Users/admin/builder/spi-builder-workspace/.dependencies/checkouts/OpenAPIKit/Sources/OpenAPIKit/Components\ Object/Components+Locatable.swift /Users/admin/builder/spi-builder-workspace/.dependencies/checkouts/OpenAPIKit/Sources/OpenAPIKit/Components\ Object/Components.swift /Users/admin/builder/spi-builder-workspace/.dependencies/checkouts/OpenAPIKit/Sources/OpenAPIKit/Content/Content.swift /Users/admin/builder/spi-builder-workspace/.dependencies/checkouts/OpenAPIKit/Sources/OpenAPIKit/Content/ContentEncoding.swift /Users/admin/builder/spi-builder-workspace/.dependencies/checkouts/OpenAPIKit/Sources/OpenAPIKit/Content/ContentPositionalEncoding.swift /Users/admin/builder/spi-builder-workspace/.dependencies/checkouts/OpenAPIKit/Sources/OpenAPIKit/Content/DereferencedContent.swift (in target 'OpenAPIKit' from project 'OpenAPIKit')
SwiftCompile normal arm64_32 /Users/admin/builder/spi-builder-workspace/.dependencies/checkouts/OpenAPIKit/Sources/OpenAPIKit/Callbacks.swift (in target 'OpenAPIKit' from project 'OpenAPIKit')
    cd /Users/admin/builder/spi-builder-workspace/.swiftpm/xcode
    builtin-SwiftPerFileCompile Callbacks.swift
SwiftCompile normal arm64_32 /Users/admin/builder/spi-builder-workspace/.dependencies/checkouts/OpenAPIKit/Sources/OpenAPIKit/CodableVendorExtendable.swift (in target 'OpenAPIKit' from project 'OpenAPIKit')
    cd /Users/admin/builder/spi-builder-workspace/.swiftpm/xcode
    builtin-SwiftPerFileCompile CodableVendorExtendable.swift
SwiftCompile normal arm64_32 /Users/admin/builder/spi-builder-workspace/.dependencies/checkouts/OpenAPIKit/Sources/OpenAPIKit/Components\ Object/Components+JSONReference.swift (in target 'OpenAPIKit' from project 'OpenAPIKit')
    cd /Users/admin/builder/spi-builder-workspace/.swiftpm/xcode
    builtin-SwiftPerFileCompile Components+JSONReference.swift
SwiftCompile normal arm64_32 /Users/admin/builder/spi-builder-workspace/.dependencies/checkouts/OpenAPIKit/Sources/OpenAPIKit/Components\ Object/Components+Locatable.swift (in target 'OpenAPIKit' from project 'OpenAPIKit')
    cd /Users/admin/builder/spi-builder-workspace/.swiftpm/xcode
    builtin-SwiftPerFileCompile Components+Locatable.swift
SwiftCompile normal arm64_32 /Users/admin/builder/spi-builder-workspace/.dependencies/checkouts/OpenAPIKit/Sources/OpenAPIKit/Components\ Object/Components.swift (in target 'OpenAPIKit' from project 'OpenAPIKit')
    cd /Users/admin/builder/spi-builder-workspace/.swiftpm/xcode
    builtin-SwiftPerFileCompile Components.swift
SwiftCompile normal arm64_32 /Users/admin/builder/spi-builder-workspace/.dependencies/checkouts/OpenAPIKit/Sources/OpenAPIKit/Content/Content.swift (in target 'OpenAPIKit' from project 'OpenAPIKit')
    cd /Users/admin/builder/spi-builder-workspace/.swiftpm/xcode
    builtin-SwiftPerFileCompile Content.swift
SwiftCompile normal arm64_32 /Users/admin/builder/spi-builder-workspace/.dependencies/checkouts/OpenAPIKit/Sources/OpenAPIKit/Content/ContentEncoding.swift (in target 'OpenAPIKit' from project 'OpenAPIKit')
    cd /Users/admin/builder/spi-builder-workspace/.swiftpm/xcode
    builtin-SwiftPerFileCompile ContentEncoding.swift
SwiftCompile normal arm64_32 /Users/admin/builder/spi-builder-workspace/.dependencies/checkouts/OpenAPIKit/Sources/OpenAPIKit/Content/ContentPositionalEncoding.swift (in target 'OpenAPIKit' from project 'OpenAPIKit')
    cd /Users/admin/builder/spi-builder-workspace/.swiftpm/xcode
    builtin-SwiftPerFileCompile ContentPositionalEncoding.swift
SwiftCompile normal arm64_32 /Users/admin/builder/spi-builder-workspace/.dependencies/checkouts/OpenAPIKit/Sources/OpenAPIKit/Content/DereferencedContent.swift (in target 'OpenAPIKit' from project 'OpenAPIKit')
    cd /Users/admin/builder/spi-builder-workspace/.swiftpm/xcode
    builtin-SwiftPerFileCompile DereferencedContent.swift
SwiftDriverJobDiscovery normal arm64_32 Compiling DereferencedOperation.swift, Operation.swift, ResolvedEndpoint.swift, DereferencedParameter.swift, DereferencedSchemaContext.swift, Parameter.swift, ParameterContext.swift, ParameterContextLocation.swift (in target 'OpenAPIKit30' from project 'OpenAPIKit')
SwiftCompile normal arm64 Compiling\ OrderedDictionry+LocallyDereferenceable.swift,\ ReferenceValidations.swift,\ Validation+Builtins.swift,\ Validation.swift,\ Validator+Convenience.swift,\ Validator.swift,\ XML.swift,\ _CoreReExport.swift /Users/admin/builder/spi-builder-workspace/.dependencies/checkouts/OpenAPIKit/Sources/OpenAPIKit/Utility/OrderedDictionry+LocallyDereferenceable.swift /Users/admin/builder/spi-builder-workspace/.dependencies/checkouts/OpenAPIKit/Sources/OpenAPIKit/Validator/ReferenceValidations.swift /Users/admin/builder/spi-builder-workspace/.dependencies/checkouts/OpenAPIKit/Sources/OpenAPIKit/Validator/Validation+Builtins.swift /Users/admin/builder/spi-builder-workspace/.dependencies/checkouts/OpenAPIKit/Sources/OpenAPIKit/Validator/Validation.swift /Users/admin/builder/spi-builder-workspace/.dependencies/checkouts/OpenAPIKit/Sources/OpenAPIKit/Validator/Validator+Convenience.swift /Users/admin/builder/spi-builder-workspace/.dependencies/checkouts/OpenAPIKit/Sources/OpenAPIKit/Validator/Validator.swift /Users/admin/builder/spi-builder-workspace/.dependencies/checkouts/OpenAPIKit/Sources/OpenAPIKit/XML.swift /Users/admin/builder/spi-builder-workspace/.dependencies/checkouts/OpenAPIKit/Sources/OpenAPIKit/_CoreReExport.swift (in target 'OpenAPIKit' from project 'OpenAPIKit')
SwiftCompile normal arm64 /Users/admin/builder/spi-builder-workspace/.dependencies/checkouts/OpenAPIKit/Sources/OpenAPIKit/Utility/OrderedDictionry+LocallyDereferenceable.swift (in target 'OpenAPIKit' from project 'OpenAPIKit')
    cd /Users/admin/builder/spi-builder-workspace/.swiftpm/xcode
    builtin-SwiftPerFileCompile OrderedDictionry+LocallyDereferenceable.swift
SwiftCompile normal arm64 /Users/admin/builder/spi-builder-workspace/.dependencies/checkouts/OpenAPIKit/Sources/OpenAPIKit/Validator/ReferenceValidations.swift (in target 'OpenAPIKit' from project 'OpenAPIKit')
    cd /Users/admin/builder/spi-builder-workspace/.swiftpm/xcode
    builtin-SwiftPerFileCompile ReferenceValidations.swift
SwiftCompile normal arm64 /Users/admin/builder/spi-builder-workspace/.dependencies/checkouts/OpenAPIKit/Sources/OpenAPIKit/Validator/Validation+Builtins.swift (in target 'OpenAPIKit' from project 'OpenAPIKit')
    cd /Users/admin/builder/spi-builder-workspace/.swiftpm/xcode
    builtin-SwiftPerFileCompile Validation+Builtins.swift
SwiftCompile normal arm64 /Users/admin/builder/spi-builder-workspace/.dependencies/checkouts/OpenAPIKit/Sources/OpenAPIKit/Validator/Validation.swift (in target 'OpenAPIKit' from project 'OpenAPIKit')
    cd /Users/admin/builder/spi-builder-workspace/.swiftpm/xcode
    builtin-SwiftPerFileCompile Validation.swift
SwiftCompile normal arm64 /Users/admin/builder/spi-builder-workspace/.dependencies/checkouts/OpenAPIKit/Sources/OpenAPIKit/Validator/Validator+Convenience.swift (in target 'OpenAPIKit' from project 'OpenAPIKit')
    cd /Users/admin/builder/spi-builder-workspace/.swiftpm/xcode
    builtin-SwiftPerFileCompile Validator+Convenience.swift
SwiftCompile normal arm64 /Users/admin/builder/spi-builder-workspace/.dependencies/checkouts/OpenAPIKit/Sources/OpenAPIKit/Validator/Validator.swift (in target 'OpenAPIKit' from project 'OpenAPIKit')
    cd /Users/admin/builder/spi-builder-workspace/.swiftpm/xcode
    builtin-SwiftPerFileCompile Validator.swift
SwiftCompile normal arm64 /Users/admin/builder/spi-builder-workspace/.dependencies/checkouts/OpenAPIKit/Sources/OpenAPIKit/XML.swift (in target 'OpenAPIKit' from project 'OpenAPIKit')
    cd /Users/admin/builder/spi-builder-workspace/.swiftpm/xcode
    builtin-SwiftPerFileCompile XML.swift
SwiftCompile normal arm64 /Users/admin/builder/spi-builder-workspace/.dependencies/checkouts/OpenAPIKit/Sources/OpenAPIKit/_CoreReExport.swift (in target 'OpenAPIKit' from project 'OpenAPIKit')
    cd /Users/admin/builder/spi-builder-workspace/.swiftpm/xcode
    builtin-SwiftPerFileCompile _CoreReExport.swift
SwiftCompile normal arm64 Compiling\ DereferencedContentEncoding.swift,\ DereferencedContentPositionalEncoding.swift,\ Discriminator.swift,\ DereferencedDocument.swift,\ Document+URIResolution.swift,\ Document.swift,\ DocumentInfo.swift,\ ResolvedDocument.swift,\ Either+Convenience.swift /Users/admin/builder/spi-builder-workspace/.dependencies/checkouts/OpenAPIKit/Sources/OpenAPIKit/Content/DereferencedContentEncoding.swift /Users/admin/builder/spi-builder-workspace/.dependencies/checkouts/OpenAPIKit/Sources/OpenAPIKit/Content/DereferencedContentPositionalEncoding.swift /Users/admin/builder/spi-builder-workspace/.dependencies/checkouts/OpenAPIKit/Sources/OpenAPIKit/Discriminator.swift /Users/admin/builder/spi-builder-workspace/.dependencies/checkouts/OpenAPIKit/Sources/OpenAPIKit/Document/DereferencedDocument.swift /Users/admin/builder/spi-builder-workspace/.dependencies/checkouts/OpenAPIKit/Sources/OpenAPIKit/Document/Document+URIResolution.swift /Users/admin/builder/spi-builder-workspace/.dependencies/checkouts/OpenAPIKit/Sources/OpenAPIKit/Document/Document.swift /Users/admin/builder/spi-builder-workspace/.dependencies/checkouts/OpenAPIKit/Sources/OpenAPIKit/Document/DocumentInfo.swift /Users/admin/builder/spi-builder-workspace/.dependencies/checkouts/OpenAPIKit/Sources/OpenAPIKit/Document/ResolvedDocument.swift /Users/admin/builder/spi-builder-workspace/.dependencies/checkouts/OpenAPIKit/Sources/OpenAPIKit/Either/Either+Convenience.swift (in target 'OpenAPIKit' from project 'OpenAPIKit')
SwiftCompile normal arm64 /Users/admin/builder/spi-builder-workspace/.dependencies/checkouts/OpenAPIKit/Sources/OpenAPIKit/Content/DereferencedContentEncoding.swift (in target 'OpenAPIKit' from project 'OpenAPIKit')
    cd /Users/admin/builder/spi-builder-workspace/.swiftpm/xcode
    builtin-SwiftPerFileCompile DereferencedContentEncoding.swift
SwiftCompile normal arm64 /Users/admin/builder/spi-builder-workspace/.dependencies/checkouts/OpenAPIKit/Sources/OpenAPIKit/Content/DereferencedContentPositionalEncoding.swift (in target 'OpenAPIKit' from project 'OpenAPIKit')
    cd /Users/admin/builder/spi-builder-workspace/.swiftpm/xcode
    builtin-SwiftPerFileCompile DereferencedContentPositionalEncoding.swift
SwiftCompile normal arm64 /Users/admin/builder/spi-builder-workspace/.dependencies/checkouts/OpenAPIKit/Sources/OpenAPIKit/Discriminator.swift (in target 'OpenAPIKit' from project 'OpenAPIKit')
    cd /Users/admin/builder/spi-builder-workspace/.swiftpm/xcode
    builtin-SwiftPerFileCompile Discriminator.swift
SwiftCompile normal arm64 /Users/admin/builder/spi-builder-workspace/.dependencies/checkouts/OpenAPIKit/Sources/OpenAPIKit/Document/DereferencedDocument.swift (in target 'OpenAPIKit' from project 'OpenAPIKit')
    cd /Users/admin/builder/spi-builder-workspace/.swiftpm/xcode
    builtin-SwiftPerFileCompile DereferencedDocument.swift
SwiftCompile normal arm64 /Users/admin/builder/spi-builder-workspace/.dependencies/checkouts/OpenAPIKit/Sources/OpenAPIKit/Document/Document+URIResolution.swift (in target 'OpenAPIKit' from project 'OpenAPIKit')
    cd /Users/admin/builder/spi-builder-workspace/.swiftpm/xcode
    builtin-SwiftPerFileCompile Document+URIResolution.swift
SwiftCompile normal arm64 /Users/admin/builder/spi-builder-workspace/.dependencies/checkouts/OpenAPIKit/Sources/OpenAPIKit/Document/Document.swift (in target 'OpenAPIKit' from project 'OpenAPIKit')
    cd /Users/admin/builder/spi-builder-workspace/.swiftpm/xcode
    builtin-SwiftPerFileCompile Document.swift
SwiftCompile normal arm64 /Users/admin/builder/spi-builder-workspace/.dependencies/checkouts/OpenAPIKit/Sources/OpenAPIKit/Document/DocumentInfo.swift (in target 'OpenAPIKit' from project 'OpenAPIKit')
    cd /Users/admin/builder/spi-builder-workspace/.swiftpm/xcode
    builtin-SwiftPerFileCompile DocumentInfo.swift
SwiftCompile normal arm64 /Users/admin/builder/spi-builder-workspace/.dependencies/checkouts/OpenAPIKit/Sources/OpenAPIKit/Document/ResolvedDocument.swift (in target 'OpenAPIKit' from project 'OpenAPIKit')
    cd /Users/admin/builder/spi-builder-workspace/.swiftpm/xcode
    builtin-SwiftPerFileCompile ResolvedDocument.swift
SwiftCompile normal arm64 /Users/admin/builder/spi-builder-workspace/.dependencies/checkouts/OpenAPIKit/Sources/OpenAPIKit/Either/Either+Convenience.swift (in target 'OpenAPIKit' from project 'OpenAPIKit')
    cd /Users/admin/builder/spi-builder-workspace/.swiftpm/xcode
    builtin-SwiftPerFileCompile Either+Convenience.swift
SwiftDriverJobDiscovery normal arm64_32 Compiling Response.swift, RuntimeExpression.swift, SchemaProtocols.swift, SwiftPrimitiveTypes+OpenAPI.swift, DereferencedJSONSchema.swift, JSONSchema+Combining.swift, JSONSchema.swift (in target 'OpenAPIKit30' from project 'OpenAPIKit')
SwiftCompile normal arm64_32 Compiling\ OrderedDictionry+LocallyDereferenceable.swift,\ ReferenceValidations.swift,\ Validation+Builtins.swift,\ Validation.swift,\ Validator+Convenience.swift,\ Validator.swift,\ XML.swift,\ _CoreReExport.swift /Users/admin/builder/spi-builder-workspace/.dependencies/checkouts/OpenAPIKit/Sources/OpenAPIKit/Utility/OrderedDictionry+LocallyDereferenceable.swift /Users/admin/builder/spi-builder-workspace/.dependencies/checkouts/OpenAPIKit/Sources/OpenAPIKit/Validator/ReferenceValidations.swift /Users/admin/builder/spi-builder-workspace/.dependencies/checkouts/OpenAPIKit/Sources/OpenAPIKit/Validator/Validation+Builtins.swift /Users/admin/builder/spi-builder-workspace/.dependencies/checkouts/OpenAPIKit/Sources/OpenAPIKit/Validator/Validation.swift /Users/admin/builder/spi-builder-workspace/.dependencies/checkouts/OpenAPIKit/Sources/OpenAPIKit/Validator/Validator+Convenience.swift /Users/admin/builder/spi-builder-workspace/.dependencies/checkouts/OpenAPIKit/Sources/OpenAPIKit/Validator/Validator.swift /Users/admin/builder/spi-builder-workspace/.dependencies/checkouts/OpenAPIKit/Sources/OpenAPIKit/XML.swift /Users/admin/builder/spi-builder-workspace/.dependencies/checkouts/OpenAPIKit/Sources/OpenAPIKit/_CoreReExport.swift (in target 'OpenAPIKit' from project 'OpenAPIKit')
SwiftCompile normal arm64_32 /Users/admin/builder/spi-builder-workspace/.dependencies/checkouts/OpenAPIKit/Sources/OpenAPIKit/Utility/OrderedDictionry+LocallyDereferenceable.swift (in target 'OpenAPIKit' from project 'OpenAPIKit')
    cd /Users/admin/builder/spi-builder-workspace/.swiftpm/xcode
    builtin-SwiftPerFileCompile OrderedDictionry+LocallyDereferenceable.swift
SwiftCompile normal arm64_32 /Users/admin/builder/spi-builder-workspace/.dependencies/checkouts/OpenAPIKit/Sources/OpenAPIKit/Validator/ReferenceValidations.swift (in target 'OpenAPIKit' from project 'OpenAPIKit')
    cd /Users/admin/builder/spi-builder-workspace/.swiftpm/xcode
    builtin-SwiftPerFileCompile ReferenceValidations.swift
SwiftCompile normal arm64_32 /Users/admin/builder/spi-builder-workspace/.dependencies/checkouts/OpenAPIKit/Sources/OpenAPIKit/Validator/Validation+Builtins.swift (in target 'OpenAPIKit' from project 'OpenAPIKit')
    cd /Users/admin/builder/spi-builder-workspace/.swiftpm/xcode
    builtin-SwiftPerFileCompile Validation+Builtins.swift
SwiftCompile normal arm64_32 /Users/admin/builder/spi-builder-workspace/.dependencies/checkouts/OpenAPIKit/Sources/OpenAPIKit/Validator/Validation.swift (in target 'OpenAPIKit' from project 'OpenAPIKit')
    cd /Users/admin/builder/spi-builder-workspace/.swiftpm/xcode
    builtin-SwiftPerFileCompile Validation.swift
SwiftCompile normal arm64_32 /Users/admin/builder/spi-builder-workspace/.dependencies/checkouts/OpenAPIKit/Sources/OpenAPIKit/Validator/Validator+Convenience.swift (in target 'OpenAPIKit' from project 'OpenAPIKit')
    cd /Users/admin/builder/spi-builder-workspace/.swiftpm/xcode
    builtin-SwiftPerFileCompile Validator+Convenience.swift
SwiftCompile normal arm64_32 /Users/admin/builder/spi-builder-workspace/.dependencies/checkouts/OpenAPIKit/Sources/OpenAPIKit/Validator/Validator.swift (in target 'OpenAPIKit' from project 'OpenAPIKit')
    cd /Users/admin/builder/spi-builder-workspace/.swiftpm/xcode
    builtin-SwiftPerFileCompile Validator.swift
SwiftCompile normal arm64_32 /Users/admin/builder/spi-builder-workspace/.dependencies/checkouts/OpenAPIKit/Sources/OpenAPIKit/XML.swift (in target 'OpenAPIKit' from project 'OpenAPIKit')
    cd /Users/admin/builder/spi-builder-workspace/.swiftpm/xcode
    builtin-SwiftPerFileCompile XML.swift
SwiftCompile normal arm64_32 /Users/admin/builder/spi-builder-workspace/.dependencies/checkouts/OpenAPIKit/Sources/OpenAPIKit/_CoreReExport.swift (in target 'OpenAPIKit' from project 'OpenAPIKit')
    cd /Users/admin/builder/spi-builder-workspace/.swiftpm/xcode
    builtin-SwiftPerFileCompile _CoreReExport.swift
SwiftDriverJobDiscovery normal arm64_32 Compiling DereferencedContentEncoding.swift, Discriminator.swift, DereferencedDocument.swift, Document+URIResolution.swift, Document.swift, DocumentInfo.swift, ResolvedDocument.swift, Either+Convenience.swift (in target 'OpenAPIKit30' from project 'OpenAPIKit')
SwiftDriver\ Compilation OpenAPIKit30 normal arm64_32 com.apple.xcode.tools.swift.compiler (in target 'OpenAPIKit30' from project 'OpenAPIKit')
    cd /Users/admin/builder/spi-builder-workspace/.swiftpm/xcode
    builtin-Swift-Compilation -- /Applications/Xcode-27.0.0.app/Contents/Developer/Toolchains/XcodeDefault.xctoolchain/usr/bin/swiftc -parse-as-library -module-name OpenAPIKit30 -Onone @/Users/admin/builder/spi-builder-workspace/.derivedData/Build/Intermediates.noindex/OpenAPIKit.build/Debug-watchos/OpenAPIKit30-t.build/Objects-normal/arm64_32/OpenAPIKit30.SwiftFileList -DSWIFT_PACKAGE -DDEBUG -DSWIFT_MODULE_RESOURCE_BUNDLE_UNAVAILABLE -DXcode -plugin-path /Applications/Xcode-27.0.0.app/Contents/Developer/Toolchains/XcodeDefault.xctoolchain/usr/lib/swift/host/plugins/testing -enable-experimental-feature DebugDescriptionMacro -sdk /Applications/Xcode-27.0.0.app/Contents/Developer/Platforms/WatchOS.platform/Developer/SDKs/WatchOS27.0.sdk -target arm64_32-apple-watchos9.0 -g -module-cache-path /Users/admin/builder/spi-builder-workspace/.derivedData/ModuleCache.noindex -Xfrontend -serialize-debugging-options -profile-coverage-mapping -profile-generate -enable-testing -suppress-warnings -index-store-path /Users/admin/builder/spi-builder-workspace/.derivedData/Index.noindex/DataStore -Xcc -D_LIBCPP_HARDENING_MODE\=_LIBCPP_HARDENING_MODE_DEBUG -swift-version 6 -I /Users/admin/builder/spi-builder-workspace/.derivedData/Build/Products/Debug-watchos -Isystem /Applications/Xcode-27.0.0.app/Contents/Developer/Platforms/WatchOS.platform/Developer/usr/lib -F /Users/admin/builder/spi-builder-workspace/.derivedData/Build/Products/Debug-watchos/PackageFrameworks -F /Users/admin/builder/spi-builder-workspace/.derivedData/Build/Products/Debug-watchos -F /Applications/Xcode-27.0.0.app/Contents/Developer/Platforms/WatchOS.platform/Developer/Library/Frameworks -F /Applications/Xcode-27.0.0.app/Contents/Developer/Platforms/WatchOS.platform/Developer/SDKs/WatchOS27.0.sdk/Developer/Library/Frameworks -c -j10 -enable-batch-mode -incremental -Xcc -ivfsstatcache -Xcc /Users/admin/builder/spi-builder-workspace/.derivedData/SDKStatCaches.noindex/watchos27.0-24R360-e829b21a6f8c9b70876ba0858053c044b9db9bc9c079ee3c7b5f3373b13d10bc.sdkstatcache -output-file-map /Users/admin/builder/spi-builder-workspace/.derivedData/Build/Intermediates.noindex/OpenAPIKit.build/Debug-watchos/OpenAPIKit30-t.build/Objects-normal/arm64_32/OpenAPIKit30-OutputFileMap.json -save-temps -no-color-diagnostics -explicit-module-build -module-cache-path /Users/admin/builder/spi-builder-workspace/.derivedData/Build/Intermediates.noindex/SwiftExplicitPrecompiledModules -clang-scanner-module-cache-path /Users/admin/builder/spi-builder-workspace/.derivedData/ModuleCache.noindex -sdk-module-cache-path /Users/admin/builder/spi-builder-workspace/.derivedData/SDKExplicitPrecompiledModules -emit-dependencies -emit-module -emit-module-path /Users/admin/builder/spi-builder-workspace/.derivedData/Build/Intermediates.noindex/OpenAPIKit.build/Debug-watchos/OpenAPIKit30-t.build/Objects-normal/arm64_32/OpenAPIKit30.swiftmodule -serialize-diagnostics -dependency-scan-serialize-diagnostics-path /Users/admin/builder/spi-builder-workspace/.derivedData/Build/Intermediates.noindex/OpenAPIKit.build/Debug-watchos/OpenAPIKit30-t.build/Objects-normal/arm64_32/OpenAPIKit30-dependency-scan.dia -user-module-version 6.4.0 -validate-clang-modules-once -clang-build-session-file /Users/admin/builder/spi-builder-workspace/.derivedData/ModuleCache.noindex/Session.modulevalidation -Xcc -fmodules-prune-interval\=86400 -Xcc -fmodules-prune-after\=345600 -package-name openapikit -emit-const-values -const-gather-protocols-list /Users/admin/builder/spi-builder-workspace/.derivedData/Build/Intermediates.noindex/OpenAPIKit.build/Debug-watchos/OpenAPIKit30-t.build/Objects-normal/arm64_32/OpenAPIKit30_const_extract_protocols.json -Xcc -I/Users/admin/builder/spi-builder-workspace/.derivedData/Build/Products/Debug-watchos/include -Xcc -I/Users/admin/builder/spi-builder-workspace/.derivedData/Build/Intermediates.noindex/OpenAPIKit.build/Debug-watchos/OpenAPIKit30-t.build/DerivedSources-normal/arm64_32 -Xcc -I/Users/admin/builder/spi-builder-workspace/.derivedData/Build/Intermediates.noindex/OpenAPIKit.build/Debug-watchos/OpenAPIKit30-t.build/DerivedSources/arm64_32 -Xcc -I/Users/admin/builder/spi-builder-workspace/.derivedData/Build/Intermediates.noindex/OpenAPIKit.build/Debug-watchos/OpenAPIKit30-t.build/DerivedSources -Xcc -DSWIFT_PACKAGE -Xcc -DDEBUG\=1 -emit-objc-header -emit-objc-header-path /Users/admin/builder/spi-builder-workspace/.derivedData/Build/Intermediates.noindex/OpenAPIKit.build/Debug-watchos/OpenAPIKit30-t.build/Objects-normal/arm64_32/OpenAPIKit30-Swift.h -working-directory /Users/admin/builder/spi-builder-workspace/.swiftpm/xcode -experimental-emit-module-separately -disable-cmo
SwiftDriverJobDiscovery normal arm64_32 Compiling DereferencedRequest.swift, Request.swift, DereferencedResponse.swift, Response.swift, RuntimeExpression.swift, SchemaProtocols.swift, SwiftPrimitiveTypes+OpenAPI.swift, DereferencedJSONSchema.swift (in target 'OpenAPIKit' from project 'OpenAPIKit')
SwiftCompile normal arm64 Compiling\ Example.swift,\ ExampleValue.swift,\ ExternalDocumentation.swift,\ ExternalLoader.swift,\ DereferencedHeader.swift,\ Header.swift,\ JSONReference+URIResolution.swift,\ JSONReference.swift /Users/admin/builder/spi-builder-workspace/.dependencies/checkouts/OpenAPIKit/Sources/OpenAPIKit/Example/Example.swift /Users/admin/builder/spi-builder-workspace/.dependencies/checkouts/OpenAPIKit/Sources/OpenAPIKit/Example/ExampleValue.swift /Users/admin/builder/spi-builder-workspace/.dependencies/checkouts/OpenAPIKit/Sources/OpenAPIKit/ExternalDocumentation.swift /Users/admin/builder/spi-builder-workspace/.dependencies/checkouts/OpenAPIKit/Sources/OpenAPIKit/ExternalLoader.swift /Users/admin/builder/spi-builder-workspace/.dependencies/checkouts/OpenAPIKit/Sources/OpenAPIKit/Header/DereferencedHeader.swift /Users/admin/builder/spi-builder-workspace/.dependencies/checkouts/OpenAPIKit/Sources/OpenAPIKit/Header/Header.swift /Users/admin/builder/spi-builder-workspace/.dependencies/checkouts/OpenAPIKit/Sources/OpenAPIKit/JSONReference+URIResolution.swift /Users/admin/builder/spi-builder-workspace/.dependencies/checkouts/OpenAPIKit/Sources/OpenAPIKit/JSONReference.swift (in target 'OpenAPIKit' from project 'OpenAPIKit')
SwiftCompile normal arm64 /Users/admin/builder/spi-builder-workspace/.dependencies/checkouts/OpenAPIKit/Sources/OpenAPIKit/Example/Example.swift (in target 'OpenAPIKit' from project 'OpenAPIKit')
    cd /Users/admin/builder/spi-builder-workspace/.swiftpm/xcode
    builtin-SwiftPerFileCompile Example.swift
SwiftCompile normal arm64 /Users/admin/builder/spi-builder-workspace/.dependencies/checkouts/OpenAPIKit/Sources/OpenAPIKit/Example/ExampleValue.swift (in target 'OpenAPIKit' from project 'OpenAPIKit')
    cd /Users/admin/builder/spi-builder-workspace/.swiftpm/xcode
    builtin-SwiftPerFileCompile ExampleValue.swift
SwiftCompile normal arm64 /Users/admin/builder/spi-builder-workspace/.dependencies/checkouts/OpenAPIKit/Sources/OpenAPIKit/ExternalDocumentation.swift (in target 'OpenAPIKit' from project 'OpenAPIKit')
    cd /Users/admin/builder/spi-builder-workspace/.swiftpm/xcode
    builtin-SwiftPerFileCompile ExternalDocumentation.swift
SwiftCompile normal arm64 /Users/admin/builder/spi-builder-workspace/.dependencies/checkouts/OpenAPIKit/Sources/OpenAPIKit/ExternalLoader.swift (in target 'OpenAPIKit' from project 'OpenAPIKit')
    cd /Users/admin/builder/spi-builder-workspace/.swiftpm/xcode
    builtin-SwiftPerFileCompile ExternalLoader.swift
SwiftCompile normal arm64 /Users/admin/builder/spi-builder-workspace/.dependencies/checkouts/OpenAPIKit/Sources/OpenAPIKit/Header/DereferencedHeader.swift (in target 'OpenAPIKit' from project 'OpenAPIKit')
    cd /Users/admin/builder/spi-builder-workspace/.swiftpm/xcode
    builtin-SwiftPerFileCompile DereferencedHeader.swift
SwiftCompile normal arm64 /Users/admin/builder/spi-builder-workspace/.dependencies/checkouts/OpenAPIKit/Sources/OpenAPIKit/Header/Header.swift (in target 'OpenAPIKit' from project 'OpenAPIKit')
    cd /Users/admin/builder/spi-builder-workspace/.swiftpm/xcode
    builtin-SwiftPerFileCompile Header.swift
SwiftCompile normal arm64 /Users/admin/builder/spi-builder-workspace/.dependencies/checkouts/OpenAPIKit/Sources/OpenAPIKit/JSONReference+URIResolution.swift (in target 'OpenAPIKit' from project 'OpenAPIKit')
    cd /Users/admin/builder/spi-builder-workspace/.swiftpm/xcode
    builtin-SwiftPerFileCompile JSONReference+URIResolution.swift
SwiftCompile normal arm64 /Users/admin/builder/spi-builder-workspace/.dependencies/checkouts/OpenAPIKit/Sources/OpenAPIKit/JSONReference.swift (in target 'OpenAPIKit' from project 'OpenAPIKit')
    cd /Users/admin/builder/spi-builder-workspace/.swiftpm/xcode
    builtin-SwiftPerFileCompile JSONReference.swift
SwiftCompile normal arm64_32 Compiling\ JSONSchema+Combining.swift,\ JSONSchema.swift,\ JSONSchemaContext.swift,\ SimplifiedJSONSchema.swift,\ TypesAndFormats.swift,\ DereferencedSecurityRequirement.swift,\ OAuthFlows.swift,\ SecurityScheme.swift /Users/admin/builder/spi-builder-workspace/.dependencies/checkouts/OpenAPIKit/Sources/OpenAPIKit/Schema\ Object/JSONSchema+Combining.swift /Users/admin/builder/spi-builder-workspace/.dependencies/checkouts/OpenAPIKit/Sources/OpenAPIKit/Schema\ Object/JSONSchema.swift /Users/admin/builder/spi-builder-workspace/.dependencies/checkouts/OpenAPIKit/Sources/OpenAPIKit/Schema\ Object/JSONSchemaContext.swift /Users/admin/builder/spi-builder-workspace/.dependencies/checkouts/OpenAPIKit/Sources/OpenAPIKit/Schema\ Object/SimplifiedJSONSchema.swift /Users/admin/builder/spi-builder-workspace/.dependencies/checkouts/OpenAPIKit/Sources/OpenAPIKit/Schema\ Object/TypesAndFormats.swift /Users/admin/builder/spi-builder-workspace/.dependencies/checkouts/OpenAPIKit/Sources/OpenAPIKit/Security/DereferencedSecurityRequirement.swift /Users/admin/builder/spi-builder-workspace/.dependencies/checkouts/OpenAPIKit/Sources/OpenAPIKit/Security/OAuthFlows.swift /Users/admin/builder/spi-builder-workspace/.dependencies/checkouts/OpenAPIKit/Sources/OpenAPIKit/Security/SecurityScheme.swift (in target 'OpenAPIKit' from project 'OpenAPIKit')
SwiftCompile normal arm64_32 /Users/admin/builder/spi-builder-workspace/.dependencies/checkouts/OpenAPIKit/Sources/OpenAPIKit/Schema\ Object/JSONSchema+Combining.swift (in target 'OpenAPIKit' from project 'OpenAPIKit')
    cd /Users/admin/builder/spi-builder-workspace/.swiftpm/xcode
    builtin-SwiftPerFileCompile JSONSchema+Combining.swift
SwiftCompile normal arm64_32 /Users/admin/builder/spi-builder-workspace/.dependencies/checkouts/OpenAPIKit/Sources/OpenAPIKit/Schema\ Object/JSONSchema.swift (in target 'OpenAPIKit' from project 'OpenAPIKit')
    cd /Users/admin/builder/spi-builder-workspace/.swiftpm/xcode
    builtin-SwiftPerFileCompile JSONSchema.swift
SwiftCompile normal arm64_32 /Users/admin/builder/spi-builder-workspace/.dependencies/checkouts/OpenAPIKit/Sources/OpenAPIKit/Schema\ Object/JSONSchemaContext.swift (in target 'OpenAPIKit' from project 'OpenAPIKit')
    cd /Users/admin/builder/spi-builder-workspace/.swiftpm/xcode
    builtin-SwiftPerFileCompile JSONSchemaContext.swift
SwiftCompile normal arm64_32 /Users/admin/builder/spi-builder-workspace/.dependencies/checkouts/OpenAPIKit/Sources/OpenAPIKit/Schema\ Object/SimplifiedJSONSchema.swift (in target 'OpenAPIKit' from project 'OpenAPIKit')
    cd /Users/admin/builder/spi-builder-workspace/.swiftpm/xcode
    builtin-SwiftPerFileCompile SimplifiedJSONSchema.swift
SwiftCompile normal arm64_32 /Users/admin/builder/spi-builder-workspace/.dependencies/checkouts/OpenAPIKit/Sources/OpenAPIKit/Schema\ Object/TypesAndFormats.swift (in target 'OpenAPIKit' from project 'OpenAPIKit')
    cd /Users/admin/builder/spi-builder-workspace/.swiftpm/xcode
    builtin-SwiftPerFileCompile TypesAndFormats.swift
SwiftCompile normal arm64_32 /Users/admin/builder/spi-builder-workspace/.dependencies/checkouts/OpenAPIKit/Sources/OpenAPIKit/Security/DereferencedSecurityRequirement.swift (in target 'OpenAPIKit' from project 'OpenAPIKit')
    cd /Users/admin/builder/spi-builder-workspace/.swiftpm/xcode
    builtin-SwiftPerFileCompile DereferencedSecurityRequirement.swift
SwiftCompile normal arm64_32 /Users/admin/builder/spi-builder-workspace/.dependencies/checkouts/OpenAPIKit/Sources/OpenAPIKit/Security/OAuthFlows.swift (in target 'OpenAPIKit' from project 'OpenAPIKit')
    cd /Users/admin/builder/spi-builder-workspace/.swiftpm/xcode
    builtin-SwiftPerFileCompile OAuthFlows.swift
SwiftCompile normal arm64_32 /Users/admin/builder/spi-builder-workspace/.dependencies/checkouts/OpenAPIKit/Sources/OpenAPIKit/Security/SecurityScheme.swift (in target 'OpenAPIKit' from project 'OpenAPIKit')
    cd /Users/admin/builder/spi-builder-workspace/.swiftpm/xcode
    builtin-SwiftPerFileCompile SecurityScheme.swift
SwiftDriverJobDiscovery normal arm64 Compiling OrderedDictionry+LocallyDereferenceable.swift, ReferenceValidations.swift, Validation+Builtins.swift, Validation.swift, Validator+Convenience.swift, Validator.swift, XML.swift, _CoreReExport.swift (in target 'OpenAPIKit' from project 'OpenAPIKit')
SwiftCompile normal arm64_32 Compiling\ Either+ExternallyDereferenceable.swift,\ Either+LocallyDereferenceable.swift,\ Either+Summarizable.swift,\ Either+Validatable.swift,\ DocumentDecodingError.swift,\ OperationDecodingError.swift,\ PathDecodingError.swift,\ ResponseDecodingError.swift /Users/admin/builder/spi-builder-workspace/.dependencies/checkouts/OpenAPIKit/Sources/OpenAPIKit/Either/Either+ExternallyDereferenceable.swift /Users/admin/builder/spi-builder-workspace/.dependencies/checkouts/OpenAPIKit/Sources/OpenAPIKit/Either/Either+LocallyDereferenceable.swift /Users/admin/builder/spi-builder-workspace/.dependencies/checkouts/OpenAPIKit/Sources/OpenAPIKit/Either/Either+Summarizable.swift /Users/admin/builder/spi-builder-workspace/.dependencies/checkouts/OpenAPIKit/Sources/OpenAPIKit/Either/Either+Validatable.swift /Users/admin/builder/spi-builder-workspace/.dependencies/checkouts/OpenAPIKit/Sources/OpenAPIKit/Encoding\ and\ Decoding\ Errors/DocumentDecodingError.swift /Users/admin/builder/spi-builder-workspace/.dependencies/checkouts/OpenAPIKit/Sources/OpenAPIKit/Encoding\ and\ Decoding\ Errors/OperationDecodingError.swift /Users/admin/builder/spi-builder-workspace/.dependencies/checkouts/OpenAPIKit/Sources/OpenAPIKit/Encoding\ and\ Decoding\ Errors/PathDecodingError.swift /Users/admin/builder/spi-builder-workspace/.dependencies/checkouts/OpenAPIKit/Sources/OpenAPIKit/Encoding\ and\ Decoding\ Errors/ResponseDecodingError.swift (in target 'OpenAPIKit' from project 'OpenAPIKit')
SwiftCompile normal arm64_32 /Users/admin/builder/spi-builder-workspace/.dependencies/checkouts/OpenAPIKit/Sources/OpenAPIKit/Either/Either+ExternallyDereferenceable.swift (in target 'OpenAPIKit' from project 'OpenAPIKit')
    cd /Users/admin/builder/spi-builder-workspace/.swiftpm/xcode
    builtin-SwiftPerFileCompile Either+ExternallyDereferenceable.swift
SwiftCompile normal arm64_32 /Users/admin/builder/spi-builder-workspace/.dependencies/checkouts/OpenAPIKit/Sources/OpenAPIKit/Either/Either+LocallyDereferenceable.swift (in target 'OpenAPIKit' from project 'OpenAPIKit')
    cd /Users/admin/builder/spi-builder-workspace/.swiftpm/xcode
    builtin-SwiftPerFileCompile Either+LocallyDereferenceable.swift
SwiftCompile normal arm64_32 /Users/admin/builder/spi-builder-workspace/.dependencies/checkouts/OpenAPIKit/Sources/OpenAPIKit/Either/Either+Summarizable.swift (in target 'OpenAPIKit' from project 'OpenAPIKit')
    cd /Users/admin/builder/spi-builder-workspace/.swiftpm/xcode
    builtin-SwiftPerFileCompile Either+Summarizable.swift
SwiftCompile normal arm64_32 /Users/admin/builder/spi-builder-workspace/.dependencies/checkouts/OpenAPIKit/Sources/OpenAPIKit/Either/Either+Validatable.swift (in target 'OpenAPIKit' from project 'OpenAPIKit')
    cd /Users/admin/builder/spi-builder-workspace/.swiftpm/xcode
    builtin-SwiftPerFileCompile Either+Validatable.swift
SwiftCompile normal arm64_32 /Users/admin/builder/spi-builder-workspace/.dependencies/checkouts/OpenAPIKit/Sources/OpenAPIKit/Encoding\ and\ Decoding\ Errors/DocumentDecodingError.swift (in target 'OpenAPIKit' from project 'OpenAPIKit')
    cd /Users/admin/builder/spi-builder-workspace/.swiftpm/xcode
    builtin-SwiftPerFileCompile DocumentDecodingError.swift
SwiftCompile normal arm64_32 /Users/admin/builder/spi-builder-workspace/.dependencies/checkouts/OpenAPIKit/Sources/OpenAPIKit/Encoding\ and\ Decoding\ Errors/OperationDecodingError.swift (in target 'OpenAPIKit' from project 'OpenAPIKit')
    cd /Users/admin/builder/spi-builder-workspace/.swiftpm/xcode
    builtin-SwiftPerFileCompile OperationDecodingError.swift
SwiftCompile normal arm64_32 /Users/admin/builder/spi-builder-workspace/.dependencies/checkouts/OpenAPIKit/Sources/OpenAPIKit/Encoding\ and\ Decoding\ Errors/PathDecodingError.swift (in target 'OpenAPIKit' from project 'OpenAPIKit')
    cd /Users/admin/builder/spi-builder-workspace/.swiftpm/xcode
    builtin-SwiftPerFileCompile PathDecodingError.swift
SwiftCompile normal arm64_32 /Users/admin/builder/spi-builder-workspace/.dependencies/checkouts/OpenAPIKit/Sources/OpenAPIKit/Encoding\ and\ Decoding\ Errors/ResponseDecodingError.swift (in target 'OpenAPIKit' from project 'OpenAPIKit')
    cd /Users/admin/builder/spi-builder-workspace/.swiftpm/xcode
    builtin-SwiftPerFileCompile ResponseDecodingError.swift
SwiftDriverJobDiscovery normal arm64_32 Compiling Example.swift, ExampleValue.swift, ExternalDocumentation.swift, ExternalLoader.swift, DereferencedHeader.swift, Header.swift, JSONReference+URIResolution.swift, JSONReference.swift (in target 'OpenAPIKit' from project 'OpenAPIKit')
SwiftCompile normal arm64 Compiling\ Server.swift,\ Tag.swift,\ URLTemplate+Validatable.swift,\ Array+ExternallyDereferenceable.swift,\ Container+DecodeURLAsString.swift,\ Dictionary+ExternallyDereferenceable.swift,\ Optional+ExternallyDereferenceable.swift,\ OrderedDictionary+ExternallyDereferenceable.swift /Users/admin/builder/spi-builder-workspace/.dependencies/checkouts/OpenAPIKit/Sources/OpenAPIKit/Server.swift /Users/admin/builder/spi-builder-workspace/.dependencies/checkouts/OpenAPIKit/Sources/OpenAPIKit/Tag.swift /Users/admin/builder/spi-builder-workspace/.dependencies/checkouts/OpenAPIKit/Sources/OpenAPIKit/URLTemplate+Validatable.swift /Users/admin/builder/spi-builder-workspace/.dependencies/checkouts/OpenAPIKit/Sources/OpenAPIKit/Utility/Array+ExternallyDereferenceable.swift /Users/admin/builder/spi-builder-workspace/.dependencies/checkouts/OpenAPIKit/Sources/OpenAPIKit/Utility/Container+DecodeURLAsString.swift /Users/admin/builder/spi-builder-workspace/.dependencies/checkouts/OpenAPIKit/Sources/OpenAPIKit/Utility/Dictionary+ExternallyDereferenceable.swift /Users/admin/builder/spi-builder-workspace/.dependencies/checkouts/OpenAPIKit/Sources/OpenAPIKit/Utility/Optional+ExternallyDereferenceable.swift /Users/admin/builder/spi-builder-workspace/.dependencies/checkouts/OpenAPIKit/Sources/OpenAPIKit/Utility/OrderedDictionary+ExternallyDereferenceable.swift (in target 'OpenAPIKit' from project 'OpenAPIKit')
SwiftCompile normal arm64 /Users/admin/builder/spi-builder-workspace/.dependencies/checkouts/OpenAPIKit/Sources/OpenAPIKit/Server.swift (in target 'OpenAPIKit' from project 'OpenAPIKit')
    cd /Users/admin/builder/spi-builder-workspace/.swiftpm/xcode
    builtin-SwiftPerFileCompile Server.swift
SwiftCompile normal arm64 /Users/admin/builder/spi-builder-workspace/.dependencies/checkouts/OpenAPIKit/Sources/OpenAPIKit/Tag.swift (in target 'OpenAPIKit' from project 'OpenAPIKit')
    cd /Users/admin/builder/spi-builder-workspace/.swiftpm/xcode
    builtin-SwiftPerFileCompile Tag.swift
SwiftCompile normal arm64 /Users/admin/builder/spi-builder-workspace/.dependencies/checkouts/OpenAPIKit/Sources/OpenAPIKit/URLTemplate+Validatable.swift (in target 'OpenAPIKit' from project 'OpenAPIKit')
    cd /Users/admin/builder/spi-builder-workspace/.swiftpm/xcode
    builtin-SwiftPerFileCompile URLTemplate+Validatable.swift
SwiftCompile normal arm64 /Users/admin/builder/spi-builder-workspace/.dependencies/checkouts/OpenAPIKit/Sources/OpenAPIKit/Utility/Array+ExternallyDereferenceable.swift (in target 'OpenAPIKit' from project 'OpenAPIKit')
    cd /Users/admin/builder/spi-builder-workspace/.swiftpm/xcode
    builtin-SwiftPerFileCompile Array+ExternallyDereferenceable.swift
SwiftCompile normal arm64 /Users/admin/builder/spi-builder-workspace/.dependencies/checkouts/OpenAPIKit/Sources/OpenAPIKit/Utility/Container+DecodeURLAsString.swift (in target 'OpenAPIKit' from project 'OpenAPIKit')
    cd /Users/admin/builder/spi-builder-workspace/.swiftpm/xcode
    builtin-SwiftPerFileCompile Container+DecodeURLAsString.swift
SwiftCompile normal arm64 /Users/admin/builder/spi-builder-workspace/.dependencies/checkouts/OpenAPIKit/Sources/OpenAPIKit/Utility/Dictionary+ExternallyDereferenceable.swift (in target 'OpenAPIKit' from project 'OpenAPIKit')
    cd /Users/admin/builder/spi-builder-workspace/.swiftpm/xcode
    builtin-SwiftPerFileCompile Dictionary+ExternallyDereferenceable.swift
SwiftCompile normal arm64 /Users/admin/builder/spi-builder-workspace/.dependencies/checkouts/OpenAPIKit/Sources/OpenAPIKit/Utility/Optional+ExternallyDereferenceable.swift (in target 'OpenAPIKit' from project 'OpenAPIKit')
    cd /Users/admin/builder/spi-builder-workspace/.swiftpm/xcode
    builtin-SwiftPerFileCompile Optional+ExternallyDereferenceable.swift
SwiftCompile normal arm64 /Users/admin/builder/spi-builder-workspace/.dependencies/checkouts/OpenAPIKit/Sources/OpenAPIKit/Utility/OrderedDictionary+ExternallyDereferenceable.swift (in target 'OpenAPIKit' from project 'OpenAPIKit')
    cd /Users/admin/builder/spi-builder-workspace/.swiftpm/xcode
    builtin-SwiftPerFileCompile OrderedDictionary+ExternallyDereferenceable.swift
SwiftDriverJobDiscovery normal arm64 Compiling Link.swift, OpenAPI.swift, OpenAPIConditionalWarnings.swift, DereferencedOperation.swift, Operation.swift, ResolvedEndpoint.swift, DereferencedParameter.swift, DereferencedSchemaContext.swift (in target 'OpenAPIKit' from project 'OpenAPIKit')
SwiftCompile normal arm64_32 Compiling\ Parameter.swift,\ ParameterContext.swift,\ ParameterContextLocation.swift,\ ParameterSchemaContext.swift,\ ParameterSchemaContextStyle.swift,\ DereferencedPathItem.swift,\ PathItem.swift,\ ResolvedRoute.swift /Users/admin/builder/spi-builder-workspace/.dependencies/checkouts/OpenAPIKit/Sources/OpenAPIKit/Parameter/Parameter.swift /Users/admin/builder/spi-builder-workspace/.dependencies/checkouts/OpenAPIKit/Sources/OpenAPIKit/Parameter/ParameterContext.swift /Users/admin/builder/spi-builder-workspace/.dependencies/checkouts/OpenAPIKit/Sources/OpenAPIKit/Parameter/ParameterContextLocation.swift /Users/admin/builder/spi-builder-workspace/.dependencies/checkouts/OpenAPIKit/Sources/OpenAPIKit/Parameter/ParameterSchemaContext.swift /Users/admin/builder/spi-builder-workspace/.dependencies/checkouts/OpenAPIKit/Sources/OpenAPIKit/Parameter/ParameterSchemaContextStyle.swift /Users/admin/builder/spi-builder-workspace/.dependencies/checkouts/OpenAPIKit/Sources/OpenAPIKit/Path\ Item/DereferencedPathItem.swift /Users/admin/builder/spi-builder-workspace/.dependencies/checkouts/OpenAPIKit/Sources/OpenAPIKit/Path\ Item/PathItem.swift /Users/admin/builder/spi-builder-workspace/.dependencies/checkouts/OpenAPIKit/Sources/OpenAPIKit/Path\ Item/ResolvedRoute.swift (in target 'OpenAPIKit' from project 'OpenAPIKit')
SwiftCompile normal arm64_32 /Users/admin/builder/spi-builder-workspace/.dependencies/checkouts/OpenAPIKit/Sources/OpenAPIKit/Parameter/Parameter.swift (in target 'OpenAPIKit' from project 'OpenAPIKit')
    cd /Users/admin/builder/spi-builder-workspace/.swiftpm/xcode
    builtin-SwiftPerFileCompile Parameter.swift
SwiftCompile normal arm64_32 /Users/admin/builder/spi-builder-workspace/.dependencies/checkouts/OpenAPIKit/Sources/OpenAPIKit/Parameter/ParameterContext.swift (in target 'OpenAPIKit' from project 'OpenAPIKit')
    cd /Users/admin/builder/spi-builder-workspace/.swiftpm/xcode
    builtin-SwiftPerFileCompile ParameterContext.swift
SwiftCompile normal arm64_32 /Users/admin/builder/spi-builder-workspace/.dependencies/checkouts/OpenAPIKit/Sources/OpenAPIKit/Parameter/ParameterContextLocation.swift (in target 'OpenAPIKit' from project 'OpenAPIKit')
    cd /Users/admin/builder/spi-builder-workspace/.swiftpm/xcode
    builtin-SwiftPerFileCompile ParameterContextLocation.swift
SwiftCompile normal arm64_32 /Users/admin/builder/spi-builder-workspace/.dependencies/checkouts/OpenAPIKit/Sources/OpenAPIKit/Parameter/ParameterSchemaContext.swift (in target 'OpenAPIKit' from project 'OpenAPIKit')
    cd /Users/admin/builder/spi-builder-workspace/.swiftpm/xcode
    builtin-SwiftPerFileCompile ParameterSchemaContext.swift
SwiftCompile normal arm64_32 /Users/admin/builder/spi-builder-workspace/.dependencies/checkouts/OpenAPIKit/Sources/OpenAPIKit/Parameter/ParameterSchemaContextStyle.swift (in target 'OpenAPIKit' from project 'OpenAPIKit')
    cd /Users/admin/builder/spi-builder-workspace/.swiftpm/xcode
    builtin-SwiftPerFileCompile ParameterSchemaContextStyle.swift
SwiftCompile normal arm64_32 /Users/admin/builder/spi-builder-workspace/.dependencies/checkouts/OpenAPIKit/Sources/OpenAPIKit/Path\ Item/DereferencedPathItem.swift (in target 'OpenAPIKit' from project 'OpenAPIKit')
    cd /Users/admin/builder/spi-builder-workspace/.swiftpm/xcode
    builtin-SwiftPerFileCompile DereferencedPathItem.swift
SwiftCompile normal arm64_32 /Users/admin/builder/spi-builder-workspace/.dependencies/checkouts/OpenAPIKit/Sources/OpenAPIKit/Path\ Item/PathItem.swift (in target 'OpenAPIKit' from project 'OpenAPIKit')
    cd /Users/admin/builder/spi-builder-workspace/.swiftpm/xcode
    builtin-SwiftPerFileCompile PathItem.swift
SwiftCompile normal arm64_32 /Users/admin/builder/spi-builder-workspace/.dependencies/checkouts/OpenAPIKit/Sources/OpenAPIKit/Path\ Item/ResolvedRoute.swift (in target 'OpenAPIKit' from project 'OpenAPIKit')
    cd /Users/admin/builder/spi-builder-workspace/.swiftpm/xcode
    builtin-SwiftPerFileCompile ResolvedRoute.swift
SwiftDriverJobDiscovery normal arm64_32 Compiling Either+ExternallyDereferenceable.swift, Either+LocallyDereferenceable.swift, Either+Summarizable.swift, Either+Validatable.swift, DocumentDecodingError.swift, OperationDecodingError.swift, PathDecodingError.swift, ResponseDecodingError.swift (in target 'OpenAPIKit' from project 'OpenAPIKit')
SwiftCompile normal arm64 Compiling\ Parameter.swift,\ ParameterContext.swift,\ ParameterContextLocation.swift,\ ParameterSchemaContext.swift,\ ParameterSchemaContextStyle.swift,\ DereferencedPathItem.swift,\ PathItem.swift,\ ResolvedRoute.swift /Users/admin/builder/spi-builder-workspace/.dependencies/checkouts/OpenAPIKit/Sources/OpenAPIKit/Parameter/Parameter.swift /Users/admin/builder/spi-builder-workspace/.dependencies/checkouts/OpenAPIKit/Sources/OpenAPIKit/Parameter/ParameterContext.swift /Users/admin/builder/spi-builder-workspace/.dependencies/checkouts/OpenAPIKit/Sources/OpenAPIKit/Parameter/ParameterContextLocation.swift /Users/admin/builder/spi-builder-workspace/.dependencies/checkouts/OpenAPIKit/Sources/OpenAPIKit/Parameter/ParameterSchemaContext.swift /Users/admin/builder/spi-builder-workspace/.dependencies/checkouts/OpenAPIKit/Sources/OpenAPIKit/Parameter/ParameterSchemaContextStyle.swift /Users/admin/builder/spi-builder-workspace/.dependencies/checkouts/OpenAPIKit/Sources/OpenAPIKit/Path\ Item/DereferencedPathItem.swift /Users/admin/builder/spi-builder-workspace/.dependencies/checkouts/OpenAPIKit/Sources/OpenAPIKit/Path\ Item/PathItem.swift /Users/admin/builder/spi-builder-workspace/.dependencies/checkouts/OpenAPIKit/Sources/OpenAPIKit/Path\ Item/ResolvedRoute.swift (in target 'OpenAPIKit' from project 'OpenAPIKit')
SwiftCompile normal arm64 /Users/admin/builder/spi-builder-workspace/.dependencies/checkouts/OpenAPIKit/Sources/OpenAPIKit/Parameter/Parameter.swift (in target 'OpenAPIKit' from project 'OpenAPIKit')
    cd /Users/admin/builder/spi-builder-workspace/.swiftpm/xcode
    builtin-SwiftPerFileCompile Parameter.swift
SwiftCompile normal arm64 /Users/admin/builder/spi-builder-workspace/.dependencies/checkouts/OpenAPIKit/Sources/OpenAPIKit/Parameter/ParameterContext.swift (in target 'OpenAPIKit' from project 'OpenAPIKit')
    cd /Users/admin/builder/spi-builder-workspace/.swiftpm/xcode
    builtin-SwiftPerFileCompile ParameterContext.swift
SwiftCompile normal arm64 /Users/admin/builder/spi-builder-workspace/.dependencies/checkouts/OpenAPIKit/Sources/OpenAPIKit/Parameter/ParameterContextLocation.swift (in target 'OpenAPIKit' from project 'OpenAPIKit')
    cd /Users/admin/builder/spi-builder-workspace/.swiftpm/xcode
    builtin-SwiftPerFileCompile ParameterContextLocation.swift
SwiftCompile normal arm64 /Users/admin/builder/spi-builder-workspace/.dependencies/checkouts/OpenAPIKit/Sources/OpenAPIKit/Parameter/ParameterSchemaContext.swift (in target 'OpenAPIKit' from project 'OpenAPIKit')
    cd /Users/admin/builder/spi-builder-workspace/.swiftpm/xcode
    builtin-SwiftPerFileCompile ParameterSchemaContext.swift
SwiftCompile normal arm64 /Users/admin/builder/spi-builder-workspace/.dependencies/checkouts/OpenAPIKit/Sources/OpenAPIKit/Parameter/ParameterSchemaContextStyle.swift (in target 'OpenAPIKit' from project 'OpenAPIKit')
    cd /Users/admin/builder/spi-builder-workspace/.swiftpm/xcode
    builtin-SwiftPerFileCompile ParameterSchemaContextStyle.swift
SwiftCompile normal arm64 /Users/admin/builder/spi-builder-workspace/.dependencies/checkouts/OpenAPIKit/Sources/OpenAPIKit/Path\ Item/DereferencedPathItem.swift (in target 'OpenAPIKit' from project 'OpenAPIKit')
    cd /Users/admin/builder/spi-builder-workspace/.swiftpm/xcode
    builtin-SwiftPerFileCompile DereferencedPathItem.swift
SwiftCompile normal arm64 /Users/admin/builder/spi-builder-workspace/.dependencies/checkouts/OpenAPIKit/Sources/OpenAPIKit/Path\ Item/PathItem.swift (in target 'OpenAPIKit' from project 'OpenAPIKit')
    cd /Users/admin/builder/spi-builder-workspace/.swiftpm/xcode
    builtin-SwiftPerFileCompile PathItem.swift
SwiftCompile normal arm64 /Users/admin/builder/spi-builder-workspace/.dependencies/checkouts/OpenAPIKit/Sources/OpenAPIKit/Path\ Item/ResolvedRoute.swift (in target 'OpenAPIKit' from project 'OpenAPIKit')
    cd /Users/admin/builder/spi-builder-workspace/.swiftpm/xcode
    builtin-SwiftPerFileCompile ResolvedRoute.swift
SwiftDriverJobDiscovery normal arm64 Compiling Callbacks.swift, CodableVendorExtendable.swift, Components+JSONReference.swift, Components+Locatable.swift, Components.swift, Content.swift, ContentEncoding.swift, ContentPositionalEncoding.swift, DereferencedContent.swift (in target 'OpenAPIKit' from project 'OpenAPIKit')
SwiftCompile normal arm64 Compiling\ JSONSchema+Combining.swift,\ JSONSchema.swift,\ JSONSchemaContext.swift,\ SimplifiedJSONSchema.swift,\ TypesAndFormats.swift,\ DereferencedSecurityRequirement.swift,\ OAuthFlows.swift,\ SecurityScheme.swift /Users/admin/builder/spi-builder-workspace/.dependencies/checkouts/OpenAPIKit/Sources/OpenAPIKit/Schema\ Object/JSONSchema+Combining.swift /Users/admin/builder/spi-builder-workspace/.dependencies/checkouts/OpenAPIKit/Sources/OpenAPIKit/Schema\ Object/JSONSchema.swift /Users/admin/builder/spi-builder-workspace/.dependencies/checkouts/OpenAPIKit/Sources/OpenAPIKit/Schema\ Object/JSONSchemaContext.swift /Users/admin/builder/spi-builder-workspace/.dependencies/checkouts/OpenAPIKit/Sources/OpenAPIKit/Schema\ Object/SimplifiedJSONSchema.swift /Users/admin/builder/spi-builder-workspace/.dependencies/checkouts/OpenAPIKit/Sources/OpenAPIKit/Schema\ Object/TypesAndFormats.swift /Users/admin/builder/spi-builder-workspace/.dependencies/checkouts/OpenAPIKit/Sources/OpenAPIKit/Security/DereferencedSecurityRequirement.swift /Users/admin/builder/spi-builder-workspace/.dependencies/checkouts/OpenAPIKit/Sources/OpenAPIKit/Security/OAuthFlows.swift /Users/admin/builder/spi-builder-workspace/.dependencies/checkouts/OpenAPIKit/Sources/OpenAPIKit/Security/SecurityScheme.swift (in target 'OpenAPIKit' from project 'OpenAPIKit')
SwiftCompile normal arm64 /Users/admin/builder/spi-builder-workspace/.dependencies/checkouts/OpenAPIKit/Sources/OpenAPIKit/Schema\ Object/JSONSchema+Combining.swift (in target 'OpenAPIKit' from project 'OpenAPIKit')
    cd /Users/admin/builder/spi-builder-workspace/.swiftpm/xcode
    builtin-SwiftPerFileCompile JSONSchema+Combining.swift
SwiftCompile normal arm64 /Users/admin/builder/spi-builder-workspace/.dependencies/checkouts/OpenAPIKit/Sources/OpenAPIKit/Schema\ Object/JSONSchema.swift (in target 'OpenAPIKit' from project 'OpenAPIKit')
    cd /Users/admin/builder/spi-builder-workspace/.swiftpm/xcode
    builtin-SwiftPerFileCompile JSONSchema.swift
SwiftCompile normal arm64 /Users/admin/builder/spi-builder-workspace/.dependencies/checkouts/OpenAPIKit/Sources/OpenAPIKit/Schema\ Object/JSONSchemaContext.swift (in target 'OpenAPIKit' from project 'OpenAPIKit')
    cd /Users/admin/builder/spi-builder-workspace/.swiftpm/xcode
    builtin-SwiftPerFileCompile JSONSchemaContext.swift
SwiftCompile normal arm64 /Users/admin/builder/spi-builder-workspace/.dependencies/checkouts/OpenAPIKit/Sources/OpenAPIKit/Schema\ Object/SimplifiedJSONSchema.swift (in target 'OpenAPIKit' from project 'OpenAPIKit')
    cd /Users/admin/builder/spi-builder-workspace/.swiftpm/xcode
    builtin-SwiftPerFileCompile SimplifiedJSONSchema.swift
SwiftCompile normal arm64 /Users/admin/builder/spi-builder-workspace/.dependencies/checkouts/OpenAPIKit/Sources/OpenAPIKit/Schema\ Object/TypesAndFormats.swift (in target 'OpenAPIKit' from project 'OpenAPIKit')
    cd /Users/admin/builder/spi-builder-workspace/.swiftpm/xcode
    builtin-SwiftPerFileCompile TypesAndFormats.swift
SwiftCompile normal arm64 /Users/admin/builder/spi-builder-workspace/.dependencies/checkouts/OpenAPIKit/Sources/OpenAPIKit/Security/DereferencedSecurityRequirement.swift (in target 'OpenAPIKit' from project 'OpenAPIKit')
    cd /Users/admin/builder/spi-builder-workspace/.swiftpm/xcode
    builtin-SwiftPerFileCompile DereferencedSecurityRequirement.swift
SwiftCompile normal arm64 /Users/admin/builder/spi-builder-workspace/.dependencies/checkouts/OpenAPIKit/Sources/OpenAPIKit/Security/OAuthFlows.swift (in target 'OpenAPIKit' from project 'OpenAPIKit')
    cd /Users/admin/builder/spi-builder-workspace/.swiftpm/xcode
    builtin-SwiftPerFileCompile OAuthFlows.swift
SwiftCompile normal arm64 /Users/admin/builder/spi-builder-workspace/.dependencies/checkouts/OpenAPIKit/Sources/OpenAPIKit/Security/SecurityScheme.swift (in target 'OpenAPIKit' from project 'OpenAPIKit')
    cd /Users/admin/builder/spi-builder-workspace/.swiftpm/xcode
    builtin-SwiftPerFileCompile SecurityScheme.swift
SwiftDriverJobDiscovery normal arm64_32 Compiling DereferencedContentEncoding.swift, DereferencedContentPositionalEncoding.swift, Discriminator.swift, DereferencedDocument.swift, Document+URIResolution.swift, Document.swift, DocumentInfo.swift, ResolvedDocument.swift, Either+Convenience.swift (in target 'OpenAPIKit' from project 'OpenAPIKit')
SwiftCompile normal arm64 Compiling\ DereferencedRequest.swift,\ Request.swift,\ DereferencedResponse.swift,\ Response.swift,\ RuntimeExpression.swift,\ SchemaProtocols.swift,\ SwiftPrimitiveTypes+OpenAPI.swift,\ DereferencedJSONSchema.swift /Users/admin/builder/spi-builder-workspace/.dependencies/checkouts/OpenAPIKit/Sources/OpenAPIKit/Request/DereferencedRequest.swift /Users/admin/builder/spi-builder-workspace/.dependencies/checkouts/OpenAPIKit/Sources/OpenAPIKit/Request/Request.swift /Users/admin/builder/spi-builder-workspace/.dependencies/checkouts/OpenAPIKit/Sources/OpenAPIKit/Response/DereferencedResponse.swift /Users/admin/builder/spi-builder-workspace/.dependencies/checkouts/OpenAPIKit/Sources/OpenAPIKit/Response/Response.swift /Users/admin/builder/spi-builder-workspace/.dependencies/checkouts/OpenAPIKit/Sources/OpenAPIKit/RuntimeExpression.swift /Users/admin/builder/spi-builder-workspace/.dependencies/checkouts/OpenAPIKit/Sources/OpenAPIKit/Schema\ Conformances/SchemaProtocols.swift /Users/admin/builder/spi-builder-workspace/.dependencies/checkouts/OpenAPIKit/Sources/OpenAPIKit/Schema\ Conformances/SwiftPrimitiveTypes+OpenAPI.swift /Users/admin/builder/spi-builder-workspace/.dependencies/checkouts/OpenAPIKit/Sources/OpenAPIKit/Schema\ Object/DereferencedJSONSchema.swift (in target 'OpenAPIKit' from project 'OpenAPIKit')
SwiftCompile normal arm64 /Users/admin/builder/spi-builder-workspace/.dependencies/checkouts/OpenAPIKit/Sources/OpenAPIKit/Request/DereferencedRequest.swift (in target 'OpenAPIKit' from project 'OpenAPIKit')
    cd /Users/admin/builder/spi-builder-workspace/.swiftpm/xcode
    builtin-SwiftPerFileCompile DereferencedRequest.swift
SwiftCompile normal arm64 /Users/admin/builder/spi-builder-workspace/.dependencies/checkouts/OpenAPIKit/Sources/OpenAPIKit/Request/Request.swift (in target 'OpenAPIKit' from project 'OpenAPIKit')
    cd /Users/admin/builder/spi-builder-workspace/.swiftpm/xcode
    builtin-SwiftPerFileCompile Request.swift
SwiftCompile normal arm64 /Users/admin/builder/spi-builder-workspace/.dependencies/checkouts/OpenAPIKit/Sources/OpenAPIKit/Response/DereferencedResponse.swift (in target 'OpenAPIKit' from project 'OpenAPIKit')
    cd /Users/admin/builder/spi-builder-workspace/.swiftpm/xcode
    builtin-SwiftPerFileCompile DereferencedResponse.swift
SwiftCompile normal arm64 /Users/admin/builder/spi-builder-workspace/.dependencies/checkouts/OpenAPIKit/Sources/OpenAPIKit/Response/Response.swift (in target 'OpenAPIKit' from project 'OpenAPIKit')
    cd /Users/admin/builder/spi-builder-workspace/.swiftpm/xcode
    builtin-SwiftPerFileCompile Response.swift
SwiftCompile normal arm64 /Users/admin/builder/spi-builder-workspace/.dependencies/checkouts/OpenAPIKit/Sources/OpenAPIKit/RuntimeExpression.swift (in target 'OpenAPIKit' from project 'OpenAPIKit')
    cd /Users/admin/builder/spi-builder-workspace/.swiftpm/xcode
    builtin-SwiftPerFileCompile RuntimeExpression.swift
SwiftCompile normal arm64 /Users/admin/builder/spi-builder-workspace/.dependencies/checkouts/OpenAPIKit/Sources/OpenAPIKit/Schema\ Conformances/SchemaProtocols.swift (in target 'OpenAPIKit' from project 'OpenAPIKit')
    cd /Users/admin/builder/spi-builder-workspace/.swiftpm/xcode
    builtin-SwiftPerFileCompile SchemaProtocols.swift
SwiftCompile normal arm64 /Users/admin/builder/spi-builder-workspace/.dependencies/checkouts/OpenAPIKit/Sources/OpenAPIKit/Schema\ Conformances/SwiftPrimitiveTypes+OpenAPI.swift (in target 'OpenAPIKit' from project 'OpenAPIKit')
    cd /Users/admin/builder/spi-builder-workspace/.swiftpm/xcode
    builtin-SwiftPerFileCompile SwiftPrimitiveTypes+OpenAPI.swift
SwiftCompile normal arm64 /Users/admin/builder/spi-builder-workspace/.dependencies/checkouts/OpenAPIKit/Sources/OpenAPIKit/Schema\ Object/DereferencedJSONSchema.swift (in target 'OpenAPIKit' from project 'OpenAPIKit')
    cd /Users/admin/builder/spi-builder-workspace/.swiftpm/xcode
    builtin-SwiftPerFileCompile DereferencedJSONSchema.swift
SwiftDriverJobDiscovery normal arm64_32 Compiling OrderedDictionry+LocallyDereferenceable.swift, ReferenceValidations.swift, Validation+Builtins.swift, Validation.swift, Validator+Convenience.swift, Validator.swift, XML.swift, _CoreReExport.swift (in target 'OpenAPIKit' from project 'OpenAPIKit')
SwiftDriver\ Compilation Algorithms normal arm64_32 com.apple.xcode.tools.swift.compiler (in target 'Algorithms' from project 'swift-algorithms')
    cd /Users/admin/builder/spi-builder-workspace/.swiftpm/xcode
    builtin-Swift-Compilation -- /Applications/Xcode-27.0.0.app/Contents/Developer/Toolchains/XcodeDefault.xctoolchain/usr/bin/swiftc -parse-as-library -module-name Algorithms -Onone @/Users/admin/builder/spi-builder-workspace/.derivedData/Build/Intermediates.noindex/swift-algorithms.build/Debug-watchos/Algorithms-t.build/Objects-normal/arm64_32/Algorithms.SwiftFileList -DSWIFT_PACKAGE -DDEBUG -DSWIFT_MODULE_RESOURCE_BUNDLE_UNAVAILABLE -Xcc -fmodule-map-file\=/Users/admin/builder/spi-builder-workspace/.dependencies/checkouts/swift-numerics/Sources/_NumericsShims/include/module.modulemap -DXcode -plugin-path /Applications/Xcode-27.0.0.app/Contents/Developer/Toolchains/XcodeDefault.xctoolchain/usr/lib/swift/host/plugins/testing -enable-experimental-feature DebugDescriptionMacro -sdk /Applications/Xcode-27.0.0.app/Contents/Developer/Platforms/WatchOS.platform/Developer/SDKs/WatchOS27.0.sdk -target arm64_32-apple-watchos9.0 -g -module-cache-path /Users/admin/builder/spi-builder-workspace/.derivedData/ModuleCache.noindex -Xfrontend -serialize-debugging-options -profile-coverage-mapping -profile-generate -enable-testing -suppress-warnings -index-store-path /Users/admin/builder/spi-builder-workspace/.derivedData/Index.noindex/DataStore -Xcc -D_LIBCPP_HARDENING_MODE\=_LIBCPP_HARDENING_MODE_DEBUG -swift-version 5 -I /Users/admin/builder/spi-builder-workspace/.derivedData/Build/Products/Debug-watchos -Isystem /Applications/Xcode-27.0.0.app/Contents/Developer/Platforms/WatchOS.platform/Developer/usr/lib -F /Users/admin/builder/spi-builder-workspace/.derivedData/Build/Products/Debug-watchos/PackageFrameworks -F /Users/admin/builder/spi-builder-workspace/.derivedData/Build/Products/Debug-watchos -F /Applications/Xcode-27.0.0.app/Contents/Developer/Platforms/WatchOS.platform/Developer/Library/Frameworks -F /Applications/Xcode-27.0.0.app/Contents/Developer/Platforms/WatchOS.platform/Developer/SDKs/WatchOS27.0.sdk/Developer/Library/Frameworks -c -j10 -enable-batch-mode -incremental -Xcc -ivfsstatcache -Xcc /Users/admin/builder/spi-builder-workspace/.derivedData/SDKStatCaches.noindex/watchos27.0-24R360-e829b21a6f8c9b70876ba0858053c044b9db9bc9c079ee3c7b5f3373b13d10bc.sdkstatcache -output-file-map /Users/admin/builder/spi-builder-workspace/.derivedData/Build/Intermediates.noindex/swift-algorithms.build/Debug-watchos/Algorithms-t.build/Objects-normal/arm64_32/Algorithms-OutputFileMap.json -save-temps -no-color-diagnostics -explicit-module-build -module-cache-path /Users/admin/builder/spi-builder-workspace/.derivedData/Build/Intermediates.noindex/SwiftExplicitPrecompiledModules -clang-scanner-module-cache-path /Users/admin/builder/spi-builder-workspace/.derivedData/ModuleCache.noindex -sdk-module-cache-path /Users/admin/builder/spi-builder-workspace/.derivedData/SDKExplicitPrecompiledModules -emit-dependencies -emit-module -emit-module-path /Users/admin/builder/spi-builder-workspace/.derivedData/Build/Intermediates.noindex/swift-algorithms.build/Debug-watchos/Algorithms-t.build/Objects-normal/arm64_32/Algorithms.swiftmodule -serialize-diagnostics -dependency-scan-serialize-diagnostics-path /Users/admin/builder/spi-builder-workspace/.derivedData/Build/Intermediates.noindex/swift-algorithms.build/Debug-watchos/Algorithms-t.build/Objects-normal/arm64_32/Algorithms-dependency-scan.dia -validate-clang-modules-once -clang-build-session-file /Users/admin/builder/spi-builder-workspace/.derivedData/ModuleCache.noindex/Session.modulevalidation -Xcc -fmodules-prune-interval\=86400 -Xcc -fmodules-prune-after\=345600 -emit-const-values -const-gather-protocols-list /Users/admin/builder/spi-builder-workspace/.derivedData/Build/Intermediates.noindex/swift-algorithms.build/Debug-watchos/Algorithms-t.build/Objects-normal/arm64_32/Algorithms_const_extract_protocols.json -Xcc -I/Users/admin/builder/spi-builder-workspace/.dependencies/checkouts/swift-numerics/Sources/_NumericsShims/include -Xcc -I/Users/admin/builder/spi-builder-workspace/.derivedData/Build/Products/Debug-watchos/include -Xcc -I/Users/admin/builder/spi-builder-workspace/.derivedData/Build/Intermediates.noindex/swift-algorithms.build/Debug-watchos/Algorithms-t.build/DerivedSources-normal/arm64_32 -Xcc -I/Users/admin/builder/spi-builder-workspace/.derivedData/Build/Intermediates.noindex/swift-algorithms.build/Debug-watchos/Algorithms-t.build/DerivedSources/arm64_32 -Xcc -I/Users/admin/builder/spi-builder-workspace/.derivedData/Build/Intermediates.noindex/swift-algorithms.build/Debug-watchos/Algorithms-t.build/DerivedSources -Xcc -DSWIFT_PACKAGE -Xcc -DDEBUG\=1 -emit-objc-header -emit-objc-header-path /Users/admin/builder/spi-builder-workspace/.derivedData/Build/Intermediates.noindex/swift-algorithms.build/Debug-watchos/Algorithms-t.build/Objects-normal/arm64_32/Algorithms-Swift.h -working-directory /Users/admin/builder/spi-builder-workspace/.swiftpm/xcode -experimental-emit-module-separately -disable-cmo
SwiftDriverJobDiscovery normal arm64 Compiling Server.swift, Tag.swift, URLTemplate+Validatable.swift, Array+ExternallyDereferenceable.swift, Container+DecodeURLAsString.swift, Dictionary+ExternallyDereferenceable.swift, Optional+ExternallyDereferenceable.swift, OrderedDictionary+ExternallyDereferenceable.swift (in target 'OpenAPIKit' from project 'OpenAPIKit')
SwiftDriver\ Compilation Algorithms normal arm64 com.apple.xcode.tools.swift.compiler (in target 'Algorithms' from project 'swift-algorithms')
    cd /Users/admin/builder/spi-builder-workspace/.swiftpm/xcode
    builtin-Swift-Compilation -- /Applications/Xcode-27.0.0.app/Contents/Developer/Toolchains/XcodeDefault.xctoolchain/usr/bin/swiftc -parse-as-library -module-name Algorithms -Onone @/Users/admin/builder/spi-builder-workspace/.derivedData/Build/Intermediates.noindex/swift-algorithms.build/Debug-watchos/Algorithms-t.build/Objects-normal/arm64/Algorithms.SwiftFileList -DSWIFT_PACKAGE -DDEBUG -DSWIFT_MODULE_RESOURCE_BUNDLE_UNAVAILABLE -Xcc -fmodule-map-file\=/Users/admin/builder/spi-builder-workspace/.dependencies/checkouts/swift-numerics/Sources/_NumericsShims/include/module.modulemap -DXcode -plugin-path /Applications/Xcode-27.0.0.app/Contents/Developer/Toolchains/XcodeDefault.xctoolchain/usr/lib/swift/host/plugins/testing -enable-experimental-feature DebugDescriptionMacro -sdk /Applications/Xcode-27.0.0.app/Contents/Developer/Platforms/WatchOS.platform/Developer/SDKs/WatchOS27.0.sdk -target arm64-apple-watchos9.0 -g -module-cache-path /Users/admin/builder/spi-builder-workspace/.derivedData/ModuleCache.noindex -Xfrontend -serialize-debugging-options -profile-coverage-mapping -profile-generate -enable-testing -suppress-warnings -index-store-path /Users/admin/builder/spi-builder-workspace/.derivedData/Index.noindex/DataStore -Xcc -D_LIBCPP_HARDENING_MODE\=_LIBCPP_HARDENING_MODE_DEBUG -swift-version 5 -I /Users/admin/builder/spi-builder-workspace/.derivedData/Build/Products/Debug-watchos -Isystem /Applications/Xcode-27.0.0.app/Contents/Developer/Platforms/WatchOS.platform/Developer/usr/lib -F /Users/admin/builder/spi-builder-workspace/.derivedData/Build/Products/Debug-watchos/PackageFrameworks -F /Users/admin/builder/spi-builder-workspace/.derivedData/Build/Products/Debug-watchos -F /Applications/Xcode-27.0.0.app/Contents/Developer/Platforms/WatchOS.platform/Developer/Library/Frameworks -F /Applications/Xcode-27.0.0.app/Contents/Developer/Platforms/WatchOS.platform/Developer/SDKs/WatchOS27.0.sdk/Developer/Library/Frameworks -c -j10 -enable-batch-mode -incremental -Xcc -ivfsstatcache -Xcc /Users/admin/builder/spi-builder-workspace/.derivedData/SDKStatCaches.noindex/watchos27.0-24R360-e829b21a6f8c9b70876ba0858053c044b9db9bc9c079ee3c7b5f3373b13d10bc.sdkstatcache -output-file-map /Users/admin/builder/spi-builder-workspace/.derivedData/Build/Intermediates.noindex/swift-algorithms.build/Debug-watchos/Algorithms-t.build/Objects-normal/arm64/Algorithms-OutputFileMap.json -save-temps -no-color-diagnostics -explicit-module-build -module-cache-path /Users/admin/builder/spi-builder-workspace/.derivedData/Build/Intermediates.noindex/SwiftExplicitPrecompiledModules -clang-scanner-module-cache-path /Users/admin/builder/spi-builder-workspace/.derivedData/ModuleCache.noindex -sdk-module-cache-path /Users/admin/builder/spi-builder-workspace/.derivedData/SDKExplicitPrecompiledModules -emit-dependencies -emit-module -emit-module-path /Users/admin/builder/spi-builder-workspace/.derivedData/Build/Intermediates.noindex/swift-algorithms.build/Debug-watchos/Algorithms-t.build/Objects-normal/arm64/Algorithms.swiftmodule -serialize-diagnostics -dependency-scan-serialize-diagnostics-path /Users/admin/builder/spi-builder-workspace/.derivedData/Build/Intermediates.noindex/swift-algorithms.build/Debug-watchos/Algorithms-t.build/Objects-normal/arm64/Algorithms-dependency-scan.dia -validate-clang-modules-once -clang-build-session-file /Users/admin/builder/spi-builder-workspace/.derivedData/ModuleCache.noindex/Session.modulevalidation -Xcc -fmodules-prune-interval\=86400 -Xcc -fmodules-prune-after\=345600 -emit-const-values -const-gather-protocols-list /Users/admin/builder/spi-builder-workspace/.derivedData/Build/Intermediates.noindex/swift-algorithms.build/Debug-watchos/Algorithms-t.build/Objects-normal/arm64/Algorithms_const_extract_protocols.json -Xcc -I/Users/admin/builder/spi-builder-workspace/.dependencies/checkouts/swift-numerics/Sources/_NumericsShims/include -Xcc -I/Users/admin/builder/spi-builder-workspace/.derivedData/Build/Products/Debug-watchos/include -Xcc -I/Users/admin/builder/spi-builder-workspace/.derivedData/Build/Intermediates.noindex/swift-algorithms.build/Debug-watchos/Algorithms-t.build/DerivedSources-normal/arm64 -Xcc -I/Users/admin/builder/spi-builder-workspace/.derivedData/Build/Intermediates.noindex/swift-algorithms.build/Debug-watchos/Algorithms-t.build/DerivedSources/arm64 -Xcc -I/Users/admin/builder/spi-builder-workspace/.derivedData/Build/Intermediates.noindex/swift-algorithms.build/Debug-watchos/Algorithms-t.build/DerivedSources -Xcc -DSWIFT_PACKAGE -Xcc -DDEBUG\=1 -emit-objc-header -emit-objc-header-path /Users/admin/builder/spi-builder-workspace/.derivedData/Build/Intermediates.noindex/swift-algorithms.build/Debug-watchos/Algorithms-t.build/Objects-normal/arm64/Algorithms-Swift.h -working-directory /Users/admin/builder/spi-builder-workspace/.swiftpm/xcode -experimental-emit-module-separately -disable-cmo
Ld /Users/admin/builder/spi-builder-workspace/.derivedData/Build/Intermediates.noindex/OpenAPIKit.build/Debug-watchos/OpenAPIKit30-t.build/Objects-normal/arm64_32/Binary/OpenAPIKit30.o normal arm64_32 (in target 'OpenAPIKit30' from project 'OpenAPIKit')
    cd /Users/admin/builder/spi-builder-workspace/.dependencies/checkouts/OpenAPIKit
    /Applications/Xcode-27.0.0.app/Contents/Developer/Toolchains/XcodeDefault.xctoolchain/usr/bin/clang -Xlinker -reproducible -target arm64_32-apple-watchos9.0 -r -isysroot /Applications/Xcode-27.0.0.app/Contents/Developer/Platforms/WatchOS.platform/Developer/SDKs/WatchOS27.0.sdk -O0 -w -Xlinker -no_warn_duplicate_libraries -F/Users/admin/builder/spi-builder-workspace/.derivedData/Build/Intermediates.noindex/EagerLinkingTBDs/Debug-watchos -F/Users/admin/builder/spi-builder-workspace/.derivedData/Build/Products/Debug-watchos/PackageFrameworks -F/Users/admin/builder/spi-builder-workspace/.derivedData/Build/Products/Debug-watchos -iframework /Applications/Xcode-27.0.0.app/Contents/Developer/Platforms/WatchOS.platform/Developer/Library/Frameworks -iframework /Applications/Xcode-27.0.0.app/Contents/Developer/Platforms/WatchOS.platform/Developer/SDKs/WatchOS27.0.sdk/Developer/Library/Frameworks -filelist /Users/admin/builder/spi-builder-workspace/.derivedData/Build/Intermediates.noindex/OpenAPIKit.build/Debug-watchos/OpenAPIKit30-t.build/Objects-normal/arm64_32/OpenAPIKit30.LinkFileList -nostdlib -Xlinker -object_path_lto -Xlinker /Users/admin/builder/spi-builder-workspace/.derivedData/Build/Intermediates.noindex/OpenAPIKit.build/Debug-watchos/OpenAPIKit30-t.build/Objects-normal/arm64_32/OpenAPIKit30_lto.o -Xlinker -no_deduplicate -Xlinker -debug_variant -Xlinker -dependency_info -Xlinker /Users/admin/builder/spi-builder-workspace/.derivedData/Build/Intermediates.noindex/OpenAPIKit.build/Debug-watchos/OpenAPIKit30-t.build/Objects-normal/arm64_32/OpenAPIKit30_dependency_info.dat -fobjc-link-runtime -L/Applications/Xcode-27.0.0.app/Contents/Developer/Toolchains/XcodeDefault.xctoolchain/usr/lib/swift/watchos -L/usr/lib/swift -Xlinker -add_ast_path -Xlinker /Users/admin/builder/spi-builder-workspace/.derivedData/Build/Intermediates.noindex/OpenAPIKit.build/Debug-watchos/OpenAPIKit30-t.build/Objects-normal/arm64_32/OpenAPIKit30.swiftmodule -o /Users/admin/builder/spi-builder-workspace/.derivedData/Build/Intermediates.noindex/OpenAPIKit.build/Debug-watchos/OpenAPIKit30-t.build/Objects-normal/arm64_32/Binary/OpenAPIKit30.o
Ld /Users/admin/builder/spi-builder-workspace/.derivedData/Build/Intermediates.noindex/OpenAPIKit.build/Debug-watchos/OpenAPIKit30-t.build/Objects-normal/arm64/Binary/OpenAPIKit30.o normal arm64 (in target 'OpenAPIKit30' from project 'OpenAPIKit')
    cd /Users/admin/builder/spi-builder-workspace/.dependencies/checkouts/OpenAPIKit
    /Applications/Xcode-27.0.0.app/Contents/Developer/Toolchains/XcodeDefault.xctoolchain/usr/bin/clang -Xlinker -reproducible -target arm64-apple-watchos9.0 -r -isysroot /Applications/Xcode-27.0.0.app/Contents/Developer/Platforms/WatchOS.platform/Developer/SDKs/WatchOS27.0.sdk -O0 -w -Xlinker -no_warn_duplicate_libraries -F/Users/admin/builder/spi-builder-workspace/.derivedData/Build/Intermediates.noindex/EagerLinkingTBDs/Debug-watchos -F/Users/admin/builder/spi-builder-workspace/.derivedData/Build/Products/Debug-watchos/PackageFrameworks -F/Users/admin/builder/spi-builder-workspace/.derivedData/Build/Products/Debug-watchos -iframework /Applications/Xcode-27.0.0.app/Contents/Developer/Platforms/WatchOS.platform/Developer/Library/Frameworks -iframework /Applications/Xcode-27.0.0.app/Contents/Developer/Platforms/WatchOS.platform/Developer/SDKs/WatchOS27.0.sdk/Developer/Library/Frameworks -filelist /Users/admin/builder/spi-builder-workspace/.derivedData/Build/Intermediates.noindex/OpenAPIKit.build/Debug-watchos/OpenAPIKit30-t.build/Objects-normal/arm64/OpenAPIKit30.LinkFileList -nostdlib -Xlinker -object_path_lto -Xlinker /Users/admin/builder/spi-builder-workspace/.derivedData/Build/Intermediates.noindex/OpenAPIKit.build/Debug-watchos/OpenAPIKit30-t.build/Objects-normal/arm64/OpenAPIKit30_lto.o -Xlinker -no_deduplicate -Xlinker -debug_variant -Xlinker -dependency_info -Xlinker /Users/admin/builder/spi-builder-workspace/.derivedData/Build/Intermediates.noindex/OpenAPIKit.build/Debug-watchos/OpenAPIKit30-t.build/Objects-normal/arm64/OpenAPIKit30_dependency_info.dat -fobjc-link-runtime -L/Applications/Xcode-27.0.0.app/Contents/Developer/Toolchains/XcodeDefault.xctoolchain/usr/lib/swift/watchos -L/usr/lib/swift -Xlinker -add_ast_path -Xlinker /Users/admin/builder/spi-builder-workspace/.derivedData/Build/Intermediates.noindex/OpenAPIKit.build/Debug-watchos/OpenAPIKit30-t.build/Objects-normal/arm64/OpenAPIKit30.swiftmodule -o /Users/admin/builder/spi-builder-workspace/.derivedData/Build/Intermediates.noindex/OpenAPIKit.build/Debug-watchos/OpenAPIKit30-t.build/Objects-normal/arm64/Binary/OpenAPIKit30.o
Ld /Users/admin/builder/spi-builder-workspace/.derivedData/Build/Intermediates.noindex/swift-algorithms.build/Debug-watchos/Algorithms-t.build/Objects-normal/arm64_32/Binary/Algorithms.o normal arm64_32 (in target 'Algorithms' from project 'swift-algorithms')
    cd /Users/admin/builder/spi-builder-workspace/.dependencies/checkouts/swift-algorithms
    /Applications/Xcode-27.0.0.app/Contents/Developer/Toolchains/XcodeDefault.xctoolchain/usr/bin/clang -Xlinker -reproducible -target arm64_32-apple-watchos9.0 -r -isysroot /Applications/Xcode-27.0.0.app/Contents/Developer/Platforms/WatchOS.platform/Developer/SDKs/WatchOS27.0.sdk -O0 -w -Xlinker -no_warn_duplicate_libraries -F/Users/admin/builder/spi-builder-workspace/.derivedData/Build/Intermediates.noindex/EagerLinkingTBDs/Debug-watchos -F/Users/admin/builder/spi-builder-workspace/.derivedData/Build/Products/Debug-watchos/PackageFrameworks -F/Users/admin/builder/spi-builder-workspace/.derivedData/Build/Products/Debug-watchos -iframework /Applications/Xcode-27.0.0.app/Contents/Developer/Platforms/WatchOS.platform/Developer/Library/Frameworks -iframework /Applications/Xcode-27.0.0.app/Contents/Developer/Platforms/WatchOS.platform/Developer/SDKs/WatchOS27.0.sdk/Developer/Library/Frameworks -filelist /Users/admin/builder/spi-builder-workspace/.derivedData/Build/Intermediates.noindex/swift-algorithms.build/Debug-watchos/Algorithms-t.build/Objects-normal/arm64_32/Algorithms.LinkFileList -nostdlib -Xlinker -object_path_lto -Xlinker /Users/admin/builder/spi-builder-workspace/.derivedData/Build/Intermediates.noindex/swift-algorithms.build/Debug-watchos/Algorithms-t.build/Objects-normal/arm64_32/Algorithms_lto.o -Xlinker -no_deduplicate -Xlinker -debug_variant -Xlinker -dependency_info -Xlinker /Users/admin/builder/spi-builder-workspace/.derivedData/Build/Intermediates.noindex/swift-algorithms.build/Debug-watchos/Algorithms-t.build/Objects-normal/arm64_32/Algorithms_dependency_info.dat -fobjc-link-runtime -L/Applications/Xcode-27.0.0.app/Contents/Developer/Toolchains/XcodeDefault.xctoolchain/usr/lib/swift/watchos -L/usr/lib/swift -Xlinker -add_ast_path -Xlinker /Users/admin/builder/spi-builder-workspace/.derivedData/Build/Intermediates.noindex/swift-algorithms.build/Debug-watchos/Algorithms-t.build/Objects-normal/arm64_32/Algorithms.swiftmodule -o /Users/admin/builder/spi-builder-workspace/.derivedData/Build/Intermediates.noindex/swift-algorithms.build/Debug-watchos/Algorithms-t.build/Objects-normal/arm64_32/Binary/Algorithms.o
SwiftDriverJobDiscovery normal arm64_32 Compiling Link.swift, OpenAPI.swift, OpenAPIConditionalWarnings.swift, DereferencedOperation.swift, Operation.swift, ResolvedEndpoint.swift, DereferencedParameter.swift, DereferencedSchemaContext.swift (in target 'OpenAPIKit' from project 'OpenAPIKit')
Ld /Users/admin/builder/spi-builder-workspace/.derivedData/Build/Intermediates.noindex/swift-algorithms.build/Debug-watchos/Algorithms-t.build/Objects-normal/arm64/Binary/Algorithms.o normal arm64 (in target 'Algorithms' from project 'swift-algorithms')
    cd /Users/admin/builder/spi-builder-workspace/.dependencies/checkouts/swift-algorithms
    /Applications/Xcode-27.0.0.app/Contents/Developer/Toolchains/XcodeDefault.xctoolchain/usr/bin/clang -Xlinker -reproducible -target arm64-apple-watchos9.0 -r -isysroot /Applications/Xcode-27.0.0.app/Contents/Developer/Platforms/WatchOS.platform/Developer/SDKs/WatchOS27.0.sdk -O0 -w -Xlinker -no_warn_duplicate_libraries -F/Users/admin/builder/spi-builder-workspace/.derivedData/Build/Intermediates.noindex/EagerLinkingTBDs/Debug-watchos -F/Users/admin/builder/spi-builder-workspace/.derivedData/Build/Products/Debug-watchos/PackageFrameworks -F/Users/admin/builder/spi-builder-workspace/.derivedData/Build/Products/Debug-watchos -iframework /Applications/Xcode-27.0.0.app/Contents/Developer/Platforms/WatchOS.platform/Developer/Library/Frameworks -iframework /Applications/Xcode-27.0.0.app/Contents/Developer/Platforms/WatchOS.platform/Developer/SDKs/WatchOS27.0.sdk/Developer/Library/Frameworks -filelist /Users/admin/builder/spi-builder-workspace/.derivedData/Build/Intermediates.noindex/swift-algorithms.build/Debug-watchos/Algorithms-t.build/Objects-normal/arm64/Algorithms.LinkFileList -nostdlib -Xlinker -object_path_lto -Xlinker /Users/admin/builder/spi-builder-workspace/.derivedData/Build/Intermediates.noindex/swift-algorithms.build/Debug-watchos/Algorithms-t.build/Objects-normal/arm64/Algorithms_lto.o -Xlinker -no_deduplicate -Xlinker -debug_variant -Xlinker -dependency_info -Xlinker /Users/admin/builder/spi-builder-workspace/.derivedData/Build/Intermediates.noindex/swift-algorithms.build/Debug-watchos/Algorithms-t.build/Objects-normal/arm64/Algorithms_dependency_info.dat -fobjc-link-runtime -L/Applications/Xcode-27.0.0.app/Contents/Developer/Toolchains/XcodeDefault.xctoolchain/usr/lib/swift/watchos -L/usr/lib/swift -Xlinker -add_ast_path -Xlinker /Users/admin/builder/spi-builder-workspace/.derivedData/Build/Intermediates.noindex/swift-algorithms.build/Debug-watchos/Algorithms-t.build/Objects-normal/arm64/Algorithms.swiftmodule -o /Users/admin/builder/spi-builder-workspace/.derivedData/Build/Intermediates.noindex/swift-algorithms.build/Debug-watchos/Algorithms-t.build/Objects-normal/arm64/Binary/Algorithms.o
SwiftDriverJobDiscovery normal arm64 Compiling Example.swift, ExampleValue.swift, ExternalDocumentation.swift, ExternalLoader.swift, DereferencedHeader.swift, Header.swift, JSONReference+URIResolution.swift, JSONReference.swift (in target 'OpenAPIKit' from project 'OpenAPIKit')
CreateUniversalBinary /Users/admin/builder/spi-builder-workspace/.derivedData/Build/Products/Debug-watchos/OpenAPIKit30.o normal arm64\ arm64_32 (in target 'OpenAPIKit30' from project 'OpenAPIKit')
    cd /Users/admin/builder/spi-builder-workspace/.dependencies/checkouts/OpenAPIKit
    /Applications/Xcode-27.0.0.app/Contents/Developer/Toolchains/XcodeDefault.xctoolchain/usr/bin/lipo -create /Users/admin/builder/spi-builder-workspace/.derivedData/Build/Intermediates.noindex/OpenAPIKit.build/Debug-watchos/OpenAPIKit30-t.build/Objects-normal/arm64/Binary/OpenAPIKit30.o /Users/admin/builder/spi-builder-workspace/.derivedData/Build/Intermediates.noindex/OpenAPIKit.build/Debug-watchos/OpenAPIKit30-t.build/Objects-normal/arm64_32/Binary/OpenAPIKit30.o -output /Users/admin/builder/spi-builder-workspace/.derivedData/Build/Products/Debug-watchos/OpenAPIKit30.o
CreateUniversalBinary /Users/admin/builder/spi-builder-workspace/.derivedData/Build/Products/Debug-watchos/Algorithms.o normal arm64\ arm64_32 (in target 'Algorithms' from project 'swift-algorithms')
    cd /Users/admin/builder/spi-builder-workspace/.dependencies/checkouts/swift-algorithms
    /Applications/Xcode-27.0.0.app/Contents/Developer/Toolchains/XcodeDefault.xctoolchain/usr/bin/lipo -create /Users/admin/builder/spi-builder-workspace/.derivedData/Build/Intermediates.noindex/swift-algorithms.build/Debug-watchos/Algorithms-t.build/Objects-normal/arm64/Binary/Algorithms.o /Users/admin/builder/spi-builder-workspace/.derivedData/Build/Intermediates.noindex/swift-algorithms.build/Debug-watchos/Algorithms-t.build/Objects-normal/arm64_32/Binary/Algorithms.o -output /Users/admin/builder/spi-builder-workspace/.derivedData/Build/Products/Debug-watchos/Algorithms.o
SwiftDriver OpenAPIKitCompat normal arm64 com.apple.xcode.tools.swift.compiler (in target 'OpenAPIKitCompat' from project 'OpenAPIKit')
    cd /Users/admin/builder/spi-builder-workspace/.swiftpm/xcode
    builtin-SwiftDriver -- /Applications/Xcode-27.0.0.app/Contents/Developer/Toolchains/XcodeDefault.xctoolchain/usr/bin/swiftc -parse-as-library -module-name OpenAPIKitCompat -Onone @/Users/admin/builder/spi-builder-workspace/.derivedData/Build/Intermediates.noindex/OpenAPIKit.build/Debug-watchos/OpenAPIKitCompat-t.build/Objects-normal/arm64/OpenAPIKitCompat.SwiftFileList -DSWIFT_PACKAGE -DDEBUG -DSWIFT_MODULE_RESOURCE_BUNDLE_UNAVAILABLE -DXcode -plugin-path /Applications/Xcode-27.0.0.app/Contents/Developer/Toolchains/XcodeDefault.xctoolchain/usr/lib/swift/host/plugins/testing -enable-experimental-feature DebugDescriptionMacro -sdk /Applications/Xcode-27.0.0.app/Contents/Developer/Platforms/WatchOS.platform/Developer/SDKs/WatchOS27.0.sdk -target arm64-apple-watchos9.0 -g -module-cache-path /Users/admin/builder/spi-builder-workspace/.derivedData/ModuleCache.noindex -Xfrontend -serialize-debugging-options -profile-coverage-mapping -profile-generate -enable-testing -suppress-warnings -index-store-path /Users/admin/builder/spi-builder-workspace/.derivedData/Index.noindex/DataStore -Xcc -D_LIBCPP_HARDENING_MODE\=_LIBCPP_HARDENING_MODE_DEBUG -swift-version 6 -I /Users/admin/builder/spi-builder-workspace/.derivedData/Build/Products/Debug-watchos -Isystem /Applications/Xcode-27.0.0.app/Contents/Developer/Platforms/WatchOS.platform/Developer/usr/lib -F /Users/admin/builder/spi-builder-workspace/.derivedData/Build/Products/Debug-watchos/PackageFrameworks -F /Users/admin/builder/spi-builder-workspace/.derivedData/Build/Products/Debug-watchos -F /Applications/Xcode-27.0.0.app/Contents/Developer/Platforms/WatchOS.platform/Developer/Library/Frameworks -F /Applications/Xcode-27.0.0.app/Contents/Developer/Platforms/WatchOS.platform/Developer/SDKs/WatchOS27.0.sdk/Developer/Library/Frameworks -c -j10 -enable-batch-mode -incremental -Xcc -ivfsstatcache -Xcc /Users/admin/builder/spi-builder-workspace/.derivedData/SDKStatCaches.noindex/watchos27.0-24R360-e829b21a6f8c9b70876ba0858053c044b9db9bc9c079ee3c7b5f3373b13d10bc.sdkstatcache -output-file-map /Users/admin/builder/spi-builder-workspace/.derivedData/Build/Intermediates.noindex/OpenAPIKit.build/Debug-watchos/OpenAPIKitCompat-t.build/Objects-normal/arm64/OpenAPIKitCompat-OutputFileMap.json -save-temps -no-color-diagnostics -explicit-module-build -module-cache-path /Users/admin/builder/spi-builder-workspace/.derivedData/Build/Intermediates.noindex/SwiftExplicitPrecompiledModules -clang-scanner-module-cache-path /Users/admin/builder/spi-builder-workspace/.derivedData/ModuleCache.noindex -sdk-module-cache-path /Users/admin/builder/spi-builder-workspace/.derivedData/SDKExplicitPrecompiledModules -emit-dependencies -emit-module -emit-module-path /Users/admin/builder/spi-builder-workspace/.derivedData/Build/Intermediates.noindex/OpenAPIKit.build/Debug-watchos/OpenAPIKitCompat-t.build/Objects-normal/arm64/OpenAPIKitCompat.swiftmodule -serialize-diagnostics -dependency-scan-serialize-diagnostics-path /Users/admin/builder/spi-builder-workspace/.derivedData/Build/Intermediates.noindex/OpenAPIKit.build/Debug-watchos/OpenAPIKitCompat-t.build/Objects-normal/arm64/OpenAPIKitCompat-dependency-scan.dia -user-module-version 6.4.0 -validate-clang-modules-once -clang-build-session-file /Users/admin/builder/spi-builder-workspace/.derivedData/ModuleCache.noindex/Session.modulevalidation -Xcc -fmodules-prune-interval\=86400 -Xcc -fmodules-prune-after\=345600 -package-name openapikit -emit-const-values -const-gather-protocols-list /Users/admin/builder/spi-builder-workspace/.derivedData/Build/Intermediates.noindex/OpenAPIKit.build/Debug-watchos/OpenAPIKitCompat-t.build/Objects-normal/arm64/OpenAPIKitCompat_const_extract_protocols.json -Xcc -I/Users/admin/builder/spi-builder-workspace/.derivedData/Build/Products/Debug-watchos/include -Xcc -I/Users/admin/builder/spi-builder-workspace/.derivedData/Build/Intermediates.noindex/OpenAPIKit.build/Debug-watchos/OpenAPIKitCompat-t.build/DerivedSources-normal/arm64 -Xcc -I/Users/admin/builder/spi-builder-workspace/.derivedData/Build/Intermediates.noindex/OpenAPIKit.build/Debug-watchos/OpenAPIKitCompat-t.build/DerivedSources/arm64 -Xcc -I/Users/admin/builder/spi-builder-workspace/.derivedData/Build/Intermediates.noindex/OpenAPIKit.build/Debug-watchos/OpenAPIKitCompat-t.build/DerivedSources -Xcc -DSWIFT_PACKAGE -Xcc -DDEBUG\=1 -emit-objc-header -emit-objc-header-path /Users/admin/builder/spi-builder-workspace/.derivedData/Build/Intermediates.noindex/OpenAPIKit.build/Debug-watchos/OpenAPIKitCompat-t.build/Objects-normal/arm64/OpenAPIKitCompat-Swift.h -working-directory /Users/admin/builder/spi-builder-workspace/.swiftpm/xcode -experimental-emit-module-separately -disable-cmo
SwiftDriver OpenAPIKitCompat normal arm64_32 com.apple.xcode.tools.swift.compiler (in target 'OpenAPIKitCompat' from project 'OpenAPIKit')
    cd /Users/admin/builder/spi-builder-workspace/.swiftpm/xcode
    builtin-SwiftDriver -- /Applications/Xcode-27.0.0.app/Contents/Developer/Toolchains/XcodeDefault.xctoolchain/usr/bin/swiftc -parse-as-library -module-name OpenAPIKitCompat -Onone @/Users/admin/builder/spi-builder-workspace/.derivedData/Build/Intermediates.noindex/OpenAPIKit.build/Debug-watchos/OpenAPIKitCompat-t.build/Objects-normal/arm64_32/OpenAPIKitCompat.SwiftFileList -DSWIFT_PACKAGE -DDEBUG -DSWIFT_MODULE_RESOURCE_BUNDLE_UNAVAILABLE -DXcode -plugin-path /Applications/Xcode-27.0.0.app/Contents/Developer/Toolchains/XcodeDefault.xctoolchain/usr/lib/swift/host/plugins/testing -enable-experimental-feature DebugDescriptionMacro -sdk /Applications/Xcode-27.0.0.app/Contents/Developer/Platforms/WatchOS.platform/Developer/SDKs/WatchOS27.0.sdk -target arm64_32-apple-watchos9.0 -g -module-cache-path /Users/admin/builder/spi-builder-workspace/.derivedData/ModuleCache.noindex -Xfrontend -serialize-debugging-options -profile-coverage-mapping -profile-generate -enable-testing -suppress-warnings -index-store-path /Users/admin/builder/spi-builder-workspace/.derivedData/Index.noindex/DataStore -Xcc -D_LIBCPP_HARDENING_MODE\=_LIBCPP_HARDENING_MODE_DEBUG -swift-version 6 -I /Users/admin/builder/spi-builder-workspace/.derivedData/Build/Products/Debug-watchos -Isystem /Applications/Xcode-27.0.0.app/Contents/Developer/Platforms/WatchOS.platform/Developer/usr/lib -F /Users/admin/builder/spi-builder-workspace/.derivedData/Build/Products/Debug-watchos/PackageFrameworks -F /Users/admin/builder/spi-builder-workspace/.derivedData/Build/Products/Debug-watchos -F /Applications/Xcode-27.0.0.app/Contents/Developer/Platforms/WatchOS.platform/Developer/Library/Frameworks -F /Applications/Xcode-27.0.0.app/Contents/Developer/Platforms/WatchOS.platform/Developer/SDKs/WatchOS27.0.sdk/Developer/Library/Frameworks -c -j10 -enable-batch-mode -incremental -Xcc -ivfsstatcache -Xcc /Users/admin/builder/spi-builder-workspace/.derivedData/SDKStatCaches.noindex/watchos27.0-24R360-e829b21a6f8c9b70876ba0858053c044b9db9bc9c079ee3c7b5f3373b13d10bc.sdkstatcache -output-file-map /Users/admin/builder/spi-builder-workspace/.derivedData/Build/Intermediates.noindex/OpenAPIKit.build/Debug-watchos/OpenAPIKitCompat-t.build/Objects-normal/arm64_32/OpenAPIKitCompat-OutputFileMap.json -save-temps -no-color-diagnostics -explicit-module-build -module-cache-path /Users/admin/builder/spi-builder-workspace/.derivedData/Build/Intermediates.noindex/SwiftExplicitPrecompiledModules -clang-scanner-module-cache-path /Users/admin/builder/spi-builder-workspace/.derivedData/ModuleCache.noindex -sdk-module-cache-path /Users/admin/builder/spi-builder-workspace/.derivedData/SDKExplicitPrecompiledModules -emit-dependencies -emit-module -emit-module-path /Users/admin/builder/spi-builder-workspace/.derivedData/Build/Intermediates.noindex/OpenAPIKit.build/Debug-watchos/OpenAPIKitCompat-t.build/Objects-normal/arm64_32/OpenAPIKitCompat.swiftmodule -serialize-diagnostics -dependency-scan-serialize-diagnostics-path /Users/admin/builder/spi-builder-workspace/.derivedData/Build/Intermediates.noindex/OpenAPIKit.build/Debug-watchos/OpenAPIKitCompat-t.build/Objects-normal/arm64_32/OpenAPIKitCompat-dependency-scan.dia -user-module-version 6.4.0 -validate-clang-modules-once -clang-build-session-file /Users/admin/builder/spi-builder-workspace/.derivedData/ModuleCache.noindex/Session.modulevalidation -Xcc -fmodules-prune-interval\=86400 -Xcc -fmodules-prune-after\=345600 -package-name openapikit -emit-const-values -const-gather-protocols-list /Users/admin/builder/spi-builder-workspace/.derivedData/Build/Intermediates.noindex/OpenAPIKit.build/Debug-watchos/OpenAPIKitCompat-t.build/Objects-normal/arm64_32/OpenAPIKitCompat_const_extract_protocols.json -Xcc -I/Users/admin/builder/spi-builder-workspace/.derivedData/Build/Products/Debug-watchos/include -Xcc -I/Users/admin/builder/spi-builder-workspace/.derivedData/Build/Intermediates.noindex/OpenAPIKit.build/Debug-watchos/OpenAPIKitCompat-t.build/DerivedSources-normal/arm64_32 -Xcc -I/Users/admin/builder/spi-builder-workspace/.derivedData/Build/Intermediates.noindex/OpenAPIKit.build/Debug-watchos/OpenAPIKitCompat-t.build/DerivedSources/arm64_32 -Xcc -I/Users/admin/builder/spi-builder-workspace/.derivedData/Build/Intermediates.noindex/OpenAPIKit.build/Debug-watchos/OpenAPIKitCompat-t.build/DerivedSources -Xcc -DSWIFT_PACKAGE -Xcc -DDEBUG\=1 -emit-objc-header -emit-objc-header-path /Users/admin/builder/spi-builder-workspace/.derivedData/Build/Intermediates.noindex/OpenAPIKit.build/Debug-watchos/OpenAPIKitCompat-t.build/Objects-normal/arm64_32/OpenAPIKitCompat-Swift.h -working-directory /Users/admin/builder/spi-builder-workspace/.swiftpm/xcode -experimental-emit-module-separately -disable-cmo
ExtractAppIntentsMetadata (in target 'OpenAPIKit30' from project 'OpenAPIKit')
    cd /Users/admin/builder/spi-builder-workspace/.dependencies/checkouts/OpenAPIKit
    /Applications/Xcode-27.0.0.app/Contents/Developer/Toolchains/XcodeDefault.xctoolchain/usr/bin/appintentsmetadataprocessor --toolchain-dir /var/run/com.apple.security.cryptexd/mnt/com.apple.MobileAsset.MetalToolchain-v27.1.266.1.Msnn1c/Metal.xctoolchain --module-name OpenAPIKit30 --sdk-root /Applications/Xcode-27.0.0.app/Contents/Developer/Platforms/WatchOS.platform/Developer/SDKs/WatchOS27.0.sdk --xcode-version 27A266a --platform-family watchOS --deployment-target 9.0 --bundle-identifier openapikit.OpenAPIKit30 --output /Users/admin/builder/spi-builder-workspace/.derivedData/Build/Products/Debug-watchos/OpenAPIKit30.appintents --target-triple arm64-apple-watchos9.0 --target-triple arm64_32-apple-watchos9.0 --binary-file /Users/admin/builder/spi-builder-workspace/.derivedData/Build/Products/Debug-watchos/OpenAPIKit30.o --dependency-file /Users/admin/builder/spi-builder-workspace/.derivedData/Build/Intermediates.noindex/OpenAPIKit.build/Debug-watchos/OpenAPIKit30-t.build/Objects-normal/arm64/OpenAPIKit30_dependency_info.dat --dependency-file /Users/admin/builder/spi-builder-workspace/.derivedData/Build/Intermediates.noindex/OpenAPIKit.build/Debug-watchos/OpenAPIKit30-t.build/Objects-normal/arm64_32/OpenAPIKit30_dependency_info.dat --stringsdata-file /Users/admin/builder/spi-builder-workspace/.derivedData/Build/Intermediates.noindex/OpenAPIKit.build/Debug-watchos/OpenAPIKit30-t.build/Objects-normal/arm64/ExtractedAppShortcutsMetadata.stringsdata --stringsdata-file /Users/admin/builder/spi-builder-workspace/.derivedData/Build/Intermediates.noindex/OpenAPIKit.build/Debug-watchos/OpenAPIKit30-t.build/Objects-normal/arm64_32/ExtractedAppShortcutsMetadata.stringsdata --source-file-list /Users/admin/builder/spi-builder-workspace/.derivedData/Build/Intermediates.noindex/OpenAPIKit.build/Debug-watchos/OpenAPIKit30-t.build/Objects-normal/arm64/OpenAPIKit30.SwiftFileList --source-file-list /Users/admin/builder/spi-builder-workspace/.derivedData/Build/Intermediates.noindex/OpenAPIKit.build/Debug-watchos/OpenAPIKit30-t.build/Objects-normal/arm64_32/OpenAPIKit30.SwiftFileList --metadata-file-list /Users/admin/builder/spi-builder-workspace/.derivedData/Build/Intermediates.noindex/OpenAPIKit.build/Debug-watchos/OpenAPIKit30-t.build/OpenAPIKit30.DependencyMetadataFileList --static-metadata-file-list /Users/admin/builder/spi-builder-workspace/.derivedData/Build/Intermediates.noindex/OpenAPIKit.build/Debug-watchos/OpenAPIKit30-t.build/OpenAPIKit30.DependencyStaticMetadataFileList --swift-const-vals-list /Users/admin/builder/spi-builder-workspace/.derivedData/Build/Intermediates.noindex/OpenAPIKit.build/Debug-watchos/OpenAPIKit30-t.build/Objects-normal/arm64/OpenAPIKit30.SwiftConstValuesFileList --swift-const-vals-list /Users/admin/builder/spi-builder-workspace/.derivedData/Build/Intermediates.noindex/OpenAPIKit.build/Debug-watchos/OpenAPIKit30-t.build/Objects-normal/arm64_32/OpenAPIKit30.SwiftConstValuesFileList --force --compile-time-extraction --deployment-aware-processing --no-app-shortcuts-localization
2026-10-28 04:30:03.495 appintentsmetadataprocessor[1462:8509] Starting appintentsmetadataprocessor export
2026-10-28 04:30:03.611 appintentsmetadataprocessor[1462:8509] Extracted no relevant App Intents symbols, skipping writing output
ExtractAppIntentsMetadata (in target 'Algorithms' from project 'swift-algorithms')
    cd /Users/admin/builder/spi-builder-workspace/.dependencies/checkouts/swift-algorithms
    /Applications/Xcode-27.0.0.app/Contents/Developer/Toolchains/XcodeDefault.xctoolchain/usr/bin/appintentsmetadataprocessor --toolchain-dir /var/run/com.apple.security.cryptexd/mnt/com.apple.MobileAsset.MetalToolchain-v27.1.266.1.Msnn1c/Metal.xctoolchain --module-name Algorithms --sdk-root /Applications/Xcode-27.0.0.app/Contents/Developer/Platforms/WatchOS.platform/Developer/SDKs/WatchOS27.0.sdk --xcode-version 27A266a --platform-family watchOS --deployment-target 9.0 --bundle-identifier swift-algorithms.Algorithms --output /Users/admin/builder/spi-builder-workspace/.derivedData/Build/Products/Debug-watchos/Algorithms.appintents --target-triple arm64-apple-watchos9.0 --target-triple arm64_32-apple-watchos9.0 --binary-file /Users/admin/builder/spi-builder-workspace/.derivedData/Build/Products/Debug-watchos/Algorithms.o --dependency-file /Users/admin/builder/spi-builder-workspace/.derivedData/Build/Intermediates.noindex/swift-algorithms.build/Debug-watchos/Algorithms-t.build/Objects-normal/arm64/Algorithms_dependency_info.dat --dependency-file /Users/admin/builder/spi-builder-workspace/.derivedData/Build/Intermediates.noindex/swift-algorithms.build/Debug-watchos/Algorithms-t.build/Objects-normal/arm64_32/Algorithms_dependency_info.dat --stringsdata-file /Users/admin/builder/spi-builder-workspace/.derivedData/Build/Intermediates.noindex/swift-algorithms.build/Debug-watchos/Algorithms-t.build/Objects-normal/arm64/ExtractedAppShortcutsMetadata.stringsdata --stringsdata-file /Users/admin/builder/spi-builder-workspace/.derivedData/Build/Intermediates.noindex/swift-algorithms.build/Debug-watchos/Algorithms-t.build/Objects-normal/arm64_32/ExtractedAppShortcutsMetadata.stringsdata --source-file-list /Users/admin/builder/spi-builder-workspace/.derivedData/Build/Intermediates.noindex/swift-algorithms.build/Debug-watchos/Algorithms-t.build/Objects-normal/arm64/Algorithms.SwiftFileList --source-file-list /Users/admin/builder/spi-builder-workspace/.derivedData/Build/Intermediates.noindex/swift-algorithms.build/Debug-watchos/Algorithms-t.build/Objects-normal/arm64_32/Algorithms.SwiftFileList --metadata-file-list /Users/admin/builder/spi-builder-workspace/.derivedData/Build/Intermediates.noindex/swift-algorithms.build/Debug-watchos/Algorithms-t.build/Algorithms.DependencyMetadataFileList --static-metadata-file-list /Users/admin/builder/spi-builder-workspace/.derivedData/Build/Intermediates.noindex/swift-algorithms.build/Debug-watchos/Algorithms-t.build/Algorithms.DependencyStaticMetadataFileList --swift-const-vals-list /Users/admin/builder/spi-builder-workspace/.derivedData/Build/Intermediates.noindex/swift-algorithms.build/Debug-watchos/Algorithms-t.build/Objects-normal/arm64/Algorithms.SwiftConstValuesFileList --swift-const-vals-list /Users/admin/builder/spi-builder-workspace/.derivedData/Build/Intermediates.noindex/swift-algorithms.build/Debug-watchos/Algorithms-t.build/Objects-normal/arm64_32/Algorithms.SwiftConstValuesFileList --force --compile-time-extraction --deployment-aware-processing --no-app-shortcuts-localization
2026-10-28 04:30:03.632 appintentsmetadataprocessor[1463:8581] Starting appintentsmetadataprocessor export
2026-10-28 04:30:03.710 appintentsmetadataprocessor[1463:8581] Extracted no relevant App Intents symbols, skipping writing output
SwiftDriverJobDiscovery normal arm64_32 Compiling Callbacks.swift, CodableVendorExtendable.swift, Components+JSONReference.swift, Components+Locatable.swift, Components.swift, Content.swift, ContentEncoding.swift, ContentPositionalEncoding.swift, DereferencedContent.swift (in target 'OpenAPIKit' from project 'OpenAPIKit')
SwiftEmitModule normal arm64 Emitting\ module\ for\ OpenAPIKitCompat (in target 'OpenAPIKitCompat' from project 'OpenAPIKit')
SwiftCompile normal arm64 (in target 'OpenAPIKitCompat' from project 'OpenAPIKit')
    cd /Users/admin/builder/spi-builder-workspace/.swiftpm/xcode

SwiftCompile normal arm64 Compiling\ Compat30To31.swift /Users/admin/builder/spi-builder-workspace/.dependencies/checkouts/OpenAPIKit/Sources/OpenAPIKitCompat/Compat30To31.swift (in target 'OpenAPIKitCompat' from project 'OpenAPIKit')
SwiftCompile normal arm64 /Users/admin/builder/spi-builder-workspace/.dependencies/checkouts/OpenAPIKit/Sources/OpenAPIKitCompat/Compat30To31.swift (in target 'OpenAPIKitCompat' from project 'OpenAPIKit')
    cd /Users/admin/builder/spi-builder-workspace/.swiftpm/xcode
    builtin-SwiftPerFileCompile Compat30To31.swift
SwiftCompile normal arm64 Compiling\ Either+Map.swift /Users/admin/builder/spi-builder-workspace/.dependencies/checkouts/OpenAPIKit/Sources/OpenAPIKitCompat/Either+Map.swift (in target 'OpenAPIKitCompat' from project 'OpenAPIKit')
SwiftCompile normal arm64 /Users/admin/builder/spi-builder-workspace/.dependencies/checkouts/OpenAPIKit/Sources/OpenAPIKitCompat/Either+Map.swift (in target 'OpenAPIKitCompat' from project 'OpenAPIKit')
    cd /Users/admin/builder/spi-builder-workspace/.swiftpm/xcode
    builtin-SwiftPerFileCompile Either+Map.swift
SwiftEmitModule normal arm64_32 Emitting\ module\ for\ OpenAPIKitCompat (in target 'OpenAPIKitCompat' from project 'OpenAPIKit')
SwiftCompile normal arm64_32 (in target 'OpenAPIKitCompat' from project 'OpenAPIKit')
    cd /Users/admin/builder/spi-builder-workspace/.swiftpm/xcode

SwiftDriverJobDiscovery normal arm64 Compiling DereferencedContentEncoding.swift, DereferencedContentPositionalEncoding.swift, Discriminator.swift, DereferencedDocument.swift, Document+URIResolution.swift, Document.swift, DocumentInfo.swift, ResolvedDocument.swift, Either+Convenience.swift (in target 'OpenAPIKit' from project 'OpenAPIKit')
SwiftCompile normal arm64_32 Compiling\ Either+Map.swift /Users/admin/builder/spi-builder-workspace/.dependencies/checkouts/OpenAPIKit/Sources/OpenAPIKitCompat/Either+Map.swift (in target 'OpenAPIKitCompat' from project 'OpenAPIKit')
SwiftCompile normal arm64_32 /Users/admin/builder/spi-builder-workspace/.dependencies/checkouts/OpenAPIKit/Sources/OpenAPIKitCompat/Either+Map.swift (in target 'OpenAPIKitCompat' from project 'OpenAPIKit')
    cd /Users/admin/builder/spi-builder-workspace/.swiftpm/xcode
    builtin-SwiftPerFileCompile Either+Map.swift
SwiftCompile normal arm64_32 Compiling\ Compat30To31.swift /Users/admin/builder/spi-builder-workspace/.dependencies/checkouts/OpenAPIKit/Sources/OpenAPIKitCompat/Compat30To31.swift (in target 'OpenAPIKitCompat' from project 'OpenAPIKit')
SwiftCompile normal arm64_32 /Users/admin/builder/spi-builder-workspace/.dependencies/checkouts/OpenAPIKit/Sources/OpenAPIKitCompat/Compat30To31.swift (in target 'OpenAPIKitCompat' from project 'OpenAPIKit')
    cd /Users/admin/builder/spi-builder-workspace/.swiftpm/xcode
    builtin-SwiftPerFileCompile Compat30To31.swift
SwiftDriverJobDiscovery normal arm64 Compiling Either+Map.swift (in target 'OpenAPIKitCompat' from project 'OpenAPIKit')
SwiftDriverJobDiscovery normal arm64_32 Compiling Either+Map.swift (in target 'OpenAPIKitCompat' from project 'OpenAPIKit')
SwiftDriverJobDiscovery normal arm64 Emitting module for OpenAPIKitCompat (in target 'OpenAPIKitCompat' from project 'OpenAPIKit')
SwiftDriver\ Compilation\ Requirements OpenAPIKitCompat normal arm64 com.apple.xcode.tools.swift.compiler (in target 'OpenAPIKitCompat' from project 'OpenAPIKit')
    cd /Users/admin/builder/spi-builder-workspace/.swiftpm/xcode
    builtin-Swift-Compilation-Requirements -- /Applications/Xcode-27.0.0.app/Contents/Developer/Toolchains/XcodeDefault.xctoolchain/usr/bin/swiftc -parse-as-library -module-name OpenAPIKitCompat -Onone @/Users/admin/builder/spi-builder-workspace/.derivedData/Build/Intermediates.noindex/OpenAPIKit.build/Debug-watchos/OpenAPIKitCompat-t.build/Objects-normal/arm64/OpenAPIKitCompat.SwiftFileList -DSWIFT_PACKAGE -DDEBUG -DSWIFT_MODULE_RESOURCE_BUNDLE_UNAVAILABLE -DXcode -plugin-path /Applications/Xcode-27.0.0.app/Contents/Developer/Toolchains/XcodeDefault.xctoolchain/usr/lib/swift/host/plugins/testing -enable-experimental-feature DebugDescriptionMacro -sdk /Applications/Xcode-27.0.0.app/Contents/Developer/Platforms/WatchOS.platform/Developer/SDKs/WatchOS27.0.sdk -target arm64-apple-watchos9.0 -g -module-cache-path /Users/admin/builder/spi-builder-workspace/.derivedData/ModuleCache.noindex -Xfrontend -serialize-debugging-options -profile-coverage-mapping -profile-generate -enable-testing -suppress-warnings -index-store-path /Users/admin/builder/spi-builder-workspace/.derivedData/Index.noindex/DataStore -Xcc -D_LIBCPP_HARDENING_MODE\=_LIBCPP_HARDENING_MODE_DEBUG -swift-version 6 -I /Users/admin/builder/spi-builder-workspace/.derivedData/Build/Products/Debug-watchos -Isystem /Applications/Xcode-27.0.0.app/Contents/Developer/Platforms/WatchOS.platform/Developer/usr/lib -F /Users/admin/builder/spi-builder-workspace/.derivedData/Build/Products/Debug-watchos/PackageFrameworks -F /Users/admin/builder/spi-builder-workspace/.derivedData/Build/Products/Debug-watchos -F /Applications/Xcode-27.0.0.app/Contents/Developer/Platforms/WatchOS.platform/Developer/Library/Frameworks -F /Applications/Xcode-27.0.0.app/Contents/Developer/Platforms/WatchOS.platform/Developer/SDKs/WatchOS27.0.sdk/Developer/Library/Frameworks -c -j10 -enable-batch-mode -incremental -Xcc -ivfsstatcache -Xcc /Users/admin/builder/spi-builder-workspace/.derivedData/SDKStatCaches.noindex/watchos27.0-24R360-e829b21a6f8c9b70876ba0858053c044b9db9bc9c079ee3c7b5f3373b13d10bc.sdkstatcache -output-file-map /Users/admin/builder/spi-builder-workspace/.derivedData/Build/Intermediates.noindex/OpenAPIKit.build/Debug-watchos/OpenAPIKitCompat-t.build/Objects-normal/arm64/OpenAPIKitCompat-OutputFileMap.json -save-temps -no-color-diagnostics -explicit-module-build -module-cache-path /Users/admin/builder/spi-builder-workspace/.derivedData/Build/Intermediates.noindex/SwiftExplicitPrecompiledModules -clang-scanner-module-cache-path /Users/admin/builder/spi-builder-workspace/.derivedData/ModuleCache.noindex -sdk-module-cache-path /Users/admin/builder/spi-builder-workspace/.derivedData/SDKExplicitPrecompiledModules -emit-dependencies -emit-module -emit-module-path /Users/admin/builder/spi-builder-workspace/.derivedData/Build/Intermediates.noindex/OpenAPIKit.build/Debug-watchos/OpenAPIKitCompat-t.build/Objects-normal/arm64/OpenAPIKitCompat.swiftmodule -serialize-diagnostics -dependency-scan-serialize-diagnostics-path /Users/admin/builder/spi-builder-workspace/.derivedData/Build/Intermediates.noindex/OpenAPIKit.build/Debug-watchos/OpenAPIKitCompat-t.build/Objects-normal/arm64/OpenAPIKitCompat-dependency-scan.dia -user-module-version 6.4.0 -validate-clang-modules-once -clang-build-session-file /Users/admin/builder/spi-builder-workspace/.derivedData/ModuleCache.noindex/Session.modulevalidation -Xcc -fmodules-prune-interval\=86400 -Xcc -fmodules-prune-after\=345600 -package-name openapikit -emit-const-values -const-gather-protocols-list /Users/admin/builder/spi-builder-workspace/.derivedData/Build/Intermediates.noindex/OpenAPIKit.build/Debug-watchos/OpenAPIKitCompat-t.build/Objects-normal/arm64/OpenAPIKitCompat_const_extract_protocols.json -Xcc -I/Users/admin/builder/spi-builder-workspace/.derivedData/Build/Products/Debug-watchos/include -Xcc -I/Users/admin/builder/spi-builder-workspace/.derivedData/Build/Intermediates.noindex/OpenAPIKit.build/Debug-watchos/OpenAPIKitCompat-t.build/DerivedSources-normal/arm64 -Xcc -I/Users/admin/builder/spi-builder-workspace/.derivedData/Build/Intermediates.noindex/OpenAPIKit.build/Debug-watchos/OpenAPIKitCompat-t.build/DerivedSources/arm64 -Xcc -I/Users/admin/builder/spi-builder-workspace/.derivedData/Build/Intermediates.noindex/OpenAPIKit.build/Debug-watchos/OpenAPIKitCompat-t.build/DerivedSources -Xcc -DSWIFT_PACKAGE -Xcc -DDEBUG\=1 -emit-objc-header -emit-objc-header-path /Users/admin/builder/spi-builder-workspace/.derivedData/Build/Intermediates.noindex/OpenAPIKit.build/Debug-watchos/OpenAPIKitCompat-t.build/Objects-normal/arm64/OpenAPIKitCompat-Swift.h -working-directory /Users/admin/builder/spi-builder-workspace/.swiftpm/xcode -experimental-emit-module-separately -disable-cmo
Copy /Users/admin/builder/spi-builder-workspace/.derivedData/Build/Products/Debug-watchos/OpenAPIKitCompat.swiftmodule/arm64-apple-watchos.swiftdoc /Users/admin/builder/spi-builder-workspace/.derivedData/Build/Intermediates.noindex/OpenAPIKit.build/Debug-watchos/OpenAPIKitCompat-t.build/Objects-normal/arm64/OpenAPIKitCompat.swiftdoc (in target 'OpenAPIKitCompat' from project 'OpenAPIKit')
    cd /Users/admin/builder/spi-builder-workspace/.dependencies/checkouts/OpenAPIKit
    builtin-copy -exclude .DS_Store -exclude CVS -exclude .svn -exclude .git -exclude .hg -resolve-src-symlinks -rename /Users/admin/builder/spi-builder-workspace/.derivedData/Build/Intermediates.noindex/OpenAPIKit.build/Debug-watchos/OpenAPIKitCompat-t.build/Objects-normal/arm64/OpenAPIKitCompat.swiftdoc /Users/admin/builder/spi-builder-workspace/.derivedData/Build/Products/Debug-watchos/OpenAPIKitCompat.swiftmodule/arm64-apple-watchos.swiftdoc
Copy /Users/admin/builder/spi-builder-workspace/.derivedData/Build/Products/Debug-watchos/OpenAPIKitCompat.swiftmodule/arm64-apple-watchos.swiftmodule /Users/admin/builder/spi-builder-workspace/.derivedData/Build/Intermediates.noindex/OpenAPIKit.build/Debug-watchos/OpenAPIKitCompat-t.build/Objects-normal/arm64/OpenAPIKitCompat.swiftmodule (in target 'OpenAPIKitCompat' from project 'OpenAPIKit')
    cd /Users/admin/builder/spi-builder-workspace/.dependencies/checkouts/OpenAPIKit
    builtin-copy -exclude .DS_Store -exclude CVS -exclude .svn -exclude .git -exclude .hg -resolve-src-symlinks -rename /Users/admin/builder/spi-builder-workspace/.derivedData/Build/Intermediates.noindex/OpenAPIKit.build/Debug-watchos/OpenAPIKitCompat-t.build/Objects-normal/arm64/OpenAPIKitCompat.swiftmodule /Users/admin/builder/spi-builder-workspace/.derivedData/Build/Products/Debug-watchos/OpenAPIKitCompat.swiftmodule/arm64-apple-watchos.swiftmodule
Copy /Users/admin/builder/spi-builder-workspace/.derivedData/Build/Products/Debug-watchos/OpenAPIKitCompat.swiftmodule/arm64-apple-watchos.abi.json /Users/admin/builder/spi-builder-workspace/.derivedData/Build/Intermediates.noindex/OpenAPIKit.build/Debug-watchos/OpenAPIKitCompat-t.build/Objects-normal/arm64/OpenAPIKitCompat.abi.json (in target 'OpenAPIKitCompat' from project 'OpenAPIKit')
    cd /Users/admin/builder/spi-builder-workspace/.dependencies/checkouts/OpenAPIKit
    builtin-copy -exclude .DS_Store -exclude CVS -exclude .svn -exclude .git -exclude .hg -resolve-src-symlinks -rename /Users/admin/builder/spi-builder-workspace/.derivedData/Build/Intermediates.noindex/OpenAPIKit.build/Debug-watchos/OpenAPIKitCompat-t.build/Objects-normal/arm64/OpenAPIKitCompat.abi.json /Users/admin/builder/spi-builder-workspace/.derivedData/Build/Products/Debug-watchos/OpenAPIKitCompat.swiftmodule/arm64-apple-watchos.abi.json
Copy /Users/admin/builder/spi-builder-workspace/.derivedData/Build/Products/Debug-watchos/OpenAPIKitCompat.swiftmodule/Project/arm64-apple-watchos.swiftsourceinfo /Users/admin/builder/spi-builder-workspace/.derivedData/Build/Intermediates.noindex/OpenAPIKit.build/Debug-watchos/OpenAPIKitCompat-t.build/Objects-normal/arm64/OpenAPIKitCompat.swiftsourceinfo (in target 'OpenAPIKitCompat' from project 'OpenAPIKit')
    cd /Users/admin/builder/spi-builder-workspace/.dependencies/checkouts/OpenAPIKit
    builtin-copy -exclude .DS_Store -exclude CVS -exclude .svn -exclude .git -exclude .hg -resolve-src-symlinks -rename /Users/admin/builder/spi-builder-workspace/.derivedData/Build/Intermediates.noindex/OpenAPIKit.build/Debug-watchos/OpenAPIKitCompat-t.build/Objects-normal/arm64/OpenAPIKitCompat.swiftsourceinfo /Users/admin/builder/spi-builder-workspace/.derivedData/Build/Products/Debug-watchos/OpenAPIKitCompat.swiftmodule/Project/arm64-apple-watchos.swiftsourceinfo
SwiftDriverJobDiscovery normal arm64_32 Emitting module for OpenAPIKitCompat (in target 'OpenAPIKitCompat' from project 'OpenAPIKit')
SwiftDriver\ Compilation\ Requirements OpenAPIKitCompat normal arm64_32 com.apple.xcode.tools.swift.compiler (in target 'OpenAPIKitCompat' from project 'OpenAPIKit')
    cd /Users/admin/builder/spi-builder-workspace/.swiftpm/xcode
    builtin-Swift-Compilation-Requirements -- /Applications/Xcode-27.0.0.app/Contents/Developer/Toolchains/XcodeDefault.xctoolchain/usr/bin/swiftc -parse-as-library -module-name OpenAPIKitCompat -Onone @/Users/admin/builder/spi-builder-workspace/.derivedData/Build/Intermediates.noindex/OpenAPIKit.build/Debug-watchos/OpenAPIKitCompat-t.build/Objects-normal/arm64_32/OpenAPIKitCompat.SwiftFileList -DSWIFT_PACKAGE -DDEBUG -DSWIFT_MODULE_RESOURCE_BUNDLE_UNAVAILABLE -DXcode -plugin-path /Applications/Xcode-27.0.0.app/Contents/Developer/Toolchains/XcodeDefault.xctoolchain/usr/lib/swift/host/plugins/testing -enable-experimental-feature DebugDescriptionMacro -sdk /Applications/Xcode-27.0.0.app/Contents/Developer/Platforms/WatchOS.platform/Developer/SDKs/WatchOS27.0.sdk -target arm64_32-apple-watchos9.0 -g -module-cache-path /Users/admin/builder/spi-builder-workspace/.derivedData/ModuleCache.noindex -Xfrontend -serialize-debugging-options -profile-coverage-mapping -profile-generate -enable-testing -suppress-warnings -index-store-path /Users/admin/builder/spi-builder-workspace/.derivedData/Index.noindex/DataStore -Xcc -D_LIBCPP_HARDENING_MODE\=_LIBCPP_HARDENING_MODE_DEBUG -swift-version 6 -I /Users/admin/builder/spi-builder-workspace/.derivedData/Build/Products/Debug-watchos -Isystem /Applications/Xcode-27.0.0.app/Contents/Developer/Platforms/WatchOS.platform/Developer/usr/lib -F /Users/admin/builder/spi-builder-workspace/.derivedData/Build/Products/Debug-watchos/PackageFrameworks -F /Users/admin/builder/spi-builder-workspace/.derivedData/Build/Products/Debug-watchos -F /Applications/Xcode-27.0.0.app/Contents/Developer/Platforms/WatchOS.platform/Developer/Library/Frameworks -F /Applications/Xcode-27.0.0.app/Contents/Developer/Platforms/WatchOS.platform/Developer/SDKs/WatchOS27.0.sdk/Developer/Library/Frameworks -c -j10 -enable-batch-mode -incremental -Xcc -ivfsstatcache -Xcc /Users/admin/builder/spi-builder-workspace/.derivedData/SDKStatCaches.noindex/watchos27.0-24R360-e829b21a6f8c9b70876ba0858053c044b9db9bc9c079ee3c7b5f3373b13d10bc.sdkstatcache -output-file-map /Users/admin/builder/spi-builder-workspace/.derivedData/Build/Intermediates.noindex/OpenAPIKit.build/Debug-watchos/OpenAPIKitCompat-t.build/Objects-normal/arm64_32/OpenAPIKitCompat-OutputFileMap.json -save-temps -no-color-diagnostics -explicit-module-build -module-cache-path /Users/admin/builder/spi-builder-workspace/.derivedData/Build/Intermediates.noindex/SwiftExplicitPrecompiledModules -clang-scanner-module-cache-path /Users/admin/builder/spi-builder-workspace/.derivedData/ModuleCache.noindex -sdk-module-cache-path /Users/admin/builder/spi-builder-workspace/.derivedData/SDKExplicitPrecompiledModules -emit-dependencies -emit-module -emit-module-path /Users/admin/builder/spi-builder-workspace/.derivedData/Build/Intermediates.noindex/OpenAPIKit.build/Debug-watchos/OpenAPIKitCompat-t.build/Objects-normal/arm64_32/OpenAPIKitCompat.swiftmodule -serialize-diagnostics -dependency-scan-serialize-diagnostics-path /Users/admin/builder/spi-builder-workspace/.derivedData/Build/Intermediates.noindex/OpenAPIKit.build/Debug-watchos/OpenAPIKitCompat-t.build/Objects-normal/arm64_32/OpenAPIKitCompat-dependency-scan.dia -user-module-version 6.4.0 -validate-clang-modules-once -clang-build-session-file /Users/admin/builder/spi-builder-workspace/.derivedData/ModuleCache.noindex/Session.modulevalidation -Xcc -fmodules-prune-interval\=86400 -Xcc -fmodules-prune-after\=345600 -package-name openapikit -emit-const-values -const-gather-protocols-list /Users/admin/builder/spi-builder-workspace/.derivedData/Build/Intermediates.noindex/OpenAPIKit.build/Debug-watchos/OpenAPIKitCompat-t.build/Objects-normal/arm64_32/OpenAPIKitCompat_const_extract_protocols.json -Xcc -I/Users/admin/builder/spi-builder-workspace/.derivedData/Build/Products/Debug-watchos/include -Xcc -I/Users/admin/builder/spi-builder-workspace/.derivedData/Build/Intermediates.noindex/OpenAPIKit.build/Debug-watchos/OpenAPIKitCompat-t.build/DerivedSources-normal/arm64_32 -Xcc -I/Users/admin/builder/spi-builder-workspace/.derivedData/Build/Intermediates.noindex/OpenAPIKit.build/Debug-watchos/OpenAPIKitCompat-t.build/DerivedSources/arm64_32 -Xcc -I/Users/admin/builder/spi-builder-workspace/.derivedData/Build/Intermediates.noindex/OpenAPIKit.build/Debug-watchos/OpenAPIKitCompat-t.build/DerivedSources -Xcc -DSWIFT_PACKAGE -Xcc -DDEBUG\=1 -emit-objc-header -emit-objc-header-path /Users/admin/builder/spi-builder-workspace/.derivedData/Build/Intermediates.noindex/OpenAPIKit.build/Debug-watchos/OpenAPIKitCompat-t.build/Objects-normal/arm64_32/OpenAPIKitCompat-Swift.h -working-directory /Users/admin/builder/spi-builder-workspace/.swiftpm/xcode -experimental-emit-module-separately -disable-cmo
SwiftMergeGeneratedHeaders /Users/admin/builder/spi-builder-workspace/.derivedData/Build/Intermediates.noindex/GeneratedModuleMaps-watchos/OpenAPIKitCompat-Swift.h /Users/admin/builder/spi-builder-workspace/.derivedData/Build/Intermediates.noindex/OpenAPIKit.build/Debug-watchos/OpenAPIKitCompat-t.build/Objects-normal/arm64/OpenAPIKitCompat-Swift.h /Users/admin/builder/spi-builder-workspace/.derivedData/Build/Intermediates.noindex/OpenAPIKit.build/Debug-watchos/OpenAPIKitCompat-t.build/Objects-normal/arm64_32/OpenAPIKitCompat-Swift.h (in target 'OpenAPIKitCompat' from project 'OpenAPIKit')
    cd /Users/admin/builder/spi-builder-workspace/.dependencies/checkouts/OpenAPIKit
    builtin-swiftHeaderTool -arch arm64 /Users/admin/builder/spi-builder-workspace/.derivedData/Build/Intermediates.noindex/OpenAPIKit.build/Debug-watchos/OpenAPIKitCompat-t.build/Objects-normal/arm64/OpenAPIKitCompat-Swift.h -arch arm64_32 /Users/admin/builder/spi-builder-workspace/.derivedData/Build/Intermediates.noindex/OpenAPIKit.build/Debug-watchos/OpenAPIKitCompat-t.build/Objects-normal/arm64_32/OpenAPIKitCompat-Swift.h -o /Users/admin/builder/spi-builder-workspace/.derivedData/Build/Intermediates.noindex/GeneratedModuleMaps-watchos/OpenAPIKitCompat-Swift.h
Copy /Users/admin/builder/spi-builder-workspace/.derivedData/Build/Products/Debug-watchos/OpenAPIKitCompat.swiftmodule/arm64_32-apple-watchos.swiftmodule /Users/admin/builder/spi-builder-workspace/.derivedData/Build/Intermediates.noindex/OpenAPIKit.build/Debug-watchos/OpenAPIKitCompat-t.build/Objects-normal/arm64_32/OpenAPIKitCompat.swiftmodule (in target 'OpenAPIKitCompat' from project 'OpenAPIKit')
    cd /Users/admin/builder/spi-builder-workspace/.dependencies/checkouts/OpenAPIKit
    builtin-copy -exclude .DS_Store -exclude CVS -exclude .svn -exclude .git -exclude .hg -resolve-src-symlinks -rename /Users/admin/builder/spi-builder-workspace/.derivedData/Build/Intermediates.noindex/OpenAPIKit.build/Debug-watchos/OpenAPIKitCompat-t.build/Objects-normal/arm64_32/OpenAPIKitCompat.swiftmodule /Users/admin/builder/spi-builder-workspace/.derivedData/Build/Products/Debug-watchos/OpenAPIKitCompat.swiftmodule/arm64_32-apple-watchos.swiftmodule
Copy /Users/admin/builder/spi-builder-workspace/.derivedData/Build/Products/Debug-watchos/OpenAPIKitCompat.swiftmodule/arm64_32-apple-watchos.swiftdoc /Users/admin/builder/spi-builder-workspace/.derivedData/Build/Intermediates.noindex/OpenAPIKit.build/Debug-watchos/OpenAPIKitCompat-t.build/Objects-normal/arm64_32/OpenAPIKitCompat.swiftdoc (in target 'OpenAPIKitCompat' from project 'OpenAPIKit')
    cd /Users/admin/builder/spi-builder-workspace/.dependencies/checkouts/OpenAPIKit
    builtin-copy -exclude .DS_Store -exclude CVS -exclude .svn -exclude .git -exclude .hg -resolve-src-symlinks -rename /Users/admin/builder/spi-builder-workspace/.derivedData/Build/Intermediates.noindex/OpenAPIKit.build/Debug-watchos/OpenAPIKitCompat-t.build/Objects-normal/arm64_32/OpenAPIKitCompat.swiftdoc /Users/admin/builder/spi-builder-workspace/.derivedData/Build/Products/Debug-watchos/OpenAPIKitCompat.swiftmodule/arm64_32-apple-watchos.swiftdoc
Copy /Users/admin/builder/spi-builder-workspace/.derivedData/Build/Products/Debug-watchos/OpenAPIKitCompat.swiftmodule/arm64_32-apple-watchos.abi.json /Users/admin/builder/spi-builder-workspace/.derivedData/Build/Intermediates.noindex/OpenAPIKit.build/Debug-watchos/OpenAPIKitCompat-t.build/Objects-normal/arm64_32/OpenAPIKitCompat.abi.json (in target 'OpenAPIKitCompat' from project 'OpenAPIKit')
    cd /Users/admin/builder/spi-builder-workspace/.dependencies/checkouts/OpenAPIKit
    builtin-copy -exclude .DS_Store -exclude CVS -exclude .svn -exclude .git -exclude .hg -resolve-src-symlinks -rename /Users/admin/builder/spi-builder-workspace/.derivedData/Build/Intermediates.noindex/OpenAPIKit.build/Debug-watchos/OpenAPIKitCompat-t.build/Objects-normal/arm64_32/OpenAPIKitCompat.abi.json /Users/admin/builder/spi-builder-workspace/.derivedData/Build/Products/Debug-watchos/OpenAPIKitCompat.swiftmodule/arm64_32-apple-watchos.abi.json
Copy /Users/admin/builder/spi-builder-workspace/.derivedData/Build/Products/Debug-watchos/OpenAPIKitCompat.swiftmodule/Project/arm64_32-apple-watchos.swiftsourceinfo /Users/admin/builder/spi-builder-workspace/.derivedData/Build/Intermediates.noindex/OpenAPIKit.build/Debug-watchos/OpenAPIKitCompat-t.build/Objects-normal/arm64_32/OpenAPIKitCompat.swiftsourceinfo (in target 'OpenAPIKitCompat' from project 'OpenAPIKit')
    cd /Users/admin/builder/spi-builder-workspace/.dependencies/checkouts/OpenAPIKit
    builtin-copy -exclude .DS_Store -exclude CVS -exclude .svn -exclude .git -exclude .hg -resolve-src-symlinks -rename /Users/admin/builder/spi-builder-workspace/.derivedData/Build/Intermediates.noindex/OpenAPIKit.build/Debug-watchos/OpenAPIKitCompat-t.build/Objects-normal/arm64_32/OpenAPIKitCompat.swiftsourceinfo /Users/admin/builder/spi-builder-workspace/.derivedData/Build/Products/Debug-watchos/OpenAPIKitCompat.swiftmodule/Project/arm64_32-apple-watchos.swiftsourceinfo
SwiftDriver _OpenAPIGeneratorCore normal arm64_32 com.apple.xcode.tools.swift.compiler (in target '_OpenAPIGeneratorCore' from project 'swift-openapi-generator')
    cd /Users/admin/builder/spi-builder-workspace/.swiftpm/xcode
    builtin-SwiftDriver -- /Applications/Xcode-27.0.0.app/Contents/Developer/Toolchains/XcodeDefault.xctoolchain/usr/bin/swiftc -parse-as-library -module-name _OpenAPIGeneratorCore -Onone @/Users/admin/builder/spi-builder-workspace/.derivedData/Build/Intermediates.noindex/swift-openapi-generator.build/Debug-watchos/_OpenAPIGeneratorCore-t.build/Objects-normal/arm64_32/_OpenAPIGeneratorCore.SwiftFileList -DSWIFT_PACKAGE -DDEBUG -DSWIFT_MODULE_RESOURCE_BUNDLE_UNAVAILABLE -Xcc -fmodule-map-file\=/Users/admin/builder/spi-builder-workspace/.dependencies/checkouts/swift-numerics/Sources/_NumericsShims/include/module.modulemap -Xcc -fmodule-map-file\=/Users/admin/builder/spi-builder-workspace/.dependencies/checkouts/Yams/Sources/CYaml/include/module.modulemap -DXcode -enable-upcoming-feature MemberImportVisibility -enable-upcoming-feature ExistentialAny -enable-upcoming-feature InternalImportsByDefault -plugin-path /Applications/Xcode-27.0.0.app/Contents/Developer/Toolchains/XcodeDefault.xctoolchain/usr/lib/swift/host/plugins/testing -enable-experimental-feature DebugDescriptionMacro -sdk /Applications/Xcode-27.0.0.app/Contents/Developer/Platforms/WatchOS.platform/Developer/SDKs/WatchOS27.0.sdk -target arm64_32-apple-watchos9.0 -g -module-cache-path /Users/admin/builder/spi-builder-workspace/.derivedData/ModuleCache.noindex -Xfrontend -serialize-debugging-options -profile-coverage-mapping -profile-generate -enable-testing -index-store-path /Users/admin/builder/spi-builder-workspace/.derivedData/Index.noindex/DataStore -Xcc -D_LIBCPP_HARDENING_MODE\=_LIBCPP_HARDENING_MODE_DEBUG -swift-version 6 -I /Users/admin/builder/spi-builder-workspace/.derivedData/Build/Products/Debug-watchos -Isystem /Applications/Xcode-27.0.0.app/Contents/Developer/Platforms/WatchOS.platform/Developer/usr/lib -F /Users/admin/builder/spi-builder-workspace/.derivedData/Build/Products/Debug-watchos/PackageFrameworks -F /Users/admin/builder/spi-builder-workspace/.derivedData/Build/Products/Debug-watchos -F /Applications/Xcode-27.0.0.app/Contents/Developer/Platforms/WatchOS.platform/Developer/Library/Frameworks -F /Applications/Xcode-27.0.0.app/Contents/Developer/Platforms/WatchOS.platform/Developer/SDKs/WatchOS27.0.sdk/Developer/Library/Frameworks -c -j10 -enable-batch-mode -incremental -Xcc -ivfsstatcache -Xcc /Users/admin/builder/spi-builder-workspace/.derivedData/SDKStatCaches.noindex/watchos27.0-24R360-e829b21a6f8c9b70876ba0858053c044b9db9bc9c079ee3c7b5f3373b13d10bc.sdkstatcache -output-file-map /Users/admin/builder/spi-builder-workspace/.derivedData/Build/Intermediates.noindex/swift-openapi-generator.build/Debug-watchos/_OpenAPIGeneratorCore-t.build/Objects-normal/arm64_32/_OpenAPIGeneratorCore-OutputFileMap.json -save-temps -no-color-diagnostics -explicit-module-build -module-cache-path /Users/admin/builder/spi-builder-workspace/.derivedData/Build/Intermediates.noindex/SwiftExplicitPrecompiledModules -clang-scanner-module-cache-path /Users/admin/builder/spi-builder-workspace/.derivedData/ModuleCache.noindex -sdk-module-cache-path /Users/admin/builder/spi-builder-workspace/.derivedData/SDKExplicitPrecompiledModules -emit-dependencies -emit-module -emit-module-path /Users/admin/builder/spi-builder-workspace/.derivedData/Build/Intermediates.noindex/swift-openapi-generator.build/Debug-watchos/_OpenAPIGeneratorCore-t.build/Objects-normal/arm64_32/_OpenAPIGeneratorCore.swiftmodule -serialize-diagnostics -dependency-scan-serialize-diagnostics-path /Users/admin/builder/spi-builder-workspace/.derivedData/Build/Intermediates.noindex/swift-openapi-generator.build/Debug-watchos/_OpenAPIGeneratorCore-t.build/Objects-normal/arm64_32/_OpenAPIGeneratorCore-dependency-scan.dia -validate-clang-modules-once -clang-build-session-file /Users/admin/builder/spi-builder-workspace/.derivedData/ModuleCache.noindex/Session.modulevalidation -Xcc -fmodules-prune-interval\=86400 -Xcc -fmodules-prune-after\=345600 -package-name spi_builder_workspace -emit-const-values -const-gather-protocols-list /Users/admin/builder/spi-builder-workspace/.derivedData/Build/Intermediates.noindex/swift-openapi-generator.build/Debug-watchos/_OpenAPIGeneratorCore-t.build/Objects-normal/arm64_32/_OpenAPIGeneratorCore_const_extract_protocols.json -Xcc -I/Users/admin/builder/spi-builder-workspace/.dependencies/checkouts/swift-numerics/Sources/_NumericsShims/include -Xcc -I/Users/admin/builder/spi-builder-workspace/.dependencies/checkouts/Yams/Sources/CYaml/include -Xcc -I/Users/admin/builder/spi-builder-workspace/.derivedData/Build/Products/Debug-watchos/include -Xcc -I/Users/admin/builder/spi-builder-workspace/.derivedData/Build/Intermediates.noindex/swift-openapi-generator.build/Debug-watchos/_OpenAPIGeneratorCore-t.build/DerivedSources-normal/arm64_32 -Xcc -I/Users/admin/builder/spi-builder-workspace/.derivedData/Build/Intermediates.noindex/swift-openapi-generator.build/Debug-watchos/_OpenAPIGeneratorCore-t.build/DerivedSources/arm64_32 -Xcc -I/Users/admin/builder/spi-builder-workspace/.derivedData/Build/Intermediates.noindex/swift-openapi-generator.build/Debug-watchos/_OpenAPIGeneratorCore-t.build/DerivedSources -Xcc -DSWIFT_PACKAGE -Xcc -DDEBUG\=1 -emit-objc-header -emit-objc-header-path /Users/admin/builder/spi-builder-workspace/.derivedData/Build/Intermediates.noindex/swift-openapi-generator.build/Debug-watchos/_OpenAPIGeneratorCore-t.build/Objects-normal/arm64_32/_OpenAPIGeneratorCore-Swift.h -working-directory /Users/admin/builder/spi-builder-workspace/.swiftpm/xcode -experimental-emit-module-separately -disable-cmo
/Users/admin/builder/spi-builder-workspace/Sources/_OpenAPIGeneratorCore/PlatformChecks.swift:21:5: error: _OpenAPIGeneratorCore is only to be used by swift-openapi-generator itself—your target should not link this library or the command line tool directly. (in target '_OpenAPIGeneratorCore' from project 'swift-openapi-generator')
SwiftDriver _OpenAPIGeneratorCore normal arm64 com.apple.xcode.tools.swift.compiler (in target '_OpenAPIGeneratorCore' from project 'swift-openapi-generator')
    cd /Users/admin/builder/spi-builder-workspace/.swiftpm/xcode
    builtin-SwiftDriver -- /Applications/Xcode-27.0.0.app/Contents/Developer/Toolchains/XcodeDefault.xctoolchain/usr/bin/swiftc -parse-as-library -module-name _OpenAPIGeneratorCore -Onone @/Users/admin/builder/spi-builder-workspace/.derivedData/Build/Intermediates.noindex/swift-openapi-generator.build/Debug-watchos/_OpenAPIGeneratorCore-t.build/Objects-normal/arm64/_OpenAPIGeneratorCore.SwiftFileList -DSWIFT_PACKAGE -DDEBUG -DSWIFT_MODULE_RESOURCE_BUNDLE_UNAVAILABLE -Xcc -fmodule-map-file\=/Users/admin/builder/spi-builder-workspace/.dependencies/checkouts/swift-numerics/Sources/_NumericsShims/include/module.modulemap -Xcc -fmodule-map-file\=/Users/admin/builder/spi-builder-workspace/.dependencies/checkouts/Yams/Sources/CYaml/include/module.modulemap -DXcode -enable-upcoming-feature MemberImportVisibility -enable-upcoming-feature ExistentialAny -enable-upcoming-feature InternalImportsByDefault -plugin-path /Applications/Xcode-27.0.0.app/Contents/Developer/Toolchains/XcodeDefault.xctoolchain/usr/lib/swift/host/plugins/testing -enable-experimental-feature DebugDescriptionMacro -sdk /Applications/Xcode-27.0.0.app/Contents/Developer/Platforms/WatchOS.platform/Developer/SDKs/WatchOS27.0.sdk -target arm64-apple-watchos9.0 -g -module-cache-path /Users/admin/builder/spi-builder-workspace/.derivedData/ModuleCache.noindex -Xfrontend -serialize-debugging-options -profile-coverage-mapping -profile-generate -enable-testing -index-store-path /Users/admin/builder/spi-builder-workspace/.derivedData/Index.noindex/DataStore -Xcc -D_LIBCPP_HARDENING_MODE\=_LIBCPP_HARDENING_MODE_DEBUG -swift-version 6 -I /Users/admin/builder/spi-builder-workspace/.derivedData/Build/Products/Debug-watchos -Isystem /Applications/Xcode-27.0.0.app/Contents/Developer/Platforms/WatchOS.platform/Developer/usr/lib -F /Users/admin/builder/spi-builder-workspace/.derivedData/Build/Products/Debug-watchos/PackageFrameworks -F /Users/admin/builder/spi-builder-workspace/.derivedData/Build/Products/Debug-watchos -F /Applications/Xcode-27.0.0.app/Contents/Developer/Platforms/WatchOS.platform/Developer/Library/Frameworks -F /Applications/Xcode-27.0.0.app/Contents/Developer/Platforms/WatchOS.platform/Developer/SDKs/WatchOS27.0.sdk/Developer/Library/Frameworks -c -j10 -enable-batch-mode -incremental -Xcc -ivfsstatcache -Xcc /Users/admin/builder/spi-builder-workspace/.derivedData/SDKStatCaches.noindex/watchos27.0-24R360-e829b21a6f8c9b70876ba0858053c044b9db9bc9c079ee3c7b5f3373b13d10bc.sdkstatcache -output-file-map /Users/admin/builder/spi-builder-workspace/.derivedData/Build/Intermediates.noindex/swift-openapi-generator.build/Debug-watchos/_OpenAPIGeneratorCore-t.build/Objects-normal/arm64/_OpenAPIGeneratorCore-OutputFileMap.json -save-temps -no-color-diagnostics -explicit-module-build -module-cache-path /Users/admin/builder/spi-builder-workspace/.derivedData/Build/Intermediates.noindex/SwiftExplicitPrecompiledModules -clang-scanner-module-cache-path /Users/admin/builder/spi-builder-workspace/.derivedData/ModuleCache.noindex -sdk-module-cache-path /Users/admin/builder/spi-builder-workspace/.derivedData/SDKExplicitPrecompiledModules -emit-dependencies -emit-module -emit-module-path /Users/admin/builder/spi-builder-workspace/.derivedData/Build/Intermediates.noindex/swift-openapi-generator.build/Debug-watchos/_OpenAPIGeneratorCore-t.build/Objects-normal/arm64/_OpenAPIGeneratorCore.swiftmodule -serialize-diagnostics -dependency-scan-serialize-diagnostics-path /Users/admin/builder/spi-builder-workspace/.derivedData/Build/Intermediates.noindex/swift-openapi-generator.build/Debug-watchos/_OpenAPIGeneratorCore-t.build/Objects-normal/arm64/_OpenAPIGeneratorCore-dependency-scan.dia -validate-clang-modules-once -clang-build-session-file /Users/admin/builder/spi-builder-workspace/.derivedData/ModuleCache.noindex/Session.modulevalidation -Xcc -fmodules-prune-interval\=86400 -Xcc -fmodules-prune-after\=345600 -package-name spi_builder_workspace -emit-const-values -const-gather-protocols-list /Users/admin/builder/spi-builder-workspace/.derivedData/Build/Intermediates.noindex/swift-openapi-generator.build/Debug-watchos/_OpenAPIGeneratorCore-t.build/Objects-normal/arm64/_OpenAPIGeneratorCore_const_extract_protocols.json -Xcc -I/Users/admin/builder/spi-builder-workspace/.dependencies/checkouts/swift-numerics/Sources/_NumericsShims/include -Xcc -I/Users/admin/builder/spi-builder-workspace/.dependencies/checkouts/Yams/Sources/CYaml/include -Xcc -I/Users/admin/builder/spi-builder-workspace/.derivedData/Build/Products/Debug-watchos/include -Xcc -I/Users/admin/builder/spi-builder-workspace/.derivedData/Build/Intermediates.noindex/swift-openapi-generator.build/Debug-watchos/_OpenAPIGeneratorCore-t.build/DerivedSources-normal/arm64 -Xcc -I/Users/admin/builder/spi-builder-workspace/.derivedData/Build/Intermediates.noindex/swift-openapi-generator.build/Debug-watchos/_OpenAPIGeneratorCore-t.build/DerivedSources/arm64 -Xcc -I/Users/admin/builder/spi-builder-workspace/.derivedData/Build/Intermediates.noindex/swift-openapi-generator.build/Debug-watchos/_OpenAPIGeneratorCore-t.build/DerivedSources -Xcc -DSWIFT_PACKAGE -Xcc -DDEBUG\=1 -emit-objc-header -emit-objc-header-path /Users/admin/builder/spi-builder-workspace/.derivedData/Build/Intermediates.noindex/swift-openapi-generator.build/Debug-watchos/_OpenAPIGeneratorCore-t.build/Objects-normal/arm64/_OpenAPIGeneratorCore-Swift.h -working-directory /Users/admin/builder/spi-builder-workspace/.swiftpm/xcode -experimental-emit-module-separately -disable-cmo
/Users/admin/builder/spi-builder-workspace/Sources/_OpenAPIGeneratorCore/PlatformChecks.swift:21:5: error: _OpenAPIGeneratorCore is only to be used by swift-openapi-generator itself—your target should not link this library or the command line tool directly. (in target '_OpenAPIGeneratorCore' from project 'swift-openapi-generator')
SwiftDriverJobDiscovery normal arm64 Compiling Compat30To31.swift (in target 'OpenAPIKitCompat' from project 'OpenAPIKit')
SwiftDriver\ Compilation OpenAPIKitCompat normal arm64 com.apple.xcode.tools.swift.compiler (in target 'OpenAPIKitCompat' from project 'OpenAPIKit')
    cd /Users/admin/builder/spi-builder-workspace/.swiftpm/xcode
    builtin-Swift-Compilation -- /Applications/Xcode-27.0.0.app/Contents/Developer/Toolchains/XcodeDefault.xctoolchain/usr/bin/swiftc -parse-as-library -module-name OpenAPIKitCompat -Onone @/Users/admin/builder/spi-builder-workspace/.derivedData/Build/Intermediates.noindex/OpenAPIKit.build/Debug-watchos/OpenAPIKitCompat-t.build/Objects-normal/arm64/OpenAPIKitCompat.SwiftFileList -DSWIFT_PACKAGE -DDEBUG -DSWIFT_MODULE_RESOURCE_BUNDLE_UNAVAILABLE -DXcode -plugin-path /Applications/Xcode-27.0.0.app/Contents/Developer/Toolchains/XcodeDefault.xctoolchain/usr/lib/swift/host/plugins/testing -enable-experimental-feature DebugDescriptionMacro -sdk /Applications/Xcode-27.0.0.app/Contents/Developer/Platforms/WatchOS.platform/Developer/SDKs/WatchOS27.0.sdk -target arm64-apple-watchos9.0 -g -module-cache-path /Users/admin/builder/spi-builder-workspace/.derivedData/ModuleCache.noindex -Xfrontend -serialize-debugging-options -profile-coverage-mapping -profile-generate -enable-testing -suppress-warnings -index-store-path /Users/admin/builder/spi-builder-workspace/.derivedData/Index.noindex/DataStore -Xcc -D_LIBCPP_HARDENING_MODE\=_LIBCPP_HARDENING_MODE_DEBUG -swift-version 6 -I /Users/admin/builder/spi-builder-workspace/.derivedData/Build/Products/Debug-watchos -Isystem /Applications/Xcode-27.0.0.app/Contents/Developer/Platforms/WatchOS.platform/Developer/usr/lib -F /Users/admin/builder/spi-builder-workspace/.derivedData/Build/Products/Debug-watchos/PackageFrameworks -F /Users/admin/builder/spi-builder-workspace/.derivedData/Build/Products/Debug-watchos -F /Applications/Xcode-27.0.0.app/Contents/Developer/Platforms/WatchOS.platform/Developer/Library/Frameworks -F /Applications/Xcode-27.0.0.app/Contents/Developer/Platforms/WatchOS.platform/Developer/SDKs/WatchOS27.0.sdk/Developer/Library/Frameworks -c -j10 -enable-batch-mode -incremental -Xcc -ivfsstatcache -Xcc /Users/admin/builder/spi-builder-workspace/.derivedData/SDKStatCaches.noindex/watchos27.0-24R360-e829b21a6f8c9b70876ba0858053c044b9db9bc9c079ee3c7b5f3373b13d10bc.sdkstatcache -output-file-map /Users/admin/builder/spi-builder-workspace/.derivedData/Build/Intermediates.noindex/OpenAPIKit.build/Debug-watchos/OpenAPIKitCompat-t.build/Objects-normal/arm64/OpenAPIKitCompat-OutputFileMap.json -save-temps -no-color-diagnostics -explicit-module-build -module-cache-path /Users/admin/builder/spi-builder-workspace/.derivedData/Build/Intermediates.noindex/SwiftExplicitPrecompiledModules -clang-scanner-module-cache-path /Users/admin/builder/spi-builder-workspace/.derivedData/ModuleCache.noindex -sdk-module-cache-path /Users/admin/builder/spi-builder-workspace/.derivedData/SDKExplicitPrecompiledModules -emit-dependencies -emit-module -emit-module-path /Users/admin/builder/spi-builder-workspace/.derivedData/Build/Intermediates.noindex/OpenAPIKit.build/Debug-watchos/OpenAPIKitCompat-t.build/Objects-normal/arm64/OpenAPIKitCompat.swiftmodule -serialize-diagnostics -dependency-scan-serialize-diagnostics-path /Users/admin/builder/spi-builder-workspace/.derivedData/Build/Intermediates.noindex/OpenAPIKit.build/Debug-watchos/OpenAPIKitCompat-t.build/Objects-normal/arm64/OpenAPIKitCompat-dependency-scan.dia -user-module-version 6.4.0 -validate-clang-modules-once -clang-build-session-file /Users/admin/builder/spi-builder-workspace/.derivedData/ModuleCache.noindex/Session.modulevalidation -Xcc -fmodules-prune-interval\=86400 -Xcc -fmodules-prune-after\=345600 -package-name openapikit -emit-const-values -const-gather-protocols-list /Users/admin/builder/spi-builder-workspace/.derivedData/Build/Intermediates.noindex/OpenAPIKit.build/Debug-watchos/OpenAPIKitCompat-t.build/Objects-normal/arm64/OpenAPIKitCompat_const_extract_protocols.json -Xcc -I/Users/admin/builder/spi-builder-workspace/.derivedData/Build/Products/Debug-watchos/include -Xcc -I/Users/admin/builder/spi-builder-workspace/.derivedData/Build/Intermediates.noindex/OpenAPIKit.build/Debug-watchos/OpenAPIKitCompat-t.build/DerivedSources-normal/arm64 -Xcc -I/Users/admin/builder/spi-builder-workspace/.derivedData/Build/Intermediates.noindex/OpenAPIKit.build/Debug-watchos/OpenAPIKitCompat-t.build/DerivedSources/arm64 -Xcc -I/Users/admin/builder/spi-builder-workspace/.derivedData/Build/Intermediates.noindex/OpenAPIKit.build/Debug-watchos/OpenAPIKitCompat-t.build/DerivedSources -Xcc -DSWIFT_PACKAGE -Xcc -DDEBUG\=1 -emit-objc-header -emit-objc-header-path /Users/admin/builder/spi-builder-workspace/.derivedData/Build/Intermediates.noindex/OpenAPIKit.build/Debug-watchos/OpenAPIKitCompat-t.build/Objects-normal/arm64/OpenAPIKitCompat-Swift.h -working-directory /Users/admin/builder/spi-builder-workspace/.swiftpm/xcode -experimental-emit-module-separately -disable-cmo
PruneExplicitPrecompiledModules /Users/admin/builder/spi-builder-workspace/.derivedData/Build/Intermediates.noindex/ExplicitPrecompiledModules
PruneExplicitPrecompiledModules /Users/admin/builder/spi-builder-workspace/.derivedData/Build/Intermediates.noindex/SwiftExplicitPrecompiledModules
PruneExplicitPrecompiledModules /Users/admin/builder/spi-builder-workspace/.derivedData/SDKExplicitPrecompiledModules
2026-10-28 04:29:42.519 xcodebuild[970:5855] [MT] IDERunDestination: Supported platforms for the buildables in the current scheme is empty.
** BUILD FAILED **
The following build commands failed:
	SwiftDriver _OpenAPIGeneratorCore normal arm64_32 com.apple.xcode.tools.swift.compiler (in target '_OpenAPIGeneratorCore' from project 'swift-openapi-generator')
	SwiftDriver _OpenAPIGeneratorCore normal arm64 com.apple.xcode.tools.swift.compiler (in target '_OpenAPIGeneratorCore' from project 'swift-openapi-generator')
	Building workspace swift-openapi-generator with scheme swift-openapi-generator-Package
(3 failures)
Command line invocation:
    /Applications/Xcode-27.0.0.app/Contents/Developer/usr/bin/xcodebuild -IDEClonedSourcePackagesDirPathOverride=/Users/admin/builder/spi-builder-workspace/.dependencies -resolvePackageDependencies
Resolve Package Graph
Resolved source packages:
  swift-openapi-runtime: https://github.com/apple/swift-openapi-runtime @ 1.13.3
  Yams: https://github.com/jpsim/Yams @ 6.2.2
  swift-http-types: https://github.com/apple/swift-http-types @ 1.8.0
  OpenAPIKit: https://github.com/mattpolzin/OpenAPIKit @ 6.4.0
  swift-algorithms: https://github.com/apple/swift-algorithms @ 1.2.1
  swift-numerics: https://github.com/apple/swift-numerics.git @ 1.1.1
  swift-openapi-generator: /Users/admin/builder/spi-builder-workspace
  swift-argument-parser: https://github.com/apple/swift-argument-parser @ 1.8.2
resolved source packages: swift-openapi-runtime, Yams, swift-http-types, OpenAPIKit, swift-algorithms, swift-numerics, swift-openapi-generator, swift-argument-parser
2026-10-28 04:30:07.959 xcodebuild[1470:8734] [MT] IDERunDestination: Supported platforms for the buildables in the current scheme is empty.
{
  "dependencies" : [
    {
      "identity" : "swift-algorithms",
      "requirement" : {
        "range" : [
          {
            "lower_bound" : "1.2.0",
            "upper_bound" : "2.0.0"
          }
        ]
      },
      "type" : "sourceControl",
      "url" : "https://github.com/apple/swift-algorithms"
    },
    {
      "identity" : "openapikit",
      "requirement" : {
        "range" : [
          {
            "lower_bound" : "6.1.0",
            "upper_bound" : "7.0.0"
          }
        ]
      },
      "type" : "sourceControl",
      "url" : "https://github.com/mattpolzin/OpenAPIKit"
    },
    {
      "identity" : "yams",
      "requirement" : {
        "range" : [
          {
            "lower_bound" : "4.0.0",
            "upper_bound" : "7.0.0"
          }
        ]
      },
      "type" : "sourceControl",
      "url" : "https://github.com/jpsim/Yams"
    },
    {
      "identity" : "swift-argument-parser",
      "requirement" : {
        "range" : [
          {
            "lower_bound" : "1.3.0",
            "upper_bound" : "2.0.0"
          }
        ]
      },
      "type" : "sourceControl",
      "url" : "https://github.com/apple/swift-argument-parser"
    },
    {
      "identity" : "swift-openapi-runtime",
      "requirement" : {
        "range" : [
          {
            "lower_bound" : "1.13.0",
            "upper_bound" : "2.0.0"
          }
        ]
      },
      "type" : "sourceControl",
      "url" : "https://github.com/apple/swift-openapi-runtime"
    },
    {
      "identity" : "swift-http-types",
      "requirement" : {
        "range" : [
          {
            "lower_bound" : "1.7.0",
            "upper_bound" : "2.0.0"
          }
        ]
      },
      "type" : "sourceControl",
      "url" : "https://github.com/apple/swift-http-types"
    }
  ],
  "manifest_display_name" : "swift-openapi-generator",
  "name" : "swift-openapi-generator",
  "path" : "/Users/admin/builder/spi-builder-workspace",
  "platforms" : [
    {
      "name" : "macos",
      "version" : "10.15"
    },
    {
      "name" : "ios",
      "version" : "13.0"
    },
    {
      "name" : "tvos",
      "version" : "13.0"
    },
    {
      "name" : "watchos",
      "version" : "6.0"
    },
    {
      "name" : "visionos",
      "version" : "1.0"
    }
  ],
  "products" : [
    {
      "name" : "swift-openapi-generator",
      "targets" : [
        "swift-openapi-generator"
      ],
      "type" : {
        "executable" : null
      }
    },
    {
      "name" : "OpenAPIGenerator",
      "targets" : [
        "OpenAPIGenerator"
      ],
      "type" : {
        "plugin" : null
      }
    },
    {
      "name" : "OpenAPIGeneratorCommand",
      "targets" : [
        "OpenAPIGeneratorCommand"
      ],
      "type" : {
        "plugin" : null
      }
    },
    {
      "name" : "_OpenAPIGeneratorCore",
      "targets" : [
        "_OpenAPIGeneratorCore"
      ],
      "type" : {
        "library" : [
          "automatic"
        ]
      }
    }
  ],
  "targets" : [
    {
      "c99name" : "swift_openapi_generator",
      "module_type" : "SwiftTarget",
      "name" : "swift-openapi-generator",
      "path" : "Sources/swift-openapi-generator",
      "product_dependencies" : [
        "ArgumentParser"
      ],
      "product_memberships" : [
        "swift-openapi-generator",
        "OpenAPIGenerator",
        "OpenAPIGeneratorCommand"
      ],
      "sources" : [
        "Extensions.swift",
        "FilterCommand.swift",
        "GenerateCommand.swift",
        "GenerateOptions+runGenerator.swift",
        "GenerateOptions.swift",
        "PluginSource.swift",
        "Tool.swift",
        "runGenerator.swift"
      ],
      "target_dependencies" : [
        "_OpenAPIGeneratorCore"
      ],
      "type" : "executable"
    },
    {
      "c99name" : "_OpenAPIGeneratorCore",
      "module_type" : "SwiftTarget",
      "name" : "_OpenAPIGeneratorCore",
      "path" : "Sources/_OpenAPIGeneratorCore",
      "product_dependencies" : [
        "OpenAPIKit",
        "OpenAPIKit30",
        "OpenAPIKitCompat",
        "Algorithms",
        "Yams"
      ],
      "product_memberships" : [
        "swift-openapi-generator",
        "OpenAPIGenerator",
        "OpenAPIGeneratorCommand",
        "_OpenAPIGeneratorCore"
      ],
      "sources" : [
        "Config.swift",
        "Diagnostics.swift",
        "DiagnosticsCollectorProvider.swift",
        "Errors.swift",
        "Extensions/Foundation.swift",
        "Extensions/OpenAPIKit.swift",
        "Extensions/String.swift",
        "Extensions/SwiftStandardLibrary.swift",
        "FeatureFlags.swift",
        "GeneratorMode.swift",
        "GeneratorPipeline.swift",
        "GeneratorPipelineStage.swift",
        "Hooks/DocumentFilter.swift",
        "Hooks/FilteredDocument.swift",
        "Layers/ParsedOpenAPIRepresentation.swift",
        "Layers/RenderedSwiftRepresentation.swift",
        "Layers/StructuredSwiftRepresentation.swift",
        "Parser/ParserProtocol.swift",
        "Parser/YamsParser.swift",
        "Parser/validateDoc.swift",
        "PlatformChecks.swift",
        "Renderer/RendererProtocol.swift",
        "Renderer/TextBasedRenderer.swift",
        "Translator/ClientTranslator/ClientTranslator.swift",
        "Translator/ClientTranslator/translateClientMethod.swift",
        "Translator/CommonTranslations/translateAllAnyOneOf.swift",
        "Translator/CommonTranslations/translateArray.swift",
        "Translator/CommonTranslations/translateCodable.swift",
        "Translator/CommonTranslations/translateObjectStruct.swift",
        "Translator/CommonTranslations/translateRawEnum.swift",
        "Translator/CommonTranslations/translateRawRepresentableEnum.swift",
        "Translator/CommonTranslations/translateSchema.swift",
        "Translator/CommonTranslations/translateStructBlueprint.swift",
        "Translator/CommonTranslations/translateTypealias.swift",
        "Translator/CommonTypes/Annotations.swift",
        "Translator/CommonTypes/CommentExtensions.swift",
        "Translator/CommonTypes/Constants.swift",
        "Translator/CommonTypes/DiscriminatorExtensions.swift",
        "Translator/CommonTypes/SchemaOverrides.swift",
        "Translator/CommonTypes/StructBlueprint.swift",
        "Translator/Content/CodingStrategy.swift",
        "Translator/Content/ContentInspector.swift",
        "Translator/Content/ContentType.swift",
        "Translator/Content/SchemaContent.swift",
        "Translator/FileTranslator+FeatureFlags.swift",
        "Translator/FileTranslator.swift",
        "Translator/Multipart/MultipartAdditionalProperties.swift",
        "Translator/Multipart/MultipartContent.swift",
        "Translator/Multipart/MultipartContentInspector.swift",
        "Translator/Multipart/translateMultipart.swift",
        "Translator/MultiplexTranslator.swift",
        "Translator/Operations/OperationDescription.swift",
        "Translator/Parameters/TypedParameter.swift",
        "Translator/Parameters/translateParameter.swift",
        "Translator/Recursion/DeclarationRecursionDetector.swift",
        "Translator/Recursion/RecursionDetector.swift",
        "Translator/RequestBody/TypedRequestBody.swift",
        "Translator/RequestBody/translateRequestBody.swift",
        "Translator/Responses/HTTPStatusCodes.swift",
        "Translator/Responses/ResponseKind.swift",
        "Translator/Responses/TypedResponse.swift",
        "Translator/Responses/TypedResponseHeader.swift",
        "Translator/Responses/acceptHeaderContentTypes.swift",
        "Translator/Responses/translateResponse.swift",
        "Translator/Responses/translateResponseHeader.swift",
        "Translator/Responses/translateResponseOutcome.swift",
        "Translator/ServerTranslator/ServerTranslator.swift",
        "Translator/ServerTranslator/translateServerMethod.swift",
        "Translator/TranslatorProtocol.swift",
        "Translator/TypeAssignment/Builtins.swift",
        "Translator/TypeAssignment/ReferenceStack.swift",
        "Translator/TypeAssignment/SafeNameGenerator.swift",
        "Translator/TypeAssignment/TypeAssigner.swift",
        "Translator/TypeAssignment/TypeLocation.swift",
        "Translator/TypeAssignment/TypeMatcher.swift",
        "Translator/TypeAssignment/TypeName.swift",
        "Translator/TypeAssignment/TypeUsage.swift",
        "Translator/TypeAssignment/isSchemaSupported.swift",
        "Translator/TypesTranslator/TypesFileTranslator.swift",
        "Translator/TypesTranslator/translateAPIProtocol.swift",
        "Translator/TypesTranslator/translateBoxedTypes.swift",
        "Translator/TypesTranslator/translateComponentHeaders.swift",
        "Translator/TypesTranslator/translateComponentParameters.swift",
        "Translator/TypesTranslator/translateComponentRequestBodies.swift",
        "Translator/TypesTranslator/translateComponentResponses.swift",
        "Translator/TypesTranslator/translateComponents.swift",
        "Translator/TypesTranslator/translateOperations.swift",
        "Translator/TypesTranslator/translateSchemas.swift",
        "Translator/TypesTranslator/translateServers.swift",
        "Translator/TypesTranslator/translateServersVariables.swift",
        "TypeOverrides.swift",
        "UserConfig.swift",
        "YamlFileDiagnosticsCollector.swift"
      ],
      "type" : "library"
    },
    {
      "c99name" : "PetstoreConsumerTests",
      "module_type" : "SwiftTarget",
      "name" : "PetstoreConsumerTests",
      "path" : "Tests/PetstoreConsumerTests",
      "sources" : [
        "Common.swift",
        "Generated/Client.swift",
        "Generated/Server.swift",
        "Generated/Types+Components+Headers.swift",
        "Generated/Types+Components+Parameters.swift",
        "Generated/Types+Components+RequestBodies.swift",
        "Generated/Types+Components+Responses.swift",
        "Generated/Types+Components+Schemas.swift",
        "Generated/Types+Components.swift",
        "Generated/Types+Operations.swift",
        "Generated/Types.swift",
        "TestClient.swift",
        "TestServer.swift",
        "Test_Client.swift",
        "Test_Playground.swift",
        "Test_Server.swift",
        "Test_Types.swift"
      ],
      "target_dependencies" : [
        "PetstoreConsumerTestCore"
      ],
      "type" : "test"
    },
    {
      "c99name" : "PetstoreConsumerTestCore",
      "module_type" : "SwiftTarget",
      "name" : "PetstoreConsumerTestCore",
      "path" : "Sources/PetstoreConsumerTestCore",
      "product_dependencies" : [
        "OpenAPIRuntime",
        "HTTPTypes"
      ],
      "sources" : [
        "Assertions.swift",
        "Common.swift",
        "TestClientTransport.swift",
        "TestServerTransport.swift"
      ],
      "type" : "library"
    },
    {
      "c99name" : "OpenAPIGeneratorTests",
      "module_type" : "SwiftTarget",
      "name" : "OpenAPIGeneratorTests",
      "path" : "Tests/OpenAPIGeneratorTests",
      "product_dependencies" : [
        "ArgumentParser"
      ],
      "resources" : [
        {
          "path" : "/Users/admin/builder/spi-builder-workspace/Tests/OpenAPIGeneratorTests/Resources",
          "rule" : {
            "copy" : {
            }
          }
        }
      ],
      "sources" : [
        "Test_GenerateOptions.swift"
      ],
      "target_dependencies" : [
        "_OpenAPIGeneratorCore",
        "swift-openapi-generator"
      ],
      "type" : "test"
    },
    {
      "c99name" : "OpenAPIGeneratorReferenceTests",
      "module_type" : "SwiftTarget",
      "name" : "OpenAPIGeneratorReferenceTests",
      "path" : "Tests/OpenAPIGeneratorReferenceTests",
      "resources" : [
        {
          "path" : "/Users/admin/builder/spi-builder-workspace/Tests/OpenAPIGeneratorReferenceTests/Resources",
          "rule" : {
            "copy" : {
            }
          }
        }
      ],
      "sources" : [
        "CompatabilityTest.swift",
        "FileBasedReferenceTests.swift",
        "Helpers.swift",
        "SnippetBasedReferenceTests.swift",
        "XCTestDiagnosticCollector.swift"
      ],
      "target_dependencies" : [
        "_OpenAPIGeneratorCore"
      ],
      "type" : "test"
    },
    {
      "c99name" : "OpenAPIGeneratorCoreTests",
      "module_type" : "SwiftTarget",
      "name" : "OpenAPIGeneratorCoreTests",
      "path" : "Tests/OpenAPIGeneratorCoreTests",
      "sources" : [
        "Extensions/Test_SwiftSafeNames.swift",
        "Hooks/Test_FilteredDocument.swift",
        "Hooks/Test_TypesFileTranslatorFileSplitting.swift",
        "Parser/Test_YamsParser.swift",
        "Parser/Test_validateDoc.swift",
        "Renderer/Test_TextBasedRenderer.swift",
        "StructureHelpers.swift",
        "TestUtilities.swift",
        "Test_Config.swift",
        "Test_ConfigJSONSchema.swift",
        "Test_DiagnosticsCollectorProvider.swift",
        "Translator/CommonTranslations/Test_translateCodable.swift",
        "Translator/CommonTranslations/Test_translateStringEnum.swift",
        "Translator/CommonTranslations/Test_translateStructBlueprint.swift",
        "Translator/CommonTypes/Test_DiscriminatorExtensions.swift",
        "Translator/Content/Test_ContentType.swift",
        "Translator/Multipart/Test_MultipartAdditionalProperties.swift",
        "Translator/Multipart/Test_MultipartContentInspector.swift",
        "Translator/Operations/Test_OperationDescription.swift",
        "Translator/TypeAssignment/Test_RecursionDetector_Generic.swift",
        "Translator/TypeAssignment/Test_TypeAssigner.swift",
        "Translator/TypeAssignment/Test_TypeMatcher.swift",
        "Translator/TypeAssignment/Test_isSchemaSupported.swift",
        "Translator/TypesTranslator/Test_translateSchemas.swift"
      ],
      "target_dependencies" : [
        "_OpenAPIGeneratorCore"
      ],
      "type" : "test"
    },
    {
      "c99name" : "OpenAPIGeneratorCommand",
      "module_type" : "PluginTarget",
      "name" : "OpenAPIGeneratorCommand",
      "path" : "Plugins/OpenAPIGeneratorCommand",
      "plugin_capability" : {
        "intent" : {
          "description" : "Generate Swift code from an OpenAPI document.",
          "type" : "custom",
          "verb" : "generate-code-from-openapi"
        },
        "permissions" : [
          {
            "network_scope" : {
              "none" : {
              }
            },
            "reason" : "To write the generated Swift files back into the source directory of the package.",
            "type" : "writeToPackageDirectory"
          }
        ],
        "type" : "command"
      },
      "product_memberships" : [
        "OpenAPIGeneratorCommand"
      ],
      "sources" : [
        "PluginsShared/GeneratorMode.swift",
        "PluginsShared/PluginError.swift",
        "PluginsShared/PluginSource.swift",
        "PluginsShared/PluginUtils.swift",
        "plugin.swift"
      ],
      "target_dependencies" : [
        "swift-openapi-generator"
      ],
      "type" : "plugin"
    },
    {
      "c99name" : "OpenAPIGenerator",
      "module_type" : "PluginTarget",
      "name" : "OpenAPIGenerator",
      "path" : "Plugins/OpenAPIGenerator",
      "plugin_capability" : {
        "type" : "buildTool"
      },
      "product_memberships" : [
        "OpenAPIGenerator"
      ],
      "sources" : [
        "PluginsShared/GeneratorMode.swift",
        "PluginsShared/PluginError.swift",
        "PluginsShared/PluginSource.swift",
        "PluginsShared/PluginUtils.swift",
        "plugin.swift"
      ],
      "target_dependencies" : [
        "swift-openapi-generator"
      ],
      "type" : "plugin"
    }
  ],
  "tools_version" : "6.2"
}
{
  "workspace" : {
    "name" : "swift-openapi-generator",
    "schemes" : [
      "_OpenAPIGeneratorCore",
      "swift-openapi-generator",
      "swift-openapi-generator-Package"
    ]
  }
}
2026-10-28 04:30:11.961 xcodebuild[1496:8913] [MT] IDERunDestination: Supported platforms for the buildables in the current scheme is empty.
Running build ...
env DEVELOPER_DIR=/Applications/Xcode-27.0.0.app xcrun xcodebuild -IDEClonedSourcePackagesDirPathOverride=$PWD/.dependencies -skipMacroValidation -skipPackagePluginValidation -derivedDataPath $PWD/.derivedData build -scheme swift-openapi-generator-Package -destination generic/platform=watchOS
Command line invocation:
    /Applications/Xcode-27.0.0.app/Contents/Developer/usr/bin/xcodebuild -IDEClonedSourcePackagesDirPathOverride=/Users/admin/builder/spi-builder-workspace/.dependencies -skipMacroValidation -skipPackagePluginValidation -derivedDataPath /Users/admin/builder/spi-builder-workspace/.derivedData build -scheme swift-openapi-generator-Package -destination generic/platform=watchOS
Resolve Package Graph
Resolved source packages:
  Yams: https://github.com/jpsim/Yams @ 6.2.2
  OpenAPIKit: https://github.com/mattpolzin/OpenAPIKit @ 6.4.0
  swift-argument-parser: https://github.com/apple/swift-argument-parser @ 1.8.2
  swift-openapi-generator: /Users/admin/builder/spi-builder-workspace
  swift-algorithms: https://github.com/apple/swift-algorithms @ 1.2.1
  swift-http-types: https://github.com/apple/swift-http-types @ 1.8.0
  swift-openapi-runtime: https://github.com/apple/swift-openapi-runtime @ 1.13.3
  swift-numerics: https://github.com/apple/swift-numerics.git @ 1.1.1
ComputePackagePrebuildTargetDependencyGraph
Prepare packages
Compile plug-in “OpenAPIGenerator” in package “spi-builder-workspace”
[debug]: Compiling plugin to executable at /Users/admin/builder/spi-builder-workspace/.derivedData/Build/Products/PluginExecutables/OpenAPIGenerator
[debug]: Using compiler /Applications/Xcode-27.0.0.app/Contents/Developer/Toolchains/XcodeDefault.xctoolchain/usr/bin/swiftc
[debug]: Plugin compilation output directory '/Users/admin/builder/spi-builder-workspace/.derivedData/Build/Products/PluginExecutables'
[debug]: Computed hash of plugin compilation inputs: 2d16170d7b34466ec6f43d4fd68d45121c0f80a3cf55b7000d1e6f1f6a63ddaa
/Applications/Xcode-27.0.0.app/Contents/Developer/Toolchains/XcodeDefault.xctoolchain/usr/bin/swiftc -L /Applications/Xcode-27.0.0.app/Contents/SharedFrameworks/SwiftPM.framework/SharedSupport/PluginAPI -lPackagePlugin -Xlinker -rpath -Xlinker /Applications/Xcode-27.0.0.app/Contents/SharedFrameworks/SwiftPM.framework/SharedSupport/PluginAPI -target arm64-apple-macos14.0 -plugin-path /Applications/Xcode-27.0.0.app/Contents/Developer/Toolchains/XcodeDefault.xctoolchain/usr/lib/swift/host/plugins/testing -sdk /Applications/Xcode-27.0.0.app/Contents/Developer/Platforms/MacOSX.platform/Developer/SDKs/MacOSX27.0.sdk -g -swift-version 6 -package-description-version 6.2.0 -I /Applications/Xcode-27.0.0.app/Contents/SharedFrameworks/SwiftPM.framework/SharedSupport/PluginAPI -sdk /Applications/Xcode-27.0.0.app/Contents/Developer/Platforms/MacOSX.platform/Developer/SDKs/MacOSX27.0.sdk -parse-as-library -j10 -Xfrontend -serialize-diagnostics-path -Xfrontend /Users/admin/builder/spi-builder-workspace/.derivedData/Build/Products/PluginExecutables/OpenAPIGeneratorCommand.dia /Users/admin/builder/spi-builder-workspace/Plugins/OpenAPIGeneratorCommand/PluginsShared/GeneratorMode.swift /Users/admin/builder/spi-builder-workspace/Plugins/OpenAPIGeneratorCommand/PluginsShared/PluginError.swift /Users/admin/builder/spi-builder-workspace/Plugins/OpenAPIGeneratorCommand/PluginsShared/PluginSource.swift /Users/admin/builder/spi-builder-workspace/Plugins/OpenAPIGeneratorCommand/PluginsShared/PluginUtils.swift /Users/admin/builder/spi-builder-workspace/Plugins/OpenAPIGeneratorCommand/plugin.swift -o /Users/admin/builder/spi-builder-workspace/.derivedData/Build/Products/PluginExecutables/OpenAPIGeneratorCommand
[debug]: Compiling plugin to executable at /Users/admin/builder/spi-builder-workspace/.derivedData/Build/Products/PluginExecutables/OpenAPIGeneratorCommand
[debug]: Using compiler /Applications/Xcode-27.0.0.app/Contents/Developer/Toolchains/XcodeDefault.xctoolchain/usr/bin/swiftc
[debug]: Plugin compilation output directory '/Users/admin/builder/spi-builder-workspace/.derivedData/Build/Products/PluginExecutables'
[debug]: Computed hash of plugin compilation inputs: 1a3d1e530b15ed16397b349cb6e81ddb1d2cd4953b1f4e174042372b0ed1dcf3
Process build tool plug-in results
CreateBuildRequest
SendProjectDescription
CreateBuildOperation
ComputeTargetDependencyGraph
note: Building targets in dependency order
note: Target dependency graph (21 targets)
    Target 'swift-openapi-generator-product' in project 'swift-openapi-generator'
        ➜ Explicit dependency on target '_OpenAPIGeneratorCore' in project 'swift-openapi-generator'
        ➜ Explicit dependency on target 'OpenAPIKit-product' in project 'OpenAPIKit'
        ➜ Explicit dependency on target 'OpenAPIKit30-product' in project 'OpenAPIKit'
        ➜ Explicit dependency on target 'OpenAPIKitCompat-product' in project 'OpenAPIKit'
        ➜ Explicit dependency on target 'Algorithms-product' in project 'swift-algorithms'
        ➜ Explicit dependency on target 'Yams-product' in project 'Yams'
        ➜ Explicit dependency on target 'ArgumentParser-product' in project 'swift-argument-parser'
    Target 'ArgumentParser-product' in project 'swift-argument-parser'
        ➜ Explicit dependency on target 'ArgumentParser' in project 'swift-argument-parser'
        ➜ Explicit dependency on target 'ArgumentParserToolInfo' in project 'swift-argument-parser'
    Target 'ArgumentParser' in project 'swift-argument-parser'
        ➜ Explicit dependency on target 'ArgumentParserToolInfo' in project 'swift-argument-parser'
    Target 'ArgumentParserToolInfo' in project 'swift-argument-parser' (no dependencies)
    Target '_OpenAPIGeneratorCore-product' in project 'swift-openapi-generator'
        ➜ Explicit dependency on target '_OpenAPIGeneratorCore' in project 'swift-openapi-generator'
        ➜ Explicit dependency on target 'OpenAPIKit-product' in project 'OpenAPIKit'
        ➜ Explicit dependency on target 'OpenAPIKit30-product' in project 'OpenAPIKit'
        ➜ Explicit dependency on target 'OpenAPIKitCompat-product' in project 'OpenAPIKit'
        ➜ Explicit dependency on target 'Algorithms-product' in project 'swift-algorithms'
        ➜ Explicit dependency on target 'Yams-product' in project 'Yams'
    Target '_OpenAPIGeneratorCore' in project 'swift-openapi-generator'
        ➜ Explicit dependency on target 'OpenAPIKit-product' in project 'OpenAPIKit'
        ➜ Explicit dependency on target 'OpenAPIKit30-product' in project 'OpenAPIKit'
        ➜ Explicit dependency on target 'OpenAPIKitCompat-product' in project 'OpenAPIKit'
        ➜ Explicit dependency on target 'Algorithms-product' in project 'swift-algorithms'
        ➜ Explicit dependency on target 'Yams-product' in project 'Yams'
    Target 'Yams-product' in project 'Yams'
        ➜ Explicit dependency on target 'Yams' in project 'Yams'
        ➜ Explicit dependency on target 'CYaml' in project 'Yams'
    Target 'Yams' in project 'Yams'
        ➜ Explicit dependency on target 'CYaml' in project 'Yams'
    Target 'CYaml' in project 'Yams' (no dependencies)
    Target 'Algorithms-product' in project 'swift-algorithms'
        ➜ Explicit dependency on target 'Algorithms' in project 'swift-algorithms'
        ➜ Explicit dependency on target 'RealModule-product' in project 'swift-numerics'
    Target 'Algorithms' in project 'swift-algorithms'
        ➜ Explicit dependency on target 'RealModule-product' in project 'swift-numerics'
    Target 'RealModule-product' in project 'swift-numerics'
        ➜ Explicit dependency on target 'RealModule' in project 'swift-numerics'
        ➜ Explicit dependency on target '_NumericsShims' in project 'swift-numerics'
    Target 'RealModule' in project 'swift-numerics'
        ➜ Explicit dependency on target '_NumericsShims' in project 'swift-numerics'
    Target '_NumericsShims' in project 'swift-numerics' (no dependencies)
    Target 'OpenAPIKitCompat-product' in project 'OpenAPIKit'
        ➜ Explicit dependency on target 'OpenAPIKitCompat' in project 'OpenAPIKit'
        ➜ Explicit dependency on target 'OpenAPIKitCore' in project 'OpenAPIKit'
        ➜ Explicit dependency on target 'OpenAPIKit30' in project 'OpenAPIKit'
        ➜ Explicit dependency on target 'OpenAPIKit' in project 'OpenAPIKit'
    Target 'OpenAPIKitCompat' in project 'OpenAPIKit'
        ➜ Explicit dependency on target 'OpenAPIKitCore' in project 'OpenAPIKit'
        ➜ Explicit dependency on target 'OpenAPIKit30' in project 'OpenAPIKit'
        ➜ Explicit dependency on target 'OpenAPIKit' in project 'OpenAPIKit'
    Target 'OpenAPIKit30-product' in project 'OpenAPIKit'
        ➜ Explicit dependency on target 'OpenAPIKit30' in project 'OpenAPIKit'
        ➜ Explicit dependency on target 'OpenAPIKitCore' in project 'OpenAPIKit'
    Target 'OpenAPIKit30' in project 'OpenAPIKit'
        ➜ Explicit dependency on target 'OpenAPIKitCore' in project 'OpenAPIKit'
    Target 'OpenAPIKit-product' in project 'OpenAPIKit'
        ➜ Explicit dependency on target 'OpenAPIKit' in project 'OpenAPIKit'
        ➜ Explicit dependency on target 'OpenAPIKitCore' in project 'OpenAPIKit'
    Target 'OpenAPIKit' in project 'OpenAPIKit'
        ➜ Explicit dependency on target 'OpenAPIKitCore' in project 'OpenAPIKit'
    Target 'OpenAPIKitCore' in project 'OpenAPIKit' (no dependencies)
GatherProvisioningInputs
CreateBuildDescription
ClangStatCache /Applications/Xcode-27.0.0.app/Contents/Developer/Toolchains/XcodeDefault.xctoolchain/usr/bin/clang-stat-cache /Applications/Xcode-27.0.0.app/Contents/Developer/Platforms/WatchOS.platform/Developer/SDKs/WatchOS27.0.sdk /Users/admin/builder/spi-builder-workspace/.derivedData/SDKStatCaches.noindex/watchos27.0-24R360-e829b21a6f8c9b70876ba0858053c044b9db9bc9c079ee3c7b5f3373b13d10bc.sdkstatcache
    cd /Users/admin/builder/spi-builder-workspace/.swiftpm/xcode
    /Applications/Xcode-27.0.0.app/Contents/Developer/Toolchains/XcodeDefault.xctoolchain/usr/bin/clang-stat-cache /Applications/Xcode-27.0.0.app/Contents/Developer/Platforms/WatchOS.platform/Developer/SDKs/WatchOS27.0.sdk -o /Users/admin/builder/spi-builder-workspace/.derivedData/SDKStatCaches.noindex/watchos27.0-24R360-e829b21a6f8c9b70876ba0858053c044b9db9bc9c079ee3c7b5f3373b13d10bc.sdkstatcache
SwiftDriver _OpenAPIGeneratorCore normal arm64 com.apple.xcode.tools.swift.compiler (in target '_OpenAPIGeneratorCore' from project 'swift-openapi-generator')
    cd /Users/admin/builder/spi-builder-workspace/.swiftpm/xcode
    builtin-SwiftDriver -- /Applications/Xcode-27.0.0.app/Contents/Developer/Toolchains/XcodeDefault.xctoolchain/usr/bin/swiftc -parse-as-library -module-name _OpenAPIGeneratorCore -Onone @/Users/admin/builder/spi-builder-workspace/.derivedData/Build/Intermediates.noindex/swift-openapi-generator.build/Debug-watchos/_OpenAPIGeneratorCore-t.build/Objects-normal/arm64/_OpenAPIGeneratorCore.SwiftFileList -DSWIFT_PACKAGE -DDEBUG -DSWIFT_MODULE_RESOURCE_BUNDLE_UNAVAILABLE -Xcc -fmodule-map-file\=/Users/admin/builder/spi-builder-workspace/.dependencies/checkouts/swift-numerics/Sources/_NumericsShims/include/module.modulemap -Xcc -fmodule-map-file\=/Users/admin/builder/spi-builder-workspace/.dependencies/checkouts/Yams/Sources/CYaml/include/module.modulemap -DXcode -enable-upcoming-feature MemberImportVisibility -enable-upcoming-feature ExistentialAny -enable-upcoming-feature InternalImportsByDefault -plugin-path /Applications/Xcode-27.0.0.app/Contents/Developer/Toolchains/XcodeDefault.xctoolchain/usr/lib/swift/host/plugins/testing -enable-experimental-feature DebugDescriptionMacro -sdk /Applications/Xcode-27.0.0.app/Contents/Developer/Platforms/WatchOS.platform/Developer/SDKs/WatchOS27.0.sdk -target arm64-apple-watchos9.0 -g -module-cache-path /Users/admin/builder/spi-builder-workspace/.derivedData/ModuleCache.noindex -Xfrontend -serialize-debugging-options -profile-coverage-mapping -profile-generate -enable-testing -index-store-path /Users/admin/builder/spi-builder-workspace/.derivedData/Index.noindex/DataStore -Xcc -D_LIBCPP_HARDENING_MODE\=_LIBCPP_HARDENING_MODE_DEBUG -swift-version 6 -I /Users/admin/builder/spi-builder-workspace/.derivedData/Build/Products/Debug-watchos -Isystem /Applications/Xcode-27.0.0.app/Contents/Developer/Platforms/WatchOS.platform/Developer/usr/lib -F /Users/admin/builder/spi-builder-workspace/.derivedData/Build/Products/Debug-watchos/PackageFrameworks -F /Users/admin/builder/spi-builder-workspace/.derivedData/Build/Products/Debug-watchos -F /Applications/Xcode-27.0.0.app/Contents/Developer/Platforms/WatchOS.platform/Developer/Library/Frameworks -F /Applications/Xcode-27.0.0.app/Contents/Developer/Platforms/WatchOS.platform/Developer/SDKs/WatchOS27.0.sdk/Developer/Library/Frameworks -c -j10 -enable-batch-mode -incremental -Xcc -ivfsstatcache -Xcc /Users/admin/builder/spi-builder-workspace/.derivedData/SDKStatCaches.noindex/watchos27.0-24R360-e829b21a6f8c9b70876ba0858053c044b9db9bc9c079ee3c7b5f3373b13d10bc.sdkstatcache -output-file-map /Users/admin/builder/spi-builder-workspace/.derivedData/Build/Intermediates.noindex/swift-openapi-generator.build/Debug-watchos/_OpenAPIGeneratorCore-t.build/Objects-normal/arm64/_OpenAPIGeneratorCore-OutputFileMap.json -save-temps -no-color-diagnostics -explicit-module-build -module-cache-path /Users/admin/builder/spi-builder-workspace/.derivedData/Build/Intermediates.noindex/SwiftExplicitPrecompiledModules -clang-scanner-module-cache-path /Users/admin/builder/spi-builder-workspace/.derivedData/ModuleCache.noindex -sdk-module-cache-path /Users/admin/builder/spi-builder-workspace/.derivedData/SDKExplicitPrecompiledModules -emit-dependencies -emit-module -emit-module-path /Users/admin/builder/spi-builder-workspace/.derivedData/Build/Intermediates.noindex/swift-openapi-generator.build/Debug-watchos/_OpenAPIGeneratorCore-t.build/Objects-normal/arm64/_OpenAPIGeneratorCore.swiftmodule -serialize-diagnostics -dependency-scan-serialize-diagnostics-path /Users/admin/builder/spi-builder-workspace/.derivedData/Build/Intermediates.noindex/swift-openapi-generator.build/Debug-watchos/_OpenAPIGeneratorCore-t.build/Objects-normal/arm64/_OpenAPIGeneratorCore-dependency-scan.dia -validate-clang-modules-once -clang-build-session-file /Users/admin/builder/spi-builder-workspace/.derivedData/ModuleCache.noindex/Session.modulevalidation -Xcc -fmodules-prune-interval\=86400 -Xcc -fmodules-prune-after\=345600 -package-name spi_builder_workspace -emit-const-values -const-gather-protocols-list /Users/admin/builder/spi-builder-workspace/.derivedData/Build/Intermediates.noindex/swift-openapi-generator.build/Debug-watchos/_OpenAPIGeneratorCore-t.build/Objects-normal/arm64/_OpenAPIGeneratorCore_const_extract_protocols.json -Xcc -I/Users/admin/builder/spi-builder-workspace/.dependencies/checkouts/swift-numerics/Sources/_NumericsShims/include -Xcc -I/Users/admin/builder/spi-builder-workspace/.dependencies/checkouts/Yams/Sources/CYaml/include -Xcc -I/Users/admin/builder/spi-builder-workspace/.derivedData/Build/Products/Debug-watchos/include -Xcc -I/Users/admin/builder/spi-builder-workspace/.derivedData/Build/Intermediates.noindex/swift-openapi-generator.build/Debug-watchos/_OpenAPIGeneratorCore-t.build/DerivedSources-normal/arm64 -Xcc -I/Users/admin/builder/spi-builder-workspace/.derivedData/Build/Intermediates.noindex/swift-openapi-generator.build/Debug-watchos/_OpenAPIGeneratorCore-t.build/DerivedSources/arm64 -Xcc -I/Users/admin/builder/spi-builder-workspace/.derivedData/Build/Intermediates.noindex/swift-openapi-generator.build/Debug-watchos/_OpenAPIGeneratorCore-t.build/DerivedSources -Xcc -DSWIFT_PACKAGE -Xcc -DDEBUG\=1 -emit-objc-header -emit-objc-header-path /Users/admin/builder/spi-builder-workspace/.derivedData/Build/Intermediates.noindex/swift-openapi-generator.build/Debug-watchos/_OpenAPIGeneratorCore-t.build/Objects-normal/arm64/_OpenAPIGeneratorCore-Swift.h -working-directory /Users/admin/builder/spi-builder-workspace/.swiftpm/xcode -experimental-emit-module-separately -disable-cmo
/Users/admin/builder/spi-builder-workspace/Sources/_OpenAPIGeneratorCore/PlatformChecks.swift:21:5: error: _OpenAPIGeneratorCore is only to be used by swift-openapi-generator itself—your target should not link this library or the command line tool directly. (in target '_OpenAPIGeneratorCore' from project 'swift-openapi-generator')
SwiftDriver OpenAPIKit normal arm64_32 com.apple.xcode.tools.swift.compiler (in target 'OpenAPIKit' from project 'OpenAPIKit')
    cd /Users/admin/builder/spi-builder-workspace/.swiftpm/xcode
    builtin-SwiftDriver -- /Applications/Xcode-27.0.0.app/Contents/Developer/Toolchains/XcodeDefault.xctoolchain/usr/bin/swiftc -parse-as-library -module-name OpenAPIKit -Onone @/Users/admin/builder/spi-builder-workspace/.derivedData/Build/Intermediates.noindex/OpenAPIKit.build/Debug-watchos/OpenAPIKit-t.build/Objects-normal/arm64_32/OpenAPIKit.SwiftFileList -DSWIFT_PACKAGE -DDEBUG -DSWIFT_MODULE_RESOURCE_BUNDLE_UNAVAILABLE -DXcode -plugin-path /Applications/Xcode-27.0.0.app/Contents/Developer/Toolchains/XcodeDefault.xctoolchain/usr/lib/swift/host/plugins/testing -enable-experimental-feature DebugDescriptionMacro -sdk /Applications/Xcode-27.0.0.app/Contents/Developer/Platforms/WatchOS.platform/Developer/SDKs/WatchOS27.0.sdk -target arm64_32-apple-watchos9.0 -g -module-cache-path /Users/admin/builder/spi-builder-workspace/.derivedData/ModuleCache.noindex -Xfrontend -serialize-debugging-options -profile-coverage-mapping -profile-generate -enable-testing -suppress-warnings -index-store-path /Users/admin/builder/spi-builder-workspace/.derivedData/Index.noindex/DataStore -Xcc -D_LIBCPP_HARDENING_MODE\=_LIBCPP_HARDENING_MODE_DEBUG -swift-version 6 -I /Users/admin/builder/spi-builder-workspace/.derivedData/Build/Products/Debug-watchos -Isystem /Applications/Xcode-27.0.0.app/Contents/Developer/Platforms/WatchOS.platform/Developer/usr/lib -F /Users/admin/builder/spi-builder-workspace/.derivedData/Build/Products/Debug-watchos/PackageFrameworks -F /Users/admin/builder/spi-builder-workspace/.derivedData/Build/Products/Debug-watchos -F /Applications/Xcode-27.0.0.app/Contents/Developer/Platforms/WatchOS.platform/Developer/Library/Frameworks -F /Applications/Xcode-27.0.0.app/Contents/Developer/Platforms/WatchOS.platform/Developer/SDKs/WatchOS27.0.sdk/Developer/Library/Frameworks -c -j10 -enable-batch-mode -incremental -Xcc -ivfsstatcache -Xcc /Users/admin/builder/spi-builder-workspace/.derivedData/SDKStatCaches.noindex/watchos27.0-24R360-e829b21a6f8c9b70876ba0858053c044b9db9bc9c079ee3c7b5f3373b13d10bc.sdkstatcache -output-file-map /Users/admin/builder/spi-builder-workspace/.derivedData/Build/Intermediates.noindex/OpenAPIKit.build/Debug-watchos/OpenAPIKit-t.build/Objects-normal/arm64_32/OpenAPIKit-OutputFileMap.json -save-temps -no-color-diagnostics -explicit-module-build -module-cache-path /Users/admin/builder/spi-builder-workspace/.derivedData/Build/Intermediates.noindex/SwiftExplicitPrecompiledModules -clang-scanner-module-cache-path /Users/admin/builder/spi-builder-workspace/.derivedData/ModuleCache.noindex -sdk-module-cache-path /Users/admin/builder/spi-builder-workspace/.derivedData/SDKExplicitPrecompiledModules -emit-dependencies -emit-module -emit-module-path /Users/admin/builder/spi-builder-workspace/.derivedData/Build/Intermediates.noindex/OpenAPIKit.build/Debug-watchos/OpenAPIKit-t.build/Objects-normal/arm64_32/OpenAPIKit.swiftmodule -serialize-diagnostics -dependency-scan-serialize-diagnostics-path /Users/admin/builder/spi-builder-workspace/.derivedData/Build/Intermediates.noindex/OpenAPIKit.build/Debug-watchos/OpenAPIKit-t.build/Objects-normal/arm64_32/OpenAPIKit-dependency-scan.dia -user-module-version 6.4.0 -validate-clang-modules-once -clang-build-session-file /Users/admin/builder/spi-builder-workspace/.derivedData/ModuleCache.noindex/Session.modulevalidation -Xcc -fmodules-prune-interval\=86400 -Xcc -fmodules-prune-after\=345600 -package-name openapikit -emit-const-values -const-gather-protocols-list /Users/admin/builder/spi-builder-workspace/.derivedData/Build/Intermediates.noindex/OpenAPIKit.build/Debug-watchos/OpenAPIKit-t.build/Objects-normal/arm64_32/OpenAPIKit_const_extract_protocols.json -Xcc -I/Users/admin/builder/spi-builder-workspace/.derivedData/Build/Products/Debug-watchos/include -Xcc -I/Users/admin/builder/spi-builder-workspace/.derivedData/Build/Intermediates.noindex/OpenAPIKit.build/Debug-watchos/OpenAPIKit-t.build/DerivedSources-normal/arm64_32 -Xcc -I/Users/admin/builder/spi-builder-workspace/.derivedData/Build/Intermediates.noindex/OpenAPIKit.build/Debug-watchos/OpenAPIKit-t.build/DerivedSources/arm64_32 -Xcc -I/Users/admin/builder/spi-builder-workspace/.derivedData/Build/Intermediates.noindex/OpenAPIKit.build/Debug-watchos/OpenAPIKit-t.build/DerivedSources -Xcc -DSWIFT_PACKAGE -Xcc -DDEBUG\=1 -emit-objc-header -emit-objc-header-path /Users/admin/builder/spi-builder-workspace/.derivedData/Build/Intermediates.noindex/OpenAPIKit.build/Debug-watchos/OpenAPIKit-t.build/Objects-normal/arm64_32/OpenAPIKit-Swift.h -working-directory /Users/admin/builder/spi-builder-workspace/.swiftpm/xcode -experimental-emit-module-separately -disable-cmo
SwiftDriver OpenAPIKitCompat normal arm64_32 com.apple.xcode.tools.swift.compiler (in target 'OpenAPIKitCompat' from project 'OpenAPIKit')
    cd /Users/admin/builder/spi-builder-workspace/.swiftpm/xcode
    builtin-SwiftDriver -- /Applications/Xcode-27.0.0.app/Contents/Developer/Toolchains/XcodeDefault.xctoolchain/usr/bin/swiftc -parse-as-library -module-name OpenAPIKitCompat -Onone @/Users/admin/builder/spi-builder-workspace/.derivedData/Build/Intermediates.noindex/OpenAPIKit.build/Debug-watchos/OpenAPIKitCompat-t.build/Objects-normal/arm64_32/OpenAPIKitCompat.SwiftFileList -DSWIFT_PACKAGE -DDEBUG -DSWIFT_MODULE_RESOURCE_BUNDLE_UNAVAILABLE -DXcode -plugin-path /Applications/Xcode-27.0.0.app/Contents/Developer/Toolchains/XcodeDefault.xctoolchain/usr/lib/swift/host/plugins/testing -enable-experimental-feature DebugDescriptionMacro -sdk /Applications/Xcode-27.0.0.app/Contents/Developer/Platforms/WatchOS.platform/Developer/SDKs/WatchOS27.0.sdk -target arm64_32-apple-watchos9.0 -g -module-cache-path /Users/admin/builder/spi-builder-workspace/.derivedData/ModuleCache.noindex -Xfrontend -serialize-debugging-options -profile-coverage-mapping -profile-generate -enable-testing -suppress-warnings -index-store-path /Users/admin/builder/spi-builder-workspace/.derivedData/Index.noindex/DataStore -Xcc -D_LIBCPP_HARDENING_MODE\=_LIBCPP_HARDENING_MODE_DEBUG -swift-version 6 -I /Users/admin/builder/spi-builder-workspace/.derivedData/Build/Products/Debug-watchos -Isystem /Applications/Xcode-27.0.0.app/Contents/Developer/Platforms/WatchOS.platform/Developer/usr/lib -F /Users/admin/builder/spi-builder-workspace/.derivedData/Build/Products/Debug-watchos/PackageFrameworks -F /Users/admin/builder/spi-builder-workspace/.derivedData/Build/Products/Debug-watchos -F /Applications/Xcode-27.0.0.app/Contents/Developer/Platforms/WatchOS.platform/Developer/Library/Frameworks -F /Applications/Xcode-27.0.0.app/Contents/Developer/Platforms/WatchOS.platform/Developer/SDKs/WatchOS27.0.sdk/Developer/Library/Frameworks -c -j10 -enable-batch-mode -incremental -Xcc -ivfsstatcache -Xcc /Users/admin/builder/spi-builder-workspace/.derivedData/SDKStatCaches.noindex/watchos27.0-24R360-e829b21a6f8c9b70876ba0858053c044b9db9bc9c079ee3c7b5f3373b13d10bc.sdkstatcache -output-file-map /Users/admin/builder/spi-builder-workspace/.derivedData/Build/Intermediates.noindex/OpenAPIKit.build/Debug-watchos/OpenAPIKitCompat-t.build/Objects-normal/arm64_32/OpenAPIKitCompat-OutputFileMap.json -save-temps -no-color-diagnostics -explicit-module-build -module-cache-path /Users/admin/builder/spi-builder-workspace/.derivedData/Build/Intermediates.noindex/SwiftExplicitPrecompiledModules -clang-scanner-module-cache-path /Users/admin/builder/spi-builder-workspace/.derivedData/ModuleCache.noindex -sdk-module-cache-path /Users/admin/builder/spi-builder-workspace/.derivedData/SDKExplicitPrecompiledModules -emit-dependencies -emit-module -emit-module-path /Users/admin/builder/spi-builder-workspace/.derivedData/Build/Intermediates.noindex/OpenAPIKit.build/Debug-watchos/OpenAPIKitCompat-t.build/Objects-normal/arm64_32/OpenAPIKitCompat.swiftmodule -serialize-diagnostics -dependency-scan-serialize-diagnostics-path /Users/admin/builder/spi-builder-workspace/.derivedData/Build/Intermediates.noindex/OpenAPIKit.build/Debug-watchos/OpenAPIKitCompat-t.build/Objects-normal/arm64_32/OpenAPIKitCompat-dependency-scan.dia -user-module-version 6.4.0 -validate-clang-modules-once -clang-build-session-file /Users/admin/builder/spi-builder-workspace/.derivedData/ModuleCache.noindex/Session.modulevalidation -Xcc -fmodules-prune-interval\=86400 -Xcc -fmodules-prune-after\=345600 -package-name openapikit -emit-const-values -const-gather-protocols-list /Users/admin/builder/spi-builder-workspace/.derivedData/Build/Intermediates.noindex/OpenAPIKit.build/Debug-watchos/OpenAPIKitCompat-t.build/Objects-normal/arm64_32/OpenAPIKitCompat_const_extract_protocols.json -Xcc -I/Users/admin/builder/spi-builder-workspace/.derivedData/Build/Products/Debug-watchos/include -Xcc -I/Users/admin/builder/spi-builder-workspace/.derivedData/Build/Intermediates.noindex/OpenAPIKit.build/Debug-watchos/OpenAPIKitCompat-t.build/DerivedSources-normal/arm64_32 -Xcc -I/Users/admin/builder/spi-builder-workspace/.derivedData/Build/Intermediates.noindex/OpenAPIKit.build/Debug-watchos/OpenAPIKitCompat-t.build/DerivedSources/arm64_32 -Xcc -I/Users/admin/builder/spi-builder-workspace/.derivedData/Build/Intermediates.noindex/OpenAPIKit.build/Debug-watchos/OpenAPIKitCompat-t.build/DerivedSources -Xcc -DSWIFT_PACKAGE -Xcc -DDEBUG\=1 -emit-objc-header -emit-objc-header-path /Users/admin/builder/spi-builder-workspace/.derivedData/Build/Intermediates.noindex/OpenAPIKit.build/Debug-watchos/OpenAPIKitCompat-t.build/Objects-normal/arm64_32/OpenAPIKitCompat-Swift.h -working-directory /Users/admin/builder/spi-builder-workspace/.swiftpm/xcode -experimental-emit-module-separately -disable-cmo
SwiftDriver OpenAPIKit normal arm64 com.apple.xcode.tools.swift.compiler (in target 'OpenAPIKit' from project 'OpenAPIKit')
    cd /Users/admin/builder/spi-builder-workspace/.swiftpm/xcode
    builtin-SwiftDriver -- /Applications/Xcode-27.0.0.app/Contents/Developer/Toolchains/XcodeDefault.xctoolchain/usr/bin/swiftc -parse-as-library -module-name OpenAPIKit -Onone @/Users/admin/builder/spi-builder-workspace/.derivedData/Build/Intermediates.noindex/OpenAPIKit.build/Debug-watchos/OpenAPIKit-t.build/Objects-normal/arm64/OpenAPIKit.SwiftFileList -DSWIFT_PACKAGE -DDEBUG -DSWIFT_MODULE_RESOURCE_BUNDLE_UNAVAILABLE -DXcode -plugin-path /Applications/Xcode-27.0.0.app/Contents/Developer/Toolchains/XcodeDefault.xctoolchain/usr/lib/swift/host/plugins/testing -enable-experimental-feature DebugDescriptionMacro -sdk /Applications/Xcode-27.0.0.app/Contents/Developer/Platforms/WatchOS.platform/Developer/SDKs/WatchOS27.0.sdk -target arm64-apple-watchos9.0 -g -module-cache-path /Users/admin/builder/spi-builder-workspace/.derivedData/ModuleCache.noindex -Xfrontend -serialize-debugging-options -profile-coverage-mapping -profile-generate -enable-testing -suppress-warnings -index-store-path /Users/admin/builder/spi-builder-workspace/.derivedData/Index.noindex/DataStore -Xcc -D_LIBCPP_HARDENING_MODE\=_LIBCPP_HARDENING_MODE_DEBUG -swift-version 6 -I /Users/admin/builder/spi-builder-workspace/.derivedData/Build/Products/Debug-watchos -Isystem /Applications/Xcode-27.0.0.app/Contents/Developer/Platforms/WatchOS.platform/Developer/usr/lib -F /Users/admin/builder/spi-builder-workspace/.derivedData/Build/Products/Debug-watchos/PackageFrameworks -F /Users/admin/builder/spi-builder-workspace/.derivedData/Build/Products/Debug-watchos -F /Applications/Xcode-27.0.0.app/Contents/Developer/Platforms/WatchOS.platform/Developer/Library/Frameworks -F /Applications/Xcode-27.0.0.app/Contents/Developer/Platforms/WatchOS.platform/Developer/SDKs/WatchOS27.0.sdk/Developer/Library/Frameworks -c -j10 -enable-batch-mode -incremental -Xcc -ivfsstatcache -Xcc /Users/admin/builder/spi-builder-workspace/.derivedData/SDKStatCaches.noindex/watchos27.0-24R360-e829b21a6f8c9b70876ba0858053c044b9db9bc9c079ee3c7b5f3373b13d10bc.sdkstatcache -output-file-map /Users/admin/builder/spi-builder-workspace/.derivedData/Build/Intermediates.noindex/OpenAPIKit.build/Debug-watchos/OpenAPIKit-t.build/Objects-normal/arm64/OpenAPIKit-OutputFileMap.json -save-temps -no-color-diagnostics -explicit-module-build -module-cache-path /Users/admin/builder/spi-builder-workspace/.derivedData/Build/Intermediates.noindex/SwiftExplicitPrecompiledModules -clang-scanner-module-cache-path /Users/admin/builder/spi-builder-workspace/.derivedData/ModuleCache.noindex -sdk-module-cache-path /Users/admin/builder/spi-builder-workspace/.derivedData/SDKExplicitPrecompiledModules -emit-dependencies -emit-module -emit-module-path /Users/admin/builder/spi-builder-workspace/.derivedData/Build/Intermediates.noindex/OpenAPIKit.build/Debug-watchos/OpenAPIKit-t.build/Objects-normal/arm64/OpenAPIKit.swiftmodule -serialize-diagnostics -dependency-scan-serialize-diagnostics-path /Users/admin/builder/spi-builder-workspace/.derivedData/Build/Intermediates.noindex/OpenAPIKit.build/Debug-watchos/OpenAPIKit-t.build/Objects-normal/arm64/OpenAPIKit-dependency-scan.dia -user-module-version 6.4.0 -validate-clang-modules-once -clang-build-session-file /Users/admin/builder/spi-builder-workspace/.derivedData/ModuleCache.noindex/Session.modulevalidation -Xcc -fmodules-prune-interval\=86400 -Xcc -fmodules-prune-after\=345600 -package-name openapikit -emit-const-values -const-gather-protocols-list /Users/admin/builder/spi-builder-workspace/.derivedData/Build/Intermediates.noindex/OpenAPIKit.build/Debug-watchos/OpenAPIKit-t.build/Objects-normal/arm64/OpenAPIKit_const_extract_protocols.json -Xcc -I/Users/admin/builder/spi-builder-workspace/.derivedData/Build/Products/Debug-watchos/include -Xcc -I/Users/admin/builder/spi-builder-workspace/.derivedData/Build/Intermediates.noindex/OpenAPIKit.build/Debug-watchos/OpenAPIKit-t.build/DerivedSources-normal/arm64 -Xcc -I/Users/admin/builder/spi-builder-workspace/.derivedData/Build/Intermediates.noindex/OpenAPIKit.build/Debug-watchos/OpenAPIKit-t.build/DerivedSources/arm64 -Xcc -I/Users/admin/builder/spi-builder-workspace/.derivedData/Build/Intermediates.noindex/OpenAPIKit.build/Debug-watchos/OpenAPIKit-t.build/DerivedSources -Xcc -DSWIFT_PACKAGE -Xcc -DDEBUG\=1 -emit-objc-header -emit-objc-header-path /Users/admin/builder/spi-builder-workspace/.derivedData/Build/Intermediates.noindex/OpenAPIKit.build/Debug-watchos/OpenAPIKit-t.build/Objects-normal/arm64/OpenAPIKit-Swift.h -working-directory /Users/admin/builder/spi-builder-workspace/.swiftpm/xcode -experimental-emit-module-separately -disable-cmo
SwiftDriver _OpenAPIGeneratorCore normal arm64_32 com.apple.xcode.tools.swift.compiler (in target '_OpenAPIGeneratorCore' from project 'swift-openapi-generator')
    cd /Users/admin/builder/spi-builder-workspace/.swiftpm/xcode
    builtin-SwiftDriver -- /Applications/Xcode-27.0.0.app/Contents/Developer/Toolchains/XcodeDefault.xctoolchain/usr/bin/swiftc -parse-as-library -module-name _OpenAPIGeneratorCore -Onone @/Users/admin/builder/spi-builder-workspace/.derivedData/Build/Intermediates.noindex/swift-openapi-generator.build/Debug-watchos/_OpenAPIGeneratorCore-t.build/Objects-normal/arm64_32/_OpenAPIGeneratorCore.SwiftFileList -DSWIFT_PACKAGE -DDEBUG -DSWIFT_MODULE_RESOURCE_BUNDLE_UNAVAILABLE -Xcc -fmodule-map-file\=/Users/admin/builder/spi-builder-workspace/.dependencies/checkouts/swift-numerics/Sources/_NumericsShims/include/module.modulemap -Xcc -fmodule-map-file\=/Users/admin/builder/spi-builder-workspace/.dependencies/checkouts/Yams/Sources/CYaml/include/module.modulemap -DXcode -enable-upcoming-feature MemberImportVisibility -enable-upcoming-feature ExistentialAny -enable-upcoming-feature InternalImportsByDefault -plugin-path /Applications/Xcode-27.0.0.app/Contents/Developer/Toolchains/XcodeDefault.xctoolchain/usr/lib/swift/host/plugins/testing -enable-experimental-feature DebugDescriptionMacro -sdk /Applications/Xcode-27.0.0.app/Contents/Developer/Platforms/WatchOS.platform/Developer/SDKs/WatchOS27.0.sdk -target arm64_32-apple-watchos9.0 -g -module-cache-path /Users/admin/builder/spi-builder-workspace/.derivedData/ModuleCache.noindex -Xfrontend -serialize-debugging-options -profile-coverage-mapping -profile-generate -enable-testing -index-store-path /Users/admin/builder/spi-builder-workspace/.derivedData/Index.noindex/DataStore -Xcc -D_LIBCPP_HARDENING_MODE\=_LIBCPP_HARDENING_MODE_DEBUG -swift-version 6 -I /Users/admin/builder/spi-builder-workspace/.derivedData/Build/Products/Debug-watchos -Isystem /Applications/Xcode-27.0.0.app/Contents/Developer/Platforms/WatchOS.platform/Developer/usr/lib -F /Users/admin/builder/spi-builder-workspace/.derivedData/Build/Products/Debug-watchos/PackageFrameworks -F /Users/admin/builder/spi-builder-workspace/.derivedData/Build/Products/Debug-watchos -F /Applications/Xcode-27.0.0.app/Contents/Developer/Platforms/WatchOS.platform/Developer/Library/Frameworks -F /Applications/Xcode-27.0.0.app/Contents/Developer/Platforms/WatchOS.platform/Developer/SDKs/WatchOS27.0.sdk/Developer/Library/Frameworks -c -j10 -enable-batch-mode -incremental -Xcc -ivfsstatcache -Xcc /Users/admin/builder/spi-builder-workspace/.derivedData/SDKStatCaches.noindex/watchos27.0-24R360-e829b21a6f8c9b70876ba0858053c044b9db9bc9c079ee3c7b5f3373b13d10bc.sdkstatcache -output-file-map /Users/admin/builder/spi-builder-workspace/.derivedData/Build/Intermediates.noindex/swift-openapi-generator.build/Debug-watchos/_OpenAPIGeneratorCore-t.build/Objects-normal/arm64_32/_OpenAPIGeneratorCore-OutputFileMap.json -save-temps -no-color-diagnostics -explicit-module-build -module-cache-path /Users/admin/builder/spi-builder-workspace/.derivedData/Build/Intermediates.noindex/SwiftExplicitPrecompiledModules -clang-scanner-module-cache-path /Users/admin/builder/spi-builder-workspace/.derivedData/ModuleCache.noindex -sdk-module-cache-path /Users/admin/builder/spi-builder-workspace/.derivedData/SDKExplicitPrecompiledModules -emit-dependencies -emit-module -emit-module-path /Users/admin/builder/spi-builder-workspace/.derivedData/Build/Intermediates.noindex/swift-openapi-generator.build/Debug-watchos/_OpenAPIGeneratorCore-t.build/Objects-normal/arm64_32/_OpenAPIGeneratorCore.swiftmodule -serialize-diagnostics -dependency-scan-serialize-diagnostics-path /Users/admin/builder/spi-builder-workspace/.derivedData/Build/Intermediates.noindex/swift-openapi-generator.build/Debug-watchos/_OpenAPIGeneratorCore-t.build/Objects-normal/arm64_32/_OpenAPIGeneratorCore-dependency-scan.dia -validate-clang-modules-once -clang-build-session-file /Users/admin/builder/spi-builder-workspace/.derivedData/ModuleCache.noindex/Session.modulevalidation -Xcc -fmodules-prune-interval\=86400 -Xcc -fmodules-prune-after\=345600 -package-name spi_builder_workspace -emit-const-values -const-gather-protocols-list /Users/admin/builder/spi-builder-workspace/.derivedData/Build/Intermediates.noindex/swift-openapi-generator.build/Debug-watchos/_OpenAPIGeneratorCore-t.build/Objects-normal/arm64_32/_OpenAPIGeneratorCore_const_extract_protocols.json -Xcc -I/Users/admin/builder/spi-builder-workspace/.dependencies/checkouts/swift-numerics/Sources/_NumericsShims/include -Xcc -I/Users/admin/builder/spi-builder-workspace/.dependencies/checkouts/Yams/Sources/CYaml/include -Xcc -I/Users/admin/builder/spi-builder-workspace/.derivedData/Build/Products/Debug-watchos/include -Xcc -I/Users/admin/builder/spi-builder-workspace/.derivedData/Build/Intermediates.noindex/swift-openapi-generator.build/Debug-watchos/_OpenAPIGeneratorCore-t.build/DerivedSources-normal/arm64_32 -Xcc -I/Users/admin/builder/spi-builder-workspace/.derivedData/Build/Intermediates.noindex/swift-openapi-generator.build/Debug-watchos/_OpenAPIGeneratorCore-t.build/DerivedSources/arm64_32 -Xcc -I/Users/admin/builder/spi-builder-workspace/.derivedData/Build/Intermediates.noindex/swift-openapi-generator.build/Debug-watchos/_OpenAPIGeneratorCore-t.build/DerivedSources -Xcc -DSWIFT_PACKAGE -Xcc -DDEBUG\=1 -emit-objc-header -emit-objc-header-path /Users/admin/builder/spi-builder-workspace/.derivedData/Build/Intermediates.noindex/swift-openapi-generator.build/Debug-watchos/_OpenAPIGeneratorCore-t.build/Objects-normal/arm64_32/_OpenAPIGeneratorCore-Swift.h -working-directory /Users/admin/builder/spi-builder-workspace/.swiftpm/xcode -experimental-emit-module-separately -disable-cmo
/Users/admin/builder/spi-builder-workspace/Sources/_OpenAPIGeneratorCore/PlatformChecks.swift:21:5: error: _OpenAPIGeneratorCore is only to be used by swift-openapi-generator itself—your target should not link this library or the command line tool directly. (in target '_OpenAPIGeneratorCore' from project 'swift-openapi-generator')
PruneExplicitPrecompiledModules /Users/admin/builder/spi-builder-workspace/.derivedData/Build/Intermediates.noindex/SwiftExplicitPrecompiledModules
PruneExplicitPrecompiledModules /Users/admin/builder/spi-builder-workspace/.derivedData/Build/Intermediates.noindex/ExplicitPrecompiledModules
PruneExplicitPrecompiledModules /Users/admin/builder/spi-builder-workspace/.derivedData/SDKExplicitPrecompiledModules
2026-10-28 04:30:15.625 xcodebuild[1515:9049] [MT] IDERunDestination: Supported platforms for the buildables in the current scheme is empty.
** BUILD FAILED **
The following build commands failed:
	SwiftDriver _OpenAPIGeneratorCore normal arm64 com.apple.xcode.tools.swift.compiler (in target '_OpenAPIGeneratorCore' from project 'swift-openapi-generator')
	SwiftDriver _OpenAPIGeneratorCore normal arm64_32 com.apple.xcode.tools.swift.compiler (in target '_OpenAPIGeneratorCore' from project 'swift-openapi-generator')
	Building workspace swift-openapi-generator with scheme swift-openapi-generator-Package
(3 failures)
BUILD FAILURE 6.4 watchOS