Build Information
Failed to build PowerSyncSQLiteCore, reference main (0196ed), with Swift 6.4 for tvOS using Xcode 27.0 on 24 Sep 2026 02:53:06 UTC.
Build Command
No build command. This typically means the build failed at an early stage where we determine the build command.Build Log
========================================
RunAll
========================================
Builder version: 5.1.0
Interrupt handler set up.
========================================
Checkout
========================================
Clone URL: https://github.com/powersync-ja/powersync-sqlite-core-swift.git
Reference: main
Initialized empty Git repository in /Users/admin/builder/spi-builder-workspace/.git/
From https://github.com/powersync-ja/powersync-sqlite-core-swift
* tag main -> FETCH_HEAD
HEAD is now at 0196ed6 Release main
Cloned https://github.com/powersync-ja/powersync-sqlite-core-swift.git
Revision (git rev-parse @):
0196ed68b27ee6312db87feead8c4797cd6bcac5
SUCCESS checkout https://github.com/powersync-ja/powersync-sqlite-core-swift.git at main
========================================
Build
========================================
Selected platform: tvOS
Swift version: 6.4
Building package at path: $PWD
https://github.com/powersync-ja/powersync-sqlite-core-swift.git
Command line invocation:
/Applications/Xcode-27.0.0-Release.Candidate.app/Contents/Developer/usr/bin/xcodebuild -IDEClonedSourcePackagesDirPathOverride=/Users/admin/builder/spi-builder-workspace/.dependencies -resolvePackageDependencies
Resolve Package Graph
failed downloading 'https://github.com/powersync-ja/powersync-sqlite-core/releases/download/main/powersync-sqlite-core.xcframework.zip' which is required by binary target 'PowerSyncSQLiteCore': badResponseStatusCode(404)fatalError
Resolve Package Graph
failed downloading 'https://github.com/powersync-ja/powersync-sqlite-core/releases/download/main/powersync-sqlite-core.xcframework.zip' which is required by binary target 'PowerSyncSQLiteCore': badResponseStatusCode(404)fatalError
Resolved source packages:
spi-builder-workspace: (null)
2026-09-23 22:53:04.491 xcodebuild[525:3002] Writing error result bundle to /var/folders/xq/y_g06wb113726d38xsyx71_h0000gn/T/ResultBundle_2026-23-09_22-53-0004.xcresult
xcodebuild: error: Could not resolve package dependencies:
failed downloading 'https://github.com/powersync-ja/powersync-sqlite-core/releases/download/main/powersync-sqlite-core.xcframework.zip' which is required by binary target 'PowerSyncSQLiteCore': badResponseStatusCode(404)
fatalError
Command line invocation:
/Applications/Xcode-27.0.0-Release.Candidate.app/Contents/Developer/usr/bin/xcodebuild -IDEClonedSourcePackagesDirPathOverride=/Users/admin/builder/spi-builder-workspace/.dependencies -resolvePackageDependencies
Resolve Package Graph
failed downloading 'https://github.com/powersync-ja/powersync-sqlite-core/releases/download/main/powersync-sqlite-core.xcframework.zip' which is required by binary target 'PowerSyncSQLiteCore': badResponseStatusCode(404)fatalError
Resolved source packages:
spi-builder-workspace: (null)
2026-09-23 22:53:05.930 xcodebuild[593:3623] Writing error result bundle to /var/folders/xq/y_g06wb113726d38xsyx71_h0000gn/T/ResultBundle_2026-23-09_22-53-0005.xcresult
xcodebuild: error: Could not resolve package dependencies:
failed downloading 'https://github.com/powersync-ja/powersync-sqlite-core/releases/download/main/powersync-sqlite-core.xcframework.zip' which is required by binary target 'PowerSyncSQLiteCore': badResponseStatusCode(404)
fatalError
BUILD FAILURE 6.4 tvOS