Build Information
Failed to build Ditto, reference main (aa7d5b), with Swift 6.4 for visionOS using Xcode 27.0 on 8 Oct 2026 23:22:41 UTC.
Build Command
env DEVELOPER_DIR=/Applications/Xcode-27.0.0-Release.Candidate.app xcrun xcodebuild -IDEClonedSourcePackagesDirPathOverride=$PWD/.dependencies -skipMacroValidation -skipPackagePluginValidation -derivedDataPath $PWD/.derivedData build -scheme Ditto -destination generic/platform=xrOSBuild Log
========================================
RunAll
========================================
Builder version: 5.1.1
Interrupt handler set up.
========================================
Checkout
========================================
Clone URL: https://github.com/getditto/DittoSwiftPackage.git
Reference: main
Initialized empty Git repository in /Users/admin/builder/spi-builder-workspace/.git/
From https://github.com/getditto/DittoSwiftPackage
* branch main -> FETCH_HEAD
* [new branch] main -> origin/main
HEAD is now at aa7d5be Merge pull request #345 from getditto/ci/swift-release-5.1.0-experimental-innovapptive-memory.2
Cloned https://github.com/getditto/DittoSwiftPackage.git
Revision (git rev-parse @):
aa7d5bee8f528ff61cd9affa1863a7d9bb9cb0dc
SUCCESS checkout https://github.com/getditto/DittoSwiftPackage.git at main
========================================
Build
========================================
Selected platform: visionOS
Swift version: 6.4
Building package at path: $PWD
https://github.com/getditto/DittoSwiftPackage.git
Command line invocation:
/Applications/Xcode-27.0.0.app/Contents/Developer/usr/bin/xcodebuild -IDEClonedSourcePackagesDirPathOverride=/Users/admin/builder/spi-builder-workspace/.dependencies -resolvePackageDependencies
Resolve Package Graph
Resolve Package Graph
Resolved source packages:
Ditto: /Users/admin/builder/spi-builder-workspace
resolved source packages: Ditto
2026-10-08 19:22:03.527 xcodebuild[529:3045] [MT] IDERunDestination: Supported platforms for the buildables in the current scheme is empty.
{
"dependencies" : [
],
"manifest_display_name" : "Ditto",
"name" : "Ditto",
"path" : "/Users/admin/builder/spi-builder-workspace",
"platforms" : [
{
"name" : "ios",
"version" : "15.0"
},
{
"name" : "macos",
"version" : "12.0"
},
{
"name" : "maccatalyst",
"version" : "15.0"
}
],
"products" : [
{
"name" : "DittoSwift",
"targets" : [
"DittoSwift"
],
"type" : {
"library" : [
"automatic"
]
}
}
],
"targets" : [
{
"c99name" : "DittoSwift",
"module_type" : "BinaryTarget",
"name" : "DittoSwift",
"path" : "remote/archive/DittoSwift.xcframework.zip",
"product_memberships" : [
"DittoSwift"
],
"sources" : [
],
"type" : "binary"
}
],
"tools_version" : "6.0"
}
{
"workspace" : {
"name" : "Ditto",
"schemes" : [
"Ditto"
]
}
}
2026-10-08 19:22:35.397 xcodebuild[639:3914] [MT] IDERunDestination: Supported platforms for the buildables in the current scheme is empty.
Running build ...
env DEVELOPER_DIR=/Applications/Xcode-27.0.0-Release.Candidate.app xcrun xcodebuild -IDEClonedSourcePackagesDirPathOverride=$PWD/.dependencies -skipMacroValidation -skipPackagePluginValidation -derivedDataPath $PWD/.derivedData build -scheme Ditto -destination generic/platform=xrOS
Command line invocation:
/Applications/Xcode-27.0.0.app/Contents/Developer/usr/bin/xcodebuild -IDEClonedSourcePackagesDirPathOverride=/Users/admin/builder/spi-builder-workspace/.dependencies -skipMacroValidation -skipPackagePluginValidation -derivedDataPath /Users/admin/builder/spi-builder-workspace/.derivedData build -scheme Ditto -destination generic/platform=xrOS
Resolve Package Graph
Resolved source packages:
Ditto: /Users/admin/builder/spi-builder-workspace
ComputePackagePrebuildTargetDependencyGraph
Prepare packages
CreateBuildRequest
SendProjectDescription
CreateBuildOperation
ComputeTargetDependencyGraph
note: Building targets in dependency order
note: Target dependency graph (1 target)
Target 'DittoSwift-product' in project 'Ditto' (no dependencies)
GatherProvisioningInputs
CreateBuildDescription
ExecuteExternalTool /Applications/Xcode-27.0.0.app/Contents/Developer/Toolchains/XcodeDefault.xctoolchain/usr/bin/clang -v -E -dM -isysroot /Applications/Xcode-27.0.0.app/Contents/Developer/Platforms/XROS.platform/Developer/SDKs/XROS27.0.sdk -x c -c /dev/null
Build description signature: 1cf3522784f3f27fd0cf9c87b5819750
Build description path: /Users/admin/builder/spi-builder-workspace/.derivedData/Build/Intermediates.noindex/XCBuildData/1cf3522784f3f27fd0cf9c87b5819750.xcbuilddata
/Users/admin/builder/spi-builder-workspace/.dependencies/artifacts/spi-builder-workspace/DittoSwift/DittoSwift.xcframework:1:1: error: While building for visionOS, no library for this platform was found in '/Users/admin/builder/spi-builder-workspace/.dependencies/artifacts/spi-builder-workspace/DittoSwift/DittoSwift.xcframework'. (in target 'DittoSwift-product' from project 'Ditto')
2026-10-08 19:22:36.955 xcodebuild[660:4120] [MT] IDERunDestination: Supported platforms for the buildables in the current scheme is empty.
** BUILD FAILED **
The following build commands failed:
Building workspace Ditto with scheme Ditto
(1 failure)
Command line invocation:
/Applications/Xcode-27.0.0.app/Contents/Developer/usr/bin/xcodebuild -IDEClonedSourcePackagesDirPathOverride=/Users/admin/builder/spi-builder-workspace/.dependencies -resolvePackageDependencies
Resolve Package Graph
Resolved source packages:
Ditto: /Users/admin/builder/spi-builder-workspace
resolved source packages: Ditto
2026-10-08 19:22:38.539 xcodebuild[672:4218] [MT] IDERunDestination: Supported platforms for the buildables in the current scheme is empty.
{
"dependencies" : [
],
"manifest_display_name" : "Ditto",
"name" : "Ditto",
"path" : "/Users/admin/builder/spi-builder-workspace",
"platforms" : [
{
"name" : "ios",
"version" : "15.0"
},
{
"name" : "macos",
"version" : "12.0"
},
{
"name" : "maccatalyst",
"version" : "15.0"
}
],
"products" : [
{
"name" : "DittoSwift",
"targets" : [
"DittoSwift"
],
"type" : {
"library" : [
"automatic"
]
}
}
],
"targets" : [
{
"c99name" : "DittoSwift",
"module_type" : "BinaryTarget",
"name" : "DittoSwift",
"path" : "remote/archive/DittoSwift.xcframework.zip",
"product_memberships" : [
"DittoSwift"
],
"sources" : [
],
"type" : "binary"
}
],
"tools_version" : "6.0"
}
{
"workspace" : {
"name" : "Ditto",
"schemes" : [
"Ditto"
]
}
}
2026-10-08 19:22:39.748 xcodebuild[680:4283] [MT] IDERunDestination: Supported platforms for the buildables in the current scheme is empty.
Running build ...
env DEVELOPER_DIR=/Applications/Xcode-27.0.0-Release.Candidate.app xcrun xcodebuild -IDEClonedSourcePackagesDirPathOverride=$PWD/.dependencies -skipMacroValidation -skipPackagePluginValidation -derivedDataPath $PWD/.derivedData build -scheme Ditto -destination generic/platform=xrOS
Command line invocation:
/Applications/Xcode-27.0.0.app/Contents/Developer/usr/bin/xcodebuild -IDEClonedSourcePackagesDirPathOverride=/Users/admin/builder/spi-builder-workspace/.dependencies -skipMacroValidation -skipPackagePluginValidation -derivedDataPath /Users/admin/builder/spi-builder-workspace/.derivedData build -scheme Ditto -destination generic/platform=xrOS
Resolve Package Graph
Resolved source packages:
Ditto: /Users/admin/builder/spi-builder-workspace
ComputePackagePrebuildTargetDependencyGraph
Prepare packages
CreateBuildRequest
SendProjectDescription
CreateBuildOperation
ComputeTargetDependencyGraph
note: Building targets in dependency order
note: Target dependency graph (1 target)
Target 'DittoSwift-product' in project 'Ditto' (no dependencies)
GatherProvisioningInputs
CreateBuildDescription
/Users/admin/builder/spi-builder-workspace/.dependencies/artifacts/spi-builder-workspace/DittoSwift/DittoSwift.xcframework:1:1: error: While building for visionOS, no library for this platform was found in '/Users/admin/builder/spi-builder-workspace/.dependencies/artifacts/spi-builder-workspace/DittoSwift/DittoSwift.xcframework'. (in target 'DittoSwift-product' from project 'Ditto')
2026-10-08 19:22:40.703 xcodebuild[681:4311] [MT] IDERunDestination: Supported platforms for the buildables in the current scheme is empty.
** BUILD FAILED **
The following build commands failed:
Building workspace Ditto with scheme Ditto
(1 failure)
BUILD FAILURE 6.4 visionOS