The Swift Package Index logo.Swift Package Index

Build Information

Failed to build DataCache, reference master (bcb54d), with Swift 6.4 for visionOS using Xcode 27.0 on 19 Sep 2026 02:10:16 UTC.

Build Command

env DEVELOPER_DIR=/Applications/Xcode-27.0.0-Release.Candidate.app xcrun xcodebuild -IDEClonedSourcePackagesDirPathOverride=$PWD/.dependencies -skipMacroValidation -skipPackagePluginValidation -derivedDataPath $PWD/.derivedData build -scheme DataCache -destination generic/platform=xrOS

Build Log

========================================
RunAll
========================================
Builder version: 5.1.0
Interrupt handler set up.
========================================
Checkout
========================================
Clone URL: https://github.com/huynguyencong/DataCache.git
Reference: master
Initialized empty Git repository in /Users/admin/builder/spi-builder-workspace/.git/
From https://github.com/huynguyencong/DataCache
 * branch            master     -> FETCH_HEAD
 * [new branch]      master     -> origin/master
HEAD is now at bcb54d3 Update Podspec tag and package iOS version
Cloned https://github.com/huynguyencong/DataCache.git
Revision (git rev-parse @):
bcb54d313a6ab16fc3f8fa5884ec0f5f331c6ae3
SUCCESS checkout https://github.com/huynguyencong/DataCache.git at master
========================================
Build
========================================
Selected platform:         visionOS
Swift version:             6.4
Building package at path:  $PWD
https://github.com/huynguyencong/DataCache.git
Command line invocation:
    /Applications/Xcode-27.0.0-Release.Candidate.app/Contents/Developer/usr/bin/xcodebuild -IDEClonedSourcePackagesDirPathOverride=/Users/admin/builder/spi-builder-workspace/.dependencies -resolvePackageDependencies
Resolve Package Graph
Resolve Package Graph
Resolved source packages:
  DataCache: /Users/admin/builder/spi-builder-workspace
resolved source packages: DataCache
2026-09-18 22:09:29.585 xcodebuild[522:2981] [MT] IDERunDestination: Supported platforms for the buildables in the current scheme is empty.
{
  "dependencies" : [
  ],
  "manifest_display_name" : "DataCache",
  "name" : "DataCache",
  "path" : "/Users/admin/builder/spi-builder-workspace",
  "platforms" : [
    {
      "name" : "macos",
      "version" : "10.11"
    },
    {
      "name" : "ios",
      "version" : "13.0"
    }
  ],
  "products" : [
    {
      "name" : "DataCache",
      "targets" : [
        "DataCache"
      ],
      "type" : {
        "library" : [
          "automatic"
        ]
      }
    }
  ],
  "targets" : [
    {
      "c99name" : "DataCache",
      "module_type" : "SwiftTarget",
      "name" : "DataCache",
      "path" : "Sources",
      "product_memberships" : [
        "DataCache"
      ],
      "sources" : [
        "DataCache.swift",
        "Dictionary+Cache.swift",
        "String+MD5.swift"
      ],
      "type" : "library"
    }
  ],
  "tools_version" : "5.3"
}
{
  "workspace" : {
    "name" : "DataCache",
    "schemes" : [
      "DataCache"
    ]
  }
}
2026-09-18 22:10:05.942 xcodebuild[622:3890] [MT] IDERunDestination: Supported platforms for the buildables in the current scheme is empty.
Running build ...
env DEVELOPER_DIR=/Applications/Xcode-27.0.0-Release.Candidate.app xcrun xcodebuild -IDEClonedSourcePackagesDirPathOverride=$PWD/.dependencies -skipMacroValidation -skipPackagePluginValidation -derivedDataPath $PWD/.derivedData build -scheme DataCache -destination generic/platform=xrOS
Command line invocation:
    /Applications/Xcode-27.0.0-Release.Candidate.app/Contents/Developer/usr/bin/xcodebuild -IDEClonedSourcePackagesDirPathOverride=/Users/admin/builder/spi-builder-workspace/.dependencies -skipMacroValidation -skipPackagePluginValidation -derivedDataPath /Users/admin/builder/spi-builder-workspace/.derivedData build -scheme DataCache -destination generic/platform=xrOS
Resolve Package Graph
Resolved source packages:
  DataCache: /Users/admin/builder/spi-builder-workspace
ComputePackagePrebuildTargetDependencyGraph
Prepare packages
CreateBuildRequest
SendProjectDescription
CreateBuildOperation
ComputeTargetDependencyGraph
note: Building targets in dependency order
note: Target dependency graph (2 targets)
    Target 'DataCache-product' in project 'DataCache'
        ➜ Explicit dependency on target 'DataCache' in project 'DataCache'
    Target 'DataCache' in project 'DataCache' (no dependencies)
GatherProvisioningInputs
CreateBuildDescription
ExecuteExternalTool /Applications/Xcode-27.0.0-Release.Candidate.app/Contents/Developer/Toolchains/XcodeDefault.xctoolchain/usr/bin/clang -v -E -dM -isysroot /Applications/Xcode-27.0.0-Release.Candidate.app/Contents/Developer/Platforms/XROS.platform/Developer/SDKs/XROS27.0.sdk -x c -c /dev/null
ExecuteExternalTool /Applications/Xcode-27.0.0-Release.Candidate.app/Contents/Developer/Toolchains/XcodeDefault.xctoolchain/usr/bin/swiftc --version
ExecuteExternalTool /Applications/Xcode-27.0.0-Release.Candidate.app/Contents/Developer/Toolchains/XcodeDefault.xctoolchain/usr/bin/ld -version_details
Build description signature: a27638beba6b1ddeb67675d951925720
Build description path: /Users/admin/builder/spi-builder-workspace/.derivedData/Build/Intermediates.noindex/XCBuildData/a27638beba6b1ddeb67675d951925720.xcbuilddata
CreateBuildDirectory /Users/admin/builder/spi-builder-workspace/.derivedData/ModuleCache.noindex
    cd /Users/admin/builder/spi-builder-workspace/.swiftpm/xcode
    builtin-create-build-directory /Users/admin/builder/spi-builder-workspace/.derivedData/ModuleCache.noindex
CreateBuildDirectory /Users/admin/builder/spi-builder-workspace/.derivedData/SDKExplicitPrecompiledModules
    cd /Users/admin/builder/spi-builder-workspace/.swiftpm/xcode
    builtin-create-build-directory /Users/admin/builder/spi-builder-workspace/.derivedData/SDKExplicitPrecompiledModules
CreateBuildDirectory /Users/admin/builder/spi-builder-workspace/.derivedData/Build/Products
    cd /Users/admin/builder/spi-builder-workspace/.swiftpm/xcode
    builtin-create-build-directory /Users/admin/builder/spi-builder-workspace/.derivedData/Build/Products
CreateBuildDirectory /Users/admin/builder/spi-builder-workspace/.derivedData/CompilationCache.noindex
    cd /Users/admin/builder/spi-builder-workspace/.swiftpm/xcode
    builtin-create-build-directory /Users/admin/builder/spi-builder-workspace/.derivedData/CompilationCache.noindex
CreateBuildDirectory /Users/admin/builder/spi-builder-workspace/.derivedData/Build/Intermediates.noindex
    cd /Users/admin/builder/spi-builder-workspace/.swiftpm/xcode
    builtin-create-build-directory /Users/admin/builder/spi-builder-workspace/.derivedData/Build/Intermediates.noindex
ClangStatCache /Applications/Xcode-27.0.0-Release.Candidate.app/Contents/Developer/Toolchains/XcodeDefault.xctoolchain/usr/bin/clang-stat-cache /Applications/Xcode-27.0.0-Release.Candidate.app/Contents/Developer/Platforms/XROS.platform/Developer/SDKs/XROS27.0.sdk /Users/admin/builder/spi-builder-workspace/.derivedData/SDKStatCaches.noindex/xros27.0-24M361-e829b21a6f8c9b70876ba0858053c044735bd543db762f57723cac368afd1ce4.sdkstatcache
    cd /Users/admin/builder/spi-builder-workspace/.swiftpm/xcode
    /Applications/Xcode-27.0.0-Release.Candidate.app/Contents/Developer/Toolchains/XcodeDefault.xctoolchain/usr/bin/clang-stat-cache /Applications/Xcode-27.0.0-Release.Candidate.app/Contents/Developer/Platforms/XROS.platform/Developer/SDKs/XROS27.0.sdk -o /Users/admin/builder/spi-builder-workspace/.derivedData/SDKStatCaches.noindex/xros27.0-24M361-e829b21a6f8c9b70876ba0858053c044735bd543db762f57723cac368afd1ce4.sdkstatcache
CreateBuildDirectory /Users/admin/builder/spi-builder-workspace/.derivedData/Build/Intermediates.noindex/SwiftExplicitPrecompiledModules
    cd /Users/admin/builder/spi-builder-workspace/.swiftpm/xcode
    builtin-create-build-directory /Users/admin/builder/spi-builder-workspace/.derivedData/Build/Intermediates.noindex/SwiftExplicitPrecompiledModules
CreateBuildDirectory /Users/admin/builder/spi-builder-workspace/.derivedData/Build/Intermediates.noindex/PrecompiledHeaders
    cd /Users/admin/builder/spi-builder-workspace/.swiftpm/xcode
    builtin-create-build-directory /Users/admin/builder/spi-builder-workspace/.derivedData/Build/Intermediates.noindex/PrecompiledHeaders
CreateBuildDirectory /Users/admin/builder/spi-builder-workspace/.derivedData/Build/Intermediates.noindex/ExplicitPrecompiledModules
    cd /Users/admin/builder/spi-builder-workspace/.swiftpm/xcode
    builtin-create-build-directory /Users/admin/builder/spi-builder-workspace/.derivedData/Build/Intermediates.noindex/ExplicitPrecompiledModules
CreateBuildDirectory /Users/admin/builder/spi-builder-workspace/.derivedData/Build/Intermediates.noindex/EagerLinkingTBDs/Debug-xros
    cd /Users/admin/builder/spi-builder-workspace/.swiftpm/xcode
    builtin-create-build-directory /Users/admin/builder/spi-builder-workspace/.derivedData/Build/Intermediates.noindex/EagerLinkingTBDs/Debug-xros
CreateBuildDirectory /Users/admin/builder/spi-builder-workspace/.derivedData/Build/Products/Debug-xros
    cd /Users/admin/builder/spi-builder-workspace/.swiftpm/xcode
    builtin-create-build-directory /Users/admin/builder/spi-builder-workspace/.derivedData/Build/Products/Debug-xros
CreateBuildDirectory /Users/admin/builder/spi-builder-workspace/.derivedData/Build/Products/Debug-xros/PackageFrameworks
    cd /Users/admin/builder/spi-builder-workspace/.swiftpm/xcode
    builtin-create-build-directory /Users/admin/builder/spi-builder-workspace/.derivedData/Build/Products/Debug-xros/PackageFrameworks
WriteAuxiliaryFile /Users/admin/builder/spi-builder-workspace/.derivedData/Build/Intermediates.noindex/DataCache.build/Debug-xros/DataCache-t.build/DataCache.modulemap (in target 'DataCache' from project 'DataCache')
    cd /Users/admin/builder/spi-builder-workspace
    write-file /Users/admin/builder/spi-builder-workspace/.derivedData/Build/Intermediates.noindex/DataCache.build/Debug-xros/DataCache-t.build/DataCache.modulemap
WriteAuxiliaryFile /Users/admin/builder/spi-builder-workspace/.derivedData/Build/Intermediates.noindex/DataCache.build/Debug-xros/DataCache-t.build/DataCache.DependencyStaticMetadataFileList (in target 'DataCache' from project 'DataCache')
    cd /Users/admin/builder/spi-builder-workspace
    write-file /Users/admin/builder/spi-builder-workspace/.derivedData/Build/Intermediates.noindex/DataCache.build/Debug-xros/DataCache-t.build/DataCache.DependencyStaticMetadataFileList
WriteAuxiliaryFile /Users/admin/builder/spi-builder-workspace/.derivedData/Build/Intermediates.noindex/DataCache.build/Debug-xros/DataCache-t.build/DataCache.DependencyMetadataFileList (in target 'DataCache' from project 'DataCache')
    cd /Users/admin/builder/spi-builder-workspace
    write-file /Users/admin/builder/spi-builder-workspace/.derivedData/Build/Intermediates.noindex/DataCache.build/Debug-xros/DataCache-t.build/DataCache.DependencyMetadataFileList
WriteAuxiliaryFile /Users/admin/builder/spi-builder-workspace/.derivedData/Build/Intermediates.noindex/DataCache.build/Debug-xros/DataCache-t.build/Objects-normal/arm64/DataCache-OutputFileMap.json (in target 'DataCache' from project 'DataCache')
    cd /Users/admin/builder/spi-builder-workspace
    write-file /Users/admin/builder/spi-builder-workspace/.derivedData/Build/Intermediates.noindex/DataCache.build/Debug-xros/DataCache-t.build/Objects-normal/arm64/DataCache-OutputFileMap.json
WriteAuxiliaryFile /Users/admin/builder/spi-builder-workspace/.derivedData/Build/Intermediates.noindex/DataCache.build/Debug-xros/DataCache-t.build/Objects-normal/arm64/DataCache_const_extract_protocols.json (in target 'DataCache' from project 'DataCache')
    cd /Users/admin/builder/spi-builder-workspace
    write-file /Users/admin/builder/spi-builder-workspace/.derivedData/Build/Intermediates.noindex/DataCache.build/Debug-xros/DataCache-t.build/Objects-normal/arm64/DataCache_const_extract_protocols.json
WriteAuxiliaryFile /Users/admin/builder/spi-builder-workspace/.derivedData/Build/Intermediates.noindex/DataCache.build/Debug-xros/DataCache-t.build/Objects-normal/arm64/DataCache.LinkFileList (in target 'DataCache' from project 'DataCache')
    cd /Users/admin/builder/spi-builder-workspace
    write-file /Users/admin/builder/spi-builder-workspace/.derivedData/Build/Intermediates.noindex/DataCache.build/Debug-xros/DataCache-t.build/Objects-normal/arm64/DataCache.LinkFileList
WriteAuxiliaryFile /Users/admin/builder/spi-builder-workspace/.derivedData/Build/Intermediates.noindex/DataCache.build/Debug-xros/DataCache-t.build/Objects-normal/arm64/DataCache.SwiftFileList (in target 'DataCache' from project 'DataCache')
    cd /Users/admin/builder/spi-builder-workspace
    write-file /Users/admin/builder/spi-builder-workspace/.derivedData/Build/Intermediates.noindex/DataCache.build/Debug-xros/DataCache-t.build/Objects-normal/arm64/DataCache.SwiftFileList
WriteAuxiliaryFile /Users/admin/builder/spi-builder-workspace/.derivedData/Build/Intermediates.noindex/DataCache.build/Debug-xros/DataCache-t.build/Objects-normal/arm64/DataCache.SwiftConstValuesFileList (in target 'DataCache' from project 'DataCache')
    cd /Users/admin/builder/spi-builder-workspace
    write-file /Users/admin/builder/spi-builder-workspace/.derivedData/Build/Intermediates.noindex/DataCache.build/Debug-xros/DataCache-t.build/Objects-normal/arm64/DataCache.SwiftConstValuesFileList
Copy /Users/admin/builder/spi-builder-workspace/.derivedData/Build/Intermediates.noindex/GeneratedModuleMaps-xros/DataCache.modulemap /Users/admin/builder/spi-builder-workspace/.derivedData/Build/Intermediates.noindex/DataCache.build/Debug-xros/DataCache-t.build/DataCache.modulemap (in target 'DataCache' from project 'DataCache')
    cd /Users/admin/builder/spi-builder-workspace
    builtin-copy -exclude .DS_Store -exclude CVS -exclude .svn -exclude .git -exclude .hg -resolve-src-symlinks /Users/admin/builder/spi-builder-workspace/.derivedData/Build/Intermediates.noindex/DataCache.build/Debug-xros/DataCache-t.build/DataCache.modulemap /Users/admin/builder/spi-builder-workspace/.derivedData/Build/Intermediates.noindex/GeneratedModuleMaps-xros
SwiftDriver DataCache normal arm64 com.apple.xcode.tools.swift.compiler (in target 'DataCache' from project 'DataCache')
    cd /Users/admin/builder/spi-builder-workspace/.swiftpm/xcode
    builtin-SwiftDriver -- /Applications/Xcode-27.0.0-Release.Candidate.app/Contents/Developer/Toolchains/XcodeDefault.xctoolchain/usr/bin/swiftc -parse-as-library -module-name DataCache -Onone @/Users/admin/builder/spi-builder-workspace/.derivedData/Build/Intermediates.noindex/DataCache.build/Debug-xros/DataCache-t.build/Objects-normal/arm64/DataCache.SwiftFileList -DSWIFT_PACKAGE -DDEBUG -DSWIFT_MODULE_RESOURCE_BUNDLE_UNAVAILABLE -DXcode -plugin-path /Applications/Xcode-27.0.0-Release.Candidate.app/Contents/Developer/Toolchains/XcodeDefault.xctoolchain/usr/lib/swift/host/plugins/testing -enable-experimental-feature DebugDescriptionMacro -sdk /Applications/Xcode-27.0.0-Release.Candidate.app/Contents/Developer/Platforms/XROS.platform/Developer/SDKs/XROS27.0.sdk -target arm64-apple-xros1.0 -g -module-cache-path /Users/admin/builder/spi-builder-workspace/.derivedData/ModuleCache.noindex -Xfrontend -serialize-debugging-options -enable-testing -index-store-path /Users/admin/builder/spi-builder-workspace/.derivedData/Index.noindex/DataStore -Xcc -D_LIBCPP_HARDENING_MODE\=_LIBCPP_HARDENING_MODE_DEBUG -swift-version 5 -I /Users/admin/builder/spi-builder-workspace/.derivedData/Build/Products/Debug-xros -Isystem /Applications/Xcode-27.0.0-Release.Candidate.app/Contents/Developer/Platforms/XROS.platform/Developer/usr/lib -F /Users/admin/builder/spi-builder-workspace/.derivedData/Build/Products/Debug-xros -F /Applications/Xcode-27.0.0-Release.Candidate.app/Contents/Developer/Platforms/XROS.platform/Developer/Library/Frameworks -F /Applications/Xcode-27.0.0-Release.Candidate.app/Contents/Developer/Platforms/XROS.platform/Developer/SDKs/XROS27.0.sdk/Developer/Library/Frameworks -c -j10 -enable-batch-mode -incremental -Xcc -ivfsstatcache -Xcc /Users/admin/builder/spi-builder-workspace/.derivedData/SDKStatCaches.noindex/xros27.0-24M361-e829b21a6f8c9b70876ba0858053c044735bd543db762f57723cac368afd1ce4.sdkstatcache -output-file-map /Users/admin/builder/spi-builder-workspace/.derivedData/Build/Intermediates.noindex/DataCache.build/Debug-xros/DataCache-t.build/Objects-normal/arm64/DataCache-OutputFileMap.json -save-temps -no-color-diagnostics -explicit-module-build -module-cache-path /Users/admin/builder/spi-builder-workspace/.derivedData/Build/Intermediates.noindex/SwiftExplicitPrecompiledModules -clang-scanner-module-cache-path /Users/admin/builder/spi-builder-workspace/.derivedData/ModuleCache.noindex -sdk-module-cache-path /Users/admin/builder/spi-builder-workspace/.derivedData/SDKExplicitPrecompiledModules -emit-dependencies -emit-module -emit-module-path /Users/admin/builder/spi-builder-workspace/.derivedData/Build/Intermediates.noindex/DataCache.build/Debug-xros/DataCache-t.build/Objects-normal/arm64/DataCache.swiftmodule -serialize-diagnostics -dependency-scan-serialize-diagnostics-path /Users/admin/builder/spi-builder-workspace/.derivedData/Build/Intermediates.noindex/DataCache.build/Debug-xros/DataCache-t.build/Objects-normal/arm64/DataCache-dependency-scan.dia -validate-clang-modules-once -clang-build-session-file /Users/admin/builder/spi-builder-workspace/.derivedData/ModuleCache.noindex/Session.modulevalidation -Xcc -fmodules-prune-interval\=86400 -Xcc -fmodules-prune-after\=345600 -emit-const-values -const-gather-protocols-list /Users/admin/builder/spi-builder-workspace/.derivedData/Build/Intermediates.noindex/DataCache.build/Debug-xros/DataCache-t.build/Objects-normal/arm64/DataCache_const_extract_protocols.json -Xcc -I/Users/admin/builder/spi-builder-workspace/.derivedData/Build/Products/Debug-xros/include -Xcc -I/Users/admin/builder/spi-builder-workspace/.derivedData/Build/Intermediates.noindex/DataCache.build/Debug-xros/DataCache-t.build/DerivedSources-normal/arm64 -Xcc -I/Users/admin/builder/spi-builder-workspace/.derivedData/Build/Intermediates.noindex/DataCache.build/Debug-xros/DataCache-t.build/DerivedSources/arm64 -Xcc -I/Users/admin/builder/spi-builder-workspace/.derivedData/Build/Intermediates.noindex/DataCache.build/Debug-xros/DataCache-t.build/DerivedSources -Xcc -DSWIFT_PACKAGE -Xcc -DDEBUG\=1 -emit-objc-header -emit-objc-header-path /Users/admin/builder/spi-builder-workspace/.derivedData/Build/Intermediates.noindex/DataCache.build/Debug-xros/DataCache-t.build/Objects-normal/arm64/DataCache-Swift.h -working-directory /Users/admin/builder/spi-builder-workspace/.swiftpm/xcode -experimental-emit-module-separately -disable-cmo
SwiftExplicitDependencyGeneratePcm arm64 /Users/admin/builder/spi-builder-workspace/.derivedData/SDKExplicitPrecompiledModules/SwiftShims-CI4H5RO9IYFFWQ2COB512Q2S9.pcm
SwiftExplicitDependencyGeneratePcm arm64 /Users/admin/builder/spi-builder-workspace/.derivedData/SDKExplicitPrecompiledModules/_Builtin_stdarg-CDA349K2K4US766844K8E0PVA.pcm
SwiftExplicitDependencyGeneratePcm arm64 /Users/admin/builder/spi-builder-workspace/.derivedData/SDKExplicitPrecompiledModules/_Builtin_float-6WKHNW5S40U2QGHXXGETUDIRA.pcm
SwiftExplicitDependencyGeneratePcm arm64 /Users/admin/builder/spi-builder-workspace/.derivedData/SDKExplicitPrecompiledModules/_Builtin_stdbool-5BU2ADS7JXQMYENKQHW9X8XOU.pcm
SwiftExplicitDependencyGeneratePcm arm64 /Users/admin/builder/spi-builder-workspace/.derivedData/SDKExplicitPrecompiledModules/_Builtin_stddef-5NQ9Z1GV07GBSRQGAQCGXGVRI.pcm
SwiftExplicitDependencyGeneratePcm arm64 /Users/admin/builder/spi-builder-workspace/.derivedData/SDKExplicitPrecompiledModules/ptrcheck-BXA97MNLI4BB0HF5I8MJE403D.pcm
SwiftExplicitDependencyGeneratePcm arm64 /Users/admin/builder/spi-builder-workspace/.derivedData/SDKExplicitPrecompiledModules/ptrauth-1WBA714DZSVUL5JQDJ08CLKZ.pcm
SwiftExplicitDependencyGeneratePcm arm64 /Users/admin/builder/spi-builder-workspace/.derivedData/SDKExplicitPrecompiledModules/_SwiftConcurrencyShims-C8XHKSHX96D5YYALNM4W70Z0O.pcm
SwiftExplicitDependencyGeneratePcm arm64 /Users/admin/builder/spi-builder-workspace/.derivedData/SDKExplicitPrecompiledModules/_AvailabilityInternal-1Q8IQP6M38UWSGZ95UCEY2M44.pcm
SwiftExplicitDependencyGeneratePcm arm64 /Users/admin/builder/spi-builder-workspace/.derivedData/SDKExplicitPrecompiledModules/_DarwinFoundation1-5RGRVV2TZ6WC4WZW5IXF8NQ04.pcm
SwiftExplicitDependencyGeneratePcm arm64 /Users/admin/builder/spi-builder-workspace/.derivedData/SDKExplicitPrecompiledModules/_DarwinFoundation2-ENTECK156YEWITZRRBTOCE4KR.pcm
SwiftExplicitDependencyGeneratePcm arm64 /Users/admin/builder/spi-builder-workspace/.derivedData/SDKExplicitPrecompiledModules/_Builtin_limits-425JDMN5HPM3D0UEI8LEHP6NM.pcm
SwiftExplicitDependencyGeneratePcm arm64 /Users/admin/builder/spi-builder-workspace/.derivedData/SDKExplicitPrecompiledModules/_Builtin_stdint-8OR6T47OOYJA90ZBO3N1USDE.pcm
SwiftExplicitDependencyGeneratePcm arm64 /Users/admin/builder/spi-builder-workspace/.derivedData/SDKExplicitPrecompiledModules/sys_types-AYM0BHR77VKMWZCO2T0XGV2HF.pcm
SwiftExplicitDependencyGeneratePcm arm64 /Users/admin/builder/spi-builder-workspace/.derivedData/SDKExplicitPrecompiledModules/string_h-2GT67HHHHK5CF1V1S31LH0PU2.pcm
SwiftExplicitDependencyGeneratePcm arm64 /Users/admin/builder/spi-builder-workspace/.derivedData/SDKExplicitPrecompiledModules/_DarwinFoundation3-9ZHN6JKBS40BBA81RQMV8H0IC.pcm
SwiftExplicitDependencyGeneratePcm arm64 /Users/admin/builder/spi-builder-workspace/.derivedData/SDKExplicitPrecompiledModules/_Builtin_inttypes-11B64KJD36B3YOHBR1BBXBJY8.pcm
SwiftExplicitDependencyGeneratePcm arm64 /Users/admin/builder/spi-builder-workspace/.derivedData/SDKExplicitPrecompiledModules/Darwin-60P5LVNQO3ESRRM5DCJ05PFNK.pcm
SwiftExplicitDependencyGeneratePcm arm64 /Users/admin/builder/spi-builder-workspace/.derivedData/SDKExplicitPrecompiledModules/ObjectiveC-26TIBFYCEJZVP216ZZAU1X8KN.pcm
SwiftExplicitDependencyGeneratePcm arm64 /Users/admin/builder/spi-builder-workspace/.derivedData/SDKExplicitPrecompiledModules/os_object-692CJ8BG6RE5H04487EJJOVXW.pcm
SwiftExplicitDependencyGeneratePcm arm64 /Users/admin/builder/spi-builder-workspace/.derivedData/SDKExplicitPrecompiledModules/os_workgroup-4U1VXMWIZD80E7PRUQF2G7P9X.pcm
SwiftExplicitDependencyGeneratePcm arm64 /Users/admin/builder/spi-builder-workspace/.derivedData/SDKExplicitPrecompiledModules/Dispatch-CLT3466HKC22GCKAWSCNG0H7T.pcm
SwiftExplicitDependencyGeneratePcm arm64 /Users/admin/builder/spi-builder-workspace/.derivedData/SDKExplicitPrecompiledModules/CoreFoundation-AVLTZVCXBU2TO75JCN4AGU8XJ.pcm
SwiftExplicitDependencyGeneratePcm arm64 /Users/admin/builder/spi-builder-workspace/.derivedData/SDKExplicitPrecompiledModules/XPC-EP5EU7FNGP4VOA3EDM18P1KHO.pcm
SwiftExplicitDependencyGeneratePcm arm64 /Users/admin/builder/spi-builder-workspace/.derivedData/SDKExplicitPrecompiledModules/CFNetwork-5MI70N1VLDQSWTX4COWLMSIRO.pcm
SwiftExplicitDependencyGeneratePcm arm64 /Users/admin/builder/spi-builder-workspace/.derivedData/SDKExplicitPrecompiledModules/Security-8TH2M8WJIQMET4SADWX0N8372.pcm
SwiftExplicitDependencyGeneratePcm arm64 /Users/admin/builder/spi-builder-workspace/.derivedData/SDKExplicitPrecompiledModules/Foundation-8GON1KVEKRN3NOQI8RETBRWJP.pcm
SwiftEmitModule normal arm64 Emitting\ module\ for\ DataCache (in target 'DataCache' from project 'DataCache')
/Users/admin/builder/spi-builder-workspace/Sources/DataCache.swift:22:47: error: cannot find type 'TimeInterval' in scope
 20 |     static let cacheDirectoryPrefix = "com.nch.cache."
 21 |     static let ioQueuePrefix = "com.nch.queue."
 22 |     static let defaultMaxCachePeriodInSecond: TimeInterval = 60 * 60 * 24 * 7         // a week
    |                                               `- error: cannot find type 'TimeInterval' in scope
 23 |
 24 |     public static let instance = DataCache(name: "default")
/Users/admin/builder/spi-builder-workspace/Sources/DataCache.swift:28:20: error: cannot find 'NSCache' in scope
 26 |     let cachePath: String
 27 |
 28 |     let memCache = NSCache<AnyObject, AnyObject>()
    |                    `- error: cannot find 'NSCache' in scope
 29 |     let ioQueue: DispatchQueue
 30 |     let fileManager: FileManager
/Users/admin/builder/spi-builder-workspace/Sources/DataCache.swift:29:18: error: cannot find type 'DispatchQueue' in scope
 27 |
 28 |     let memCache = NSCache<AnyObject, AnyObject>()
 29 |     let ioQueue: DispatchQueue
    |                  `- error: cannot find type 'DispatchQueue' in scope
 30 |     let fileManager: FileManager
 31 |
/Users/admin/builder/spi-builder-workspace/Sources/DataCache.swift:30:22: error: cannot find type 'FileManager' in scope
 28 |     let memCache = NSCache<AnyObject, AnyObject>()
 29 |     let ioQueue: DispatchQueue
 30 |     let fileManager: FileManager
    |                      `- error: cannot find type 'FileManager' in scope
 31 |
 32 |     /// Name of cache
/Users/admin/builder/spi-builder-workspace/Sources/DataCache.swift:69:29: error: cannot find type 'Data' in scope
 67 |
 68 |     /// Write data for key. This is an async operation.
 69 |     public func write(data: Data, forKey key: String) {
    |                             `- error: cannot find type 'Data' in scope
 70 |         memCache.setObject(data as AnyObject, forKey: key as AnyObject)
 71 |         writeDataToDisk(data: data, key: key)
/Users/admin/builder/spi-builder-workspace/Sources/DataCache.swift:74:40: error: cannot find type 'Data' in scope
 72 |     }
 73 |
 74 |     private func writeDataToDisk(data: Data, key: String) {
    |                                        `- error: cannot find type 'Data' in scope
 75 |         ioQueue.async {
 76 |             if self.fileManager.fileExists(atPath: self.cachePath) == false {
/Users/admin/builder/spi-builder-workspace/Sources/DataCache.swift:89:48: error: cannot find type 'Data' in scope
 87 |
 88 |     /// Read data for key
 89 |     public func readData(forKey key:String) -> Data? {
    |                                                `- error: cannot find type 'Data' in scope
 90 |         var data = memCache.object(forKey: key as AnyObject) as? Data
 91 |
/Users/admin/builder/spi-builder-workspace/Sources/DataCache.swift:103:57: error: cannot find type 'Data' in scope
101 |
102 |     /// Read data from disk for key
103 |     public func readDataFromDisk(forKey key: String) -> Data? {
    |                                                         `- error: cannot find type 'Data' in scope
104 |         return self.fileManager.contents(atPath: cachePath(forKey: key))
105 |     }
/Users/admin/builder/spi-builder-workspace/Sources/DataCache.swift:124:31: error: cannot find type 'NSCoding' in scope
122 |     ///
123 |     /// NOTE: Can't write `UIImage` with this method. Please use `writeImage(_:forKey:)` to write an image
124 |     public func write(object: NSCoding, forKey key: String) {
    |                               `- error: cannot find type 'NSCoding' in scope
125 |         let data = NSKeyedArchiver.archivedData(withRootObject: object)
126 |         write(data: data, forKey: key)
/Users/admin/builder/spi-builder-workspace/Sources/DataCache.swift:145:51: error: cannot find type 'NSObject' in scope
143 |
144 |     /// Read an object for key. This object must inherit from `NSObject` and implement NSCoding protocol. `String`, `Array`, `Dictionary` conform to this method
145 |     public func readObject(forKey key: String) -> NSObject? {
    |                                                   `- error: cannot find type 'NSObject' in scope
146 |         let data = readData(forKey: key)
147 |
/Users/admin/builder/spi-builder-workspace/Sources/DataCache.swift:293:6: error: @objc attribute used without importing module 'Foundation'
291 |
292 |     /// Clean expired disk cache. This is an async operation.
293 |     @objc public func cleanExpiredDiskCache() {
    |      `- error: @objc attribute used without importing module 'Foundation'
294 |         cleanExpiredDiskCache(completion: nil)
295 |     }
/Users/admin/builder/spi-builder-workspace/Sources/DataCache.swift:303:5: warning: non-'@objc' instance method declared in extension cannot be overridden; use 'public' instead; this will be an error in a future Swift language mode
301 |      - parameter completionHandler: Called after the operation completes.
302 |      */
303 |     open func cleanExpiredDiskCache(completion handler: (()->())? = nil) {
    |     `- warning: non-'@objc' instance method declared in extension cannot be overridden; use 'public' instead; this will be an error in a future Swift language mode
304 |
305 |         // Do things in cocurrent io queue
/Users/admin/builder/spi-builder-workspace/Sources/DataCache.swift:367:83: error: cannot find type 'URL' in scope
365 |
366 |     // This method is from Kingfisher
367 |     fileprivate func travelCachedFiles(onlyForCacheSize: Bool) -> (urlsToDelete: [URL], diskCacheSize: UInt, cachedFiles: [URL: URLResourceValues]) {
    |                                                                                   `- error: cannot find type 'URL' in scope
368 |
369 |         let diskCacheURL = URL(fileURLWithPath: cachePath)
/Users/admin/builder/spi-builder-workspace/Sources/DataCache.swift:367:124: error: cannot find type 'URL' in scope
365 |
366 |     // This method is from Kingfisher
367 |     fileprivate func travelCachedFiles(onlyForCacheSize: Bool) -> (urlsToDelete: [URL], diskCacheSize: UInt, cachedFiles: [URL: URLResourceValues]) {
    |                                                                                                                            `- error: cannot find type 'URL' in scope
368 |
369 |         let diskCacheURL = URL(fileURLWithPath: cachePath)
Failed frontend command:
SwiftCompile normal arm64 (in target 'DataCache' from project 'DataCache')
    cd /Users/admin/builder/spi-builder-workspace/.swiftpm/xcode

/Applications/Xcode-27.0.0-Release.Candidate.app/Contents/Developer/Toolchains/XcodeDefault.xctoolchain/usr/bin/swift-frontend -frontend -emit-module -experimental-skip-non-inlinable-function-bodies-without-types /Users/admin/builder/spi-builder-workspace/Sources/DataCache.swift /Users/admin/builder/spi-builder-workspace/Sources/Dictionary+Cache.swift /Users/admin/builder/spi-builder-workspace/Sources/String+MD5.swift -target arm64-apple-xros1.0 -disable-cross-import-overlay-search -load-resolved-plugin /Applications/Xcode-27.0.0-Release.Candidate.app/Contents/Developer/Platforms/XROS.platform/Developer/usr/lib/swift/host/plugins/libFoundationMacros.dylib\#/Applications/Xcode-27.0.0-Release.Candidate.app/Contents/Developer/Platforms/XROS.platform/Developer/usr/bin/swift-plugin-server\#FoundationMacros -load-resolved-plugin /Applications/Xcode-27.0.0-Release.Candidate.app/Contents/Developer/Platforms/XROS.platform/Developer/usr/lib/swift/host/plugins/libObservationMacros.dylib\#/Applications/Xcode-27.0.0-Release.Candidate.app/Contents/Developer/Platforms/XROS.platform/Developer/usr/bin/swift-plugin-server\#ObservationMacros -load-resolved-plugin /Applications/Xcode-27.0.0-Release.Candidate.app/Contents/Developer/Platforms/XROS.platform/Developer/usr/lib/swift/host/plugins/libSwiftMacros.dylib\#/Applications/Xcode-27.0.0-Release.Candidate.app/Contents/Developer/Platforms/XROS.platform/Developer/usr/bin/swift-plugin-server\#SwiftMacros -disable-implicit-swift-modules -Xcc -fno-implicit-modules -Xcc -fno-implicit-module-maps -explicit-swift-module-map-file /Users/admin/builder/spi-builder-workspace/.derivedData/Build/Intermediates.noindex/DataCache.build/Debug-xros/DataCache-t.build/Objects-normal/arm64/DataCache-dependencies-1.json -Xllvm -aarch64-use-tbi -enable-objc-interop -stack-check -sdk /Applications/Xcode-27.0.0-Release.Candidate.app/Contents/Developer/Platforms/XROS.platform/Developer/SDKs/XROS27.0.sdk -I /Users/admin/builder/spi-builder-workspace/.derivedData/Build/Products/Debug-xros -Isystem /Applications/Xcode-27.0.0-Release.Candidate.app/Contents/Developer/Platforms/XROS.platform/Developer/usr/lib -F /Users/admin/builder/spi-builder-workspace/.derivedData/Build/Products/Debug-xros -F /Applications/Xcode-27.0.0-Release.Candidate.app/Contents/Developer/Platforms/XROS.platform/Developer/Library/Frameworks -F /Applications/Xcode-27.0.0-Release.Candidate.app/Contents/Developer/Platforms/XROS.platform/Developer/SDKs/XROS27.0.sdk/Developer/Library/Frameworks -module-cache-path /Users/admin/builder/spi-builder-workspace/.derivedData/Build/Intermediates.noindex/SwiftExplicitPrecompiledModules -no-color-diagnostics -Xcc -fno-color-diagnostics -enable-testing -g -debug-info-format\=dwarf -dwarf-version\=4 -swift-version 5 -Onone -D SWIFT_PACKAGE -D DEBUG -D SWIFT_MODULE_RESOURCE_BUNDLE_UNAVAILABLE -D Xcode -serialize-debugging-options -enable-experimental-feature DebugDescriptionMacro -empty-abi-descriptor -validate-clang-modules-once -clang-build-session-file /Users/admin/builder/spi-builder-workspace/.derivedData/ModuleCache.noindex/Session.modulevalidation -Xcc -working-directory -Xcc /Users/admin/builder/spi-builder-workspace/.swiftpm/xcode -enable-anonymous-context-mangled-names -file-compilation-dir /Users/admin/builder/spi-builder-workspace/.swiftpm/xcode -Xcc -D_LIBCPP_HARDENING_MODE\=_LIBCPP_HARDENING_MODE_DEBUG -Xcc -ivfsstatcache -Xcc /Users/admin/builder/spi-builder-workspace/.derivedData/SDKStatCaches.noindex/xros27.0-24M361-e829b21a6f8c9b70876ba0858053c044735bd543db762f57723cac368afd1ce4.sdkstatcache -Xcc -fmodules-prune-interval\=86400 -Xcc -fmodules-prune-after\=345600 -Xcc -I/Users/admin/builder/spi-builder-workspace/.derivedData/Build/Products/Debug-xros/include -Xcc -I/Users/admin/builder/spi-builder-workspace/.derivedData/Build/Intermediates.noindex/DataCache.build/Debug-xros/DataCache-t.build/DerivedSources-normal/arm64 -Xcc -I/Users/admin/builder/spi-builder-workspace/.derivedData/Build/Intermediates.noindex/DataCache.build/Debug-xros/DataCache-t.build/DerivedSources/arm64 -Xcc -I/Users/admin/builder/spi-builder-workspace/.derivedData/Build/Intermediates.noindex/DataCache.build/Debug-xros/DataCache-t.build/DerivedSources -Xcc -DSWIFT_PACKAGE -Xcc -DDEBUG\=1 -no-auto-bridging-header-chaining -module-name DataCache -const-gather-protocols-file /Users/admin/builder/spi-builder-workspace/.derivedData/Build/Intermediates.noindex/DataCache.build/Debug-xros/DataCache-t.build/Objects-normal/arm64/DataCache_const_extract_protocols.json -disable-clang-spi -clang-target arm64-apple-xros27.0 -target-sdk-version 27.0 -target-sdk-name xros27.0 -in-process-plugin-server-path /Applications/Xcode-27.0.0-Release.Candidate.app/Contents/Developer/Toolchains/XcodeDefault.xctoolchain/usr/lib/swift/host/libSwiftInProcPluginServer.dylib -emit-module-doc-path /Users/admin/builder/spi-builder-workspace/.derivedData/Build/Intermediates.noindex/DataCache.build/Debug-xros/DataCache-t.build/Objects-normal/arm64/DataCache.swiftdoc -emit-module-source-info-path /Users/admin/builder/spi-builder-workspace/.derivedData/Build/Intermediates.noindex/DataCache.build/Debug-xros/DataCache-t.build/Objects-normal/arm64/DataCache.swiftsourceinfo -emit-objc-header-path /Users/admin/builder/spi-builder-workspace/.derivedData/Build/Intermediates.noindex/DataCache.build/Debug-xros/DataCache-t.build/Objects-normal/arm64/DataCache-Swift.h -serialize-diagnostics-path /Users/admin/builder/spi-builder-workspace/.derivedData/Build/Intermediates.noindex/DataCache.build/Debug-xros/DataCache-t.build/Objects-normal/arm64/DataCache-primary-emit-module.dia -emit-dependencies-path /Users/admin/builder/spi-builder-workspace/.derivedData/Build/Intermediates.noindex/DataCache.build/Debug-xros/DataCache-t.build/Objects-normal/arm64/DataCache-primary-emit-module.d -parse-as-library -o /Users/admin/builder/spi-builder-workspace/.derivedData/Build/Intermediates.noindex/DataCache.build/Debug-xros/DataCache-t.build/Objects-normal/arm64/DataCache.swiftmodule -emit-abi-descriptor-path /Users/admin/builder/spi-builder-workspace/.derivedData/Build/Intermediates.noindex/DataCache.build/Debug-xros/DataCache-t.build/Objects-normal/arm64/DataCache.abi.json
SwiftCompile normal arm64 Compiling\ DataCache.swift /Users/admin/builder/spi-builder-workspace/Sources/DataCache.swift (in target 'DataCache' from project 'DataCache')
/Users/admin/builder/spi-builder-workspace/Sources/DataCache.swift:22:47: error: cannot find type 'TimeInterval' in scope
 20 |     static let cacheDirectoryPrefix = "com.nch.cache."
 21 |     static let ioQueuePrefix = "com.nch.queue."
 22 |     static let defaultMaxCachePeriodInSecond: TimeInterval = 60 * 60 * 24 * 7         // a week
    |                                               `- error: cannot find type 'TimeInterval' in scope
 23 |
 24 |     public static let instance = DataCache(name: "default")
/Users/admin/builder/spi-builder-workspace/Sources/DataCache.swift:28:20: error: cannot find 'NSCache' in scope
 26 |     let cachePath: String
 27 |
 28 |     let memCache = NSCache<AnyObject, AnyObject>()
    |                    `- error: cannot find 'NSCache' in scope
 29 |     let ioQueue: DispatchQueue
 30 |     let fileManager: FileManager
/Users/admin/builder/spi-builder-workspace/Sources/DataCache.swift:29:18: error: cannot find type 'DispatchQueue' in scope
 27 |
 28 |     let memCache = NSCache<AnyObject, AnyObject>()
 29 |     let ioQueue: DispatchQueue
    |                  `- error: cannot find type 'DispatchQueue' in scope
 30 |     let fileManager: FileManager
 31 |
/Users/admin/builder/spi-builder-workspace/Sources/DataCache.swift:30:22: error: cannot find type 'FileManager' in scope
 28 |     let memCache = NSCache<AnyObject, AnyObject>()
 29 |     let ioQueue: DispatchQueue
 30 |     let fileManager: FileManager
    |                      `- error: cannot find type 'FileManager' in scope
 31 |
 32 |     /// Name of cache
/Users/admin/builder/spi-builder-workspace/Sources/DataCache.swift:69:29: error: cannot find type 'Data' in scope
 67 |
 68 |     /// Write data for key. This is an async operation.
 69 |     public func write(data: Data, forKey key: String) {
    |                             `- error: cannot find type 'Data' in scope
 70 |         memCache.setObject(data as AnyObject, forKey: key as AnyObject)
 71 |         writeDataToDisk(data: data, key: key)
/Users/admin/builder/spi-builder-workspace/Sources/DataCache.swift:74:40: error: cannot find type 'Data' in scope
 72 |     }
 73 |
 74 |     private func writeDataToDisk(data: Data, key: String) {
    |                                        `- error: cannot find type 'Data' in scope
 75 |         ioQueue.async {
 76 |             if self.fileManager.fileExists(atPath: self.cachePath) == false {
/Users/admin/builder/spi-builder-workspace/Sources/DataCache.swift:89:48: error: cannot find type 'Data' in scope
 87 |
 88 |     /// Read data for key
 89 |     public func readData(forKey key:String) -> Data? {
    |                                                `- error: cannot find type 'Data' in scope
 90 |         var data = memCache.object(forKey: key as AnyObject) as? Data
 91 |
/Users/admin/builder/spi-builder-workspace/Sources/DataCache.swift:103:57: error: cannot find type 'Data' in scope
101 |
102 |     /// Read data from disk for key
103 |     public func readDataFromDisk(forKey key: String) -> Data? {
    |                                                         `- error: cannot find type 'Data' in scope
104 |         return self.fileManager.contents(atPath: cachePath(forKey: key))
105 |     }
/Users/admin/builder/spi-builder-workspace/Sources/DataCache.swift:124:31: error: cannot find type 'NSCoding' in scope
122 |     ///
123 |     /// NOTE: Can't write `UIImage` with this method. Please use `writeImage(_:forKey:)` to write an image
124 |     public func write(object: NSCoding, forKey key: String) {
    |                               `- error: cannot find type 'NSCoding' in scope
125 |         let data = NSKeyedArchiver.archivedData(withRootObject: object)
126 |         write(data: data, forKey: key)
/Users/admin/builder/spi-builder-workspace/Sources/DataCache.swift:145:51: error: cannot find type 'NSObject' in scope
143 |
144 |     /// Read an object for key. This object must inherit from `NSObject` and implement NSCoding protocol. `String`, `Array`, `Dictionary` conform to this method
145 |     public func readObject(forKey key: String) -> NSObject? {
    |                                                   `- error: cannot find type 'NSObject' in scope
146 |         let data = readData(forKey: key)
147 |
/Users/admin/builder/spi-builder-workspace/Sources/DataCache.swift:293:6: error: @objc attribute used without importing module 'Foundation'
291 |
292 |     /// Clean expired disk cache. This is an async operation.
293 |     @objc public func cleanExpiredDiskCache() {
    |      `- error: @objc attribute used without importing module 'Foundation'
294 |         cleanExpiredDiskCache(completion: nil)
295 |     }
/Users/admin/builder/spi-builder-workspace/Sources/DataCache.swift:303:5: warning: non-'@objc' instance method declared in extension cannot be overridden; use 'public' instead; this will be an error in a future Swift language mode
301 |      - parameter completionHandler: Called after the operation completes.
302 |      */
303 |     open func cleanExpiredDiskCache(completion handler: (()->())? = nil) {
    |     `- warning: non-'@objc' instance method declared in extension cannot be overridden; use 'public' instead; this will be an error in a future Swift language mode
304 |
305 |         // Do things in cocurrent io queue
/Users/admin/builder/spi-builder-workspace/Sources/DataCache.swift:367:83: error: cannot find type 'URL' in scope
365 |
366 |     // This method is from Kingfisher
367 |     fileprivate func travelCachedFiles(onlyForCacheSize: Bool) -> (urlsToDelete: [URL], diskCacheSize: UInt, cachedFiles: [URL: URLResourceValues]) {
    |                                                                                   `- error: cannot find type 'URL' in scope
368 |
369 |         let diskCacheURL = URL(fileURLWithPath: cachePath)
/Users/admin/builder/spi-builder-workspace/Sources/DataCache.swift:367:124: error: cannot find type 'URL' in scope
365 |
366 |     // This method is from Kingfisher
367 |     fileprivate func travelCachedFiles(onlyForCacheSize: Bool) -> (urlsToDelete: [URL], diskCacheSize: UInt, cachedFiles: [URL: URLResourceValues]) {
    |                                                                                                                            `- error: cannot find type 'URL' in scope
368 |
369 |         let diskCacheURL = URL(fileURLWithPath: cachePath)
/Users/admin/builder/spi-builder-workspace/Sources/DataCache.swift:45:33: error: cannot find 'NSSearchPathForDirectoriesInDomains' in scope
 43 |         self.name = name
 44 |
 45 |         var cachePath = path ?? NSSearchPathForDirectoriesInDomains(.cachesDirectory, FileManager.SearchPathDomainMask.userDomainMask, true).first!
    |                                 `- error: cannot find 'NSSearchPathForDirectoriesInDomains' in scope
 46 |         cachePath = (cachePath as NSString).appendingPathComponent(DataCache.cacheDirectoryPrefix + name)
 47 |         self.cachePath = cachePath
/Users/admin/builder/spi-builder-workspace/Sources/DataCache.swift:45:87: error: cannot find 'FileManager' in scope
 43 |         self.name = name
 44 |
 45 |         var cachePath = path ?? NSSearchPathForDirectoriesInDomains(.cachesDirectory, FileManager.SearchPathDomainMask.userDomainMask, true).first!
    |                                                                                       `- error: cannot find 'FileManager' in scope
 46 |         cachePath = (cachePath as NSString).appendingPathComponent(DataCache.cacheDirectoryPrefix + name)
 47 |         self.cachePath = cachePath
/Users/admin/builder/spi-builder-workspace/Sources/DataCache.swift:46:35: error: cannot find type 'NSString' in scope
 44 |
 45 |         var cachePath = path ?? NSSearchPathForDirectoriesInDomains(.cachesDirectory, FileManager.SearchPathDomainMask.userDomainMask, true).first!
 46 |         cachePath = (cachePath as NSString).appendingPathComponent(DataCache.cacheDirectoryPrefix + name)
    |                                   `- error: cannot find type 'NSString' in scope
 47 |         self.cachePath = cachePath
 48 |
/Users/admin/builder/spi-builder-workspace/Sources/DataCache.swift:49:19: error: cannot find 'DispatchQueue' in scope
 47 |         self.cachePath = cachePath
 48 |
 49 |         ioQueue = DispatchQueue(label: DataCache.ioQueuePrefix + name)
    |                   `- error: cannot find 'DispatchQueue' in scope
 50 |
 51 |         self.fileManager = FileManager()
/Users/admin/builder/spi-builder-workspace/Sources/DataCache.swift:51:28: error: cannot find 'FileManager' in scope
 49 |         ioQueue = DispatchQueue(label: DataCache.ioQueuePrefix + name)
 50 |
 51 |         self.fileManager = FileManager()
    |                            `- error: cannot find 'FileManager' in scope
 52 |
 53 |         #if !os(OSX) && !os(watchOS)
/Users/admin/builder/spi-builder-workspace/Sources/DataCache.swift:54:13: error: cannot find 'NotificationCenter' in scope
 52 |
 53 |         #if !os(OSX) && !os(watchOS)
 54 |             NotificationCenter.default.addObserver(self, selector: #selector(cleanExpiredDiskCache), name: UIApplication.willTerminateNotification, object: nil)
    |             `- error: cannot find 'NotificationCenter' in scope
 55 |             NotificationCenter.default.addObserver(self, selector: #selector(cleanExpiredDiskCache), name: UIApplication.didEnterBackgroundNotification, object: nil)
 56 |         #endif
/Users/admin/builder/spi-builder-workspace/Sources/DataCache.swift:54:108: error: cannot find 'UIApplication' in scope
 52 |
 53 |         #if !os(OSX) && !os(watchOS)
 54 |             NotificationCenter.default.addObserver(self, selector: #selector(cleanExpiredDiskCache), name: UIApplication.willTerminateNotification, object: nil)
    |                                                                                                            `- error: cannot find 'UIApplication' in scope
 55 |             NotificationCenter.default.addObserver(self, selector: #selector(cleanExpiredDiskCache), name: UIApplication.didEnterBackgroundNotification, object: nil)
 56 |         #endif
/Users/admin/builder/spi-builder-workspace/Sources/DataCache.swift:55:13: error: cannot find 'NotificationCenter' in scope
 53 |         #if !os(OSX) && !os(watchOS)
 54 |             NotificationCenter.default.addObserver(self, selector: #selector(cleanExpiredDiskCache), name: UIApplication.willTerminateNotification, object: nil)
 55 |             NotificationCenter.default.addObserver(self, selector: #selector(cleanExpiredDiskCache), name: UIApplication.didEnterBackgroundNotification, object: nil)
    |             `- error: cannot find 'NotificationCenter' in scope
 56 |         #endif
 57 |     }
/Users/admin/builder/spi-builder-workspace/Sources/DataCache.swift:55:108: error: cannot find 'UIApplication' in scope
 53 |         #if !os(OSX) && !os(watchOS)
 54 |             NotificationCenter.default.addObserver(self, selector: #selector(cleanExpiredDiskCache), name: UIApplication.willTerminateNotification, object: nil)
 55 |             NotificationCenter.default.addObserver(self, selector: #selector(cleanExpiredDiskCache), name: UIApplication.didEnterBackgroundNotification, object: nil)
    |                                                                                                            `- error: cannot find 'UIApplication' in scope
 56 |         #endif
 57 |     }
/Users/admin/builder/spi-builder-workspace/Sources/DataCache.swift:60:9: error: cannot find 'NotificationCenter' in scope
 58 |
 59 |     deinit {
 60 |         NotificationCenter.default.removeObserver(self)
    |         `- error: cannot find 'NotificationCenter' in scope
 61 |     }
 62 | }
/Users/admin/builder/spi-builder-workspace/Sources/DataCache.swift:90:66: error: cannot find type 'Data' in scope
 88 |     /// Read data for key
 89 |     public func readData(forKey key:String) -> Data? {
 90 |         var data = memCache.object(forKey: key as AnyObject) as? Data
    |                                                                  `- error: cannot find type 'Data' in scope
 91 |
 92 |         if data == nil {
/Users/admin/builder/spi-builder-workspace/Sources/DataCache.swift:109:24: error: cannot find 'JSONEncoder' in scope
107 |     // MARK: - Read & write Codable types
108 |     public func write<T: Encodable>(codable: T, forKey key: String) throws {
109 |         let data = try JSONEncoder().encode(codable)
    |                        `- error: cannot find 'JSONEncoder' in scope
110 |         write(data: data, forKey: key)
111 |     }
/Users/admin/builder/spi-builder-workspace/Sources/DataCache.swift:110:9: error: no exact matches in call to instance method 'write'
108 |     public func write<T: Encodable>(codable: T, forKey key: String) throws {
109 |         let data = try JSONEncoder().encode(codable)
110 |         write(data: data, forKey: key)
    |         `- error: no exact matches in call to instance method 'write'
111 |     }
112 |
    :
128 |
129 |     /// Write a string for key
130 |     public func write(string: String, forKey key: String) {
    |                 `- note: incorrect labels for candidate (have: '(data:forKey:)', expected: '(string:forKey:)')
131 |         write(object: string as NSCoding, forKey: key)
132 |     }
133 |
134 |     /// Write a dictionary for key
135 |     public func write(dictionary: Dictionary<AnyHashable, Any>, forKey key: String) {
    |                 `- note: incorrect labels for candidate (have: '(data:forKey:)', expected: '(dictionary:forKey:)')
136 |         write(object: dictionary as NSCoding, forKey: key)
137 |     }
138 |
139 |     /// Write an array for key
140 |     public func write(array: Array<Any>, forKey key: String) {
    |                 `- note: incorrect labels for candidate (have: '(data:forKey:)', expected: '(array:forKey:)')
141 |         write(object: array as NSCoding, forKey: key)
142 |     }
/Users/admin/builder/spi-builder-workspace/Sources/DataCache.swift:115:20: error: cannot find 'JSONDecoder' in scope
113 |     public func readCodable<T: Decodable>(forKey key: String) throws -> T? {
114 |         guard let data = readData(forKey: key) else { return nil }
115 |         return try JSONDecoder().decode(T.self, from: data)
    |                    `- error: cannot find 'JSONDecoder' in scope
116 |     }
117 |
/Users/admin/builder/spi-builder-workspace/Sources/DataCache.swift:125:20: error: cannot find 'NSKeyedArchiver' in scope
123 |     /// NOTE: Can't write `UIImage` with this method. Please use `writeImage(_:forKey:)` to write an image
124 |     public func write(object: NSCoding, forKey key: String) {
125 |         let data = NSKeyedArchiver.archivedData(withRootObject: object)
    |                    `- error: cannot find 'NSKeyedArchiver' in scope
126 |         write(data: data, forKey: key)
127 |     }
/Users/admin/builder/spi-builder-workspace/Sources/DataCache.swift:126:9: error: no exact matches in call to instance method 'write'
124 |     public func write(object: NSCoding, forKey key: String) {
125 |         let data = NSKeyedArchiver.archivedData(withRootObject: object)
126 |         write(data: data, forKey: key)
    |         `- error: no exact matches in call to instance method 'write'
127 |     }
128 |
129 |     /// Write a string for key
130 |     public func write(string: String, forKey key: String) {
    |                 `- note: incorrect labels for candidate (have: '(data:forKey:)', expected: '(string:forKey:)')
131 |         write(object: string as NSCoding, forKey: key)
132 |     }
133 |
134 |     /// Write a dictionary for key
135 |     public func write(dictionary: Dictionary<AnyHashable, Any>, forKey key: String) {
    |                 `- note: incorrect labels for candidate (have: '(data:forKey:)', expected: '(dictionary:forKey:)')
136 |         write(object: dictionary as NSCoding, forKey: key)
137 |     }
138 |
139 |     /// Write an array for key
140 |     public func write(array: Array<Any>, forKey key: String) {
    |                 `- note: incorrect labels for candidate (have: '(data:forKey:)', expected: '(array:forKey:)')
141 |         write(object: array as NSCoding, forKey: key)
142 |     }
/Users/admin/builder/spi-builder-workspace/Sources/DataCache.swift:131:33: error: cannot find type 'NSCoding' in scope
129 |     /// Write a string for key
130 |     public func write(string: String, forKey key: String) {
131 |         write(object: string as NSCoding, forKey: key)
    |                                 `- error: cannot find type 'NSCoding' in scope
132 |     }
133 |
/Users/admin/builder/spi-builder-workspace/Sources/DataCache.swift:131:9: error: no exact matches in call to instance method 'write'
106 |
107 |     // MARK: - Read & write Codable types
108 |     public func write<T: Encodable>(codable: T, forKey key: String) throws {
    |                 `- note: incorrect labels for candidate (have: '(object:forKey:)', expected: '(codable:forKey:)')
109 |         let data = try JSONEncoder().encode(codable)
110 |         write(data: data, forKey: key)
    :
128 |
129 |     /// Write a string for key
130 |     public func write(string: String, forKey key: String) {
    |                 `- note: incorrect labels for candidate (have: '(object:forKey:)', expected: '(string:forKey:)')
131 |         write(object: string as NSCoding, forKey: key)
    |         `- error: no exact matches in call to instance method 'write'
132 |     }
133 |
134 |     /// Write a dictionary for key
135 |     public func write(dictionary: Dictionary<AnyHashable, Any>, forKey key: String) {
    |                 `- note: incorrect labels for candidate (have: '(object:forKey:)', expected: '(dictionary:forKey:)')
136 |         write(object: dictionary as NSCoding, forKey: key)
137 |     }
138 |
139 |     /// Write an array for key
140 |     public func write(array: Array<Any>, forKey key: String) {
    |                 `- note: incorrect labels for candidate (have: '(object:forKey:)', expected: '(array:forKey:)')
141 |         write(object: array as NSCoding, forKey: key)
142 |     }
/Users/admin/builder/spi-builder-workspace/Sources/DataCache.swift:136:37: error: cannot find type 'NSCoding' in scope
134 |     /// Write a dictionary for key
135 |     public func write(dictionary: Dictionary<AnyHashable, Any>, forKey key: String) {
136 |         write(object: dictionary as NSCoding, forKey: key)
    |                                     `- error: cannot find type 'NSCoding' in scope
137 |     }
138 |
SwiftCompile normal arm64 /Users/admin/builder/spi-builder-workspace/Sources/DataCache.swift (in target 'DataCache' from project 'DataCache')
    cd /Users/admin/builder/spi-builder-workspace/.swiftpm/xcode
    builtin-SwiftPerFileCompile DataCache.swift
/Users/admin/builder/spi-builder-workspace/Sources/DataCache.swift:136:9: error: no exact matches in call to instance method 'write'
106 |
107 |     // MARK: - Read & write Codable types
108 |     public func write<T: Encodable>(codable: T, forKey key: String) throws {
    |                 `- note: incorrect labels for candidate (have: '(object:forKey:)', expected: '(codable:forKey:)')
109 |         let data = try JSONEncoder().encode(codable)
110 |         write(data: data, forKey: key)
    :
128 |
129 |     /// Write a string for key
130 |     public func write(string: String, forKey key: String) {
    |                 `- note: incorrect labels for candidate (have: '(object:forKey:)', expected: '(string:forKey:)')
131 |         write(object: string as NSCoding, forKey: key)
132 |     }
133 |
134 |     /// Write a dictionary for key
135 |     public func write(dictionary: Dictionary<AnyHashable, Any>, forKey key: String) {
    |                 `- note: incorrect labels for candidate (have: '(object:forKey:)', expected: '(dictionary:forKey:)')
136 |         write(object: dictionary as NSCoding, forKey: key)
    |         `- error: no exact matches in call to instance method 'write'
137 |     }
138 |
139 |     /// Write an array for key
140 |     public func write(array: Array<Any>, forKey key: String) {
    |                 `- note: incorrect labels for candidate (have: '(object:forKey:)', expected: '(array:forKey:)')
141 |         write(object: array as NSCoding, forKey: key)
142 |     }
SwiftCompile normal arm64 Compiling\ String+MD5.swift /Users/admin/builder/spi-builder-workspace/Sources/String+MD5.swift (in target 'DataCache' from project 'DataCache')
SwiftCompile normal arm64 /Users/admin/builder/spi-builder-workspace/Sources/String+MD5.swift (in target 'DataCache' from project 'DataCache')
    cd /Users/admin/builder/spi-builder-workspace/.swiftpm/xcode
    builtin-SwiftPerFileCompile String+MD5.swift
SwiftCompile normal arm64 Compiling\ Dictionary+Cache.swift /Users/admin/builder/spi-builder-workspace/Sources/Dictionary+Cache.swift (in target 'DataCache' from project 'DataCache')
SwiftCompile normal arm64 /Users/admin/builder/spi-builder-workspace/Sources/Dictionary+Cache.swift (in target 'DataCache' from project 'DataCache')
    cd /Users/admin/builder/spi-builder-workspace/.swiftpm/xcode
    builtin-SwiftPerFileCompile Dictionary+Cache.swift
PruneExplicitPrecompiledModules /Users/admin/builder/spi-builder-workspace/.derivedData/Build/Intermediates.noindex/ExplicitPrecompiledModules
PruneExplicitPrecompiledModules /Users/admin/builder/spi-builder-workspace/.derivedData/Build/Intermediates.noindex/SwiftExplicitPrecompiledModules
PruneExplicitPrecompiledModules /Users/admin/builder/spi-builder-workspace/.derivedData/SDKExplicitPrecompiledModules
2026-09-18 22:10:07.417 xcodebuild[623:3935] [MT] IDERunDestination: Supported platforms for the buildables in the current scheme is empty.
** BUILD FAILED **
The following build commands failed:
	SwiftCompile normal arm64 (in target 'DataCache' from project 'DataCache')
	SwiftEmitModule normal arm64 Emitting\ module\ for\ DataCache (in target 'DataCache' from project 'DataCache')
	Building workspace DataCache with scheme DataCache
(3 failures)
Command line invocation:
    /Applications/Xcode-27.0.0-Release.Candidate.app/Contents/Developer/usr/bin/xcodebuild -IDEClonedSourcePackagesDirPathOverride=/Users/admin/builder/spi-builder-workspace/.dependencies -resolvePackageDependencies
Resolve Package Graph
Resolved source packages:
  DataCache: /Users/admin/builder/spi-builder-workspace
resolved source packages: DataCache
2026-09-18 22:10:13.093 xcodebuild[679:4198] [MT] IDERunDestination: Supported platforms for the buildables in the current scheme is empty.
{
  "dependencies" : [
  ],
  "manifest_display_name" : "DataCache",
  "name" : "DataCache",
  "path" : "/Users/admin/builder/spi-builder-workspace",
  "platforms" : [
    {
      "name" : "macos",
      "version" : "10.11"
    },
    {
      "name" : "ios",
      "version" : "13.0"
    }
  ],
  "products" : [
    {
      "name" : "DataCache",
      "targets" : [
        "DataCache"
      ],
      "type" : {
        "library" : [
          "automatic"
        ]
      }
    }
  ],
  "targets" : [
    {
      "c99name" : "DataCache",
      "module_type" : "SwiftTarget",
      "name" : "DataCache",
      "path" : "Sources",
      "product_memberships" : [
        "DataCache"
      ],
      "sources" : [
        "DataCache.swift",
        "Dictionary+Cache.swift",
        "String+MD5.swift"
      ],
      "type" : "library"
    }
  ],
  "tools_version" : "5.3"
}
{
  "workspace" : {
    "name" : "DataCache",
    "schemes" : [
      "DataCache"
    ]
  }
}
2026-09-18 22:10:14.315 xcodebuild[714:4463] [MT] IDERunDestination: Supported platforms for the buildables in the current scheme is empty.
Running build ...
env DEVELOPER_DIR=/Applications/Xcode-27.0.0-Release.Candidate.app xcrun xcodebuild -IDEClonedSourcePackagesDirPathOverride=$PWD/.dependencies -skipMacroValidation -skipPackagePluginValidation -derivedDataPath $PWD/.derivedData build -scheme DataCache -destination generic/platform=xrOS
Command line invocation:
    /Applications/Xcode-27.0.0-Release.Candidate.app/Contents/Developer/usr/bin/xcodebuild -IDEClonedSourcePackagesDirPathOverride=/Users/admin/builder/spi-builder-workspace/.dependencies -skipMacroValidation -skipPackagePluginValidation -derivedDataPath /Users/admin/builder/spi-builder-workspace/.derivedData build -scheme DataCache -destination generic/platform=xrOS
Resolve Package Graph
Resolved source packages:
  DataCache: /Users/admin/builder/spi-builder-workspace
ComputePackagePrebuildTargetDependencyGraph
Prepare packages
CreateBuildRequest
SendProjectDescription
CreateBuildOperation
ComputeTargetDependencyGraph
note: Building targets in dependency order
note: Target dependency graph (2 targets)
    Target 'DataCache-product' in project 'DataCache'
        ➜ Explicit dependency on target 'DataCache' in project 'DataCache'
    Target 'DataCache' in project 'DataCache' (no dependencies)
GatherProvisioningInputs
CreateBuildDescription
ClangStatCache /Applications/Xcode-27.0.0-Release.Candidate.app/Contents/Developer/Toolchains/XcodeDefault.xctoolchain/usr/bin/clang-stat-cache /Applications/Xcode-27.0.0-Release.Candidate.app/Contents/Developer/Platforms/XROS.platform/Developer/SDKs/XROS27.0.sdk /Users/admin/builder/spi-builder-workspace/.derivedData/SDKStatCaches.noindex/xros27.0-24M361-e829b21a6f8c9b70876ba0858053c044735bd543db762f57723cac368afd1ce4.sdkstatcache
    cd /Users/admin/builder/spi-builder-workspace/.swiftpm/xcode
    /Applications/Xcode-27.0.0-Release.Candidate.app/Contents/Developer/Toolchains/XcodeDefault.xctoolchain/usr/bin/clang-stat-cache /Applications/Xcode-27.0.0-Release.Candidate.app/Contents/Developer/Platforms/XROS.platform/Developer/SDKs/XROS27.0.sdk -o /Users/admin/builder/spi-builder-workspace/.derivedData/SDKStatCaches.noindex/xros27.0-24M361-e829b21a6f8c9b70876ba0858053c044735bd543db762f57723cac368afd1ce4.sdkstatcache
SwiftDriver DataCache normal arm64 com.apple.xcode.tools.swift.compiler (in target 'DataCache' from project 'DataCache')
    cd /Users/admin/builder/spi-builder-workspace/.swiftpm/xcode
    builtin-SwiftDriver -- /Applications/Xcode-27.0.0-Release.Candidate.app/Contents/Developer/Toolchains/XcodeDefault.xctoolchain/usr/bin/swiftc -parse-as-library -module-name DataCache -Onone @/Users/admin/builder/spi-builder-workspace/.derivedData/Build/Intermediates.noindex/DataCache.build/Debug-xros/DataCache-t.build/Objects-normal/arm64/DataCache.SwiftFileList -DSWIFT_PACKAGE -DDEBUG -DSWIFT_MODULE_RESOURCE_BUNDLE_UNAVAILABLE -DXcode -plugin-path /Applications/Xcode-27.0.0-Release.Candidate.app/Contents/Developer/Toolchains/XcodeDefault.xctoolchain/usr/lib/swift/host/plugins/testing -enable-experimental-feature DebugDescriptionMacro -sdk /Applications/Xcode-27.0.0-Release.Candidate.app/Contents/Developer/Platforms/XROS.platform/Developer/SDKs/XROS27.0.sdk -target arm64-apple-xros1.0 -g -module-cache-path /Users/admin/builder/spi-builder-workspace/.derivedData/ModuleCache.noindex -Xfrontend -serialize-debugging-options -enable-testing -index-store-path /Users/admin/builder/spi-builder-workspace/.derivedData/Index.noindex/DataStore -Xcc -D_LIBCPP_HARDENING_MODE\=_LIBCPP_HARDENING_MODE_DEBUG -swift-version 5 -I /Users/admin/builder/spi-builder-workspace/.derivedData/Build/Products/Debug-xros -Isystem /Applications/Xcode-27.0.0-Release.Candidate.app/Contents/Developer/Platforms/XROS.platform/Developer/usr/lib -F /Users/admin/builder/spi-builder-workspace/.derivedData/Build/Products/Debug-xros -F /Applications/Xcode-27.0.0-Release.Candidate.app/Contents/Developer/Platforms/XROS.platform/Developer/Library/Frameworks -F /Applications/Xcode-27.0.0-Release.Candidate.app/Contents/Developer/Platforms/XROS.platform/Developer/SDKs/XROS27.0.sdk/Developer/Library/Frameworks -c -j10 -enable-batch-mode -incremental -Xcc -ivfsstatcache -Xcc /Users/admin/builder/spi-builder-workspace/.derivedData/SDKStatCaches.noindex/xros27.0-24M361-e829b21a6f8c9b70876ba0858053c044735bd543db762f57723cac368afd1ce4.sdkstatcache -output-file-map /Users/admin/builder/spi-builder-workspace/.derivedData/Build/Intermediates.noindex/DataCache.build/Debug-xros/DataCache-t.build/Objects-normal/arm64/DataCache-OutputFileMap.json -save-temps -no-color-diagnostics -explicit-module-build -module-cache-path /Users/admin/builder/spi-builder-workspace/.derivedData/Build/Intermediates.noindex/SwiftExplicitPrecompiledModules -clang-scanner-module-cache-path /Users/admin/builder/spi-builder-workspace/.derivedData/ModuleCache.noindex -sdk-module-cache-path /Users/admin/builder/spi-builder-workspace/.derivedData/SDKExplicitPrecompiledModules -emit-dependencies -emit-module -emit-module-path /Users/admin/builder/spi-builder-workspace/.derivedData/Build/Intermediates.noindex/DataCache.build/Debug-xros/DataCache-t.build/Objects-normal/arm64/DataCache.swiftmodule -serialize-diagnostics -dependency-scan-serialize-diagnostics-path /Users/admin/builder/spi-builder-workspace/.derivedData/Build/Intermediates.noindex/DataCache.build/Debug-xros/DataCache-t.build/Objects-normal/arm64/DataCache-dependency-scan.dia -validate-clang-modules-once -clang-build-session-file /Users/admin/builder/spi-builder-workspace/.derivedData/ModuleCache.noindex/Session.modulevalidation -Xcc -fmodules-prune-interval\=86400 -Xcc -fmodules-prune-after\=345600 -emit-const-values -const-gather-protocols-list /Users/admin/builder/spi-builder-workspace/.derivedData/Build/Intermediates.noindex/DataCache.build/Debug-xros/DataCache-t.build/Objects-normal/arm64/DataCache_const_extract_protocols.json -Xcc -I/Users/admin/builder/spi-builder-workspace/.derivedData/Build/Products/Debug-xros/include -Xcc -I/Users/admin/builder/spi-builder-workspace/.derivedData/Build/Intermediates.noindex/DataCache.build/Debug-xros/DataCache-t.build/DerivedSources-normal/arm64 -Xcc -I/Users/admin/builder/spi-builder-workspace/.derivedData/Build/Intermediates.noindex/DataCache.build/Debug-xros/DataCache-t.build/DerivedSources/arm64 -Xcc -I/Users/admin/builder/spi-builder-workspace/.derivedData/Build/Intermediates.noindex/DataCache.build/Debug-xros/DataCache-t.build/DerivedSources -Xcc -DSWIFT_PACKAGE -Xcc -DDEBUG\=1 -emit-objc-header -emit-objc-header-path /Users/admin/builder/spi-builder-workspace/.derivedData/Build/Intermediates.noindex/DataCache.build/Debug-xros/DataCache-t.build/Objects-normal/arm64/DataCache-Swift.h -working-directory /Users/admin/builder/spi-builder-workspace/.swiftpm/xcode -experimental-emit-module-separately -disable-cmo
SwiftEmitModule normal arm64 Emitting\ module\ for\ DataCache (in target 'DataCache' from project 'DataCache')
/Users/admin/builder/spi-builder-workspace/Sources/DataCache.swift:22:47: error: cannot find type 'TimeInterval' in scope
 20 |     static let cacheDirectoryPrefix = "com.nch.cache."
 21 |     static let ioQueuePrefix = "com.nch.queue."
 22 |     static let defaultMaxCachePeriodInSecond: TimeInterval = 60 * 60 * 24 * 7         // a week
    |                                               `- error: cannot find type 'TimeInterval' in scope
 23 |
 24 |     public static let instance = DataCache(name: "default")
/Users/admin/builder/spi-builder-workspace/Sources/DataCache.swift:28:20: error: cannot find 'NSCache' in scope
 26 |     let cachePath: String
 27 |
 28 |     let memCache = NSCache<AnyObject, AnyObject>()
    |                    `- error: cannot find 'NSCache' in scope
 29 |     let ioQueue: DispatchQueue
 30 |     let fileManager: FileManager
/Users/admin/builder/spi-builder-workspace/Sources/DataCache.swift:29:18: error: cannot find type 'DispatchQueue' in scope
 27 |
 28 |     let memCache = NSCache<AnyObject, AnyObject>()
 29 |     let ioQueue: DispatchQueue
    |                  `- error: cannot find type 'DispatchQueue' in scope
 30 |     let fileManager: FileManager
 31 |
/Users/admin/builder/spi-builder-workspace/Sources/DataCache.swift:30:22: error: cannot find type 'FileManager' in scope
 28 |     let memCache = NSCache<AnyObject, AnyObject>()
 29 |     let ioQueue: DispatchQueue
 30 |     let fileManager: FileManager
    |                      `- error: cannot find type 'FileManager' in scope
 31 |
 32 |     /// Name of cache
/Users/admin/builder/spi-builder-workspace/Sources/DataCache.swift:69:29: error: cannot find type 'Data' in scope
 67 |
 68 |     /// Write data for key. This is an async operation.
 69 |     public func write(data: Data, forKey key: String) {
    |                             `- error: cannot find type 'Data' in scope
 70 |         memCache.setObject(data as AnyObject, forKey: key as AnyObject)
 71 |         writeDataToDisk(data: data, key: key)
/Users/admin/builder/spi-builder-workspace/Sources/DataCache.swift:74:40: error: cannot find type 'Data' in scope
 72 |     }
 73 |
 74 |     private func writeDataToDisk(data: Data, key: String) {
    |                                        `- error: cannot find type 'Data' in scope
 75 |         ioQueue.async {
 76 |             if self.fileManager.fileExists(atPath: self.cachePath) == false {
/Users/admin/builder/spi-builder-workspace/Sources/DataCache.swift:89:48: error: cannot find type 'Data' in scope
 87 |
 88 |     /// Read data for key
 89 |     public func readData(forKey key:String) -> Data? {
    |                                                `- error: cannot find type 'Data' in scope
 90 |         var data = memCache.object(forKey: key as AnyObject) as? Data
 91 |
/Users/admin/builder/spi-builder-workspace/Sources/DataCache.swift:103:57: error: cannot find type 'Data' in scope
101 |
102 |     /// Read data from disk for key
103 |     public func readDataFromDisk(forKey key: String) -> Data? {
    |                                                         `- error: cannot find type 'Data' in scope
104 |         return self.fileManager.contents(atPath: cachePath(forKey: key))
105 |     }
/Users/admin/builder/spi-builder-workspace/Sources/DataCache.swift:124:31: error: cannot find type 'NSCoding' in scope
122 |     ///
123 |     /// NOTE: Can't write `UIImage` with this method. Please use `writeImage(_:forKey:)` to write an image
124 |     public func write(object: NSCoding, forKey key: String) {
    |                               `- error: cannot find type 'NSCoding' in scope
125 |         let data = NSKeyedArchiver.archivedData(withRootObject: object)
126 |         write(data: data, forKey: key)
/Users/admin/builder/spi-builder-workspace/Sources/DataCache.swift:145:51: error: cannot find type 'NSObject' in scope
143 |
144 |     /// Read an object for key. This object must inherit from `NSObject` and implement NSCoding protocol. `String`, `Array`, `Dictionary` conform to this method
145 |     public func readObject(forKey key: String) -> NSObject? {
    |                                                   `- error: cannot find type 'NSObject' in scope
146 |         let data = readData(forKey: key)
147 |
/Users/admin/builder/spi-builder-workspace/Sources/DataCache.swift:293:6: error: @objc attribute used without importing module 'Foundation'
291 |
292 |     /// Clean expired disk cache. This is an async operation.
293 |     @objc public func cleanExpiredDiskCache() {
    |      `- error: @objc attribute used without importing module 'Foundation'
294 |         cleanExpiredDiskCache(completion: nil)
295 |     }
/Users/admin/builder/spi-builder-workspace/Sources/DataCache.swift:303:5: warning: non-'@objc' instance method declared in extension cannot be overridden; use 'public' instead; this will be an error in a future Swift language mode
301 |      - parameter completionHandler: Called after the operation completes.
302 |      */
303 |     open func cleanExpiredDiskCache(completion handler: (()->())? = nil) {
    |     `- warning: non-'@objc' instance method declared in extension cannot be overridden; use 'public' instead; this will be an error in a future Swift language mode
304 |
305 |         // Do things in cocurrent io queue
/Users/admin/builder/spi-builder-workspace/Sources/DataCache.swift:367:83: error: cannot find type 'URL' in scope
365 |
366 |     // This method is from Kingfisher
367 |     fileprivate func travelCachedFiles(onlyForCacheSize: Bool) -> (urlsToDelete: [URL], diskCacheSize: UInt, cachedFiles: [URL: URLResourceValues]) {
    |                                                                                   `- error: cannot find type 'URL' in scope
368 |
369 |         let diskCacheURL = URL(fileURLWithPath: cachePath)
/Users/admin/builder/spi-builder-workspace/Sources/DataCache.swift:367:124: error: cannot find type 'URL' in scope
365 |
366 |     // This method is from Kingfisher
367 |     fileprivate func travelCachedFiles(onlyForCacheSize: Bool) -> (urlsToDelete: [URL], diskCacheSize: UInt, cachedFiles: [URL: URLResourceValues]) {
    |                                                                                                                            `- error: cannot find type 'URL' in scope
368 |
369 |         let diskCacheURL = URL(fileURLWithPath: cachePath)
Failed frontend command:
SwiftCompile normal arm64 (in target 'DataCache' from project 'DataCache')
    cd /Users/admin/builder/spi-builder-workspace/.swiftpm/xcode

/Applications/Xcode-27.0.0-Release.Candidate.app/Contents/Developer/Toolchains/XcodeDefault.xctoolchain/usr/bin/swift-frontend -frontend -emit-module -experimental-skip-non-inlinable-function-bodies-without-types /Users/admin/builder/spi-builder-workspace/Sources/DataCache.swift /Users/admin/builder/spi-builder-workspace/Sources/Dictionary+Cache.swift /Users/admin/builder/spi-builder-workspace/Sources/String+MD5.swift -target arm64-apple-xros1.0 -disable-cross-import-overlay-search -load-resolved-plugin /Applications/Xcode-27.0.0-Release.Candidate.app/Contents/Developer/Platforms/XROS.platform/Developer/usr/lib/swift/host/plugins/libFoundationMacros.dylib\#/Applications/Xcode-27.0.0-Release.Candidate.app/Contents/Developer/Platforms/XROS.platform/Developer/usr/bin/swift-plugin-server\#FoundationMacros -load-resolved-plugin /Applications/Xcode-27.0.0-Release.Candidate.app/Contents/Developer/Platforms/XROS.platform/Developer/usr/lib/swift/host/plugins/libObservationMacros.dylib\#/Applications/Xcode-27.0.0-Release.Candidate.app/Contents/Developer/Platforms/XROS.platform/Developer/usr/bin/swift-plugin-server\#ObservationMacros -load-resolved-plugin /Applications/Xcode-27.0.0-Release.Candidate.app/Contents/Developer/Platforms/XROS.platform/Developer/usr/lib/swift/host/plugins/libSwiftMacros.dylib\#/Applications/Xcode-27.0.0-Release.Candidate.app/Contents/Developer/Platforms/XROS.platform/Developer/usr/bin/swift-plugin-server\#SwiftMacros -disable-implicit-swift-modules -Xcc -fno-implicit-modules -Xcc -fno-implicit-module-maps -explicit-swift-module-map-file /Users/admin/builder/spi-builder-workspace/.derivedData/Build/Intermediates.noindex/DataCache.build/Debug-xros/DataCache-t.build/Objects-normal/arm64/DataCache-dependencies-1.json -Xllvm -aarch64-use-tbi -enable-objc-interop -stack-check -sdk /Applications/Xcode-27.0.0-Release.Candidate.app/Contents/Developer/Platforms/XROS.platform/Developer/SDKs/XROS27.0.sdk -I /Users/admin/builder/spi-builder-workspace/.derivedData/Build/Products/Debug-xros -Isystem /Applications/Xcode-27.0.0-Release.Candidate.app/Contents/Developer/Platforms/XROS.platform/Developer/usr/lib -F /Users/admin/builder/spi-builder-workspace/.derivedData/Build/Products/Debug-xros -F /Applications/Xcode-27.0.0-Release.Candidate.app/Contents/Developer/Platforms/XROS.platform/Developer/Library/Frameworks -F /Applications/Xcode-27.0.0-Release.Candidate.app/Contents/Developer/Platforms/XROS.platform/Developer/SDKs/XROS27.0.sdk/Developer/Library/Frameworks -module-cache-path /Users/admin/builder/spi-builder-workspace/.derivedData/Build/Intermediates.noindex/SwiftExplicitPrecompiledModules -no-color-diagnostics -Xcc -fno-color-diagnostics -enable-testing -g -debug-info-format\=dwarf -dwarf-version\=4 -swift-version 5 -Onone -D SWIFT_PACKAGE -D DEBUG -D SWIFT_MODULE_RESOURCE_BUNDLE_UNAVAILABLE -D Xcode -serialize-debugging-options -enable-experimental-feature DebugDescriptionMacro -empty-abi-descriptor -validate-clang-modules-once -clang-build-session-file /Users/admin/builder/spi-builder-workspace/.derivedData/ModuleCache.noindex/Session.modulevalidation -Xcc -working-directory -Xcc /Users/admin/builder/spi-builder-workspace/.swiftpm/xcode -enable-anonymous-context-mangled-names -file-compilation-dir /Users/admin/builder/spi-builder-workspace/.swiftpm/xcode -Xcc -D_LIBCPP_HARDENING_MODE\=_LIBCPP_HARDENING_MODE_DEBUG -Xcc -ivfsstatcache -Xcc /Users/admin/builder/spi-builder-workspace/.derivedData/SDKStatCaches.noindex/xros27.0-24M361-e829b21a6f8c9b70876ba0858053c044735bd543db762f57723cac368afd1ce4.sdkstatcache -Xcc -fmodules-prune-interval\=86400 -Xcc -fmodules-prune-after\=345600 -Xcc -I/Users/admin/builder/spi-builder-workspace/.derivedData/Build/Products/Debug-xros/include -Xcc -I/Users/admin/builder/spi-builder-workspace/.derivedData/Build/Intermediates.noindex/DataCache.build/Debug-xros/DataCache-t.build/DerivedSources-normal/arm64 -Xcc -I/Users/admin/builder/spi-builder-workspace/.derivedData/Build/Intermediates.noindex/DataCache.build/Debug-xros/DataCache-t.build/DerivedSources/arm64 -Xcc -I/Users/admin/builder/spi-builder-workspace/.derivedData/Build/Intermediates.noindex/DataCache.build/Debug-xros/DataCache-t.build/DerivedSources -Xcc -DSWIFT_PACKAGE -Xcc -DDEBUG\=1 -no-auto-bridging-header-chaining -module-name DataCache -const-gather-protocols-file /Users/admin/builder/spi-builder-workspace/.derivedData/Build/Intermediates.noindex/DataCache.build/Debug-xros/DataCache-t.build/Objects-normal/arm64/DataCache_const_extract_protocols.json -disable-clang-spi -clang-target arm64-apple-xros27.0 -target-sdk-version 27.0 -target-sdk-name xros27.0 -in-process-plugin-server-path /Applications/Xcode-27.0.0-Release.Candidate.app/Contents/Developer/Toolchains/XcodeDefault.xctoolchain/usr/lib/swift/host/libSwiftInProcPluginServer.dylib -emit-module-doc-path /Users/admin/builder/spi-builder-workspace/.derivedData/Build/Intermediates.noindex/DataCache.build/Debug-xros/DataCache-t.build/Objects-normal/arm64/DataCache.swiftdoc -emit-module-source-info-path /Users/admin/builder/spi-builder-workspace/.derivedData/Build/Intermediates.noindex/DataCache.build/Debug-xros/DataCache-t.build/Objects-normal/arm64/DataCache.swiftsourceinfo -emit-objc-header-path /Users/admin/builder/spi-builder-workspace/.derivedData/Build/Intermediates.noindex/DataCache.build/Debug-xros/DataCache-t.build/Objects-normal/arm64/DataCache-Swift.h -serialize-diagnostics-path /Users/admin/builder/spi-builder-workspace/.derivedData/Build/Intermediates.noindex/DataCache.build/Debug-xros/DataCache-t.build/Objects-normal/arm64/DataCache-primary-emit-module.dia -emit-dependencies-path /Users/admin/builder/spi-builder-workspace/.derivedData/Build/Intermediates.noindex/DataCache.build/Debug-xros/DataCache-t.build/Objects-normal/arm64/DataCache-primary-emit-module.d -parse-as-library -o /Users/admin/builder/spi-builder-workspace/.derivedData/Build/Intermediates.noindex/DataCache.build/Debug-xros/DataCache-t.build/Objects-normal/arm64/DataCache.swiftmodule -emit-abi-descriptor-path /Users/admin/builder/spi-builder-workspace/.derivedData/Build/Intermediates.noindex/DataCache.build/Debug-xros/DataCache-t.build/Objects-normal/arm64/DataCache.abi.json
SwiftCompile normal arm64 Compiling\ String+MD5.swift /Users/admin/builder/spi-builder-workspace/Sources/String+MD5.swift (in target 'DataCache' from project 'DataCache')
SwiftCompile normal arm64 /Users/admin/builder/spi-builder-workspace/Sources/String+MD5.swift (in target 'DataCache' from project 'DataCache')
    cd /Users/admin/builder/spi-builder-workspace/.swiftpm/xcode
    builtin-SwiftPerFileCompile String+MD5.swift
SwiftCompile normal arm64 Compiling\ DataCache.swift /Users/admin/builder/spi-builder-workspace/Sources/DataCache.swift (in target 'DataCache' from project 'DataCache')
/Users/admin/builder/spi-builder-workspace/Sources/DataCache.swift:22:47: error: cannot find type 'TimeInterval' in scope
 20 |     static let cacheDirectoryPrefix = "com.nch.cache."
 21 |     static let ioQueuePrefix = "com.nch.queue."
 22 |     static let defaultMaxCachePeriodInSecond: TimeInterval = 60 * 60 * 24 * 7         // a week
    |                                               `- error: cannot find type 'TimeInterval' in scope
 23 |
 24 |     public static let instance = DataCache(name: "default")
/Users/admin/builder/spi-builder-workspace/Sources/DataCache.swift:28:20: error: cannot find 'NSCache' in scope
 26 |     let cachePath: String
 27 |
 28 |     let memCache = NSCache<AnyObject, AnyObject>()
    |                    `- error: cannot find 'NSCache' in scope
 29 |     let ioQueue: DispatchQueue
 30 |     let fileManager: FileManager
/Users/admin/builder/spi-builder-workspace/Sources/DataCache.swift:29:18: error: cannot find type 'DispatchQueue' in scope
 27 |
 28 |     let memCache = NSCache<AnyObject, AnyObject>()
 29 |     let ioQueue: DispatchQueue
    |                  `- error: cannot find type 'DispatchQueue' in scope
 30 |     let fileManager: FileManager
 31 |
/Users/admin/builder/spi-builder-workspace/Sources/DataCache.swift:30:22: error: cannot find type 'FileManager' in scope
 28 |     let memCache = NSCache<AnyObject, AnyObject>()
 29 |     let ioQueue: DispatchQueue
 30 |     let fileManager: FileManager
    |                      `- error: cannot find type 'FileManager' in scope
 31 |
 32 |     /// Name of cache
/Users/admin/builder/spi-builder-workspace/Sources/DataCache.swift:69:29: error: cannot find type 'Data' in scope
 67 |
 68 |     /// Write data for key. This is an async operation.
 69 |     public func write(data: Data, forKey key: String) {
    |                             `- error: cannot find type 'Data' in scope
 70 |         memCache.setObject(data as AnyObject, forKey: key as AnyObject)
 71 |         writeDataToDisk(data: data, key: key)
/Users/admin/builder/spi-builder-workspace/Sources/DataCache.swift:74:40: error: cannot find type 'Data' in scope
 72 |     }
 73 |
 74 |     private func writeDataToDisk(data: Data, key: String) {
    |                                        `- error: cannot find type 'Data' in scope
 75 |         ioQueue.async {
 76 |             if self.fileManager.fileExists(atPath: self.cachePath) == false {
/Users/admin/builder/spi-builder-workspace/Sources/DataCache.swift:89:48: error: cannot find type 'Data' in scope
 87 |
 88 |     /// Read data for key
 89 |     public func readData(forKey key:String) -> Data? {
    |                                                `- error: cannot find type 'Data' in scope
 90 |         var data = memCache.object(forKey: key as AnyObject) as? Data
 91 |
/Users/admin/builder/spi-builder-workspace/Sources/DataCache.swift:103:57: error: cannot find type 'Data' in scope
101 |
102 |     /// Read data from disk for key
103 |     public func readDataFromDisk(forKey key: String) -> Data? {
    |                                                         `- error: cannot find type 'Data' in scope
104 |         return self.fileManager.contents(atPath: cachePath(forKey: key))
105 |     }
/Users/admin/builder/spi-builder-workspace/Sources/DataCache.swift:124:31: error: cannot find type 'NSCoding' in scope
122 |     ///
123 |     /// NOTE: Can't write `UIImage` with this method. Please use `writeImage(_:forKey:)` to write an image
124 |     public func write(object: NSCoding, forKey key: String) {
    |                               `- error: cannot find type 'NSCoding' in scope
125 |         let data = NSKeyedArchiver.archivedData(withRootObject: object)
126 |         write(data: data, forKey: key)
/Users/admin/builder/spi-builder-workspace/Sources/DataCache.swift:145:51: error: cannot find type 'NSObject' in scope
143 |
144 |     /// Read an object for key. This object must inherit from `NSObject` and implement NSCoding protocol. `String`, `Array`, `Dictionary` conform to this method
145 |     public func readObject(forKey key: String) -> NSObject? {
    |                                                   `- error: cannot find type 'NSObject' in scope
146 |         let data = readData(forKey: key)
147 |
/Users/admin/builder/spi-builder-workspace/Sources/DataCache.swift:293:6: error: @objc attribute used without importing module 'Foundation'
291 |
292 |     /// Clean expired disk cache. This is an async operation.
293 |     @objc public func cleanExpiredDiskCache() {
    |      `- error: @objc attribute used without importing module 'Foundation'
294 |         cleanExpiredDiskCache(completion: nil)
295 |     }
/Users/admin/builder/spi-builder-workspace/Sources/DataCache.swift:303:5: warning: non-'@objc' instance method declared in extension cannot be overridden; use 'public' instead; this will be an error in a future Swift language mode
301 |      - parameter completionHandler: Called after the operation completes.
302 |      */
303 |     open func cleanExpiredDiskCache(completion handler: (()->())? = nil) {
    |     `- warning: non-'@objc' instance method declared in extension cannot be overridden; use 'public' instead; this will be an error in a future Swift language mode
304 |
305 |         // Do things in cocurrent io queue
/Users/admin/builder/spi-builder-workspace/Sources/DataCache.swift:367:83: error: cannot find type 'URL' in scope
365 |
366 |     // This method is from Kingfisher
367 |     fileprivate func travelCachedFiles(onlyForCacheSize: Bool) -> (urlsToDelete: [URL], diskCacheSize: UInt, cachedFiles: [URL: URLResourceValues]) {
    |                                                                                   `- error: cannot find type 'URL' in scope
368 |
369 |         let diskCacheURL = URL(fileURLWithPath: cachePath)
/Users/admin/builder/spi-builder-workspace/Sources/DataCache.swift:367:124: error: cannot find type 'URL' in scope
365 |
366 |     // This method is from Kingfisher
367 |     fileprivate func travelCachedFiles(onlyForCacheSize: Bool) -> (urlsToDelete: [URL], diskCacheSize: UInt, cachedFiles: [URL: URLResourceValues]) {
    |                                                                                                                            `- error: cannot find type 'URL' in scope
368 |
369 |         let diskCacheURL = URL(fileURLWithPath: cachePath)
/Users/admin/builder/spi-builder-workspace/Sources/DataCache.swift:45:33: error: cannot find 'NSSearchPathForDirectoriesInDomains' in scope
 43 |         self.name = name
 44 |
 45 |         var cachePath = path ?? NSSearchPathForDirectoriesInDomains(.cachesDirectory, FileManager.SearchPathDomainMask.userDomainMask, true).first!
    |                                 `- error: cannot find 'NSSearchPathForDirectoriesInDomains' in scope
 46 |         cachePath = (cachePath as NSString).appendingPathComponent(DataCache.cacheDirectoryPrefix + name)
 47 |         self.cachePath = cachePath
/Users/admin/builder/spi-builder-workspace/Sources/DataCache.swift:45:87: error: cannot find 'FileManager' in scope
 43 |         self.name = name
 44 |
 45 |         var cachePath = path ?? NSSearchPathForDirectoriesInDomains(.cachesDirectory, FileManager.SearchPathDomainMask.userDomainMask, true).first!
    |                                                                                       `- error: cannot find 'FileManager' in scope
 46 |         cachePath = (cachePath as NSString).appendingPathComponent(DataCache.cacheDirectoryPrefix + name)
 47 |         self.cachePath = cachePath
/Users/admin/builder/spi-builder-workspace/Sources/DataCache.swift:46:35: error: cannot find type 'NSString' in scope
 44 |
 45 |         var cachePath = path ?? NSSearchPathForDirectoriesInDomains(.cachesDirectory, FileManager.SearchPathDomainMask.userDomainMask, true).first!
 46 |         cachePath = (cachePath as NSString).appendingPathComponent(DataCache.cacheDirectoryPrefix + name)
    |                                   `- error: cannot find type 'NSString' in scope
 47 |         self.cachePath = cachePath
 48 |
/Users/admin/builder/spi-builder-workspace/Sources/DataCache.swift:49:19: error: cannot find 'DispatchQueue' in scope
 47 |         self.cachePath = cachePath
 48 |
 49 |         ioQueue = DispatchQueue(label: DataCache.ioQueuePrefix + name)
    |                   `- error: cannot find 'DispatchQueue' in scope
 50 |
 51 |         self.fileManager = FileManager()
/Users/admin/builder/spi-builder-workspace/Sources/DataCache.swift:51:28: error: cannot find 'FileManager' in scope
 49 |         ioQueue = DispatchQueue(label: DataCache.ioQueuePrefix + name)
 50 |
 51 |         self.fileManager = FileManager()
    |                            `- error: cannot find 'FileManager' in scope
 52 |
 53 |         #if !os(OSX) && !os(watchOS)
/Users/admin/builder/spi-builder-workspace/Sources/DataCache.swift:54:13: error: cannot find 'NotificationCenter' in scope
 52 |
 53 |         #if !os(OSX) && !os(watchOS)
 54 |             NotificationCenter.default.addObserver(self, selector: #selector(cleanExpiredDiskCache), name: UIApplication.willTerminateNotification, object: nil)
    |             `- error: cannot find 'NotificationCenter' in scope
 55 |             NotificationCenter.default.addObserver(self, selector: #selector(cleanExpiredDiskCache), name: UIApplication.didEnterBackgroundNotification, object: nil)
 56 |         #endif
SwiftCompile normal arm64 /Users/admin/builder/spi-builder-workspace/Sources/DataCache.swift (in target 'DataCache' from project 'DataCache')
    cd /Users/admin/builder/spi-builder-workspace/.swiftpm/xcode
    builtin-SwiftPerFileCompile DataCache.swift
/Users/admin/builder/spi-builder-workspace/Sources/DataCache.swift:54:108: error: cannot find 'UIApplication' in scope
 52 |
 53 |         #if !os(OSX) && !os(watchOS)
 54 |             NotificationCenter.default.addObserver(self, selector: #selector(cleanExpiredDiskCache), name: UIApplication.willTerminateNotification, object: nil)
    |                                                                                                            `- error: cannot find 'UIApplication' in scope
 55 |             NotificationCenter.default.addObserver(self, selector: #selector(cleanExpiredDiskCache), name: UIApplication.didEnterBackgroundNotification, object: nil)
 56 |         #endif
/Users/admin/builder/spi-builder-workspace/Sources/DataCache.swift:55:13: error: cannot find 'NotificationCenter' in scope
 53 |         #if !os(OSX) && !os(watchOS)
 54 |             NotificationCenter.default.addObserver(self, selector: #selector(cleanExpiredDiskCache), name: UIApplication.willTerminateNotification, object: nil)
 55 |             NotificationCenter.default.addObserver(self, selector: #selector(cleanExpiredDiskCache), name: UIApplication.didEnterBackgroundNotification, object: nil)
    |             `- error: cannot find 'NotificationCenter' in scope
 56 |         #endif
 57 |     }
/Users/admin/builder/spi-builder-workspace/Sources/DataCache.swift:55:108: error: cannot find 'UIApplication' in scope
 53 |         #if !os(OSX) && !os(watchOS)
 54 |             NotificationCenter.default.addObserver(self, selector: #selector(cleanExpiredDiskCache), name: UIApplication.willTerminateNotification, object: nil)
 55 |             NotificationCenter.default.addObserver(self, selector: #selector(cleanExpiredDiskCache), name: UIApplication.didEnterBackgroundNotification, object: nil)
    |                                                                                                            `- error: cannot find 'UIApplication' in scope
 56 |         #endif
 57 |     }
/Users/admin/builder/spi-builder-workspace/Sources/DataCache.swift:60:9: error: cannot find 'NotificationCenter' in scope
 58 |
 59 |     deinit {
 60 |         NotificationCenter.default.removeObserver(self)
    |         `- error: cannot find 'NotificationCenter' in scope
 61 |     }
 62 | }
/Users/admin/builder/spi-builder-workspace/Sources/DataCache.swift:90:66: error: cannot find type 'Data' in scope
 88 |     /// Read data for key
 89 |     public func readData(forKey key:String) -> Data? {
 90 |         var data = memCache.object(forKey: key as AnyObject) as? Data
    |                                                                  `- error: cannot find type 'Data' in scope
 91 |
 92 |         if data == nil {
/Users/admin/builder/spi-builder-workspace/Sources/DataCache.swift:109:24: error: cannot find 'JSONEncoder' in scope
107 |     // MARK: - Read & write Codable types
108 |     public func write<T: Encodable>(codable: T, forKey key: String) throws {
109 |         let data = try JSONEncoder().encode(codable)
    |                        `- error: cannot find 'JSONEncoder' in scope
110 |         write(data: data, forKey: key)
111 |     }
/Users/admin/builder/spi-builder-workspace/Sources/DataCache.swift:110:9: error: no exact matches in call to instance method 'write'
108 |     public func write<T: Encodable>(codable: T, forKey key: String) throws {
109 |         let data = try JSONEncoder().encode(codable)
110 |         write(data: data, forKey: key)
    |         `- error: no exact matches in call to instance method 'write'
111 |     }
112 |
    :
128 |
129 |     /// Write a string for key
130 |     public func write(string: String, forKey key: String) {
    |                 `- note: incorrect labels for candidate (have: '(data:forKey:)', expected: '(string:forKey:)')
131 |         write(object: string as NSCoding, forKey: key)
132 |     }
133 |
134 |     /// Write a dictionary for key
135 |     public func write(dictionary: Dictionary<AnyHashable, Any>, forKey key: String) {
    |                 `- note: incorrect labels for candidate (have: '(data:forKey:)', expected: '(dictionary:forKey:)')
136 |         write(object: dictionary as NSCoding, forKey: key)
137 |     }
138 |
139 |     /// Write an array for key
140 |     public func write(array: Array<Any>, forKey key: String) {
    |                 `- note: incorrect labels for candidate (have: '(data:forKey:)', expected: '(array:forKey:)')
141 |         write(object: array as NSCoding, forKey: key)
142 |     }
/Users/admin/builder/spi-builder-workspace/Sources/DataCache.swift:115:20: error: cannot find 'JSONDecoder' in scope
113 |     public func readCodable<T: Decodable>(forKey key: String) throws -> T? {
114 |         guard let data = readData(forKey: key) else { return nil }
115 |         return try JSONDecoder().decode(T.self, from: data)
    |                    `- error: cannot find 'JSONDecoder' in scope
116 |     }
117 |
/Users/admin/builder/spi-builder-workspace/Sources/DataCache.swift:125:20: error: cannot find 'NSKeyedArchiver' in scope
123 |     /// NOTE: Can't write `UIImage` with this method. Please use `writeImage(_:forKey:)` to write an image
124 |     public func write(object: NSCoding, forKey key: String) {
125 |         let data = NSKeyedArchiver.archivedData(withRootObject: object)
    |                    `- error: cannot find 'NSKeyedArchiver' in scope
126 |         write(data: data, forKey: key)
127 |     }
/Users/admin/builder/spi-builder-workspace/Sources/DataCache.swift:126:9: error: no exact matches in call to instance method 'write'
124 |     public func write(object: NSCoding, forKey key: String) {
125 |         let data = NSKeyedArchiver.archivedData(withRootObject: object)
126 |         write(data: data, forKey: key)
    |         `- error: no exact matches in call to instance method 'write'
127 |     }
128 |
129 |     /// Write a string for key
130 |     public func write(string: String, forKey key: String) {
    |                 `- note: incorrect labels for candidate (have: '(data:forKey:)', expected: '(string:forKey:)')
131 |         write(object: string as NSCoding, forKey: key)
132 |     }
133 |
134 |     /// Write a dictionary for key
135 |     public func write(dictionary: Dictionary<AnyHashable, Any>, forKey key: String) {
    |                 `- note: incorrect labels for candidate (have: '(data:forKey:)', expected: '(dictionary:forKey:)')
136 |         write(object: dictionary as NSCoding, forKey: key)
137 |     }
138 |
139 |     /// Write an array for key
140 |     public func write(array: Array<Any>, forKey key: String) {
    |                 `- note: incorrect labels for candidate (have: '(data:forKey:)', expected: '(array:forKey:)')
141 |         write(object: array as NSCoding, forKey: key)
142 |     }
SwiftCompile normal arm64 Compiling\ Dictionary+Cache.swift /Users/admin/builder/spi-builder-workspace/Sources/Dictionary+Cache.swift (in target 'DataCache' from project 'DataCache')
SwiftCompile normal arm64 /Users/admin/builder/spi-builder-workspace/Sources/Dictionary+Cache.swift (in target 'DataCache' from project 'DataCache')
    cd /Users/admin/builder/spi-builder-workspace/.swiftpm/xcode
    builtin-SwiftPerFileCompile Dictionary+Cache.swift
PruneExplicitPrecompiledModules /Users/admin/builder/spi-builder-workspace/.derivedData/Build/Intermediates.noindex/ExplicitPrecompiledModules
PruneExplicitPrecompiledModules /Users/admin/builder/spi-builder-workspace/.derivedData/Build/Intermediates.noindex/SwiftExplicitPrecompiledModules
PruneExplicitPrecompiledModules /Users/admin/builder/spi-builder-workspace/.derivedData/SDKExplicitPrecompiledModules
2026-09-18 22:10:15.293 xcodebuild[715:4488] [MT] IDERunDestination: Supported platforms for the buildables in the current scheme is empty.
** BUILD FAILED **
The following build commands failed:
	SwiftCompile normal arm64 (in target 'DataCache' from project 'DataCache')
	SwiftEmitModule normal arm64 Emitting\ module\ for\ DataCache (in target 'DataCache' from project 'DataCache')
	Building workspace DataCache with scheme DataCache
(3 failures)
BUILD FAILURE 6.4 visionOS