The Swift Package Index logo.Swift Package Index

Build Information

Failed to build MetalSupport, reference main (0727bc), with Swift 6.2 for Android on 10 Oct 2026 05:08:36 UTC.

Build Command

bash -c docker run --pull=always --rm -v "checkouts-54344843-1":/host -w "$PWD" -e JAVA_HOME="/root/.sdkman/candidates/java/current" -e SPI_BUILD="1" -e SPI_PROCESSING="1" registry.gitlab.com/saguaro1/spi-images:android-6.2-latest swift build --swift-sdk aarch64-unknown-linux-android28 2>&1

Build Log

========================================
RunAll
========================================
Builder version: 5.1.1
Interrupt handler set up.
========================================
Checkout
========================================
Clone URL: https://github.com/schwa/MetalSupport.git
Reference: main
Initialized empty Git repository in /host/spi-builder-workspace/.git/
hint: Using 'master' as the name for the initial branch. This default branch name
hint: is subject to change. To configure the initial branch name to use in all
hint: of your new repositories, which will suppress this warning, call:
hint:
hint: 	git config --global init.defaultBranch <name>
hint:
hint: Names commonly chosen instead of 'master' are 'main', 'trunk' and
hint: 'development'. The just-created branch can be renamed via this command:
hint:
hint: 	git branch -m <name>
From https://github.com/schwa/MetalSupport
 * branch            main       -> FETCH_HEAD
 * [new branch]      main       -> origin/main
HEAD is now at 0727bc4 issues: create #MetalSupport#13 - MetalSupport does not compile for the iOS Simulator
Cloned https://github.com/schwa/MetalSupport.git
Revision (git rev-parse @):
0727bc4796aa5b75fdcee55c6d8026f5f1653112
SUCCESS checkout https://github.com/schwa/MetalSupport.git at main
========================================
Build
========================================
Selected platform:         android
Swift version:             6.2
Building package at path:  $PWD
https://github.com/schwa/MetalSupport.git
Running build ...
bash -c docker run --pull=always --rm -v "checkouts-54344843-1":/host -w "$PWD" -e JAVA_HOME="/root/.sdkman/candidates/java/current" -e SPI_BUILD="1" -e SPI_PROCESSING="1" registry.gitlab.com/saguaro1/spi-images:android-6.2-latest swift build --swift-sdk aarch64-unknown-linux-android28 2>&1
android-6.2-latest: Pulling from saguaro1/spi-images
Digest: sha256:a839c9ce201f1dacc8eb056626ec7ab0a1c6d53d7b77c83feda395f4507c51be
Status: Image is up to date for registry.gitlab.com/saguaro1/spi-images:android-6.2-latest
Fetching https://github.com/apple/swift-collections.git
[1/28695] Fetching swift-collections
Fetched https://github.com/apple/swift-collections.git from cache (1.63s)
Computing version for https://github.com/apple/swift-collections.git
Computed https://github.com/apple/swift-collections.git at 1.7.2 (1.90s)
Creating working copy for https://github.com/apple/swift-collections.git
Working copy of https://github.com/apple/swift-collections.git resolved at 1.7.2
Building for debugging...
[0/4] Write sources
[3/4] Write swift-version--11D90AFD9DD3AB2.txt
[5/32] Emitting module InternalCollectionsUtilities
[6/35] Compiling InternalCollectionsUtilities BorrowingIteratorProtocol+Equality.swift
[7/35] Compiling InternalCollectionsUtilities BorrowingIteratorProtocol+Extras.swift
[8/35] Compiling InternalCollectionsUtilities Debugging.swift
[9/35] Compiling InternalCollectionsUtilities Descriptions.swift
[10/35] Compiling InternalCollectionsUtilities UnsafeRawBufferPointer+Extras.swift
[11/35] Compiling InternalCollectionsUtilities _SortedCollection.swift
[12/35] Compiling InternalCollectionsUtilities _UniqueCollection.swift
[13/35] Compiling InternalCollectionsUtilities UnsafeMutablePointer+Extras.swift
[14/35] Compiling InternalCollectionsUtilities UnsafeMutableRawBufferPointer+Extras.swift
[15/35] Compiling InternalCollectionsUtilities UnsafePointer+Extras.swift
[16/35] Compiling InternalCollectionsUtilities _UnsafeBitSet+_Word.swift
[17/35] Compiling InternalCollectionsUtilities _UnsafeBitSet.swift
[18/35] Compiling InternalCollectionsUtilities UnsafeBufferPointer+Extras.swift
[19/35] Compiling InternalCollectionsUtilities UnsafeMutableBufferPointer+Extras.swift
[20/35] Compiling InternalCollectionsUtilities FixedWidthInteger+roundUpToPowerOfTwo.swift
[21/35] Compiling InternalCollectionsUtilities Integer rank.swift
[22/35] Compiling InternalCollectionsUtilities UInt+first and last set bit.swift
[23/35] Compiling InternalCollectionsUtilities UInt+reversed.swift
[24/35] Compiling InternalCollectionsUtilities MutableSpan+Extras.swift
[25/35] Compiling InternalCollectionsUtilities OutputSpan+Extras.swift
[26/35] Compiling InternalCollectionsUtilities RandomAccessCollection+Offsets.swift
[27/35] Compiling InternalCollectionsUtilities Span+Extras.swift
[28/35] Compiling InternalCollectionsUtilities Iterable+CopyContents.swift
[29/35] Compiling InternalCollectionsUtilities Iterable+Equality.swift
[30/35] Compiling InternalCollectionsUtilities LifetimeOverride.swift
[31/35] Compiling InternalCollectionsUtilities MutableRef.swift
[32/35] Compiling InternalCollectionsUtilities Strideable+LimitHelpers.swift
[33/35] Compiling InternalCollectionsUtilities String+Padding.swift
[34/35] Compiling InternalCollectionsUtilities TemporaryAllocation.swift
[35/35] Compiling InternalCollectionsUtilities _UnsafeBitSet+Index.swift
[37/93] Compiling OrderedCollections OrderedSet+Partial SetAlgebra isSuperset.swift
[38/93] Compiling OrderedCollections OrderedSet+Partial SetAlgebra subtract.swift
[39/93] Compiling OrderedCollections OrderedSet+Partial SetAlgebra subtracting.swift
[40/93] Compiling OrderedCollections OrderedSet+Partial SetAlgebra symmetricDifference.swift
[41/93] Compiling OrderedCollections OrderedSet+Partial SetAlgebra union.swift
[42/93] Compiling OrderedCollections OrderedSet+Partial SetAlgebra+Basics.swift
[43/93] Compiling OrderedCollections OrderedSet+RandomAccessCollection.swift
[44/93] Compiling OrderedCollections OrderedSet+ReserveCapacity.swift
[45/100] Compiling OrderedCollections OrderedSet+Partial SetAlgebra formSymmetricDifference.swift
[46/100] Compiling OrderedCollections OrderedSet+Partial SetAlgebra formUnion.swift
[47/100] Compiling OrderedCollections OrderedSet+Partial SetAlgebra intersection.swift
[48/100] Compiling OrderedCollections OrderedSet+Partial SetAlgebra isDisjoint.swift
[49/100] Compiling OrderedCollections OrderedSet+Partial SetAlgebra isEqualSet.swift
[50/100] Compiling OrderedCollections OrderedSet+Partial SetAlgebra isStrictSubset.swift
[51/100] Compiling OrderedCollections OrderedSet+Partial SetAlgebra isStrictSuperset.swift
[52/100] Compiling OrderedCollections OrderedSet+Partial SetAlgebra isSubset.swift
[53/100] Compiling OrderedCollections OrderedDictionary+Codable.swift
[54/100] Compiling OrderedCollections OrderedDictionary+CustomReflectable.swift
[55/100] Compiling OrderedCollections OrderedDictionary+Deprecations.swift
[56/100] Compiling OrderedCollections OrderedDictionary+Descriptions.swift
[57/100] Compiling OrderedCollections OrderedDictionary+Elements.SubSequence.swift
[58/100] Compiling OrderedCollections OrderedDictionary+Elements.swift
[59/100] Compiling OrderedCollections OrderedDictionary+Equatable.swift
[60/100] Compiling OrderedCollections OrderedDictionary+ExpressibleByDictionaryLiteral.swift
[61/100] Compiling OrderedCollections OrderedDictionary+Hashable.swift
[62/100] Compiling OrderedCollections OrderedDictionary+Initializers.swift
[63/100] Compiling OrderedCollections OrderedDictionary+Invariants.swift
[64/100] Compiling OrderedCollections OrderedDictionary+Move.swift
[65/100] Compiling OrderedCollections OrderedDictionary+Partial MutableCollection.swift
[66/100] Compiling OrderedCollections OrderedDictionary+Partial RangeReplaceableCollection.swift
[67/100] Compiling OrderedCollections OrderedDictionary+Sendable.swift
[68/100] Compiling OrderedCollections OrderedDictionary+Sequence.swift
[69/100] Compiling OrderedCollections OrderedDictionary+Values.swift
[70/100] Compiling OrderedCollections OrderedDictionary.swift
[71/100] Compiling OrderedCollections OrderedSet+Codable.swift
[72/100] Compiling OrderedCollections OrderedSet+CustomReflectable.swift
[73/100] Compiling OrderedCollections OrderedSet+Descriptions.swift
[74/100] Compiling OrderedCollections OrderedSet+Diffing.swift
[75/100] Compiling OrderedCollections OrderedSet+Equatable.swift
[76/100] Compiling OrderedCollections OrderedSet+ExpressibleByArrayLiteral.swift
[77/100] Compiling OrderedCollections OrderedSet+Hashable.swift
[78/100] Compiling OrderedCollections OrderedSet+Initializers.swift
[79/100] Compiling OrderedCollections OrderedSet+Insertions.swift
[80/100] Compiling OrderedCollections OrderedSet+Invariants.swift
[81/100] Compiling OrderedCollections OrderedSet+Move.swift
[82/100] Compiling OrderedCollections OrderedSet+Partial MutableCollection.swift
[83/100] Compiling OrderedCollections OrderedSet+Partial RangeReplaceableCollection.swift
[84/100] Compiling OrderedCollections OrderedSet+Partial SetAlgebra formIntersection.swift
[85/100] Compiling OrderedCollections OrderedSet+Sendable.swift
[86/100] Compiling OrderedCollections OrderedSet+SubSequence.swift
[87/100] Compiling OrderedCollections OrderedSet+Testing.swift
[88/100] Compiling OrderedCollections OrderedSet+UnorderedView.swift
[89/100] Compiling OrderedCollections OrderedSet+UnstableInternals.swift
[90/100] Compiling OrderedCollections OrderedSet.swift
[91/100] Compiling OrderedCollections _UnsafeBitset.swift
[92/100] Emitting module OrderedCollections
[93/100] Compiling OrderedCollections _HashTable+Bucket.swift
[94/100] Compiling OrderedCollections _HashTable+BucketIterator.swift
[95/100] Compiling OrderedCollections _HashTable+Constants.swift
[96/100] Compiling OrderedCollections _HashTable+CustomStringConvertible.swift
[97/100] Compiling OrderedCollections _HashTable+Testing.swift
[98/100] Compiling OrderedCollections _HashTable+UnsafeHandle.swift
[99/100] Compiling OrderedCollections _HashTable.swift
[100/100] Compiling OrderedCollections _Hashtable+Header.swift
[102/123] Compiling MetalSupport MTLVertexFormat+Extensions.swift
/host/spi-builder-workspace/Sources/MetalSupport/DebugGroup.swift:1:8: error: no such module 'Metal'
 1 | import Metal
   |        `- error: no such module 'Metal'
 2 |
 3 | public extension MTLCaptureManager {
[103/123] Compiling MetalSupport Metal+SwiftUI.swift
/host/spi-builder-workspace/Sources/MetalSupport/DebugGroup.swift:1:8: error: no such module 'Metal'
 1 | import Metal
   |        `- error: no such module 'Metal'
 2 |
 3 | public extension MTLCaptureManager {
[104/123] Compiling MetalSupport MetalSupportError.swift
/host/spi-builder-workspace/Sources/MetalSupport/DebugGroup.swift:1:8: error: no such module 'Metal'
 1 | import Metal
   |        `- error: no such module 'Metal'
 2 |
 3 | public extension MTLCaptureManager {
error: emit-module command failed with exit code 1 (use -v to see invocation)
[105/125] Emitting module MetalSupport
/host/spi-builder-workspace/Sources/MetalSupport/DebugGroup.swift:1:8: error: no such module 'Metal'
 1 | import Metal
   |        `- error: no such module 'Metal'
 2 |
 3 | public extension MTLCaptureManager {
[106/125] Compiling MetalSupport MTLPixelFormat+Extensions.swift
/host/spi-builder-workspace/Sources/MetalSupport/DebugGroup.swift:1:8: error: no such module 'Metal'
 1 | import Metal
   |        `- error: no such module 'Metal'
 2 |
 3 | public extension MTLCaptureManager {
[107/125] Compiling MetalSupport MTLTexture+Extensions.swift
/host/spi-builder-workspace/Sources/MetalSupport/DebugGroup.swift:1:8: error: no such module 'Metal'
 1 | import Metal
   |        `- error: no such module 'Metal'
 2 |
 3 | public extension MTLCaptureManager {
[108/125] Compiling MetalSupport MTLVertexDescriptor+Extensions.swift
/host/spi-builder-workspace/Sources/MetalSupport/DebugGroup.swift:1:8: error: no such module 'Metal'
 1 | import Metal
   |        `- error: no such module 'Metal'
 2 |
 3 | public extension MTLCaptureManager {
[109/125] Compiling MetalSupport MTLFunction+Extensions.swift
/host/spi-builder-workspace/Sources/MetalSupport/DebugGroup.swift:1:8: error: no such module 'Metal'
 1 | import Metal
   |        `- error: no such module 'Metal'
 2 |
 3 | public extension MTLCaptureManager {
[110/125] Compiling MetalSupport MTLGeometry+Extensions.swift
/host/spi-builder-workspace/Sources/MetalSupport/DebugGroup.swift:1:8: error: no such module 'Metal'
 1 | import Metal
   |        `- error: no such module 'Metal'
 2 |
 3 | public extension MTLCaptureManager {
[111/125] Compiling MetalSupport MTLIndexType+Extensions.swift
/host/spi-builder-workspace/Sources/MetalSupport/DebugGroup.swift:1:8: error: no such module 'Metal'
 1 | import Metal
   |        `- error: no such module 'Metal'
 2 |
 3 | public extension MTLCaptureManager {
[112/125] Compiling MetalSupport MTLCommandQueue+Extensions.swift
/host/spi-builder-workspace/Sources/MetalSupport/DebugGroup.swift:1:8: error: no such module 'Metal'
 1 | import Metal
   |        `- error: no such module 'Metal'
 2 |
 3 | public extension MTLCaptureManager {
[113/125] Compiling MetalSupport MTLDevice+Capabilities.swift
/host/spi-builder-workspace/Sources/MetalSupport/DebugGroup.swift:1:8: error: no such module 'Metal'
 1 | import Metal
   |        `- error: no such module 'Metal'
 2 |
 3 | public extension MTLCaptureManager {
[114/125] Compiling MetalSupport MTLDevice+Extensions.swift
/host/spi-builder-workspace/Sources/MetalSupport/DebugGroup.swift:1:8: error: no such module 'Metal'
 1 | import Metal
   |        `- error: no such module 'Metal'
 2 |
 3 | public extension MTLCaptureManager {
[115/125] Compiling MetalSupport MTLBuffer+Extensions.swift
/host/spi-builder-workspace/Sources/MetalSupport/DebugGroup.swift:1:8: error: no such module 'Metal'
 1 | import Metal
   |        `- error: no such module 'Metal'
 2 |
 3 | public extension MTLCaptureManager {
[116/125] Compiling MetalSupport MTLCommandBuffer+Extensions.swift
/host/spi-builder-workspace/Sources/MetalSupport/DebugGroup.swift:1:8: error: no such module 'Metal'
 1 | import Metal
   |        `- error: no such module 'Metal'
 2 |
 3 | public extension MTLCaptureManager {
[117/125] Compiling MetalSupport MTLCommandBufferDescriptor+Extensions.swift
/host/spi-builder-workspace/Sources/MetalSupport/DebugGroup.swift:1:8: error: no such module 'Metal'
 1 | import Metal
   |        `- error: no such module 'Metal'
 2 |
 3 | public extension MTLCaptureManager {
[118/125] Compiling MetalSupport DrawHelpers.swift
/host/spi-builder-workspace/Sources/MetalSupport/DebugGroup.swift:1:8: error: no such module 'Metal'
 1 | import Metal
   |        `- error: no such module 'Metal'
 2 |
 3 | public extension MTLCaptureManager {
[119/125] Compiling MetalSupport Labeled.swift
/host/spi-builder-workspace/Sources/MetalSupport/DebugGroup.swift:1:8: error: no such module 'Metal'
 1 | import Metal
   |        `- error: no such module 'Metal'
 2 |
 3 | public extension MTLCaptureManager {
[120/125] Compiling MetalSupport MTKMesh+Extensions.swift
/host/spi-builder-workspace/Sources/MetalSupport/DebugGroup.swift:1:8: error: no such module 'Metal'
 1 | import Metal
   |        `- error: no such module 'Metal'
 2 |
 3 | public extension MTLCaptureManager {
[121/125] Compiling MetalSupport BaseSupport.swift
/host/spi-builder-workspace/Sources/MetalSupport/DebugGroup.swift:1:8: error: no such module 'Metal'
 1 | import Metal
   |        `- error: no such module 'Metal'
 2 |
 3 | public extension MTLCaptureManager {
[122/125] Compiling MetalSupport DebugGroup.swift
/host/spi-builder-workspace/Sources/MetalSupport/DebugGroup.swift:1:8: error: no such module 'Metal'
 1 | import Metal
   |        `- error: no such module 'Metal'
 2 |
 3 | public extension MTLCaptureManager {
[123/125] Compiling MetalSupport DescriptorInits.swift
/host/spi-builder-workspace/Sources/MetalSupport/DebugGroup.swift:1:8: error: no such module 'Metal'
 1 | import Metal
   |        `- error: no such module 'Metal'
 2 |
 3 | public extension MTLCaptureManager {
[124/125] Compiling MetalSupport UnsafeBytes.swift
/host/spi-builder-workspace/Sources/MetalSupport/DebugGroup.swift:1:8: error: no such module 'Metal'
 1 | import Metal
   |        `- error: no such module 'Metal'
 2 |
 3 | public extension MTLCaptureManager {
[125/125] Compiling MetalSupport VertexDescriptor.swift
/host/spi-builder-workspace/Sources/MetalSupport/DebugGroup.swift:1:8: error: no such module 'Metal'
 1 | import Metal
   |        `- error: no such module 'Metal'
 2 |
 3 | public extension MTLCaptureManager {
BUILD FAILURE 6.2 android