The Swift Package Index logo.Swift Package Index

Build Information

Failed to build SpeziLLM, reference main (f40cc8), with Swift 6.1 for macOS (Xcode) using Xcode 16.3 on 9 Sep 2026 05:43:55 UTC.

Build Command

env DEVELOPER_DIR=/Applications/Xcode-16.3.0.app xcrun xcodebuild -IDEClonedSourcePackagesDirPathOverride=$PWD/.dependencies -skipMacroValidation -skipPackagePluginValidation -derivedDataPath $PWD/.derivedData build -scheme SpeziLLM-Package -destination platform=macOS,arch=arm64

Build Log

Copy /Users/admin/builder/spi-builder-workspace/.derivedData/Build/Products/Debug/MLXLinalg.swiftmodule/arm64-apple-macos.abi.json /Users/admin/builder/spi-builder-workspace/.derivedData/Build/Intermediates.noindex/mlx-swift.build/Debug/MLXLinalg.build/Objects-normal/arm64/MLXLinalg.abi.json (in target 'MLXLinalg' from project 'mlx-swift')
    cd /Users/admin/builder/spi-builder-workspace/.dependencies/checkouts/mlx-swift
    builtin-copy -exclude .DS_Store -exclude CVS -exclude .svn -exclude .git -exclude .hg -resolve-src-symlinks -rename /Users/admin/builder/spi-builder-workspace/.derivedData/Build/Intermediates.noindex/mlx-swift.build/Debug/MLXLinalg.build/Objects-normal/arm64/MLXLinalg.abi.json /Users/admin/builder/spi-builder-workspace/.derivedData/Build/Products/Debug/MLXLinalg.swiftmodule/arm64-apple-macos.abi.json
Copy /Users/admin/builder/spi-builder-workspace/.derivedData/Build/Products/Debug/MLXLinalg.swiftmodule/Project/arm64-apple-macos.swiftsourceinfo /Users/admin/builder/spi-builder-workspace/.derivedData/Build/Intermediates.noindex/mlx-swift.build/Debug/MLXLinalg.build/Objects-normal/arm64/MLXLinalg.swiftsourceinfo (in target 'MLXLinalg' from project 'mlx-swift')
    cd /Users/admin/builder/spi-builder-workspace/.dependencies/checkouts/mlx-swift
    builtin-copy -exclude .DS_Store -exclude CVS -exclude .svn -exclude .git -exclude .hg -resolve-src-symlinks -rename /Users/admin/builder/spi-builder-workspace/.derivedData/Build/Intermediates.noindex/mlx-swift.build/Debug/MLXLinalg.build/Objects-normal/arm64/MLXLinalg.swiftsourceinfo /Users/admin/builder/spi-builder-workspace/.derivedData/Build/Products/Debug/MLXLinalg.swiftmodule/Project/arm64-apple-macos.swiftsourceinfo
SwiftDriver\ Compilation\ Requirements MLXFast normal arm64 com.apple.xcode.tools.swift.compiler (in target 'MLXFast' from project 'mlx-swift')
    cd /Users/admin/builder/spi-builder-workspace/.swiftpm/xcode
    builtin-Swift-Compilation-Requirements -- /Applications/Xcode-16.3.0.app/Contents/Developer/Toolchains/XcodeDefault.xctoolchain/usr/bin/swiftc -module-name MLXFast -Onone -enforce-exclusivity\=checked @/Users/admin/builder/spi-builder-workspace/.derivedData/Build/Intermediates.noindex/mlx-swift.build/Debug/MLXFast.build/Objects-normal/arm64/MLXFast.SwiftFileList -DSWIFT_PACKAGE -DDEBUG -DXcode -enable-experimental-feature StrictConcurrency -plugin-path /Applications/Xcode-16.3.0.app/Contents/Developer/Toolchains/XcodeDefault.xctoolchain/usr/lib/swift/host/plugins/testing -enable-experimental-feature DebugDescriptionMacro -sdk /Applications/Xcode-16.3.0.app/Contents/Developer/Platforms/MacOSX.platform/Developer/SDKs/MacOSX15.4.sdk -target arm64-apple-macos13.3 -g -module-cache-path /Users/admin/builder/spi-builder-workspace/.derivedData/ModuleCache.noindex -Xfrontend -serialize-debugging-options -profile-coverage-mapping -profile-generate -enable-testing -suppress-warnings -index-store-path /Users/admin/builder/spi-builder-workspace/.derivedData/Index.noindex/DataStore -swift-version 5 -I /Users/admin/builder/spi-builder-workspace/.derivedData/Build/Products/Debug -I /Applications/Xcode-16.3.0.app/Contents/Developer/Platforms/MacOSX.platform/Developer/usr/lib -F /Users/admin/builder/spi-builder-workspace/.derivedData/Build/Products/Debug/PackageFrameworks -F /Users/admin/builder/spi-builder-workspace/.derivedData/Build/Products/Debug/PackageFrameworks -F /Users/admin/builder/spi-builder-workspace/.derivedData/Build/Products/Debug/PackageFrameworks -F /Users/admin/builder/spi-builder-workspace/.derivedData/Build/Products/Debug/PackageFrameworks -F /Users/admin/builder/spi-builder-workspace/.derivedData/Build/Products/Debug/PackageFrameworks -F /Users/admin/builder/spi-builder-workspace/.derivedData/Build/Products/Debug/PackageFrameworks -F /Users/admin/builder/spi-builder-workspace/.derivedData/Build/Products/Debug -F /Applications/Xcode-16.3.0.app/Contents/Developer/Platforms/MacOSX.platform/Developer/Library/Frameworks -c -j10 -enable-batch-mode -incremental -Xcc -ivfsstatcache -Xcc /Users/admin/builder/spi-builder-workspace/.derivedData/SDKStatCaches.noindex/macosx15.4-24E241-8287b8f5db97e746a1562fbca0c9d29b.sdkstatcache -output-file-map /Users/admin/builder/spi-builder-workspace/.derivedData/Build/Intermediates.noindex/mlx-swift.build/Debug/MLXFast.build/Objects-normal/arm64/MLXFast-OutputFileMap.json -use-frontend-parseable-output -save-temps -no-color-diagnostics -serialize-diagnostics -emit-dependencies -emit-module -emit-module-path /Users/admin/builder/spi-builder-workspace/.derivedData/Build/Intermediates.noindex/mlx-swift.build/Debug/MLXFast.build/Objects-normal/arm64/MLXFast.swiftmodule -validate-clang-modules-once -clang-build-session-file /Users/admin/builder/spi-builder-workspace/.derivedData/ModuleCache.noindex/Session.modulevalidation -package-name mlx_swift -Xcc -I/Users/admin/builder/spi-builder-workspace/.derivedData/Build/Intermediates.noindex/mlx-swift.build/Debug/MLXFast.build/swift-overrides.hmap -emit-const-values -Xfrontend -const-gather-protocols-file -Xfrontend /Users/admin/builder/spi-builder-workspace/.derivedData/Build/Intermediates.noindex/mlx-swift.build/Debug/MLXFast.build/Objects-normal/arm64/MLXFast_const_extract_protocols.json -Xcc -I/Users/admin/builder/spi-builder-workspace/.dependencies/checkouts/swift-numerics/Sources/_NumericsShims/include -Xcc -I/Users/admin/builder/spi-builder-workspace/.dependencies/checkouts/mlx-swift/Source/Cmlx/include -Xcc -I/Users/admin/builder/spi-builder-workspace/.derivedData/Build/Products/Debug/include -Xcc -I/Users/admin/builder/spi-builder-workspace/.derivedData/Build/Intermediates.noindex/mlx-swift.build/Debug/MLXFast.build/DerivedSources-normal/arm64 -Xcc -I/Users/admin/builder/spi-builder-workspace/.derivedData/Build/Intermediates.noindex/mlx-swift.build/Debug/MLXFast.build/DerivedSources/arm64 -Xcc -I/Users/admin/builder/spi-builder-workspace/.derivedData/Build/Intermediates.noindex/mlx-swift.build/Debug/MLXFast.build/DerivedSources -Xcc -DSWIFT_PACKAGE -Xcc -DDEBUG\=1 -emit-objc-header -emit-objc-header-path /Users/admin/builder/spi-builder-workspace/.derivedData/Build/Intermediates.noindex/mlx-swift.build/Debug/MLXFast.build/Objects-normal/arm64/MLXFast-Swift.h -working-directory /Users/admin/builder/spi-builder-workspace/.swiftpm/xcode -experimental-emit-module-separately -disable-cmo
SwiftCompile normal arm64 Compiling\ PluginSource.swift /Users/admin/builder/spi-builder-workspace/.dependencies/checkouts/swift-openapi-generator/Sources/swift-openapi-generator/PluginSource.swift (in target 'swift-openapi-generator' from project 'swift-openapi-generator')
SwiftCompile normal arm64 /Users/admin/builder/spi-builder-workspace/.dependencies/checkouts/swift-openapi-generator/Sources/swift-openapi-generator/PluginSource.swift (in target 'swift-openapi-generator' from project 'swift-openapi-generator')
    cd /Users/admin/builder/spi-builder-workspace/.swiftpm/xcode

SwiftMergeGeneratedHeaders /Users/admin/builder/spi-builder-workspace/.derivedData/Build/Intermediates.noindex/GeneratedModuleMaps/MLXFast-Swift.h /Users/admin/builder/spi-builder-workspace/.derivedData/Build/Intermediates.noindex/mlx-swift.build/Debug/MLXFast.build/Objects-normal/arm64/MLXFast-Swift.h (in target 'MLXFast' from project 'mlx-swift')
    cd /Users/admin/builder/spi-builder-workspace/.dependencies/checkouts/mlx-swift
    builtin-swiftHeaderTool -arch arm64 /Users/admin/builder/spi-builder-workspace/.derivedData/Build/Intermediates.noindex/mlx-swift.build/Debug/MLXFast.build/Objects-normal/arm64/MLXFast-Swift.h -o /Users/admin/builder/spi-builder-workspace/.derivedData/Build/Intermediates.noindex/GeneratedModuleMaps/MLXFast-Swift.h
SwiftDriverJobDiscovery normal arm64 Compiling HubApi.swift (in target 'Hub' from project 'swift-transformers')
Copy /Users/admin/builder/spi-builder-workspace/.derivedData/Build/Products/Debug/MLXFast.swiftmodule/arm64-apple-macos.swiftmodule /Users/admin/builder/spi-builder-workspace/.derivedData/Build/Intermediates.noindex/mlx-swift.build/Debug/MLXFast.build/Objects-normal/arm64/MLXFast.swiftmodule (in target 'MLXFast' from project 'mlx-swift')
    cd /Users/admin/builder/spi-builder-workspace/.dependencies/checkouts/mlx-swift
    builtin-copy -exclude .DS_Store -exclude CVS -exclude .svn -exclude .git -exclude .hg -resolve-src-symlinks -rename /Users/admin/builder/spi-builder-workspace/.derivedData/Build/Intermediates.noindex/mlx-swift.build/Debug/MLXFast.build/Objects-normal/arm64/MLXFast.swiftmodule /Users/admin/builder/spi-builder-workspace/.derivedData/Build/Products/Debug/MLXFast.swiftmodule/arm64-apple-macos.swiftmodule
Copy /Users/admin/builder/spi-builder-workspace/.derivedData/Build/Products/Debug/MLXFast.swiftmodule/arm64-apple-macos.swiftdoc /Users/admin/builder/spi-builder-workspace/.derivedData/Build/Intermediates.noindex/mlx-swift.build/Debug/MLXFast.build/Objects-normal/arm64/MLXFast.swiftdoc (in target 'MLXFast' from project 'mlx-swift')
    cd /Users/admin/builder/spi-builder-workspace/.dependencies/checkouts/mlx-swift
    builtin-copy -exclude .DS_Store -exclude CVS -exclude .svn -exclude .git -exclude .hg -resolve-src-symlinks -rename /Users/admin/builder/spi-builder-workspace/.derivedData/Build/Intermediates.noindex/mlx-swift.build/Debug/MLXFast.build/Objects-normal/arm64/MLXFast.swiftdoc /Users/admin/builder/spi-builder-workspace/.derivedData/Build/Products/Debug/MLXFast.swiftmodule/arm64-apple-macos.swiftdoc
Copy /Users/admin/builder/spi-builder-workspace/.derivedData/Build/Products/Debug/MLXFast.swiftmodule/arm64-apple-macos.abi.json /Users/admin/builder/spi-builder-workspace/.derivedData/Build/Intermediates.noindex/mlx-swift.build/Debug/MLXFast.build/Objects-normal/arm64/MLXFast.abi.json (in target 'MLXFast' from project 'mlx-swift')
    cd /Users/admin/builder/spi-builder-workspace/.dependencies/checkouts/mlx-swift
    builtin-copy -exclude .DS_Store -exclude CVS -exclude .svn -exclude .git -exclude .hg -resolve-src-symlinks -rename /Users/admin/builder/spi-builder-workspace/.derivedData/Build/Intermediates.noindex/mlx-swift.build/Debug/MLXFast.build/Objects-normal/arm64/MLXFast.abi.json /Users/admin/builder/spi-builder-workspace/.derivedData/Build/Products/Debug/MLXFast.swiftmodule/arm64-apple-macos.abi.json
Copy /Users/admin/builder/spi-builder-workspace/.derivedData/Build/Products/Debug/MLXFast.swiftmodule/Project/arm64-apple-macos.swiftsourceinfo /Users/admin/builder/spi-builder-workspace/.derivedData/Build/Intermediates.noindex/mlx-swift.build/Debug/MLXFast.build/Objects-normal/arm64/MLXFast.swiftsourceinfo (in target 'MLXFast' from project 'mlx-swift')
    cd /Users/admin/builder/spi-builder-workspace/.dependencies/checkouts/mlx-swift
    builtin-copy -exclude .DS_Store -exclude CVS -exclude .svn -exclude .git -exclude .hg -resolve-src-symlinks -rename /Users/admin/builder/spi-builder-workspace/.derivedData/Build/Intermediates.noindex/mlx-swift.build/Debug/MLXFast.build/Objects-normal/arm64/MLXFast.swiftsourceinfo /Users/admin/builder/spi-builder-workspace/.derivedData/Build/Products/Debug/MLXFast.swiftmodule/Project/arm64-apple-macos.swiftsourceinfo
SwiftCompile normal arm64 Compiling\ GenerateOptions.swift /Users/admin/builder/spi-builder-workspace/.dependencies/checkouts/swift-openapi-generator/Sources/swift-openapi-generator/GenerateOptions.swift (in target 'swift-openapi-generator' from project 'swift-openapi-generator')
SwiftCompile normal arm64 /Users/admin/builder/spi-builder-workspace/.dependencies/checkouts/swift-openapi-generator/Sources/swift-openapi-generator/GenerateOptions.swift (in target 'swift-openapi-generator' from project 'swift-openapi-generator')
    cd /Users/admin/builder/spi-builder-workspace/.swiftpm/xcode

SwiftCompile normal arm64 Compiling\ UserConfig.swift /Users/admin/builder/spi-builder-workspace/.dependencies/checkouts/swift-openapi-generator/Sources/swift-openapi-generator/UserConfig.swift (in target 'swift-openapi-generator' from project 'swift-openapi-generator')
SwiftCompile normal arm64 /Users/admin/builder/spi-builder-workspace/.dependencies/checkouts/swift-openapi-generator/Sources/swift-openapi-generator/UserConfig.swift (in target 'swift-openapi-generator' from project 'swift-openapi-generator')
    cd /Users/admin/builder/spi-builder-workspace/.swiftpm/xcode

SwiftDriverJobDiscovery normal arm64 Emitting module for swift_openapi_generator (in target 'swift-openapi-generator' from project 'swift-openapi-generator')
SwiftDriver\ Compilation\ Requirements swift-openapi-generator normal arm64 com.apple.xcode.tools.swift.compiler (in target 'swift-openapi-generator' from project 'swift-openapi-generator')
    cd /Users/admin/builder/spi-builder-workspace/.swiftpm/xcode
    builtin-Swift-Compilation-Requirements -- /Applications/Xcode-16.3.0.app/Contents/Developer/Toolchains/XcodeDefault.xctoolchain/usr/bin/swiftc -module-name swift_openapi_generator -Onone -enforce-exclusivity\=checked @/Users/admin/builder/spi-builder-workspace/.derivedData/Build/Intermediates.noindex/swift-openapi-generator.build/Debug/swift-openapi-generator.build/Objects-normal/arm64/swift-openapi-generator.SwiftFileList -DSWIFT_PACKAGE -DDEBUG -DXcode -enable-upcoming-feature MemberImportVisibility -enable-upcoming-feature ExistentialAny -enable-upcoming-feature InternalImportsByDefault -plugin-path /Applications/Xcode-16.3.0.app/Contents/Developer/Toolchains/XcodeDefault.xctoolchain/usr/lib/swift/host/plugins/testing -enable-experimental-feature DebugDescriptionMacro -sdk /Applications/Xcode-16.3.0.app/Contents/Developer/Platforms/MacOSX.platform/Developer/SDKs/MacOSX15.4.sdk -target arm64-apple-macos10.15 -g -module-cache-path /Users/admin/builder/spi-builder-workspace/.derivedData/ModuleCache.noindex -Xfrontend -serialize-debugging-options -profile-coverage-mapping -profile-generate -enable-testing -suppress-warnings -index-store-path /Users/admin/builder/spi-builder-workspace/.derivedData/Index.noindex/DataStore -swift-version 6 -I /Users/admin/builder/spi-builder-workspace/.derivedData/Build/Products/Debug -I /Applications/Xcode-16.3.0.app/Contents/Developer/Platforms/MacOSX.platform/Developer/usr/lib -F /Users/admin/builder/spi-builder-workspace/.derivedData/Build/Products/Debug/PackageFrameworks -F /Users/admin/builder/spi-builder-workspace/.derivedData/Build/Products/Debug/PackageFrameworks -F /Users/admin/builder/spi-builder-workspace/.derivedData/Build/Products/Debug/PackageFrameworks -F /Users/admin/builder/spi-builder-workspace/.derivedData/Build/Products/Debug/PackageFrameworks -F /Users/admin/builder/spi-builder-workspace/.derivedData/Build/Products/Debug/PackageFrameworks -F /Users/admin/builder/spi-builder-workspace/.derivedData/Build/Products/Debug/PackageFrameworks -F /Users/admin/builder/spi-builder-workspace/.derivedData/Build/Products/Debug/PackageFrameworks -F /Users/admin/builder/spi-builder-workspace/.derivedData/Build/Products/Debug/PackageFrameworks -F /Users/admin/builder/spi-builder-workspace/.derivedData/Build/Products/Debug/PackageFrameworks -F /Users/admin/builder/spi-builder-workspace/.derivedData/Build/Products/Debug/PackageFrameworks -F /Users/admin/builder/spi-builder-workspace/.derivedData/Build/Products/Debug/PackageFrameworks -F /Users/admin/builder/spi-builder-workspace/.derivedData/Build/Products/Debug/PackageFrameworks -F /Users/admin/builder/spi-builder-workspace/.derivedData/Build/Products/Debug -F /Applications/Xcode-16.3.0.app/Contents/Developer/Platforms/MacOSX.platform/Developer/Library/Frameworks -c -j10 -enable-batch-mode -incremental -Xcc -ivfsstatcache -Xcc /Users/admin/builder/spi-builder-workspace/.derivedData/SDKStatCaches.noindex/macosx15.4-24E241-8287b8f5db97e746a1562fbca0c9d29b.sdkstatcache -output-file-map /Users/admin/builder/spi-builder-workspace/.derivedData/Build/Intermediates.noindex/swift-openapi-generator.build/Debug/swift-openapi-generator.build/Objects-normal/arm64/swift-openapi-generator-OutputFileMap.json -use-frontend-parseable-output -save-temps -no-color-diagnostics -serialize-diagnostics -emit-dependencies -emit-module -emit-module-path /Users/admin/builder/spi-builder-workspace/.derivedData/Build/Intermediates.noindex/swift-openapi-generator.build/Debug/swift-openapi-generator.build/Objects-normal/arm64/swift_openapi_generator.swiftmodule -user-module-version 1.13.1 -validate-clang-modules-once -clang-build-session-file /Users/admin/builder/spi-builder-workspace/.derivedData/ModuleCache.noindex/Session.modulevalidation -package-name swift_openapi_generator -emit-const-values -Xfrontend -const-gather-protocols-file -Xfrontend /Users/admin/builder/spi-builder-workspace/.derivedData/Build/Intermediates.noindex/swift-openapi-generator.build/Debug/swift-openapi-generator.build/Objects-normal/arm64/swift-openapi-generator_const_extract_protocols.json -Xcc -I/Users/admin/builder/spi-builder-workspace/.dependencies/checkouts/swift-numerics/Sources/_NumericsShims/include -Xcc -I/Users/admin/builder/spi-builder-workspace/.dependencies/checkouts/Yams/Sources/CYaml/include -Xcc -I/Users/admin/builder/spi-builder-workspace/.derivedData/Build/Products/Debug/include -Xcc -I/Users/admin/builder/spi-builder-workspace/.derivedData/Build/Intermediates.noindex/swift-openapi-generator.build/Debug/swift-openapi-generator.build/DerivedSources-normal/arm64 -Xcc -I/Users/admin/builder/spi-builder-workspace/.derivedData/Build/Intermediates.noindex/swift-openapi-generator.build/Debug/swift-openapi-generator.build/DerivedSources/arm64 -Xcc -I/Users/admin/builder/spi-builder-workspace/.derivedData/Build/Intermediates.noindex/swift-openapi-generator.build/Debug/swift-openapi-generator.build/DerivedSources -Xcc -DSWIFT_PACKAGE -Xcc -DDEBUG\=1 -working-directory /Users/admin/builder/spi-builder-workspace/.swiftpm/xcode -experimental-emit-module-separately -disable-cmo
SwiftDriverJobDiscovery normal arm64 Compiling Extensions.swift (in target 'swift-openapi-generator' from project 'swift-openapi-generator')
SwiftCompile normal arm64 Compiling\ Tool.swift /Users/admin/builder/spi-builder-workspace/.dependencies/checkouts/swift-openapi-generator/Sources/swift-openapi-generator/Tool.swift (in target 'swift-openapi-generator' from project 'swift-openapi-generator')
SwiftCompile normal arm64 /Users/admin/builder/spi-builder-workspace/.dependencies/checkouts/swift-openapi-generator/Sources/swift-openapi-generator/Tool.swift (in target 'swift-openapi-generator' from project 'swift-openapi-generator')
    cd /Users/admin/builder/spi-builder-workspace/.swiftpm/xcode

SwiftCompile normal arm64 Compiling\ Tokenizer.swift /Users/admin/builder/spi-builder-workspace/.dependencies/checkouts/swift-transformers/Sources/Tokenizers/Tokenizer.swift (in target 'Tokenizers' from project 'swift-transformers')
SwiftCompile normal arm64 /Users/admin/builder/spi-builder-workspace/.dependencies/checkouts/swift-transformers/Sources/Tokenizers/Tokenizer.swift (in target 'Tokenizers' from project 'swift-transformers')
    cd /Users/admin/builder/spi-builder-workspace/.swiftpm/xcode

SwiftCompile normal arm64 Compiling\ TokenLattice.swift /Users/admin/builder/spi-builder-workspace/.dependencies/checkouts/swift-transformers/Sources/Tokenizers/TokenLattice.swift (in target 'Tokenizers' from project 'swift-transformers')
SwiftCompile normal arm64 /Users/admin/builder/spi-builder-workspace/.dependencies/checkouts/swift-transformers/Sources/Tokenizers/TokenLattice.swift (in target 'Tokenizers' from project 'swift-transformers')
    cd /Users/admin/builder/spi-builder-workspace/.swiftpm/xcode

SwiftDriverJobDiscovery normal arm64 Emitting module for Tokenizers (in target 'Tokenizers' from project 'swift-transformers')
SwiftDriverJobDiscovery normal arm64 Compiling runGenerator.swift (in target 'swift-openapi-generator' from project 'swift-openapi-generator')
Copy /Users/admin/builder/spi-builder-workspace/.derivedData/Build/Products/Debug/swift_openapi_generator.swiftmodule/arm64-apple-macos.swiftmodule /Users/admin/builder/spi-builder-workspace/.derivedData/Build/Intermediates.noindex/swift-openapi-generator.build/Debug/swift-openapi-generator.build/Objects-normal/arm64/swift_openapi_generator.swiftmodule (in target 'swift-openapi-generator' from project 'swift-openapi-generator')
    cd /Users/admin/builder/spi-builder-workspace/.dependencies/checkouts/swift-openapi-generator
    builtin-copy -exclude .DS_Store -exclude CVS -exclude .svn -exclude .git -exclude .hg -resolve-src-symlinks -rename /Users/admin/builder/spi-builder-workspace/.derivedData/Build/Intermediates.noindex/swift-openapi-generator.build/Debug/swift-openapi-generator.build/Objects-normal/arm64/swift_openapi_generator.swiftmodule /Users/admin/builder/spi-builder-workspace/.derivedData/Build/Products/Debug/swift_openapi_generator.swiftmodule/arm64-apple-macos.swiftmodule
SwiftDriverJobDiscovery normal arm64 Compiling PluginSource.swift (in target 'swift-openapi-generator' from project 'swift-openapi-generator')
Copy /Users/admin/builder/spi-builder-workspace/.derivedData/Build/Products/Debug/swift_openapi_generator.swiftmodule/arm64-apple-macos.swiftdoc /Users/admin/builder/spi-builder-workspace/.derivedData/Build/Intermediates.noindex/swift-openapi-generator.build/Debug/swift-openapi-generator.build/Objects-normal/arm64/swift_openapi_generator.swiftdoc (in target 'swift-openapi-generator' from project 'swift-openapi-generator')
    cd /Users/admin/builder/spi-builder-workspace/.dependencies/checkouts/swift-openapi-generator
    builtin-copy -exclude .DS_Store -exclude CVS -exclude .svn -exclude .git -exclude .hg -resolve-src-symlinks -rename /Users/admin/builder/spi-builder-workspace/.derivedData/Build/Intermediates.noindex/swift-openapi-generator.build/Debug/swift-openapi-generator.build/Objects-normal/arm64/swift_openapi_generator.swiftdoc /Users/admin/builder/spi-builder-workspace/.derivedData/Build/Products/Debug/swift_openapi_generator.swiftmodule/arm64-apple-macos.swiftdoc
Copy /Users/admin/builder/spi-builder-workspace/.derivedData/Build/Products/Debug/swift_openapi_generator.swiftmodule/arm64-apple-macos.abi.json /Users/admin/builder/spi-builder-workspace/.derivedData/Build/Intermediates.noindex/swift-openapi-generator.build/Debug/swift-openapi-generator.build/Objects-normal/arm64/swift_openapi_generator.abi.json (in target 'swift-openapi-generator' from project 'swift-openapi-generator')
    cd /Users/admin/builder/spi-builder-workspace/.dependencies/checkouts/swift-openapi-generator
    builtin-copy -exclude .DS_Store -exclude CVS -exclude .svn -exclude .git -exclude .hg -resolve-src-symlinks -rename /Users/admin/builder/spi-builder-workspace/.derivedData/Build/Intermediates.noindex/swift-openapi-generator.build/Debug/swift-openapi-generator.build/Objects-normal/arm64/swift_openapi_generator.abi.json /Users/admin/builder/spi-builder-workspace/.derivedData/Build/Products/Debug/swift_openapi_generator.swiftmodule/arm64-apple-macos.abi.json
Copy /Users/admin/builder/spi-builder-workspace/.derivedData/Build/Products/Debug/swift_openapi_generator.swiftmodule/Project/arm64-apple-macos.swiftsourceinfo /Users/admin/builder/spi-builder-workspace/.derivedData/Build/Intermediates.noindex/swift-openapi-generator.build/Debug/swift-openapi-generator.build/Objects-normal/arm64/swift_openapi_generator.swiftsourceinfo (in target 'swift-openapi-generator' from project 'swift-openapi-generator')
    cd /Users/admin/builder/spi-builder-workspace/.dependencies/checkouts/swift-openapi-generator
    builtin-copy -exclude .DS_Store -exclude CVS -exclude .svn -exclude .git -exclude .hg -resolve-src-symlinks -rename /Users/admin/builder/spi-builder-workspace/.derivedData/Build/Intermediates.noindex/swift-openapi-generator.build/Debug/swift-openapi-generator.build/Objects-normal/arm64/swift_openapi_generator.swiftsourceinfo /Users/admin/builder/spi-builder-workspace/.derivedData/Build/Products/Debug/swift_openapi_generator.swiftmodule/Project/arm64-apple-macos.swiftsourceinfo
SwiftDriver\ Compilation\ Requirements Tokenizers normal arm64 com.apple.xcode.tools.swift.compiler (in target 'Tokenizers' from project 'swift-transformers')
    cd /Users/admin/builder/spi-builder-workspace/.swiftpm/xcode
    builtin-Swift-Compilation-Requirements -- /Applications/Xcode-16.3.0.app/Contents/Developer/Toolchains/XcodeDefault.xctoolchain/usr/bin/swiftc -module-name Tokenizers -Onone -enforce-exclusivity\=checked @/Users/admin/builder/spi-builder-workspace/.derivedData/Build/Intermediates.noindex/swift-transformers.build/Debug/Tokenizers.build/Objects-normal/arm64/Tokenizers.SwiftFileList -DSWIFT_PACKAGE -DDEBUG -DXcode -plugin-path /Applications/Xcode-16.3.0.app/Contents/Developer/Toolchains/XcodeDefault.xctoolchain/usr/lib/swift/host/plugins/testing -enable-experimental-feature DebugDescriptionMacro -sdk /Applications/Xcode-16.3.0.app/Contents/Developer/Platforms/MacOSX.platform/Developer/SDKs/MacOSX15.4.sdk -target arm64-apple-macos13.0 -g -module-cache-path /Users/admin/builder/spi-builder-workspace/.derivedData/ModuleCache.noindex -Xfrontend -serialize-debugging-options -profile-coverage-mapping -profile-generate -enable-testing -suppress-warnings -index-store-path /Users/admin/builder/spi-builder-workspace/.derivedData/Index.noindex/DataStore -swift-version 5 -I /Users/admin/builder/spi-builder-workspace/.derivedData/Build/Products/Debug -I /Applications/Xcode-16.3.0.app/Contents/Developer/Platforms/MacOSX.platform/Developer/usr/lib -F /Users/admin/builder/spi-builder-workspace/.derivedData/Build/Products/Debug/PackageFrameworks -F /Users/admin/builder/spi-builder-workspace/.derivedData/Build/Products/Debug/PackageFrameworks -F /Users/admin/builder/spi-builder-workspace/.derivedData/Build/Products/Debug/PackageFrameworks -F /Users/admin/builder/spi-builder-workspace/.derivedData/Build/Products/Debug/PackageFrameworks -F /Users/admin/builder/spi-builder-workspace/.derivedData/Build/Products/Debug -F /Applications/Xcode-16.3.0.app/Contents/Developer/Platforms/MacOSX.platform/Developer/Library/Frameworks -c -j10 -enable-batch-mode -incremental -Xcc -ivfsstatcache -Xcc /Users/admin/builder/spi-builder-workspace/.derivedData/SDKStatCaches.noindex/macosx15.4-24E241-8287b8f5db97e746a1562fbca0c9d29b.sdkstatcache -output-file-map /Users/admin/builder/spi-builder-workspace/.derivedData/Build/Intermediates.noindex/swift-transformers.build/Debug/Tokenizers.build/Objects-normal/arm64/Tokenizers-OutputFileMap.json -use-frontend-parseable-output -save-temps -no-color-diagnostics -serialize-diagnostics -emit-dependencies -emit-module -emit-module-path /Users/admin/builder/spi-builder-workspace/.derivedData/Build/Intermediates.noindex/swift-transformers.build/Debug/Tokenizers.build/Objects-normal/arm64/Tokenizers.swiftmodule -validate-clang-modules-once -clang-build-session-file /Users/admin/builder/spi-builder-workspace/.derivedData/ModuleCache.noindex/Session.modulevalidation -package-name swift_transformers -Xcc -I/Users/admin/builder/spi-builder-workspace/.derivedData/Build/Intermediates.noindex/swift-transformers.build/Debug/Tokenizers.build/swift-overrides.hmap -emit-const-values -Xfrontend -const-gather-protocols-file -Xfrontend /Users/admin/builder/spi-builder-workspace/.derivedData/Build/Intermediates.noindex/swift-transformers.build/Debug/Tokenizers.build/Objects-normal/arm64/Tokenizers_const_extract_protocols.json -Xcc -I/Users/admin/builder/spi-builder-workspace/.derivedData/Build/Products/Debug/include -Xcc -I/Users/admin/builder/spi-builder-workspace/.derivedData/Build/Intermediates.noindex/swift-transformers.build/Debug/Tokenizers.build/DerivedSources-normal/arm64 -Xcc -I/Users/admin/builder/spi-builder-workspace/.derivedData/Build/Intermediates.noindex/swift-transformers.build/Debug/Tokenizers.build/DerivedSources/arm64 -Xcc -I/Users/admin/builder/spi-builder-workspace/.derivedData/Build/Intermediates.noindex/swift-transformers.build/Debug/Tokenizers.build/DerivedSources -Xcc -DSWIFT_PACKAGE -Xcc -DDEBUG\=1 -emit-objc-header -emit-objc-header-path /Users/admin/builder/spi-builder-workspace/.derivedData/Build/Intermediates.noindex/swift-transformers.build/Debug/Tokenizers.build/Objects-normal/arm64/Tokenizers-Swift.h -working-directory /Users/admin/builder/spi-builder-workspace/.swiftpm/xcode -experimental-emit-module-separately -disable-cmo
SwiftCompile normal arm64 Compiling\ UnigramTokenizer.swift /Users/admin/builder/spi-builder-workspace/.dependencies/checkouts/swift-transformers/Sources/Tokenizers/UnigramTokenizer.swift (in target 'Tokenizers' from project 'swift-transformers')
SwiftCompile normal arm64 /Users/admin/builder/spi-builder-workspace/.dependencies/checkouts/swift-transformers/Sources/Tokenizers/UnigramTokenizer.swift (in target 'Tokenizers' from project 'swift-transformers')
    cd /Users/admin/builder/spi-builder-workspace/.swiftpm/xcode

SwiftMergeGeneratedHeaders /Users/admin/builder/spi-builder-workspace/.derivedData/Build/Intermediates.noindex/GeneratedModuleMaps/Tokenizers-Swift.h /Users/admin/builder/spi-builder-workspace/.derivedData/Build/Intermediates.noindex/swift-transformers.build/Debug/Tokenizers.build/Objects-normal/arm64/Tokenizers-Swift.h (in target 'Tokenizers' from project 'swift-transformers')
    cd /Users/admin/builder/spi-builder-workspace/.dependencies/checkouts/swift-transformers
    builtin-swiftHeaderTool -arch arm64 /Users/admin/builder/spi-builder-workspace/.derivedData/Build/Intermediates.noindex/swift-transformers.build/Debug/Tokenizers.build/Objects-normal/arm64/Tokenizers-Swift.h -o /Users/admin/builder/spi-builder-workspace/.derivedData/Build/Intermediates.noindex/GeneratedModuleMaps/Tokenizers-Swift.h
SwiftDriverJobDiscovery normal arm64 Compiling FilterCommand.swift (in target 'swift-openapi-generator' from project 'swift-openapi-generator')
Copy /Users/admin/builder/spi-builder-workspace/.derivedData/Build/Products/Debug/Tokenizers.swiftmodule/arm64-apple-macos.swiftmodule /Users/admin/builder/spi-builder-workspace/.derivedData/Build/Intermediates.noindex/swift-transformers.build/Debug/Tokenizers.build/Objects-normal/arm64/Tokenizers.swiftmodule (in target 'Tokenizers' from project 'swift-transformers')
    cd /Users/admin/builder/spi-builder-workspace/.dependencies/checkouts/swift-transformers
    builtin-copy -exclude .DS_Store -exclude CVS -exclude .svn -exclude .git -exclude .hg -resolve-src-symlinks -rename /Users/admin/builder/spi-builder-workspace/.derivedData/Build/Intermediates.noindex/swift-transformers.build/Debug/Tokenizers.build/Objects-normal/arm64/Tokenizers.swiftmodule /Users/admin/builder/spi-builder-workspace/.derivedData/Build/Products/Debug/Tokenizers.swiftmodule/arm64-apple-macos.swiftmodule
Copy /Users/admin/builder/spi-builder-workspace/.derivedData/Build/Products/Debug/Tokenizers.swiftmodule/arm64-apple-macos.swiftdoc /Users/admin/builder/spi-builder-workspace/.derivedData/Build/Intermediates.noindex/swift-transformers.build/Debug/Tokenizers.build/Objects-normal/arm64/Tokenizers.swiftdoc (in target 'Tokenizers' from project 'swift-transformers')
    cd /Users/admin/builder/spi-builder-workspace/.dependencies/checkouts/swift-transformers
    builtin-copy -exclude .DS_Store -exclude CVS -exclude .svn -exclude .git -exclude .hg -resolve-src-symlinks -rename /Users/admin/builder/spi-builder-workspace/.derivedData/Build/Intermediates.noindex/swift-transformers.build/Debug/Tokenizers.build/Objects-normal/arm64/Tokenizers.swiftdoc /Users/admin/builder/spi-builder-workspace/.derivedData/Build/Products/Debug/Tokenizers.swiftmodule/arm64-apple-macos.swiftdoc
Copy /Users/admin/builder/spi-builder-workspace/.derivedData/Build/Products/Debug/Tokenizers.swiftmodule/arm64-apple-macos.abi.json /Users/admin/builder/spi-builder-workspace/.derivedData/Build/Intermediates.noindex/swift-transformers.build/Debug/Tokenizers.build/Objects-normal/arm64/Tokenizers.abi.json (in target 'Tokenizers' from project 'swift-transformers')
    cd /Users/admin/builder/spi-builder-workspace/.dependencies/checkouts/swift-transformers
    builtin-copy -exclude .DS_Store -exclude CVS -exclude .svn -exclude .git -exclude .hg -resolve-src-symlinks -rename /Users/admin/builder/spi-builder-workspace/.derivedData/Build/Intermediates.noindex/swift-transformers.build/Debug/Tokenizers.build/Objects-normal/arm64/Tokenizers.abi.json /Users/admin/builder/spi-builder-workspace/.derivedData/Build/Products/Debug/Tokenizers.swiftmodule/arm64-apple-macos.abi.json
Copy /Users/admin/builder/spi-builder-workspace/.derivedData/Build/Products/Debug/Tokenizers.swiftmodule/Project/arm64-apple-macos.swiftsourceinfo /Users/admin/builder/spi-builder-workspace/.derivedData/Build/Intermediates.noindex/swift-transformers.build/Debug/Tokenizers.build/Objects-normal/arm64/Tokenizers.swiftsourceinfo (in target 'Tokenizers' from project 'swift-transformers')
    cd /Users/admin/builder/spi-builder-workspace/.dependencies/checkouts/swift-transformers
    builtin-copy -exclude .DS_Store -exclude CVS -exclude .svn -exclude .git -exclude .hg -resolve-src-symlinks -rename /Users/admin/builder/spi-builder-workspace/.derivedData/Build/Intermediates.noindex/swift-transformers.build/Debug/Tokenizers.build/Objects-normal/arm64/Tokenizers.swiftsourceinfo /Users/admin/builder/spi-builder-workspace/.derivedData/Build/Products/Debug/Tokenizers.swiftmodule/Project/arm64-apple-macos.swiftsourceinfo
SwiftCompile normal arm64 Compiling\ Normalizer.swift,\ PostProcessor.swift /Users/admin/builder/spi-builder-workspace/.dependencies/checkouts/swift-transformers/Sources/Tokenizers/Normalizer.swift /Users/admin/builder/spi-builder-workspace/.dependencies/checkouts/swift-transformers/Sources/Tokenizers/PostProcessor.swift (in target 'Tokenizers' from project 'swift-transformers')
SwiftCompile normal arm64 /Users/admin/builder/spi-builder-workspace/.dependencies/checkouts/swift-transformers/Sources/Tokenizers/Normalizer.swift (in target 'Tokenizers' from project 'swift-transformers')
    cd /Users/admin/builder/spi-builder-workspace/.swiftpm/xcode

SwiftCompile normal arm64 /Users/admin/builder/spi-builder-workspace/.dependencies/checkouts/swift-transformers/Sources/Tokenizers/PostProcessor.swift (in target 'Tokenizers' from project 'swift-transformers')
    cd /Users/admin/builder/spi-builder-workspace/.swiftpm/xcode

SwiftCompile normal arm64 Compiling\ ByteEncoder.swift,\ Decoder.swift /Users/admin/builder/spi-builder-workspace/.dependencies/checkouts/swift-transformers/Sources/Tokenizers/ByteEncoder.swift /Users/admin/builder/spi-builder-workspace/.dependencies/checkouts/swift-transformers/Sources/Tokenizers/Decoder.swift (in target 'Tokenizers' from project 'swift-transformers')
SwiftCompile normal arm64 /Users/admin/builder/spi-builder-workspace/.dependencies/checkouts/swift-transformers/Sources/Tokenizers/ByteEncoder.swift (in target 'Tokenizers' from project 'swift-transformers')
    cd /Users/admin/builder/spi-builder-workspace/.swiftpm/xcode

SwiftCompile normal arm64 /Users/admin/builder/spi-builder-workspace/.dependencies/checkouts/swift-transformers/Sources/Tokenizers/Decoder.swift (in target 'Tokenizers' from project 'swift-transformers')
    cd /Users/admin/builder/spi-builder-workspace/.swiftpm/xcode

SwiftDriverJobDiscovery normal arm64 Compiling GenerateCommand.swift (in target 'swift-openapi-generator' from project 'swift-openapi-generator')
SwiftCompile normal arm64 Compiling\ Trie.swift /Users/admin/builder/spi-builder-workspace/.dependencies/checkouts/swift-transformers/Sources/Tokenizers/Trie.swift (in target 'Tokenizers' from project 'swift-transformers')
SwiftCompile normal arm64 /Users/admin/builder/spi-builder-workspace/.dependencies/checkouts/swift-transformers/Sources/Tokenizers/Trie.swift (in target 'Tokenizers' from project 'swift-transformers')
    cd /Users/admin/builder/spi-builder-workspace/.swiftpm/xcode

SwiftDriverJobDiscovery normal arm64 Compiling GenerateOptions+runGenerator.swift (in target 'swift-openapi-generator' from project 'swift-openapi-generator')
SwiftCompile normal arm64 Compiling\ BPETokenizer.swift,\ BertTokenizer.swift /Users/admin/builder/spi-builder-workspace/.dependencies/checkouts/swift-transformers/Sources/Tokenizers/BPETokenizer.swift /Users/admin/builder/spi-builder-workspace/.dependencies/checkouts/swift-transformers/Sources/Tokenizers/BertTokenizer.swift (in target 'Tokenizers' from project 'swift-transformers')
SwiftCompile normal arm64 /Users/admin/builder/spi-builder-workspace/.dependencies/checkouts/swift-transformers/Sources/Tokenizers/BPETokenizer.swift (in target 'Tokenizers' from project 'swift-transformers')
    cd /Users/admin/builder/spi-builder-workspace/.swiftpm/xcode

SwiftCompile normal arm64 /Users/admin/builder/spi-builder-workspace/.dependencies/checkouts/swift-transformers/Sources/Tokenizers/BertTokenizer.swift (in target 'Tokenizers' from project 'swift-transformers')
    cd /Users/admin/builder/spi-builder-workspace/.swiftpm/xcode

SwiftDriverJobDiscovery normal arm64 Compiling Tool.swift (in target 'swift-openapi-generator' from project 'swift-openapi-generator')
SwiftCompile normal arm64 Compiling\ String+PreTokenization.swift /Users/admin/builder/spi-builder-workspace/.dependencies/checkouts/swift-transformers/Sources/Tokenizers/String+PreTokenization.swift (in target 'Tokenizers' from project 'swift-transformers')
SwiftCompile normal arm64 /Users/admin/builder/spi-builder-workspace/.dependencies/checkouts/swift-transformers/Sources/Tokenizers/String+PreTokenization.swift (in target 'Tokenizers' from project 'swift-transformers')
    cd /Users/admin/builder/spi-builder-workspace/.swiftpm/xcode

SwiftDriverJobDiscovery normal arm64 Compiling UserConfig.swift (in target 'swift-openapi-generator' from project 'swift-openapi-generator')
SwiftCompile normal arm64 Compiling\ PreTokenizer.swift /Users/admin/builder/spi-builder-workspace/.dependencies/checkouts/swift-transformers/Sources/Tokenizers/PreTokenizer.swift (in target 'Tokenizers' from project 'swift-transformers')
SwiftCompile normal arm64 /Users/admin/builder/spi-builder-workspace/.dependencies/checkouts/swift-transformers/Sources/Tokenizers/PreTokenizer.swift (in target 'Tokenizers' from project 'swift-transformers')
    cd /Users/admin/builder/spi-builder-workspace/.swiftpm/xcode

SwiftDriverJobDiscovery normal arm64 Compiling TokenLattice.swift (in target 'Tokenizers' from project 'swift-transformers')
SwiftCompile normal arm64 Compiling\ Utils.swift /Users/admin/builder/spi-builder-workspace/.dependencies/checkouts/swift-transformers/Sources/Tokenizers/Utils.swift (in target 'Tokenizers' from project 'swift-transformers')
SwiftCompile normal arm64 /Users/admin/builder/spi-builder-workspace/.dependencies/checkouts/swift-transformers/Sources/Tokenizers/Utils.swift (in target 'Tokenizers' from project 'swift-transformers')
    cd /Users/admin/builder/spi-builder-workspace/.swiftpm/xcode

SwiftDriverJobDiscovery normal arm64 Compiling BufferedStream.swift (in target 'OpenAPIURLSession' from project 'swift-openapi-urlsession')
SwiftDriver\ Compilation OpenAPIURLSession normal arm64 com.apple.xcode.tools.swift.compiler (in target 'OpenAPIURLSession' from project 'swift-openapi-urlsession')
    cd /Users/admin/builder/spi-builder-workspace/.swiftpm/xcode
    builtin-Swift-Compilation -- /Applications/Xcode-16.3.0.app/Contents/Developer/Toolchains/XcodeDefault.xctoolchain/usr/bin/swiftc -module-name OpenAPIURLSession -Onone -enforce-exclusivity\=checked @/Users/admin/builder/spi-builder-workspace/.derivedData/Build/Intermediates.noindex/swift-openapi-urlsession.build/Debug/OpenAPIURLSession.build/Objects-normal/arm64/OpenAPIURLSession.SwiftFileList -DSWIFT_PACKAGE -DDEBUG -DXcode -enable-upcoming-feature ExistentialAny -enable-upcoming-feature MemberImportVisibility -plugin-path /Applications/Xcode-16.3.0.app/Contents/Developer/Toolchains/XcodeDefault.xctoolchain/usr/lib/swift/host/plugins/testing -enable-experimental-feature DebugDescriptionMacro -sdk /Applications/Xcode-16.3.0.app/Contents/Developer/Platforms/MacOSX.platform/Developer/SDKs/MacOSX15.4.sdk -target arm64-apple-macos10.15 -g -module-cache-path /Users/admin/builder/spi-builder-workspace/.derivedData/ModuleCache.noindex -Xfrontend -serialize-debugging-options -profile-coverage-mapping -profile-generate -enable-testing -suppress-warnings -index-store-path /Users/admin/builder/spi-builder-workspace/.derivedData/Index.noindex/DataStore -swift-version 6 -I /Users/admin/builder/spi-builder-workspace/.derivedData/Build/Products/Debug -I /Applications/Xcode-16.3.0.app/Contents/Developer/Platforms/MacOSX.platform/Developer/usr/lib -F /Users/admin/builder/spi-builder-workspace/.derivedData/Build/Products/Debug/PackageFrameworks -F /Users/admin/builder/spi-builder-workspace/.derivedData/Build/Products/Debug/PackageFrameworks -F /Users/admin/builder/spi-builder-workspace/.derivedData/Build/Products/Debug/PackageFrameworks -F /Users/admin/builder/spi-builder-workspace/.derivedData/Build/Products/Debug/PackageFrameworks -F /Users/admin/builder/spi-builder-workspace/.derivedData/Build/Products/Debug/PackageFrameworks -F /Users/admin/builder/spi-builder-workspace/.derivedData/Build/Products/Debug -F /Applications/Xcode-16.3.0.app/Contents/Developer/Platforms/MacOSX.platform/Developer/Library/Frameworks -c -j10 -enable-batch-mode -incremental -Xcc -ivfsstatcache -Xcc /Users/admin/builder/spi-builder-workspace/.derivedData/SDKStatCaches.noindex/macosx15.4-24E241-8287b8f5db97e746a1562fbca0c9d29b.sdkstatcache -output-file-map /Users/admin/builder/spi-builder-workspace/.derivedData/Build/Intermediates.noindex/swift-openapi-urlsession.build/Debug/OpenAPIURLSession.build/Objects-normal/arm64/OpenAPIURLSession-OutputFileMap.json -use-frontend-parseable-output -save-temps -no-color-diagnostics -serialize-diagnostics -emit-dependencies -emit-module -emit-module-path /Users/admin/builder/spi-builder-workspace/.derivedData/Build/Intermediates.noindex/swift-openapi-urlsession.build/Debug/OpenAPIURLSession.build/Objects-normal/arm64/OpenAPIURLSession.swiftmodule -user-module-version 1.3.1 -validate-clang-modules-once -clang-build-session-file /Users/admin/builder/spi-builder-workspace/.derivedData/ModuleCache.noindex/Session.modulevalidation -package-name swift_openapi_urlsession -Xcc -I/Users/admin/builder/spi-builder-workspace/.derivedData/Build/Intermediates.noindex/swift-openapi-urlsession.build/Debug/OpenAPIURLSession.build/swift-overrides.hmap -emit-const-values -Xfrontend -const-gather-protocols-file -Xfrontend /Users/admin/builder/spi-builder-workspace/.derivedData/Build/Intermediates.noindex/swift-openapi-urlsession.build/Debug/OpenAPIURLSession.build/Objects-normal/arm64/OpenAPIURLSession_const_extract_protocols.json -Xcc -I/Users/admin/builder/spi-builder-workspace/.derivedData/Build/Products/Debug/include -Xcc -I/Users/admin/builder/spi-builder-workspace/.derivedData/Build/Intermediates.noindex/swift-openapi-urlsession.build/Debug/OpenAPIURLSession.build/DerivedSources-normal/arm64 -Xcc -I/Users/admin/builder/spi-builder-workspace/.derivedData/Build/Intermediates.noindex/swift-openapi-urlsession.build/Debug/OpenAPIURLSession.build/DerivedSources/arm64 -Xcc -I/Users/admin/builder/spi-builder-workspace/.derivedData/Build/Intermediates.noindex/swift-openapi-urlsession.build/Debug/OpenAPIURLSession.build/DerivedSources -Xcc -DSWIFT_PACKAGE -Xcc -DDEBUG\=1 -emit-objc-header -emit-objc-header-path /Users/admin/builder/spi-builder-workspace/.derivedData/Build/Intermediates.noindex/swift-openapi-urlsession.build/Debug/OpenAPIURLSession.build/Objects-normal/arm64/OpenAPIURLSession-Swift.h -working-directory /Users/admin/builder/spi-builder-workspace/.swiftpm/xcode -experimental-emit-module-separately -disable-cmo
SwiftDriverJobDiscovery normal arm64 Compiling UnigramTokenizer.swift (in target 'Tokenizers' from project 'swift-transformers')
SwiftCompile normal arm64 Compiling\ Random.swift /Users/admin/builder/spi-builder-workspace/.dependencies/checkouts/mlx-swift/Source/MLXRandom/Random.swift (in target 'MLXRandom' from project 'mlx-swift')
SwiftCompile normal arm64 /Users/admin/builder/spi-builder-workspace/.dependencies/checkouts/mlx-swift/Source/MLXRandom/Random.swift (in target 'MLXRandom' from project 'mlx-swift')
    cd /Users/admin/builder/spi-builder-workspace/.swiftpm/xcode

SwiftCompile normal arm64 Compiling\ Linalg.swift /Users/admin/builder/spi-builder-workspace/.dependencies/checkouts/mlx-swift/Source/MLXLinalg/Linalg.swift (in target 'MLXLinalg' from project 'mlx-swift')
SwiftCompile normal arm64 /Users/admin/builder/spi-builder-workspace/.dependencies/checkouts/mlx-swift/Source/MLXLinalg/Linalg.swift (in target 'MLXLinalg' from project 'mlx-swift')
    cd /Users/admin/builder/spi-builder-workspace/.swiftpm/xcode

SwiftDriverJobDiscovery normal arm64 Compiling GenerateOptions.swift (in target 'swift-openapi-generator' from project 'swift-openapi-generator')
SwiftDriver\ Compilation swift-openapi-generator normal arm64 com.apple.xcode.tools.swift.compiler (in target 'swift-openapi-generator' from project 'swift-openapi-generator')
    cd /Users/admin/builder/spi-builder-workspace/.swiftpm/xcode
    builtin-Swift-Compilation -- /Applications/Xcode-16.3.0.app/Contents/Developer/Toolchains/XcodeDefault.xctoolchain/usr/bin/swiftc -module-name swift_openapi_generator -Onone -enforce-exclusivity\=checked @/Users/admin/builder/spi-builder-workspace/.derivedData/Build/Intermediates.noindex/swift-openapi-generator.build/Debug/swift-openapi-generator.build/Objects-normal/arm64/swift-openapi-generator.SwiftFileList -DSWIFT_PACKAGE -DDEBUG -DXcode -enable-upcoming-feature MemberImportVisibility -enable-upcoming-feature ExistentialAny -enable-upcoming-feature InternalImportsByDefault -plugin-path /Applications/Xcode-16.3.0.app/Contents/Developer/Toolchains/XcodeDefault.xctoolchain/usr/lib/swift/host/plugins/testing -enable-experimental-feature DebugDescriptionMacro -sdk /Applications/Xcode-16.3.0.app/Contents/Developer/Platforms/MacOSX.platform/Developer/SDKs/MacOSX15.4.sdk -target arm64-apple-macos10.15 -g -module-cache-path /Users/admin/builder/spi-builder-workspace/.derivedData/ModuleCache.noindex -Xfrontend -serialize-debugging-options -profile-coverage-mapping -profile-generate -enable-testing -suppress-warnings -index-store-path /Users/admin/builder/spi-builder-workspace/.derivedData/Index.noindex/DataStore -swift-version 6 -I /Users/admin/builder/spi-builder-workspace/.derivedData/Build/Products/Debug -I /Applications/Xcode-16.3.0.app/Contents/Developer/Platforms/MacOSX.platform/Developer/usr/lib -F /Users/admin/builder/spi-builder-workspace/.derivedData/Build/Products/Debug/PackageFrameworks -F /Users/admin/builder/spi-builder-workspace/.derivedData/Build/Products/Debug/PackageFrameworks -F /Users/admin/builder/spi-builder-workspace/.derivedData/Build/Products/Debug/PackageFrameworks -F /Users/admin/builder/spi-builder-workspace/.derivedData/Build/Products/Debug/PackageFrameworks -F /Users/admin/builder/spi-builder-workspace/.derivedData/Build/Products/Debug/PackageFrameworks -F /Users/admin/builder/spi-builder-workspace/.derivedData/Build/Products/Debug/PackageFrameworks -F /Users/admin/builder/spi-builder-workspace/.derivedData/Build/Products/Debug/PackageFrameworks -F /Users/admin/builder/spi-builder-workspace/.derivedData/Build/Products/Debug/PackageFrameworks -F /Users/admin/builder/spi-builder-workspace/.derivedData/Build/Products/Debug/PackageFrameworks -F /Users/admin/builder/spi-builder-workspace/.derivedData/Build/Products/Debug/PackageFrameworks -F /Users/admin/builder/spi-builder-workspace/.derivedData/Build/Products/Debug/PackageFrameworks -F /Users/admin/builder/spi-builder-workspace/.derivedData/Build/Products/Debug/PackageFrameworks -F /Users/admin/builder/spi-builder-workspace/.derivedData/Build/Products/Debug -F /Applications/Xcode-16.3.0.app/Contents/Developer/Platforms/MacOSX.platform/Developer/Library/Frameworks -c -j10 -enable-batch-mode -incremental -Xcc -ivfsstatcache -Xcc /Users/admin/builder/spi-builder-workspace/.derivedData/SDKStatCaches.noindex/macosx15.4-24E241-8287b8f5db97e746a1562fbca0c9d29b.sdkstatcache -output-file-map /Users/admin/builder/spi-builder-workspace/.derivedData/Build/Intermediates.noindex/swift-openapi-generator.build/Debug/swift-openapi-generator.build/Objects-normal/arm64/swift-openapi-generator-OutputFileMap.json -use-frontend-parseable-output -save-temps -no-color-diagnostics -serialize-diagnostics -emit-dependencies -emit-module -emit-module-path /Users/admin/builder/spi-builder-workspace/.derivedData/Build/Intermediates.noindex/swift-openapi-generator.build/Debug/swift-openapi-generator.build/Objects-normal/arm64/swift_openapi_generator.swiftmodule -user-module-version 1.13.1 -validate-clang-modules-once -clang-build-session-file /Users/admin/builder/spi-builder-workspace/.derivedData/ModuleCache.noindex/Session.modulevalidation -package-name swift_openapi_generator -emit-const-values -Xfrontend -const-gather-protocols-file -Xfrontend /Users/admin/builder/spi-builder-workspace/.derivedData/Build/Intermediates.noindex/swift-openapi-generator.build/Debug/swift-openapi-generator.build/Objects-normal/arm64/swift-openapi-generator_const_extract_protocols.json -Xcc -I/Users/admin/builder/spi-builder-workspace/.dependencies/checkouts/swift-numerics/Sources/_NumericsShims/include -Xcc -I/Users/admin/builder/spi-builder-workspace/.dependencies/checkouts/Yams/Sources/CYaml/include -Xcc -I/Users/admin/builder/spi-builder-workspace/.derivedData/Build/Products/Debug/include -Xcc -I/Users/admin/builder/spi-builder-workspace/.derivedData/Build/Intermediates.noindex/swift-openapi-generator.build/Debug/swift-openapi-generator.build/DerivedSources-normal/arm64 -Xcc -I/Users/admin/builder/spi-builder-workspace/.derivedData/Build/Intermediates.noindex/swift-openapi-generator.build/Debug/swift-openapi-generator.build/DerivedSources/arm64 -Xcc -I/Users/admin/builder/spi-builder-workspace/.derivedData/Build/Intermediates.noindex/swift-openapi-generator.build/Debug/swift-openapi-generator.build/DerivedSources -Xcc -DSWIFT_PACKAGE -Xcc -DDEBUG\=1 -working-directory /Users/admin/builder/spi-builder-workspace/.swiftpm/xcode -experimental-emit-module-separately -disable-cmo
SwiftDriverJobDiscovery normal arm64 Compiling Trie.swift (in target 'Tokenizers' from project 'swift-transformers')
SwiftCompile normal arm64 Compiling\ MLXFast.swift /Users/admin/builder/spi-builder-workspace/.dependencies/checkouts/mlx-swift/Source/MLXFast/MLXFast.swift (in target 'MLXFast' from project 'mlx-swift')
SwiftCompile normal arm64 /Users/admin/builder/spi-builder-workspace/.dependencies/checkouts/mlx-swift/Source/MLXFast/MLXFast.swift (in target 'MLXFast' from project 'mlx-swift')
    cd /Users/admin/builder/spi-builder-workspace/.swiftpm/xcode

SwiftCompile normal arm64 Compiling\ MLXFastKernel.swift /Users/admin/builder/spi-builder-workspace/.dependencies/checkouts/mlx-swift/Source/MLXFast/MLXFastKernel.swift (in target 'MLXFast' from project 'mlx-swift')
SwiftCompile normal arm64 /Users/admin/builder/spi-builder-workspace/.dependencies/checkouts/mlx-swift/Source/MLXFast/MLXFastKernel.swift (in target 'MLXFast' from project 'mlx-swift')
    cd /Users/admin/builder/spi-builder-workspace/.swiftpm/xcode

SwiftDriverJobDiscovery normal arm64 Compiling Linalg.swift (in target 'MLXLinalg' from project 'mlx-swift')
SwiftDriver\ Compilation MLX normal arm64 com.apple.xcode.tools.swift.compiler (in target 'MLX' from project 'mlx-swift')
    cd /Users/admin/builder/spi-builder-workspace/.swiftpm/xcode
    builtin-Swift-Compilation -- /Applications/Xcode-16.3.0.app/Contents/Developer/Toolchains/XcodeDefault.xctoolchain/usr/bin/swiftc -module-name MLX -Onone -enforce-exclusivity\=checked @/Users/admin/builder/spi-builder-workspace/.derivedData/Build/Intermediates.noindex/mlx-swift.build/Debug/MLX.build/Objects-normal/arm64/MLX.SwiftFileList -DSWIFT_PACKAGE -DDEBUG -DXcode -enable-experimental-feature StrictConcurrency -plugin-path /Applications/Xcode-16.3.0.app/Contents/Developer/Toolchains/XcodeDefault.xctoolchain/usr/lib/swift/host/plugins/testing -enable-experimental-feature DebugDescriptionMacro -sdk /Applications/Xcode-16.3.0.app/Contents/Developer/Platforms/MacOSX.platform/Developer/SDKs/MacOSX15.4.sdk -target arm64-apple-macos13.3 -g -module-cache-path /Users/admin/builder/spi-builder-workspace/.derivedData/ModuleCache.noindex -Xfrontend -serialize-debugging-options -profile-coverage-mapping -profile-generate -enable-testing -suppress-warnings -index-store-path /Users/admin/builder/spi-builder-workspace/.derivedData/Index.noindex/DataStore -swift-version 5 -I /Users/admin/builder/spi-builder-workspace/.derivedData/Build/Products/Debug -I /Applications/Xcode-16.3.0.app/Contents/Developer/Platforms/MacOSX.platform/Developer/usr/lib -F /Users/admin/builder/spi-builder-workspace/.derivedData/Build/Products/Debug/PackageFrameworks -F /Users/admin/builder/spi-builder-workspace/.derivedData/Build/Products/Debug/PackageFrameworks -F /Users/admin/builder/spi-builder-workspace/.derivedData/Build/Products/Debug/PackageFrameworks -F /Users/admin/builder/spi-builder-workspace/.derivedData/Build/Products/Debug/PackageFrameworks -F /Users/admin/builder/spi-builder-workspace/.derivedData/Build/Products/Debug/PackageFrameworks -F /Users/admin/builder/spi-builder-workspace/.derivedData/Build/Products/Debug -F /Applications/Xcode-16.3.0.app/Contents/Developer/Platforms/MacOSX.platform/Developer/Library/Frameworks -c -j10 -enable-batch-mode -incremental -Xcc -ivfsstatcache -Xcc /Users/admin/builder/spi-builder-workspace/.derivedData/SDKStatCaches.noindex/macosx15.4-24E241-8287b8f5db97e746a1562fbca0c9d29b.sdkstatcache -output-file-map /Users/admin/builder/spi-builder-workspace/.derivedData/Build/Intermediates.noindex/mlx-swift.build/Debug/MLX.build/Objects-normal/arm64/MLX-OutputFileMap.json -use-frontend-parseable-output -save-temps -no-color-diagnostics -serialize-diagnostics -emit-dependencies -emit-module -emit-module-path /Users/admin/builder/spi-builder-workspace/.derivedData/Build/Intermediates.noindex/mlx-swift.build/Debug/MLX.build/Objects-normal/arm64/MLX.swiftmodule -validate-clang-modules-once -clang-build-session-file /Users/admin/builder/spi-builder-workspace/.derivedData/ModuleCache.noindex/Session.modulevalidation -package-name mlx_swift -Xcc -I/Users/admin/builder/spi-builder-workspace/.derivedData/Build/Intermediates.noindex/mlx-swift.build/Debug/MLX.build/swift-overrides.hmap -emit-const-values -Xfrontend -const-gather-protocols-file -Xfrontend /Users/admin/builder/spi-builder-workspace/.derivedData/Build/Intermediates.noindex/mlx-swift.build/Debug/MLX.build/Objects-normal/arm64/MLX_const_extract_protocols.json -Xcc -I/Users/admin/builder/spi-builder-workspace/.dependencies/checkouts/swift-numerics/Sources/_NumericsShims/include -Xcc -I/Users/admin/builder/spi-builder-workspace/.dependencies/checkouts/mlx-swift/Source/Cmlx/include -Xcc -I/Users/admin/builder/spi-builder-workspace/.derivedData/Build/Products/Debug/include -Xcc -I/Users/admin/builder/spi-builder-workspace/.derivedData/Build/Intermediates.noindex/mlx-swift.build/Debug/MLX.build/DerivedSources-normal/arm64 -Xcc -I/Users/admin/builder/spi-builder-workspace/.derivedData/Build/Intermediates.noindex/mlx-swift.build/Debug/MLX.build/DerivedSources/arm64 -Xcc -I/Users/admin/builder/spi-builder-workspace/.derivedData/Build/Intermediates.noindex/mlx-swift.build/Debug/MLX.build/DerivedSources -Xcc -DSWIFT_PACKAGE -Xcc -DDEBUG\=1 -emit-objc-header -emit-objc-header-path /Users/admin/builder/spi-builder-workspace/.derivedData/Build/Intermediates.noindex/mlx-swift.build/Debug/MLX.build/Objects-normal/arm64/MLX-Swift.h -working-directory /Users/admin/builder/spi-builder-workspace/.swiftpm/xcode -experimental-emit-module-separately -disable-cmo
SwiftDriver\ Compilation Hub normal arm64 com.apple.xcode.tools.swift.compiler (in target 'Hub' from project 'swift-transformers')
    cd /Users/admin/builder/spi-builder-workspace/.swiftpm/xcode
    builtin-Swift-Compilation -- /Applications/Xcode-16.3.0.app/Contents/Developer/Toolchains/XcodeDefault.xctoolchain/usr/bin/swiftc -module-name Hub -Onone -enforce-exclusivity\=checked @/Users/admin/builder/spi-builder-workspace/.derivedData/Build/Intermediates.noindex/swift-transformers.build/Debug/Hub.build/Objects-normal/arm64/Hub.SwiftFileList -DSWIFT_PACKAGE -DDEBUG -DXcode -enable-experimental-feature StrictConcurrency -plugin-path /Applications/Xcode-16.3.0.app/Contents/Developer/Toolchains/XcodeDefault.xctoolchain/usr/lib/swift/host/plugins/testing -enable-experimental-feature DebugDescriptionMacro -sdk /Applications/Xcode-16.3.0.app/Contents/Developer/Platforms/MacOSX.platform/Developer/SDKs/MacOSX15.4.sdk -target arm64-apple-macos13.0 -g -module-cache-path /Users/admin/builder/spi-builder-workspace/.derivedData/ModuleCache.noindex -Xfrontend -serialize-debugging-options -profile-coverage-mapping -profile-generate -enable-testing -suppress-warnings -index-store-path /Users/admin/builder/spi-builder-workspace/.derivedData/Index.noindex/DataStore -swift-version 5 -I /Users/admin/builder/spi-builder-workspace/.derivedData/Build/Products/Debug -I /Applications/Xcode-16.3.0.app/Contents/Developer/Platforms/MacOSX.platform/Developer/usr/lib -F /Users/admin/builder/spi-builder-workspace/.derivedData/Build/Products/Debug/PackageFrameworks -F /Users/admin/builder/spi-builder-workspace/.derivedData/Build/Products/Debug/PackageFrameworks -F /Users/admin/builder/spi-builder-workspace/.derivedData/Build/Products/Debug/PackageFrameworks -F /Users/admin/builder/spi-builder-workspace/.derivedData/Build/Products/Debug -F /Applications/Xcode-16.3.0.app/Contents/Developer/Platforms/MacOSX.platform/Developer/Library/Frameworks -c -j10 -enable-batch-mode -incremental -Xcc -ivfsstatcache -Xcc /Users/admin/builder/spi-builder-workspace/.derivedData/SDKStatCaches.noindex/macosx15.4-24E241-8287b8f5db97e746a1562fbca0c9d29b.sdkstatcache -output-file-map /Users/admin/builder/spi-builder-workspace/.derivedData/Build/Intermediates.noindex/swift-transformers.build/Debug/Hub.build/Objects-normal/arm64/Hub-OutputFileMap.json -use-frontend-parseable-output -save-temps -no-color-diagnostics -serialize-diagnostics -emit-dependencies -emit-module -emit-module-path /Users/admin/builder/spi-builder-workspace/.derivedData/Build/Intermediates.noindex/swift-transformers.build/Debug/Hub.build/Objects-normal/arm64/Hub.swiftmodule -validate-clang-modules-once -clang-build-session-file /Users/admin/builder/spi-builder-workspace/.derivedData/ModuleCache.noindex/Session.modulevalidation -package-name swift_transformers -Xcc -I/Users/admin/builder/spi-builder-workspace/.derivedData/Build/Intermediates.noindex/swift-transformers.build/Debug/Hub.build/swift-overrides.hmap -emit-const-values -Xfrontend -const-gather-protocols-file -Xfrontend /Users/admin/builder/spi-builder-workspace/.derivedData/Build/Intermediates.noindex/swift-transformers.build/Debug/Hub.build/Objects-normal/arm64/Hub_const_extract_protocols.json -Xcc -I/Users/admin/builder/spi-builder-workspace/.derivedData/Build/Products/Debug/include -Xcc -I/Users/admin/builder/spi-builder-workspace/.derivedData/Build/Intermediates.noindex/swift-transformers.build/Debug/Hub.build/DerivedSources-normal/arm64 -Xcc -I/Users/admin/builder/spi-builder-workspace/.derivedData/Build/Intermediates.noindex/swift-transformers.build/Debug/Hub.build/DerivedSources/arm64 -Xcc -I/Users/admin/builder/spi-builder-workspace/.derivedData/Build/Intermediates.noindex/swift-transformers.build/Debug/Hub.build/DerivedSources -Xcc -DSWIFT_PACKAGE -Xcc -DDEBUG\=1 -emit-objc-header -emit-objc-header-path /Users/admin/builder/spi-builder-workspace/.derivedData/Build/Intermediates.noindex/swift-transformers.build/Debug/Hub.build/Objects-normal/arm64/Hub-Swift.h -working-directory /Users/admin/builder/spi-builder-workspace/.swiftpm/xcode -experimental-emit-module-separately -disable-cmo
SwiftDriver\ Compilation MLXLinalg normal arm64 com.apple.xcode.tools.swift.compiler (in target 'MLXLinalg' from project 'mlx-swift')
    cd /Users/admin/builder/spi-builder-workspace/.swiftpm/xcode
    builtin-Swift-Compilation -- /Applications/Xcode-16.3.0.app/Contents/Developer/Toolchains/XcodeDefault.xctoolchain/usr/bin/swiftc -module-name MLXLinalg -Onone -enforce-exclusivity\=checked @/Users/admin/builder/spi-builder-workspace/.derivedData/Build/Intermediates.noindex/mlx-swift.build/Debug/MLXLinalg.build/Objects-normal/arm64/MLXLinalg.SwiftFileList -DSWIFT_PACKAGE -DDEBUG -DXcode -enable-experimental-feature StrictConcurrency -plugin-path /Applications/Xcode-16.3.0.app/Contents/Developer/Toolchains/XcodeDefault.xctoolchain/usr/lib/swift/host/plugins/testing -enable-experimental-feature DebugDescriptionMacro -sdk /Applications/Xcode-16.3.0.app/Contents/Developer/Platforms/MacOSX.platform/Developer/SDKs/MacOSX15.4.sdk -target arm64-apple-macos13.3 -g -module-cache-path /Users/admin/builder/spi-builder-workspace/.derivedData/ModuleCache.noindex -Xfrontend -serialize-debugging-options -profile-coverage-mapping -profile-generate -enable-testing -suppress-warnings -index-store-path /Users/admin/builder/spi-builder-workspace/.derivedData/Index.noindex/DataStore -swift-version 5 -I /Users/admin/builder/spi-builder-workspace/.derivedData/Build/Products/Debug -I /Applications/Xcode-16.3.0.app/Contents/Developer/Platforms/MacOSX.platform/Developer/usr/lib -F /Users/admin/builder/spi-builder-workspace/.derivedData/Build/Products/Debug/PackageFrameworks -F /Users/admin/builder/spi-builder-workspace/.derivedData/Build/Products/Debug/PackageFrameworks -F /Users/admin/builder/spi-builder-workspace/.derivedData/Build/Products/Debug/PackageFrameworks -F /Users/admin/builder/spi-builder-workspace/.derivedData/Build/Products/Debug/PackageFrameworks -F /Users/admin/builder/spi-builder-workspace/.derivedData/Build/Products/Debug/PackageFrameworks -F /Users/admin/builder/spi-builder-workspace/.derivedData/Build/Products/Debug/PackageFrameworks -F /Users/admin/builder/spi-builder-workspace/.derivedData/Build/Products/Debug -F /Applications/Xcode-16.3.0.app/Contents/Developer/Platforms/MacOSX.platform/Developer/Library/Frameworks -parse-as-library -c -j10 -enable-batch-mode -incremental -Xcc -ivfsstatcache -Xcc /Users/admin/builder/spi-builder-workspace/.derivedData/SDKStatCaches.noindex/macosx15.4-24E241-8287b8f5db97e746a1562fbca0c9d29b.sdkstatcache -output-file-map /Users/admin/builder/spi-builder-workspace/.derivedData/Build/Intermediates.noindex/mlx-swift.build/Debug/MLXLinalg.build/Objects-normal/arm64/MLXLinalg-OutputFileMap.json -use-frontend-parseable-output -save-temps -no-color-diagnostics -serialize-diagnostics -emit-dependencies -emit-module -emit-module-path /Users/admin/builder/spi-builder-workspace/.derivedData/Build/Intermediates.noindex/mlx-swift.build/Debug/MLXLinalg.build/Objects-normal/arm64/MLXLinalg.swiftmodule -validate-clang-modules-once -clang-build-session-file /Users/admin/builder/spi-builder-workspace/.derivedData/ModuleCache.noindex/Session.modulevalidation -package-name mlx_swift -Xcc -I/Users/admin/builder/spi-builder-workspace/.derivedData/Build/Intermediates.noindex/mlx-swift.build/Debug/MLXLinalg.build/swift-overrides.hmap -emit-const-values -Xfrontend -const-gather-protocols-file -Xfrontend /Users/admin/builder/spi-builder-workspace/.derivedData/Build/Intermediates.noindex/mlx-swift.build/Debug/MLXLinalg.build/Objects-normal/arm64/MLXLinalg_const_extract_protocols.json -Xcc -I/Users/admin/builder/spi-builder-workspace/.dependencies/checkouts/swift-numerics/Sources/_NumericsShims/include -Xcc -I/Users/admin/builder/spi-builder-workspace/.dependencies/checkouts/mlx-swift/Source/Cmlx/include -Xcc -I/Users/admin/builder/spi-builder-workspace/.derivedData/Build/Products/Debug/include -Xcc -I/Users/admin/builder/spi-builder-workspace/.derivedData/Build/Intermediates.noindex/mlx-swift.build/Debug/MLXLinalg.build/DerivedSources-normal/arm64 -Xcc -I/Users/admin/builder/spi-builder-workspace/.derivedData/Build/Intermediates.noindex/mlx-swift.build/Debug/MLXLinalg.build/DerivedSources/arm64 -Xcc -I/Users/admin/builder/spi-builder-workspace/.derivedData/Build/Intermediates.noindex/mlx-swift.build/Debug/MLXLinalg.build/DerivedSources -Xcc -DSWIFT_PACKAGE -Xcc -DDEBUG\=1 -emit-objc-header -emit-objc-header-path /Users/admin/builder/spi-builder-workspace/.derivedData/Build/Intermediates.noindex/mlx-swift.build/Debug/MLXLinalg.build/Objects-normal/arm64/MLXLinalg-Swift.h -working-directory /Users/admin/builder/spi-builder-workspace/.swiftpm/xcode -experimental-emit-module-separately -disable-cmo
SwiftDriverJobDiscovery normal arm64 Compiling MLXFast.swift (in target 'MLXFast' from project 'mlx-swift')
SwiftDriverJobDiscovery normal arm64 Compiling String+PreTokenization.swift (in target 'Tokenizers' from project 'swift-transformers')
SwiftDriverJobDiscovery normal arm64 Compiling Random.swift (in target 'MLXRandom' from project 'mlx-swift')
SwiftDriverJobDiscovery normal arm64 Compiling Utils.swift (in target 'Tokenizers' from project 'swift-transformers')
SwiftDriver\ Compilation MLXRandom normal arm64 com.apple.xcode.tools.swift.compiler (in target 'MLXRandom' from project 'mlx-swift')
    cd /Users/admin/builder/spi-builder-workspace/.swiftpm/xcode
    builtin-Swift-Compilation -- /Applications/Xcode-16.3.0.app/Contents/Developer/Toolchains/XcodeDefault.xctoolchain/usr/bin/swiftc -module-name MLXRandom -Onone -enforce-exclusivity\=checked @/Users/admin/builder/spi-builder-workspace/.derivedData/Build/Intermediates.noindex/mlx-swift.build/Debug/MLXRandom.build/Objects-normal/arm64/MLXRandom.SwiftFileList -DSWIFT_PACKAGE -DDEBUG -DXcode -enable-experimental-feature StrictConcurrency -plugin-path /Applications/Xcode-16.3.0.app/Contents/Developer/Toolchains/XcodeDefault.xctoolchain/usr/lib/swift/host/plugins/testing -enable-experimental-feature DebugDescriptionMacro -sdk /Applications/Xcode-16.3.0.app/Contents/Developer/Platforms/MacOSX.platform/Developer/SDKs/MacOSX15.4.sdk -target arm64-apple-macos13.3 -g -module-cache-path /Users/admin/builder/spi-builder-workspace/.derivedData/ModuleCache.noindex -Xfrontend -serialize-debugging-options -profile-coverage-mapping -profile-generate -enable-testing -suppress-warnings -index-store-path /Users/admin/builder/spi-builder-workspace/.derivedData/Index.noindex/DataStore -swift-version 5 -I /Users/admin/builder/spi-builder-workspace/.derivedData/Build/Products/Debug -I /Applications/Xcode-16.3.0.app/Contents/Developer/Platforms/MacOSX.platform/Developer/usr/lib -F /Users/admin/builder/spi-builder-workspace/.derivedData/Build/Products/Debug/PackageFrameworks -F /Users/admin/builder/spi-builder-workspace/.derivedData/Build/Products/Debug/PackageFrameworks -F /Users/admin/builder/spi-builder-workspace/.derivedData/Build/Products/Debug/PackageFrameworks -F /Users/admin/builder/spi-builder-workspace/.derivedData/Build/Products/Debug/PackageFrameworks -F /Users/admin/builder/spi-builder-workspace/.derivedData/Build/Products/Debug/PackageFrameworks -F /Users/admin/builder/spi-builder-workspace/.derivedData/Build/Products/Debug/PackageFrameworks -F /Users/admin/builder/spi-builder-workspace/.derivedData/Build/Products/Debug -F /Applications/Xcode-16.3.0.app/Contents/Developer/Platforms/MacOSX.platform/Developer/Library/Frameworks -parse-as-library -c -j10 -enable-batch-mode -incremental -Xcc -ivfsstatcache -Xcc /Users/admin/builder/spi-builder-workspace/.derivedData/SDKStatCaches.noindex/macosx15.4-24E241-8287b8f5db97e746a1562fbca0c9d29b.sdkstatcache -output-file-map /Users/admin/builder/spi-builder-workspace/.derivedData/Build/Intermediates.noindex/mlx-swift.build/Debug/MLXRandom.build/Objects-normal/arm64/MLXRandom-OutputFileMap.json -use-frontend-parseable-output -save-temps -no-color-diagnostics -serialize-diagnostics -emit-dependencies -emit-module -emit-module-path /Users/admin/builder/spi-builder-workspace/.derivedData/Build/Intermediates.noindex/mlx-swift.build/Debug/MLXRandom.build/Objects-normal/arm64/MLXRandom.swiftmodule -validate-clang-modules-once -clang-build-session-file /Users/admin/builder/spi-builder-workspace/.derivedData/ModuleCache.noindex/Session.modulevalidation -package-name mlx_swift -Xcc -I/Users/admin/builder/spi-builder-workspace/.derivedData/Build/Intermediates.noindex/mlx-swift.build/Debug/MLXRandom.build/swift-overrides.hmap -emit-const-values -Xfrontend -const-gather-protocols-file -Xfrontend /Users/admin/builder/spi-builder-workspace/.derivedData/Build/Intermediates.noindex/mlx-swift.build/Debug/MLXRandom.build/Objects-normal/arm64/MLXRandom_const_extract_protocols.json -Xcc -I/Users/admin/builder/spi-builder-workspace/.dependencies/checkouts/swift-numerics/Sources/_NumericsShims/include -Xcc -I/Users/admin/builder/spi-builder-workspace/.dependencies/checkouts/mlx-swift/Source/Cmlx/include -Xcc -I/Users/admin/builder/spi-builder-workspace/.derivedData/Build/Products/Debug/include -Xcc -I/Users/admin/builder/spi-builder-workspace/.derivedData/Build/Intermediates.noindex/mlx-swift.build/Debug/MLXRandom.build/DerivedSources-normal/arm64 -Xcc -I/Users/admin/builder/spi-builder-workspace/.derivedData/Build/Intermediates.noindex/mlx-swift.build/Debug/MLXRandom.build/DerivedSources/arm64 -Xcc -I/Users/admin/builder/spi-builder-workspace/.derivedData/Build/Intermediates.noindex/mlx-swift.build/Debug/MLXRandom.build/DerivedSources -Xcc -DSWIFT_PACKAGE -Xcc -DDEBUG\=1 -emit-objc-header -emit-objc-header-path /Users/admin/builder/spi-builder-workspace/.derivedData/Build/Intermediates.noindex/mlx-swift.build/Debug/MLXRandom.build/Objects-normal/arm64/MLXRandom-Swift.h -working-directory /Users/admin/builder/spi-builder-workspace/.swiftpm/xcode -experimental-emit-module-separately -disable-cmo
ExtractAppIntentsMetadata (in target 'ArgumentParser' from project 'swift-argument-parser')
    cd /Users/admin/builder/spi-builder-workspace/.dependencies/checkouts/swift-argument-parser
    /Applications/Xcode-16.3.0.app/Contents/Developer/Toolchains/XcodeDefault.xctoolchain/usr/bin/appintentsmetadataprocessor --toolchain-dir /Applications/Xcode-16.3.0.app/Contents/Developer/Toolchains/XcodeDefault.xctoolchain --module-name ArgumentParser --sdk-root /Applications/Xcode-16.3.0.app/Contents/Developer/Platforms/MacOSX.platform/Developer/SDKs/MacOSX15.4.sdk --xcode-version 16E140 --platform-family macOS --deployment-target 10.13 --bundle-identifier swift-argument-parser.ArgumentParser --output /Users/admin/builder/spi-builder-workspace/.derivedData/Build/Products/Debug/ArgumentParser.appintents --target-triple arm64-apple-macos10.13 --binary-file /Users/admin/builder/spi-builder-workspace/.derivedData/Build/Products/Debug/ArgumentParser.o --dependency-file /Users/admin/builder/spi-builder-workspace/.derivedData/Build/Intermediates.noindex/swift-argument-parser.build/Debug/ArgumentParser.build/Objects-normal/arm64/ArgumentParser_dependency_info.dat --stringsdata-file /Users/admin/builder/spi-builder-workspace/.derivedData/Build/Intermediates.noindex/swift-argument-parser.build/Debug/ArgumentParser.build/Objects-normal/arm64/ExtractedAppShortcutsMetadata.stringsdata --source-file-list /Users/admin/builder/spi-builder-workspace/.derivedData/Build/Intermediates.noindex/swift-argument-parser.build/Debug/ArgumentParser.build/Objects-normal/arm64/ArgumentParser.SwiftFileList --metadata-file-list /Users/admin/builder/spi-builder-workspace/.derivedData/Build/Intermediates.noindex/swift-argument-parser.build/Debug/ArgumentParser.build/ArgumentParser.DependencyMetadataFileList --static-metadata-file-list /Users/admin/builder/spi-builder-workspace/.derivedData/Build/Intermediates.noindex/swift-argument-parser.build/Debug/ArgumentParser.build/ArgumentParser.DependencyStaticMetadataFileList --swift-const-vals-list /Users/admin/builder/spi-builder-workspace/.derivedData/Build/Intermediates.noindex/swift-argument-parser.build/Debug/ArgumentParser.build/Objects-normal/arm64/ArgumentParser.SwiftConstValuesFileList --force --compile-time-extraction --deployment-aware-processing --validate-assistant-intents --no-app-shortcuts-localization
2026-09-08 22:43:54.692 appintentsmetadataprocessor[3881:16962] Starting appintentsmetadataprocessor export
2026-09-08 22:43:54.729 appintentsmetadataprocessor[3881:16962] Extracted no relevant App Intents symbols, skipping writing output
RegisterExecutionPolicyException /Users/admin/builder/spi-builder-workspace/.derivedData/Build/Products/Debug/OrderedCollections.o (in target 'OrderedCollections' from project 'swift-collections')
    cd /Users/admin/builder/spi-builder-workspace/.dependencies/checkouts/swift-collections
    builtin-RegisterExecutionPolicyException /Users/admin/builder/spi-builder-workspace/.derivedData/Build/Products/Debug/OrderedCollections.o
RegisterExecutionPolicyException /Users/admin/builder/spi-builder-workspace/.derivedData/Build/Products/Debug/Atomics.o (in target 'Atomics' from project 'swift-atomics')
    cd /Users/admin/builder/spi-builder-workspace/.dependencies/checkouts/swift-atomics
    builtin-RegisterExecutionPolicyException /Users/admin/builder/spi-builder-workspace/.derivedData/Build/Products/Debug/Atomics.o
Ld /Users/admin/builder/spi-builder-workspace/.derivedData/Build/Products/Debug/MarkdownUI.o normal (in target 'MarkdownUI' from project 'swift-markdown-ui')
    cd /Users/admin/builder/spi-builder-workspace/.dependencies/checkouts/swift-markdown-ui
    /Applications/Xcode-16.3.0.app/Contents/Developer/Toolchains/XcodeDefault.xctoolchain/usr/bin/clang -Xlinker -reproducible -target arm64-apple-macos12.0 -r -isysroot /Applications/Xcode-16.3.0.app/Contents/Developer/Platforms/MacOSX.platform/Developer/SDKs/MacOSX15.4.sdk -O0 -w -L/Users/admin/builder/spi-builder-workspace/.derivedData/Build/Intermediates.noindex/EagerLinkingTBDs/Debug -L/Users/admin/builder/spi-builder-workspace/.derivedData/Build/Products/Debug -L/Applications/Xcode-16.3.0.app/Contents/Developer/Platforms/MacOSX.platform/Developer/usr/lib -F/Users/admin/builder/spi-builder-workspace/.derivedData/Build/Intermediates.noindex/EagerLinkingTBDs/Debug -F/Users/admin/builder/spi-builder-workspace/.derivedData/Build/Products/Debug/PackageFrameworks -F/Users/admin/builder/spi-builder-workspace/.derivedData/Build/Products/Debug/PackageFrameworks -F/Users/admin/builder/spi-builder-workspace/.derivedData/Build/Products/Debug/PackageFrameworks -F/Users/admin/builder/spi-builder-workspace/.derivedData/Build/Products/Debug -iframework /Applications/Xcode-16.3.0.app/Contents/Developer/Platforms/MacOSX.platform/Developer/Library/Frameworks -filelist /Users/admin/builder/spi-builder-workspace/.derivedData/Build/Intermediates.noindex/swift-markdown-ui.build/Debug/MarkdownUI.build/Objects-normal/arm64/MarkdownUI.LinkFileList -nostdlib -Xlinker -object_path_lto -Xlinker /Users/admin/builder/spi-builder-workspace/.derivedData/Build/Intermediates.noindex/swift-markdown-ui.build/Debug/MarkdownUI.build/Objects-normal/arm64/MarkdownUI_lto.o -rdynamic -Xlinker -no_deduplicate -Xlinker -debug_variant -Xlinker -dependency_info -Xlinker /Users/admin/builder/spi-builder-workspace/.derivedData/Build/Intermediates.noindex/swift-markdown-ui.build/Debug/MarkdownUI.build/Objects-normal/arm64/MarkdownUI_dependency_info.dat -fobjc-link-runtime -L/Applications/Xcode-16.3.0.app/Contents/Developer/Toolchains/XcodeDefault.xctoolchain/usr/lib/swift/macosx -L/usr/lib/swift -Xlinker -add_ast_path -Xlinker /Users/admin/builder/spi-builder-workspace/.derivedData/Build/Intermediates.noindex/swift-markdown-ui.build/Debug/MarkdownUI.build/Objects-normal/arm64/MarkdownUI.swiftmodule -o /Users/admin/builder/spi-builder-workspace/.derivedData/Build/Products/Debug/MarkdownUI.o
Ld /Users/admin/builder/spi-builder-workspace/.derivedData/Build/Products/Debug/ComplexModule.o normal (in target 'ComplexModule' from project 'swift-numerics')
    cd /Users/admin/builder/spi-builder-workspace/.dependencies/checkouts/swift-numerics
    /Applications/Xcode-16.3.0.app/Contents/Developer/Toolchains/XcodeDefault.xctoolchain/usr/bin/clang -Xlinker -reproducible -target arm64-apple-macos10.13 -r -isysroot /Applications/Xcode-16.3.0.app/Contents/Developer/Platforms/MacOSX.platform/Developer/SDKs/MacOSX15.4.sdk -O0 -w -L/Users/admin/builder/spi-builder-workspace/.derivedData/Build/Intermediates.noindex/EagerLinkingTBDs/Debug -L/Users/admin/builder/spi-builder-workspace/.derivedData/Build/Products/Debug -L/Applications/Xcode-16.3.0.app/Contents/Developer/Platforms/MacOSX.platform/Developer/usr/lib -F/Users/admin/builder/spi-builder-workspace/.derivedData/Build/Intermediates.noindex/EagerLinkingTBDs/Debug -F/Users/admin/builder/spi-builder-workspace/.derivedData/Build/Products/Debug/PackageFrameworks -F/Users/admin/builder/spi-builder-workspace/.derivedData/Build/Products/Debug/PackageFrameworks -F/Users/admin/builder/spi-builder-workspace/.derivedData/Build/Products/Debug -iframework /Applications/Xcode-16.3.0.app/Contents/Developer/Platforms/MacOSX.platform/Developer/Library/Frameworks -filelist /Users/admin/builder/spi-builder-workspace/.derivedData/Build/Intermediates.noindex/swift-numerics.build/Debug/ComplexModule.build/Objects-normal/arm64/ComplexModule.LinkFileList -nostdlib -Xlinker -object_path_lto -Xlinker /Users/admin/builder/spi-builder-workspace/.derivedData/Build/Intermediates.noindex/swift-numerics.build/Debug/ComplexModule.build/Objects-normal/arm64/ComplexModule_lto.o -rdynamic -Xlinker -no_deduplicate -Xlinker -debug_variant -Xlinker -dependency_info -Xlinker /Users/admin/builder/spi-builder-workspace/.derivedData/Build/Intermediates.noindex/swift-numerics.build/Debug/ComplexModule.build/Objects-normal/arm64/ComplexModule_dependency_info.dat -fobjc-link-runtime -L/Applications/Xcode-16.3.0.app/Contents/Developer/Toolchains/XcodeDefault.xctoolchain/usr/lib/swift/macosx -L/usr/lib/swift -Xlinker -add_ast_path -Xlinker /Users/admin/builder/spi-builder-workspace/.derivedData/Build/Intermediates.noindex/swift-numerics.build/Debug/ComplexModule.build/Objects-normal/arm64/ComplexModule.swiftmodule -o /Users/admin/builder/spi-builder-workspace/.derivedData/Build/Products/Debug/ComplexModule.o
RegisterExecutionPolicyException /Users/admin/builder/spi-builder-workspace/.derivedData/Build/Products/Debug/OpenAPIKit30.o (in target 'OpenAPIKit30' from project 'OpenAPIKit')
    cd /Users/admin/builder/spi-builder-workspace/.dependencies/checkouts/OpenAPIKit
    builtin-RegisterExecutionPolicyException /Users/admin/builder/spi-builder-workspace/.derivedData/Build/Products/Debug/OpenAPIKit30.o
RegisterExecutionPolicyException /Users/admin/builder/spi-builder-workspace/.derivedData/Build/Products/Debug/OpenAPIKit.o (in target 'OpenAPIKit' from project 'OpenAPIKit')
    cd /Users/admin/builder/spi-builder-workspace/.dependencies/checkouts/OpenAPIKit
    builtin-RegisterExecutionPolicyException /Users/admin/builder/spi-builder-workspace/.derivedData/Build/Products/Debug/OpenAPIKit.o
RegisterExecutionPolicyException /Users/admin/builder/spi-builder-workspace/.derivedData/Build/Products/Debug/Cmlx.o (in target 'Cmlx' from project 'mlx-swift')
    cd /Users/admin/builder/spi-builder-workspace/.dependencies/checkouts/mlx-swift
    builtin-RegisterExecutionPolicyException /Users/admin/builder/spi-builder-workspace/.derivedData/Build/Products/Debug/Cmlx.o
Ld /Users/admin/builder/spi-builder-workspace/.derivedData/Build/Products/Debug/Algorithms.o normal (in target 'Algorithms' from project 'swift-algorithms')
    cd /Users/admin/builder/spi-builder-workspace/.dependencies/checkouts/swift-algorithms
    /Applications/Xcode-16.3.0.app/Contents/Developer/Toolchains/XcodeDefault.xctoolchain/usr/bin/clang -Xlinker -reproducible -target arm64-apple-macos10.13 -r -isysroot /Applications/Xcode-16.3.0.app/Contents/Developer/Platforms/MacOSX.platform/Developer/SDKs/MacOSX15.4.sdk -O0 -w -L/Users/admin/builder/spi-builder-workspace/.derivedData/Build/Intermediates.noindex/EagerLinkingTBDs/Debug -L/Users/admin/builder/spi-builder-workspace/.derivedData/Build/Products/Debug -L/Applications/Xcode-16.3.0.app/Contents/Developer/Platforms/MacOSX.platform/Developer/usr/lib -F/Users/admin/builder/spi-builder-workspace/.derivedData/Build/Intermediates.noindex/EagerLinkingTBDs/Debug -F/Users/admin/builder/spi-builder-workspace/.derivedData/Build/Products/Debug/PackageFrameworks -F/Users/admin/builder/spi-builder-workspace/.derivedData/Build/Products/Debug/PackageFrameworks -F/Users/admin/builder/spi-builder-workspace/.derivedData/Build/Products/Debug -iframework /Applications/Xcode-16.3.0.app/Contents/Developer/Platforms/MacOSX.platform/Developer/Library/Frameworks -filelist /Users/admin/builder/spi-builder-workspace/.derivedData/Build/Intermediates.noindex/swift-algorithms.build/Debug/Algorithms.build/Objects-normal/arm64/Algorithms.LinkFileList -nostdlib -Xlinker -object_path_lto -Xlinker /Users/admin/builder/spi-builder-workspace/.derivedData/Build/Intermediates.noindex/swift-algorithms.build/Debug/Algorithms.build/Objects-normal/arm64/Algorithms_lto.o -rdynamic -Xlinker -no_deduplicate -Xlinker -debug_variant -Xlinker -dependency_info -Xlinker /Users/admin/builder/spi-builder-workspace/.derivedData/Build/Intermediates.noindex/swift-algorithms.build/Debug/Algorithms.build/Objects-normal/arm64/Algorithms_dependency_info.dat -fobjc-link-runtime -L/Applications/Xcode-16.3.0.app/Contents/Developer/Toolchains/XcodeDefault.xctoolchain/usr/lib/swift/macosx -L/usr/lib/swift -Xlinker -add_ast_path -Xlinker /Users/admin/builder/spi-builder-workspace/.derivedData/Build/Intermediates.noindex/swift-algorithms.build/Debug/Algorithms.build/Objects-normal/arm64/Algorithms.swiftmodule -o /Users/admin/builder/spi-builder-workspace/.derivedData/Build/Products/Debug/Algorithms.o
SwiftDriver SpeziLocalization normal arm64 com.apple.xcode.tools.swift.compiler (in target 'SpeziLocalization' from project 'SpeziFoundation')
    cd /Users/admin/builder/spi-builder-workspace/.swiftpm/xcode
    builtin-SwiftDriver -- /Applications/Xcode-16.3.0.app/Contents/Developer/Toolchains/XcodeDefault.xctoolchain/usr/bin/swiftc -module-name SpeziLocalization -Onone -enforce-exclusivity\=checked @/Users/admin/builder/spi-builder-workspace/.derivedData/Build/Intermediates.noindex/SpeziFoundation.build/Debug/SpeziLocalization.build/Objects-normal/arm64/SpeziLocalization.SwiftFileList -DSWIFT_PACKAGE -DDEBUG -Xcc -fmodule-map-file\=/Users/admin/builder/spi-builder-workspace/.derivedData/Build/Intermediates.noindex/GeneratedModuleMaps/SpeziFoundationObjC.modulemap -DXcode -enable-upcoming-feature ExistentialAny -enable-upcoming-feature InternalImportsByDefault -plugin-path /Applications/Xcode-16.3.0.app/Contents/Developer/Toolchains/XcodeDefault.xctoolchain/usr/lib/swift/host/plugins/testing -enable-experimental-feature DebugDescriptionMacro -sdk /Applications/Xcode-16.3.0.app/Contents/Developer/Platforms/MacOSX.platform/Developer/SDKs/MacOSX15.4.sdk -target arm64-apple-macos14.0 -g -module-cache-path /Users/admin/builder/spi-builder-workspace/.derivedData/ModuleCache.noindex -Xfrontend -serialize-debugging-options -profile-coverage-mapping -profile-generate -enable-testing -suppress-warnings -index-store-path /Users/admin/builder/spi-builder-workspace/.derivedData/Index.noindex/DataStore -swift-version 6 -I /Users/admin/builder/spi-builder-workspace/.derivedData/Build/Products/Debug -I /Applications/Xcode-16.3.0.app/Contents/Developer/Platforms/MacOSX.platform/Developer/usr/lib -F /Users/admin/builder/spi-builder-workspace/.derivedData/Build/Products/Debug/PackageFrameworks -F /Users/admin/builder/spi-builder-workspace/.derivedData/Build/Products/Debug/PackageFrameworks -F /Users/admin/builder/spi-builder-workspace/.derivedData/Build/Products/Debug/PackageFrameworks -F /Users/admin/builder/spi-builder-workspace/.derivedData/Build/Products/Debug/PackageFrameworks -F /Users/admin/builder/spi-builder-workspace/.derivedData/Build/Products/Debug/PackageFrameworks -F /Users/admin/builder/spi-builder-workspace/.derivedData/Build/Products/Debug/PackageFrameworks -F /Users/admin/builder/spi-builder-workspace/.derivedData/Build/Products/Debug/PackageFrameworks -F /Users/admin/builder/spi-builder-workspace/.derivedData/Build/Products/Debug/PackageFrameworks -F /Users/admin/builder/spi-builder-workspace/.derivedData/Build/Products/Debug/PackageFrameworks -F /Users/admin/builder/spi-builder-workspace/.derivedData/Build/Products/Debug -F /Applications/Xcode-16.3.0.app/Contents/Developer/Platforms/MacOSX.platform/Developer/Library/Frameworks -emit-localized-strings -emit-localized-strings-path /Users/admin/builder/spi-builder-workspace/.derivedData/Build/Intermediates.noindex/SpeziFoundation.build/Debug/SpeziLocalization.build/Objects-normal/arm64 -c -j10 -enable-batch-mode -incremental -Xcc -ivfsstatcache -Xcc /Users/admin/builder/spi-builder-workspace/.derivedData/SDKStatCaches.noindex/macosx15.4-24E241-8287b8f5db97e746a1562fbca0c9d29b.sdkstatcache -output-file-map /Users/admin/builder/spi-builder-workspace/.derivedData/Build/Intermediates.noindex/SpeziFoundation.build/Debug/SpeziLocalization.build/Objects-normal/arm64/SpeziLocalization-OutputFileMap.json -use-frontend-parseable-output -save-temps -no-color-diagnostics -serialize-diagnostics -emit-dependencies -emit-module -emit-module-path /Users/admin/builder/spi-builder-workspace/.derivedData/Build/Intermediates.noindex/SpeziFoundation.build/Debug/SpeziLocalization.build/Objects-normal/arm64/SpeziLocalization.swiftmodule -user-module-version 2.6.0 -validate-clang-modules-once -clang-build-session-file /Users/admin/builder/spi-builder-workspace/.derivedData/ModuleCache.noindex/Session.modulevalidation -package-name spezifoundation -Xcc -I/Users/admin/builder/spi-builder-workspace/.derivedData/Build/Intermediates.noindex/SpeziFoundation.build/Debug/SpeziLocalization.build/swift-overrides.hmap -emit-const-values -Xfrontend -const-gather-protocols-file -Xfrontend /Users/admin/builder/spi-builder-workspace/.derivedData/Build/Intermediates.noindex/SpeziFoundation.build/Debug/SpeziLocalization.build/Objects-normal/arm64/SpeziLocalization_const_extract_protocols.json -Xcc -I/Users/admin/builder/spi-builder-workspace/.dependencies/checkouts/swift-atomics/Sources/_AtomicsShims/include -Xcc -I/Users/admin/builder/spi-builder-workspace/.dependencies/checkouts/swift-numerics/Sources/_NumericsShims/include -Xcc -I/Users/admin/builder/spi-builder-workspace/.dependencies/checkouts/SpeziFoundation/Sources/SpeziFoundationObjC/include -Xcc -I/Users/admin/builder/spi-builder-workspace/.derivedData/Build/Products/Debug/include -Xcc -I/Users/admin/builder/spi-builder-workspace/.derivedData/Build/Intermediates.noindex/SpeziFoundation.build/Debug/SpeziLocalization.build/DerivedSources-normal/arm64 -Xcc -I/Users/admin/builder/spi-builder-workspace/.derivedData/Build/Intermediates.noindex/SpeziFoundation.build/Debug/SpeziLocalization.build/DerivedSources/arm64 -Xcc -I/Users/admin/builder/spi-builder-workspace/.derivedData/Build/Intermediates.noindex/SpeziFoundation.build/Debug/SpeziLocalization.build/DerivedSources -Xcc -DSWIFT_PACKAGE -Xcc -DDEBUG\=1 -emit-objc-header -emit-objc-header-path /Users/admin/builder/spi-builder-workspace/.derivedData/Build/Intermediates.noindex/SpeziFoundation.build/Debug/SpeziLocalization.build/Objects-normal/arm64/SpeziLocalization-Swift.h -working-directory /Users/admin/builder/spi-builder-workspace/.swiftpm/xcode -experimental-emit-module-separately -disable-cmo
SwiftDriver Spezi normal arm64 com.apple.xcode.tools.swift.compiler (in target 'Spezi' from project 'Spezi')
    cd /Users/admin/builder/spi-builder-workspace/.swiftpm/xcode
    builtin-SwiftDriver -- /Applications/Xcode-16.3.0.app/Contents/Developer/Toolchains/XcodeDefault.xctoolchain/usr/bin/swiftc -module-name Spezi -Onone -enforce-exclusivity\=checked @/Users/admin/builder/spi-builder-workspace/.derivedData/Build/Intermediates.noindex/Spezi.build/Debug/Spezi.build/Objects-normal/arm64/Spezi.SwiftFileList -DSWIFT_PACKAGE -DDEBUG -Xcc -fmodule-map-file\=/Users/admin/builder/spi-builder-workspace/.derivedData/Build/Intermediates.noindex/GeneratedModuleMaps/SpeziFoundationObjC.modulemap -DXcode -enable-upcoming-feature ExistentialAny -plugin-path /Applications/Xcode-16.3.0.app/Contents/Developer/Toolchains/XcodeDefault.xctoolchain/usr/lib/swift/host/plugins/testing -enable-experimental-feature DebugDescriptionMacro -sdk /Applications/Xcode-16.3.0.app/Contents/Developer/Platforms/MacOSX.platform/Developer/SDKs/MacOSX15.4.sdk -target arm64-apple-macos14.0 -g -module-cache-path /Users/admin/builder/spi-builder-workspace/.derivedData/ModuleCache.noindex -Xfrontend -serialize-debugging-options -profile-coverage-mapping -profile-generate -enable-testing -suppress-warnings -index-store-path /Users/admin/builder/spi-builder-workspace/.derivedData/Index.noindex/DataStore -swift-version 6 -I /Users/admin/builder/spi-builder-workspace/.derivedData/Build/Products/Debug -I /Applications/Xcode-16.3.0.app/Contents/Developer/Platforms/MacOSX.platform/Developer/usr/lib -F /Users/admin/builder/spi-builder-workspace/.derivedData/Build/Products/Debug/PackageFrameworks -F /Users/admin/builder/spi-builder-workspace/.derivedData/Build/Products/Debug/PackageFrameworks -F /Users/admin/builder/spi-builder-workspace/.derivedData/Build/Products/Debug/PackageFrameworks -F /Users/admin/builder/spi-builder-workspace/.derivedData/Build/Products/Debug/PackageFrameworks -F /Users/admin/builder/spi-builder-workspace/.derivedData/Build/Products/Debug/PackageFrameworks -F /Users/admin/builder/spi-builder-workspace/.derivedData/Build/Products/Debug/PackageFrameworks -F /Users/admin/builder/spi-builder-workspace/.derivedData/Build/Products/Debug/PackageFrameworks -F /Users/admin/builder/spi-builder-workspace/.derivedData/Build/Products/Debug/PackageFrameworks -F /Users/admin/builder/spi-builder-workspace/.derivedData/Build/Products/Debug/PackageFrameworks -F /Users/admin/builder/spi-builder-workspace/.derivedData/Build/Products/Debug/PackageFrameworks -F /Users/admin/builder/spi-builder-workspace/.derivedData/Build/Products/Debug/PackageFrameworks -F /Users/admin/builder/spi-builder-workspace/.derivedData/Build/Products/Debug -F /Applications/Xcode-16.3.0.app/Contents/Developer/Platforms/MacOSX.platform/Developer/Library/Frameworks -emit-localized-strings -emit-localized-strings-path /Users/admin/builder/spi-builder-workspace/.derivedData/Build/Intermediates.noindex/Spezi.build/Debug/Spezi.build/Objects-normal/arm64 -c -j10 -enable-batch-mode -incremental -Xcc -ivfsstatcache -Xcc /Users/admin/builder/spi-builder-workspace/.derivedData/SDKStatCaches.noindex/macosx15.4-24E241-8287b8f5db97e746a1562fbca0c9d29b.sdkstatcache -output-file-map /Users/admin/builder/spi-builder-workspace/.derivedData/Build/Intermediates.noindex/Spezi.build/Debug/Spezi.build/Objects-normal/arm64/Spezi-OutputFileMap.json -use-frontend-parseable-output -save-temps -no-color-diagnostics -serialize-diagnostics -emit-dependencies -emit-module -emit-module-path /Users/admin/builder/spi-builder-workspace/.derivedData/Build/Intermediates.noindex/Spezi.build/Debug/Spezi.build/Objects-normal/arm64/Spezi.swiftmodule -user-module-version 1.10.2 -validate-clang-modules-once -clang-build-session-file /Users/admin/builder/spi-builder-workspace/.derivedData/ModuleCache.noindex/Session.modulevalidation -package-name spezi -Xcc -I/Users/admin/builder/spi-builder-workspace/.derivedData/Build/Intermediates.noindex/Spezi.build/Debug/Spezi.build/swift-overrides.hmap -emit-const-values -Xfrontend -const-gather-protocols-file -Xfrontend /Users/admin/builder/spi-builder-workspace/.derivedData/Build/Intermediates.noindex/Spezi.build/Debug/Spezi.build/Objects-normal/arm64/Spezi_const_extract_protocols.json -Xcc -I/Users/admin/builder/spi-builder-workspace/.dependencies/checkouts/swift-atomics/Sources/_AtomicsShims/include -Xcc -I/Users/admin/builder/spi-builder-workspace/.dependencies/checkouts/swift-numerics/Sources/_NumericsShims/include -Xcc -I/Users/admin/builder/spi-builder-workspace/.dependencies/checkouts/SpeziFoundation/Sources/SpeziFoundationObjC/include -Xcc -I/Users/admin/builder/spi-builder-workspace/.derivedData/Build/Products/Debug/include -Xcc -I/Users/admin/builder/spi-builder-workspace/.derivedData/Build/Intermediates.noindex/Spezi.build/Debug/Spezi.build/DerivedSources-normal/arm64 -Xcc -I/Users/admin/builder/spi-builder-workspace/.derivedData/Build/Intermediates.noindex/Spezi.build/Debug/Spezi.build/DerivedSources/arm64 -Xcc -I/Users/admin/builder/spi-builder-workspace/.derivedData/Build/Intermediates.noindex/Spezi.build/Debug/Spezi.build/DerivedSources -Xcc -DSWIFT_PACKAGE -Xcc -DDEBUG\=1 -emit-objc-header -emit-objc-header-path /Users/admin/builder/spi-builder-workspace/.derivedData/Build/Intermediates.noindex/Spezi.build/Debug/Spezi.build/Objects-normal/arm64/Spezi-Swift.h -working-directory /Users/admin/builder/spi-builder-workspace/.swiftpm/xcode -experimental-emit-module-separately -disable-cmo
SwiftDriver MLXNN normal arm64 com.apple.xcode.tools.swift.compiler (in target 'MLXNN' from project 'mlx-swift')
    cd /Users/admin/builder/spi-builder-workspace/.swiftpm/xcode
    builtin-SwiftDriver -- /Applications/Xcode-16.3.0.app/Contents/Developer/Toolchains/XcodeDefault.xctoolchain/usr/bin/swiftc -module-name MLXNN -Onone -enforce-exclusivity\=checked @/Users/admin/builder/spi-builder-workspace/.derivedData/Build/Intermediates.noindex/mlx-swift.build/Debug/MLXNN.build/Objects-normal/arm64/MLXNN.SwiftFileList -DSWIFT_PACKAGE -DDEBUG -DXcode -enable-experimental-feature StrictConcurrency -plugin-path /Applications/Xcode-16.3.0.app/Contents/Developer/Toolchains/XcodeDefault.xctoolchain/usr/lib/swift/host/plugins/testing -enable-experimental-feature DebugDescriptionMacro -sdk /Applications/Xcode-16.3.0.app/Contents/Developer/Platforms/MacOSX.platform/Developer/SDKs/MacOSX15.4.sdk -target arm64-apple-macos13.3 -g -module-cache-path /Users/admin/builder/spi-builder-workspace/.derivedData/ModuleCache.noindex -Xfrontend -serialize-debugging-options -profile-coverage-mapping -profile-generate -enable-testing -suppress-warnings -index-store-path /Users/admin/builder/spi-builder-workspace/.derivedData/Index.noindex/DataStore -swift-version 5 -I /Users/admin/builder/spi-builder-workspace/.derivedData/Build/Products/Debug -I /Applications/Xcode-16.3.0.app/Contents/Developer/Platforms/MacOSX.platform/Developer/usr/lib -F /Users/admin/builder/spi-builder-workspace/.derivedData/Build/Products/Debug/PackageFrameworks -F /Users/admin/builder/spi-builder-workspace/.derivedData/Build/Products/Debug/PackageFrameworks -F /Users/admin/builder/spi-builder-workspace/.derivedData/Build/Products/Debug/PackageFrameworks -F /Users/admin/builder/spi-builder-workspace/.derivedData/Build/Products/Debug/PackageFrameworks -F /Users/admin/builder/spi-builder-workspace/.derivedData/Build/Products/Debug/PackageFrameworks -F /Users/admin/builder/spi-builder-workspace/.derivedData/Build/Products/Debug/PackageFrameworks -F /Users/admin/builder/spi-builder-workspace/.derivedData/Build/Products/Debug/PackageFrameworks -F /Users/admin/builder/spi-builder-workspace/.derivedData/Build/Products/Debug/PackageFrameworks -F /Users/admin/builder/spi-builder-workspace/.derivedData/Build/Products/Debug -F /Applications/Xcode-16.3.0.app/Contents/Developer/Platforms/MacOSX.platform/Developer/Library/Frameworks -c -j10 -enable-batch-mode -incremental -Xcc -ivfsstatcache -Xcc /Users/admin/builder/spi-builder-workspace/.derivedData/SDKStatCaches.noindex/macosx15.4-24E241-8287b8f5db97e746a1562fbca0c9d29b.sdkstatcache -output-file-map /Users/admin/builder/spi-builder-workspace/.derivedData/Build/Intermediates.noindex/mlx-swift.build/Debug/MLXNN.build/Objects-normal/arm64/MLXNN-OutputFileMap.json -use-frontend-parseable-output -save-temps -no-color-diagnostics -serialize-diagnostics -emit-dependencies -emit-module -emit-module-path /Users/admin/builder/spi-builder-workspace/.derivedData/Build/Intermediates.noindex/mlx-swift.build/Debug/MLXNN.build/Objects-normal/arm64/MLXNN.swiftmodule -validate-clang-modules-once -clang-build-session-file /Users/admin/builder/spi-builder-workspace/.derivedData/ModuleCache.noindex/Session.modulevalidation -package-name mlx_swift -Xcc -I/Users/admin/builder/spi-builder-workspace/.derivedData/Build/Intermediates.noindex/mlx-swift.build/Debug/MLXNN.build/swift-overrides.hmap -emit-const-values -Xfrontend -const-gather-protocols-file -Xfrontend /Users/admin/builder/spi-builder-workspace/.derivedData/Build/Intermediates.noindex/mlx-swift.build/Debug/MLXNN.build/Objects-normal/arm64/MLXNN_const_extract_protocols.json -Xcc -I/Users/admin/builder/spi-builder-workspace/.dependencies/checkouts/swift-numerics/Sources/_NumericsShims/include -Xcc -I/Users/admin/builder/spi-builder-workspace/.dependencies/checkouts/mlx-swift/Source/Cmlx/include -Xcc -I/Users/admin/builder/spi-builder-workspace/.derivedData/Build/Products/Debug/include -Xcc -I/Users/admin/builder/spi-builder-workspace/.derivedData/Build/Intermediates.noindex/mlx-swift.build/Debug/MLXNN.build/DerivedSources-normal/arm64 -Xcc -I/Users/admin/builder/spi-builder-workspace/.derivedData/Build/Intermediates.noindex/mlx-swift.build/Debug/MLXNN.build/DerivedSources/arm64 -Xcc -I/Users/admin/builder/spi-builder-workspace/.derivedData/Build/Intermediates.noindex/mlx-swift.build/Debug/MLXNN.build/DerivedSources -Xcc -DSWIFT_PACKAGE -Xcc -DDEBUG\=1 -emit-objc-header -emit-objc-header-path /Users/admin/builder/spi-builder-workspace/.derivedData/Build/Intermediates.noindex/mlx-swift.build/Debug/MLXNN.build/Objects-normal/arm64/MLXNN-Swift.h -working-directory /Users/admin/builder/spi-builder-workspace/.swiftpm/xcode -experimental-emit-module-separately -disable-cmo
SwiftDriverJobDiscovery normal arm64 Compiling PreTokenizer.swift (in target 'Tokenizers' from project 'swift-transformers')
SwiftDriverJobDiscovery normal arm64 Compiling Tokenizer.swift (in target 'Tokenizers' from project 'swift-transformers')
SwiftDriverJobDiscovery normal arm64 Compiling Normalizer.swift, PostProcessor.swift (in target 'Tokenizers' from project 'swift-transformers')
SwiftDriverJobDiscovery normal arm64 Compiling ByteEncoder.swift, Decoder.swift (in target 'Tokenizers' from project 'swift-transformers')
SwiftDriverJobDiscovery normal arm64 Compiling MLXFastKernel.swift (in target 'MLXFast' from project 'mlx-swift')
SwiftDriver\ Compilation MLXFast normal arm64 com.apple.xcode.tools.swift.compiler (in target 'MLXFast' from project 'mlx-swift')
    cd /Users/admin/builder/spi-builder-workspace/.swiftpm/xcode
    builtin-Swift-Compilation -- /Applications/Xcode-16.3.0.app/Contents/Developer/Toolchains/XcodeDefault.xctoolchain/usr/bin/swiftc -module-name MLXFast -Onone -enforce-exclusivity\=checked @/Users/admin/builder/spi-builder-workspace/.derivedData/Build/Intermediates.noindex/mlx-swift.build/Debug/MLXFast.build/Objects-normal/arm64/MLXFast.SwiftFileList -DSWIFT_PACKAGE -DDEBUG -DXcode -enable-experimental-feature StrictConcurrency -plugin-path /Applications/Xcode-16.3.0.app/Contents/Developer/Toolchains/XcodeDefault.xctoolchain/usr/lib/swift/host/plugins/testing -enable-experimental-feature DebugDescriptionMacro -sdk /Applications/Xcode-16.3.0.app/Contents/Developer/Platforms/MacOSX.platform/Developer/SDKs/MacOSX15.4.sdk -target arm64-apple-macos13.3 -g -module-cache-path /Users/admin/builder/spi-builder-workspace/.derivedData/ModuleCache.noindex -Xfrontend -serialize-debugging-options -profile-coverage-mapping -profile-generate -enable-testing -suppress-warnings -index-store-path /Users/admin/builder/spi-builder-workspace/.derivedData/Index.noindex/DataStore -swift-version 5 -I /Users/admin/builder/spi-builder-workspace/.derivedData/Build/Products/Debug -I /Applications/Xcode-16.3.0.app/Contents/Developer/Platforms/MacOSX.platform/Developer/usr/lib -F /Users/admin/builder/spi-builder-workspace/.derivedData/Build/Products/Debug/PackageFrameworks -F /Users/admin/builder/spi-builder-workspace/.derivedData/Build/Products/Debug/PackageFrameworks -F /Users/admin/builder/spi-builder-workspace/.derivedData/Build/Products/Debug/PackageFrameworks -F /Users/admin/builder/spi-builder-workspace/.derivedData/Build/Products/Debug/PackageFrameworks -F /Users/admin/builder/spi-builder-workspace/.derivedData/Build/Products/Debug/PackageFrameworks -F /Users/admin/builder/spi-builder-workspace/.derivedData/Build/Products/Debug/PackageFrameworks -F /Users/admin/builder/spi-builder-workspace/.derivedData/Build/Products/Debug -F /Applications/Xcode-16.3.0.app/Contents/Developer/Platforms/MacOSX.platform/Developer/Library/Frameworks -c -j10 -enable-batch-mode -incremental -Xcc -ivfsstatcache -Xcc /Users/admin/builder/spi-builder-workspace/.derivedData/SDKStatCaches.noindex/macosx15.4-24E241-8287b8f5db97e746a1562fbca0c9d29b.sdkstatcache -output-file-map /Users/admin/builder/spi-builder-workspace/.derivedData/Build/Intermediates.noindex/mlx-swift.build/Debug/MLXFast.build/Objects-normal/arm64/MLXFast-OutputFileMap.json -use-frontend-parseable-output -save-temps -no-color-diagnostics -serialize-diagnostics -emit-dependencies -emit-module -emit-module-path /Users/admin/builder/spi-builder-workspace/.derivedData/Build/Intermediates.noindex/mlx-swift.build/Debug/MLXFast.build/Objects-normal/arm64/MLXFast.swiftmodule -validate-clang-modules-once -clang-build-session-file /Users/admin/builder/spi-builder-workspace/.derivedData/ModuleCache.noindex/Session.modulevalidation -package-name mlx_swift -Xcc -I/Users/admin/builder/spi-builder-workspace/.derivedData/Build/Intermediates.noindex/mlx-swift.build/Debug/MLXFast.build/swift-overrides.hmap -emit-const-values -Xfrontend -const-gather-protocols-file -Xfrontend /Users/admin/builder/spi-builder-workspace/.derivedData/Build/Intermediates.noindex/mlx-swift.build/Debug/MLXFast.build/Objects-normal/arm64/MLXFast_const_extract_protocols.json -Xcc -I/Users/admin/builder/spi-builder-workspace/.dependencies/checkouts/swift-numerics/Sources/_NumericsShims/include -Xcc -I/Users/admin/builder/spi-builder-workspace/.dependencies/checkouts/mlx-swift/Source/Cmlx/include -Xcc -I/Users/admin/builder/spi-builder-workspace/.derivedData/Build/Products/Debug/include -Xcc -I/Users/admin/builder/spi-builder-workspace/.derivedData/Build/Intermediates.noindex/mlx-swift.build/Debug/MLXFast.build/DerivedSources-normal/arm64 -Xcc -I/Users/admin/builder/spi-builder-workspace/.derivedData/Build/Intermediates.noindex/mlx-swift.build/Debug/MLXFast.build/DerivedSources/arm64 -Xcc -I/Users/admin/builder/spi-builder-workspace/.derivedData/Build/Intermediates.noindex/mlx-swift.build/Debug/MLXFast.build/DerivedSources -Xcc -DSWIFT_PACKAGE -Xcc -DDEBUG\=1 -emit-objc-header -emit-objc-header-path /Users/admin/builder/spi-builder-workspace/.derivedData/Build/Intermediates.noindex/mlx-swift.build/Debug/MLXFast.build/Objects-normal/arm64/MLXFast-Swift.h -working-directory /Users/admin/builder/spi-builder-workspace/.swiftpm/xcode -experimental-emit-module-separately -disable-cmo
SwiftCompile normal arm64 Compiling\ Containers.swift,\ Convolution.swift /Users/admin/builder/spi-builder-workspace/.dependencies/checkouts/mlx-swift/Source/MLXNN/Containers.swift /Users/admin/builder/spi-builder-workspace/.dependencies/checkouts/mlx-swift/Source/MLXNN/Convolution.swift (in target 'MLXNN' from project 'mlx-swift')
SwiftCompile normal arm64 /Users/admin/builder/spi-builder-workspace/.dependencies/checkouts/mlx-swift/Source/MLXNN/Containers.swift (in target 'MLXNN' from project 'mlx-swift')
    cd /Users/admin/builder/spi-builder-workspace/.swiftpm/xcode

SwiftCompile normal arm64 /Users/admin/builder/spi-builder-workspace/.dependencies/checkouts/mlx-swift/Source/MLXNN/Convolution.swift (in target 'MLXNN' from project 'mlx-swift')
    cd /Users/admin/builder/spi-builder-workspace/.swiftpm/xcode

SwiftCompile normal arm64 Compiling\ Normalization.swift,\ Pooling.swift /Users/admin/builder/spi-builder-workspace/.dependencies/checkouts/mlx-swift/Source/MLXNN/Normalization.swift /Users/admin/builder/spi-builder-workspace/.dependencies/checkouts/mlx-swift/Source/MLXNN/Pooling.swift (in target 'MLXNN' from project 'mlx-swift')
SwiftCompile normal arm64 /Users/admin/builder/spi-builder-workspace/.dependencies/checkouts/mlx-swift/Source/MLXNN/Normalization.swift (in target 'MLXNN' from project 'mlx-swift')
    cd /Users/admin/builder/spi-builder-workspace/.swiftpm/xcode

SwiftCompile normal arm64 /Users/admin/builder/spi-builder-workspace/.dependencies/checkouts/mlx-swift/Source/MLXNN/Pooling.swift (in target 'MLXNN' from project 'mlx-swift')
    cd /Users/admin/builder/spi-builder-workspace/.swiftpm/xcode

SwiftEmitModule normal arm64 Emitting\ module\ for\ MLXNN (in target 'MLXNN' from project 'mlx-swift')
EmitSwiftModule normal arm64 (in target 'MLXNN' from project 'mlx-swift')
    cd /Users/admin/builder/spi-builder-workspace/.swiftpm/xcode

SwiftCompile normal arm64 Compiling\ Bundle+LocalizableString.swift /Users/admin/builder/spi-builder-workspace/.dependencies/checkouts/SpeziFoundation/Sources/SpeziLocalization/Bundle+LocalizableString.swift (in target 'SpeziLocalization' from project 'SpeziFoundation')
SwiftCompile normal arm64 /Users/admin/builder/spi-builder-workspace/.dependencies/checkouts/SpeziFoundation/Sources/SpeziLocalization/Bundle+LocalizableString.swift (in target 'SpeziLocalization' from project 'SpeziFoundation')
    cd /Users/admin/builder/spi-builder-workspace/.swiftpm/xcode

SwiftCompile normal arm64 Compiling\ ConvolutionTransposed.swift,\ Dropout.swift /Users/admin/builder/spi-builder-workspace/.dependencies/checkouts/mlx-swift/Source/MLXNN/ConvolutionTransposed.swift /Users/admin/builder/spi-builder-workspace/.dependencies/checkouts/mlx-swift/Source/MLXNN/Dropout.swift (in target 'MLXNN' from project 'mlx-swift')
SwiftCompile normal arm64 /Users/admin/builder/spi-builder-workspace/.dependencies/checkouts/mlx-swift/Source/MLXNN/ConvolutionTransposed.swift (in target 'MLXNN' from project 'mlx-swift')
    cd /Users/admin/builder/spi-builder-workspace/.swiftpm/xcode

SwiftCompile normal arm64 /Users/admin/builder/spi-builder-workspace/.dependencies/checkouts/mlx-swift/Source/MLXNN/Dropout.swift (in target 'MLXNN' from project 'mlx-swift')
    cd /Users/admin/builder/spi-builder-workspace/.swiftpm/xcode

SwiftCompile normal arm64 Compiling\ Losses.swift,\ Module.swift /Users/admin/builder/spi-builder-workspace/.dependencies/checkouts/mlx-swift/Source/MLXNN/Losses.swift /Users/admin/builder/spi-builder-workspace/.dependencies/checkouts/mlx-swift/Source/MLXNN/Module.swift (in target 'MLXNN' from project 'mlx-swift')
SwiftCompile normal arm64 /Users/admin/builder/spi-builder-workspace/.dependencies/checkouts/mlx-swift/Source/MLXNN/Losses.swift (in target 'MLXNN' from project 'mlx-swift')
    cd /Users/admin/builder/spi-builder-workspace/.swiftpm/xcode

SwiftCompile normal arm64 /Users/admin/builder/spi-builder-workspace/.dependencies/checkouts/mlx-swift/Source/MLXNN/Module.swift (in target 'MLXNN' from project 'mlx-swift')
    cd /Users/admin/builder/spi-builder-workspace/.swiftpm/xcode

SwiftCompile normal arm64 Compiling\ ValueAndGrad.swift /Users/admin/builder/spi-builder-workspace/.dependencies/checkouts/mlx-swift/Source/MLXNN/ValueAndGrad.swift (in target 'MLXNN' from project 'mlx-swift')
SwiftCompile normal arm64 /Users/admin/builder/spi-builder-workspace/.dependencies/checkouts/mlx-swift/Source/MLXNN/ValueAndGrad.swift (in target 'MLXNN' from project 'mlx-swift')
    cd /Users/admin/builder/spi-builder-workspace/.swiftpm/xcode

SwiftCompile normal arm64 Compiling\ Recurrent.swift,\ Transformer.swift /Users/admin/builder/spi-builder-workspace/.dependencies/checkouts/mlx-swift/Source/MLXNN/Recurrent.swift /Users/admin/builder/spi-builder-workspace/.dependencies/checkouts/mlx-swift/Source/MLXNN/Transformer.swift (in target 'MLXNN' from project 'mlx-swift')
SwiftCompile normal arm64 /Users/admin/builder/spi-builder-workspace/.dependencies/checkouts/mlx-swift/Source/MLXNN/Recurrent.swift (in target 'MLXNN' from project 'mlx-swift')
    cd /Users/admin/builder/spi-builder-workspace/.swiftpm/xcode

SwiftCompile normal arm64 /Users/admin/builder/spi-builder-workspace/.dependencies/checkouts/mlx-swift/Source/MLXNN/Transformer.swift (in target 'MLXNN' from project 'mlx-swift')
    cd /Users/admin/builder/spi-builder-workspace/.swiftpm/xcode

SwiftCompile normal arm64 Compiling\ Upsample.swift /Users/admin/builder/spi-builder-workspace/.dependencies/checkouts/mlx-swift/Source/MLXNN/Upsample.swift (in target 'MLXNN' from project 'mlx-swift')
SwiftCompile normal arm64 /Users/admin/builder/spi-builder-workspace/.dependencies/checkouts/mlx-swift/Source/MLXNN/Upsample.swift (in target 'MLXNN' from project 'mlx-swift')
    cd /Users/admin/builder/spi-builder-workspace/.swiftpm/xcode

SwiftEmitModule normal arm64 Emitting\ module\ for\ SpeziLocalization (in target 'SpeziLocalization' from project 'SpeziFoundation')
EmitSwiftModule normal arm64 (in target 'SpeziLocalization' from project 'SpeziFoundation')
    cd /Users/admin/builder/spi-builder-workspace/.swiftpm/xcode

SwiftDriverJobDiscovery normal arm64 Compiling BPETokenizer.swift, BertTokenizer.swift (in target 'Tokenizers' from project 'swift-transformers')
SwiftEmitModule normal arm64 Emitting\ module\ for\ Spezi (in target 'Spezi' from project 'Spezi')
EmitSwiftModule normal arm64 (in target 'Spezi' from project 'Spezi')
    cd /Users/admin/builder/spi-builder-workspace/.swiftpm/xcode

SwiftDriverJobDiscovery normal arm64 Compiling ValueAndGrad.swift (in target 'MLXNN' from project 'mlx-swift')
SwiftDriver Generation normal arm64 com.apple.xcode.tools.swift.compiler (in target 'Generation' from project 'swift-transformers')
    cd /Users/admin/builder/spi-builder-workspace/.swiftpm/xcode
    builtin-SwiftDriver -- /Applications/Xcode-16.3.0.app/Contents/Developer/Toolchains/XcodeDefault.xctoolchain/usr/bin/swiftc -module-name Generation -Onone -enforce-exclusivity\=checked @/Users/admin/builder/spi-builder-workspace/.derivedData/Build/Intermediates.noindex/swift-transformers.build/Debug/Generation.build/Objects-normal/arm64/Generation.SwiftFileList -DSWIFT_PACKAGE -DDEBUG -DXcode -plugin-path /Applications/Xcode-16.3.0.app/Contents/Developer/Toolchains/XcodeDefault.xctoolchain/usr/lib/swift/host/plugins/testing -enable-experimental-feature DebugDescriptionMacro -sdk /Applications/Xcode-16.3.0.app/Contents/Developer/Platforms/MacOSX.platform/Developer/SDKs/MacOSX15.4.sdk -target arm64-apple-macos13.0 -g -module-cache-path /Users/admin/builder/spi-builder-workspace/.derivedData/ModuleCache.noindex -Xfrontend -serialize-debugging-options -profile-coverage-mapping -profile-generate -enable-testing -suppress-warnings -index-store-path /Users/admin/builder/spi-builder-workspace/.derivedData/Index.noindex/DataStore -swift-version 5 -I /Users/admin/builder/spi-builder-workspace/.derivedData/Build/Products/Debug -I /Applications/Xcode-16.3.0.app/Contents/Developer/Platforms/MacOSX.platform/Developer/usr/lib -F /Users/admin/builder/spi-builder-workspace/.derivedData/Build/Products/Debug/PackageFrameworks -F /Users/admin/builder/spi-builder-workspace/.derivedData/Build/Products/Debug/PackageFrameworks -F /Users/admin/builder/spi-builder-workspace/.derivedData/Build/Products/Debug/PackageFrameworks -F /Users/admin/builder/spi-builder-workspace/.derivedData/Build/Products/Debug/PackageFrameworks -F /Users/admin/builder/spi-builder-workspace/.derivedData/Build/Products/Debug/PackageFrameworks -F /Users/admin/builder/spi-builder-workspace/.derivedData/Build/Products/Debug -F /Applications/Xcode-16.3.0.app/Contents/Developer/Platforms/MacOSX.platform/Developer/Library/Frameworks -c -j10 -enable-batch-mode -incremental -Xcc -ivfsstatcache -Xcc /Users/admin/builder/spi-builder-workspace/.derivedData/SDKStatCaches.noindex/macosx15.4-24E241-8287b8f5db97e746a1562fbca0c9d29b.sdkstatcache -output-file-map /Users/admin/builder/spi-builder-workspace/.derivedData/Build/Intermediates.noindex/swift-transformers.build/Debug/Generation.build/Objects-normal/arm64/Generation-OutputFileMap.json -use-frontend-parseable-output -save-temps -no-color-diagnostics -serialize-diagnostics -emit-dependencies -emit-module -emit-module-path /Users/admin/builder/spi-builder-workspace/.derivedData/Build/Intermediates.noindex/swift-transformers.build/Debug/Generation.build/Objects-normal/arm64/Generation.swiftmodule -validate-clang-modules-once -clang-build-session-file /Users/admin/builder/spi-builder-workspace/.derivedData/ModuleCache.noindex/Session.modulevalidation -package-name swift_transformers -Xcc -I/Users/admin/builder/spi-builder-workspace/.derivedData/Build/Intermediates.noindex/swift-transformers.build/Debug/Generation.build/swift-overrides.hmap -emit-const-values -Xfrontend -const-gather-protocols-file -Xfrontend /Users/admin/builder/spi-builder-workspace/.derivedData/Build/Intermediates.noindex/swift-transformers.build/Debug/Generation.build/Objects-normal/arm64/Generation_const_extract_protocols.json -Xcc -I/Users/admin/builder/spi-builder-workspace/.derivedData/Build/Products/Debug/include -Xcc -I/Users/admin/builder/spi-builder-workspace/.derivedData/Build/Intermediates.noindex/swift-transformers.build/Debug/Generation.build/DerivedSources-normal/arm64 -Xcc -I/Users/admin/builder/spi-builder-workspace/.derivedData/Build/Intermediates.noindex/swift-transformers.build/Debug/Generation.build/DerivedSources/arm64 -Xcc -I/Users/admin/builder/spi-builder-workspace/.derivedData/Build/Intermediates.noindex/swift-transformers.build/Debug/Generation.build/DerivedSources -Xcc -DSWIFT_PACKAGE -Xcc -DDEBUG\=1 -emit-objc-header -emit-objc-header-path /Users/admin/builder/spi-builder-workspace/.derivedData/Build/Intermediates.noindex/swift-transformers.build/Debug/Generation.build/Objects-normal/arm64/Generation-Swift.h -working-directory /Users/admin/builder/spi-builder-workspace/.swiftpm/xcode -experimental-emit-module-separately -disable-cmo
SwiftDriverJobDiscovery normal arm64 Emitting module for SpeziLocalization (in target 'SpeziLocalization' from project 'SpeziFoundation')
SwiftDriver\ Compilation\ Requirements SpeziLocalization normal arm64 com.apple.xcode.tools.swift.compiler (in target 'SpeziLocalization' from project 'SpeziFoundation')
    cd /Users/admin/builder/spi-builder-workspace/.swiftpm/xcode
    builtin-Swift-Compilation-Requirements -- /Applications/Xcode-16.3.0.app/Contents/Developer/Toolchains/XcodeDefault.xctoolchain/usr/bin/swiftc -module-name SpeziLocalization -Onone -enforce-exclusivity\=checked @/Users/admin/builder/spi-builder-workspace/.derivedData/Build/Intermediates.noindex/SpeziFoundation.build/Debug/SpeziLocalization.build/Objects-normal/arm64/SpeziLocalization.SwiftFileList -DSWIFT_PACKAGE -DDEBUG -Xcc -fmodule-map-file\=/Users/admin/builder/spi-builder-workspace/.derivedData/Build/Intermediates.noindex/GeneratedModuleMaps/SpeziFoundationObjC.modulemap -DXcode -enable-upcoming-feature ExistentialAny -enable-upcoming-feature InternalImportsByDefault -plugin-path /Applications/Xcode-16.3.0.app/Contents/Developer/Toolchains/XcodeDefault.xctoolchain/usr/lib/swift/host/plugins/testing -enable-experimental-feature DebugDescriptionMacro -sdk /Applications/Xcode-16.3.0.app/Contents/Developer/Platforms/MacOSX.platform/Developer/SDKs/MacOSX15.4.sdk -target arm64-apple-macos14.0 -g -module-cache-path /Users/admin/builder/spi-builder-workspace/.derivedData/ModuleCache.noindex -Xfrontend -serialize-debugging-options -profile-coverage-mapping -profile-generate -enable-testing -suppress-warnings -index-store-path /Users/admin/builder/spi-builder-workspace/.derivedData/Index.noindex/DataStore -swift-version 6 -I /Users/admin/builder/spi-builder-workspace/.derivedData/Build/Products/Debug -I /Applications/Xcode-16.3.0.app/Contents/Developer/Platforms/MacOSX.platform/Developer/usr/lib -F /Users/admin/builder/spi-builder-workspace/.derivedData/Build/Products/Debug/PackageFrameworks -F /Users/admin/builder/spi-builder-workspace/.derivedData/Build/Products/Debug/PackageFrameworks -F /Users/admin/builder/spi-builder-workspace/.derivedData/Build/Products/Debug/PackageFrameworks -F /Users/admin/builder/spi-builder-workspace/.derivedData/Build/Products/Debug/PackageFrameworks -F /Users/admin/builder/spi-builder-workspace/.derivedData/Build/Products/Debug/PackageFrameworks -F /Users/admin/builder/spi-builder-workspace/.derivedData/Build/Products/Debug/PackageFrameworks -F /Users/admin/builder/spi-builder-workspace/.derivedData/Build/Products/Debug/PackageFrameworks -F /Users/admin/builder/spi-builder-workspace/.derivedData/Build/Products/Debug/PackageFrameworks -F /Users/admin/builder/spi-builder-workspace/.derivedData/Build/Products/Debug/PackageFrameworks -F /Users/admin/builder/spi-builder-workspace/.derivedData/Build/Products/Debug -F /Applications/Xcode-16.3.0.app/Contents/Developer/Platforms/MacOSX.platform/Developer/Library/Frameworks -emit-localized-strings -emit-localized-strings-path /Users/admin/builder/spi-builder-workspace/.derivedData/Build/Intermediates.noindex/SpeziFoundation.build/Debug/SpeziLocalization.build/Objects-normal/arm64 -c -j10 -enable-batch-mode -incremental -Xcc -ivfsstatcache -Xcc /Users/admin/builder/spi-builder-workspace/.derivedData/SDKStatCaches.noindex/macosx15.4-24E241-8287b8f5db97e746a1562fbca0c9d29b.sdkstatcache -output-file-map /Users/admin/builder/spi-builder-workspace/.derivedData/Build/Intermediates.noindex/SpeziFoundation.build/Debug/SpeziLocalization.build/Objects-normal/arm64/SpeziLocalization-OutputFileMap.json -use-frontend-parseable-output -save-temps -no-color-diagnostics -serialize-diagnostics -emit-dependencies -emit-module -emit-module-path /Users/admin/builder/spi-builder-workspace/.derivedData/Build/Intermediates.noindex/SpeziFoundation.build/Debug/SpeziLocalization.build/Objects-normal/arm64/SpeziLocalization.swiftmodule -user-module-version 2.6.0 -validate-clang-modules-once -clang-build-session-file /Users/admin/builder/spi-builder-workspace/.derivedData/ModuleCache.noindex/Session.modulevalidation -package-name spezifoundation -Xcc -I/Users/admin/builder/spi-builder-workspace/.derivedData/Build/Intermediates.noindex/SpeziFoundation.build/Debug/SpeziLocalization.build/swift-overrides.hmap -emit-const-values -Xfrontend -const-gather-protocols-file -Xfrontend /Users/admin/builder/spi-builder-workspace/.derivedData/Build/Intermediates.noindex/SpeziFoundation.build/Debug/SpeziLocalization.build/Objects-normal/arm64/SpeziLocalization_const_extract_protocols.json -Xcc -I/Users/admin/builder/spi-builder-workspace/.dependencies/checkouts/swift-atomics/Sources/_AtomicsShims/include -Xcc -I/Users/admin/builder/spi-builder-workspace/.dependencies/checkouts/swift-numerics/Sources/_NumericsShims/include -Xcc -I/Users/admin/builder/spi-builder-workspace/.dependencies/checkouts/SpeziFoundation/Sources/SpeziFoundationObjC/include -Xcc -I/Users/admin/builder/spi-builder-workspace/.derivedData/Build/Products/Debug/include -Xcc -I/Users/admin/builder/spi-builder-workspace/.derivedData/Build/Intermediates.noindex/SpeziFoundation.build/Debug/SpeziLocalization.build/DerivedSources-normal/arm64 -Xcc -I/Users/admin/builder/spi-builder-workspace/.derivedData/Build/Intermediates.noindex/SpeziFoundation.build/Debug/SpeziLocalization.build/DerivedSources/arm64 -Xcc -I/Users/admin/builder/spi-builder-workspace/.derivedData/Build/Intermediates.noindex/SpeziFoundation.build/Debug/SpeziLocalization.build/DerivedSources -Xcc -DSWIFT_PACKAGE -Xcc -DDEBUG\=1 -emit-objc-header -emit-objc-header-path /Users/admin/builder/spi-builder-workspace/.derivedData/Build/Intermediates.noindex/SpeziFoundation.build/Debug/SpeziLocalization.build/Objects-normal/arm64/SpeziLocalization-Swift.h -working-directory /Users/admin/builder/spi-builder-workspace/.swiftpm/xcode -experimental-emit-module-separately -disable-cmo
SwiftDriver\ Compilation Tokenizers normal arm64 com.apple.xcode.tools.swift.compiler (in target 'Tokenizers' from project 'swift-transformers')
    cd /Users/admin/builder/spi-builder-workspace/.swiftpm/xcode
    builtin-Swift-Compilation -- /Applications/Xcode-16.3.0.app/Contents/Developer/Toolchains/XcodeDefault.xctoolchain/usr/bin/swiftc -module-name Tokenizers -Onone -enforce-exclusivity\=checked @/Users/admin/builder/spi-builder-workspace/.derivedData/Build/Intermediates.noindex/swift-transformers.build/Debug/Tokenizers.build/Objects-normal/arm64/Tokenizers.SwiftFileList -DSWIFT_PACKAGE -DDEBUG -DXcode -plugin-path /Applications/Xcode-16.3.0.app/Contents/Developer/Toolchains/XcodeDefault.xctoolchain/usr/lib/swift/host/plugins/testing -enable-experimental-feature DebugDescriptionMacro -sdk /Applications/Xcode-16.3.0.app/Contents/Developer/Platforms/MacOSX.platform/Developer/SDKs/MacOSX15.4.sdk -target arm64-apple-macos13.0 -g -module-cache-path /Users/admin/builder/spi-builder-workspace/.derivedData/ModuleCache.noindex -Xfrontend -serialize-debugging-options -profile-coverage-mapping -profile-generate -enable-testing -suppress-warnings -index-store-path /Users/admin/builder/spi-builder-workspace/.derivedData/Index.noindex/DataStore -swift-version 5 -I /Users/admin/builder/spi-builder-workspace/.derivedData/Build/Products/Debug -I /Applications/Xcode-16.3.0.app/Contents/Developer/Platforms/MacOSX.platform/Developer/usr/lib -F /Users/admin/builder/spi-builder-workspace/.derivedData/Build/Products/Debug/PackageFrameworks -F /Users/admin/builder/spi-builder-workspace/.derivedData/Build/Products/Debug/PackageFrameworks -F /Users/admin/builder/spi-builder-workspace/.derivedData/Build/Products/Debug/PackageFrameworks -F /Users/admin/builder/spi-builder-workspace/.derivedData/Build/Products/Debug/PackageFrameworks -F /Users/admin/builder/spi-builder-workspace/.derivedData/Build/Products/Debug -F /Applications/Xcode-16.3.0.app/Contents/Developer/Platforms/MacOSX.platform/Developer/Library/Frameworks -c -j10 -enable-batch-mode -incremental -Xcc -ivfsstatcache -Xcc /Users/admin/builder/spi-builder-workspace/.derivedData/SDKStatCaches.noindex/macosx15.4-24E241-8287b8f5db97e746a1562fbca0c9d29b.sdkstatcache -output-file-map /Users/admin/builder/spi-builder-workspace/.derivedData/Build/Intermediates.noindex/swift-transformers.build/Debug/Tokenizers.build/Objects-normal/arm64/Tokenizers-OutputFileMap.json -use-frontend-parseable-output -save-temps -no-color-diagnostics -serialize-diagnostics -emit-dependencies -emit-module -emit-module-path /Users/admin/builder/spi-builder-workspace/.derivedData/Build/Intermediates.noindex/swift-transformers.build/Debug/Tokenizers.build/Objects-normal/arm64/Tokenizers.swiftmodule -validate-clang-modules-once -clang-build-session-file /Users/admin/builder/spi-builder-workspace/.derivedData/ModuleCache.noindex/Session.modulevalidation -package-name swift_transformers -Xcc -I/Users/admin/builder/spi-builder-workspace/.derivedData/Build/Intermediates.noindex/swift-transformers.build/Debug/Tokenizers.build/swift-overrides.hmap -emit-const-values -Xfrontend -const-gather-protocols-file -Xfrontend /Users/admin/builder/spi-builder-workspace/.derivedData/Build/Intermediates.noindex/swift-transformers.build/Debug/Tokenizers.build/Objects-normal/arm64/Tokenizers_const_extract_protocols.json -Xcc -I/Users/admin/builder/spi-builder-workspace/.derivedData/Build/Products/Debug/include -Xcc -I/Users/admin/builder/spi-builder-workspace/.derivedData/Build/Intermediates.noindex/swift-transformers.build/Debug/Tokenizers.build/DerivedSources-normal/arm64 -Xcc -I/Users/admin/builder/spi-builder-workspace/.derivedData/Build/Intermediates.noindex/swift-transformers.build/Debug/Tokenizers.build/DerivedSources/arm64 -Xcc -I/Users/admin/builder/spi-builder-workspace/.derivedData/Build/Intermediates.noindex/swift-transformers.build/Debug/Tokenizers.build/DerivedSources -Xcc -DSWIFT_PACKAGE -Xcc -DDEBUG\=1 -emit-objc-header -emit-objc-header-path /Users/admin/builder/spi-builder-workspace/.derivedData/Build/Intermediates.noindex/swift-transformers.build/Debug/Tokenizers.build/Objects-normal/arm64/Tokenizers-Swift.h -working-directory /Users/admin/builder/spi-builder-workspace/.swiftpm/xcode -experimental-emit-module-separately -disable-cmo
SwiftMergeGeneratedHeaders /Users/admin/builder/spi-builder-workspace/.derivedData/Build/Intermediates.noindex/GeneratedModuleMaps/SpeziLocalization-Swift.h /Users/admin/builder/spi-builder-workspace/.derivedData/Build/Intermediates.noindex/SpeziFoundation.build/Debug/SpeziLocalization.build/Objects-normal/arm64/SpeziLocalization-Swift.h (in target 'SpeziLocalization' from project 'SpeziFoundation')
    cd /Users/admin/builder/spi-builder-workspace/.dependencies/checkouts/SpeziFoundation
    builtin-swiftHeaderTool -arch arm64 /Users/admin/builder/spi-builder-workspace/.derivedData/Build/Intermediates.noindex/SpeziFoundation.build/Debug/SpeziLocalization.build/Objects-normal/arm64/SpeziLocalization-Swift.h -o /Users/admin/builder/spi-builder-workspace/.derivedData/Build/Intermediates.noindex/GeneratedModuleMaps/SpeziLocalization-Swift.h
Copy /Users/admin/builder/spi-builder-workspace/.derivedData/Build/Products/Debug/SpeziLocalization.swiftmodule/arm64-apple-macos.swiftmodule /Users/admin/builder/spi-builder-workspace/.derivedData/Build/Intermediates.noindex/SpeziFoundation.build/Debug/SpeziLocalization.build/Objects-normal/arm64/SpeziLocalization.swiftmodule (in target 'SpeziLocalization' from project 'SpeziFoundation')
    cd /Users/admin/builder/spi-builder-workspace/.dependencies/checkouts/SpeziFoundation
    builtin-copy -exclude .DS_Store -exclude CVS -exclude .svn -exclude .git -exclude .hg -resolve-src-symlinks -rename /Users/admin/builder/spi-builder-workspace/.derivedData/Build/Intermediates.noindex/SpeziFoundation.build/Debug/SpeziLocalization.build/Objects-normal/arm64/SpeziLocalization.swiftmodule /Users/admin/builder/spi-builder-workspace/.derivedData/Build/Products/Debug/SpeziLocalization.swiftmodule/arm64-apple-macos.swiftmodule
Copy /Users/admin/builder/spi-builder-workspace/.derivedData/Build/Products/Debug/SpeziLocalization.swiftmodule/arm64-apple-macos.swiftdoc /Users/admin/builder/spi-builder-workspace/.derivedData/Build/Intermediates.noindex/SpeziFoundation.build/Debug/SpeziLocalization.build/Objects-normal/arm64/SpeziLocalization.swiftdoc (in target 'SpeziLocalization' from project 'SpeziFoundation')
    cd /Users/admin/builder/spi-builder-workspace/.dependencies/checkouts/SpeziFoundation
    builtin-copy -exclude .DS_Store -exclude CVS -exclude .svn -exclude .git -exclude .hg -resolve-src-symlinks -rename /Users/admin/builder/spi-builder-workspace/.derivedData/Build/Intermediates.noindex/SpeziFoundation.build/Debug/SpeziLocalization.build/Objects-normal/arm64/SpeziLocalization.swiftdoc /Users/admin/builder/spi-builder-workspace/.derivedData/Build/Products/Debug/SpeziLocalization.swiftmodule/arm64-apple-macos.swiftdoc
Copy /Users/admin/builder/spi-builder-workspace/.derivedData/Build/Products/Debug/SpeziLocalization.swiftmodule/arm64-apple-macos.abi.json /Users/admin/builder/spi-builder-workspace/.derivedData/Build/Intermediates.noindex/SpeziFoundation.build/Debug/SpeziLocalization.build/Objects-normal/arm64/SpeziLocalization.abi.json (in target 'SpeziLocalization' from project 'SpeziFoundation')
    cd /Users/admin/builder/spi-builder-workspace/.dependencies/checkouts/SpeziFoundation
    builtin-copy -exclude .DS_Store -exclude CVS -exclude .svn -exclude .git -exclude .hg -resolve-src-symlinks -rename /Users/admin/builder/spi-builder-workspace/.derivedData/Build/Intermediates.noindex/SpeziFoundation.build/Debug/SpeziLocalization.build/Objects-normal/arm64/SpeziLocalization.abi.json /Users/admin/builder/spi-builder-workspace/.derivedData/Build/Products/Debug/SpeziLocalization.swiftmodule/arm64-apple-macos.abi.json
Copy /Users/admin/builder/spi-builder-workspace/.derivedData/Build/Products/Debug/SpeziLocalization.swiftmodule/Project/arm64-apple-macos.swiftsourceinfo /Users/admin/builder/spi-builder-workspace/.derivedData/Build/Intermediates.noindex/SpeziFoundation.build/Debug/SpeziLocalization.build/Objects-normal/arm64/SpeziLocalization.swiftsourceinfo (in target 'SpeziLocalization' from project 'SpeziFoundation')
    cd /Users/admin/builder/spi-builder-workspace/.dependencies/checkouts/SpeziFoundation
    builtin-copy -exclude .DS_Store -exclude CVS -exclude .svn -exclude .git -exclude .hg -resolve-src-symlinks -rename /Users/admin/builder/spi-builder-workspace/.derivedData/Build/Intermediates.noindex/SpeziFoundation.build/Debug/SpeziLocalization.build/Objects-normal/arm64/SpeziLocalization.swiftsourceinfo /Users/admin/builder/spi-builder-workspace/.derivedData/Build/Products/Debug/SpeziLocalization.swiftmodule/Project/arm64-apple-macos.swiftsourceinfo
SwiftEmitModule normal arm64 Emitting\ module\ for\ Generation (in target 'Generation' from project 'swift-transformers')
EmitSwiftModule normal arm64 (in target 'Generation' from project 'swift-transformers')
    cd /Users/admin/builder/spi-builder-workspace/.swiftpm/xcode

SwiftCompile normal arm64 Compiling\ LocalizedFileResolution.swift /Users/admin/builder/spi-builder-workspace/.dependencies/checkouts/SpeziFoundation/Sources/SpeziLocalization/LocalizedFileResources/LocalizedFileResolution.swift (in target 'SpeziLocalization' from project 'SpeziFoundation')
SwiftCompile normal arm64 /Users/admin/builder/spi-builder-workspace/.dependencies/checkouts/SpeziFoundation/Sources/SpeziLocalization/LocalizedFileResources/LocalizedFileResolution.swift (in target 'SpeziLocalization' from project 'SpeziFoundation')
    cd /Users/admin/builder/spi-builder-workspace/.swiftpm/xcode

SwiftDriverJobDiscovery normal arm64 Compiling Containers.swift, Convolution.swift (in target 'MLXNN' from project 'mlx-swift')
SwiftCompile normal arm64 Compiling\ LocalizedFileResources.swift /Users/admin/builder/spi-builder-workspace/.dependencies/checkouts/SpeziFoundation/Sources/SpeziLocalization/LocalizedFileResources/LocalizedFileResources.swift (in target 'SpeziLocalization' from project 'SpeziFoundation')
SwiftCompile normal arm64 /Users/admin/builder/spi-builder-workspace/.dependencies/checkouts/SpeziFoundation/Sources/SpeziLocalization/LocalizedFileResources/LocalizedFileResources.swift (in target 'SpeziLocalization' from project 'SpeziFoundation')
    cd /Users/admin/builder/spi-builder-workspace/.swiftpm/xcode

SwiftDriverJobDiscovery normal arm64 Compiling Bundle+LocalizableString.swift (in target 'SpeziLocalization' from project 'SpeziFoundation')
SwiftCompile normal arm64 Compiling\ Other.swift /Users/admin/builder/spi-builder-workspace/.dependencies/checkouts/SpeziFoundation/Sources/SpeziLocalization/Other.swift (in target 'SpeziLocalization' from project 'SpeziFoundation')
SwiftCompile normal arm64 /Users/admin/builder/spi-builder-workspace/.dependencies/checkouts/SpeziFoundation/Sources/SpeziLocalization/Other.swift (in target 'SpeziLocalization' from project 'SpeziFoundation')
    cd /Users/admin/builder/spi-builder-workspace/.swiftpm/xcode

SwiftDriverJobDiscovery normal arm64 Compiling ConvolutionTransposed.swift, Dropout.swift (in target 'MLXNN' from project 'mlx-swift')
SwiftCompile normal arm64 Compiling\ LocaleMatchingBehaviour.swift /Users/admin/builder/spi-builder-workspace/.dependencies/checkouts/SpeziFoundation/Sources/SpeziLocalization/LocalizedFileResources/LocaleMatchingBehaviour.swift (in target 'SpeziLocalization' from project 'SpeziFoundation')
SwiftCompile normal arm64 /Users/admin/builder/spi-builder-workspace/.dependencies/checkouts/SpeziFoundation/Sources/SpeziLocalization/LocalizedFileResources/LocaleMatchingBehaviour.swift (in target 'SpeziLocalization' from project 'SpeziFoundation')
    cd /Users/admin/builder/spi-builder-workspace/.swiftpm/xcode

SwiftDriverJobDiscovery normal arm64 Compiling Upsample.swift (in target 'MLXNN' from project 'mlx-swift')
SwiftCompile normal arm64 Compiling\ LocalizationKey.swift /Users/admin/builder/spi-builder-workspace/.dependencies/checkouts/SpeziFoundation/Sources/SpeziLocalization/LocalizedFileResources/LocalizationKey.swift (in target 'SpeziLocalization' from project 'SpeziFoundation')
SwiftCompile normal arm64 /Users/admin/builder/spi-builder-workspace/.dependencies/checkouts/SpeziFoundation/Sources/SpeziLocalization/LocalizedFileResources/LocalizationKey.swift (in target 'SpeziLocalization' from project 'SpeziFoundation')
    cd /Users/admin/builder/spi-builder-workspace/.swiftpm/xcode

SwiftDriverJobDiscovery normal arm64 Compiling Normalization.swift, Pooling.swift (in target 'MLXNN' from project 'mlx-swift')
SwiftCompile normal arm64 Compiling\ SpeziAnchor.swift,\ SpeziStorage.swift,\ StoredModulesKey.swift,\ ModuleDescription.swift,\ ServiceModuleGroup.swift,\ Spezi+Logger.swift /Users/admin/builder/spi-builder-workspace/.dependencies/checkouts/Spezi/Sources/Spezi/Spezi/KnowledgeSources/SpeziAnchor.swift /Users/admin/builder/spi-builder-workspace/.dependencies/checkouts/Spezi/Sources/Spezi/Spezi/KnowledgeSources/SpeziStorage.swift /Users/admin/builder/spi-builder-workspace/.dependencies/checkouts/Spezi/Sources/Spezi/Spezi/KnowledgeSources/StoredModulesKey.swift /Users/admin/builder/spi-builder-workspace/.dependencies/checkouts/Spezi/Sources/Spezi/Spezi/ModuleDescription.swift /Users/admin/builder/spi-builder-workspace/.dependencies/checkouts/Spezi/Sources/Spezi/Spezi/ServiceModuleGroup.swift /Users/admin/builder/spi-builder-workspace/.dependencies/checkouts/Spezi/Sources/Spezi/Spezi/Spezi+Logger.swift (in target 'Spezi' from project 'Spezi')
Failed frontend command:
/Applications/Xcode-16.3.0.app/Contents/Developer/Toolchains/XcodeDefault.xctoolchain/usr/bin/swift-frontend -frontend -c /Users/admin/builder/spi-builder-workspace/.dependencies/checkouts/Spezi/Sources/Spezi/Capabilities/ApplicationPropertyWrapper.swift /Users/admin/builder/spi-builder-workspace/.dependencies/checkouts/Spezi/Sources/Spezi/Capabilities/Communication/CollectPropertyWrapper.swift /Users/admin/builder/spi-builder-workspace/.dependencies/checkouts/Spezi/Sources/Spezi/Capabilities/Communication/CollectedModuleValues.swift /Users/admin/builder/spi-builder-workspace/.dependencies/checkouts/Spezi/Sources/Spezi/Capabilities/Communication/ProvidePropertyWrapper.swift /Users/admin/builder/spi-builder-workspace/.dependencies/checkouts/Spezi/Sources/Spezi/Capabilities/Communication/StorageValueCollector.swift /Users/admin/builder/spi-builder-workspace/.dependencies/checkouts/Spezi/Sources/Spezi/Capabilities/Communication/StorageValueProvider.swift /Users/admin/builder/spi-builder-workspace/.dependencies/checkouts/Spezi/Sources/Spezi/Capabilities/Lifecycle/LifecycleHandler.swift /Users/admin/builder/spi-builder-workspace/.dependencies/checkouts/Spezi/Sources/Spezi/Capabilities/Lifecycle/ServiceModule.swift /Users/admin/builder/spi-builder-workspace/.dependencies/checkouts/Spezi/Sources/Spezi/Capabilities/Observable/EnvironmentAccessible.swift /Users/admin/builder/spi-builder-workspace/.dependencies/checkouts/Spezi/Sources/Spezi/Capabilities/Observable/ModelModifier.swift /Users/admin/builder/spi-builder-workspace/.dependencies/checkouts/Spezi/Sources/Spezi/Capabilities/Observable/ModelPropertyWrapper.swift /Users/admin/builder/spi-builder-workspace/.dependencies/checkouts/Spezi/Sources/Spezi/Capabilities/ViewModifier/ModifierPropertyWrapper.swift /Users/admin/builder/spi-builder-workspace/.dependencies/checkouts/Spezi/Sources/Spezi/Capabilities/ViewModifier/ViewModifierProvider.swift /Users/admin/builder/spi-builder-workspace/.dependencies/checkouts/Spezi/Sources/Spezi/Configuration/Configuration.swift /Users/admin/builder/spi-builder-workspace/.dependencies/checkouts/Spezi/Sources/Spezi/Dependencies/DefaultInitializable.swift /Users/admin/builder/spi-builder-workspace/.dependencies/checkouts/Spezi/Sources/Spezi/Dependencies/DependencyManager.swift /Users/admin/builder/spi-builder-workspace/.dependencies/checkouts/Spezi/Sources/Spezi/Dependencies/DependencyManagerError.swift /Users/admin/builder/spi-builder-workspace/.dependencies/checkouts/Spezi/Sources/Spezi/Dependencies/Module+DependencyRelation.swift /Users/admin/builder/spi-builder-workspace/.dependencies/checkouts/Spezi/Sources/Spezi/Dependencies/Property/DependencyBuilder.swift /Users/admin/builder/spi-builder-workspace/.dependencies/checkouts/Spezi/Sources/Spezi/Dependencies/Property/DependencyCollection.swift /Users/admin/builder/spi-builder-workspace/.dependencies/checkouts/Spezi/Sources/Spezi/Dependencies/Property/DependencyCollectionBuilder.swift /Users/admin/builder/spi-builder-workspace/.dependencies/checkouts/Spezi/Sources/Spezi/Dependencies/Property/DependencyContext.swift /Users/admin/builder/spi-builder-workspace/.dependencies/checkouts/Spezi/Sources/Spezi/Dependencies/Property/DependencyDeclaration.swift /Users/admin/builder/spi-builder-workspace/.dependencies/checkouts/Spezi/Sources/Spezi/Dependencies/Property/DependencyPropertyWrapper.swift /Users/admin/builder/spi-builder-workspace/.dependencies/checkouts/Spezi/Sources/Spezi/Dependencies/Property/Module+Dependencies.swift /Users/admin/builder/spi-builder-workspace/.dependencies/checkouts/Spezi/Sources/Spezi/Dependencies/Wrapper/DependencyReference.swift /Users/admin/builder/spi-builder-workspace/.dependencies/checkouts/Spezi/Sources/Spezi/Dependencies/Wrapper/ModuleReference.swift /Users/admin/builder/spi-builder-workspace/.dependencies/checkouts/Spezi/Sources/Spezi/Module/Module.swift /Users/admin/builder/spi-builder-workspace/.dependencies/checkouts/Spezi/Sources/Spezi/Module/ModuleBuilder.swift /Users/admin/builder/spi-builder-workspace/.dependencies/checkouts/Spezi/Sources/Spezi/Module/ModuleCollection.swift /Users/admin/builder/spi-builder-workspace/.dependencies/checkouts/Spezi/Sources/Spezi/Module/ModuleOwnership.swift /Users/admin/builder/spi-builder-workspace/.dependencies/checkouts/Spezi/Sources/Spezi/Notifications/BackgroundFetchResult.swift /Users/admin/builder/spi-builder-workspace/.dependencies/checkouts/Spezi/Sources/Spezi/Notifications/NotificationHandler.swift /Users/admin/builder/spi-builder-workspace/.dependencies/checkouts/Spezi/Sources/Spezi/Notifications/NotificationTokenHandler.swift /Users/admin/builder/spi-builder-workspace/.dependencies/checkouts/Spezi/Sources/Spezi/Notifications/RemoteNotificationRegistrationSupport.swift /Users/admin/builder/spi-builder-workspace/.dependencies/checkouts/Spezi/Sources/Spezi/Notifications/Spezi+RegisterRemoteNotificationsAction.swift /Users/admin/builder/spi-builder-workspace/.dependencies/checkouts/Spezi/Sources/Spezi/Notifications/Spezi+UnregisterRemoteNotifications.swift /Users/admin/builder/spi-builder-workspace/.dependencies/checkouts/Spezi/Sources/Spezi/Notifications/SpeziNotificationCenterDelegate.swift /Users/admin/builder/spi-builder-workspace/.dependencies/checkouts/Spezi/Sources/Spezi/Spezi/KnowledgeSources/ImplicitlyCreatedModulesKey.swift /Users/admin/builder/spi-builder-workspace/.dependencies/checkouts/Spezi/Sources/Spezi/Spezi/KnowledgeSources/LaunchOptionsKey.swift -primary-file /Users/admin/builder/spi-builder-workspace/.dependencies/checkouts/Spezi/Sources/Spezi/Spezi/KnowledgeSources/SpeziAnchor.swift -primary-file /Users/admin/builder/spi-builder-workspace/.dependencies/checkouts/Spezi/Sources/Spezi/Spezi/KnowledgeSources/SpeziStorage.swift -primary-file /Users/admin/builder/spi-builder-workspace/.dependencies/checkouts/Spezi/Sources/Spezi/Spezi/KnowledgeSources/StoredModulesKey.swift -primary-file /Users/admin/builder/spi-builder-workspace/.dependencies/checkouts/Spezi/Sources/Spezi/Spezi/ModuleDescription.swift -primary-file /Users/admin/builder/spi-builder-workspace/.dependencies/checkouts/Spezi/Sources/Spezi/Spezi/ServiceModuleGroup.swift -primary-file /Users/admin/builder/spi-builder-workspace/.dependencies/checkouts/Spezi/Sources/Spezi/Spezi/Spezi+Logger.swift /Users/admin/builder/spi-builder-workspace/.dependencies/checkouts/Spezi/Sources/Spezi/Spezi/Spezi+Preview.swift /Users/admin/builder/spi-builder-workspace/.dependencies/checkouts/Spezi/Sources/Spezi/Spezi/Spezi+Spezi.swift /Users/admin/builder/spi-builder-workspace/.dependencies/checkouts/Spezi/Sources/Spezi/Spezi/Spezi.swift /Users/admin/builder/spi-builder-workspace/.dependencies/checkouts/Spezi/Sources/Spezi/Spezi/SpeziAppDelegate.swift /Users/admin/builder/spi-builder-workspace/.dependencies/checkouts/Spezi/Sources/Spezi/Spezi/SpeziModuleError.swift /Users/admin/builder/spi-builder-workspace/.dependencies/checkouts/Spezi/Sources/Spezi/Spezi/SpeziPropertyWrapper.swift /Users/admin/builder/spi-builder-workspace/.dependencies/checkouts/Spezi/Sources/Spezi/Spezi/SpeziSceneDelegate.swift /Users/admin/builder/spi-builder-workspace/.dependencies/checkouts/Spezi/Sources/Spezi/Spezi/View+Spezi.swift /Users/admin/builder/spi-builder-workspace/.dependencies/checkouts/Spezi/Sources/Spezi/Standard/DefaultStandard.swift /Users/admin/builder/spi-builder-workspace/.dependencies/checkouts/Spezi/Sources/Spezi/Standard/Module+Standard.swift /Users/admin/builder/spi-builder-workspace/.dependencies/checkouts/Spezi/Sources/Spezi/Standard/Standard.swift /Users/admin/builder/spi-builder-workspace/.dependencies/checkouts/Spezi/Sources/Spezi/Standard/StandardPropertyWrapper.swift /Users/admin/builder/spi-builder-workspace/.dependencies/checkouts/Spezi/Sources/Spezi/Utilities/Application+TypeAlias.swift /Users/admin/builder/spi-builder-workspace/.dependencies/checkouts/Spezi/Sources/Spezi/Utilities/ApplicationDelegate.swift /Users/admin/builder/spi-builder-workspace/.dependencies/checkouts/Spezi/Sources/Spezi/Utilities/ApplicationDelegateAdaptor.swift /Users/admin/builder/spi-builder-workspace/.dependencies/checkouts/Spezi/Sources/Spezi/Utilities/DynamicReference.swift /Users/admin/builder/spi-builder-workspace/.dependencies/checkouts/Spezi/Sources/Spezi/Utilities/Module+Properties.swift /Users/admin/builder/spi-builder-workspace/.dependencies/checkouts/Spezi/Sources/Spezi/Utilities/ProcessInfo+PreviewSimulator.swift -supplementary-output-file-map /Users/admin/builder/spi-builder-workspace/.derivedData/Build/Intermediates.noindex/Spezi.build/Debug/Spezi.build/Objects-normal/arm64/supplementaryOutputs-263 -emit-localized-strings -emit-localized-strings-path /Users/admin/builder/spi-builder-workspace/.derivedData/Build/Intermediates.noindex/Spezi.build/Debug/Spezi.build/Objects-normal/arm64 -target arm64-apple-macos14.0 -Xllvm -aarch64-use-tbi -enable-objc-interop -stack-check -sdk /Applications/Xcode-16.3.0.app/Contents/Developer/Platforms/MacOSX.platform/Developer/SDKs/MacOSX15.4.sdk -I /Users/admin/builder/spi-builder-workspace/.derivedData/Build/Products/Debug -I /Applications/Xcode-16.3.0.app/Contents/Developer/Platforms/MacOSX.platform/Developer/usr/lib -F /Users/admin/builder/spi-builder-workspace/.derivedData/Build/Products/Debug/PackageFrameworks -F /Users/admin/builder/spi-builder-workspace/.derivedData/Build/Products/Debug/PackageFrameworks -F /Users/admin/builder/spi-builder-workspace/.derivedData/Build/Products/Debug/PackageFrameworks -F /Users/admin/builder/spi-builder-workspace/.derivedData/Build/Products/Debug/PackageFrameworks -F /Users/admin/builder/spi-builder-workspace/.derivedData/Build/Products/Debug/PackageFrameworks -F /Users/admin/builder/spi-builder-workspace/.derivedData/Build/Products/Debug/PackageFrameworks -F /Users/admin/builder/spi-builder-workspace/.derivedData/Build/Products/Debug/PackageFrameworks -F /Users/admin/builder/spi-builder-workspace/.derivedData/Build/Products/Debug/PackageFrameworks -F /Users/admin/builder/spi-builder-workspace/.derivedData/Build/Products/Debug/PackageFrameworks -F /Users/admin/builder/spi-builder-workspace/.derivedData/Build/Products/Debug/PackageFrameworks -F /Users/admin/builder/spi-builder-workspace/.derivedData/Build/Products/Debug/PackageFrameworks -F /Users/admin/builder/spi-builder-workspace/.derivedData/Build/Products/Debug -F /Applications/Xcode-16.3.0.app/Contents/Developer/Platforms/MacOSX.platform/Developer/Library/Frameworks -no-color-diagnostics -enable-testing -g -debug-info-format\=dwarf -dwarf-version\=4 -module-cache-path /Users/admin/builder/spi-builder-workspace/.derivedData/ModuleCache.noindex -suppress-warnings -profile-generate -profile-coverage-mapping -swift-version 6 -enforce-exclusivity\=checked -Onone -D SWIFT_PACKAGE -D DEBUG -D Xcode -serialize-debugging-options -const-gather-protocols-file /Users/admin/builder/spi-builder-workspace/.derivedData/Build/Intermediates.noindex/Spezi.build/Debug/Spezi.build/Objects-normal/arm64/Spezi_const_extract_protocols.json -enable-upcoming-feature ExistentialAny -enable-experimental-feature DebugDescriptionMacro -empty-abi-descriptor -plugin-path /Applications/Xcode-16.3.0.app/Contents/Developer/Toolchains/XcodeDefault.xctoolchain/usr/lib/swift/host/plugins/testing -user-module-version 1.10.2 -validate-clang-modules-once -clang-build-session-file /Users/admin/builder/spi-builder-workspace/.derivedData/ModuleCache.noindex/Session.modulevalidation -Xcc -working-directory -Xcc /Users/admin/builder/spi-builder-workspace/.swiftpm/xcode -resource-dir /Applications/Xcode-16.3.0.app/Contents/Developer/Toolchains/XcodeDefault.xctoolchain/usr/lib/swift -enable-anonymous-context-mangled-names -file-compilation-dir /Users/admin/builder/spi-builder-workspace/.swiftpm/xcode -Xcc -fmodule-map-file\=/Users/admin/builder/spi-builder-workspace/.derivedData/Build/Intermediates.noindex/GeneratedModuleMaps/SpeziFoundationObjC.modulemap -Xcc -ivfsstatcache -Xcc /Users/admin/builder/spi-builder-workspace/.derivedData/SDKStatCaches.noindex/macosx15.4-24E241-8287b8f5db97e746a1562fbca0c9d29b.sdkstatcache -Xcc -I/Users/admin/builder/spi-builder-workspace/.derivedData/Build/Intermediates.noindex/Spezi.build/Debug/Spezi.build/swift-overrides.hmap -Xcc -I/Users/admin/builder/spi-builder-workspace/.dependencies/checkouts/swift-atomics/Sources/_AtomicsShims/include -Xcc -I/Users/admin/builder/spi-builder-workspace/.dependencies/checkouts/swift-numerics/Sources/_NumericsShims/include -Xcc -I/Users/admin/builder/spi-builder-workspace/.dependencies/checkouts/SpeziFoundation/Sources/SpeziFoundationObjC/include -Xcc -I/Users/admin/builder/spi-builder-workspace/.derivedData/Build/Products/Debug/include -Xcc -I/Users/admin/builder/spi-builder-workspace/.derivedData/Build/Intermediates.noindex/Spezi.build/Debug/Spezi.build/DerivedSources-normal/arm64 -Xcc -I/Users/admin/builder/spi-builder-workspace/.derivedData/Build/Intermediates.noindex/Spezi.build/Debug/Spezi.build/DerivedSources/arm64 -Xcc -I/Users/admin/builder/spi-builder-workspace/.derivedData/Build/Intermediates.noindex/Spezi.build/Debug/Spezi.build/DerivedSources -Xcc -DSWIFT_PACKAGE -Xcc -DDEBUG\=1 -module-name Spezi -package-name spezi -frontend-parseable-output -disable-clang-spi -target-sdk-version 15.4 -target-sdk-name macosx15.4 -external-plugin-path /Applications/Xcode-16.3.0.app/Contents/Developer/Platforms/MacOSX.platform/Developer/usr/lib/swift/host/plugins\#/Applications/Xcode-16.3.0.app/Contents/Developer/Platforms/MacOSX.platform/Developer/usr/bin/swift-plugin-server -external-plugin-path /Applications/Xcode-16.3.0.app/Contents/Developer/Platforms/MacOSX.platform/Developer/usr/local/lib/swift/host/plugins\#/Applications/Xcode-16.3.0.app/Contents/Developer/Platforms/MacOSX.platform/Developer/usr/bin/swift-plugin-server -in-process-plugin-server-path /Applications/Xcode-16.3.0.app/Contents/Developer/Toolchains/XcodeDefault.xctoolchain/usr/lib/swift/host/libSwiftInProcPluginServer.dylib -plugin-path /Applications/Xcode-16.3.0.app/Contents/Developer/Toolchains/XcodeDefault.xctoolchain/usr/lib/swift/host/plugins -plugin-path /Applications/Xcode-16.3.0.app/Contents/Developer/Toolchains/XcodeDefault.xctoolchain/usr/local/lib/swift/host/plugins -o /Users/admin/builder/spi-builder-workspace/.derivedData/Build/Intermediates.noindex/Spezi.build/Debug/Spezi.build/Objects-normal/arm64/SpeziAnchor.o -o /Users/admin/builder/spi-builder-workspace/.derivedData/Build/Intermediates.noindex/Spezi.build/Debug/Spezi.build/Objects-normal/arm64/SpeziStorage.o -o /Users/admin/builder/spi-builder-workspace/.derivedData/Build/Intermediates.noindex/Spezi.build/Debug/Spezi.build/Objects-normal/arm64/StoredModulesKey.o -o /Users/admin/builder/spi-builder-workspace/.derivedData/Build/Intermediates.noindex/Spezi.build/Debug/Spezi.build/Objects-normal/arm64/ModuleDescription.o -o /Users/admin/builder/spi-builder-workspace/.derivedData/Build/Intermediates.noindex/Spezi.build/Debug/Spezi.build/Objects-normal/arm64/ServiceModuleGroup.o -o /Users/admin/builder/spi-builder-workspace/.derivedData/Build/Intermediates.noindex/Spezi.build/Debug/Spezi.build/Objects-normal/arm64/Spezi+Logger.o -index-unit-output-path /Spezi.build/Debug/Spezi.build/Objects-normal/arm64/SpeziAnchor.o -index-unit-output-path /Spezi.build/Debug/Spezi.build/Objects-normal/arm64/SpeziStorage.o -index-unit-output-path /Spezi.build/Debug/Spezi.build/Objects-normal/arm64/StoredModulesKey.o -index-unit-output-path /Spezi.build/Debug/Spezi.build/Objects-normal/arm64/ModuleDescription.o -index-unit-output-path /Spezi.build/Debug/Spezi.build/Objects-normal/arm64/ServiceModuleGroup.o -index-unit-output-path /Spezi.build/Debug/Spezi.build/Objects-normal/arm64/Spezi+Logger.o -index-store-path /Users/admin/builder/spi-builder-workspace/.derivedData/Index.noindex/DataStore -index-system-modules
SwiftCompile normal arm64 /Users/admin/builder/spi-builder-workspace/.dependencies/checkouts/Spezi/Sources/Spezi/Spezi/KnowledgeSources/SpeziAnchor.swift (in target 'Spezi' from project 'Spezi')
    cd /Users/admin/builder/spi-builder-workspace/.swiftpm/xcode

SwiftCompile normal arm64 /Users/admin/builder/spi-builder-workspace/.dependencies/checkouts/Spezi/Sources/Spezi/Spezi/KnowledgeSources/SpeziStorage.swift (in target 'Spezi' from project 'Spezi')
    cd /Users/admin/builder/spi-builder-workspace/.swiftpm/xcode

SwiftCompile normal arm64 /Users/admin/builder/spi-builder-workspace/.dependencies/checkouts/Spezi/Sources/Spezi/Spezi/KnowledgeSources/StoredModulesKey.swift (in target 'Spezi' from project 'Spezi')
    cd /Users/admin/builder/spi-builder-workspace/.swiftpm/xcode

/Users/admin/builder/spi-builder-workspace/.dependencies/checkouts/Spezi/Sources/Spezi/Module/Module.swift:12:36: error: cannot find type 'SendableMetatype' in scope
public protocol Module: AnyObject, SendableMetatype {
                                   ^~~~~~~~~~~~~~~~
SwiftCompile normal arm64 /Users/admin/builder/spi-builder-workspace/.dependencies/checkouts/Spezi/Sources/Spezi/Spezi/ModuleDescription.swift (in target 'Spezi' from project 'Spezi')
    cd /Users/admin/builder/spi-builder-workspace/.swiftpm/xcode

SwiftCompile normal arm64 /Users/admin/builder/spi-builder-workspace/.dependencies/checkouts/Spezi/Sources/Spezi/Spezi/ServiceModuleGroup.swift (in target 'Spezi' from project 'Spezi')
    cd /Users/admin/builder/spi-builder-workspace/.swiftpm/xcode

SwiftCompile normal arm64 /Users/admin/builder/spi-builder-workspace/.dependencies/checkouts/Spezi/Sources/Spezi/Spezi/Spezi+Logger.swift (in target 'Spezi' from project 'Spezi')
    cd /Users/admin/builder/spi-builder-workspace/.swiftpm/xcode

SwiftDriverJobDiscovery normal arm64 Emitting module for MLXNN (in target 'MLXNN' from project 'mlx-swift')
SwiftDriver\ Compilation\ Requirements MLXNN normal arm64 com.apple.xcode.tools.swift.compiler (in target 'MLXNN' from project 'mlx-swift')
    cd /Users/admin/builder/spi-builder-workspace/.swiftpm/xcode
    builtin-Swift-Compilation-Requirements -- /Applications/Xcode-16.3.0.app/Contents/Developer/Toolchains/XcodeDefault.xctoolchain/usr/bin/swiftc -module-name MLXNN -Onone -enforce-exclusivity\=checked @/Users/admin/builder/spi-builder-workspace/.derivedData/Build/Intermediates.noindex/mlx-swift.build/Debug/MLXNN.build/Objects-normal/arm64/MLXNN.SwiftFileList -DSWIFT_PACKAGE -DDEBUG -DXcode -enable-experimental-feature StrictConcurrency -plugin-path /Applications/Xcode-16.3.0.app/Contents/Developer/Toolchains/XcodeDefault.xctoolchain/usr/lib/swift/host/plugins/testing -enable-experimental-feature DebugDescriptionMacro -sdk /Applications/Xcode-16.3.0.app/Contents/Developer/Platforms/MacOSX.platform/Developer/SDKs/MacOSX15.4.sdk -target arm64-apple-macos13.3 -g -module-cache-path /Users/admin/builder/spi-builder-workspace/.derivedData/ModuleCache.noindex -Xfrontend -serialize-debugging-options -profile-coverage-mapping -profile-generate -enable-testing -suppress-warnings -index-store-path /Users/admin/builder/spi-builder-workspace/.derivedData/Index.noindex/DataStore -swift-version 5 -I /Users/admin/builder/spi-builder-workspace/.derivedData/Build/Products/Debug -I /Applications/Xcode-16.3.0.app/Contents/Developer/Platforms/MacOSX.platform/Developer/usr/lib -F /Users/admin/builder/spi-builder-workspace/.derivedData/Build/Products/Debug/PackageFrameworks -F /Users/admin/builder/spi-builder-workspace/.derivedData/Build/Products/Debug/PackageFrameworks -F /Users/admin/builder/spi-builder-workspace/.derivedData/Build/Products/Debug/PackageFrameworks -F /Users/admin/builder/spi-builder-workspace/.derivedData/Build/Products/Debug/PackageFrameworks -F /Users/admin/builder/spi-builder-workspace/.derivedData/Build/Products/Debug/PackageFrameworks -F /Users/admin/builder/spi-builder-workspace/.derivedData/Build/Products/Debug/PackageFrameworks -F /Users/admin/builder/spi-builder-workspace/.derivedData/Build/Products/Debug/PackageFrameworks -F /Users/admin/builder/spi-builder-workspace/.derivedData/Build/Products/Debug/PackageFrameworks -F /Users/admin/builder/spi-builder-workspace/.derivedData/Build/Products/Debug -F /Applications/Xcode-16.3.0.app/Contents/Developer/Platforms/MacOSX.platform/Developer/Library/Frameworks -c -j10 -enable-batch-mode -incremental -Xcc -ivfsstatcache -Xcc /Users/admin/builder/spi-builder-workspace/.derivedData/SDKStatCaches.noindex/macosx15.4-24E241-8287b8f5db97e746a1562fbca0c9d29b.sdkstatcache -output-file-map /Users/admin/builder/spi-builder-workspace/.derivedData/Build/Intermediates.noindex/mlx-swift.build/Debug/MLXNN.build/Objects-normal/arm64/MLXNN-OutputFileMap.json -use-frontend-parseable-output -save-temps -no-color-diagnostics -serialize-diagnostics -emit-dependencies -emit-module -emit-module-path /Users/admin/builder/spi-builder-workspace/.derivedData/Build/Intermediates.noindex/mlx-swift.build/Debug/MLXNN.build/Objects-normal/arm64/MLXNN.swiftmodule -validate-clang-modules-once -clang-build-session-file /Users/admin/builder/spi-builder-workspace/.derivedData/ModuleCache.noindex/Session.modulevalidation -package-name mlx_swift -Xcc -I/Users/admin/builder/spi-builder-workspace/.derivedData/Build/Intermediates.noindex/mlx-swift.build/Debug/MLXNN.build/swift-overrides.hmap -emit-const-values -Xfrontend -const-gather-protocols-file -Xfrontend /Users/admin/builder/spi-builder-workspace/.derivedData/Build/Intermediates.noindex/mlx-swift.build/Debug/MLXNN.build/Objects-normal/arm64/MLXNN_const_extract_protocols.json -Xcc -I/Users/admin/builder/spi-builder-workspace/.dependencies/checkouts/swift-numerics/Sources/_NumericsShims/include -Xcc -I/Users/admin/builder/spi-builder-workspace/.dependencies/checkouts/mlx-swift/Source/Cmlx/include -Xcc -I/Users/admin/builder/spi-builder-workspace/.derivedData/Build/Products/Debug/include -Xcc -I/Users/admin/builder/spi-builder-workspace/.derivedData/Build/Intermediates.noindex/mlx-swift.build/Debug/MLXNN.build/DerivedSources-normal/arm64 -Xcc -I/Users/admin/builder/spi-builder-workspace/.derivedData/Build/Intermediates.noindex/mlx-swift.build/Debug/MLXNN.build/DerivedSources/arm64 -Xcc -I/Users/admin/builder/spi-builder-workspace/.derivedData/Build/Intermediates.noindex/mlx-swift.build/Debug/MLXNN.build/DerivedSources -Xcc -DSWIFT_PACKAGE -Xcc -DDEBUG\=1 -emit-objc-header -emit-objc-header-path /Users/admin/builder/spi-builder-workspace/.derivedData/Build/Intermediates.noindex/mlx-swift.build/Debug/MLXNN.build/Objects-normal/arm64/MLXNN-Swift.h -working-directory /Users/admin/builder/spi-builder-workspace/.swiftpm/xcode -experimental-emit-module-separately -disable-cmo
SwiftDriverJobDiscovery normal arm64 Compiling Recurrent.swift, Transformer.swift (in target 'MLXNN' from project 'mlx-swift')
SwiftCompile normal arm64 Compiling\ DependencyContext.swift,\ DependencyDeclaration.swift,\ DependencyPropertyWrapper.swift,\ Module+Dependencies.swift,\ DependencyReference.swift,\ ModuleReference.swift,\ Module.swift /Users/admin/builder/spi-builder-workspace/.dependencies/checkouts/Spezi/Sources/Spezi/Dependencies/Property/DependencyContext.swift /Users/admin/builder/spi-builder-workspace/.dependencies/checkouts/Spezi/Sources/Spezi/Dependencies/Property/DependencyDeclaration.swift /Users/admin/builder/spi-builder-workspace/.dependencies/checkouts/Spezi/Sources/Spezi/Dependencies/Property/DependencyPropertyWrapper.swift /Users/admin/builder/spi-builder-workspace/.dependencies/checkouts/Spezi/Sources/Spezi/Dependencies/Property/Module+Dependencies.swift /Users/admin/builder/spi-builder-workspace/.dependencies/checkouts/Spezi/Sources/Spezi/Dependencies/Wrapper/DependencyReference.swift /Users/admin/builder/spi-builder-workspace/.dependencies/checkouts/Spezi/Sources/Spezi/Dependencies/Wrapper/ModuleReference.swift /Users/admin/builder/spi-builder-workspace/.dependencies/checkouts/Spezi/Sources/Spezi/Module/Module.swift (in target 'Spezi' from project 'Spezi')
SwiftCompile normal arm64 /Users/admin/builder/spi-builder-workspace/.dependencies/checkouts/Spezi/Sources/Spezi/Dependencies/Property/DependencyContext.swift (in target 'Spezi' from project 'Spezi')
    cd /Users/admin/builder/spi-builder-workspace/.swiftpm/xcode

SwiftCompile normal arm64 /Users/admin/builder/spi-builder-workspace/.dependencies/checkouts/Spezi/Sources/Spezi/Dependencies/Property/DependencyDeclaration.swift (in target 'Spezi' from project 'Spezi')
    cd /Users/admin/builder/spi-builder-workspace/.swiftpm/xcode

SwiftCompile normal arm64 /Users/admin/builder/spi-builder-workspace/.dependencies/checkouts/Spezi/Sources/Spezi/Dependencies/Property/DependencyPropertyWrapper.swift (in target 'Spezi' from project 'Spezi')
    cd /Users/admin/builder/spi-builder-workspace/.swiftpm/xcode

SwiftCompile normal arm64 /Users/admin/builder/spi-builder-workspace/.dependencies/checkouts/Spezi/Sources/Spezi/Dependencies/Property/Module+Dependencies.swift (in target 'Spezi' from project 'Spezi')
    cd /Users/admin/builder/spi-builder-workspace/.swiftpm/xcode

SwiftCompile normal arm64 /Users/admin/builder/spi-builder-workspace/.dependencies/checkouts/Spezi/Sources/Spezi/Dependencies/Wrapper/DependencyReference.swift (in target 'Spezi' from project 'Spezi')
    cd /Users/admin/builder/spi-builder-workspace/.swiftpm/xcode

SwiftCompile normal arm64 /Users/admin/builder/spi-builder-workspace/.dependencies/checkouts/Spezi/Sources/Spezi/Dependencies/Wrapper/ModuleReference.swift (in target 'Spezi' from project 'Spezi')
    cd /Users/admin/builder/spi-builder-workspace/.swiftpm/xcode

SwiftCompile normal arm64 /Users/admin/builder/spi-builder-workspace/.dependencies/checkouts/Spezi/Sources/Spezi/Module/Module.swift (in target 'Spezi' from project 'Spezi')
    cd /Users/admin/builder/spi-builder-workspace/.swiftpm/xcode

SwiftMergeGeneratedHeaders /Users/admin/builder/spi-builder-workspace/.derivedData/Build/Intermediates.noindex/GeneratedModuleMaps/MLXNN-Swift.h /Users/admin/builder/spi-builder-workspace/.derivedData/Build/Intermediates.noindex/mlx-swift.build/Debug/MLXNN.build/Objects-normal/arm64/MLXNN-Swift.h (in target 'MLXNN' from project 'mlx-swift')
    cd /Users/admin/builder/spi-builder-workspace/.dependencies/checkouts/mlx-swift
    builtin-swiftHeaderTool -arch arm64 /Users/admin/builder/spi-builder-workspace/.derivedData/Build/Intermediates.noindex/mlx-swift.build/Debug/MLXNN.build/Objects-normal/arm64/MLXNN-Swift.h -o /Users/admin/builder/spi-builder-workspace/.derivedData/Build/Intermediates.noindex/GeneratedModuleMaps/MLXNN-Swift.h
SwiftDriverJobDiscovery normal arm64 Compiling Other.swift (in target 'SpeziLocalization' from project 'SpeziFoundation')
Copy /Users/admin/builder/spi-builder-workspace/.derivedData/Build/Products/Debug/MLXNN.swiftmodule/arm64-apple-macos.swiftmodule /Users/admin/builder/spi-builder-workspace/.derivedData/Build/Intermediates.noindex/mlx-swift.build/Debug/MLXNN.build/Objects-normal/arm64/MLXNN.swiftmodule (in target 'MLXNN' from project 'mlx-swift')
    cd /Users/admin/builder/spi-builder-workspace/.dependencies/checkouts/mlx-swift
    builtin-copy -exclude .DS_Store -exclude CVS -exclude .svn -exclude .git -exclude .hg -resolve-src-symlinks -rename /Users/admin/builder/spi-builder-workspace/.derivedData/Build/Intermediates.noindex/mlx-swift.build/Debug/MLXNN.build/Objects-normal/arm64/MLXNN.swiftmodule /Users/admin/builder/spi-builder-workspace/.derivedData/Build/Products/Debug/MLXNN.swiftmodule/arm64-apple-macos.swiftmodule
Copy /Users/admin/builder/spi-builder-workspace/.derivedData/Build/Products/Debug/MLXNN.swiftmodule/arm64-apple-macos.swiftdoc /Users/admin/builder/spi-builder-workspace/.derivedData/Build/Intermediates.noindex/mlx-swift.build/Debug/MLXNN.build/Objects-normal/arm64/MLXNN.swiftdoc (in target 'MLXNN' from project 'mlx-swift')
    cd /Users/admin/builder/spi-builder-workspace/.dependencies/checkouts/mlx-swift
    builtin-copy -exclude .DS_Store -exclude CVS -exclude .svn -exclude .git -exclude .hg -resolve-src-symlinks -rename /Users/admin/builder/spi-builder-workspace/.derivedData/Build/Intermediates.noindex/mlx-swift.build/Debug/MLXNN.build/Objects-normal/arm64/MLXNN.swiftdoc /Users/admin/builder/spi-builder-workspace/.derivedData/Build/Products/Debug/MLXNN.swiftmodule/arm64-apple-macos.swiftdoc
SwiftDriverJobDiscovery normal arm64 Compiling LocaleMatchingBehaviour.swift (in target 'SpeziLocalization' from project 'SpeziFoundation')
Copy /Users/admin/builder/spi-builder-workspace/.derivedData/Build/Products/Debug/MLXNN.swiftmodule/arm64-apple-macos.abi.json /Users/admin/builder/spi-builder-workspace/.derivedData/Build/Intermediates.noindex/mlx-swift.build/Debug/MLXNN.build/Objects-normal/arm64/MLXNN.abi.json (in target 'MLXNN' from project 'mlx-swift')
    cd /Users/admin/builder/spi-builder-workspace/.dependencies/checkouts/mlx-swift
    builtin-copy -exclude .DS_Store -exclude CVS -exclude .svn -exclude .git -exclude .hg -resolve-src-symlinks -rename /Users/admin/builder/spi-builder-workspace/.derivedData/Build/Intermediates.noindex/mlx-swift.build/Debug/MLXNN.build/Objects-normal/arm64/MLXNN.abi.json /Users/admin/builder/spi-builder-workspace/.derivedData/Build/Products/Debug/MLXNN.swiftmodule/arm64-apple-macos.abi.json
Copy /Users/admin/builder/spi-builder-workspace/.derivedData/Build/Products/Debug/MLXNN.swiftmodule/Project/arm64-apple-macos.swiftsourceinfo /Users/admin/builder/spi-builder-workspace/.derivedData/Build/Intermediates.noindex/mlx-swift.build/Debug/MLXNN.build/Objects-normal/arm64/MLXNN.swiftsourceinfo (in target 'MLXNN' from project 'mlx-swift')
    cd /Users/admin/builder/spi-builder-workspace/.dependencies/checkouts/mlx-swift
    builtin-copy -exclude .DS_Store -exclude CVS -exclude .svn -exclude .git -exclude .hg -resolve-src-symlinks -rename /Users/admin/builder/spi-builder-workspace/.derivedData/Build/Intermediates.noindex/mlx-swift.build/Debug/MLXNN.build/Objects-normal/arm64/MLXNN.swiftsourceinfo /Users/admin/builder/spi-builder-workspace/.derivedData/Build/Products/Debug/MLXNN.swiftmodule/Project/arm64-apple-macos.swiftsourceinfo
SwiftCompile normal arm64 Compiling\ Application+TypeAlias.swift,\ ApplicationDelegate.swift,\ ApplicationDelegateAdaptor.swift,\ DynamicReference.swift,\ Module+Properties.swift,\ ProcessInfo+PreviewSimulator.swift /Users/admin/builder/spi-builder-workspace/.dependencies/checkouts/Spezi/Sources/Spezi/Utilities/Application+TypeAlias.swift /Users/admin/builder/spi-builder-workspace/.dependencies/checkouts/Spezi/Sources/Spezi/Utilities/ApplicationDelegate.swift /Users/admin/builder/spi-builder-workspace/.dependencies/checkouts/Spezi/Sources/Spezi/Utilities/ApplicationDelegateAdaptor.swift /Users/admin/builder/spi-builder-workspace/.dependencies/checkouts/Spezi/Sources/Spezi/Utilities/DynamicReference.swift /Users/admin/builder/spi-builder-workspace/.dependencies/checkouts/Spezi/Sources/Spezi/Utilities/Module+Properties.swift /Users/admin/builder/spi-builder-workspace/.dependencies/checkouts/Spezi/Sources/Spezi/Utilities/ProcessInfo+PreviewSimulator.swift (in target 'Spezi' from project 'Spezi')
Failed frontend command:
/Applications/Xcode-16.3.0.app/Contents/Developer/Toolchains/XcodeDefault.xctoolchain/usr/bin/swift-frontend -frontend -c /Users/admin/builder/spi-builder-workspace/.dependencies/checkouts/Spezi/Sources/Spezi/Capabilities/ApplicationPropertyWrapper.swift /Users/admin/builder/spi-builder-workspace/.dependencies/checkouts/Spezi/Sources/Spezi/Capabilities/Communication/CollectPropertyWrapper.swift /Users/admin/builder/spi-builder-workspace/.dependencies/checkouts/Spezi/Sources/Spezi/Capabilities/Communication/CollectedModuleValues.swift /Users/admin/builder/spi-builder-workspace/.dependencies/checkouts/Spezi/Sources/Spezi/Capabilities/Communication/ProvidePropertyWrapper.swift /Users/admin/builder/spi-builder-workspace/.dependencies/checkouts/Spezi/Sources/Spezi/Capabilities/Communication/StorageValueCollector.swift /Users/admin/builder/spi-builder-workspace/.dependencies/checkouts/Spezi/Sources/Spezi/Capabilities/Communication/StorageValueProvider.swift /Users/admin/builder/spi-builder-workspace/.dependencies/checkouts/Spezi/Sources/Spezi/Capabilities/Lifecycle/LifecycleHandler.swift /Users/admin/builder/spi-builder-workspace/.dependencies/checkouts/Spezi/Sources/Spezi/Capabilities/Lifecycle/ServiceModule.swift /Users/admin/builder/spi-builder-workspace/.dependencies/checkouts/Spezi/Sources/Spezi/Capabilities/Observable/EnvironmentAccessible.swift /Users/admin/builder/spi-builder-workspace/.dependencies/checkouts/Spezi/Sources/Spezi/Capabilities/Observable/ModelModifier.swift /Users/admin/builder/spi-builder-workspace/.dependencies/checkouts/Spezi/Sources/Spezi/Capabilities/Observable/ModelPropertyWrapper.swift /Users/admin/builder/spi-builder-workspace/.dependencies/checkouts/Spezi/Sources/Spezi/Capabilities/ViewModifier/ModifierPropertyWrapper.swift /Users/admin/builder/spi-builder-workspace/.dependencies/checkouts/Spezi/Sources/Spezi/Capabilities/ViewModifier/ViewModifierProvider.swift /Users/admin/builder/spi-builder-workspace/.dependencies/checkouts/Spezi/Sources/Spezi/Configuration/Configuration.swift /Users/admin/builder/spi-builder-workspace/.dependencies/checkouts/Spezi/Sources/Spezi/Dependencies/DefaultInitializable.swift /Users/admin/builder/spi-builder-workspace/.dependencies/checkouts/Spezi/Sources/Spezi/Dependencies/DependencyManager.swift /Users/admin/builder/spi-builder-workspace/.dependencies/checkouts/Spezi/Sources/Spezi/Dependencies/DependencyManagerError.swift /Users/admin/builder/spi-builder-workspace/.dependencies/checkouts/Spezi/Sources/Spezi/Dependencies/Module+DependencyRelation.swift /Users/admin/builder/spi-builder-workspace/.dependencies/checkouts/Spezi/Sources/Spezi/Dependencies/Property/DependencyBuilder.swift /Users/admin/builder/spi-builder-workspace/.dependencies/checkouts/Spezi/Sources/Spezi/Dependencies/Property/DependencyCollection.swift /Users/admin/builder/spi-builder-workspace/.dependencies/checkouts/Spezi/Sources/Spezi/Dependencies/Property/DependencyCollectionBuilder.swift /Users/admin/builder/spi-builder-workspace/.dependencies/checkouts/Spezi/Sources/Spezi/Dependencies/Property/DependencyContext.swift /Users/admin/builder/spi-builder-workspace/.dependencies/checkouts/Spezi/Sources/Spezi/Dependencies/Property/DependencyDeclaration.swift /Users/admin/builder/spi-builder-workspace/.dependencies/checkouts/Spezi/Sources/Spezi/Dependencies/Property/DependencyPropertyWrapper.swift /Users/admin/builder/spi-builder-workspace/.dependencies/checkouts/Spezi/Sources/Spezi/Dependencies/Property/Module+Dependencies.swift /Users/admin/builder/spi-builder-workspace/.dependencies/checkouts/Spezi/Sources/Spezi/Dependencies/Wrapper/DependencyReference.swift /Users/admin/builder/spi-builder-workspace/.dependencies/checkouts/Spezi/Sources/Spezi/Dependencies/Wrapper/ModuleReference.swift /Users/admin/builder/spi-builder-workspace/.dependencies/checkouts/Spezi/Sources/Spezi/Module/Module.swift /Users/admin/builder/spi-builder-workspace/.dependencies/checkouts/Spezi/Sources/Spezi/Module/ModuleBuilder.swift /Users/admin/builder/spi-builder-workspace/.dependencies/checkouts/Spezi/Sources/Spezi/Module/ModuleCollection.swift /Users/admin/builder/spi-builder-workspace/.dependencies/checkouts/Spezi/Sources/Spezi/Module/ModuleOwnership.swift /Users/admin/builder/spi-builder-workspace/.dependencies/checkouts/Spezi/Sources/Spezi/Notifications/BackgroundFetchResult.swift /Users/admin/builder/spi-builder-workspace/.dependencies/checkouts/Spezi/Sources/Spezi/Notifications/NotificationHandler.swift /Users/admin/builder/spi-builder-workspace/.dependencies/checkouts/Spezi/Sources/Spezi/Notifications/NotificationTokenHandler.swift /Users/admin/builder/spi-builder-workspace/.dependencies/checkouts/Spezi/Sources/Spezi/Notifications/RemoteNotificationRegistrationSupport.swift /Users/admin/builder/spi-builder-workspace/.dependencies/checkouts/Spezi/Sources/Spezi/Notifications/Spezi+RegisterRemoteNotificationsAction.swift /Users/admin/builder/spi-builder-workspace/.dependencies/checkouts/Spezi/Sources/Spezi/Notifications/Spezi+UnregisterRemoteNotifications.swift /Users/admin/builder/spi-builder-workspace/.dependencies/checkouts/Spezi/Sources/Spezi/Notifications/SpeziNotificationCenterDelegate.swift /Users/admin/builder/spi-builder-workspace/.dependencies/checkouts/Spezi/Sources/Spezi/Spezi/KnowledgeSources/ImplicitlyCreatedModulesKey.swift /Users/admin/builder/spi-builder-workspace/.dependencies/checkouts/Spezi/Sources/Spezi/Spezi/KnowledgeSources/LaunchOptionsKey.swift /Users/admin/builder/spi-builder-workspace/.dependencies/checkouts/Spezi/Sources/Spezi/Spezi/KnowledgeSources/SpeziAnchor.swift /Users/admin/builder/spi-builder-workspace/.dependencies/checkouts/Spezi/Sources/Spezi/Spezi/KnowledgeSources/SpeziStorage.swift /Users/admin/builder/spi-builder-workspace/.dependencies/checkouts/Spezi/Sources/Spezi/Spezi/KnowledgeSources/StoredModulesKey.swift /Users/admin/builder/spi-builder-workspace/.dependencies/checkouts/Spezi/Sources/Spezi/Spezi/ModuleDescription.swift /Users/admin/builder/spi-builder-workspace/.dependencies/checkouts/Spezi/Sources/Spezi/Spezi/ServiceModuleGroup.swift /Users/admin/builder/spi-builder-workspace/.dependencies/checkouts/Spezi/Sources/Spezi/Spezi/Spezi+Logger.swift /Users/admin/builder/spi-builder-workspace/.dependencies/checkouts/Spezi/Sources/Spezi/Spezi/Spezi+Preview.swift /Users/admin/builder/spi-builder-workspace/.dependencies/checkouts/Spezi/Sources/Spezi/Spezi/Spezi+Spezi.swift /Users/admin/builder/spi-builder-workspace/.dependencies/checkouts/Spezi/Sources/Spezi/Spezi/Spezi.swift /Users/admin/builder/spi-builder-workspace/.dependencies/checkouts/Spezi/Sources/Spezi/Spezi/SpeziAppDelegate.swift /Users/admin/builder/spi-builder-workspace/.dependencies/checkouts/Spezi/Sources/Spezi/Spezi/SpeziModuleError.swift /Users/admin/builder/spi-builder-workspace/.dependencies/checkouts/Spezi/Sources/Spezi/Spezi/SpeziPropertyWrapper.swift /Users/admin/builder/spi-builder-workspace/.dependencies/checkouts/Spezi/Sources/Spezi/Spezi/SpeziSceneDelegate.swift /Users/admin/builder/spi-builder-workspace/.dependencies/checkouts/Spezi/Sources/Spezi/Spezi/View+Spezi.swift /Users/admin/builder/spi-builder-workspace/.dependencies/checkouts/Spezi/Sources/Spezi/Standard/DefaultStandard.swift /Users/admin/builder/spi-builder-workspace/.dependencies/checkouts/Spezi/Sources/Spezi/Standard/Module+Standard.swift /Users/admin/builder/spi-builder-workspace/.dependencies/checkouts/Spezi/Sources/Spezi/Standard/Standard.swift /Users/admin/builder/spi-builder-workspace/.dependencies/checkouts/Spezi/Sources/Spezi/Standard/StandardPropertyWrapper.swift -primary-file /Users/admin/builder/spi-builder-workspace/.dependencies/checkouts/Spezi/Sources/Spezi/Utilities/Application+TypeAlias.swift -primary-file /Users/admin/builder/spi-builder-workspace/.dependencies/checkouts/Spezi/Sources/Spezi/Utilities/ApplicationDelegate.swift -primary-file /Users/admin/builder/spi-builder-workspace/.dependencies/checkouts/Spezi/Sources/Spezi/Utilities/ApplicationDelegateAdaptor.swift -primary-file /Users/admin/builder/spi-builder-workspace/.dependencies/checkouts/Spezi/Sources/Spezi/Utilities/DynamicReference.swift -primary-file /Users/admin/builder/spi-builder-workspace/.dependencies/checkouts/Spezi/Sources/Spezi/Utilities/Module+Properties.swift -primary-file /Users/admin/builder/spi-builder-workspace/.dependencies/checkouts/Spezi/Sources/Spezi/Utilities/ProcessInfo+PreviewSimulator.swift -supplementary-output-file-map /Users/admin/builder/spi-builder-workspace/.derivedData/Build/Intermediates.noindex/Spezi.build/Debug/Spezi.build/Objects-normal/arm64/supplementaryOutputs-266 -emit-localized-strings -emit-localized-strings-path /Users/admin/builder/spi-builder-workspace/.derivedData/Build/Intermediates.noindex/Spezi.build/Debug/Spezi.build/Objects-normal/arm64 -target arm64-apple-macos14.0 -Xllvm -aarch64-use-tbi -enable-objc-interop -stack-check -sdk /Applications/Xcode-16.3.0.app/Contents/Developer/Platforms/MacOSX.platform/Developer/SDKs/MacOSX15.4.sdk -I /Users/admin/builder/spi-builder-workspace/.derivedData/Build/Products/Debug -I /Applications/Xcode-16.3.0.app/Contents/Developer/Platforms/MacOSX.platform/Developer/usr/lib -F /Users/admin/builder/spi-builder-workspace/.derivedData/Build/Products/Debug/PackageFrameworks -F /Users/admin/builder/spi-builder-workspace/.derivedData/Build/Products/Debug/PackageFrameworks -F /Users/admin/builder/spi-builder-workspace/.derivedData/Build/Products/Debug/PackageFrameworks -F /Users/admin/builder/spi-builder-workspace/.derivedData/Build/Products/Debug/PackageFrameworks -F /Users/admin/builder/spi-builder-workspace/.derivedData/Build/Products/Debug/PackageFrameworks -F /Users/admin/builder/spi-builder-workspace/.derivedData/Build/Products/Debug/PackageFrameworks -F /Users/admin/builder/spi-builder-workspace/.derivedData/Build/Products/Debug/PackageFrameworks -F /Users/admin/builder/spi-builder-workspace/.derivedData/Build/Products/Debug/PackageFrameworks -F /Users/admin/builder/spi-builder-workspace/.derivedData/Build/Products/Debug/PackageFrameworks -F /Users/admin/builder/spi-builder-workspace/.derivedData/Build/Products/Debug/PackageFrameworks -F /Users/admin/builder/spi-builder-workspace/.derivedData/Build/Products/Debug/PackageFrameworks -F /Users/admin/builder/spi-builder-workspace/.derivedData/Build/Products/Debug -F /Applications/Xcode-16.3.0.app/Contents/Developer/Platforms/MacOSX.platform/Developer/Library/Frameworks -no-color-diagnostics -enable-testing -g -debug-info-format\=dwarf -dwarf-version\=4 -module-cache-path /Users/admin/builder/spi-builder-workspace/.derivedData/ModuleCache.noindex -suppress-warnings -profile-generate -profile-coverage-mapping -swift-version 6 -enforce-exclusivity\=checked -Onone -D SWIFT_PACKAGE -D DEBUG -D Xcode -serialize-debugging-options -const-gather-protocols-file /Users/admin/builder/spi-builder-workspace/.derivedData/Build/Intermediates.noindex/Spezi.build/Debug/Spezi.build/Objects-normal/arm64/Spezi_const_extract_protocols.json -enable-upcoming-feature ExistentialAny -enable-experimental-feature DebugDescriptionMacro -empty-abi-descriptor -plugin-path /Applications/Xcode-16.3.0.app/Contents/Developer/Toolchains/XcodeDefault.xctoolchain/usr/lib/swift/host/plugins/testing -user-module-version 1.10.2 -validate-clang-modules-once -clang-build-session-file /Users/admin/builder/spi-builder-workspace/.derivedData/ModuleCache.noindex/Session.modulevalidation -Xcc -working-directory -Xcc /Users/admin/builder/spi-builder-workspace/.swiftpm/xcode -resource-dir /Applications/Xcode-16.3.0.app/Contents/Developer/Toolchains/XcodeDefault.xctoolchain/usr/lib/swift -enable-anonymous-context-mangled-names -file-compilation-dir /Users/admin/builder/spi-builder-workspace/.swiftpm/xcode -Xcc -fmodule-map-file\=/Users/admin/builder/spi-builder-workspace/.derivedData/Build/Intermediates.noindex/GeneratedModuleMaps/SpeziFoundationObjC.modulemap -Xcc -ivfsstatcache -Xcc /Users/admin/builder/spi-builder-workspace/.derivedData/SDKStatCaches.noindex/macosx15.4-24E241-8287b8f5db97e746a1562fbca0c9d29b.sdkstatcache -Xcc -I/Users/admin/builder/spi-builder-workspace/.derivedData/Build/Intermediates.noindex/Spezi.build/Debug/Spezi.build/swift-overrides.hmap -Xcc -I/Users/admin/builder/spi-builder-workspace/.dependencies/checkouts/swift-atomics/Sources/_AtomicsShims/include -Xcc -I/Users/admin/builder/spi-builder-workspace/.dependencies/checkouts/swift-numerics/Sources/_NumericsShims/include -Xcc -I/Users/admin/builder/spi-builder-workspace/.dependencies/checkouts/SpeziFoundation/Sources/SpeziFoundationObjC/include -Xcc -I/Users/admin/builder/spi-builder-workspace/.derivedData/Build/Products/Debug/include -Xcc -I/Users/admin/builder/spi-builder-workspace/.derivedData/Build/Intermediates.noindex/Spezi.build/Debug/Spezi.build/DerivedSources-normal/arm64 -Xcc -I/Users/admin/builder/spi-builder-workspace/.derivedData/Build/Intermediates.noindex/Spezi.build/Debug/Spezi.build/DerivedSources/arm64 -Xcc -I/Users/admin/builder/spi-builder-workspace/.derivedData/Build/Intermediates.noindex/Spezi.build/Debug/Spezi.build/DerivedSources -Xcc -DSWIFT_PACKAGE -Xcc -DDEBUG\=1 -module-name Spezi -package-name spezi -frontend-parseable-output -disable-clang-spi -target-sdk-version 15.4 -target-sdk-name macosx15.4 -external-plugin-path /Applications/Xcode-16.3.0.app/Contents/Developer/Platforms/MacOSX.platform/Developer/usr/lib/swift/host/plugins\#/Applications/Xcode-16.3.0.app/Contents/Developer/Platforms/MacOSX.platform/Developer/usr/bin/swift-plugin-server -external-plugin-path /Applications/Xcode-16.3.0.app/Contents/Developer/Platforms/MacOSX.platform/Developer/usr/local/lib/swift/host/plugins\#/Applications/Xcode-16.3.0.app/Contents/Developer/Platforms/MacOSX.platform/Developer/usr/bin/swift-plugin-server -in-process-plugin-server-path /Applications/Xcode-16.3.0.app/Contents/Developer/Toolchains/XcodeDefault.xctoolchain/usr/lib/swift/host/libSwiftInProcPluginServer.dylib -plugin-path /Applications/Xcode-16.3.0.app/Contents/Developer/Toolchains/XcodeDefault.xctoolchain/usr/lib/swift/host/plugins -plugin-path /Applications/Xcode-16.3.0.app/Contents/Developer/Toolchains/XcodeDefault.xctoolchain/usr/local/lib/swift/host/plugins -o /Users/admin/builder/spi-builder-workspace/.derivedData/Build/Intermediates.noindex/Spezi.build/Debug/Spezi.build/Objects-normal/arm64/Application+TypeAlias.o -o /Users/admin/builder/spi-builder-workspace/.derivedData/Build/Intermediates.noindex/Spezi.build/Debug/Spezi.build/Objects-normal/arm64/ApplicationDelegate.o -o /Users/admin/builder/spi-builder-workspace/.derivedData/Build/Intermediates.noindex/Spezi.build/Debug/Spezi.build/Objects-normal/arm64/ApplicationDelegateAdaptor.o -o /Users/admin/builder/spi-builder-workspace/.derivedData/Build/Intermediates.noindex/Spezi.build/Debug/Spezi.build/Objects-normal/arm64/DynamicReference.o -o /Users/admin/builder/spi-builder-workspace/.derivedData/Build/Intermediates.noindex/Spezi.build/Debug/Spezi.build/Objects-normal/arm64/Module+Properties.o -o /Users/admin/builder/spi-builder-workspace/.derivedData/Build/Intermediates.noindex/Spezi.build/Debug/Spezi.build/Objects-normal/arm64/ProcessInfo+PreviewSimulator.o -index-unit-output-path /Spezi.build/Debug/Spezi.build/Objects-normal/arm64/Application+TypeAlias.o -index-unit-output-path /Spezi.build/Debug/Spezi.build/Objects-normal/arm64/ApplicationDelegate.o -index-unit-output-path /Spezi.build/Debug/Spezi.build/Objects-normal/arm64/ApplicationDelegateAdaptor.o -index-unit-output-path /Spezi.build/Debug/Spezi.build/Objects-normal/arm64/DynamicReference.o -index-unit-output-path /Spezi.build/Debug/Spezi.build/Objects-normal/arm64/Module+Properties.o -index-unit-output-path /Spezi.build/Debug/Spezi.build/Objects-normal/arm64/ProcessInfo+PreviewSimulator.o -index-store-path /Users/admin/builder/spi-builder-workspace/.derivedData/Index.noindex/DataStore -index-system-modules
SwiftCompile normal arm64 /Users/admin/builder/spi-builder-workspace/.dependencies/checkouts/Spezi/Sources/Spezi/Utilities/Application+TypeAlias.swift (in target 'Spezi' from project 'Spezi')
    cd /Users/admin/builder/spi-builder-workspace/.swiftpm/xcode

SwiftCompile normal arm64 /Users/admin/builder/spi-builder-workspace/.dependencies/checkouts/Spezi/Sources/Spezi/Utilities/ApplicationDelegate.swift (in target 'Spezi' from project 'Spezi')
    cd /Users/admin/builder/spi-builder-workspace/.swiftpm/xcode

SwiftCompile normal arm64 /Users/admin/builder/spi-builder-workspace/.dependencies/checkouts/Spezi/Sources/Spezi/Utilities/ApplicationDelegateAdaptor.swift (in target 'Spezi' from project 'Spezi')
    cd /Users/admin/builder/spi-builder-workspace/.swiftpm/xcode

SwiftCompile normal arm64 /Users/admin/builder/spi-builder-workspace/.dependencies/checkouts/Spezi/Sources/Spezi/Utilities/DynamicReference.swift (in target 'Spezi' from project 'Spezi')
    cd /Users/admin/builder/spi-builder-workspace/.swiftpm/xcode

SwiftCompile normal arm64 /Users/admin/builder/spi-builder-workspace/.dependencies/checkouts/Spezi/Sources/Spezi/Utilities/Module+Properties.swift (in target 'Spezi' from project 'Spezi')
    cd /Users/admin/builder/spi-builder-workspace/.swiftpm/xcode

/Users/admin/builder/spi-builder-workspace/.dependencies/checkouts/Spezi/Sources/Spezi/Module/Module.swift:12:36: error: cannot find type 'SendableMetatype' in scope
public protocol Module: AnyObject, SendableMetatype {
                                   ^~~~~~~~~~~~~~~~
SwiftCompile normal arm64 /Users/admin/builder/spi-builder-workspace/.dependencies/checkouts/Spezi/Sources/Spezi/Utilities/ProcessInfo+PreviewSimulator.swift (in target 'Spezi' from project 'Spezi')
    cd /Users/admin/builder/spi-builder-workspace/.swiftpm/xcode

SwiftCompile normal arm64 Compiling\ Spezi+Preview.swift,\ Spezi+Spezi.swift,\ Spezi.swift,\ SpeziAppDelegate.swift,\ SpeziModuleError.swift,\ SpeziPropertyWrapper.swift /Users/admin/builder/spi-builder-workspace/.dependencies/checkouts/Spezi/Sources/Spezi/Spezi/Spezi+Preview.swift /Users/admin/builder/spi-builder-workspace/.dependencies/checkouts/Spezi/Sources/Spezi/Spezi/Spezi+Spezi.swift /Users/admin/builder/spi-builder-workspace/.dependencies/checkouts/Spezi/Sources/Spezi/Spezi/Spezi.swift /Users/admin/builder/spi-builder-workspace/.dependencies/checkouts/Spezi/Sources/Spezi/Spezi/SpeziAppDelegate.swift /Users/admin/builder/spi-builder-workspace/.dependencies/checkouts/Spezi/Sources/Spezi/Spezi/SpeziModuleError.swift /Users/admin/builder/spi-builder-workspace/.dependencies/checkouts/Spezi/Sources/Spezi/Spezi/SpeziPropertyWrapper.swift (in target 'Spezi' from project 'Spezi')
SwiftCompile normal arm64 /Users/admin/builder/spi-builder-workspace/.dependencies/checkouts/Spezi/Sources/Spezi/Spezi/Spezi+Preview.swift (in target 'Spezi' from project 'Spezi')
    cd /Users/admin/builder/spi-builder-workspace/.swiftpm/xcode

SwiftCompile normal arm64 /Users/admin/builder/spi-builder-workspace/.dependencies/checkouts/Spezi/Sources/Spezi/Spezi/Spezi+Spezi.swift (in target 'Spezi' from project 'Spezi')
    cd /Users/admin/builder/spi-builder-workspace/.swiftpm/xcode

SwiftCompile normal arm64 /Users/admin/builder/spi-builder-workspace/.dependencies/checkouts/Spezi/Sources/Spezi/Spezi/Spezi.swift (in target 'Spezi' from project 'Spezi')
    cd /Users/admin/builder/spi-builder-workspace/.swiftpm/xcode

SwiftCompile normal arm64 /Users/admin/builder/spi-builder-workspace/.dependencies/checkouts/Spezi/Sources/Spezi/Spezi/SpeziAppDelegate.swift (in target 'Spezi' from project 'Spezi')
    cd /Users/admin/builder/spi-builder-workspace/.swiftpm/xcode

SwiftCompile normal arm64 /Users/admin/builder/spi-builder-workspace/.dependencies/checkouts/Spezi/Sources/Spezi/Spezi/SpeziModuleError.swift (in target 'Spezi' from project 'Spezi')
    cd /Users/admin/builder/spi-builder-workspace/.swiftpm/xcode

SwiftCompile normal arm64 /Users/admin/builder/spi-builder-workspace/.dependencies/checkouts/Spezi/Sources/Spezi/Spezi/SpeziPropertyWrapper.swift (in target 'Spezi' from project 'Spezi')
    cd /Users/admin/builder/spi-builder-workspace/.swiftpm/xcode

SwiftCompile normal arm64 Compiling\ ModuleBuilder.swift,\ ModuleCollection.swift,\ ModuleOwnership.swift,\ BackgroundFetchResult.swift,\ NotificationHandler.swift,\ NotificationTokenHandler.swift /Users/admin/builder/spi-builder-workspace/.dependencies/checkouts/Spezi/Sources/Spezi/Module/ModuleBuilder.swift /Users/admin/builder/spi-builder-workspace/.dependencies/checkouts/Spezi/Sources/Spezi/Module/ModuleCollection.swift /Users/admin/builder/spi-builder-workspace/.dependencies/checkouts/Spezi/Sources/Spezi/Module/ModuleOwnership.swift /Users/admin/builder/spi-builder-workspace/.dependencies/checkouts/Spezi/Sources/Spezi/Notifications/BackgroundFetchResult.swift /Users/admin/builder/spi-builder-workspace/.dependencies/checkouts/Spezi/Sources/Spezi/Notifications/NotificationHandler.swift /Users/admin/builder/spi-builder-workspace/.dependencies/checkouts/Spezi/Sources/Spezi/Notifications/NotificationTokenHandler.swift (in target 'Spezi' from project 'Spezi')
SwiftCompile normal arm64 /Users/admin/builder/spi-builder-workspace/.dependencies/checkouts/Spezi/Sources/Spezi/Module/ModuleBuilder.swift (in target 'Spezi' from project 'Spezi')
    cd /Users/admin/builder/spi-builder-workspace/.swiftpm/xcode

SwiftCompile normal arm64 /Users/admin/builder/spi-builder-workspace/.dependencies/checkouts/Spezi/Sources/Spezi/Module/ModuleCollection.swift (in target 'Spezi' from project 'Spezi')
    cd /Users/admin/builder/spi-builder-workspace/.swiftpm/xcode

SwiftCompile normal arm64 /Users/admin/builder/spi-builder-workspace/.dependencies/checkouts/Spezi/Sources/Spezi/Module/ModuleOwnership.swift (in target 'Spezi' from project 'Spezi')
    cd /Users/admin/builder/spi-builder-workspace/.swiftpm/xcode

SwiftCompile normal arm64 /Users/admin/builder/spi-builder-workspace/.dependencies/checkouts/Spezi/Sources/Spezi/Notifications/BackgroundFetchResult.swift (in target 'Spezi' from project 'Spezi')
    cd /Users/admin/builder/spi-builder-workspace/.swiftpm/xcode

SwiftCompile normal arm64 /Users/admin/builder/spi-builder-workspace/.dependencies/checkouts/Spezi/Sources/Spezi/Notifications/NotificationHandler.swift (in target 'Spezi' from project 'Spezi')
    cd /Users/admin/builder/spi-builder-workspace/.swiftpm/xcode

SwiftCompile normal arm64 /Users/admin/builder/spi-builder-workspace/.dependencies/checkouts/Spezi/Sources/Spezi/Notifications/NotificationTokenHandler.swift (in target 'Spezi' from project 'Spezi')
    cd /Users/admin/builder/spi-builder-workspace/.swiftpm/xcode

SwiftDriverJobDiscovery normal arm64 Compiling LocalizedFileResources.swift (in target 'SpeziLocalization' from project 'SpeziFoundation')
SwiftCompile normal arm64 Compiling\ ApplicationPropertyWrapper.swift,\ CollectPropertyWrapper.swift,\ CollectedModuleValues.swift,\ ProvidePropertyWrapper.swift,\ StorageValueCollector.swift,\ StorageValueProvider.swift,\ LifecycleHandler.swift /Users/admin/builder/spi-builder-workspace/.dependencies/checkouts/Spezi/Sources/Spezi/Capabilities/ApplicationPropertyWrapper.swift /Users/admin/builder/spi-builder-workspace/.dependencies/checkouts/Spezi/Sources/Spezi/Capabilities/Communication/CollectPropertyWrapper.swift /Users/admin/builder/spi-builder-workspace/.dependencies/checkouts/Spezi/Sources/Spezi/Capabilities/Communication/CollectedModuleValues.swift /Users/admin/builder/spi-builder-workspace/.dependencies/checkouts/Spezi/Sources/Spezi/Capabilities/Communication/ProvidePropertyWrapper.swift /Users/admin/builder/spi-builder-workspace/.dependencies/checkouts/Spezi/Sources/Spezi/Capabilities/Communication/StorageValueCollector.swift /Users/admin/builder/spi-builder-workspace/.dependencies/checkouts/Spezi/Sources/Spezi/Capabilities/Communication/StorageValueProvider.swift /Users/admin/builder/spi-builder-workspace/.dependencies/checkouts/Spezi/Sources/Spezi/Capabilities/Lifecycle/LifecycleHandler.swift (in target 'Spezi' from project 'Spezi')
SwiftCompile normal arm64 /Users/admin/builder/spi-builder-workspace/.dependencies/checkouts/Spezi/Sources/Spezi/Capabilities/ApplicationPropertyWrapper.swift (in target 'Spezi' from project 'Spezi')
    cd /Users/admin/builder/spi-builder-workspace/.swiftpm/xcode

SwiftCompile normal arm64 /Users/admin/builder/spi-builder-workspace/.dependencies/checkouts/Spezi/Sources/Spezi/Capabilities/Communication/CollectPropertyWrapper.swift (in target 'Spezi' from project 'Spezi')
    cd /Users/admin/builder/spi-builder-workspace/.swiftpm/xcode

SwiftCompile normal arm64 /Users/admin/builder/spi-builder-workspace/.dependencies/checkouts/Spezi/Sources/Spezi/Capabilities/Communication/CollectedModuleValues.swift (in target 'Spezi' from project 'Spezi')
    cd /Users/admin/builder/spi-builder-workspace/.swiftpm/xcode

SwiftDriverJobDiscovery normal arm64 Compiling LocalizationKey.swift (in target 'SpeziLocalization' from project 'SpeziFoundation')
SwiftCompile normal arm64 Compiling\ ServiceModule.swift,\ EnvironmentAccessible.swift,\ ModelModifier.swift,\ ModelPropertyWrapper.swift,\ ModifierPropertyWrapper.swift,\ ViewModifierProvider.swift,\ Configuration.swift /Users/admin/builder/spi-builder-workspace/.dependencies/checkouts/Spezi/Sources/Spezi/Capabilities/Lifecycle/ServiceModule.swift /Users/admin/builder/spi-builder-workspace/.dependencies/checkouts/Spezi/Sources/Spezi/Capabilities/Observable/EnvironmentAccessible.swift /Users/admin/builder/spi-builder-workspace/.dependencies/checkouts/Spezi/Sources/Spezi/Capabilities/Observable/ModelModifier.swift /Users/admin/builder/spi-builder-workspace/.dependencies/checkouts/Spezi/Sources/Spezi/Capabilities/Observable/ModelPropertyWrapper.swift /Users/admin/builder/spi-builder-workspace/.dependencies/checkouts/Spezi/Sources/Spezi/Capabilities/ViewModifier/ModifierPropertyWrapper.swift /Users/admin/builder/spi-builder-workspace/.dependencies/checkouts/Spezi/Sources/Spezi/Capabilities/ViewModifier/ViewModifierProvider.swift /Users/admin/builder/spi-builder-workspace/.dependencies/checkouts/Spezi/Sources/Spezi/Configuration/Configuration.swift (in target 'Spezi' from project 'Spezi')
SwiftDriverJobDiscovery normal arm64 Compiling LocalizedFileResolution.swift (in target 'SpeziLocalization' from project 'SpeziFoundation')
SwiftDriver\ Compilation SpeziLocalization normal arm64 com.apple.xcode.tools.swift.compiler (in target 'SpeziLocalization' from project 'SpeziFoundation')
    cd /Users/admin/builder/spi-builder-workspace/.swiftpm/xcode
    builtin-Swift-Compilation -- /Applications/Xcode-16.3.0.app/Contents/Developer/Toolchains/XcodeDefault.xctoolchain/usr/bin/swiftc -module-name SpeziLocalization -Onone -enforce-exclusivity\=checked @/Users/admin/builder/spi-builder-workspace/.derivedData/Build/Intermediates.noindex/SpeziFoundation.build/Debug/SpeziLocalization.build/Objects-normal/arm64/SpeziLocalization.SwiftFileList -DSWIFT_PACKAGE -DDEBUG -Xcc -fmodule-map-file\=/Users/admin/builder/spi-builder-workspace/.derivedData/Build/Intermediates.noindex/GeneratedModuleMaps/SpeziFoundationObjC.modulemap -DXcode -enable-upcoming-feature ExistentialAny -enable-upcoming-feature InternalImportsByDefault -plugin-path /Applications/Xcode-16.3.0.app/Contents/Developer/Toolchains/XcodeDefault.xctoolchain/usr/lib/swift/host/plugins/testing -enable-experimental-feature DebugDescriptionMacro -sdk /Applications/Xcode-16.3.0.app/Contents/Developer/Platforms/MacOSX.platform/Developer/SDKs/MacOSX15.4.sdk -target arm64-apple-macos14.0 -g -module-cache-path /Users/admin/builder/spi-builder-workspace/.derivedData/ModuleCache.noindex -Xfrontend -serialize-debugging-options -profile-coverage-mapping -profile-generate -enable-testing -suppress-warnings -index-store-path /Users/admin/builder/spi-builder-workspace/.derivedData/Index.noindex/DataStore -swift-version 6 -I /Users/admin/builder/spi-builder-workspace/.derivedData/Build/Products/Debug -I /Applications/Xcode-16.3.0.app/Contents/Developer/Platforms/MacOSX.platform/Developer/usr/lib -F /Users/admin/builder/spi-builder-workspace/.derivedData/Build/Products/Debug/PackageFrameworks -F /Users/admin/builder/spi-builder-workspace/.derivedData/Build/Products/Debug/PackageFrameworks -F /Users/admin/builder/spi-builder-workspace/.derivedData/Build/Products/Debug/PackageFrameworks -F /Users/admin/builder/spi-builder-workspace/.derivedData/Build/Products/Debug/PackageFrameworks -F /Users/admin/builder/spi-builder-workspace/.derivedData/Build/Products/Debug/PackageFrameworks -F /Users/admin/builder/spi-builder-workspace/.derivedData/Build/Products/Debug/PackageFrameworks -F /Users/admin/builder/spi-builder-workspace/.derivedData/Build/Products/Debug/PackageFrameworks -F /Users/admin/builder/spi-builder-workspace/.derivedData/Build/Products/Debug/PackageFrameworks -F /Users/admin/builder/spi-builder-workspace/.derivedData/Build/Products/Debug/PackageFrameworks -F /Users/admin/builder/spi-builder-workspace/.derivedData/Build/Products/Debug -F /Applications/Xcode-16.3.0.app/Contents/Developer/Platforms/MacOSX.platform/Developer/Library/Frameworks -emit-localized-strings -emit-localized-strings-path /Users/admin/builder/spi-builder-workspace/.derivedData/Build/Intermediates.noindex/SpeziFoundation.build/Debug/SpeziLocalization.build/Objects-normal/arm64 -c -j10 -enable-batch-mode -incremental -Xcc -ivfsstatcache -Xcc /Users/admin/builder/spi-builder-workspace/.derivedData/SDKStatCaches.noindex/macosx15.4-24E241-8287b8f5db97e746a1562fbca0c9d29b.sdkstatcache -output-file-map /Users/admin/builder/spi-builder-workspace/.derivedData/Build/Intermediates.noindex/SpeziFoundation.build/Debug/SpeziLocalization.build/Objects-normal/arm64/SpeziLocalization-OutputFileMap.json -use-frontend-parseable-output -save-temps -no-color-diagnostics -serialize-diagnostics -emit-dependencies -emit-module -emit-module-path /Users/admin/builder/spi-builder-workspace/.derivedData/Build/Intermediates.noindex/SpeziFoundation.build/Debug/SpeziLocalization.build/Objects-normal/arm64/SpeziLocalization.swiftmodule -user-module-version 2.6.0 -validate-clang-modules-once -clang-build-session-file /Users/admin/builder/spi-builder-workspace/.derivedData/ModuleCache.noindex/Session.modulevalidation -package-name spezifoundation -Xcc -I/Users/admin/builder/spi-builder-workspace/.derivedData/Build/Intermediates.noindex/SpeziFoundation.build/Debug/SpeziLocalization.build/swift-overrides.hmap -emit-const-values -Xfrontend -const-gather-protocols-file -Xfrontend /Users/admin/builder/spi-builder-workspace/.derivedData/Build/Intermediates.noindex/SpeziFoundation.build/Debug/SpeziLocalization.build/Objects-normal/arm64/SpeziLocalization_const_extract_protocols.json -Xcc -I/Users/admin/builder/spi-builder-workspace/.dependencies/checkouts/swift-atomics/Sources/_AtomicsShims/include -Xcc -I/Users/admin/builder/spi-builder-workspace/.dependencies/checkouts/swift-numerics/Sources/_NumericsShims/include -Xcc -I/Users/admin/builder/spi-builder-workspace/.dependencies/checkouts/SpeziFoundation/Sources/SpeziFoundationObjC/include -Xcc -I/Users/admin/builder/spi-builder-workspace/.derivedData/Build/Products/Debug/include -Xcc -I/Users/admin/builder/spi-builder-workspace/.derivedData/Build/Intermediates.noindex/SpeziFoundation.build/Debug/SpeziLocalization.build/DerivedSources-normal/arm64 -Xcc -I/Users/admin/builder/spi-builder-workspace/.derivedData/Build/Intermediates.noindex/SpeziFoundation.build/Debug/SpeziLocalization.build/DerivedSources/arm64 -Xcc -I/Users/admin/builder/spi-builder-workspace/.derivedData/Build/Intermediates.noindex/SpeziFoundation.build/Debug/SpeziLocalization.build/DerivedSources -Xcc -DSWIFT_PACKAGE -Xcc -DDEBUG\=1 -emit-objc-header -emit-objc-header-path /Users/admin/builder/spi-builder-workspace/.derivedData/Build/Intermediates.noindex/SpeziFoundation.build/Debug/SpeziLocalization.build/Objects-normal/arm64/SpeziLocalization-Swift.h -working-directory /Users/admin/builder/spi-builder-workspace/.swiftpm/xcode -experimental-emit-module-separately -disable-cmo
--- xcodebuild: WARNING: Using the first of multiple matching destinations:
{ platform:macOS, arch:arm64, id:4dadda03830574fd54f64e2c8f4bc21c16ebfc11, name:My Mac }
{ platform:macOS, arch:arm64, variant:Mac Catalyst, id:4dadda03830574fd54f64e2c8f4bc21c16ebfc11, name:My Mac }
{ platform:macOS, arch:arm64, variant:DriverKit, id:4dadda03830574fd54f64e2c8f4bc21c16ebfc11, name:My Mac }
{ platform:macOS, arch:arm64, variant:Designed for [iPad,iPhone], id:4dadda03830574fd54f64e2c8f4bc21c16ebfc11, name:My Mac }
** BUILD FAILED **
The following build commands failed:
	SwiftCompile normal arm64 Compiling\ SpeziAnchor.swift,\ SpeziStorage.swift,\ StoredModulesKey.swift,\ ModuleDescription.swift,\ ServiceModuleGroup.swift,\ Spezi+Logger.swift /Users/admin/builder/spi-builder-workspace/.dependencies/checkouts/Spezi/Sources/Spezi/Spezi/KnowledgeSources/SpeziAnchor.swift /Users/admin/builder/spi-builder-workspace/.dependencies/checkouts/Spezi/Sources/Spezi/Spezi/KnowledgeSources/SpeziStorage.swift /Users/admin/builder/spi-builder-workspace/.dependencies/checkouts/Spezi/Sources/Spezi/Spezi/KnowledgeSources/StoredModulesKey.swift /Users/admin/builder/spi-builder-workspace/.dependencies/checkouts/Spezi/Sources/Spezi/Spezi/ModuleDescription.swift /Users/admin/builder/spi-builder-workspace/.dependencies/checkouts/Spezi/Sources/Spezi/Spezi/ServiceModuleGroup.swift /Users/admin/builder/spi-builder-workspace/.dependencies/checkouts/Spezi/Sources/Spezi/Spezi/Spezi+Logger.swift (in target 'Spezi' from project 'Spezi')
	SwiftCompile normal arm64 /Users/admin/builder/spi-builder-workspace/.dependencies/checkouts/Spezi/Sources/Spezi/Spezi/KnowledgeSources/StoredModulesKey.swift (in target 'Spezi' from project 'Spezi')
	SwiftCompile normal arm64 Compiling\ Application+TypeAlias.swift,\ ApplicationDelegate.swift,\ ApplicationDelegateAdaptor.swift,\ DynamicReference.swift,\ Module+Properties.swift,\ ProcessInfo+PreviewSimulator.swift /Users/admin/builder/spi-builder-workspace/.dependencies/checkouts/Spezi/Sources/Spezi/Utilities/Application+TypeAlias.swift /Users/admin/builder/spi-builder-workspace/.dependencies/checkouts/Spezi/Sources/Spezi/Utilities/ApplicationDelegate.swift /Users/admin/builder/spi-builder-workspace/.dependencies/checkouts/Spezi/Sources/Spezi/Utilities/ApplicationDelegateAdaptor.swift /Users/admin/builder/spi-builder-workspace/.dependencies/checkouts/Spezi/Sources/Spezi/Utilities/DynamicReference.swift /Users/admin/builder/spi-builder-workspace/.dependencies/checkouts/Spezi/Sources/Spezi/Utilities/Module+Properties.swift /Users/admin/builder/spi-builder-workspace/.dependencies/checkouts/Spezi/Sources/Spezi/Utilities/ProcessInfo+PreviewSimulator.swift (in target 'Spezi' from project 'Spezi')
	SwiftCompile normal arm64 /Users/admin/builder/spi-builder-workspace/.dependencies/checkouts/Spezi/Sources/Spezi/Utilities/Module+Properties.swift (in target 'Spezi' from project 'Spezi')
	Building workspace spi-builder-workspace with scheme SpeziLLM-Package
(5 failures)
BUILD FAILURE 6.1 macosXcodebuild