Build Information
Failed to build SitumSDK, reference 3.42.0 (496291), with Swift 6.3 for macOS (Xcode) using Xcode 26.4 on 2 Oct 2026 23:35:52 UTC.
Build Command
env DEVELOPER_DIR=/Applications/Xcode-26.5.0.app xcrun xcodebuild -IDEClonedSourcePackagesDirPathOverride=$PWD/.dependencies -skipMacroValidation -skipPackagePluginValidation -derivedDataPath $PWD/.derivedData build -scheme SitumSDK -destination platform=macOS,arch=arm64Build Log
========================================
RunAll
========================================
Builder version: 5.1.1
Interrupt handler set up.
========================================
Checkout
========================================
Clone URL: https://github.com/situmtech/situm-sdk-spm.git
Reference: 3.42.0
Initialized empty Git repository in /Users/admin/builder/spi-builder-workspace/.git/
From https://github.com/situmtech/situm-sdk-spm
* tag 3.42.0 -> FETCH_HEAD
HEAD is now at 496291a Create release version branch 3.42.0
Cloned https://github.com/situmtech/situm-sdk-spm.git
Revision (git rev-parse @):
496291a28716303ea44c499a07de0a7c51bfb78a
SUCCESS checkout https://github.com/situmtech/situm-sdk-spm.git at 3.42.0
========================================
Build
========================================
Selected platform: macosXcodebuild
Swift version: 6.3
Building package at path: $PWD
https://github.com/situmtech/situm-sdk-spm.git
Command line invocation:
/Applications/Xcode-26.5.0.app/Contents/Developer/usr/bin/xcodebuild -IDEClonedSourcePackagesDirPathOverride=/Users/admin/builder/spi-builder-workspace/.dependencies -resolvePackageDependencies
Resolve Package Graph
Fetching from https://github.com/ZipArchive/ZipArchive.git
Creating working copy of package ‘ZipArchive’
Checking out 2.6.0 of package ‘ZipArchive’
Resolve Package Graph
Resolved source packages:
ZipArchive: https://github.com/ZipArchive/ZipArchive.git @ 2.6.0
SitumSDK: /Users/admin/builder/spi-builder-workspace
resolved source packages: ZipArchive, SitumSDK
2026-10-02 19:35:38.612 xcodebuild[541:3096] [MT] IDERunDestination: Supported platforms for the buildables in the current scheme is empty.
2026-10-02 19:35:38.771 xcodebuild[541:3096] [MT] DVTAssertions: Warning in IDEFrameworks/IDEFoundation/Execution/RunContextManager/IDERunContextManager.m:926
Details: Error deleting scheme: Cannot modify data because the process disallows saving.
Object: <IDERunContextManager: 0x9d56a2940>
Method: -deleteRunContexts:completionQueue:completionBlock:
Thread: <_NSMainThread: 0x102ec14c0>{number = 1, name = main}
Please file a bug at https://feedbackassistant.apple.com with this warning message and any useful information you can provide.
2026-10-02 19:35:38.772 xcodebuild[541:3096] could not delete old scheme: Error Domain=DVTCustomDataStoringErrors Code=0 "Cannot modify data because the process disallows saving." UserInfo={NSLocalizedDescription=Cannot modify data because the process disallows saving.}
{
"dependencies" : [
{
"identity" : "ziparchive",
"requirement" : {
"range" : [
{
"lower_bound" : "2.6.0",
"upper_bound" : "3.0.0"
}
]
},
"type" : "sourceControl",
"url" : "https://github.com/ZipArchive/ZipArchive.git"
}
],
"manifest_display_name" : "SitumSDK",
"name" : "SitumSDK",
"path" : "/Users/admin/builder/spi-builder-workspace",
"platforms" : [
{
"name" : "ios",
"version" : "16.0"
}
],
"products" : [
{
"name" : "SitumSDK",
"targets" : [
"SitumSDKTarget"
],
"type" : {
"library" : [
"automatic"
]
}
}
],
"targets" : [
{
"c99name" : "SitumSDKTarget",
"module_type" : "ClangTarget",
"name" : "SitumSDKTarget",
"path" : "Situm",
"product_dependencies" : [
"ZipArchive"
],
"product_memberships" : [
"SitumSDK"
],
"sources" : [
"SITEmpty.m"
],
"target_dependencies" : [
"SitumSDK"
],
"type" : "library"
},
{
"c99name" : "SitumSDK",
"module_type" : "BinaryTarget",
"name" : "SitumSDK",
"path" : "remote/archive/SitumSDK.xcframework.noprotobuf.zip",
"product_memberships" : [
"SitumSDK"
],
"sources" : [
],
"type" : "binary"
}
],
"tools_version" : "5.8"
}
{
"workspace" : {
"name" : "spi-builder-workspace",
"schemes" : [
"SitumSDK"
]
}
}
2026-10-02 19:35:46.686 xcodebuild[704:4124] [MT] IDERunDestination: Supported platforms for the buildables in the current scheme is empty.
Running build ...
env DEVELOPER_DIR=/Applications/Xcode-26.5.0.app xcrun xcodebuild -IDEClonedSourcePackagesDirPathOverride=$PWD/.dependencies -skipMacroValidation -skipPackagePluginValidation -derivedDataPath $PWD/.derivedData build -scheme SitumSDK -destination platform=macOS,arch=arm64
Command line invocation:
/Applications/Xcode-26.5.0.app/Contents/Developer/usr/bin/xcodebuild -IDEClonedSourcePackagesDirPathOverride=/Users/admin/builder/spi-builder-workspace/.dependencies -skipMacroValidation -skipPackagePluginValidation -derivedDataPath /Users/admin/builder/spi-builder-workspace/.derivedData build -scheme SitumSDK -destination platform=macOS,arch=arm64
Resolve Package Graph
Resolve Package Graph
Resolved source packages:
SitumSDK: /Users/admin/builder/spi-builder-workspace
ZipArchive: https://github.com/ZipArchive/ZipArchive.git @ 2.6.0
2026-10-02 19:35:48.757 xcodebuild[711:4187] [MT] IDERunDestination: Supported platforms for the buildables in the current scheme is empty.
2026-10-02 19:35:48.817 xcodebuild[711:4187] [MT] DVTAssertions: Warning in IDEFrameworks/IDEFoundation/Execution/RunContextManager/IDERunContextManager.m:926
Details: Error deleting scheme: Cannot modify data because the process disallows saving.
Object: <IDERunContextManager: 0x7a5a1c600>
Method: -deleteRunContexts:completionQueue:completionBlock:
Thread: <_NSMainThread: 0x1010454c0>{number = 1, name = main}
Please file a bug at https://feedbackassistant.apple.com with this warning message and any useful information you can provide.
2026-10-02 19:35:48.819 xcodebuild[711:4187] could not delete old scheme: Error Domain=DVTCustomDataStoringErrors Code=0 "Cannot modify data because the process disallows saving." UserInfo={NSLocalizedDescription=Cannot modify data because the process disallows saving.}
2026-10-02 19:35:48.820 xcodebuild[711:4187] Writing error result bundle to /var/folders/xq/y_g06wb113726d38xsyx71_h0000gn/T/ResultBundle_2026-02-10_19-35-0048.xcresult
xcodebuild: error: The workspace named "spi-builder-workspace" does not contain a scheme named "SitumSDK". The "-list" option can be used to find the names of the schemes in the workspace.
Command line invocation:
/Applications/Xcode-26.5.0.app/Contents/Developer/usr/bin/xcodebuild -IDEClonedSourcePackagesDirPathOverride=/Users/admin/builder/spi-builder-workspace/.dependencies -resolvePackageDependencies
Resolve Package Graph
Resolved source packages:
SitumSDK: /Users/admin/builder/spi-builder-workspace
ZipArchive: https://github.com/ZipArchive/ZipArchive.git @ 2.6.0
resolved source packages: SitumSDK, ZipArchive
2026-10-02 19:35:49.845 xcodebuild[731:4326] [MT] IDERunDestination: Supported platforms for the buildables in the current scheme is empty.
{
"dependencies" : [
{
"identity" : "ziparchive",
"requirement" : {
"range" : [
{
"lower_bound" : "2.6.0",
"upper_bound" : "3.0.0"
}
]
},
"type" : "sourceControl",
"url" : "https://github.com/ZipArchive/ZipArchive.git"
}
],
"manifest_display_name" : "SitumSDK",
"name" : "SitumSDK",
"path" : "/Users/admin/builder/spi-builder-workspace",
"platforms" : [
{
"name" : "ios",
"version" : "16.0"
}
],
"products" : [
{
"name" : "SitumSDK",
"targets" : [
"SitumSDKTarget"
],
"type" : {
"library" : [
"automatic"
]
}
}
],
"targets" : [
{
"c99name" : "SitumSDKTarget",
"module_type" : "ClangTarget",
"name" : "SitumSDKTarget",
"path" : "Situm",
"product_dependencies" : [
"ZipArchive"
],
"product_memberships" : [
"SitumSDK"
],
"sources" : [
"SITEmpty.m"
],
"target_dependencies" : [
"SitumSDK"
],
"type" : "library"
},
{
"c99name" : "SitumSDK",
"module_type" : "BinaryTarget",
"name" : "SitumSDK",
"path" : "remote/archive/SitumSDK.xcframework.noprotobuf.zip",
"product_memberships" : [
"SitumSDK"
],
"sources" : [
],
"type" : "binary"
}
],
"tools_version" : "5.8"
}
{
"workspace" : {
"name" : "spi-builder-workspace",
"schemes" : [
"SitumSDK"
]
}
}
2026-10-02 19:35:51.023 xcodebuild[761:4561] [MT] IDERunDestination: Supported platforms for the buildables in the current scheme is empty.
Running build ...
env DEVELOPER_DIR=/Applications/Xcode-26.5.0.app xcrun xcodebuild -IDEClonedSourcePackagesDirPathOverride=$PWD/.dependencies -skipMacroValidation -skipPackagePluginValidation -derivedDataPath $PWD/.derivedData build -scheme SitumSDK -destination platform=macOS,arch=arm64
Command line invocation:
/Applications/Xcode-26.5.0.app/Contents/Developer/usr/bin/xcodebuild -IDEClonedSourcePackagesDirPathOverride=/Users/admin/builder/spi-builder-workspace/.dependencies -skipMacroValidation -skipPackagePluginValidation -derivedDataPath /Users/admin/builder/spi-builder-workspace/.derivedData build -scheme SitumSDK -destination platform=macOS,arch=arm64
Resolve Package Graph
Resolved source packages:
SitumSDK: /Users/admin/builder/spi-builder-workspace
ZipArchive: https://github.com/ZipArchive/ZipArchive.git @ 2.6.0
ComputePackagePrebuildTargetDependencyGraph
Prepare packages
CreateBuildRequest
SendProjectDescription
CreateBuildOperation
ComputeTargetDependencyGraph
note: Building targets in dependency order
note: Target dependency graph (5 targets)
Target 'SitumSDK' in project 'SitumSDK'
➜ Explicit dependency on target 'SitumSDKTarget' in project 'SitumSDK'
➜ Explicit dependency on target 'ZipArchive' in project 'ZipArchive'
Target 'SitumSDKTarget' in project 'SitumSDK'
➜ Explicit dependency on target 'ZipArchive' in project 'ZipArchive'
Target 'ZipArchive' in project 'ZipArchive'
➜ Explicit dependency on target 'ZipArchive' in project 'ZipArchive'
➜ Explicit dependency on target 'ZipArchive_ZipArchive' in project 'ZipArchive'
Target 'ZipArchive' in project 'ZipArchive'
➜ Explicit dependency on target 'ZipArchive_ZipArchive' in project 'ZipArchive'
Target 'ZipArchive_ZipArchive' in project 'ZipArchive' (no dependencies)
GatherProvisioningInputs
CreateBuildDescription
ExecuteExternalTool /Applications/Xcode-26.5.0.app/Contents/Developer/Toolchains/XcodeDefault.xctoolchain/usr/bin/clang -v -E -dM -isysroot /Applications/Xcode-26.5.0.app/Contents/Developer/Platforms/MacOSX.platform/Developer/SDKs/MacOSX26.5.sdk -x c -c /dev/null
ExecuteExternalTool /Applications/Xcode-26.5.0.app/Contents/Developer/Toolchains/XcodeDefault.xctoolchain/usr/bin/clang -v -E -dM -arch arm64 -isysroot /Applications/Xcode-26.5.0.app/Contents/Developer/Platforms/MacOSX.platform/Developer/SDKs/MacOSX26.5.sdk -x objective-c -c /dev/null
ExecuteExternalTool /Applications/Xcode-26.5.0.app/Contents/Developer/Toolchains/XcodeDefault.xctoolchain/usr/bin/clang -v -E -dM -arch arm64 -isysroot /Applications/Xcode-26.5.0.app/Contents/Developer/Platforms/MacOSX.platform/Developer/SDKs/MacOSX26.5.sdk -x c -c /dev/null
ExecuteExternalTool /Applications/Xcode-26.5.0.app/Contents/Developer/Toolchains/XcodeDefault.xctoolchain/usr/bin/ld -version_details
Build description signature: c5188422d172a4534208535c83cfeb41
Build description path: /Users/admin/builder/spi-builder-workspace/.derivedData/Build/Intermediates.noindex/XCBuildData/c5188422d172a4534208535c83cfeb41.xcbuilddata
/Users/admin/builder/spi-builder-workspace/.dependencies/artifacts/spi-builder-workspace/SitumSDK/SitumSDK.xcframework:1:1: error: While building for macOS, no library for this platform was found in '/Users/admin/builder/spi-builder-workspace/.dependencies/artifacts/spi-builder-workspace/SitumSDK/SitumSDK.xcframework'. (in target 'SitumSDK' from project 'SitumSDK')
error: The package product 'ZipArchive' requires minimum platform version 10.15 for the macOS platform, but this target supports 10.13 (in target 'SitumSDKTarget' from project 'SitumSDK')
/Users/admin/builder/spi-builder-workspace/.dependencies/artifacts/spi-builder-workspace/SitumSDK/SitumSDK.xcframework:1:1: error: While building for macOS, no library for this platform was found in '/Users/admin/builder/spi-builder-workspace/.dependencies/artifacts/spi-builder-workspace/SitumSDK/SitumSDK.xcframework'. (in target 'SitumSDKTarget' from project 'SitumSDK')
2026-10-02 19:35:51.929 xcodebuild[765:4600] [MT] IDERunDestination: Supported platforms for the buildables in the current scheme is empty.
--- xcodebuild: WARNING: Using the first of multiple matching destinations:
{ platform:macOS, arch:arm64, id:e7ec6b74b4af55f07b51471d3d6f5a182ca53398, name:My Mac }
{ platform:macOS, arch:arm64, variant:Mac Catalyst, id:e7ec6b74b4af55f07b51471d3d6f5a182ca53398, name:My Mac }
{ platform:macOS, arch:arm64, variant:DriverKit, id:e7ec6b74b4af55f07b51471d3d6f5a182ca53398, name:My Mac }
{ platform:macOS, arch:arm64, variant:Designed for [iPad,iPhone], id:e7ec6b74b4af55f07b51471d3d6f5a182ca53398, name:My Mac }
** BUILD FAILED **
The following build commands failed:
Building workspace spi-builder-workspace with scheme SitumSDK
(1 failure)
BUILD FAILURE 6.3 macosXcodebuild