Build Information
Failed to build SF2Lib, reference 8.14.5 (89c82f), with Swift 6.2 for Wasm on 21 Aug 2026 00:07:02 UTC.
Build Command
bash -c docker run --pull=always --rm -v "checkouts-54344845-1":/host -w "$PWD" -e JAVA_HOME="/root/.sdkman/candidates/java/current" -e SPI_BUILD="1" -e SPI_PROCESSING="1" registry.gitlab.com/saguaro1/spi-images:wasm-6.2-latest swift build --swift-sdk swift-6.2-RELEASE_wasm 2>&1Build Log
========================================
RunAll
========================================
Builder version: 5.0.2
Interrupt handler set up.
========================================
Checkout
========================================
Clone URL: https://github.com/bradhowes/SF2Lib.git
Reference: 8.14.5
Initialized empty Git repository in /host/spi-builder-workspace/.git/
hint: Using 'master' as the name for the initial branch. This default branch name
hint: is subject to change. To configure the initial branch name to use in all
hint: of your new repositories, which will suppress this warning, call:
hint:
hint: git config --global init.defaultBranch <name>
hint:
hint: Names commonly chosen instead of 'master' are 'main', 'trunk' and
hint: 'development'. The just-created branch can be renamed via this command:
hint:
hint: git branch -m <name>
From https://github.com/bradhowes/SF2Lib
* tag 8.14.5 -> FETCH_HEAD
HEAD is now at 89c82f4 Tag interop ownership
Cloned https://github.com/bradhowes/SF2Lib.git
Revision (git rev-parse @):
89c82f428853a4af6d7e40764a8b1ec7395ab0a5
SUCCESS checkout https://github.com/bradhowes/SF2Lib.git at 8.14.5
========================================
Build
========================================
Selected platform: wasm
Swift version: 6.2
Building package at path: $PWD
https://github.com/bradhowes/SF2Lib.git
Running build ...
bash -c docker run --pull=always --rm -v "checkouts-54344845-1":/host -w "$PWD" -e JAVA_HOME="/root/.sdkman/candidates/java/current" -e SPI_BUILD="1" -e SPI_PROCESSING="1" registry.gitlab.com/saguaro1/spi-images:wasm-6.2-latest swift build --swift-sdk swift-6.2-RELEASE_wasm 2>&1
wasm-6.2-latest: Pulling from saguaro1/spi-images
Digest: sha256:70428a4f4110aef5b17a27427e965f31cf3855e8cf1dfdc416ed61c780337965
Status: Image is up to date for registry.gitlab.com/saguaro1/spi-images:wasm-6.2-latest
Fetching https://github.com/bradhowes/DSPHeaders
[1/603] Fetching dspheaders
Fetched https://github.com/bradhowes/DSPHeaders from cache (0.74s)
Computing version for https://github.com/bradhowes/DSPHeaders
Computed https://github.com/bradhowes/DSPHeaders at 1.5.3 (0.90s)
Creating working copy for https://github.com/bradhowes/DSPHeaders
Working copy of https://github.com/bradhowes/DSPHeaders resolved at 1.5.3
warning: 'spi-builder-workspace': ignoring target 'SF2LibTests' in package 'spi-builder-workspace'; C language in tests is not yet supported
warning: 'spi-builder-workspace': ignoring target 'EngineTests' in package 'spi-builder-workspace'; C language in tests is not yet supported
Building for debugging...
In file included from /host/spi-builder-workspace/Sources/SF2File/Entity/Modulator/Transform.mm:5:
In file included from /host/spi-builder-workspace/Sources/SF2File/include/SF2File/Entity/Modulator/Transformer.hpp:8:
/host/spi-builder-workspace/Sources/SF2Util/include/SF2Util/Types.hpp:5:10: fatal error: 'os/log.h' file not found
5 | #include <os/log.h>
| ^~~~~~~~~~
1 error generated.
In file included from /host/spi-builder-workspace/Sources/SF2File/Entity/Modulator/Source.mm:7:
In file included from /host/spi-builder-workspace/Sources/SF2File/include/SF2File/Entity/Modulator/Source.hpp:10:
/host/spi-builder-workspace/Sources/SF2Util/include/SF2Util/Types.hpp:5:10: fatal error: 'os/log.h' file not found
5 | #include <os/log.h>
| ^~~~~~~~~~
1 error generated.
[0/55] Compiling Source.mm
[0/55] Compiling Transform.mm
In file included from /host/spi-builder-workspace/Sources/SF2File/Entity/Bag.mm:6:
In file included from /host/spi-builder-workspace/Sources/SF2File/include/SF2File/Entity/Bag.hpp:8:
In file included from /host/spi-builder-workspace/Sources/SF2File/include/SF2File/IO/Pos.hpp:8:
In file included from /host/spi-builder-workspace/Sources/SF2File/include/SF2File/IO/Tag.hpp:7:
/host/spi-builder-workspace/Sources/SF2Util/include/SF2Util/Types.hpp:5:10: fatal error: 'os/log.h' file not found
5 | #include <os/log.h>
| ^~~~~~~~~~
1 error generated.
[0/55] Compiling Bag.mm
In file included from /host/spi-builder-workspace/Sources/SF2File/Entity/Modulator/Modulator.mm:7:
In file included from /host/spi-builder-workspace/Sources/SF2File/include/SF2File/IO/Pos.hpp:8:
In file included from /host/spi-builder-workspace/Sources/SF2File/include/SF2File/IO/Tag.hpp:7:
/host/spi-builder-workspace/Sources/SF2Util/include/SF2Util/Types.hpp:5:10: fatal error: 'os/log.h' file not found
5 | #include <os/log.h>
| ^~~~~~~~~~
[0/55] Compiling Modulator.mm
In file included from /host/spi-builder-workspace/Sources/SF2File/Entity/Instrument.mm:5:
In file included from /host/spi-builder-workspace/Sources/SF2File/include/SF2File/IO/Pos.hpp:8:
In file included from /host/spi-builder-workspace/Sources/SF2File/include/SF2File/IO/Tag.hpp:7:
/host/spi-builder-workspace/Sources/SF2Util/include/SF2Util/Types.hpp:5:10: fatal error: 'os/log.h' file not found
5 | #include <os/log.h>
| ^~~~~~~~~~
1 error generated.
[0/55] Compiling Instrument.mm
In file included from /host/spi-builder-workspace/Sources/SF2File/Entity/Generator/Generator.mm:6:
In file included from /host/spi-builder-workspace/Sources/SF2File/include/SF2File/Entity/Generator/Definition.hpp:9:
/host/spi-builder-workspace/Sources/SF2Util/include/SF2Util/Types.hpp:5:10: fatal error: 'os/log.h' file not found
5 | #include <os/log.h>
| ^~~~~~~~~~
[0/55] Compiling Generator.mm
In file included from /host/spi-builder-workspace/Sources/SF2File/Entity/Generator/Definition.mm:6:
In file included from /host/spi-builder-workspace/Sources/SF2Util/include/SF2Util/DSP.hpp:11:
/host/spi-builder-workspace/Sources/SF2Util/include/SF2Util/Types.hpp:5:10: fatal error: 'os/log.h' file not found
5 | #include <os/log.h>
| ^~~~~~~~~~
[0/55] Compiling Definition.mm
In file included from /host/spi-builder-workspace/Sources/SF2File/IO/Pos.mm:5:
In file included from /host/spi-builder-workspace/Sources/SF2File/include/SF2File/IO/ChunkList.hpp:5:
In file included from /host/spi-builder-workspace/Sources/SF2File/include/SF2File/IO/Chunk.hpp:5:
In file included from /host/spi-builder-workspace/Sources/SF2File/include/SF2File/IO/Pos.hpp:8:
In file included from /host/spi-builder-workspace/Sources/SF2File/include/SF2File/IO/Tag.hpp:7:
/host/spi-builder-workspace/Sources/SF2Util/include/SF2Util/Types.hpp:5:10: fatal error: 'os/log.h' file not found
5 | #include <os/log.h>
| ^~~~~~~~~~
[0/55] Compiling Pos.mm
BUILD FAILURE 6.2 wasm