Build Information
Failed to build InsertAffiliateSwift, reference v2.7.0 (577821), with Swift 6.1 for macOS (SPM) on 30 Sep 2026 13:26:28 UTC.
Build Command
env DEVELOPER_DIR=/Applications/Xcode-16.3.0.app xcrun swift build --arch arm64Build Log
========================================
RunAll
========================================
Builder version: 5.1.1
Interrupt handler set up.
========================================
Checkout
========================================
Clone URL: https://github.com/Insert-Affiliate/InsertAffiliateSwiftSDK.git
Reference: v2.7.0
Initialized empty Git repository in /Users/admin/builder/spi-builder-workspace/.git/
From https://github.com/Insert-Affiliate/InsertAffiliateSwiftSDK
* tag v2.7.0 -> FETCH_HEAD
HEAD is now at 5778214 Merge pull request #21 from Insert-Affiliate/feat/in-app-referrals
Cloned https://github.com/Insert-Affiliate/InsertAffiliateSwiftSDK.git
Revision (git rev-parse @):
5778214c03c134bc44579bf95b5c3ef35afd1598
SUCCESS checkout https://github.com/Insert-Affiliate/InsertAffiliateSwiftSDK.git at v2.7.0
========================================
Build
========================================
Selected platform: macosSpm
Swift version: 6.1
Building package at path: $PWD
https://github.com/Insert-Affiliate/InsertAffiliateSwiftSDK.git
https://github.com/Insert-Affiliate/InsertAffiliateSwiftSDK.git
{
"dependencies" : [
],
"manifest_display_name" : "InsertAffiliateSwift",
"name" : "InsertAffiliateSwift",
"path" : "/Users/admin/builder/spi-builder-workspace",
"platforms" : [
{
"name" : "ios",
"version" : "13.0"
}
],
"products" : [
{
"name" : "InsertAffiliateSwift",
"targets" : [
"InsertAffiliateSwift"
],
"type" : {
"library" : [
"automatic"
]
}
}
],
"targets" : [
{
"c99name" : "InsertAffiliateSwiftTests",
"module_type" : "SwiftTarget",
"name" : "InsertAffiliateSwiftTests",
"path" : "Tests",
"sources" : [
"InsertAffiliateSwiftTests/InsertAffiliateReferralsTests.swift",
"InsertAffiliateSwiftTests/InsertAffiliateSwiftTests.swift"
],
"target_dependencies" : [
"InsertAffiliateSwift"
],
"type" : "test"
},
{
"c99name" : "InsertAffiliateSwift",
"module_type" : "SwiftTarget",
"name" : "InsertAffiliateSwift",
"path" : "Sources",
"product_memberships" : [
"InsertAffiliateSwift"
],
"sources" : [
"InsertAffiliateSwift/InsertAffiliateReferrals.swift",
"InsertAffiliateSwift/InsertAffiliateSwift.swift",
"InsertAffiliateSwift/ReferAFriendView.swift"
],
"type" : "library"
}
],
"tools_version" : "6.0"
}
Running build ...
env DEVELOPER_DIR=/Applications/Xcode-16.3.0.app xcrun swift build --arch arm64 -Xswiftc -Xfrontend -Xswiftc -stats-output-dir -Xswiftc -Xfrontend -Xswiftc .stats
Building for debugging...
[0/2] Write sources
[1/2] Write swift-version-2F0A5646E1D333AE.txt
[3/6] Compiling InsertAffiliateSwift ReferAFriendView.swift
/Users/admin/builder/spi-builder-workspace/Sources/InsertAffiliateSwift/InsertAffiliateSwift.swift:2:8: error: no such module 'UIKit'
1 | import Foundation
2 | import UIKit
| `- error: no such module 'UIKit'
3 | import Network
4 |
error: emit-module command failed with exit code 1 (use -v to see invocation)
[4/6] Emitting module InsertAffiliateSwift
/Users/admin/builder/spi-builder-workspace/Sources/InsertAffiliateSwift/InsertAffiliateSwift.swift:2:8: error: no such module 'UIKit'
1 | import Foundation
2 | import UIKit
| `- error: no such module 'UIKit'
3 | import Network
4 |
[5/6] Compiling InsertAffiliateSwift InsertAffiliateSwift.swift
/Users/admin/builder/spi-builder-workspace/Sources/InsertAffiliateSwift/InsertAffiliateSwift.swift:2:8: error: no such module 'UIKit'
1 | import Foundation
2 | import UIKit
| `- error: no such module 'UIKit'
3 | import Network
4 |
[6/6] Compiling InsertAffiliateSwift InsertAffiliateReferrals.swift
/Users/admin/builder/spi-builder-workspace/Sources/InsertAffiliateSwift/InsertAffiliateSwift.swift:2:8: error: no such module 'UIKit'
1 | import Foundation
2 | import UIKit
| `- error: no such module 'UIKit'
3 | import Network
4 |
Running build ...
env DEVELOPER_DIR=/Applications/Xcode-16.3.0.app xcrun swift build --arch arm64
[0/1] Planning build
Building for debugging...
[0/1] Write swift-version-2F0A5646E1D333AE.txt
[2/5] Compiling InsertAffiliateSwift ReferAFriendView.swift
/Users/admin/builder/spi-builder-workspace/Sources/InsertAffiliateSwift/InsertAffiliateSwift.swift:2:8: error: no such module 'UIKit'
1 | import Foundation
2 | import UIKit
| `- error: no such module 'UIKit'
3 | import Network
4 |
error: emit-module command failed with exit code 1 (use -v to see invocation)
[3/5] Emitting module InsertAffiliateSwift
/Users/admin/builder/spi-builder-workspace/Sources/InsertAffiliateSwift/InsertAffiliateSwift.swift:2:8: error: no such module 'UIKit'
1 | import Foundation
2 | import UIKit
| `- error: no such module 'UIKit'
3 | import Network
4 |
[4/5] Compiling InsertAffiliateSwift InsertAffiliateSwift.swift
/Users/admin/builder/spi-builder-workspace/Sources/InsertAffiliateSwift/InsertAffiliateSwift.swift:2:8: error: no such module 'UIKit'
1 | import Foundation
2 | import UIKit
| `- error: no such module 'UIKit'
3 | import Network
4 |
[5/5] Compiling InsertAffiliateSwift InsertAffiliateReferrals.swift
/Users/admin/builder/spi-builder-workspace/Sources/InsertAffiliateSwift/InsertAffiliateSwift.swift:2:8: error: no such module 'UIKit'
1 | import Foundation
2 | import UIKit
| `- error: no such module 'UIKit'
3 | import Network
4 |
BUILD FAILURE 6.1 macosSpm