Build Information
Failed to build xcbeautify, reference main (513e4b), with Swift 6.1 for watchOS using Xcode 16.3 on 14 Aug 2026 05:47:17 UTC.
Build Command
env DEVELOPER_DIR=/Applications/Xcode-16.3.0.app xcrun xcodebuild -IDEClonedSourcePackagesDirPathOverride=$PWD/.dependencies -skipMacroValidation -skipPackagePluginValidation -derivedDataPath $PWD/.derivedData build -scheme xcbeautify-Package -destination generic/platform=watchOSBuild Log
import Foundation
^
package
/Users/admin/builder/spi-builder-workspace/Sources/XcbeautifyLib/OutputHandler.swift:10:8: note: silence these warnings by adopting the upcoming feature 'InternalImportsByDefault'
import Foundation
^
/Users/admin/builder/spi-builder-workspace/Sources/XcbeautifyLib/JUnitReporter.swift:15:1: note: imported 'package' here
package import Foundation
^
/Users/admin/builder/spi-builder-workspace/Sources/XcbeautifyLib/Parser.swift:10:8: error: ambiguous implicit access level for import of 'Foundation'; it is imported as 'package' elsewhere
import Foundation
^
package
/Users/admin/builder/spi-builder-workspace/Sources/XcbeautifyLib/Parser.swift:10:8: note: silence these warnings by adopting the upcoming feature 'InternalImportsByDefault'
import Foundation
^
/Users/admin/builder/spi-builder-workspace/Sources/XcbeautifyLib/JUnitReporter.swift:15:1: note: imported 'package' here
package import Foundation
^
/Users/admin/builder/spi-builder-workspace/Sources/XcbeautifyLib/Renderers/FileComponents.swift:10:8: error: ambiguous implicit access level for import of 'Foundation'; it is imported as 'package' elsewhere
import Foundation
^
package
/Users/admin/builder/spi-builder-workspace/Sources/XcbeautifyLib/Renderers/FileComponents.swift:10:8: note: silence these warnings by adopting the upcoming feature 'InternalImportsByDefault'
import Foundation
^
/Users/admin/builder/spi-builder-workspace/Sources/XcbeautifyLib/JUnitReporter.swift:15:1: note: imported 'package' here
package import Foundation
^
/Users/admin/builder/spi-builder-workspace/Sources/XcbeautifyLib/Renderers/Microsoft/AzureDevOpsPipelinesRenderer.swift:10:8: error: ambiguous implicit access level for import of 'Foundation'; it is imported as 'package' elsewhere
import Foundation
^
package
/Users/admin/builder/spi-builder-workspace/Sources/XcbeautifyLib/Renderers/Microsoft/AzureDevOpsPipelinesRenderer.swift:10:8: note: silence these warnings by adopting the upcoming feature 'InternalImportsByDefault'
import Foundation
^
/Users/admin/builder/spi-builder-workspace/Sources/XcbeautifyLib/JUnitReporter.swift:15:1: note: imported 'package' here
package import Foundation
^
/Users/admin/builder/spi-builder-workspace/Sources/XcbeautifyLib/Renderers/Microsoft/GitHubActionsRenderer.swift:10:8: error: ambiguous implicit access level for import of 'Foundation'; it is imported as 'package' elsewhere
import Foundation
^
package
/Users/admin/builder/spi-builder-workspace/Sources/XcbeautifyLib/Renderers/Microsoft/GitHubActionsRenderer.swift:10:8: note: silence these warnings by adopting the upcoming feature 'InternalImportsByDefault'
import Foundation
^
/Users/admin/builder/spi-builder-workspace/Sources/XcbeautifyLib/JUnitReporter.swift:15:1: note: imported 'package' here
package import Foundation
^
/Users/admin/builder/spi-builder-workspace/Sources/XcbeautifyLib/Renderers/Microsoft/MicrosoftOutputRendering.swift:10:8: error: ambiguous implicit access level for import of 'Foundation'; it is imported as 'package' elsewhere
import Foundation
^
package
/Users/admin/builder/spi-builder-workspace/Sources/XcbeautifyLib/Renderers/Microsoft/MicrosoftOutputRendering.swift:10:8: note: silence these warnings by adopting the upcoming feature 'InternalImportsByDefault'
import Foundation
^
/Users/admin/builder/spi-builder-workspace/Sources/XcbeautifyLib/JUnitReporter.swift:15:1: note: imported 'package' here
package import Foundation
^
/Users/admin/builder/spi-builder-workspace/Sources/XcbeautifyLib/Renderers/OutputRendering.swift:10:8: error: ambiguous implicit access level for import of 'Foundation'; it is imported as 'package' elsewhere
import Foundation
^
package
/Users/admin/builder/spi-builder-workspace/Sources/XcbeautifyLib/Renderers/OutputRendering.swift:10:8: note: silence these warnings by adopting the upcoming feature 'InternalImportsByDefault'
import Foundation
^
/Users/admin/builder/spi-builder-workspace/Sources/XcbeautifyLib/JUnitReporter.swift:15:1: note: imported 'package' here
package import Foundation
^
/Users/admin/builder/spi-builder-workspace/Sources/XcbeautifyLib/Renderers/TeamCityRenderer.swift:10:8: error: ambiguous implicit access level for import of 'Foundation'; it is imported as 'package' elsewhere
import Foundation
^
package
/Users/admin/builder/spi-builder-workspace/Sources/XcbeautifyLib/Renderers/TeamCityRenderer.swift:10:8: note: silence these warnings by adopting the upcoming feature 'InternalImportsByDefault'
import Foundation
^
/Users/admin/builder/spi-builder-workspace/Sources/XcbeautifyLib/JUnitReporter.swift:15:1: note: imported 'package' here
package import Foundation
^
/Users/admin/builder/spi-builder-workspace/Sources/XcbeautifyLib/Renderers/TerminalRenderer.swift:10:8: error: ambiguous implicit access level for import of 'Foundation'; it is imported as 'package' elsewhere
import Foundation
^
package
/Users/admin/builder/spi-builder-workspace/Sources/XcbeautifyLib/Renderers/TerminalRenderer.swift:10:8: note: silence these warnings by adopting the upcoming feature 'InternalImportsByDefault'
import Foundation
^
/Users/admin/builder/spi-builder-workspace/Sources/XcbeautifyLib/JUnitReporter.swift:15:1: note: imported 'package' here
package import Foundation
^
/Users/admin/builder/spi-builder-workspace/Sources/XcbeautifyLib/String+Colored.swift:10:8: error: ambiguous implicit access level for import of 'Foundation'; it is imported as 'package' elsewhere
import Foundation
^
package
/Users/admin/builder/spi-builder-workspace/Sources/XcbeautifyLib/String+Colored.swift:10:8: note: silence these warnings by adopting the upcoming feature 'InternalImportsByDefault'
import Foundation
^
/Users/admin/builder/spi-builder-workspace/Sources/XcbeautifyLib/JUnitReporter.swift:15:1: note: imported 'package' here
package import Foundation
^
/Users/admin/builder/spi-builder-workspace/Sources/XcbeautifyLib/String+Substring.swift:10:8: error: ambiguous implicit access level for import of 'Foundation'; it is imported as 'package' elsewhere
import Foundation
^
package
/Users/admin/builder/spi-builder-workspace/Sources/XcbeautifyLib/String+Substring.swift:10:8: note: silence these warnings by adopting the upcoming feature 'InternalImportsByDefault'
import Foundation
^
/Users/admin/builder/spi-builder-workspace/Sources/XcbeautifyLib/JUnitReporter.swift:15:1: note: imported 'package' here
package import Foundation
^
/Users/admin/builder/spi-builder-workspace/Sources/XcbeautifyLib/XCBeautifier.swift:10:8: error: ambiguous implicit access level for import of 'Foundation'; it is imported as 'package' elsewhere
import Foundation
^
package
/Users/admin/builder/spi-builder-workspace/Sources/XcbeautifyLib/XCBeautifier.swift:10:8: note: silence these warnings by adopting the upcoming feature 'InternalImportsByDefault'
import Foundation
^
/Users/admin/builder/spi-builder-workspace/Sources/XcbeautifyLib/JUnitReporter.swift:15:1: note: imported 'package' here
package import Foundation
^
/Users/admin/builder/spi-builder-workspace/Sources/XcbeautifyLib/XCRegex.swift:10:8: error: ambiguous implicit access level for import of 'Foundation'; it is imported as 'package' elsewhere
import Foundation
^
package
/Users/admin/builder/spi-builder-workspace/Sources/XcbeautifyLib/XCRegex.swift:10:8: note: silence these warnings by adopting the upcoming feature 'InternalImportsByDefault'
import Foundation
^
/Users/admin/builder/spi-builder-workspace/Sources/XcbeautifyLib/JUnitReporter.swift:15:1: note: imported 'package' here
package import Foundation
^
SwiftDriverJobDiscovery normal arm64_32 Compiling XMLDecoder.swift, XMLDecoderImplementation.swift, XMLDecodingStorage.swift, XMLKeyedDecodingContainer.swift, XMLUnkeyedDecodingContainer.swift (in target 'XMLCoder' from project 'XMLCoder')
SwiftCompile normal armv7k Compiling\ Array+Safe.swift,\ CaptureGroups.swift /Users/admin/builder/spi-builder-workspace/Sources/XcbeautifyLib/Array+Safe.swift /Users/admin/builder/spi-builder-workspace/Sources/XcbeautifyLib/CaptureGroups.swift (in target 'XcbeautifyLib' from project 'xcbeautify')
Command SwiftCompile failed with a nonzero exit code
** BUILD FAILED **
The following build commands failed:
SwiftCompile normal armv7k Compiling\ XCRegex.swift /Users/admin/builder/spi-builder-workspace/Sources/XcbeautifyLib/XCRegex.swift (in target 'XcbeautifyLib' from project 'xcbeautify')
SwiftCompile normal armv7k /Users/admin/builder/spi-builder-workspace/Sources/XcbeautifyLib/XCRegex.swift (in target 'XcbeautifyLib' from project 'xcbeautify')
SwiftCompile normal armv7k Compiling\ Array+Safe.swift,\ CaptureGroups.swift /Users/admin/builder/spi-builder-workspace/Sources/XcbeautifyLib/Array+Safe.swift /Users/admin/builder/spi-builder-workspace/Sources/XcbeautifyLib/CaptureGroups.swift (in target 'XcbeautifyLib' from project 'xcbeautify')
Building workspace spi-builder-workspace with scheme xcbeautify-Package
(4 failures)
Command line invocation:
/Applications/Xcode-16.3.0.app/Contents/Developer/usr/bin/xcodebuild -IDEClonedSourcePackagesDirPathOverride=/Users/admin/builder/spi-builder-workspace/.dependencies -resolvePackageDependencies
Resolve Package Graph
Resolved source packages:
XMLCoder: https://github.com/CoreOffice/XMLCoder.git @ 0.18.2
xcbeautify: /Users/admin/builder/spi-builder-workspace
swift-argument-parser: https://github.com/apple/swift-argument-parser.git @ 1.8.2
resolved source packages: XMLCoder, xcbeautify, swift-argument-parser
{
"dependencies" : [
{
"identity" : "swift-argument-parser",
"requirement" : {
"range" : [
{
"lower_bound" : "1.5.0",
"upper_bound" : "2.0.0"
}
]
},
"type" : "sourceControl",
"url" : "https://github.com/apple/swift-argument-parser.git"
},
{
"identity" : "xmlcoder",
"requirement" : {
"range" : [
{
"lower_bound" : "0.17.1",
"upper_bound" : "1.0.0"
}
]
},
"type" : "sourceControl",
"url" : "https://github.com/CoreOffice/XMLCoder.git"
}
],
"manifest_display_name" : "xcbeautify",
"name" : "xcbeautify",
"path" : "/Users/admin/builder/spi-builder-workspace",
"platforms" : [
{
"name" : "macos",
"version" : "14.0"
}
],
"products" : [
{
"name" : "xcbeautify",
"targets" : [
"xcbeautify"
],
"type" : {
"executable" : null
}
},
{
"name" : "XcbeautifyLib",
"targets" : [
"XcbeautifyLib"
],
"type" : {
"library" : [
"automatic"
]
}
}
],
"targets" : [
{
"c99name" : "xcbeautify",
"module_type" : "SwiftTarget",
"name" : "xcbeautify",
"path" : "Sources/xcbeautify",
"product_dependencies" : [
"ArgumentParser"
],
"product_memberships" : [
"xcbeautify"
],
"sources" : [
"OutputFormat+ExpressibleByArgument.swift",
"Version.swift",
"Xcbeautify.swift"
],
"target_dependencies" : [
"XcbeautifyLib"
],
"type" : "executable"
},
{
"c99name" : "XcbeautifyLibTests",
"module_type" : "SwiftTarget",
"name" : "XcbeautifyLibTests",
"path" : "Tests/XcbeautifyLibTests",
"resources" : [
{
"path" : "/Users/admin/builder/spi-builder-workspace/Tests/XcbeautifyLibTests/TestData/MixedTestLog_6_0_Expected_XML_Linux.txt",
"rule" : {
"process" : {
}
}
},
{
"path" : "/Users/admin/builder/spi-builder-workspace/Tests/XcbeautifyLibTests/TestData/MixedTestLog_6_0_Expected_XML_macOS.txt",
"rule" : {
"process" : {
}
}
},
{
"path" : "/Users/admin/builder/spi-builder-workspace/Tests/XcbeautifyLibTests/TestData/MixedTestLog_6_0_Linux.txt",
"rule" : {
"process" : {
}
}
},
{
"path" : "/Users/admin/builder/spi-builder-workspace/Tests/XcbeautifyLibTests/TestData/MixedTestLog_6_0_macOS.txt",
"rule" : {
"process" : {
}
}
},
{
"path" : "/Users/admin/builder/spi-builder-workspace/Tests/XcbeautifyLibTests/TestData/MixedTestLog_6_0_macOS_colored.txt",
"rule" : {
"process" : {
}
}
},
{
"path" : "/Users/admin/builder/spi-builder-workspace/Tests/XcbeautifyLibTests/TestData/ParallelTestLog.txt",
"rule" : {
"process" : {
}
}
},
{
"path" : "/Users/admin/builder/spi-builder-workspace/Tests/XcbeautifyLibTests/TestData/TestLog.txt",
"rule" : {
"process" : {
}
}
},
{
"path" : "/Users/admin/builder/spi-builder-workspace/Tests/XcbeautifyLibTests/TestData/clean_build_xcode_15_1.txt",
"rule" : {
"process" : {
}
}
},
{
"path" : "/Users/admin/builder/spi-builder-workspace/Tests/XcbeautifyLibTests/TestData/clean_build_xcode_15_1_colored.txt",
"rule" : {
"process" : {
}
}
},
{
"path" : "/Users/admin/builder/spi-builder-workspace/Tests/XcbeautifyLibTests/TestData/demo_swift_testing_log.txt",
"rule" : {
"process" : {
}
}
},
{
"path" : "/Users/admin/builder/spi-builder-workspace/Tests/XcbeautifyLibTests/TestData/large_xcodebuild_log.txt",
"rule" : {
"process" : {
}
}
},
{
"path" : "/Users/admin/builder/spi-builder-workspace/Tests/XcbeautifyLibTests/TestData/spi_swift_testing_full_log.txt",
"rule" : {
"process" : {
}
}
},
{
"path" : "/Users/admin/builder/spi-builder-workspace/Tests/XcbeautifyLibTests/TestData/spi_swift_testing_short_log.txt",
"rule" : {
"process" : {
}
}
},
{
"path" : "/Users/admin/builder/spi-builder-workspace/Tests/XcbeautifyLibTests/TestData/swift_test_log_macOS.txt",
"rule" : {
"process" : {
}
}
},
{
"path" : "/Users/admin/builder/spi-builder-workspace/Tests/XcbeautifyLibTests/TestData/swift_test_log_macOS_colored.txt",
"rule" : {
"process" : {
}
}
}
],
"sources" : [
"CaptureGroupTests.swift",
"Condition+Ext.swift",
"FormattedStringTests.swift",
"JUnitReporterTests.swift",
"OutputHandlerTests.swift",
"ParserTests.swift",
"ParsingTests.swift",
"RendererTests/AzureDevOpsPipelinesRendererTests.swift",
"RendererTests/GitHubActionsRendererTests.swift",
"RendererTests/RendererTests.swift",
"RendererTests/TeamCityRendererTests.swift",
"RendererTests/TerminalRendererTests.swift",
"TestCaseCaptureGroupTests.swift",
"UniqueCaptureGroupTests.swift",
"XCBeautifierTests.swift"
],
"target_dependencies" : [
"XcbeautifyLib"
],
"type" : "test"
},
{
"c99name" : "XcbeautifyLib",
"module_type" : "SwiftTarget",
"name" : "XcbeautifyLib",
"path" : "Sources/XcbeautifyLib",
"product_dependencies" : [
"XMLCoder"
],
"product_memberships" : [
"xcbeautify",
"XcbeautifyLib"
],
"sources" : [
"Array+Safe.swift",
"CaptureGroups.swift",
"Constants.swift",
"Formatter.swift",
"JUnitReporter.swift",
"OutputHandler.swift",
"Parser.swift",
"Renderers/FileComponents.swift",
"Renderers/Microsoft/AzureDevOpsPipelinesRenderer.swift",
"Renderers/Microsoft/GitHubActionsRenderer.swift",
"Renderers/Microsoft/MicrosoftOutputRendering.swift",
"Renderers/OutputRendering.swift",
"Renderers/TeamCityRenderer.swift",
"Renderers/TerminalRenderer.swift",
"String+Colored.swift",
"String+Substring.swift",
"XCBeautifier.swift",
"XCRegex.swift"
],
"type" : "library"
}
],
"tools_version" : "6.1"
}
{
"workspace" : {
"name" : "spi-builder-workspace",
"schemes" : [
"xcbeautify",
"xcbeautify-Package",
"XcbeautifyLib"
]
}
}
Running build ...
env DEVELOPER_DIR=/Applications/Xcode-16.3.0.app xcrun xcodebuild -IDEClonedSourcePackagesDirPathOverride=$PWD/.dependencies -skipMacroValidation -skipPackagePluginValidation -derivedDataPath $PWD/.derivedData build -scheme xcbeautify-Package -destination generic/platform=watchOS
Command line invocation:
/Applications/Xcode-16.3.0.app/Contents/Developer/usr/bin/xcodebuild -IDEClonedSourcePackagesDirPathOverride=/Users/admin/builder/spi-builder-workspace/.dependencies -skipMacroValidation -skipPackagePluginValidation -derivedDataPath /Users/admin/builder/spi-builder-workspace/.derivedData build -scheme xcbeautify-Package -destination generic/platform=watchOS
Resolve Package Graph
Resolved source packages:
xcbeautify: /Users/admin/builder/spi-builder-workspace
XMLCoder: https://github.com/CoreOffice/XMLCoder.git @ 0.18.2
swift-argument-parser: https://github.com/apple/swift-argument-parser.git @ 1.8.2
ComputePackagePrebuildTargetDependencyGraph
Prepare packages
CreateBuildRequest
SendProjectDescription
CreateBuildOperation
ComputeTargetDependencyGraph
note: Building targets in dependency order
note: Target dependency graph (8 targets)
Target 'xcbeautify' in project 'xcbeautify'
➜ Explicit dependency on target 'XcbeautifyLib' in project 'xcbeautify'
➜ Explicit dependency on target 'XMLCoder' in project 'XMLCoder'
➜ Explicit dependency on target 'ArgumentParser' in project 'swift-argument-parser'
Target 'ArgumentParser' in project 'swift-argument-parser'
➜ Explicit dependency on target 'ArgumentParser' in project 'swift-argument-parser'
➜ Explicit dependency on target 'ArgumentParserToolInfo' in project 'swift-argument-parser'
Target 'ArgumentParser' in project 'swift-argument-parser'
➜ Explicit dependency on target 'ArgumentParserToolInfo' in project 'swift-argument-parser'
Target 'ArgumentParserToolInfo' in project 'swift-argument-parser' (no dependencies)
Target 'XcbeautifyLib' in project 'xcbeautify'
➜ Explicit dependency on target 'XcbeautifyLib' in project 'xcbeautify'
➜ Explicit dependency on target 'XMLCoder' in project 'XMLCoder'
Target 'XcbeautifyLib' in project 'xcbeautify'
➜ Explicit dependency on target 'XMLCoder' in project 'XMLCoder'
Target 'XMLCoder' in project 'XMLCoder'
➜ Explicit dependency on target 'XMLCoder' in project 'XMLCoder'
Target 'XMLCoder' in project 'XMLCoder' (no dependencies)
GatherProvisioningInputs
CreateBuildDescription
ExecuteExternalTool /Applications/Xcode-16.3.0.app/Contents/Developer/Toolchains/XcodeDefault.xctoolchain/usr/bin/swiftc --version
ExecuteExternalTool /Applications/Xcode-16.3.0.app/Contents/Developer/Toolchains/XcodeDefault.xctoolchain/usr/bin/clang -v -E -dM -isysroot /Applications/Xcode-16.3.0.app/Contents/Developer/Platforms/WatchOS.platform/Developer/SDKs/WatchOS11.4.sdk -x c -c /dev/null
ExecuteExternalTool /Applications/Xcode-16.3.0.app/Contents/Developer/Toolchains/XcodeDefault.xctoolchain/usr/bin/ld -version_details
ReadFileContents /Applications/Xcode-16.3.0.app/Contents/Developer/Toolchains/XcodeDefault.xctoolchain/usr/share/docc/features.json
Build description signature: 7a862acd37304047ec07bdcd85665118
Build description path: /Users/admin/builder/spi-builder-workspace/.derivedData/Build/Intermediates.noindex/XCBuildData/7a862acd37304047ec07bdcd85665118.xcbuilddata
ClangStatCache /Applications/Xcode-16.3.0.app/Contents/Developer/Toolchains/XcodeDefault.xctoolchain/usr/bin/clang-stat-cache /Applications/Xcode-16.3.0.app/Contents/Developer/Platforms/WatchOS.platform/Developer/SDKs/WatchOS11.4.sdk /Users/admin/builder/spi-builder-workspace/.derivedData/SDKStatCaches.noindex/watchos11.4-22T246-43efb940ff07ba2497b70ec94253f576.sdkstatcache
cd /Users/admin/builder/spi-builder-workspace/.swiftpm/xcode
/Applications/Xcode-16.3.0.app/Contents/Developer/Toolchains/XcodeDefault.xctoolchain/usr/bin/clang-stat-cache /Applications/Xcode-16.3.0.app/Contents/Developer/Platforms/WatchOS.platform/Developer/SDKs/WatchOS11.4.sdk -o /Users/admin/builder/spi-builder-workspace/.derivedData/SDKStatCaches.noindex/watchos11.4-22T246-43efb940ff07ba2497b70ec94253f576.sdkstatcache
SwiftDriver XMLCoder normal arm64 com.apple.xcode.tools.swift.compiler (in target 'XMLCoder' from project 'XMLCoder')
cd /Users/admin/builder/spi-builder-workspace/.swiftpm/xcode
builtin-SwiftDriver -- /Applications/Xcode-16.3.0.app/Contents/Developer/Toolchains/XcodeDefault.xctoolchain/usr/bin/swiftc -module-name XMLCoder -Onone -enforce-exclusivity\=checked @/Users/admin/builder/spi-builder-workspace/.derivedData/Build/Intermediates.noindex/XMLCoder.build/Debug-watchos/XMLCoder.build/Objects-normal/arm64/XMLCoder.SwiftFileList -DSWIFT_PACKAGE -DDEBUG -DXcode -plugin-path /Applications/Xcode-16.3.0.app/Contents/Developer/Toolchains/XcodeDefault.xctoolchain/usr/lib/swift/host/plugins/testing -enable-experimental-feature DebugDescriptionMacro -sdk /Applications/Xcode-16.3.0.app/Contents/Developer/Platforms/WatchOS.platform/Developer/SDKs/WatchOS11.4.sdk -target arm64-apple-watchos4.0 -g -module-cache-path /Users/admin/builder/spi-builder-workspace/.derivedData/ModuleCache.noindex -Xfrontend -serialize-debugging-options -profile-coverage-mapping -profile-generate -enable-testing -suppress-warnings -index-store-path /Users/admin/builder/spi-builder-workspace/.derivedData/Index.noindex/DataStore -swift-version 5 -I /Users/admin/builder/spi-builder-workspace/.derivedData/Build/Products/Debug-watchos -I /Applications/Xcode-16.3.0.app/Contents/Developer/Platforms/WatchOS.platform/Developer/usr/lib -F /Users/admin/builder/spi-builder-workspace/.derivedData/Build/Products/Debug-watchos -F /Applications/Xcode-16.3.0.app/Contents/Developer/Platforms/WatchOS.platform/Developer/Library/Frameworks -F /Applications/Xcode-16.3.0.app/Contents/Developer/Platforms/WatchOS.platform/Developer/SDKs/WatchOS11.4.sdk/Developer/Library/Frameworks -c -j10 -enable-batch-mode -incremental -Xcc -ivfsstatcache -Xcc /Users/admin/builder/spi-builder-workspace/.derivedData/SDKStatCaches.noindex/watchos11.4-22T246-43efb940ff07ba2497b70ec94253f576.sdkstatcache -output-file-map /Users/admin/builder/spi-builder-workspace/.derivedData/Build/Intermediates.noindex/XMLCoder.build/Debug-watchos/XMLCoder.build/Objects-normal/arm64/XMLCoder-OutputFileMap.json -use-frontend-parseable-output -save-temps -no-color-diagnostics -serialize-diagnostics -emit-dependencies -emit-module -emit-module-path /Users/admin/builder/spi-builder-workspace/.derivedData/Build/Intermediates.noindex/XMLCoder.build/Debug-watchos/XMLCoder.build/Objects-normal/arm64/XMLCoder.swiftmodule -validate-clang-modules-once -clang-build-session-file /Users/admin/builder/spi-builder-workspace/.derivedData/ModuleCache.noindex/Session.modulevalidation -Xcc -I/Users/admin/builder/spi-builder-workspace/.derivedData/Build/Intermediates.noindex/XMLCoder.build/Debug-watchos/XMLCoder.build/swift-overrides.hmap -emit-const-values -Xfrontend -const-gather-protocols-file -Xfrontend /Users/admin/builder/spi-builder-workspace/.derivedData/Build/Intermediates.noindex/XMLCoder.build/Debug-watchos/XMLCoder.build/Objects-normal/arm64/XMLCoder_const_extract_protocols.json -Xcc -I/Users/admin/builder/spi-builder-workspace/.derivedData/Build/Products/Debug-watchos/include -Xcc -I/Users/admin/builder/spi-builder-workspace/.derivedData/Build/Intermediates.noindex/XMLCoder.build/Debug-watchos/XMLCoder.build/DerivedSources-normal/arm64 -Xcc -I/Users/admin/builder/spi-builder-workspace/.derivedData/Build/Intermediates.noindex/XMLCoder.build/Debug-watchos/XMLCoder.build/DerivedSources/arm64 -Xcc -I/Users/admin/builder/spi-builder-workspace/.derivedData/Build/Intermediates.noindex/XMLCoder.build/Debug-watchos/XMLCoder.build/DerivedSources -Xcc -DSWIFT_PACKAGE -Xcc -DDEBUG\=1 -emit-objc-header -emit-objc-header-path /Users/admin/builder/spi-builder-workspace/.derivedData/Build/Intermediates.noindex/XMLCoder.build/Debug-watchos/XMLCoder.build/Objects-normal/arm64/XMLCoder-Swift.h -working-directory /Users/admin/builder/spi-builder-workspace/.swiftpm/xcode -experimental-emit-module-separately -disable-cmo
SwiftDriver XMLCoder normal arm64_32 com.apple.xcode.tools.swift.compiler (in target 'XMLCoder' from project 'XMLCoder')
cd /Users/admin/builder/spi-builder-workspace/.swiftpm/xcode
builtin-SwiftDriver -- /Applications/Xcode-16.3.0.app/Contents/Developer/Toolchains/XcodeDefault.xctoolchain/usr/bin/swiftc -module-name XMLCoder -Onone -enforce-exclusivity\=checked @/Users/admin/builder/spi-builder-workspace/.derivedData/Build/Intermediates.noindex/XMLCoder.build/Debug-watchos/XMLCoder.build/Objects-normal/arm64_32/XMLCoder.SwiftFileList -DSWIFT_PACKAGE -DDEBUG -DXcode -plugin-path /Applications/Xcode-16.3.0.app/Contents/Developer/Toolchains/XcodeDefault.xctoolchain/usr/lib/swift/host/plugins/testing -enable-experimental-feature DebugDescriptionMacro -sdk /Applications/Xcode-16.3.0.app/Contents/Developer/Platforms/WatchOS.platform/Developer/SDKs/WatchOS11.4.sdk -target arm64_32-apple-watchos4.0 -g -module-cache-path /Users/admin/builder/spi-builder-workspace/.derivedData/ModuleCache.noindex -Xfrontend -serialize-debugging-options -profile-coverage-mapping -profile-generate -enable-testing -suppress-warnings -index-store-path /Users/admin/builder/spi-builder-workspace/.derivedData/Index.noindex/DataStore -swift-version 5 -I /Users/admin/builder/spi-builder-workspace/.derivedData/Build/Products/Debug-watchos -I /Applications/Xcode-16.3.0.app/Contents/Developer/Platforms/WatchOS.platform/Developer/usr/lib -F /Users/admin/builder/spi-builder-workspace/.derivedData/Build/Products/Debug-watchos -F /Applications/Xcode-16.3.0.app/Contents/Developer/Platforms/WatchOS.platform/Developer/Library/Frameworks -F /Applications/Xcode-16.3.0.app/Contents/Developer/Platforms/WatchOS.platform/Developer/SDKs/WatchOS11.4.sdk/Developer/Library/Frameworks -c -j10 -enable-batch-mode -incremental -Xcc -ivfsstatcache -Xcc /Users/admin/builder/spi-builder-workspace/.derivedData/SDKStatCaches.noindex/watchos11.4-22T246-43efb940ff07ba2497b70ec94253f576.sdkstatcache -output-file-map /Users/admin/builder/spi-builder-workspace/.derivedData/Build/Intermediates.noindex/XMLCoder.build/Debug-watchos/XMLCoder.build/Objects-normal/arm64_32/XMLCoder-OutputFileMap.json -use-frontend-parseable-output -save-temps -no-color-diagnostics -serialize-diagnostics -emit-dependencies -emit-module -emit-module-path /Users/admin/builder/spi-builder-workspace/.derivedData/Build/Intermediates.noindex/XMLCoder.build/Debug-watchos/XMLCoder.build/Objects-normal/arm64_32/XMLCoder.swiftmodule -validate-clang-modules-once -clang-build-session-file /Users/admin/builder/spi-builder-workspace/.derivedData/ModuleCache.noindex/Session.modulevalidation -Xcc -I/Users/admin/builder/spi-builder-workspace/.derivedData/Build/Intermediates.noindex/XMLCoder.build/Debug-watchos/XMLCoder.build/swift-overrides.hmap -emit-const-values -Xfrontend -const-gather-protocols-file -Xfrontend /Users/admin/builder/spi-builder-workspace/.derivedData/Build/Intermediates.noindex/XMLCoder.build/Debug-watchos/XMLCoder.build/Objects-normal/arm64_32/XMLCoder_const_extract_protocols.json -Xcc -I/Users/admin/builder/spi-builder-workspace/.derivedData/Build/Products/Debug-watchos/include -Xcc -I/Users/admin/builder/spi-builder-workspace/.derivedData/Build/Intermediates.noindex/XMLCoder.build/Debug-watchos/XMLCoder.build/DerivedSources-normal/arm64_32 -Xcc -I/Users/admin/builder/spi-builder-workspace/.derivedData/Build/Intermediates.noindex/XMLCoder.build/Debug-watchos/XMLCoder.build/DerivedSources/arm64_32 -Xcc -I/Users/admin/builder/spi-builder-workspace/.derivedData/Build/Intermediates.noindex/XMLCoder.build/Debug-watchos/XMLCoder.build/DerivedSources -Xcc -DSWIFT_PACKAGE -Xcc -DDEBUG\=1 -emit-objc-header -emit-objc-header-path /Users/admin/builder/spi-builder-workspace/.derivedData/Build/Intermediates.noindex/XMLCoder.build/Debug-watchos/XMLCoder.build/Objects-normal/arm64_32/XMLCoder-Swift.h -working-directory /Users/admin/builder/spi-builder-workspace/.swiftpm/xcode -experimental-emit-module-separately -disable-cmo
SwiftDriver XMLCoder normal armv7k com.apple.xcode.tools.swift.compiler (in target 'XMLCoder' from project 'XMLCoder')
cd /Users/admin/builder/spi-builder-workspace/.swiftpm/xcode
builtin-SwiftDriver -- /Applications/Xcode-16.3.0.app/Contents/Developer/Toolchains/XcodeDefault.xctoolchain/usr/bin/swiftc -module-name XMLCoder -Onone -enforce-exclusivity\=checked @/Users/admin/builder/spi-builder-workspace/.derivedData/Build/Intermediates.noindex/XMLCoder.build/Debug-watchos/XMLCoder.build/Objects-normal/armv7k/XMLCoder.SwiftFileList -DSWIFT_PACKAGE -DDEBUG -DXcode -plugin-path /Applications/Xcode-16.3.0.app/Contents/Developer/Toolchains/XcodeDefault.xctoolchain/usr/lib/swift/host/plugins/testing -enable-experimental-feature DebugDescriptionMacro -sdk /Applications/Xcode-16.3.0.app/Contents/Developer/Platforms/WatchOS.platform/Developer/SDKs/WatchOS11.4.sdk -target armv7k-apple-watchos4.0 -g -module-cache-path /Users/admin/builder/spi-builder-workspace/.derivedData/ModuleCache.noindex -Xfrontend -serialize-debugging-options -profile-coverage-mapping -profile-generate -enable-testing -suppress-warnings -index-store-path /Users/admin/builder/spi-builder-workspace/.derivedData/Index.noindex/DataStore -swift-version 5 -I /Users/admin/builder/spi-builder-workspace/.derivedData/Build/Products/Debug-watchos -I /Applications/Xcode-16.3.0.app/Contents/Developer/Platforms/WatchOS.platform/Developer/usr/lib -F /Users/admin/builder/spi-builder-workspace/.derivedData/Build/Products/Debug-watchos -F /Applications/Xcode-16.3.0.app/Contents/Developer/Platforms/WatchOS.platform/Developer/Library/Frameworks -F /Applications/Xcode-16.3.0.app/Contents/Developer/Platforms/WatchOS.platform/Developer/SDKs/WatchOS11.4.sdk/Developer/Library/Frameworks -c -j10 -enable-batch-mode -incremental -Xcc -ivfsstatcache -Xcc /Users/admin/builder/spi-builder-workspace/.derivedData/SDKStatCaches.noindex/watchos11.4-22T246-43efb940ff07ba2497b70ec94253f576.sdkstatcache -output-file-map /Users/admin/builder/spi-builder-workspace/.derivedData/Build/Intermediates.noindex/XMLCoder.build/Debug-watchos/XMLCoder.build/Objects-normal/armv7k/XMLCoder-OutputFileMap.json -use-frontend-parseable-output -save-temps -no-color-diagnostics -serialize-diagnostics -emit-dependencies -emit-module -emit-module-path /Users/admin/builder/spi-builder-workspace/.derivedData/Build/Intermediates.noindex/XMLCoder.build/Debug-watchos/XMLCoder.build/Objects-normal/armv7k/XMLCoder.swiftmodule -validate-clang-modules-once -clang-build-session-file /Users/admin/builder/spi-builder-workspace/.derivedData/ModuleCache.noindex/Session.modulevalidation -Xcc -I/Users/admin/builder/spi-builder-workspace/.derivedData/Build/Intermediates.noindex/XMLCoder.build/Debug-watchos/XMLCoder.build/swift-overrides.hmap -emit-const-values -Xfrontend -const-gather-protocols-file -Xfrontend /Users/admin/builder/spi-builder-workspace/.derivedData/Build/Intermediates.noindex/XMLCoder.build/Debug-watchos/XMLCoder.build/Objects-normal/armv7k/XMLCoder_const_extract_protocols.json -Xcc -I/Users/admin/builder/spi-builder-workspace/.derivedData/Build/Products/Debug-watchos/include -Xcc -I/Users/admin/builder/spi-builder-workspace/.derivedData/Build/Intermediates.noindex/XMLCoder.build/Debug-watchos/XMLCoder.build/DerivedSources-normal/armv7k -Xcc -I/Users/admin/builder/spi-builder-workspace/.derivedData/Build/Intermediates.noindex/XMLCoder.build/Debug-watchos/XMLCoder.build/DerivedSources/armv7k -Xcc -I/Users/admin/builder/spi-builder-workspace/.derivedData/Build/Intermediates.noindex/XMLCoder.build/Debug-watchos/XMLCoder.build/DerivedSources -Xcc -DSWIFT_PACKAGE -Xcc -DDEBUG\=1 -emit-objc-header -emit-objc-header-path /Users/admin/builder/spi-builder-workspace/.derivedData/Build/Intermediates.noindex/XMLCoder.build/Debug-watchos/XMLCoder.build/Objects-normal/armv7k/XMLCoder-Swift.h -working-directory /Users/admin/builder/spi-builder-workspace/.swiftpm/xcode -experimental-emit-module-separately -disable-cmo
SwiftDriver ArgumentParserToolInfo normal arm64 com.apple.xcode.tools.swift.compiler (in target 'ArgumentParserToolInfo' from project 'swift-argument-parser')
cd /Users/admin/builder/spi-builder-workspace/.swiftpm/xcode
builtin-SwiftDriver -- /Applications/Xcode-16.3.0.app/Contents/Developer/Toolchains/XcodeDefault.xctoolchain/usr/bin/swiftc -module-name ArgumentParserToolInfo -Onone -enforce-exclusivity\=checked @/Users/admin/builder/spi-builder-workspace/.derivedData/Build/Intermediates.noindex/swift-argument-parser.build/Debug-watchos/ArgumentParserToolInfo.build/Objects-normal/arm64/ArgumentParserToolInfo.SwiftFileList -DSWIFT_PACKAGE -DDEBUG -DXcode -plugin-path /Applications/Xcode-16.3.0.app/Contents/Developer/Toolchains/XcodeDefault.xctoolchain/usr/lib/swift/host/plugins/testing -enable-experimental-feature DebugDescriptionMacro -sdk /Applications/Xcode-16.3.0.app/Contents/Developer/Platforms/WatchOS.platform/Developer/SDKs/WatchOS11.4.sdk -target arm64-apple-watchos5.0 -g -module-cache-path /Users/admin/builder/spi-builder-workspace/.derivedData/ModuleCache.noindex -Xfrontend -serialize-debugging-options -profile-coverage-mapping -profile-generate -enable-testing -suppress-warnings -index-store-path /Users/admin/builder/spi-builder-workspace/.derivedData/Index.noindex/DataStore -swift-version 6 -I /Users/admin/builder/spi-builder-workspace/.derivedData/Build/Products/Debug-watchos -I /Applications/Xcode-16.3.0.app/Contents/Developer/Platforms/WatchOS.platform/Developer/usr/lib -F /Users/admin/builder/spi-builder-workspace/.derivedData/Build/Products/Debug-watchos -F /Applications/Xcode-16.3.0.app/Contents/Developer/Platforms/WatchOS.platform/Developer/Library/Frameworks -F /Applications/Xcode-16.3.0.app/Contents/Developer/Platforms/WatchOS.platform/Developer/SDKs/WatchOS11.4.sdk/Developer/Library/Frameworks -parse-as-library -c -j10 -enable-batch-mode -incremental -Xcc -ivfsstatcache -Xcc /Users/admin/builder/spi-builder-workspace/.derivedData/SDKStatCaches.noindex/watchos11.4-22T246-43efb940ff07ba2497b70ec94253f576.sdkstatcache -output-file-map /Users/admin/builder/spi-builder-workspace/.derivedData/Build/Intermediates.noindex/swift-argument-parser.build/Debug-watchos/ArgumentParserToolInfo.build/Objects-normal/arm64/ArgumentParserToolInfo-OutputFileMap.json -use-frontend-parseable-output -save-temps -no-color-diagnostics -serialize-diagnostics -emit-dependencies -emit-module -emit-module-path /Users/admin/builder/spi-builder-workspace/.derivedData/Build/Intermediates.noindex/swift-argument-parser.build/Debug-watchos/ArgumentParserToolInfo.build/Objects-normal/arm64/ArgumentParserToolInfo.swiftmodule -user-module-version 1.8.2 -validate-clang-modules-once -clang-build-session-file /Users/admin/builder/spi-builder-workspace/.derivedData/ModuleCache.noindex/Session.modulevalidation -package-name swift_argument_parser -Xcc -I/Users/admin/builder/spi-builder-workspace/.derivedData/Build/Intermediates.noindex/swift-argument-parser.build/Debug-watchos/ArgumentParserToolInfo.build/swift-overrides.hmap -emit-const-values -Xfrontend -const-gather-protocols-file -Xfrontend /Users/admin/builder/spi-builder-workspace/.derivedData/Build/Intermediates.noindex/swift-argument-parser.build/Debug-watchos/ArgumentParserToolInfo.build/Objects-normal/arm64/ArgumentParserToolInfo_const_extract_protocols.json -Xcc -I/Users/admin/builder/spi-builder-workspace/.derivedData/Build/Products/Debug-watchos/include -Xcc -I/Users/admin/builder/spi-builder-workspace/.derivedData/Build/Intermediates.noindex/swift-argument-parser.build/Debug-watchos/ArgumentParserToolInfo.build/DerivedSources-normal/arm64 -Xcc -I/Users/admin/builder/spi-builder-workspace/.derivedData/Build/Intermediates.noindex/swift-argument-parser.build/Debug-watchos/ArgumentParserToolInfo.build/DerivedSources/arm64 -Xcc -I/Users/admin/builder/spi-builder-workspace/.derivedData/Build/Intermediates.noindex/swift-argument-parser.build/Debug-watchos/ArgumentParserToolInfo.build/DerivedSources -Xcc -DSWIFT_PACKAGE -Xcc -DDEBUG\=1 -emit-objc-header -emit-objc-header-path /Users/admin/builder/spi-builder-workspace/.derivedData/Build/Intermediates.noindex/swift-argument-parser.build/Debug-watchos/ArgumentParserToolInfo.build/Objects-normal/arm64/ArgumentParserToolInfo-Swift.h -working-directory /Users/admin/builder/spi-builder-workspace/.swiftpm/xcode -experimental-emit-module-separately -disable-cmo
SwiftDriver ArgumentParserToolInfo normal armv7k com.apple.xcode.tools.swift.compiler (in target 'ArgumentParserToolInfo' from project 'swift-argument-parser')
cd /Users/admin/builder/spi-builder-workspace/.swiftpm/xcode
builtin-SwiftDriver -- /Applications/Xcode-16.3.0.app/Contents/Developer/Toolchains/XcodeDefault.xctoolchain/usr/bin/swiftc -module-name ArgumentParserToolInfo -Onone -enforce-exclusivity\=checked @/Users/admin/builder/spi-builder-workspace/.derivedData/Build/Intermediates.noindex/swift-argument-parser.build/Debug-watchos/ArgumentParserToolInfo.build/Objects-normal/armv7k/ArgumentParserToolInfo.SwiftFileList -DSWIFT_PACKAGE -DDEBUG -DXcode -plugin-path /Applications/Xcode-16.3.0.app/Contents/Developer/Toolchains/XcodeDefault.xctoolchain/usr/lib/swift/host/plugins/testing -enable-experimental-feature DebugDescriptionMacro -sdk /Applications/Xcode-16.3.0.app/Contents/Developer/Platforms/WatchOS.platform/Developer/SDKs/WatchOS11.4.sdk -target armv7k-apple-watchos5.0 -g -module-cache-path /Users/admin/builder/spi-builder-workspace/.derivedData/ModuleCache.noindex -Xfrontend -serialize-debugging-options -profile-coverage-mapping -profile-generate -enable-testing -suppress-warnings -index-store-path /Users/admin/builder/spi-builder-workspace/.derivedData/Index.noindex/DataStore -swift-version 6 -I /Users/admin/builder/spi-builder-workspace/.derivedData/Build/Products/Debug-watchos -I /Applications/Xcode-16.3.0.app/Contents/Developer/Platforms/WatchOS.platform/Developer/usr/lib -F /Users/admin/builder/spi-builder-workspace/.derivedData/Build/Products/Debug-watchos -F /Applications/Xcode-16.3.0.app/Contents/Developer/Platforms/WatchOS.platform/Developer/Library/Frameworks -F /Applications/Xcode-16.3.0.app/Contents/Developer/Platforms/WatchOS.platform/Developer/SDKs/WatchOS11.4.sdk/Developer/Library/Frameworks -parse-as-library -c -j10 -enable-batch-mode -incremental -Xcc -ivfsstatcache -Xcc /Users/admin/builder/spi-builder-workspace/.derivedData/SDKStatCaches.noindex/watchos11.4-22T246-43efb940ff07ba2497b70ec94253f576.sdkstatcache -output-file-map /Users/admin/builder/spi-builder-workspace/.derivedData/Build/Intermediates.noindex/swift-argument-parser.build/Debug-watchos/ArgumentParserToolInfo.build/Objects-normal/armv7k/ArgumentParserToolInfo-OutputFileMap.json -use-frontend-parseable-output -save-temps -no-color-diagnostics -serialize-diagnostics -emit-dependencies -emit-module -emit-module-path /Users/admin/builder/spi-builder-workspace/.derivedData/Build/Intermediates.noindex/swift-argument-parser.build/Debug-watchos/ArgumentParserToolInfo.build/Objects-normal/armv7k/ArgumentParserToolInfo.swiftmodule -user-module-version 1.8.2 -validate-clang-modules-once -clang-build-session-file /Users/admin/builder/spi-builder-workspace/.derivedData/ModuleCache.noindex/Session.modulevalidation -package-name swift_argument_parser -Xcc -I/Users/admin/builder/spi-builder-workspace/.derivedData/Build/Intermediates.noindex/swift-argument-parser.build/Debug-watchos/ArgumentParserToolInfo.build/swift-overrides.hmap -emit-const-values -Xfrontend -const-gather-protocols-file -Xfrontend /Users/admin/builder/spi-builder-workspace/.derivedData/Build/Intermediates.noindex/swift-argument-parser.build/Debug-watchos/ArgumentParserToolInfo.build/Objects-normal/armv7k/ArgumentParserToolInfo_const_extract_protocols.json -Xcc -I/Users/admin/builder/spi-builder-workspace/.derivedData/Build/Products/Debug-watchos/include -Xcc -I/Users/admin/builder/spi-builder-workspace/.derivedData/Build/Intermediates.noindex/swift-argument-parser.build/Debug-watchos/ArgumentParserToolInfo.build/DerivedSources-normal/armv7k -Xcc -I/Users/admin/builder/spi-builder-workspace/.derivedData/Build/Intermediates.noindex/swift-argument-parser.build/Debug-watchos/ArgumentParserToolInfo.build/DerivedSources/armv7k -Xcc -I/Users/admin/builder/spi-builder-workspace/.derivedData/Build/Intermediates.noindex/swift-argument-parser.build/Debug-watchos/ArgumentParserToolInfo.build/DerivedSources -Xcc -DSWIFT_PACKAGE -Xcc -DDEBUG\=1 -emit-objc-header -emit-objc-header-path /Users/admin/builder/spi-builder-workspace/.derivedData/Build/Intermediates.noindex/swift-argument-parser.build/Debug-watchos/ArgumentParserToolInfo.build/Objects-normal/armv7k/ArgumentParserToolInfo-Swift.h -working-directory /Users/admin/builder/spi-builder-workspace/.swiftpm/xcode -experimental-emit-module-separately -disable-cmo
SwiftDriver ArgumentParserToolInfo normal arm64_32 com.apple.xcode.tools.swift.compiler (in target 'ArgumentParserToolInfo' from project 'swift-argument-parser')
cd /Users/admin/builder/spi-builder-workspace/.swiftpm/xcode
builtin-SwiftDriver -- /Applications/Xcode-16.3.0.app/Contents/Developer/Toolchains/XcodeDefault.xctoolchain/usr/bin/swiftc -module-name ArgumentParserToolInfo -Onone -enforce-exclusivity\=checked @/Users/admin/builder/spi-builder-workspace/.derivedData/Build/Intermediates.noindex/swift-argument-parser.build/Debug-watchos/ArgumentParserToolInfo.build/Objects-normal/arm64_32/ArgumentParserToolInfo.SwiftFileList -DSWIFT_PACKAGE -DDEBUG -DXcode -plugin-path /Applications/Xcode-16.3.0.app/Contents/Developer/Toolchains/XcodeDefault.xctoolchain/usr/lib/swift/host/plugins/testing -enable-experimental-feature DebugDescriptionMacro -sdk /Applications/Xcode-16.3.0.app/Contents/Developer/Platforms/WatchOS.platform/Developer/SDKs/WatchOS11.4.sdk -target arm64_32-apple-watchos5.0 -g -module-cache-path /Users/admin/builder/spi-builder-workspace/.derivedData/ModuleCache.noindex -Xfrontend -serialize-debugging-options -profile-coverage-mapping -profile-generate -enable-testing -suppress-warnings -index-store-path /Users/admin/builder/spi-builder-workspace/.derivedData/Index.noindex/DataStore -swift-version 6 -I /Users/admin/builder/spi-builder-workspace/.derivedData/Build/Products/Debug-watchos -I /Applications/Xcode-16.3.0.app/Contents/Developer/Platforms/WatchOS.platform/Developer/usr/lib -F /Users/admin/builder/spi-builder-workspace/.derivedData/Build/Products/Debug-watchos -F /Applications/Xcode-16.3.0.app/Contents/Developer/Platforms/WatchOS.platform/Developer/Library/Frameworks -F /Applications/Xcode-16.3.0.app/Contents/Developer/Platforms/WatchOS.platform/Developer/SDKs/WatchOS11.4.sdk/Developer/Library/Frameworks -parse-as-library -c -j10 -enable-batch-mode -incremental -Xcc -ivfsstatcache -Xcc /Users/admin/builder/spi-builder-workspace/.derivedData/SDKStatCaches.noindex/watchos11.4-22T246-43efb940ff07ba2497b70ec94253f576.sdkstatcache -output-file-map /Users/admin/builder/spi-builder-workspace/.derivedData/Build/Intermediates.noindex/swift-argument-parser.build/Debug-watchos/ArgumentParserToolInfo.build/Objects-normal/arm64_32/ArgumentParserToolInfo-OutputFileMap.json -use-frontend-parseable-output -save-temps -no-color-diagnostics -serialize-diagnostics -emit-dependencies -emit-module -emit-module-path /Users/admin/builder/spi-builder-workspace/.derivedData/Build/Intermediates.noindex/swift-argument-parser.build/Debug-watchos/ArgumentParserToolInfo.build/Objects-normal/arm64_32/ArgumentParserToolInfo.swiftmodule -user-module-version 1.8.2 -validate-clang-modules-once -clang-build-session-file /Users/admin/builder/spi-builder-workspace/.derivedData/ModuleCache.noindex/Session.modulevalidation -package-name swift_argument_parser -Xcc -I/Users/admin/builder/spi-builder-workspace/.derivedData/Build/Intermediates.noindex/swift-argument-parser.build/Debug-watchos/ArgumentParserToolInfo.build/swift-overrides.hmap -emit-const-values -Xfrontend -const-gather-protocols-file -Xfrontend /Users/admin/builder/spi-builder-workspace/.derivedData/Build/Intermediates.noindex/swift-argument-parser.build/Debug-watchos/ArgumentParserToolInfo.build/Objects-normal/arm64_32/ArgumentParserToolInfo_const_extract_protocols.json -Xcc -I/Users/admin/builder/spi-builder-workspace/.derivedData/Build/Products/Debug-watchos/include -Xcc -I/Users/admin/builder/spi-builder-workspace/.derivedData/Build/Intermediates.noindex/swift-argument-parser.build/Debug-watchos/ArgumentParserToolInfo.build/DerivedSources-normal/arm64_32 -Xcc -I/Users/admin/builder/spi-builder-workspace/.derivedData/Build/Intermediates.noindex/swift-argument-parser.build/Debug-watchos/ArgumentParserToolInfo.build/DerivedSources/arm64_32 -Xcc -I/Users/admin/builder/spi-builder-workspace/.derivedData/Build/Intermediates.noindex/swift-argument-parser.build/Debug-watchos/ArgumentParserToolInfo.build/DerivedSources -Xcc -DSWIFT_PACKAGE -Xcc -DDEBUG\=1 -emit-objc-header -emit-objc-header-path /Users/admin/builder/spi-builder-workspace/.derivedData/Build/Intermediates.noindex/swift-argument-parser.build/Debug-watchos/ArgumentParserToolInfo.build/Objects-normal/arm64_32/ArgumentParserToolInfo-Swift.h -working-directory /Users/admin/builder/spi-builder-workspace/.swiftpm/xcode -experimental-emit-module-separately -disable-cmo
SwiftEmitModule normal arm64 Emitting\ module\ for\ ArgumentParserToolInfo (in target 'ArgumentParserToolInfo' from project 'swift-argument-parser')
SwiftCompile normal arm64 /Users/admin/builder/spi-builder-workspace/.dependencies/checkouts/swift-argument-parser/Sources/ArgumentParserToolInfo/ToolInfo.swift (in target 'ArgumentParserToolInfo' from project 'swift-argument-parser')
cd /Users/admin/builder/spi-builder-workspace/.swiftpm/xcode
SwiftEmitModule normal arm64_32 Emitting\ module\ for\ ArgumentParserToolInfo (in target 'ArgumentParserToolInfo' from project 'swift-argument-parser')
SwiftCompile normal arm64_32 /Users/admin/builder/spi-builder-workspace/.dependencies/checkouts/swift-argument-parser/Sources/ArgumentParserToolInfo/ToolInfo.swift (in target 'ArgumentParserToolInfo' from project 'swift-argument-parser')
cd /Users/admin/builder/spi-builder-workspace/.swiftpm/xcode
SwiftEmitModule normal armv7k Emitting\ module\ for\ ArgumentParserToolInfo (in target 'ArgumentParserToolInfo' from project 'swift-argument-parser')
SwiftCompile normal armv7k /Users/admin/builder/spi-builder-workspace/.dependencies/checkouts/swift-argument-parser/Sources/ArgumentParserToolInfo/ToolInfo.swift (in target 'ArgumentParserToolInfo' from project 'swift-argument-parser')
cd /Users/admin/builder/spi-builder-workspace/.swiftpm/xcode
SwiftCompile normal arm64 Compiling\ ToolInfo.swift /Users/admin/builder/spi-builder-workspace/.dependencies/checkouts/swift-argument-parser/Sources/ArgumentParserToolInfo/ToolInfo.swift (in target 'ArgumentParserToolInfo' from project 'swift-argument-parser')
SwiftCompile normal arm64 /Users/admin/builder/spi-builder-workspace/.dependencies/checkouts/swift-argument-parser/Sources/ArgumentParserToolInfo/ToolInfo.swift (in target 'ArgumentParserToolInfo' from project 'swift-argument-parser')
cd /Users/admin/builder/spi-builder-workspace/.swiftpm/xcode
SwiftCompile normal armv7k Compiling\ ToolInfo.swift /Users/admin/builder/spi-builder-workspace/.dependencies/checkouts/swift-argument-parser/Sources/ArgumentParserToolInfo/ToolInfo.swift (in target 'ArgumentParserToolInfo' from project 'swift-argument-parser')
SwiftCompile normal armv7k /Users/admin/builder/spi-builder-workspace/.dependencies/checkouts/swift-argument-parser/Sources/ArgumentParserToolInfo/ToolInfo.swift (in target 'ArgumentParserToolInfo' from project 'swift-argument-parser')
cd /Users/admin/builder/spi-builder-workspace/.swiftpm/xcode
SwiftCompile normal arm64_32 Compiling\ ToolInfo.swift /Users/admin/builder/spi-builder-workspace/.dependencies/checkouts/swift-argument-parser/Sources/ArgumentParserToolInfo/ToolInfo.swift (in target 'ArgumentParserToolInfo' from project 'swift-argument-parser')
SwiftCompile normal arm64_32 /Users/admin/builder/spi-builder-workspace/.dependencies/checkouts/swift-argument-parser/Sources/ArgumentParserToolInfo/ToolInfo.swift (in target 'ArgumentParserToolInfo' from project 'swift-argument-parser')
cd /Users/admin/builder/spi-builder-workspace/.swiftpm/xcode
SwiftCompile normal arm64_32 Compiling\ XMLChoiceCodingKey.swift,\ XMLCoderElement.swift,\ XMLDocumentType.swift,\ XMLHeader.swift,\ XMLKey.swift /Users/admin/builder/spi-builder-workspace/.dependencies/checkouts/XMLCoder/Sources/XMLCoder/Auxiliaries/XMLChoiceCodingKey.swift /Users/admin/builder/spi-builder-workspace/.dependencies/checkouts/XMLCoder/Sources/XMLCoder/Auxiliaries/XMLCoderElement.swift /Users/admin/builder/spi-builder-workspace/.dependencies/checkouts/XMLCoder/Sources/XMLCoder/Auxiliaries/XMLDocumentType.swift /Users/admin/builder/spi-builder-workspace/.dependencies/checkouts/XMLCoder/Sources/XMLCoder/Auxiliaries/XMLHeader.swift /Users/admin/builder/spi-builder-workspace/.dependencies/checkouts/XMLCoder/Sources/XMLCoder/Auxiliaries/XMLKey.swift (in target 'XMLCoder' from project 'XMLCoder')
SwiftCompile normal arm64_32 /Users/admin/builder/spi-builder-workspace/.dependencies/checkouts/XMLCoder/Sources/XMLCoder/Auxiliaries/XMLChoiceCodingKey.swift (in target 'XMLCoder' from project 'XMLCoder')
cd /Users/admin/builder/spi-builder-workspace/.swiftpm/xcode
SwiftCompile normal arm64_32 /Users/admin/builder/spi-builder-workspace/.dependencies/checkouts/XMLCoder/Sources/XMLCoder/Auxiliaries/XMLCoderElement.swift (in target 'XMLCoder' from project 'XMLCoder')
cd /Users/admin/builder/spi-builder-workspace/.swiftpm/xcode
SwiftCompile normal arm64_32 /Users/admin/builder/spi-builder-workspace/.dependencies/checkouts/XMLCoder/Sources/XMLCoder/Auxiliaries/XMLDocumentType.swift (in target 'XMLCoder' from project 'XMLCoder')
cd /Users/admin/builder/spi-builder-workspace/.swiftpm/xcode
SwiftCompile normal arm64_32 /Users/admin/builder/spi-builder-workspace/.dependencies/checkouts/XMLCoder/Sources/XMLCoder/Auxiliaries/XMLHeader.swift (in target 'XMLCoder' from project 'XMLCoder')
cd /Users/admin/builder/spi-builder-workspace/.swiftpm/xcode
SwiftCompile normal arm64_32 /Users/admin/builder/spi-builder-workspace/.dependencies/checkouts/XMLCoder/Sources/XMLCoder/Auxiliaries/XMLKey.swift (in target 'XMLCoder' from project 'XMLCoder')
cd /Users/admin/builder/spi-builder-workspace/.swiftpm/xcode
SwiftEmitModule normal arm64_32 Emitting\ module\ for\ XMLCoder (in target 'XMLCoder' from project 'XMLCoder')
EmitSwiftModule normal arm64_32 (in target 'XMLCoder' from project 'XMLCoder')
cd /Users/admin/builder/spi-builder-workspace/.swiftpm/xcode
SwiftCompile normal arm64_32 Compiling\ DecimalBox.swift,\ DoubleBox.swift,\ FloatBox.swift,\ IntBox.swift,\ KeyedBox.swift /Users/admin/builder/spi-builder-workspace/.dependencies/checkouts/XMLCoder/Sources/XMLCoder/Auxiliaries/Box/DecimalBox.swift /Users/admin/builder/spi-builder-workspace/.dependencies/checkouts/XMLCoder/Sources/XMLCoder/Auxiliaries/Box/DoubleBox.swift /Users/admin/builder/spi-builder-workspace/.dependencies/checkouts/XMLCoder/Sources/XMLCoder/Auxiliaries/Box/FloatBox.swift /Users/admin/builder/spi-builder-workspace/.dependencies/checkouts/XMLCoder/Sources/XMLCoder/Auxiliaries/Box/IntBox.swift /Users/admin/builder/spi-builder-workspace/.dependencies/checkouts/XMLCoder/Sources/XMLCoder/Auxiliaries/Box/KeyedBox.swift (in target 'XMLCoder' from project 'XMLCoder')
SwiftCompile normal arm64_32 /Users/admin/builder/spi-builder-workspace/.dependencies/checkouts/XMLCoder/Sources/XMLCoder/Auxiliaries/Box/DecimalBox.swift (in target 'XMLCoder' from project 'XMLCoder')
cd /Users/admin/builder/spi-builder-workspace/.swiftpm/xcode
SwiftCompile normal arm64_32 /Users/admin/builder/spi-builder-workspace/.dependencies/checkouts/XMLCoder/Sources/XMLCoder/Auxiliaries/Box/DoubleBox.swift (in target 'XMLCoder' from project 'XMLCoder')
cd /Users/admin/builder/spi-builder-workspace/.swiftpm/xcode
SwiftCompile normal arm64_32 /Users/admin/builder/spi-builder-workspace/.dependencies/checkouts/XMLCoder/Sources/XMLCoder/Auxiliaries/Box/FloatBox.swift (in target 'XMLCoder' from project 'XMLCoder')
cd /Users/admin/builder/spi-builder-workspace/.swiftpm/xcode
SwiftCompile normal arm64_32 /Users/admin/builder/spi-builder-workspace/.dependencies/checkouts/XMLCoder/Sources/XMLCoder/Auxiliaries/Box/IntBox.swift (in target 'XMLCoder' from project 'XMLCoder')
cd /Users/admin/builder/spi-builder-workspace/.swiftpm/xcode
SwiftCompile normal arm64_32 /Users/admin/builder/spi-builder-workspace/.dependencies/checkouts/XMLCoder/Sources/XMLCoder/Auxiliaries/Box/KeyedBox.swift (in target 'XMLCoder' from project 'XMLCoder')
cd /Users/admin/builder/spi-builder-workspace/.swiftpm/xcode
SwiftCompile normal arm64_32 Compiling\ XMLDecoder.swift,\ XMLDecoderImplementation.swift,\ XMLDecodingStorage.swift,\ XMLKeyedDecodingContainer.swift,\ XMLUnkeyedDecodingContainer.swift /Users/admin/builder/spi-builder-workspace/.dependencies/checkouts/XMLCoder/Sources/XMLCoder/Decoder/XMLDecoder.swift /Users/admin/builder/spi-builder-workspace/.dependencies/checkouts/XMLCoder/Sources/XMLCoder/Decoder/XMLDecoderImplementation.swift /Users/admin/builder/spi-builder-workspace/.dependencies/checkouts/XMLCoder/Sources/XMLCoder/Decoder/XMLDecodingStorage.swift /Users/admin/builder/spi-builder-workspace/.dependencies/checkouts/XMLCoder/Sources/XMLCoder/Decoder/XMLKeyedDecodingContainer.swift /Users/admin/builder/spi-builder-workspace/.dependencies/checkouts/XMLCoder/Sources/XMLCoder/Decoder/XMLUnkeyedDecodingContainer.swift (in target 'XMLCoder' from project 'XMLCoder')
SwiftCompile normal arm64_32 /Users/admin/builder/spi-builder-workspace/.dependencies/checkouts/XMLCoder/Sources/XMLCoder/Decoder/XMLDecoder.swift (in target 'XMLCoder' from project 'XMLCoder')
cd /Users/admin/builder/spi-builder-workspace/.swiftpm/xcode
SwiftCompile normal arm64_32 /Users/admin/builder/spi-builder-workspace/.dependencies/checkouts/XMLCoder/Sources/XMLCoder/Decoder/XMLDecoderImplementation.swift (in target 'XMLCoder' from project 'XMLCoder')
cd /Users/admin/builder/spi-builder-workspace/.swiftpm/xcode
SwiftCompile normal arm64_32 /Users/admin/builder/spi-builder-workspace/.dependencies/checkouts/XMLCoder/Sources/XMLCoder/Decoder/XMLDecodingStorage.swift (in target 'XMLCoder' from project 'XMLCoder')
cd /Users/admin/builder/spi-builder-workspace/.swiftpm/xcode
SwiftCompile normal arm64_32 /Users/admin/builder/spi-builder-workspace/.dependencies/checkouts/XMLCoder/Sources/XMLCoder/Decoder/XMLKeyedDecodingContainer.swift (in target 'XMLCoder' from project 'XMLCoder')
cd /Users/admin/builder/spi-builder-workspace/.swiftpm/xcode
SwiftCompile normal arm64_32 /Users/admin/builder/spi-builder-workspace/.dependencies/checkouts/XMLCoder/Sources/XMLCoder/Decoder/XMLUnkeyedDecodingContainer.swift (in target 'XMLCoder' from project 'XMLCoder')
cd /Users/admin/builder/spi-builder-workspace/.swiftpm/xcode
SwiftCompile normal arm64_32 Compiling\ DynamicNodeEncoding.swift,\ EncodingErrorExtension.swift,\ SingleValueEncodingContainer.swift,\ XMLChoiceEncodingContainer.swift,\ XMLEncoder.swift /Users/admin/builder/spi-builder-workspace/.dependencies/checkouts/XMLCoder/Sources/XMLCoder/Encoder/DynamicNodeEncoding.swift /Users/admin/builder/spi-builder-workspace/.dependencies/checkouts/XMLCoder/Sources/XMLCoder/Encoder/EncodingErrorExtension.swift /Users/admin/builder/spi-builder-workspace/.dependencies/checkouts/XMLCoder/Sources/XMLCoder/Encoder/SingleValueEncodingContainer.swift /Users/admin/builder/spi-builder-workspace/.dependencies/checkouts/XMLCoder/Sources/XMLCoder/Encoder/XMLChoiceEncodingContainer.swift /Users/admin/builder/spi-builder-workspace/.dependencies/checkouts/XMLCoder/Sources/XMLCoder/Encoder/XMLEncoder.swift (in target 'XMLCoder' from project 'XMLCoder')
SwiftCompile normal arm64_32 /Users/admin/builder/spi-builder-workspace/.dependencies/checkouts/XMLCoder/Sources/XMLCoder/Encoder/DynamicNodeEncoding.swift (in target 'XMLCoder' from project 'XMLCoder')
cd /Users/admin/builder/spi-builder-workspace/.swiftpm/xcode
SwiftCompile normal arm64_32 /Users/admin/builder/spi-builder-workspace/.dependencies/checkouts/XMLCoder/Sources/XMLCoder/Encoder/EncodingErrorExtension.swift (in target 'XMLCoder' from project 'XMLCoder')
cd /Users/admin/builder/spi-builder-workspace/.swiftpm/xcode
SwiftCompile normal arm64_32 /Users/admin/builder/spi-builder-workspace/.dependencies/checkouts/XMLCoder/Sources/XMLCoder/Encoder/SingleValueEncodingContainer.swift (in target 'XMLCoder' from project 'XMLCoder')
cd /Users/admin/builder/spi-builder-workspace/.swiftpm/xcode
SwiftCompile normal arm64_32 /Users/admin/builder/spi-builder-workspace/.dependencies/checkouts/XMLCoder/Sources/XMLCoder/Encoder/XMLChoiceEncodingContainer.swift (in target 'XMLCoder' from project 'XMLCoder')
cd /Users/admin/builder/spi-builder-workspace/.swiftpm/xcode
SwiftCompile normal arm64_32 /Users/admin/builder/spi-builder-workspace/.dependencies/checkouts/XMLCoder/Sources/XMLCoder/Encoder/XMLEncoder.swift (in target 'XMLCoder' from project 'XMLCoder')
cd /Users/admin/builder/spi-builder-workspace/.swiftpm/xcode
SwiftCompile normal arm64_32 Compiling\ ISO8601DateFormatter.swift,\ KeyedStorage.swift,\ Metatypes.swift,\ String+Extensions.swift,\ Utils.swift /Users/admin/builder/spi-builder-workspace/.dependencies/checkouts/XMLCoder/Sources/XMLCoder/Auxiliaries/ISO8601DateFormatter.swift /Users/admin/builder/spi-builder-workspace/.dependencies/checkouts/XMLCoder/Sources/XMLCoder/Auxiliaries/KeyedStorage.swift /Users/admin/builder/spi-builder-workspace/.dependencies/checkouts/XMLCoder/Sources/XMLCoder/Auxiliaries/Metatypes.swift /Users/admin/builder/spi-builder-workspace/.dependencies/checkouts/XMLCoder/Sources/XMLCoder/Auxiliaries/String+Extensions.swift /Users/admin/builder/spi-builder-workspace/.dependencies/checkouts/XMLCoder/Sources/XMLCoder/Auxiliaries/Utils.swift (in target 'XMLCoder' from project 'XMLCoder')
SwiftCompile normal arm64_32 /Users/admin/builder/spi-builder-workspace/.dependencies/checkouts/XMLCoder/Sources/XMLCoder/Auxiliaries/ISO8601DateFormatter.swift (in target 'XMLCoder' from project 'XMLCoder')
cd /Users/admin/builder/spi-builder-workspace/.swiftpm/xcode
SwiftCompile normal arm64_32 /Users/admin/builder/spi-builder-workspace/.dependencies/checkouts/XMLCoder/Sources/XMLCoder/Auxiliaries/KeyedStorage.swift (in target 'XMLCoder' from project 'XMLCoder')
cd /Users/admin/builder/spi-builder-workspace/.swiftpm/xcode
SwiftCompile normal arm64_32 /Users/admin/builder/spi-builder-workspace/.dependencies/checkouts/XMLCoder/Sources/XMLCoder/Auxiliaries/Metatypes.swift (in target 'XMLCoder' from project 'XMLCoder')
cd /Users/admin/builder/spi-builder-workspace/.swiftpm/xcode
SwiftCompile normal arm64_32 /Users/admin/builder/spi-builder-workspace/.dependencies/checkouts/XMLCoder/Sources/XMLCoder/Auxiliaries/String+Extensions.swift (in target 'XMLCoder' from project 'XMLCoder')
cd /Users/admin/builder/spi-builder-workspace/.swiftpm/xcode
SwiftCompile normal arm64_32 /Users/admin/builder/spi-builder-workspace/.dependencies/checkouts/XMLCoder/Sources/XMLCoder/Auxiliaries/Utils.swift (in target 'XMLCoder' from project 'XMLCoder')
cd /Users/admin/builder/spi-builder-workspace/.swiftpm/xcode
SwiftCompile normal arm64_32 Compiling\ NullBox.swift,\ SharedBox.swift,\ SingleKeyedBox.swift,\ StringBox.swift,\ UIntBox.swift /Users/admin/builder/spi-builder-workspace/.dependencies/checkouts/XMLCoder/Sources/XMLCoder/Auxiliaries/Box/NullBox.swift /Users/admin/builder/spi-builder-workspace/.dependencies/checkouts/XMLCoder/Sources/XMLCoder/Auxiliaries/Box/SharedBox.swift /Users/admin/builder/spi-builder-workspace/.dependencies/checkouts/XMLCoder/Sources/XMLCoder/Auxiliaries/Box/SingleKeyedBox.swift /Users/admin/builder/spi-builder-workspace/.dependencies/checkouts/XMLCoder/Sources/XMLCoder/Auxiliaries/Box/StringBox.swift /Users/admin/builder/spi-builder-workspace/.dependencies/checkouts/XMLCoder/Sources/XMLCoder/Auxiliaries/Box/UIntBox.swift (in target 'XMLCoder' from project 'XMLCoder')
SwiftCompile normal arm64_32 /Users/admin/builder/spi-builder-workspace/.dependencies/checkouts/XMLCoder/Sources/XMLCoder/Auxiliaries/Box/NullBox.swift (in target 'XMLCoder' from project 'XMLCoder')
cd /Users/admin/builder/spi-builder-workspace/.swiftpm/xcode
SwiftCompile normal arm64_32 /Users/admin/builder/spi-builder-workspace/.dependencies/checkouts/XMLCoder/Sources/XMLCoder/Auxiliaries/Box/SharedBox.swift (in target 'XMLCoder' from project 'XMLCoder')
cd /Users/admin/builder/spi-builder-workspace/.swiftpm/xcode
SwiftCompile normal arm64_32 /Users/admin/builder/spi-builder-workspace/.dependencies/checkouts/XMLCoder/Sources/XMLCoder/Auxiliaries/Box/SingleKeyedBox.swift (in target 'XMLCoder' from project 'XMLCoder')
cd /Users/admin/builder/spi-builder-workspace/.swiftpm/xcode
SwiftCompile normal arm64_32 /Users/admin/builder/spi-builder-workspace/.dependencies/checkouts/XMLCoder/Sources/XMLCoder/Auxiliaries/Box/StringBox.swift (in target 'XMLCoder' from project 'XMLCoder')
cd /Users/admin/builder/spi-builder-workspace/.swiftpm/xcode
SwiftCompile normal arm64_32 /Users/admin/builder/spi-builder-workspace/.dependencies/checkouts/XMLCoder/Sources/XMLCoder/Auxiliaries/Box/UIntBox.swift (in target 'XMLCoder' from project 'XMLCoder')
cd /Users/admin/builder/spi-builder-workspace/.swiftpm/xcode
SwiftDriverJobDiscovery normal arm64_32 Emitting module for ArgumentParserToolInfo (in target 'ArgumentParserToolInfo' from project 'swift-argument-parser')
SwiftDriverJobDiscovery normal arm64 Emitting module for ArgumentParserToolInfo (in target 'ArgumentParserToolInfo' from project 'swift-argument-parser')
SwiftDriverJobDiscovery normal armv7k Emitting module for ArgumentParserToolInfo (in target 'ArgumentParserToolInfo' from project 'swift-argument-parser')
SwiftEmitModule normal arm64 Emitting\ module\ for\ XMLCoder (in target 'XMLCoder' from project 'XMLCoder')
EmitSwiftModule normal arm64 (in target 'XMLCoder' from project 'XMLCoder')
cd /Users/admin/builder/spi-builder-workspace/.swiftpm/xcode
SwiftDriverJobDiscovery normal arm64 Compiling ToolInfo.swift (in target 'ArgumentParserToolInfo' from project 'swift-argument-parser')
SwiftEmitModule normal armv7k Emitting\ module\ for\ XMLCoder (in target 'XMLCoder' from project 'XMLCoder')
EmitSwiftModule normal armv7k (in target 'XMLCoder' from project 'XMLCoder')
cd /Users/admin/builder/spi-builder-workspace/.swiftpm/xcode
SwiftDriverJobDiscovery normal arm64_32 Compiling ToolInfo.swift (in target 'ArgumentParserToolInfo' from project 'swift-argument-parser')
SwiftDriver\ Compilation\ Requirements ArgumentParserToolInfo normal armv7k com.apple.xcode.tools.swift.compiler (in target 'ArgumentParserToolInfo' from project 'swift-argument-parser')
cd /Users/admin/builder/spi-builder-workspace/.swiftpm/xcode
builtin-Swift-Compilation-Requirements -- /Applications/Xcode-16.3.0.app/Contents/Developer/Toolchains/XcodeDefault.xctoolchain/usr/bin/swiftc -module-name ArgumentParserToolInfo -Onone -enforce-exclusivity\=checked @/Users/admin/builder/spi-builder-workspace/.derivedData/Build/Intermediates.noindex/swift-argument-parser.build/Debug-watchos/ArgumentParserToolInfo.build/Objects-normal/armv7k/ArgumentParserToolInfo.SwiftFileList -DSWIFT_PACKAGE -DDEBUG -DXcode -plugin-path /Applications/Xcode-16.3.0.app/Contents/Developer/Toolchains/XcodeDefault.xctoolchain/usr/lib/swift/host/plugins/testing -enable-experimental-feature DebugDescriptionMacro -sdk /Applications/Xcode-16.3.0.app/Contents/Developer/Platforms/WatchOS.platform/Developer/SDKs/WatchOS11.4.sdk -target armv7k-apple-watchos5.0 -g -module-cache-path /Users/admin/builder/spi-builder-workspace/.derivedData/ModuleCache.noindex -Xfrontend -serialize-debugging-options -profile-coverage-mapping -profile-generate -enable-testing -suppress-warnings -index-store-path /Users/admin/builder/spi-builder-workspace/.derivedData/Index.noindex/DataStore -swift-version 6 -I /Users/admin/builder/spi-builder-workspace/.derivedData/Build/Products/Debug-watchos -I /Applications/Xcode-16.3.0.app/Contents/Developer/Platforms/WatchOS.platform/Developer/usr/lib -F /Users/admin/builder/spi-builder-workspace/.derivedData/Build/Products/Debug-watchos -F /Applications/Xcode-16.3.0.app/Contents/Developer/Platforms/WatchOS.platform/Developer/Library/Frameworks -F /Applications/Xcode-16.3.0.app/Contents/Developer/Platforms/WatchOS.platform/Developer/SDKs/WatchOS11.4.sdk/Developer/Library/Frameworks -parse-as-library -c -j10 -enable-batch-mode -incremental -Xcc -ivfsstatcache -Xcc /Users/admin/builder/spi-builder-workspace/.derivedData/SDKStatCaches.noindex/watchos11.4-22T246-43efb940ff07ba2497b70ec94253f576.sdkstatcache -output-file-map /Users/admin/builder/spi-builder-workspace/.derivedData/Build/Intermediates.noindex/swift-argument-parser.build/Debug-watchos/ArgumentParserToolInfo.build/Objects-normal/armv7k/ArgumentParserToolInfo-OutputFileMap.json -use-frontend-parseable-output -save-temps -no-color-diagnostics -serialize-diagnostics -emit-dependencies -emit-module -emit-module-path /Users/admin/builder/spi-builder-workspace/.derivedData/Build/Intermediates.noindex/swift-argument-parser.build/Debug-watchos/ArgumentParserToolInfo.build/Objects-normal/armv7k/ArgumentParserToolInfo.swiftmodule -user-module-version 1.8.2 -validate-clang-modules-once -clang-build-session-file /Users/admin/builder/spi-builder-workspace/.derivedData/ModuleCache.noindex/Session.modulevalidation -package-name swift_argument_parser -Xcc -I/Users/admin/builder/spi-builder-workspace/.derivedData/Build/Intermediates.noindex/swift-argument-parser.build/Debug-watchos/ArgumentParserToolInfo.build/swift-overrides.hmap -emit-const-values -Xfrontend -const-gather-protocols-file -Xfrontend /Users/admin/builder/spi-builder-workspace/.derivedData/Build/Intermediates.noindex/swift-argument-parser.build/Debug-watchos/ArgumentParserToolInfo.build/Objects-normal/armv7k/ArgumentParserToolInfo_const_extract_protocols.json -Xcc -I/Users/admin/builder/spi-builder-workspace/.derivedData/Build/Products/Debug-watchos/include -Xcc -I/Users/admin/builder/spi-builder-workspace/.derivedData/Build/Intermediates.noindex/swift-argument-parser.build/Debug-watchos/ArgumentParserToolInfo.build/DerivedSources-normal/armv7k -Xcc -I/Users/admin/builder/spi-builder-workspace/.derivedData/Build/Intermediates.noindex/swift-argument-parser.build/Debug-watchos/ArgumentParserToolInfo.build/DerivedSources/armv7k -Xcc -I/Users/admin/builder/spi-builder-workspace/.derivedData/Build/Intermediates.noindex/swift-argument-parser.build/Debug-watchos/ArgumentParserToolInfo.build/DerivedSources -Xcc -DSWIFT_PACKAGE -Xcc -DDEBUG\=1 -emit-objc-header -emit-objc-header-path /Users/admin/builder/spi-builder-workspace/.derivedData/Build/Intermediates.noindex/swift-argument-parser.build/Debug-watchos/ArgumentParserToolInfo.build/Objects-normal/armv7k/ArgumentParserToolInfo-Swift.h -working-directory /Users/admin/builder/spi-builder-workspace/.swiftpm/xcode -experimental-emit-module-separately -disable-cmo
SwiftDriverJobDiscovery normal armv7k Compiling ToolInfo.swift (in target 'ArgumentParserToolInfo' from project 'swift-argument-parser')
SwiftDriver\ Compilation\ Requirements ArgumentParserToolInfo normal arm64_32 com.apple.xcode.tools.swift.compiler (in target 'ArgumentParserToolInfo' from project 'swift-argument-parser')
cd /Users/admin/builder/spi-builder-workspace/.swiftpm/xcode
builtin-Swift-Compilation-Requirements -- /Applications/Xcode-16.3.0.app/Contents/Developer/Toolchains/XcodeDefault.xctoolchain/usr/bin/swiftc -module-name ArgumentParserToolInfo -Onone -enforce-exclusivity\=checked @/Users/admin/builder/spi-builder-workspace/.derivedData/Build/Intermediates.noindex/swift-argument-parser.build/Debug-watchos/ArgumentParserToolInfo.build/Objects-normal/arm64_32/ArgumentParserToolInfo.SwiftFileList -DSWIFT_PACKAGE -DDEBUG -DXcode -plugin-path /Applications/Xcode-16.3.0.app/Contents/Developer/Toolchains/XcodeDefault.xctoolchain/usr/lib/swift/host/plugins/testing -enable-experimental-feature DebugDescriptionMacro -sdk /Applications/Xcode-16.3.0.app/Contents/Developer/Platforms/WatchOS.platform/Developer/SDKs/WatchOS11.4.sdk -target arm64_32-apple-watchos5.0 -g -module-cache-path /Users/admin/builder/spi-builder-workspace/.derivedData/ModuleCache.noindex -Xfrontend -serialize-debugging-options -profile-coverage-mapping -profile-generate -enable-testing -suppress-warnings -index-store-path /Users/admin/builder/spi-builder-workspace/.derivedData/Index.noindex/DataStore -swift-version 6 -I /Users/admin/builder/spi-builder-workspace/.derivedData/Build/Products/Debug-watchos -I /Applications/Xcode-16.3.0.app/Contents/Developer/Platforms/WatchOS.platform/Developer/usr/lib -F /Users/admin/builder/spi-builder-workspace/.derivedData/Build/Products/Debug-watchos -F /Applications/Xcode-16.3.0.app/Contents/Developer/Platforms/WatchOS.platform/Developer/Library/Frameworks -F /Applications/Xcode-16.3.0.app/Contents/Developer/Platforms/WatchOS.platform/Developer/SDKs/WatchOS11.4.sdk/Developer/Library/Frameworks -parse-as-library -c -j10 -enable-batch-mode -incremental -Xcc -ivfsstatcache -Xcc /Users/admin/builder/spi-builder-workspace/.derivedData/SDKStatCaches.noindex/watchos11.4-22T246-43efb940ff07ba2497b70ec94253f576.sdkstatcache -output-file-map /Users/admin/builder/spi-builder-workspace/.derivedData/Build/Intermediates.noindex/swift-argument-parser.build/Debug-watchos/ArgumentParserToolInfo.build/Objects-normal/arm64_32/ArgumentParserToolInfo-OutputFileMap.json -use-frontend-parseable-output -save-temps -no-color-diagnostics -serialize-diagnostics -emit-dependencies -emit-module -emit-module-path /Users/admin/builder/spi-builder-workspace/.derivedData/Build/Intermediates.noindex/swift-argument-parser.build/Debug-watchos/ArgumentParserToolInfo.build/Objects-normal/arm64_32/ArgumentParserToolInfo.swiftmodule -user-module-version 1.8.2 -validate-clang-modules-once -clang-build-session-file /Users/admin/builder/spi-builder-workspace/.derivedData/ModuleCache.noindex/Session.modulevalidation -package-name swift_argument_parser -Xcc -I/Users/admin/builder/spi-builder-workspace/.derivedData/Build/Intermediates.noindex/swift-argument-parser.build/Debug-watchos/ArgumentParserToolInfo.build/swift-overrides.hmap -emit-const-values -Xfrontend -const-gather-protocols-file -Xfrontend /Users/admin/builder/spi-builder-workspace/.derivedData/Build/Intermediates.noindex/swift-argument-parser.build/Debug-watchos/ArgumentParserToolInfo.build/Objects-normal/arm64_32/ArgumentParserToolInfo_const_extract_protocols.json -Xcc -I/Users/admin/builder/spi-builder-workspace/.derivedData/Build/Products/Debug-watchos/include -Xcc -I/Users/admin/builder/spi-builder-workspace/.derivedData/Build/Intermediates.noindex/swift-argument-parser.build/Debug-watchos/ArgumentParserToolInfo.build/DerivedSources-normal/arm64_32 -Xcc -I/Users/admin/builder/spi-builder-workspace/.derivedData/Build/Intermediates.noindex/swift-argument-parser.build/Debug-watchos/ArgumentParserToolInfo.build/DerivedSources/arm64_32 -Xcc -I/Users/admin/builder/spi-builder-workspace/.derivedData/Build/Intermediates.noindex/swift-argument-parser.build/Debug-watchos/ArgumentParserToolInfo.build/DerivedSources -Xcc -DSWIFT_PACKAGE -Xcc -DDEBUG\=1 -emit-objc-header -emit-objc-header-path /Users/admin/builder/spi-builder-workspace/.derivedData/Build/Intermediates.noindex/swift-argument-parser.build/Debug-watchos/ArgumentParserToolInfo.build/Objects-normal/arm64_32/ArgumentParserToolInfo-Swift.h -working-directory /Users/admin/builder/spi-builder-workspace/.swiftpm/xcode -experimental-emit-module-separately -disable-cmo
SwiftDriver\ Compilation\ Requirements ArgumentParserToolInfo normal arm64 com.apple.xcode.tools.swift.compiler (in target 'ArgumentParserToolInfo' from project 'swift-argument-parser')
cd /Users/admin/builder/spi-builder-workspace/.swiftpm/xcode
builtin-Swift-Compilation-Requirements -- /Applications/Xcode-16.3.0.app/Contents/Developer/Toolchains/XcodeDefault.xctoolchain/usr/bin/swiftc -module-name ArgumentParserToolInfo -Onone -enforce-exclusivity\=checked @/Users/admin/builder/spi-builder-workspace/.derivedData/Build/Intermediates.noindex/swift-argument-parser.build/Debug-watchos/ArgumentParserToolInfo.build/Objects-normal/arm64/ArgumentParserToolInfo.SwiftFileList -DSWIFT_PACKAGE -DDEBUG -DXcode -plugin-path /Applications/Xcode-16.3.0.app/Contents/Developer/Toolchains/XcodeDefault.xctoolchain/usr/lib/swift/host/plugins/testing -enable-experimental-feature DebugDescriptionMacro -sdk /Applications/Xcode-16.3.0.app/Contents/Developer/Platforms/WatchOS.platform/Developer/SDKs/WatchOS11.4.sdk -target arm64-apple-watchos5.0 -g -module-cache-path /Users/admin/builder/spi-builder-workspace/.derivedData/ModuleCache.noindex -Xfrontend -serialize-debugging-options -profile-coverage-mapping -profile-generate -enable-testing -suppress-warnings -index-store-path /Users/admin/builder/spi-builder-workspace/.derivedData/Index.noindex/DataStore -swift-version 6 -I /Users/admin/builder/spi-builder-workspace/.derivedData/Build/Products/Debug-watchos -I /Applications/Xcode-16.3.0.app/Contents/Developer/Platforms/WatchOS.platform/Developer/usr/lib -F /Users/admin/builder/spi-builder-workspace/.derivedData/Build/Products/Debug-watchos -F /Applications/Xcode-16.3.0.app/Contents/Developer/Platforms/WatchOS.platform/Developer/Library/Frameworks -F /Applications/Xcode-16.3.0.app/Contents/Developer/Platforms/WatchOS.platform/Developer/SDKs/WatchOS11.4.sdk/Developer/Library/Frameworks -parse-as-library -c -j10 -enable-batch-mode -incremental -Xcc -ivfsstatcache -Xcc /Users/admin/builder/spi-builder-workspace/.derivedData/SDKStatCaches.noindex/watchos11.4-22T246-43efb940ff07ba2497b70ec94253f576.sdkstatcache -output-file-map /Users/admin/builder/spi-builder-workspace/.derivedData/Build/Intermediates.noindex/swift-argument-parser.build/Debug-watchos/ArgumentParserToolInfo.build/Objects-normal/arm64/ArgumentParserToolInfo-OutputFileMap.json -use-frontend-parseable-output -save-temps -no-color-diagnostics -serialize-diagnostics -emit-dependencies -emit-module -emit-module-path /Users/admin/builder/spi-builder-workspace/.derivedData/Build/Intermediates.noindex/swift-argument-parser.build/Debug-watchos/ArgumentParserToolInfo.build/Objects-normal/arm64/ArgumentParserToolInfo.swiftmodule -user-module-version 1.8.2 -validate-clang-modules-once -clang-build-session-file /Users/admin/builder/spi-builder-workspace/.derivedData/ModuleCache.noindex/Session.modulevalidation -package-name swift_argument_parser -Xcc -I/Users/admin/builder/spi-builder-workspace/.derivedData/Build/Intermediates.noindex/swift-argument-parser.build/Debug-watchos/ArgumentParserToolInfo.build/swift-overrides.hmap -emit-const-values -Xfrontend -const-gather-protocols-file -Xfrontend /Users/admin/builder/spi-builder-workspace/.derivedData/Build/Intermediates.noindex/swift-argument-parser.build/Debug-watchos/ArgumentParserToolInfo.build/Objects-normal/arm64/ArgumentParserToolInfo_const_extract_protocols.json -Xcc -I/Users/admin/builder/spi-builder-workspace/.derivedData/Build/Products/Debug-watchos/include -Xcc -I/Users/admin/builder/spi-builder-workspace/.derivedData/Build/Intermediates.noindex/swift-argument-parser.build/Debug-watchos/ArgumentParserToolInfo.build/DerivedSources-normal/arm64 -Xcc -I/Users/admin/builder/spi-builder-workspace/.derivedData/Build/Intermediates.noindex/swift-argument-parser.build/Debug-watchos/ArgumentParserToolInfo.build/DerivedSources/arm64 -Xcc -I/Users/admin/builder/spi-builder-workspace/.derivedData/Build/Intermediates.noindex/swift-argument-parser.build/Debug-watchos/ArgumentParserToolInfo.build/DerivedSources -Xcc -DSWIFT_PACKAGE -Xcc -DDEBUG\=1 -emit-objc-header -emit-objc-header-path /Users/admin/builder/spi-builder-workspace/.derivedData/Build/Intermediates.noindex/swift-argument-parser.build/Debug-watchos/ArgumentParserToolInfo.build/Objects-normal/arm64/ArgumentParserToolInfo-Swift.h -working-directory /Users/admin/builder/spi-builder-workspace/.swiftpm/xcode -experimental-emit-module-separately -disable-cmo
Copy /Users/admin/builder/spi-builder-workspace/.derivedData/Build/Products/Debug-watchos/ArgumentParserToolInfo.swiftmodule/armv7k-apple-watchos.abi.json /Users/admin/builder/spi-builder-workspace/.derivedData/Build/Intermediates.noindex/swift-argument-parser.build/Debug-watchos/ArgumentParserToolInfo.build/Objects-normal/armv7k/ArgumentParserToolInfo.abi.json (in target 'ArgumentParserToolInfo' from project 'swift-argument-parser')
cd /Users/admin/builder/spi-builder-workspace/.dependencies/checkouts/swift-argument-parser
builtin-copy -exclude .DS_Store -exclude CVS -exclude .svn -exclude .git -exclude .hg -resolve-src-symlinks -rename /Users/admin/builder/spi-builder-workspace/.derivedData/Build/Intermediates.noindex/swift-argument-parser.build/Debug-watchos/ArgumentParserToolInfo.build/Objects-normal/armv7k/ArgumentParserToolInfo.abi.json /Users/admin/builder/spi-builder-workspace/.derivedData/Build/Products/Debug-watchos/ArgumentParserToolInfo.swiftmodule/armv7k-apple-watchos.abi.json
Copy /Users/admin/builder/spi-builder-workspace/.derivedData/Build/Products/Debug-watchos/ArgumentParserToolInfo.swiftmodule/arm64_32-apple-watchos.abi.json /Users/admin/builder/spi-builder-workspace/.derivedData/Build/Intermediates.noindex/swift-argument-parser.build/Debug-watchos/ArgumentParserToolInfo.build/Objects-normal/arm64_32/ArgumentParserToolInfo.abi.json (in target 'ArgumentParserToolInfo' from project 'swift-argument-parser')
cd /Users/admin/builder/spi-builder-workspace/.dependencies/checkouts/swift-argument-parser
builtin-copy -exclude .DS_Store -exclude CVS -exclude .svn -exclude .git -exclude .hg -resolve-src-symlinks -rename /Users/admin/builder/spi-builder-workspace/.derivedData/Build/Intermediates.noindex/swift-argument-parser.build/Debug-watchos/ArgumentParserToolInfo.build/Objects-normal/arm64_32/ArgumentParserToolInfo.abi.json /Users/admin/builder/spi-builder-workspace/.derivedData/Build/Products/Debug-watchos/ArgumentParserToolInfo.swiftmodule/arm64_32-apple-watchos.abi.json
Copy /Users/admin/builder/spi-builder-workspace/.derivedData/Build/Products/Debug-watchos/ArgumentParserToolInfo.swiftmodule/arm64-apple-watchos.abi.json /Users/admin/builder/spi-builder-workspace/.derivedData/Build/Intermediates.noindex/swift-argument-parser.build/Debug-watchos/ArgumentParserToolInfo.build/Objects-normal/arm64/ArgumentParserToolInfo.abi.json (in target 'ArgumentParserToolInfo' from project 'swift-argument-parser')
cd /Users/admin/builder/spi-builder-workspace/.dependencies/checkouts/swift-argument-parser
builtin-copy -exclude .DS_Store -exclude CVS -exclude .svn -exclude .git -exclude .hg -resolve-src-symlinks -rename /Users/admin/builder/spi-builder-workspace/.derivedData/Build/Intermediates.noindex/swift-argument-parser.build/Debug-watchos/ArgumentParserToolInfo.build/Objects-normal/arm64/ArgumentParserToolInfo.abi.json /Users/admin/builder/spi-builder-workspace/.derivedData/Build/Products/Debug-watchos/ArgumentParserToolInfo.swiftmodule/arm64-apple-watchos.abi.json
SwiftDriverJobDiscovery normal arm64_32 Compiling NullBox.swift, SharedBox.swift, SingleKeyedBox.swift, StringBox.swift, UIntBox.swift (in target 'XMLCoder' from project 'XMLCoder')
SwiftCompile normal arm64 Compiling\ ISO8601DateFormatter.swift,\ KeyedStorage.swift,\ Metatypes.swift,\ String+Extensions.swift,\ Utils.swift /Users/admin/builder/spi-builder-workspace/.dependencies/checkouts/XMLCoder/Sources/XMLCoder/Auxiliaries/ISO8601DateFormatter.swift /Users/admin/builder/spi-builder-workspace/.dependencies/checkouts/XMLCoder/Sources/XMLCoder/Auxiliaries/KeyedStorage.swift /Users/admin/builder/spi-builder-workspace/.dependencies/checkouts/XMLCoder/Sources/XMLCoder/Auxiliaries/Metatypes.swift /Users/admin/builder/spi-builder-workspace/.dependencies/checkouts/XMLCoder/Sources/XMLCoder/Auxiliaries/String+Extensions.swift /Users/admin/builder/spi-builder-workspace/.dependencies/checkouts/XMLCoder/Sources/XMLCoder/Auxiliaries/Utils.swift (in target 'XMLCoder' from project 'XMLCoder')
SwiftCompile normal arm64 /Users/admin/builder/spi-builder-workspace/.dependencies/checkouts/XMLCoder/Sources/XMLCoder/Auxiliaries/ISO8601DateFormatter.swift (in target 'XMLCoder' from project 'XMLCoder')
cd /Users/admin/builder/spi-builder-workspace/.swiftpm/xcode
SwiftCompile normal arm64 /Users/admin/builder/spi-builder-workspace/.dependencies/checkouts/XMLCoder/Sources/XMLCoder/Auxiliaries/KeyedStorage.swift (in target 'XMLCoder' from project 'XMLCoder')
cd /Users/admin/builder/spi-builder-workspace/.swiftpm/xcode
SwiftCompile normal arm64 /Users/admin/builder/spi-builder-workspace/.dependencies/checkouts/XMLCoder/Sources/XMLCoder/Auxiliaries/Metatypes.swift (in target 'XMLCoder' from project 'XMLCoder')
cd /Users/admin/builder/spi-builder-workspace/.swiftpm/xcode
SwiftCompile normal arm64 /Users/admin/builder/spi-builder-workspace/.dependencies/checkouts/XMLCoder/Sources/XMLCoder/Auxiliaries/String+Extensions.swift (in target 'XMLCoder' from project 'XMLCoder')
cd /Users/admin/builder/spi-builder-workspace/.swiftpm/xcode
SwiftCompile normal arm64 /Users/admin/builder/spi-builder-workspace/.dependencies/checkouts/XMLCoder/Sources/XMLCoder/Auxiliaries/Utils.swift (in target 'XMLCoder' from project 'XMLCoder')
cd /Users/admin/builder/spi-builder-workspace/.swiftpm/xcode
SwiftCompile normal armv7k Compiling\ URLBox.swift,\ UnkeyedBox.swift,\ ValueBox.swift,\ Element.swift,\ ElementAndAttribute.swift /Users/admin/builder/spi-builder-workspace/.dependencies/checkouts/XMLCoder/Sources/XMLCoder/Auxiliaries/Box/URLBox.swift /Users/admin/builder/spi-builder-workspace/.dependencies/checkouts/XMLCoder/Sources/XMLCoder/Auxiliaries/Box/UnkeyedBox.swift /Users/admin/builder/spi-builder-workspace/.dependencies/checkouts/XMLCoder/Sources/XMLCoder/Auxiliaries/Box/ValueBox.swift /Users/admin/builder/spi-builder-workspace/.dependencies/checkouts/XMLCoder/Sources/XMLCoder/Auxiliaries/Element.swift /Users/admin/builder/spi-builder-workspace/.dependencies/checkouts/XMLCoder/Sources/XMLCoder/Auxiliaries/ElementAndAttribute.swift (in target 'XMLCoder' from project 'XMLCoder')
SwiftCompile normal armv7k /Users/admin/builder/spi-builder-workspace/.dependencies/checkouts/XMLCoder/Sources/XMLCoder/Auxiliaries/Box/URLBox.swift (in target 'XMLCoder' from project 'XMLCoder')
cd /Users/admin/builder/spi-builder-workspace/.swiftpm/xcode
SwiftCompile normal armv7k /Users/admin/builder/spi-builder-workspace/.dependencies/checkouts/XMLCoder/Sources/XMLCoder/Auxiliaries/Box/UnkeyedBox.swift (in target 'XMLCoder' from project 'XMLCoder')
cd /Users/admin/builder/spi-builder-workspace/.swiftpm/xcode
SwiftCompile normal armv7k /Users/admin/builder/spi-builder-workspace/.dependencies/checkouts/XMLCoder/Sources/XMLCoder/Auxiliaries/Box/ValueBox.swift (in target 'XMLCoder' from project 'XMLCoder')
cd /Users/admin/builder/spi-builder-workspace/.swiftpm/xcode
SwiftCompile normal armv7k /Users/admin/builder/spi-builder-workspace/.dependencies/checkouts/XMLCoder/Sources/XMLCoder/Auxiliaries/Element.swift (in target 'XMLCoder' from project 'XMLCoder')
cd /Users/admin/builder/spi-builder-workspace/.swiftpm/xcode
SwiftCompile normal armv7k /Users/admin/builder/spi-builder-workspace/.dependencies/checkouts/XMLCoder/Sources/XMLCoder/Auxiliaries/ElementAndAttribute.swift (in target 'XMLCoder' from project 'XMLCoder')
cd /Users/admin/builder/spi-builder-workspace/.swiftpm/xcode
SwiftCompile normal armv7k Compiling\ DecimalBox.swift,\ DoubleBox.swift,\ FloatBox.swift,\ IntBox.swift,\ KeyedBox.swift /Users/admin/builder/spi-builder-workspace/.dependencies/checkouts/XMLCoder/Sources/XMLCoder/Auxiliaries/Box/DecimalBox.swift /Users/admin/builder/spi-builder-workspace/.dependencies/checkouts/XMLCoder/Sources/XMLCoder/Auxiliaries/Box/DoubleBox.swift /Users/admin/builder/spi-builder-workspace/.dependencies/checkouts/XMLCoder/Sources/XMLCoder/Auxiliaries/Box/FloatBox.swift /Users/admin/builder/spi-builder-workspace/.dependencies/checkouts/XMLCoder/Sources/XMLCoder/Auxiliaries/Box/IntBox.swift /Users/admin/builder/spi-builder-workspace/.dependencies/checkouts/XMLCoder/Sources/XMLCoder/Auxiliaries/Box/KeyedBox.swift (in target 'XMLCoder' from project 'XMLCoder')
SwiftCompile normal armv7k /Users/admin/builder/spi-builder-workspace/.dependencies/checkouts/XMLCoder/Sources/XMLCoder/Auxiliaries/Box/DecimalBox.swift (in target 'XMLCoder' from project 'XMLCoder')
cd /Users/admin/builder/spi-builder-workspace/.swiftpm/xcode
SwiftCompile normal armv7k /Users/admin/builder/spi-builder-workspace/.dependencies/checkouts/XMLCoder/Sources/XMLCoder/Auxiliaries/Box/DoubleBox.swift (in target 'XMLCoder' from project 'XMLCoder')
cd /Users/admin/builder/spi-builder-workspace/.swiftpm/xcode
SwiftCompile normal armv7k /Users/admin/builder/spi-builder-workspace/.dependencies/checkouts/XMLCoder/Sources/XMLCoder/Auxiliaries/Box/FloatBox.swift (in target 'XMLCoder' from project 'XMLCoder')
cd /Users/admin/builder/spi-builder-workspace/.swiftpm/xcode
SwiftCompile normal armv7k /Users/admin/builder/spi-builder-workspace/.dependencies/checkouts/XMLCoder/Sources/XMLCoder/Auxiliaries/Box/IntBox.swift (in target 'XMLCoder' from project 'XMLCoder')
cd /Users/admin/builder/spi-builder-workspace/.swiftpm/xcode
SwiftCompile normal armv7k /Users/admin/builder/spi-builder-workspace/.dependencies/checkouts/XMLCoder/Sources/XMLCoder/Auxiliaries/Box/KeyedBox.swift (in target 'XMLCoder' from project 'XMLCoder')
cd /Users/admin/builder/spi-builder-workspace/.swiftpm/xcode
SwiftDriverJobDiscovery normal arm64_32 Compiling DecimalBox.swift, DoubleBox.swift, FloatBox.swift, IntBox.swift, KeyedBox.swift (in target 'XMLCoder' from project 'XMLCoder')
SwiftCompile normal arm64 Compiling\ XMLChoiceCodingKey.swift,\ XMLCoderElement.swift,\ XMLDocumentType.swift,\ XMLHeader.swift,\ XMLKey.swift /Users/admin/builder/spi-builder-workspace/.dependencies/checkouts/XMLCoder/Sources/XMLCoder/Auxiliaries/XMLChoiceCodingKey.swift /Users/admin/builder/spi-builder-workspace/.dependencies/checkouts/XMLCoder/Sources/XMLCoder/Auxiliaries/XMLCoderElement.swift /Users/admin/builder/spi-builder-workspace/.dependencies/checkouts/XMLCoder/Sources/XMLCoder/Auxiliaries/XMLDocumentType.swift /Users/admin/builder/spi-builder-workspace/.dependencies/checkouts/XMLCoder/Sources/XMLCoder/Auxiliaries/XMLHeader.swift /Users/admin/builder/spi-builder-workspace/.dependencies/checkouts/XMLCoder/Sources/XMLCoder/Auxiliaries/XMLKey.swift (in target 'XMLCoder' from project 'XMLCoder')
SwiftCompile normal arm64 /Users/admin/builder/spi-builder-workspace/.dependencies/checkouts/XMLCoder/Sources/XMLCoder/Auxiliaries/XMLChoiceCodingKey.swift (in target 'XMLCoder' from project 'XMLCoder')
cd /Users/admin/builder/spi-builder-workspace/.swiftpm/xcode
SwiftCompile normal arm64 /Users/admin/builder/spi-builder-workspace/.dependencies/checkouts/XMLCoder/Sources/XMLCoder/Auxiliaries/XMLCoderElement.swift (in target 'XMLCoder' from project 'XMLCoder')
cd /Users/admin/builder/spi-builder-workspace/.swiftpm/xcode
SwiftCompile normal arm64 /Users/admin/builder/spi-builder-workspace/.dependencies/checkouts/XMLCoder/Sources/XMLCoder/Auxiliaries/XMLDocumentType.swift (in target 'XMLCoder' from project 'XMLCoder')
cd /Users/admin/builder/spi-builder-workspace/.swiftpm/xcode
SwiftCompile normal arm64 /Users/admin/builder/spi-builder-workspace/.dependencies/checkouts/XMLCoder/Sources/XMLCoder/Auxiliaries/XMLHeader.swift (in target 'XMLCoder' from project 'XMLCoder')
cd /Users/admin/builder/spi-builder-workspace/.swiftpm/xcode
SwiftCompile normal arm64 /Users/admin/builder/spi-builder-workspace/.dependencies/checkouts/XMLCoder/Sources/XMLCoder/Auxiliaries/XMLKey.swift (in target 'XMLCoder' from project 'XMLCoder')
cd /Users/admin/builder/spi-builder-workspace/.swiftpm/xcode
SwiftDriverJobDiscovery normal arm64_32 Compiling ISO8601DateFormatter.swift, KeyedStorage.swift, Metatypes.swift, String+Extensions.swift, Utils.swift (in target 'XMLCoder' from project 'XMLCoder')
SwiftCompile normal arm64 Compiling\ DynamicNodeEncoding.swift,\ EncodingErrorExtension.swift,\ SingleValueEncodingContainer.swift,\ XMLChoiceEncodingContainer.swift,\ XMLEncoder.swift /Users/admin/builder/spi-builder-workspace/.dependencies/checkouts/XMLCoder/Sources/XMLCoder/Encoder/DynamicNodeEncoding.swift /Users/admin/builder/spi-builder-workspace/.dependencies/checkouts/XMLCoder/Sources/XMLCoder/Encoder/EncodingErrorExtension.swift /Users/admin/builder/spi-builder-workspace/.dependencies/checkouts/XMLCoder/Sources/XMLCoder/Encoder/SingleValueEncodingContainer.swift /Users/admin/builder/spi-builder-workspace/.dependencies/checkouts/XMLCoder/Sources/XMLCoder/Encoder/XMLChoiceEncodingContainer.swift /Users/admin/builder/spi-builder-workspace/.dependencies/checkouts/XMLCoder/Sources/XMLCoder/Encoder/XMLEncoder.swift (in target 'XMLCoder' from project 'XMLCoder')
SwiftCompile normal arm64 /Users/admin/builder/spi-builder-workspace/.dependencies/checkouts/XMLCoder/Sources/XMLCoder/Encoder/DynamicNodeEncoding.swift (in target 'XMLCoder' from project 'XMLCoder')
cd /Users/admin/builder/spi-builder-workspace/.swiftpm/xcode
SwiftCompile normal arm64 /Users/admin/builder/spi-builder-workspace/.dependencies/checkouts/XMLCoder/Sources/XMLCoder/Encoder/EncodingErrorExtension.swift (in target 'XMLCoder' from project 'XMLCoder')
cd /Users/admin/builder/spi-builder-workspace/.swiftpm/xcode
SwiftCompile normal arm64 /Users/admin/builder/spi-builder-workspace/.dependencies/checkouts/XMLCoder/Sources/XMLCoder/Encoder/SingleValueEncodingContainer.swift (in target 'XMLCoder' from project 'XMLCoder')
cd /Users/admin/builder/spi-builder-workspace/.swiftpm/xcode
SwiftCompile normal arm64 /Users/admin/builder/spi-builder-workspace/.dependencies/checkouts/XMLCoder/Sources/XMLCoder/Encoder/XMLChoiceEncodingContainer.swift (in target 'XMLCoder' from project 'XMLCoder')
cd /Users/admin/builder/spi-builder-workspace/.swiftpm/xcode
SwiftCompile normal arm64 /Users/admin/builder/spi-builder-workspace/.dependencies/checkouts/XMLCoder/Sources/XMLCoder/Encoder/XMLEncoder.swift (in target 'XMLCoder' from project 'XMLCoder')
cd /Users/admin/builder/spi-builder-workspace/.swiftpm/xcode
SwiftDriverJobDiscovery normal arm64_32 Emitting module for XMLCoder (in target 'XMLCoder' from project 'XMLCoder')
SwiftDriver\ Compilation\ Requirements XMLCoder normal arm64_32 com.apple.xcode.tools.swift.compiler (in target 'XMLCoder' from project 'XMLCoder')
cd /Users/admin/builder/spi-builder-workspace/.swiftpm/xcode
builtin-Swift-Compilation-Requirements -- /Applications/Xcode-16.3.0.app/Contents/Developer/Toolchains/XcodeDefault.xctoolchain/usr/bin/swiftc -module-name XMLCoder -Onone -enforce-exclusivity\=checked @/Users/admin/builder/spi-builder-workspace/.derivedData/Build/Intermediates.noindex/XMLCoder.build/Debug-watchos/XMLCoder.build/Objects-normal/arm64_32/XMLCoder.SwiftFileList -DSWIFT_PACKAGE -DDEBUG -DXcode -plugin-path /Applications/Xcode-16.3.0.app/Contents/Developer/Toolchains/XcodeDefault.xctoolchain/usr/lib/swift/host/plugins/testing -enable-experimental-feature DebugDescriptionMacro -sdk /Applications/Xcode-16.3.0.app/Contents/Developer/Platforms/WatchOS.platform/Developer/SDKs/WatchOS11.4.sdk -target arm64_32-apple-watchos4.0 -g -module-cache-path /Users/admin/builder/spi-builder-workspace/.derivedData/ModuleCache.noindex -Xfrontend -serialize-debugging-options -profile-coverage-mapping -profile-generate -enable-testing -suppress-warnings -index-store-path /Users/admin/builder/spi-builder-workspace/.derivedData/Index.noindex/DataStore -swift-version 5 -I /Users/admin/builder/spi-builder-workspace/.derivedData/Build/Products/Debug-watchos -I /Applications/Xcode-16.3.0.app/Contents/Developer/Platforms/WatchOS.platform/Developer/usr/lib -F /Users/admin/builder/spi-builder-workspace/.derivedData/Build/Products/Debug-watchos -F /Applications/Xcode-16.3.0.app/Contents/Developer/Platforms/WatchOS.platform/Developer/Library/Frameworks -F /Applications/Xcode-16.3.0.app/Contents/Developer/Platforms/WatchOS.platform/Developer/SDKs/WatchOS11.4.sdk/Developer/Library/Frameworks -c -j10 -enable-batch-mode -incremental -Xcc -ivfsstatcache -Xcc /Users/admin/builder/spi-builder-workspace/.derivedData/SDKStatCaches.noindex/watchos11.4-22T246-43efb940ff07ba2497b70ec94253f576.sdkstatcache -output-file-map /Users/admin/builder/spi-builder-workspace/.derivedData/Build/Intermediates.noindex/XMLCoder.build/Debug-watchos/XMLCoder.build/Objects-normal/arm64_32/XMLCoder-OutputFileMap.json -use-frontend-parseable-output -save-temps -no-color-diagnostics -serialize-diagnostics -emit-dependencies -emit-module -emit-module-path /Users/admin/builder/spi-builder-workspace/.derivedData/Build/Intermediates.noindex/XMLCoder.build/Debug-watchos/XMLCoder.build/Objects-normal/arm64_32/XMLCoder.swiftmodule -validate-clang-modules-once -clang-build-session-file /Users/admin/builder/spi-builder-workspace/.derivedData/ModuleCache.noindex/Session.modulevalidation -Xcc -I/Users/admin/builder/spi-builder-workspace/.derivedData/Build/Intermediates.noindex/XMLCoder.build/Debug-watchos/XMLCoder.build/swift-overrides.hmap -emit-const-values -Xfrontend -const-gather-protocols-file -Xfrontend /Users/admin/builder/spi-builder-workspace/.derivedData/Build/Intermediates.noindex/XMLCoder.build/Debug-watchos/XMLCoder.build/Objects-normal/arm64_32/XMLCoder_const_extract_protocols.json -Xcc -I/Users/admin/builder/spi-builder-workspace/.derivedData/Build/Products/Debug-watchos/include -Xcc -I/Users/admin/builder/spi-builder-workspace/.derivedData/Build/Intermediates.noindex/XMLCoder.build/Debug-watchos/XMLCoder.build/DerivedSources-normal/arm64_32 -Xcc -I/Users/admin/builder/spi-builder-workspace/.derivedData/Build/Intermediates.noindex/XMLCoder.build/Debug-watchos/XMLCoder.build/DerivedSources/arm64_32 -Xcc -I/Users/admin/builder/spi-builder-workspace/.derivedData/Build/Intermediates.noindex/XMLCoder.build/Debug-watchos/XMLCoder.build/DerivedSources -Xcc -DSWIFT_PACKAGE -Xcc -DDEBUG\=1 -emit-objc-header -emit-objc-header-path /Users/admin/builder/spi-builder-workspace/.derivedData/Build/Intermediates.noindex/XMLCoder.build/Debug-watchos/XMLCoder.build/Objects-normal/arm64_32/XMLCoder-Swift.h -working-directory /Users/admin/builder/spi-builder-workspace/.swiftpm/xcode -experimental-emit-module-separately -disable-cmo
SwiftDriverJobDiscovery normal arm64_32 Compiling XMLChoiceCodingKey.swift, XMLCoderElement.swift, XMLDocumentType.swift, XMLHeader.swift, XMLKey.swift (in target 'XMLCoder' from project 'XMLCoder')
SwiftCompile normal arm64 Compiling\ XMLStackParser.swift,\ DecodingErrorExtension.swift,\ DynamicNodeDecoding.swift,\ SingleValueDecodingContainer.swift,\ XMLChoiceDecodingContainer.swift /Users/admin/builder/spi-builder-workspace/.dependencies/checkouts/XMLCoder/Sources/XMLCoder/Auxiliaries/XMLStackParser.swift /Users/admin/builder/spi-builder-workspace/.dependencies/checkouts/XMLCoder/Sources/XMLCoder/Decoder/DecodingErrorExtension.swift /Users/admin/builder/spi-builder-workspace/.dependencies/checkouts/XMLCoder/Sources/XMLCoder/Decoder/DynamicNodeDecoding.swift /Users/admin/builder/spi-builder-workspace/.dependencies/checkouts/XMLCoder/Sources/XMLCoder/Decoder/SingleValueDecodingContainer.swift /Users/admin/builder/spi-builder-workspace/.dependencies/checkouts/XMLCoder/Sources/XMLCoder/Decoder/XMLChoiceDecodingContainer.swift (in target 'XMLCoder' from project 'XMLCoder')
SwiftCompile normal arm64 /Users/admin/builder/spi-builder-workspace/.dependencies/checkouts/XMLCoder/Sources/XMLCoder/Auxiliaries/XMLStackParser.swift (in target 'XMLCoder' from project 'XMLCoder')
cd /Users/admin/builder/spi-builder-workspace/.swiftpm/xcode
SwiftCompile normal arm64 /Users/admin/builder/spi-builder-workspace/.dependencies/checkouts/XMLCoder/Sources/XMLCoder/Decoder/DecodingErrorExtension.swift (in target 'XMLCoder' from project 'XMLCoder')
cd /Users/admin/builder/spi-builder-workspace/.swiftpm/xcode
SwiftCompile normal arm64 /Users/admin/builder/spi-builder-workspace/.dependencies/checkouts/XMLCoder/Sources/XMLCoder/Decoder/DynamicNodeDecoding.swift (in target 'XMLCoder' from project 'XMLCoder')
cd /Users/admin/builder/spi-builder-workspace/.swiftpm/xcode
SwiftCompile normal arm64 /Users/admin/builder/spi-builder-workspace/.dependencies/checkouts/XMLCoder/Sources/XMLCoder/Decoder/SingleValueDecodingContainer.swift (in target 'XMLCoder' from project 'XMLCoder')
cd /Users/admin/builder/spi-builder-workspace/.swiftpm/xcode
SwiftCompile normal arm64 /Users/admin/builder/spi-builder-workspace/.dependencies/checkouts/XMLCoder/Sources/XMLCoder/Decoder/XMLChoiceDecodingContainer.swift (in target 'XMLCoder' from project 'XMLCoder')
cd /Users/admin/builder/spi-builder-workspace/.swiftpm/xcode
Copy /Users/admin/builder/spi-builder-workspace/.derivedData/Build/Products/Debug-watchos/XMLCoder.swiftmodule/arm64_32-apple-watchos.swiftmodule /Users/admin/builder/spi-builder-workspace/.derivedData/Build/Intermediates.noindex/XMLCoder.build/Debug-watchos/XMLCoder.build/Objects-normal/arm64_32/XMLCoder.swiftmodule (in target 'XMLCoder' from project 'XMLCoder')
cd /Users/admin/builder/spi-builder-workspace/.dependencies/checkouts/XMLCoder
builtin-copy -exclude .DS_Store -exclude CVS -exclude .svn -exclude .git -exclude .hg -resolve-src-symlinks -rename /Users/admin/builder/spi-builder-workspace/.derivedData/Build/Intermediates.noindex/XMLCoder.build/Debug-watchos/XMLCoder.build/Objects-normal/arm64_32/XMLCoder.swiftmodule /Users/admin/builder/spi-builder-workspace/.derivedData/Build/Products/Debug-watchos/XMLCoder.swiftmodule/arm64_32-apple-watchos.swiftmodule
SwiftDriverJobDiscovery normal armv7k Compiling URLBox.swift, UnkeyedBox.swift, ValueBox.swift, Element.swift, ElementAndAttribute.swift (in target 'XMLCoder' from project 'XMLCoder')
Copy /Users/admin/builder/spi-builder-workspace/.derivedData/Build/Products/Debug-watchos/XMLCoder.swiftmodule/arm64_32-apple-watchos.abi.json /Users/admin/builder/spi-builder-workspace/.derivedData/Build/Intermediates.noindex/XMLCoder.build/Debug-watchos/XMLCoder.build/Objects-normal/arm64_32/XMLCoder.abi.json (in target 'XMLCoder' from project 'XMLCoder')
cd /Users/admin/builder/spi-builder-workspace/.dependencies/checkouts/XMLCoder
builtin-copy -exclude .DS_Store -exclude CVS -exclude .svn -exclude .git -exclude .hg -resolve-src-symlinks -rename /Users/admin/builder/spi-builder-workspace/.derivedData/Build/Intermediates.noindex/XMLCoder.build/Debug-watchos/XMLCoder.build/Objects-normal/arm64_32/XMLCoder.abi.json /Users/admin/builder/spi-builder-workspace/.derivedData/Build/Products/Debug-watchos/XMLCoder.swiftmodule/arm64_32-apple-watchos.abi.json
SwiftCompile normal armv7k Compiling\ XMLChoiceCodingKey.swift,\ XMLCoderElement.swift,\ XMLDocumentType.swift,\ XMLHeader.swift,\ XMLKey.swift /Users/admin/builder/spi-builder-workspace/.dependencies/checkouts/XMLCoder/Sources/XMLCoder/Auxiliaries/XMLChoiceCodingKey.swift /Users/admin/builder/spi-builder-workspace/.dependencies/checkouts/XMLCoder/Sources/XMLCoder/Auxiliaries/XMLCoderElement.swift /Users/admin/builder/spi-builder-workspace/.dependencies/checkouts/XMLCoder/Sources/XMLCoder/Auxiliaries/XMLDocumentType.swift /Users/admin/builder/spi-builder-workspace/.dependencies/checkouts/XMLCoder/Sources/XMLCoder/Auxiliaries/XMLHeader.swift /Users/admin/builder/spi-builder-workspace/.dependencies/checkouts/XMLCoder/Sources/XMLCoder/Auxiliaries/XMLKey.swift (in target 'XMLCoder' from project 'XMLCoder')
SwiftCompile normal armv7k /Users/admin/builder/spi-builder-workspace/.dependencies/checkouts/XMLCoder/Sources/XMLCoder/Auxiliaries/XMLChoiceCodingKey.swift (in target 'XMLCoder' from project 'XMLCoder')
cd /Users/admin/builder/spi-builder-workspace/.swiftpm/xcode
SwiftCompile normal armv7k /Users/admin/builder/spi-builder-workspace/.dependencies/checkouts/XMLCoder/Sources/XMLCoder/Auxiliaries/XMLCoderElement.swift (in target 'XMLCoder' from project 'XMLCoder')
cd /Users/admin/builder/spi-builder-workspace/.swiftpm/xcode
SwiftCompile normal armv7k /Users/admin/builder/spi-builder-workspace/.dependencies/checkouts/XMLCoder/Sources/XMLCoder/Auxiliaries/XMLDocumentType.swift (in target 'XMLCoder' from project 'XMLCoder')
cd /Users/admin/builder/spi-builder-workspace/.swiftpm/xcode
SwiftCompile normal armv7k /Users/admin/builder/spi-builder-workspace/.dependencies/checkouts/XMLCoder/Sources/XMLCoder/Auxiliaries/XMLHeader.swift (in target 'XMLCoder' from project 'XMLCoder')
cd /Users/admin/builder/spi-builder-workspace/.swiftpm/xcode
SwiftCompile normal armv7k /Users/admin/builder/spi-builder-workspace/.dependencies/checkouts/XMLCoder/Sources/XMLCoder/Auxiliaries/XMLKey.swift (in target 'XMLCoder' from project 'XMLCoder')
cd /Users/admin/builder/spi-builder-workspace/.swiftpm/xcode
SwiftCompile normal armv7k Compiling\ NullBox.swift,\ SharedBox.swift,\ SingleKeyedBox.swift,\ StringBox.swift,\ UIntBox.swift /Users/admin/builder/spi-builder-workspace/.dependencies/checkouts/XMLCoder/Sources/XMLCoder/Auxiliaries/Box/NullBox.swift /Users/admin/builder/spi-builder-workspace/.dependencies/checkouts/XMLCoder/Sources/XMLCoder/Auxiliaries/Box/SharedBox.swift /Users/admin/builder/spi-builder-workspace/.dependencies/checkouts/XMLCoder/Sources/XMLCoder/Auxiliaries/Box/SingleKeyedBox.swift /Users/admin/builder/spi-builder-workspace/.dependencies/checkouts/XMLCoder/Sources/XMLCoder/Auxiliaries/Box/StringBox.swift /Users/admin/builder/spi-builder-workspace/.dependencies/checkouts/XMLCoder/Sources/XMLCoder/Auxiliaries/Box/UIntBox.swift (in target 'XMLCoder' from project 'XMLCoder')
SwiftCompile normal armv7k /Users/admin/builder/spi-builder-workspace/.dependencies/checkouts/XMLCoder/Sources/XMLCoder/Auxiliaries/Box/NullBox.swift (in target 'XMLCoder' from project 'XMLCoder')
cd /Users/admin/builder/spi-builder-workspace/.swiftpm/xcode
SwiftCompile normal armv7k /Users/admin/builder/spi-builder-workspace/.dependencies/checkouts/XMLCoder/Sources/XMLCoder/Auxiliaries/Box/SharedBox.swift (in target 'XMLCoder' from project 'XMLCoder')
cd /Users/admin/builder/spi-builder-workspace/.swiftpm/xcode
SwiftCompile normal armv7k /Users/admin/builder/spi-builder-workspace/.dependencies/checkouts/XMLCoder/Sources/XMLCoder/Auxiliaries/Box/SingleKeyedBox.swift (in target 'XMLCoder' from project 'XMLCoder')
cd /Users/admin/builder/spi-builder-workspace/.swiftpm/xcode
SwiftCompile normal armv7k /Users/admin/builder/spi-builder-workspace/.dependencies/checkouts/XMLCoder/Sources/XMLCoder/Auxiliaries/Box/StringBox.swift (in target 'XMLCoder' from project 'XMLCoder')
cd /Users/admin/builder/spi-builder-workspace/.swiftpm/xcode
SwiftCompile normal armv7k /Users/admin/builder/spi-builder-workspace/.dependencies/checkouts/XMLCoder/Sources/XMLCoder/Auxiliaries/Box/UIntBox.swift (in target 'XMLCoder' from project 'XMLCoder')
cd /Users/admin/builder/spi-builder-workspace/.swiftpm/xcode
SwiftDriverJobDiscovery normal arm64 Compiling ISO8601DateFormatter.swift, KeyedStorage.swift, Metatypes.swift, String+Extensions.swift, Utils.swift (in target 'XMLCoder' from project 'XMLCoder')
SwiftCompile normal arm64 Compiling\ XMLEncoderImplementation.swift,\ XMLEncodingStorage.swift,\ XMLKeyedEncodingContainer.swift,\ XMLReferencingEncoder.swift,\ XMLUnkeyedEncodingContainer.swift /Users/admin/builder/spi-builder-workspace/.dependencies/checkouts/XMLCoder/Sources/XMLCoder/Encoder/XMLEncoderImplementation.swift /Users/admin/builder/spi-builder-workspace/.dependencies/checkouts/XMLCoder/Sources/XMLCoder/Encoder/XMLEncodingStorage.swift /Users/admin/builder/spi-builder-workspace/.dependencies/checkouts/XMLCoder/Sources/XMLCoder/Encoder/XMLKeyedEncodingContainer.swift /Users/admin/builder/spi-builder-workspace/.dependencies/checkouts/XMLCoder/Sources/XMLCoder/Encoder/XMLReferencingEncoder.swift /Users/admin/builder/spi-builder-workspace/.dependencies/checkouts/XMLCoder/Sources/XMLCoder/Encoder/XMLUnkeyedEncodingContainer.swift (in target 'XMLCoder' from project 'XMLCoder')
SwiftCompile normal arm64 /Users/admin/builder/spi-builder-workspace/.dependencies/checkouts/XMLCoder/Sources/XMLCoder/Encoder/XMLEncoderImplementation.swift (in target 'XMLCoder' from project 'XMLCoder')
cd /Users/admin/builder/spi-builder-workspace/.swiftpm/xcode
SwiftCompile normal arm64 /Users/admin/builder/spi-builder-workspace/.dependencies/checkouts/XMLCoder/Sources/XMLCoder/Encoder/XMLEncodingStorage.swift (in target 'XMLCoder' from project 'XMLCoder')
cd /Users/admin/builder/spi-builder-workspace/.swiftpm/xcode
SwiftCompile normal arm64 /Users/admin/builder/spi-builder-workspace/.dependencies/checkouts/XMLCoder/Sources/XMLCoder/Encoder/XMLKeyedEncodingContainer.swift (in target 'XMLCoder' from project 'XMLCoder')
cd /Users/admin/builder/spi-builder-workspace/.swiftpm/xcode
SwiftCompile normal arm64 /Users/admin/builder/spi-builder-workspace/.dependencies/checkouts/XMLCoder/Sources/XMLCoder/Encoder/XMLReferencingEncoder.swift (in target 'XMLCoder' from project 'XMLCoder')
cd /Users/admin/builder/spi-builder-workspace/.swiftpm/xcode
SwiftCompile normal arm64 /Users/admin/builder/spi-builder-workspace/.dependencies/checkouts/XMLCoder/Sources/XMLCoder/Encoder/XMLUnkeyedEncodingContainer.swift (in target 'XMLCoder' from project 'XMLCoder')
cd /Users/admin/builder/spi-builder-workspace/.swiftpm/xcode
SwiftDriverJobDiscovery normal armv7k Compiling DecimalBox.swift, DoubleBox.swift, FloatBox.swift, IntBox.swift, KeyedBox.swift (in target 'XMLCoder' from project 'XMLCoder')
SwiftCompile normal armv7k Compiling\ XMLStackParser.swift,\ DecodingErrorExtension.swift,\ DynamicNodeDecoding.swift,\ SingleValueDecodingContainer.swift,\ XMLChoiceDecodingContainer.swift /Users/admin/builder/spi-builder-workspace/.dependencies/checkouts/XMLCoder/Sources/XMLCoder/Auxiliaries/XMLStackParser.swift /Users/admin/builder/spi-builder-workspace/.dependencies/checkouts/XMLCoder/Sources/XMLCoder/Decoder/DecodingErrorExtension.swift /Users/admin/builder/spi-builder-workspace/.dependencies/checkouts/XMLCoder/Sources/XMLCoder/Decoder/DynamicNodeDecoding.swift /Users/admin/builder/spi-builder-workspace/.dependencies/checkouts/XMLCoder/Sources/XMLCoder/Decoder/SingleValueDecodingContainer.swift /Users/admin/builder/spi-builder-workspace/.dependencies/checkouts/XMLCoder/Sources/XMLCoder/Decoder/XMLChoiceDecodingContainer.swift (in target 'XMLCoder' from project 'XMLCoder')
SwiftCompile normal armv7k /Users/admin/builder/spi-builder-workspace/.dependencies/checkouts/XMLCoder/Sources/XMLCoder/Auxiliaries/XMLStackParser.swift (in target 'XMLCoder' from project 'XMLCoder')
cd /Users/admin/builder/spi-builder-workspace/.swiftpm/xcode
SwiftCompile normal armv7k /Users/admin/builder/spi-builder-workspace/.dependencies/checkouts/XMLCoder/Sources/XMLCoder/Decoder/DecodingErrorExtension.swift (in target 'XMLCoder' from project 'XMLCoder')
cd /Users/admin/builder/spi-builder-workspace/.swiftpm/xcode
SwiftCompile normal armv7k /Users/admin/builder/spi-builder-workspace/.dependencies/checkouts/XMLCoder/Sources/XMLCoder/Decoder/DynamicNodeDecoding.swift (in target 'XMLCoder' from project 'XMLCoder')
cd /Users/admin/builder/spi-builder-workspace/.swiftpm/xcode
SwiftCompile normal armv7k /Users/admin/builder/spi-builder-workspace/.dependencies/checkouts/XMLCoder/Sources/XMLCoder/Decoder/SingleValueDecodingContainer.swift (in target 'XMLCoder' from project 'XMLCoder')
cd /Users/admin/builder/spi-builder-workspace/.swiftpm/xcode
SwiftCompile normal armv7k /Users/admin/builder/spi-builder-workspace/.dependencies/checkouts/XMLCoder/Sources/XMLCoder/Decoder/XMLChoiceDecodingContainer.swift (in target 'XMLCoder' from project 'XMLCoder')
cd /Users/admin/builder/spi-builder-workspace/.swiftpm/xcode
SwiftDriverJobDiscovery normal arm64_32 Compiling DynamicNodeEncoding.swift, EncodingErrorExtension.swift, SingleValueEncodingContainer.swift, XMLChoiceEncodingContainer.swift, XMLEncoder.swift (in target 'XMLCoder' from project 'XMLCoder')
SwiftCompile normal arm64 Compiling\ DecimalBox.swift,\ DoubleBox.swift,\ FloatBox.swift,\ IntBox.swift,\ KeyedBox.swift /Users/admin/builder/spi-builder-workspace/.dependencies/checkouts/XMLCoder/Sources/XMLCoder/Auxiliaries/Box/DecimalBox.swift /Users/admin/builder/spi-builder-workspace/.dependencies/checkouts/XMLCoder/Sources/XMLCoder/Auxiliaries/Box/DoubleBox.swift /Users/admin/builder/spi-builder-workspace/.dependencies/checkouts/XMLCoder/Sources/XMLCoder/Auxiliaries/Box/FloatBox.swift /Users/admin/builder/spi-builder-workspace/.dependencies/checkouts/XMLCoder/Sources/XMLCoder/Auxiliaries/Box/IntBox.swift /Users/admin/builder/spi-builder-workspace/.dependencies/checkouts/XMLCoder/Sources/XMLCoder/Auxiliaries/Box/KeyedBox.swift (in target 'XMLCoder' from project 'XMLCoder')
SwiftCompile normal arm64 /Users/admin/builder/spi-builder-workspace/.dependencies/checkouts/XMLCoder/Sources/XMLCoder/Auxiliaries/Box/DecimalBox.swift (in target 'XMLCoder' from project 'XMLCoder')
cd /Users/admin/builder/spi-builder-workspace/.swiftpm/xcode
SwiftCompile normal arm64 /Users/admin/builder/spi-builder-workspace/.dependencies/checkouts/XMLCoder/Sources/XMLCoder/Auxiliaries/Box/DoubleBox.swift (in target 'XMLCoder' from project 'XMLCoder')
cd /Users/admin/builder/spi-builder-workspace/.swiftpm/xcode
SwiftCompile normal arm64 /Users/admin/builder/spi-builder-workspace/.dependencies/checkouts/XMLCoder/Sources/XMLCoder/Auxiliaries/Box/FloatBox.swift (in target 'XMLCoder' from project 'XMLCoder')
cd /Users/admin/builder/spi-builder-workspace/.swiftpm/xcode
SwiftCompile normal arm64 /Users/admin/builder/spi-builder-workspace/.dependencies/checkouts/XMLCoder/Sources/XMLCoder/Auxiliaries/Box/IntBox.swift (in target 'XMLCoder' from project 'XMLCoder')
cd /Users/admin/builder/spi-builder-workspace/.swiftpm/xcode
SwiftCompile normal arm64 /Users/admin/builder/spi-builder-workspace/.dependencies/checkouts/XMLCoder/Sources/XMLCoder/Auxiliaries/Box/KeyedBox.swift (in target 'XMLCoder' from project 'XMLCoder')
cd /Users/admin/builder/spi-builder-workspace/.swiftpm/xcode
SwiftDriverJobDiscovery normal armv7k Emitting module for XMLCoder (in target 'XMLCoder' from project 'XMLCoder')
SwiftDriver\ Compilation\ Requirements XMLCoder normal armv7k com.apple.xcode.tools.swift.compiler (in target 'XMLCoder' from project 'XMLCoder')
cd /Users/admin/builder/spi-builder-workspace/.swiftpm/xcode
builtin-Swift-Compilation-Requirements -- /Applications/Xcode-16.3.0.app/Contents/Developer/Toolchains/XcodeDefault.xctoolchain/usr/bin/swiftc -module-name XMLCoder -Onone -enforce-exclusivity\=checked @/Users/admin/builder/spi-builder-workspace/.derivedData/Build/Intermediates.noindex/XMLCoder.build/Debug-watchos/XMLCoder.build/Objects-normal/armv7k/XMLCoder.SwiftFileList -DSWIFT_PACKAGE -DDEBUG -DXcode -plugin-path /Applications/Xcode-16.3.0.app/Contents/Developer/Toolchains/XcodeDefault.xctoolchain/usr/lib/swift/host/plugins/testing -enable-experimental-feature DebugDescriptionMacro -sdk /Applications/Xcode-16.3.0.app/Contents/Developer/Platforms/WatchOS.platform/Developer/SDKs/WatchOS11.4.sdk -target armv7k-apple-watchos4.0 -g -module-cache-path /Users/admin/builder/spi-builder-workspace/.derivedData/ModuleCache.noindex -Xfrontend -serialize-debugging-options -profile-coverage-mapping -profile-generate -enable-testing -suppress-warnings -index-store-path /Users/admin/builder/spi-builder-workspace/.derivedData/Index.noindex/DataStore -swift-version 5 -I /Users/admin/builder/spi-builder-workspace/.derivedData/Build/Products/Debug-watchos -I /Applications/Xcode-16.3.0.app/Contents/Developer/Platforms/WatchOS.platform/Developer/usr/lib -F /Users/admin/builder/spi-builder-workspace/.derivedData/Build/Products/Debug-watchos -F /Applications/Xcode-16.3.0.app/Contents/Developer/Platforms/WatchOS.platform/Developer/Library/Frameworks -F /Applications/Xcode-16.3.0.app/Contents/Developer/Platforms/WatchOS.platform/Developer/SDKs/WatchOS11.4.sdk/Developer/Library/Frameworks -c -j10 -enable-batch-mode -incremental -Xcc -ivfsstatcache -Xcc /Users/admin/builder/spi-builder-workspace/.derivedData/SDKStatCaches.noindex/watchos11.4-22T246-43efb940ff07ba2497b70ec94253f576.sdkstatcache -output-file-map /Users/admin/builder/spi-builder-workspace/.derivedData/Build/Intermediates.noindex/XMLCoder.build/Debug-watchos/XMLCoder.build/Objects-normal/armv7k/XMLCoder-OutputFileMap.json -use-frontend-parseable-output -save-temps -no-color-diagnostics -serialize-diagnostics -emit-dependencies -emit-module -emit-module-path /Users/admin/builder/spi-builder-workspace/.derivedData/Build/Intermediates.noindex/XMLCoder.build/Debug-watchos/XMLCoder.build/Objects-normal/armv7k/XMLCoder.swiftmodule -validate-clang-modules-once -clang-build-session-file /Users/admin/builder/spi-builder-workspace/.derivedData/ModuleCache.noindex/Session.modulevalidation -Xcc -I/Users/admin/builder/spi-builder-workspace/.derivedData/Build/Intermediates.noindex/XMLCoder.build/Debug-watchos/XMLCoder.build/swift-overrides.hmap -emit-const-values -Xfrontend -const-gather-protocols-file -Xfrontend /Users/admin/builder/spi-builder-workspace/.derivedData/Build/Intermediates.noindex/XMLCoder.build/Debug-watchos/XMLCoder.build/Objects-normal/armv7k/XMLCoder_const_extract_protocols.json -Xcc -I/Users/admin/builder/spi-builder-workspace/.derivedData/Build/Products/Debug-watchos/include -Xcc -I/Users/admin/builder/spi-builder-workspace/.derivedData/Build/Intermediates.noindex/XMLCoder.build/Debug-watchos/XMLCoder.build/DerivedSources-normal/armv7k -Xcc -I/Users/admin/builder/spi-builder-workspace/.derivedData/Build/Intermediates.noindex/XMLCoder.build/Debug-watchos/XMLCoder.build/DerivedSources/armv7k -Xcc -I/Users/admin/builder/spi-builder-workspace/.derivedData/Build/Intermediates.noindex/XMLCoder.build/Debug-watchos/XMLCoder.build/DerivedSources -Xcc -DSWIFT_PACKAGE -Xcc -DDEBUG\=1 -emit-objc-header -emit-objc-header-path /Users/admin/builder/spi-builder-workspace/.derivedData/Build/Intermediates.noindex/XMLCoder.build/Debug-watchos/XMLCoder.build/Objects-normal/armv7k/XMLCoder-Swift.h -working-directory /Users/admin/builder/spi-builder-workspace/.swiftpm/xcode -experimental-emit-module-separately -disable-cmo
SwiftDriverJobDiscovery normal arm64 Emitting module for XMLCoder (in target 'XMLCoder' from project 'XMLCoder')
SwiftDriver\ Compilation\ Requirements XMLCoder normal arm64 com.apple.xcode.tools.swift.compiler (in target 'XMLCoder' from project 'XMLCoder')
cd /Users/admin/builder/spi-builder-workspace/.swiftpm/xcode
builtin-Swift-Compilation-Requirements -- /Applications/Xcode-16.3.0.app/Contents/Developer/Toolchains/XcodeDefault.xctoolchain/usr/bin/swiftc -module-name XMLCoder -Onone -enforce-exclusivity\=checked @/Users/admin/builder/spi-builder-workspace/.derivedData/Build/Intermediates.noindex/XMLCoder.build/Debug-watchos/XMLCoder.build/Objects-normal/arm64/XMLCoder.SwiftFileList -DSWIFT_PACKAGE -DDEBUG -DXcode -plugin-path /Applications/Xcode-16.3.0.app/Contents/Developer/Toolchains/XcodeDefault.xctoolchain/usr/lib/swift/host/plugins/testing -enable-experimental-feature DebugDescriptionMacro -sdk /Applications/Xcode-16.3.0.app/Contents/Developer/Platforms/WatchOS.platform/Developer/SDKs/WatchOS11.4.sdk -target arm64-apple-watchos4.0 -g -module-cache-path /Users/admin/builder/spi-builder-workspace/.derivedData/ModuleCache.noindex -Xfrontend -serialize-debugging-options -profile-coverage-mapping -profile-generate -enable-testing -suppress-warnings -index-store-path /Users/admin/builder/spi-builder-workspace/.derivedData/Index.noindex/DataStore -swift-version 5 -I /Users/admin/builder/spi-builder-workspace/.derivedData/Build/Products/Debug-watchos -I /Applications/Xcode-16.3.0.app/Contents/Developer/Platforms/WatchOS.platform/Developer/usr/lib -F /Users/admin/builder/spi-builder-workspace/.derivedData/Build/Products/Debug-watchos -F /Applications/Xcode-16.3.0.app/Contents/Developer/Platforms/WatchOS.platform/Developer/Library/Frameworks -F /Applications/Xcode-16.3.0.app/Contents/Developer/Platforms/WatchOS.platform/Developer/SDKs/WatchOS11.4.sdk/Developer/Library/Frameworks -c -j10 -enable-batch-mode -incremental -Xcc -ivfsstatcache -Xcc /Users/admin/builder/spi-builder-workspace/.derivedData/SDKStatCaches.noindex/watchos11.4-22T246-43efb940ff07ba2497b70ec94253f576.sdkstatcache -output-file-map /Users/admin/builder/spi-builder-workspace/.derivedData/Build/Intermediates.noindex/XMLCoder.build/Debug-watchos/XMLCoder.build/Objects-normal/arm64/XMLCoder-OutputFileMap.json -use-frontend-parseable-output -save-temps -no-color-diagnostics -serialize-diagnostics -emit-dependencies -emit-module -emit-module-path /Users/admin/builder/spi-builder-workspace/.derivedData/Build/Intermediates.noindex/XMLCoder.build/Debug-watchos/XMLCoder.build/Objects-normal/arm64/XMLCoder.swiftmodule -validate-clang-modules-once -clang-build-session-file /Users/admin/builder/spi-builder-workspace/.derivedData/ModuleCache.noindex/Session.modulevalidation -Xcc -I/Users/admin/builder/spi-builder-workspace/.derivedData/Build/Intermediates.noindex/XMLCoder.build/Debug-watchos/XMLCoder.build/swift-overrides.hmap -emit-const-values -Xfrontend -const-gather-protocols-file -Xfrontend /Users/admin/builder/spi-builder-workspace/.derivedData/Build/Intermediates.noindex/XMLCoder.build/Debug-watchos/XMLCoder.build/Objects-normal/arm64/XMLCoder_const_extract_protocols.json -Xcc -I/Users/admin/builder/spi-builder-workspace/.derivedData/Build/Products/Debug-watchos/include -Xcc -I/Users/admin/builder/spi-builder-workspace/.derivedData/Build/Intermediates.noindex/XMLCoder.build/Debug-watchos/XMLCoder.build/DerivedSources-normal/arm64 -Xcc -I/Users/admin/builder/spi-builder-workspace/.derivedData/Build/Intermediates.noindex/XMLCoder.build/Debug-watchos/XMLCoder.build/DerivedSources/arm64 -Xcc -I/Users/admin/builder/spi-builder-workspace/.derivedData/Build/Intermediates.noindex/XMLCoder.build/Debug-watchos/XMLCoder.build/DerivedSources -Xcc -DSWIFT_PACKAGE -Xcc -DDEBUG\=1 -emit-objc-header -emit-objc-header-path /Users/admin/builder/spi-builder-workspace/.derivedData/Build/Intermediates.noindex/XMLCoder.build/Debug-watchos/XMLCoder.build/Objects-normal/arm64/XMLCoder-Swift.h -working-directory /Users/admin/builder/spi-builder-workspace/.swiftpm/xcode -experimental-emit-module-separately -disable-cmo
Copy /Users/admin/builder/spi-builder-workspace/.derivedData/Build/Products/Debug-watchos/XMLCoder.swiftmodule/armv7k-apple-watchos.swiftmodule /Users/admin/builder/spi-builder-workspace/.derivedData/Build/Intermediates.noindex/XMLCoder.build/Debug-watchos/XMLCoder.build/Objects-normal/armv7k/XMLCoder.swiftmodule (in target 'XMLCoder' from project 'XMLCoder')
cd /Users/admin/builder/spi-builder-workspace/.dependencies/checkouts/XMLCoder
builtin-copy -exclude .DS_Store -exclude CVS -exclude .svn -exclude .git -exclude .hg -resolve-src-symlinks -rename /Users/admin/builder/spi-builder-workspace/.derivedData/Build/Intermediates.noindex/XMLCoder.build/Debug-watchos/XMLCoder.build/Objects-normal/armv7k/XMLCoder.swiftmodule /Users/admin/builder/spi-builder-workspace/.derivedData/Build/Products/Debug-watchos/XMLCoder.swiftmodule/armv7k-apple-watchos.swiftmodule
Copy /Users/admin/builder/spi-builder-workspace/.derivedData/Build/Products/Debug-watchos/XMLCoder.swiftmodule/armv7k-apple-watchos.abi.json /Users/admin/builder/spi-builder-workspace/.derivedData/Build/Intermediates.noindex/XMLCoder.build/Debug-watchos/XMLCoder.build/Objects-normal/armv7k/XMLCoder.abi.json (in target 'XMLCoder' from project 'XMLCoder')
cd /Users/admin/builder/spi-builder-workspace/.dependencies/checkouts/XMLCoder
builtin-copy -exclude .DS_Store -exclude CVS -exclude .svn -exclude .git -exclude .hg -resolve-src-symlinks -rename /Users/admin/builder/spi-builder-workspace/.derivedData/Build/Intermediates.noindex/XMLCoder.build/Debug-watchos/XMLCoder.build/Objects-normal/armv7k/XMLCoder.abi.json /Users/admin/builder/spi-builder-workspace/.derivedData/Build/Products/Debug-watchos/XMLCoder.swiftmodule/armv7k-apple-watchos.abi.json
Copy /Users/admin/builder/spi-builder-workspace/.derivedData/Build/Products/Debug-watchos/XMLCoder.swiftmodule/arm64-apple-watchos.swiftmodule /Users/admin/builder/spi-builder-workspace/.derivedData/Build/Intermediates.noindex/XMLCoder.build/Debug-watchos/XMLCoder.build/Objects-normal/arm64/XMLCoder.swiftmodule (in target 'XMLCoder' from project 'XMLCoder')
cd /Users/admin/builder/spi-builder-workspace/.dependencies/checkouts/XMLCoder
builtin-copy -exclude .DS_Store -exclude CVS -exclude .svn -exclude .git -exclude .hg -resolve-src-symlinks -rename /Users/admin/builder/spi-builder-workspace/.derivedData/Build/Intermediates.noindex/XMLCoder.build/Debug-watchos/XMLCoder.build/Objects-normal/arm64/XMLCoder.swiftmodule /Users/admin/builder/spi-builder-workspace/.derivedData/Build/Products/Debug-watchos/XMLCoder.swiftmodule/arm64-apple-watchos.swiftmodule
Copy /Users/admin/builder/spi-builder-workspace/.derivedData/Build/Products/Debug-watchos/XMLCoder.swiftmodule/arm64-apple-watchos.abi.json /Users/admin/builder/spi-builder-workspace/.derivedData/Build/Intermediates.noindex/XMLCoder.build/Debug-watchos/XMLCoder.build/Objects-normal/arm64/XMLCoder.abi.json (in target 'XMLCoder' from project 'XMLCoder')
cd /Users/admin/builder/spi-builder-workspace/.dependencies/checkouts/XMLCoder
builtin-copy -exclude .DS_Store -exclude CVS -exclude .svn -exclude .git -exclude .hg -resolve-src-symlinks -rename /Users/admin/builder/spi-builder-workspace/.derivedData/Build/Intermediates.noindex/XMLCoder.build/Debug-watchos/XMLCoder.build/Objects-normal/arm64/XMLCoder.abi.json /Users/admin/builder/spi-builder-workspace/.derivedData/Build/Products/Debug-watchos/XMLCoder.swiftmodule/arm64-apple-watchos.abi.json
SwiftCompile normal armv7k Compiling\ XMLEncoderImplementation.swift,\ XMLEncodingStorage.swift,\ XMLKeyedEncodingContainer.swift,\ XMLReferencingEncoder.swift,\ XMLUnkeyedEncodingContainer.swift /Users/admin/builder/spi-builder-workspace/.dependencies/checkouts/XMLCoder/Sources/XMLCoder/Encoder/XMLEncoderImplementation.swift /Users/admin/builder/spi-builder-workspace/.dependencies/checkouts/XMLCoder/Sources/XMLCoder/Encoder/XMLEncodingStorage.swift /Users/admin/builder/spi-builder-workspace/.dependencies/checkouts/XMLCoder/Sources/XMLCoder/Encoder/XMLKeyedEncodingContainer.swift /Users/admin/builder/spi-builder-workspace/.dependencies/checkouts/XMLCoder/Sources/XMLCoder/Encoder/XMLReferencingEncoder.swift /Users/admin/builder/spi-builder-workspace/.dependencies/checkouts/XMLCoder/Sources/XMLCoder/Encoder/XMLUnkeyedEncodingContainer.swift (in target 'XMLCoder' from project 'XMLCoder')
SwiftCompile normal armv7k /Users/admin/builder/spi-builder-workspace/.dependencies/checkouts/XMLCoder/Sources/XMLCoder/Encoder/XMLEncoderImplementation.swift (in target 'XMLCoder' from project 'XMLCoder')
cd /Users/admin/builder/spi-builder-workspace/.swiftpm/xcode
SwiftCompile normal armv7k /Users/admin/builder/spi-builder-workspace/.dependencies/checkouts/XMLCoder/Sources/XMLCoder/Encoder/XMLEncodingStorage.swift (in target 'XMLCoder' from project 'XMLCoder')
cd /Users/admin/builder/spi-builder-workspace/.swiftpm/xcode
SwiftCompile normal armv7k /Users/admin/builder/spi-builder-workspace/.dependencies/checkouts/XMLCoder/Sources/XMLCoder/Encoder/XMLKeyedEncodingContainer.swift (in target 'XMLCoder' from project 'XMLCoder')
cd /Users/admin/builder/spi-builder-workspace/.swiftpm/xcode
SwiftCompile normal armv7k /Users/admin/builder/spi-builder-workspace/.dependencies/checkouts/XMLCoder/Sources/XMLCoder/Encoder/XMLReferencingEncoder.swift (in target 'XMLCoder' from project 'XMLCoder')
cd /Users/admin/builder/spi-builder-workspace/.swiftpm/xcode
SwiftCompile normal armv7k /Users/admin/builder/spi-builder-workspace/.dependencies/checkouts/XMLCoder/Sources/XMLCoder/Encoder/XMLUnkeyedEncodingContainer.swift (in target 'XMLCoder' from project 'XMLCoder')
cd /Users/admin/builder/spi-builder-workspace/.swiftpm/xcode
SwiftCompile normal arm64 Compiling\ XMLDecoder.swift,\ XMLDecoderImplementation.swift,\ XMLDecodingStorage.swift,\ XMLKeyedDecodingContainer.swift,\ XMLUnkeyedDecodingContainer.swift /Users/admin/builder/spi-builder-workspace/.dependencies/checkouts/XMLCoder/Sources/XMLCoder/Decoder/XMLDecoder.swift /Users/admin/builder/spi-builder-workspace/.dependencies/checkouts/XMLCoder/Sources/XMLCoder/Decoder/XMLDecoderImplementation.swift /Users/admin/builder/spi-builder-workspace/.dependencies/checkouts/XMLCoder/Sources/XMLCoder/Decoder/XMLDecodingStorage.swift /Users/admin/builder/spi-builder-workspace/.dependencies/checkouts/XMLCoder/Sources/XMLCoder/Decoder/XMLKeyedDecodingContainer.swift /Users/admin/builder/spi-builder-workspace/.dependencies/checkouts/XMLCoder/Sources/XMLCoder/Decoder/XMLUnkeyedDecodingContainer.swift (in target 'XMLCoder' from project 'XMLCoder')
SwiftCompile normal arm64 /Users/admin/builder/spi-builder-workspace/.dependencies/checkouts/XMLCoder/Sources/XMLCoder/Decoder/XMLDecoder.swift (in target 'XMLCoder' from project 'XMLCoder')
cd /Users/admin/builder/spi-builder-workspace/.swiftpm/xcode
SwiftCompile normal arm64 /Users/admin/builder/spi-builder-workspace/.dependencies/checkouts/XMLCoder/Sources/XMLCoder/Decoder/XMLDecoderImplementation.swift (in target 'XMLCoder' from project 'XMLCoder')
cd /Users/admin/builder/spi-builder-workspace/.swiftpm/xcode
SwiftCompile normal arm64 /Users/admin/builder/spi-builder-workspace/.dependencies/checkouts/XMLCoder/Sources/XMLCoder/Decoder/XMLDecodingStorage.swift (in target 'XMLCoder' from project 'XMLCoder')
cd /Users/admin/builder/spi-builder-workspace/.swiftpm/xcode
SwiftCompile normal arm64 /Users/admin/builder/spi-builder-workspace/.dependencies/checkouts/XMLCoder/Sources/XMLCoder/Decoder/XMLKeyedDecodingContainer.swift (in target 'XMLCoder' from project 'XMLCoder')
cd /Users/admin/builder/spi-builder-workspace/.swiftpm/xcode
SwiftCompile normal arm64 /Users/admin/builder/spi-builder-workspace/.dependencies/checkouts/XMLCoder/Sources/XMLCoder/Decoder/XMLUnkeyedDecodingContainer.swift (in target 'XMLCoder' from project 'XMLCoder')
cd /Users/admin/builder/spi-builder-workspace/.swiftpm/xcode
SwiftCompile normal arm64_32 Compiling\ URLBox.swift,\ UnkeyedBox.swift,\ ValueBox.swift,\ Element.swift,\ ElementAndAttribute.swift /Users/admin/builder/spi-builder-workspace/.dependencies/checkouts/XMLCoder/Sources/XMLCoder/Auxiliaries/Box/URLBox.swift /Users/admin/builder/spi-builder-workspace/.dependencies/checkouts/XMLCoder/Sources/XMLCoder/Auxiliaries/Box/UnkeyedBox.swift /Users/admin/builder/spi-builder-workspace/.dependencies/checkouts/XMLCoder/Sources/XMLCoder/Auxiliaries/Box/ValueBox.swift /Users/admin/builder/spi-builder-workspace/.dependencies/checkouts/XMLCoder/Sources/XMLCoder/Auxiliaries/Element.swift /Users/admin/builder/spi-builder-workspace/.dependencies/checkouts/XMLCoder/Sources/XMLCoder/Auxiliaries/ElementAndAttribute.swift (in target 'XMLCoder' from project 'XMLCoder')
SwiftCompile normal arm64_32 /Users/admin/builder/spi-builder-workspace/.dependencies/checkouts/XMLCoder/Sources/XMLCoder/Auxiliaries/Box/URLBox.swift (in target 'XMLCoder' from project 'XMLCoder')
cd /Users/admin/builder/spi-builder-workspace/.swiftpm/xcode
SwiftCompile normal arm64_32 /Users/admin/builder/spi-builder-workspace/.dependencies/checkouts/XMLCoder/Sources/XMLCoder/Auxiliaries/Box/UnkeyedBox.swift (in target 'XMLCoder' from project 'XMLCoder')
cd /Users/admin/builder/spi-builder-workspace/.swiftpm/xcode
SwiftCompile normal arm64_32 /Users/admin/builder/spi-builder-workspace/.dependencies/checkouts/XMLCoder/Sources/XMLCoder/Auxiliaries/Box/ValueBox.swift (in target 'XMLCoder' from project 'XMLCoder')
cd /Users/admin/builder/spi-builder-workspace/.swiftpm/xcode
SwiftCompile normal arm64_32 /Users/admin/builder/spi-builder-workspace/.dependencies/checkouts/XMLCoder/Sources/XMLCoder/Auxiliaries/Element.swift (in target 'XMLCoder' from project 'XMLCoder')
cd /Users/admin/builder/spi-builder-workspace/.swiftpm/xcode
SwiftCompile normal arm64_32 /Users/admin/builder/spi-builder-workspace/.dependencies/checkouts/XMLCoder/Sources/XMLCoder/Auxiliaries/ElementAndAttribute.swift (in target 'XMLCoder' from project 'XMLCoder')
cd /Users/admin/builder/spi-builder-workspace/.swiftpm/xcode
SwiftDriverJobDiscovery normal armv7k Compiling NullBox.swift, SharedBox.swift, SingleKeyedBox.swift, StringBox.swift, UIntBox.swift (in target 'XMLCoder' from project 'XMLCoder')
SwiftDriverJobDiscovery normal arm64 Compiling XMLChoiceCodingKey.swift, XMLCoderElement.swift, XMLDocumentType.swift, XMLHeader.swift, XMLKey.swift (in target 'XMLCoder' from project 'XMLCoder')
SwiftDriver XcbeautifyLib normal arm64_32 com.apple.xcode.tools.swift.compiler (in target 'XcbeautifyLib' from project 'xcbeautify')
cd /Users/admin/builder/spi-builder-workspace/.swiftpm/xcode
builtin-SwiftDriver -- /Applications/Xcode-16.3.0.app/Contents/Developer/Toolchains/XcodeDefault.xctoolchain/usr/bin/swiftc -module-name XcbeautifyLib -Onone -enforce-exclusivity\=checked @/Users/admin/builder/spi-builder-workspace/.derivedData/Build/Intermediates.noindex/xcbeautify.build/Debug-watchos/XcbeautifyLib.build/Objects-normal/arm64_32/XcbeautifyLib.SwiftFileList -DSWIFT_PACKAGE -DDEBUG -DXcode -enable-upcoming-feature StrictConcurrency -enable-upcoming-feature InternalImportsByDefault -plugin-path /Applications/Xcode-16.3.0.app/Contents/Developer/Toolchains/XcodeDefault.xctoolchain/usr/lib/swift/host/plugins/testing -enable-experimental-feature DebugDescriptionMacro -sdk /Applications/Xcode-16.3.0.app/Contents/Developer/Platforms/WatchOS.platform/Developer/SDKs/WatchOS11.4.sdk -target arm64_32-apple-watchos5.0 -g -module-cache-path /Users/admin/builder/spi-builder-workspace/.derivedData/ModuleCache.noindex -Xfrontend -serialize-debugging-options -profile-coverage-mapping -profile-generate -enable-testing -index-store-path /Users/admin/builder/spi-builder-workspace/.derivedData/Index.noindex/DataStore -swift-version 6 -I /Users/admin/builder/spi-builder-workspace/.derivedData/Build/Products/Debug-watchos -I /Applications/Xcode-16.3.0.app/Contents/Developer/Platforms/WatchOS.platform/Developer/usr/lib -F /Users/admin/builder/spi-builder-workspace/.derivedData/Build/Products/Debug-watchos/PackageFrameworks -F /Users/admin/builder/spi-builder-workspace/.derivedData/Build/Products/Debug-watchos -F /Applications/Xcode-16.3.0.app/Contents/Developer/Platforms/WatchOS.platform/Developer/Library/Frameworks -F /Applications/Xcode-16.3.0.app/Contents/Developer/Platforms/WatchOS.platform/Developer/SDKs/WatchOS11.4.sdk/Developer/Library/Frameworks -c -j10 -enable-batch-mode -incremental -Xcc -ivfsstatcache -Xcc /Users/admin/builder/spi-builder-workspace/.derivedData/SDKStatCaches.noindex/watchos11.4-22T246-43efb940ff07ba2497b70ec94253f576.sdkstatcache -output-file-map /Users/admin/builder/spi-builder-workspace/.derivedData/Build/Intermediates.noindex/xcbeautify.build/Debug-watchos/XcbeautifyLib.build/Objects-normal/arm64_32/XcbeautifyLib-OutputFileMap.json -use-frontend-parseable-output -save-temps -no-color-diagnostics -serialize-diagnostics -emit-dependencies -emit-module -emit-module-path /Users/admin/builder/spi-builder-workspace/.derivedData/Build/Intermediates.noindex/xcbeautify.build/Debug-watchos/XcbeautifyLib.build/Objects-normal/arm64_32/XcbeautifyLib.swiftmodule -validate-clang-modules-once -clang-build-session-file /Users/admin/builder/spi-builder-workspace/.derivedData/ModuleCache.noindex/Session.modulevalidation -package-name spi_builder_workspace -Xcc -I/Users/admin/builder/spi-builder-workspace/.derivedData/Build/Intermediates.noindex/xcbeautify.build/Debug-watchos/XcbeautifyLib.build/swift-overrides.hmap -emit-const-values -Xfrontend -const-gather-protocols-file -Xfrontend /Users/admin/builder/spi-builder-workspace/.derivedData/Build/Intermediates.noindex/xcbeautify.build/Debug-watchos/XcbeautifyLib.build/Objects-normal/arm64_32/XcbeautifyLib_const_extract_protocols.json -Xcc -I/Users/admin/builder/spi-builder-workspace/.derivedData/Build/Products/Debug-watchos/include -Xcc -I/Users/admin/builder/spi-builder-workspace/.derivedData/Build/Intermediates.noindex/xcbeautify.build/Debug-watchos/XcbeautifyLib.build/DerivedSources-normal/arm64_32 -Xcc -I/Users/admin/builder/spi-builder-workspace/.derivedData/Build/Intermediates.noindex/xcbeautify.build/Debug-watchos/XcbeautifyLib.build/DerivedSources/arm64_32 -Xcc -I/Users/admin/builder/spi-builder-workspace/.derivedData/Build/Intermediates.noindex/xcbeautify.build/Debug-watchos/XcbeautifyLib.build/DerivedSources -Xcc -DSWIFT_PACKAGE -Xcc -DDEBUG\=1 -emit-objc-header -emit-objc-header-path /Users/admin/builder/spi-builder-workspace/.derivedData/Build/Intermediates.noindex/xcbeautify.build/Debug-watchos/XcbeautifyLib.build/Objects-normal/arm64_32/XcbeautifyLib-Swift.h -working-directory /Users/admin/builder/spi-builder-workspace/.swiftpm/xcode -experimental-emit-module-separately -disable-cmo
SwiftDriverJobDiscovery normal arm64 Compiling XMLStackParser.swift, DecodingErrorExtension.swift, DynamicNodeDecoding.swift, SingleValueDecodingContainer.swift, XMLChoiceDecodingContainer.swift (in target 'XMLCoder' from project 'XMLCoder')
SwiftDriver XcbeautifyLib normal arm64 com.apple.xcode.tools.swift.compiler (in target 'XcbeautifyLib' from project 'xcbeautify')
cd /Users/admin/builder/spi-builder-workspace/.swiftpm/xcode
builtin-SwiftDriver -- /Applications/Xcode-16.3.0.app/Contents/Developer/Toolchains/XcodeDefault.xctoolchain/usr/bin/swiftc -module-name XcbeautifyLib -Onone -enforce-exclusivity\=checked @/Users/admin/builder/spi-builder-workspace/.derivedData/Build/Intermediates.noindex/xcbeautify.build/Debug-watchos/XcbeautifyLib.build/Objects-normal/arm64/XcbeautifyLib.SwiftFileList -DSWIFT_PACKAGE -DDEBUG -DXcode -enable-upcoming-feature StrictConcurrency -enable-upcoming-feature InternalImportsByDefault -plugin-path /Applications/Xcode-16.3.0.app/Contents/Developer/Toolchains/XcodeDefault.xctoolchain/usr/lib/swift/host/plugins/testing -enable-experimental-feature DebugDescriptionMacro -sdk /Applications/Xcode-16.3.0.app/Contents/Developer/Platforms/WatchOS.platform/Developer/SDKs/WatchOS11.4.sdk -target arm64-apple-watchos5.0 -g -module-cache-path /Users/admin/builder/spi-builder-workspace/.derivedData/ModuleCache.noindex -Xfrontend -serialize-debugging-options -profile-coverage-mapping -profile-generate -enable-testing -index-store-path /Users/admin/builder/spi-builder-workspace/.derivedData/Index.noindex/DataStore -swift-version 6 -I /Users/admin/builder/spi-builder-workspace/.derivedData/Build/Products/Debug-watchos -I /Applications/Xcode-16.3.0.app/Contents/Developer/Platforms/WatchOS.platform/Developer/usr/lib -F /Users/admin/builder/spi-builder-workspace/.derivedData/Build/Products/Debug-watchos/PackageFrameworks -F /Users/admin/builder/spi-builder-workspace/.derivedData/Build/Products/Debug-watchos -F /Applications/Xcode-16.3.0.app/Contents/Developer/Platforms/WatchOS.platform/Developer/Library/Frameworks -F /Applications/Xcode-16.3.0.app/Contents/Developer/Platforms/WatchOS.platform/Developer/SDKs/WatchOS11.4.sdk/Developer/Library/Frameworks -c -j10 -enable-batch-mode -incremental -Xcc -ivfsstatcache -Xcc /Users/admin/builder/spi-builder-workspace/.derivedData/SDKStatCaches.noindex/watchos11.4-22T246-43efb940ff07ba2497b70ec94253f576.sdkstatcache -output-file-map /Users/admin/builder/spi-builder-workspace/.derivedData/Build/Intermediates.noindex/xcbeautify.build/Debug-watchos/XcbeautifyLib.build/Objects-normal/arm64/XcbeautifyLib-OutputFileMap.json -use-frontend-parseable-output -save-temps -no-color-diagnostics -serialize-diagnostics -emit-dependencies -emit-module -emit-module-path /Users/admin/builder/spi-builder-workspace/.derivedData/Build/Intermediates.noindex/xcbeautify.build/Debug-watchos/XcbeautifyLib.build/Objects-normal/arm64/XcbeautifyLib.swiftmodule -validate-clang-modules-once -clang-build-session-file /Users/admin/builder/spi-builder-workspace/.derivedData/ModuleCache.noindex/Session.modulevalidation -package-name spi_builder_workspace -Xcc -I/Users/admin/builder/spi-builder-workspace/.derivedData/Build/Intermediates.noindex/xcbeautify.build/Debug-watchos/XcbeautifyLib.build/swift-overrides.hmap -emit-const-values -Xfrontend -const-gather-protocols-file -Xfrontend /Users/admin/builder/spi-builder-workspace/.derivedData/Build/Intermediates.noindex/xcbeautify.build/Debug-watchos/XcbeautifyLib.build/Objects-normal/arm64/XcbeautifyLib_const_extract_protocols.json -Xcc -I/Users/admin/builder/spi-builder-workspace/.derivedData/Build/Products/Debug-watchos/include -Xcc -I/Users/admin/builder/spi-builder-workspace/.derivedData/Build/Intermediates.noindex/xcbeautify.build/Debug-watchos/XcbeautifyLib.build/DerivedSources-normal/arm64 -Xcc -I/Users/admin/builder/spi-builder-workspace/.derivedData/Build/Intermediates.noindex/xcbeautify.build/Debug-watchos/XcbeautifyLib.build/DerivedSources/arm64 -Xcc -I/Users/admin/builder/spi-builder-workspace/.derivedData/Build/Intermediates.noindex/xcbeautify.build/Debug-watchos/XcbeautifyLib.build/DerivedSources -Xcc -DSWIFT_PACKAGE -Xcc -DDEBUG\=1 -emit-objc-header -emit-objc-header-path /Users/admin/builder/spi-builder-workspace/.derivedData/Build/Intermediates.noindex/xcbeautify.build/Debug-watchos/XcbeautifyLib.build/Objects-normal/arm64/XcbeautifyLib-Swift.h -working-directory /Users/admin/builder/spi-builder-workspace/.swiftpm/xcode -experimental-emit-module-separately -disable-cmo
SwiftEmitModule normal arm64_32 Emitting\ module\ for\ XcbeautifyLib (in target 'XcbeautifyLib' from project 'xcbeautify')
EmitSwiftModule normal arm64_32 (in target 'XcbeautifyLib' from project 'xcbeautify')
cd /Users/admin/builder/spi-builder-workspace/.swiftpm/xcode
SwiftEmitModule normal arm64 Emitting\ module\ for\ XcbeautifyLib (in target 'XcbeautifyLib' from project 'xcbeautify')
EmitSwiftModule normal arm64 (in target 'XcbeautifyLib' from project 'xcbeautify')
cd /Users/admin/builder/spi-builder-workspace/.swiftpm/xcode
SwiftDriverJobDiscovery normal armv7k Compiling XMLChoiceCodingKey.swift, XMLCoderElement.swift, XMLDocumentType.swift, XMLHeader.swift, XMLKey.swift (in target 'XMLCoder' from project 'XMLCoder')
SwiftDriver XcbeautifyLib normal armv7k com.apple.xcode.tools.swift.compiler (in target 'XcbeautifyLib' from project 'xcbeautify')
cd /Users/admin/builder/spi-builder-workspace/.swiftpm/xcode
builtin-SwiftDriver -- /Applications/Xcode-16.3.0.app/Contents/Developer/Toolchains/XcodeDefault.xctoolchain/usr/bin/swiftc -module-name XcbeautifyLib -Onone -enforce-exclusivity\=checked @/Users/admin/builder/spi-builder-workspace/.derivedData/Build/Intermediates.noindex/xcbeautify.build/Debug-watchos/XcbeautifyLib.build/Objects-normal/armv7k/XcbeautifyLib.SwiftFileList -DSWIFT_PACKAGE -DDEBUG -DXcode -enable-upcoming-feature StrictConcurrency -enable-upcoming-feature InternalImportsByDefault -plugin-path /Applications/Xcode-16.3.0.app/Contents/Developer/Toolchains/XcodeDefault.xctoolchain/usr/lib/swift/host/plugins/testing -enable-experimental-feature DebugDescriptionMacro -sdk /Applications/Xcode-16.3.0.app/Contents/Developer/Platforms/WatchOS.platform/Developer/SDKs/WatchOS11.4.sdk -target armv7k-apple-watchos5.0 -g -module-cache-path /Users/admin/builder/spi-builder-workspace/.derivedData/ModuleCache.noindex -Xfrontend -serialize-debugging-options -profile-coverage-mapping -profile-generate -enable-testing -index-store-path /Users/admin/builder/spi-builder-workspace/.derivedData/Index.noindex/DataStore -swift-version 6 -I /Users/admin/builder/spi-builder-workspace/.derivedData/Build/Products/Debug-watchos -I /Applications/Xcode-16.3.0.app/Contents/Developer/Platforms/WatchOS.platform/Developer/usr/lib -F /Users/admin/builder/spi-builder-workspace/.derivedData/Build/Products/Debug-watchos/PackageFrameworks -F /Users/admin/builder/spi-builder-workspace/.derivedData/Build/Products/Debug-watchos -F /Applications/Xcode-16.3.0.app/Contents/Developer/Platforms/WatchOS.platform/Developer/Library/Frameworks -F /Applications/Xcode-16.3.0.app/Contents/Developer/Platforms/WatchOS.platform/Developer/SDKs/WatchOS11.4.sdk/Developer/Library/Frameworks -c -j10 -enable-batch-mode -incremental -Xcc -ivfsstatcache -Xcc /Users/admin/builder/spi-builder-workspace/.derivedData/SDKStatCaches.noindex/watchos11.4-22T246-43efb940ff07ba2497b70ec94253f576.sdkstatcache -output-file-map /Users/admin/builder/spi-builder-workspace/.derivedData/Build/Intermediates.noindex/xcbeautify.build/Debug-watchos/XcbeautifyLib.build/Objects-normal/armv7k/XcbeautifyLib-OutputFileMap.json -use-frontend-parseable-output -save-temps -no-color-diagnostics -serialize-diagnostics -emit-dependencies -emit-module -emit-module-path /Users/admin/builder/spi-builder-workspace/.derivedData/Build/Intermediates.noindex/xcbeautify.build/Debug-watchos/XcbeautifyLib.build/Objects-normal/armv7k/XcbeautifyLib.swiftmodule -validate-clang-modules-once -clang-build-session-file /Users/admin/builder/spi-builder-workspace/.derivedData/ModuleCache.noindex/Session.modulevalidation -package-name spi_builder_workspace -Xcc -I/Users/admin/builder/spi-builder-workspace/.derivedData/Build/Intermediates.noindex/xcbeautify.build/Debug-watchos/XcbeautifyLib.build/swift-overrides.hmap -emit-const-values -Xfrontend -const-gather-protocols-file -Xfrontend /Users/admin/builder/spi-builder-workspace/.derivedData/Build/Intermediates.noindex/xcbeautify.build/Debug-watchos/XcbeautifyLib.build/Objects-normal/armv7k/XcbeautifyLib_const_extract_protocols.json -Xcc -I/Users/admin/builder/spi-builder-workspace/.derivedData/Build/Products/Debug-watchos/include -Xcc -I/Users/admin/builder/spi-builder-workspace/.derivedData/Build/Intermediates.noindex/xcbeautify.build/Debug-watchos/XcbeautifyLib.build/DerivedSources-normal/armv7k -Xcc -I/Users/admin/builder/spi-builder-workspace/.derivedData/Build/Intermediates.noindex/xcbeautify.build/Debug-watchos/XcbeautifyLib.build/DerivedSources/armv7k -Xcc -I/Users/admin/builder/spi-builder-workspace/.derivedData/Build/Intermediates.noindex/xcbeautify.build/Debug-watchos/XcbeautifyLib.build/DerivedSources -Xcc -DSWIFT_PACKAGE -Xcc -DDEBUG\=1 -emit-objc-header -emit-objc-header-path /Users/admin/builder/spi-builder-workspace/.derivedData/Build/Intermediates.noindex/xcbeautify.build/Debug-watchos/XcbeautifyLib.build/Objects-normal/armv7k/XcbeautifyLib-Swift.h -working-directory /Users/admin/builder/spi-builder-workspace/.swiftpm/xcode -experimental-emit-module-separately -disable-cmo
SwiftDriverJobDiscovery normal arm64 Compiling DecimalBox.swift, DoubleBox.swift, FloatBox.swift, IntBox.swift, KeyedBox.swift (in target 'XMLCoder' from project 'XMLCoder')
SwiftCompile normal arm64_32 Compiling\ JUnitReporter.swift,\ OutputHandler.swift /Users/admin/builder/spi-builder-workspace/Sources/XcbeautifyLib/JUnitReporter.swift /Users/admin/builder/spi-builder-workspace/Sources/XcbeautifyLib/OutputHandler.swift (in target 'XcbeautifyLib' from project 'xcbeautify')
SwiftCompile normal arm64_32 /Users/admin/builder/spi-builder-workspace/Sources/XcbeautifyLib/JUnitReporter.swift (in target 'XcbeautifyLib' from project 'xcbeautify')
cd /Users/admin/builder/spi-builder-workspace/.swiftpm/xcode
SwiftCompile normal arm64_32 /Users/admin/builder/spi-builder-workspace/Sources/XcbeautifyLib/OutputHandler.swift (in target 'XcbeautifyLib' from project 'xcbeautify')
cd /Users/admin/builder/spi-builder-workspace/.swiftpm/xcode
SwiftDriverJobDiscovery normal arm64 Compiling DynamicNodeEncoding.swift, EncodingErrorExtension.swift, SingleValueEncodingContainer.swift, XMLChoiceEncodingContainer.swift, XMLEncoder.swift (in target 'XMLCoder' from project 'XMLCoder')
SwiftCompile normal arm64 Compiling\ Array+Safe.swift,\ CaptureGroups.swift /Users/admin/builder/spi-builder-workspace/Sources/XcbeautifyLib/Array+Safe.swift /Users/admin/builder/spi-builder-workspace/Sources/XcbeautifyLib/CaptureGroups.swift (in target 'XcbeautifyLib' from project 'xcbeautify')
SwiftCompile normal arm64 /Users/admin/builder/spi-builder-workspace/Sources/XcbeautifyLib/Array+Safe.swift (in target 'XcbeautifyLib' from project 'xcbeautify')
cd /Users/admin/builder/spi-builder-workspace/.swiftpm/xcode
SwiftCompile normal arm64 /Users/admin/builder/spi-builder-workspace/Sources/XcbeautifyLib/CaptureGroups.swift (in target 'XcbeautifyLib' from project 'xcbeautify')
cd /Users/admin/builder/spi-builder-workspace/.swiftpm/xcode
SwiftEmitModule normal armv7k Emitting\ module\ for\ XcbeautifyLib (in target 'XcbeautifyLib' from project 'xcbeautify')
EmitSwiftModule normal armv7k (in target 'XcbeautifyLib' from project 'xcbeautify')
cd /Users/admin/builder/spi-builder-workspace/.swiftpm/xcode
SwiftDriverJobDiscovery normal armv7k Compiling XMLStackParser.swift, DecodingErrorExtension.swift, DynamicNodeDecoding.swift, SingleValueDecodingContainer.swift, XMLChoiceDecodingContainer.swift (in target 'XMLCoder' from project 'XMLCoder')
SwiftCompile normal armv7k Compiling\ JUnitReporter.swift,\ OutputHandler.swift /Users/admin/builder/spi-builder-workspace/Sources/XcbeautifyLib/JUnitReporter.swift /Users/admin/builder/spi-builder-workspace/Sources/XcbeautifyLib/OutputHandler.swift (in target 'XcbeautifyLib' from project 'xcbeautify')
SwiftCompile normal armv7k /Users/admin/builder/spi-builder-workspace/Sources/XcbeautifyLib/JUnitReporter.swift (in target 'XcbeautifyLib' from project 'xcbeautify')
cd /Users/admin/builder/spi-builder-workspace/.swiftpm/xcode
SwiftCompile normal armv7k /Users/admin/builder/spi-builder-workspace/Sources/XcbeautifyLib/OutputHandler.swift (in target 'XcbeautifyLib' from project 'xcbeautify')
cd /Users/admin/builder/spi-builder-workspace/.swiftpm/xcode
SwiftDriverJobDiscovery normal arm64_32 Compiling URLBox.swift, UnkeyedBox.swift, ValueBox.swift, Element.swift, ElementAndAttribute.swift (in target 'XMLCoder' from project 'XMLCoder')
SwiftCompile normal arm64 Compiling\ Parser.swift,\ FileComponents.swift /Users/admin/builder/spi-builder-workspace/Sources/XcbeautifyLib/Parser.swift /Users/admin/builder/spi-builder-workspace/Sources/XcbeautifyLib/Renderers/FileComponents.swift (in target 'XcbeautifyLib' from project 'xcbeautify')
SwiftCompile normal arm64 /Users/admin/builder/spi-builder-workspace/Sources/XcbeautifyLib/Parser.swift (in target 'XcbeautifyLib' from project 'xcbeautify')
cd /Users/admin/builder/spi-builder-workspace/.swiftpm/xcode
SwiftCompile normal arm64 /Users/admin/builder/spi-builder-workspace/Sources/XcbeautifyLib/Renderers/FileComponents.swift (in target 'XcbeautifyLib' from project 'xcbeautify')
cd /Users/admin/builder/spi-builder-workspace/.swiftpm/xcode
SwiftDriverJobDiscovery normal arm64_32 Compiling XMLDecoder.swift, XMLDecoderImplementation.swift, XMLDecodingStorage.swift, XMLKeyedDecodingContainer.swift, XMLUnkeyedDecodingContainer.swift (in target 'XMLCoder' from project 'XMLCoder')
SwiftCompile normal arm64_32 Compiling\ XCBeautifier.swift /Users/admin/builder/spi-builder-workspace/Sources/XcbeautifyLib/XCBeautifier.swift (in target 'XcbeautifyLib' from project 'xcbeautify')
SwiftCompile normal arm64_32 /Users/admin/builder/spi-builder-workspace/Sources/XcbeautifyLib/XCBeautifier.swift (in target 'XcbeautifyLib' from project 'xcbeautify')
cd /Users/admin/builder/spi-builder-workspace/.swiftpm/xcode
SwiftDriverJobDiscovery normal arm64 Compiling XMLEncoderImplementation.swift, XMLEncodingStorage.swift, XMLKeyedEncodingContainer.swift, XMLReferencingEncoder.swift, XMLUnkeyedEncodingContainer.swift (in target 'XMLCoder' from project 'XMLCoder')
SwiftCompile normal arm64 Compiling\ String+Colored.swift,\ String+Substring.swift /Users/admin/builder/spi-builder-workspace/Sources/XcbeautifyLib/String+Colored.swift /Users/admin/builder/spi-builder-workspace/Sources/XcbeautifyLib/String+Substring.swift (in target 'XcbeautifyLib' from project 'xcbeautify')
SwiftCompile normal arm64 /Users/admin/builder/spi-builder-workspace/Sources/XcbeautifyLib/String+Colored.swift (in target 'XcbeautifyLib' from project 'xcbeautify')
cd /Users/admin/builder/spi-builder-workspace/.swiftpm/xcode
SwiftCompile normal arm64 /Users/admin/builder/spi-builder-workspace/Sources/XcbeautifyLib/String+Substring.swift (in target 'XcbeautifyLib' from project 'xcbeautify')
cd /Users/admin/builder/spi-builder-workspace/.swiftpm/xcode
SwiftDriverJobDiscovery normal armv7k Compiling XMLEncoderImplementation.swift, XMLEncodingStorage.swift, XMLKeyedEncodingContainer.swift, XMLReferencingEncoder.swift, XMLUnkeyedEncodingContainer.swift (in target 'XMLCoder' from project 'XMLCoder')
SwiftCompile normal armv7k Compiling\ XCRegex.swift /Users/admin/builder/spi-builder-workspace/Sources/XcbeautifyLib/XCRegex.swift (in target 'XcbeautifyLib' from project 'xcbeautify')
SwiftCompile normal armv7k /Users/admin/builder/spi-builder-workspace/Sources/XcbeautifyLib/XCRegex.swift (in target 'XcbeautifyLib' from project 'xcbeautify')
cd /Users/admin/builder/spi-builder-workspace/.swiftpm/xcode
SwiftDriverJobDiscovery normal armv7k Emitting module for XcbeautifyLib (in target 'XcbeautifyLib' from project 'xcbeautify')
SwiftDriver\ Compilation\ Requirements XcbeautifyLib normal armv7k com.apple.xcode.tools.swift.compiler (in target 'XcbeautifyLib' from project 'xcbeautify')
cd /Users/admin/builder/spi-builder-workspace/.swiftpm/xcode
builtin-Swift-Compilation-Requirements -- /Applications/Xcode-16.3.0.app/Contents/Developer/Toolchains/XcodeDefault.xctoolchain/usr/bin/swiftc -module-name XcbeautifyLib -Onone -enforce-exclusivity\=checked @/Users/admin/builder/spi-builder-workspace/.derivedData/Build/Intermediates.noindex/xcbeautify.build/Debug-watchos/XcbeautifyLib.build/Objects-normal/armv7k/XcbeautifyLib.SwiftFileList -DSWIFT_PACKAGE -DDEBUG -DXcode -enable-upcoming-feature StrictConcurrency -enable-upcoming-feature InternalImportsByDefault -plugin-path /Applications/Xcode-16.3.0.app/Contents/Developer/Toolchains/XcodeDefault.xctoolchain/usr/lib/swift/host/plugins/testing -enable-experimental-feature DebugDescriptionMacro -sdk /Applications/Xcode-16.3.0.app/Contents/Developer/Platforms/WatchOS.platform/Developer/SDKs/WatchOS11.4.sdk -target armv7k-apple-watchos5.0 -g -module-cache-path /Users/admin/builder/spi-builder-workspace/.derivedData/ModuleCache.noindex -Xfrontend -serialize-debugging-options -profile-coverage-mapping -profile-generate -enable-testing -index-store-path /Users/admin/builder/spi-builder-workspace/.derivedData/Index.noindex/DataStore -swift-version 6 -I /Users/admin/builder/spi-builder-workspace/.derivedData/Build/Products/Debug-watchos -I /Applications/Xcode-16.3.0.app/Contents/Developer/Platforms/WatchOS.platform/Developer/usr/lib -F /Users/admin/builder/spi-builder-workspace/.derivedData/Build/Products/Debug-watchos/PackageFrameworks -F /Users/admin/builder/spi-builder-workspace/.derivedData/Build/Products/Debug-watchos -F /Applications/Xcode-16.3.0.app/Contents/Developer/Platforms/WatchOS.platform/Developer/Library/Frameworks -F /Applications/Xcode-16.3.0.app/Contents/Developer/Platforms/WatchOS.platform/Developer/SDKs/WatchOS11.4.sdk/Developer/Library/Frameworks -c -j10 -enable-batch-mode -incremental -Xcc -ivfsstatcache -Xcc /Users/admin/builder/spi-builder-workspace/.derivedData/SDKStatCaches.noindex/watchos11.4-22T246-43efb940ff07ba2497b70ec94253f576.sdkstatcache -output-file-map /Users/admin/builder/spi-builder-workspace/.derivedData/Build/Intermediates.noindex/xcbeautify.build/Debug-watchos/XcbeautifyLib.build/Objects-normal/armv7k/XcbeautifyLib-OutputFileMap.json -use-frontend-parseable-output -save-temps -no-color-diagnostics -serialize-diagnostics -emit-dependencies -emit-module -emit-module-path /Users/admin/builder/spi-builder-workspace/.derivedData/Build/Intermediates.noindex/xcbeautify.build/Debug-watchos/XcbeautifyLib.build/Objects-normal/armv7k/XcbeautifyLib.swiftmodule -validate-clang-modules-once -clang-build-session-file /Users/admin/builder/spi-builder-workspace/.derivedData/ModuleCache.noindex/Session.modulevalidation -package-name spi_builder_workspace -Xcc -I/Users/admin/builder/spi-builder-workspace/.derivedData/Build/Intermediates.noindex/xcbeautify.build/Debug-watchos/XcbeautifyLib.build/swift-overrides.hmap -emit-const-values -Xfrontend -const-gather-protocols-file -Xfrontend /Users/admin/builder/spi-builder-workspace/.derivedData/Build/Intermediates.noindex/xcbeautify.build/Debug-watchos/XcbeautifyLib.build/Objects-normal/armv7k/XcbeautifyLib_const_extract_protocols.json -Xcc -I/Users/admin/builder/spi-builder-workspace/.derivedData/Build/Products/Debug-watchos/include -Xcc -I/Users/admin/builder/spi-builder-workspace/.derivedData/Build/Intermediates.noindex/xcbeautify.build/Debug-watchos/XcbeautifyLib.build/DerivedSources-normal/armv7k -Xcc -I/Users/admin/builder/spi-builder-workspace/.derivedData/Build/Intermediates.noindex/xcbeautify.build/Debug-watchos/XcbeautifyLib.build/DerivedSources/armv7k -Xcc -I/Users/admin/builder/spi-builder-workspace/.derivedData/Build/Intermediates.noindex/xcbeautify.build/Debug-watchos/XcbeautifyLib.build/DerivedSources -Xcc -DSWIFT_PACKAGE -Xcc -DDEBUG\=1 -emit-objc-header -emit-objc-header-path /Users/admin/builder/spi-builder-workspace/.derivedData/Build/Intermediates.noindex/xcbeautify.build/Debug-watchos/XcbeautifyLib.build/Objects-normal/armv7k/XcbeautifyLib-Swift.h -working-directory /Users/admin/builder/spi-builder-workspace/.swiftpm/xcode -experimental-emit-module-separately -disable-cmo
SwiftDriverJobDiscovery normal armv7k Compiling JUnitReporter.swift, OutputHandler.swift (in target 'XcbeautifyLib' from project 'xcbeautify')
SwiftCompile normal arm64_32 Compiling\ Constants.swift,\ Formatter.swift /Users/admin/builder/spi-builder-workspace/Sources/XcbeautifyLib/Constants.swift /Users/admin/builder/spi-builder-workspace/Sources/XcbeautifyLib/Formatter.swift (in target 'XcbeautifyLib' from project 'xcbeautify')
SwiftCompile normal arm64_32 /Users/admin/builder/spi-builder-workspace/Sources/XcbeautifyLib/Constants.swift (in target 'XcbeautifyLib' from project 'xcbeautify')
cd /Users/admin/builder/spi-builder-workspace/.swiftpm/xcode
SwiftCompile normal arm64_32 /Users/admin/builder/spi-builder-workspace/Sources/XcbeautifyLib/Formatter.swift (in target 'XcbeautifyLib' from project 'xcbeautify')
cd /Users/admin/builder/spi-builder-workspace/.swiftpm/xcode
SwiftDriverJobDiscovery normal arm64_32 Compiling XCBeautifier.swift (in target 'XcbeautifyLib' from project 'xcbeautify')
Copy /Users/admin/builder/spi-builder-workspace/.derivedData/Build/Products/Debug-watchos/XcbeautifyLib.swiftmodule/armv7k-apple-watchos.swiftmodule /Users/admin/builder/spi-builder-workspace/.derivedData/Build/Intermediates.noindex/xcbeautify.build/Debug-watchos/XcbeautifyLib.build/Objects-normal/armv7k/XcbeautifyLib.swiftmodule (in target 'XcbeautifyLib' from project 'xcbeautify')
cd /Users/admin/builder/spi-builder-workspace
builtin-copy -exclude .DS_Store -exclude CVS -exclude .svn -exclude .git -exclude .hg -resolve-src-symlinks -rename /Users/admin/builder/spi-builder-workspace/.derivedData/Build/Intermediates.noindex/xcbeautify.build/Debug-watchos/XcbeautifyLib.build/Objects-normal/armv7k/XcbeautifyLib.swiftmodule /Users/admin/builder/spi-builder-workspace/.derivedData/Build/Products/Debug-watchos/XcbeautifyLib.swiftmodule/armv7k-apple-watchos.swiftmodule
Copy /Users/admin/builder/spi-builder-workspace/.derivedData/Build/Products/Debug-watchos/XcbeautifyLib.swiftmodule/armv7k-apple-watchos.swiftdoc /Users/admin/builder/spi-builder-workspace/.derivedData/Build/Intermediates.noindex/xcbeautify.build/Debug-watchos/XcbeautifyLib.build/Objects-normal/armv7k/XcbeautifyLib.swiftdoc (in target 'XcbeautifyLib' from project 'xcbeautify')
cd /Users/admin/builder/spi-builder-workspace
builtin-copy -exclude .DS_Store -exclude CVS -exclude .svn -exclude .git -exclude .hg -resolve-src-symlinks -rename /Users/admin/builder/spi-builder-workspace/.derivedData/Build/Intermediates.noindex/xcbeautify.build/Debug-watchos/XcbeautifyLib.build/Objects-normal/armv7k/XcbeautifyLib.swiftdoc /Users/admin/builder/spi-builder-workspace/.derivedData/Build/Products/Debug-watchos/XcbeautifyLib.swiftmodule/armv7k-apple-watchos.swiftdoc
Copy /Users/admin/builder/spi-builder-workspace/.derivedData/Build/Products/Debug-watchos/XcbeautifyLib.swiftmodule/armv7k-apple-watchos.abi.json /Users/admin/builder/spi-builder-workspace/.derivedData/Build/Intermediates.noindex/xcbeautify.build/Debug-watchos/XcbeautifyLib.build/Objects-normal/armv7k/XcbeautifyLib.abi.json (in target 'XcbeautifyLib' from project 'xcbeautify')
cd /Users/admin/builder/spi-builder-workspace
builtin-copy -exclude .DS_Store -exclude CVS -exclude .svn -exclude .git -exclude .hg -resolve-src-symlinks -rename /Users/admin/builder/spi-builder-workspace/.derivedData/Build/Intermediates.noindex/xcbeautify.build/Debug-watchos/XcbeautifyLib.build/Objects-normal/armv7k/XcbeautifyLib.abi.json /Users/admin/builder/spi-builder-workspace/.derivedData/Build/Products/Debug-watchos/XcbeautifyLib.swiftmodule/armv7k-apple-watchos.abi.json
Copy /Users/admin/builder/spi-builder-workspace/.derivedData/Build/Products/Debug-watchos/XcbeautifyLib.swiftmodule/Project/armv7k-apple-watchos.swiftsourceinfo /Users/admin/builder/spi-builder-workspace/.derivedData/Build/Intermediates.noindex/xcbeautify.build/Debug-watchos/XcbeautifyLib.build/Objects-normal/armv7k/XcbeautifyLib.swiftsourceinfo (in target 'XcbeautifyLib' from project 'xcbeautify')
cd /Users/admin/builder/spi-builder-workspace
builtin-copy -exclude .DS_Store -exclude CVS -exclude .svn -exclude .git -exclude .hg -resolve-src-symlinks -rename /Users/admin/builder/spi-builder-workspace/.derivedData/Build/Intermediates.noindex/xcbeautify.build/Debug-watchos/XcbeautifyLib.build/Objects-normal/armv7k/XcbeautifyLib.swiftsourceinfo /Users/admin/builder/spi-builder-workspace/.derivedData/Build/Products/Debug-watchos/XcbeautifyLib.swiftmodule/Project/armv7k-apple-watchos.swiftsourceinfo
SwiftCompile normal arm64 Compiling\ JUnitReporter.swift,\ OutputHandler.swift /Users/admin/builder/spi-builder-workspace/Sources/XcbeautifyLib/JUnitReporter.swift /Users/admin/builder/spi-builder-workspace/Sources/XcbeautifyLib/OutputHandler.swift (in target 'XcbeautifyLib' from project 'xcbeautify')
SwiftCompile normal arm64 /Users/admin/builder/spi-builder-workspace/Sources/XcbeautifyLib/JUnitReporter.swift (in target 'XcbeautifyLib' from project 'xcbeautify')
cd /Users/admin/builder/spi-builder-workspace/.swiftpm/xcode
SwiftCompile normal arm64 /Users/admin/builder/spi-builder-workspace/Sources/XcbeautifyLib/OutputHandler.swift (in target 'XcbeautifyLib' from project 'xcbeautify')
cd /Users/admin/builder/spi-builder-workspace/.swiftpm/xcode
SwiftCompile normal armv7k Compiling\ String+Colored.swift,\ String+Substring.swift /Users/admin/builder/spi-builder-workspace/Sources/XcbeautifyLib/String+Colored.swift /Users/admin/builder/spi-builder-workspace/Sources/XcbeautifyLib/String+Substring.swift (in target 'XcbeautifyLib' from project 'xcbeautify')
SwiftCompile normal armv7k /Users/admin/builder/spi-builder-workspace/Sources/XcbeautifyLib/String+Colored.swift (in target 'XcbeautifyLib' from project 'xcbeautify')
cd /Users/admin/builder/spi-builder-workspace/.swiftpm/xcode
SwiftCompile normal armv7k /Users/admin/builder/spi-builder-workspace/Sources/XcbeautifyLib/String+Substring.swift (in target 'XcbeautifyLib' from project 'xcbeautify')
cd /Users/admin/builder/spi-builder-workspace/.swiftpm/xcode
SwiftDriverJobDiscovery normal arm64 Compiling Parser.swift, FileComponents.swift (in target 'XcbeautifyLib' from project 'xcbeautify')
SwiftCompile normal arm64_32 Compiling\ MicrosoftOutputRendering.swift,\ OutputRendering.swift /Users/admin/builder/spi-builder-workspace/Sources/XcbeautifyLib/Renderers/Microsoft/MicrosoftOutputRendering.swift /Users/admin/builder/spi-builder-workspace/Sources/XcbeautifyLib/Renderers/OutputRendering.swift (in target 'XcbeautifyLib' from project 'xcbeautify')
Failed frontend command:
/Applications/Xcode-16.3.0.app/Contents/Developer/Toolchains/XcodeDefault.xctoolchain/usr/bin/swift-frontend -frontend -c /Users/admin/builder/spi-builder-workspace/Sources/XcbeautifyLib/Array+Safe.swift /Users/admin/builder/spi-builder-workspace/Sources/XcbeautifyLib/CaptureGroups.swift /Users/admin/builder/spi-builder-workspace/Sources/XcbeautifyLib/Constants.swift /Users/admin/builder/spi-builder-workspace/Sources/XcbeautifyLib/Formatter.swift /Users/admin/builder/spi-builder-workspace/Sources/XcbeautifyLib/JUnitReporter.swift /Users/admin/builder/spi-builder-workspace/Sources/XcbeautifyLib/OutputHandler.swift /Users/admin/builder/spi-builder-workspace/Sources/XcbeautifyLib/Parser.swift /Users/admin/builder/spi-builder-workspace/Sources/XcbeautifyLib/Renderers/FileComponents.swift /Users/admin/builder/spi-builder-workspace/Sources/XcbeautifyLib/Renderers/Microsoft/AzureDevOpsPipelinesRenderer.swift /Users/admin/builder/spi-builder-workspace/Sources/XcbeautifyLib/Renderers/Microsoft/GitHubActionsRenderer.swift -primary-file /Users/admin/builder/spi-builder-workspace/Sources/XcbeautifyLib/Renderers/Microsoft/MicrosoftOutputRendering.swift -primary-file /Users/admin/builder/spi-builder-workspace/Sources/XcbeautifyLib/Renderers/OutputRendering.swift /Users/admin/builder/spi-builder-workspace/Sources/XcbeautifyLib/Renderers/TeamCityRenderer.swift /Users/admin/builder/spi-builder-workspace/Sources/XcbeautifyLib/Renderers/TerminalRenderer.swift /Users/admin/builder/spi-builder-workspace/Sources/XcbeautifyLib/String+Colored.swift /Users/admin/builder/spi-builder-workspace/Sources/XcbeautifyLib/String+Substring.swift /Users/admin/builder/spi-builder-workspace/Sources/XcbeautifyLib/XCBeautifier.swift /Users/admin/builder/spi-builder-workspace/Sources/XcbeautifyLib/XCRegex.swift -emit-dependencies-path /Users/admin/builder/spi-builder-workspace/.derivedData/Build/Intermediates.noindex/xcbeautify.build/Debug-watchos/XcbeautifyLib.build/Objects-normal/arm64_32/MicrosoftOutputRendering.d -emit-const-values-path /Users/admin/builder/spi-builder-workspace/.derivedData/Build/Intermediates.noindex/xcbeautify.build/Debug-watchos/XcbeautifyLib.build/Objects-normal/arm64_32/MicrosoftOutputRendering.swiftconstvalues -emit-reference-dependencies-path /Users/admin/builder/spi-builder-workspace/.derivedData/Build/Intermediates.noindex/xcbeautify.build/Debug-watchos/XcbeautifyLib.build/Objects-normal/arm64_32/MicrosoftOutputRendering.swiftdeps -serialize-diagnostics-path /Users/admin/builder/spi-builder-workspace/.derivedData/Build/Intermediates.noindex/xcbeautify.build/Debug-watchos/XcbeautifyLib.build/Objects-normal/arm64_32/MicrosoftOutputRendering.dia -emit-dependencies-path /Users/admin/builder/spi-builder-workspace/.derivedData/Build/Intermediates.noindex/xcbeautify.build/Debug-watchos/XcbeautifyLib.build/Objects-normal/arm64_32/OutputRendering.d -emit-const-values-path /Users/admin/builder/spi-builder-workspace/.derivedData/Build/Intermediates.noindex/xcbeautify.build/Debug-watchos/XcbeautifyLib.build/Objects-normal/arm64_32/OutputRendering.swiftconstvalues -emit-reference-dependencies-path /Users/admin/builder/spi-builder-workspace/.derivedData/Build/Intermediates.noindex/xcbeautify.build/Debug-watchos/XcbeautifyLib.build/Objects-normal/arm64_32/OutputRendering.swiftdeps -serialize-diagnostics-path /Users/admin/builder/spi-builder-workspace/.derivedData/Build/Intermediates.noindex/xcbeautify.build/Debug-watchos/XcbeautifyLib.build/Objects-normal/arm64_32/OutputRendering.dia -target arm64_32-apple-watchos5.0 -enable-objc-interop -sdk /Applications/Xcode-16.3.0.app/Contents/Developer/Platforms/WatchOS.platform/Developer/SDKs/WatchOS11.4.sdk -I /Users/admin/builder/spi-builder-workspace/.derivedData/Build/Products/Debug-watchos -I /Applications/Xcode-16.3.0.app/Contents/Developer/Platforms/WatchOS.platform/Developer/usr/lib -F /Users/admin/builder/spi-builder-workspace/.derivedData/Build/Products/Debug-watchos/PackageFrameworks -F /Users/admin/builder/spi-builder-workspace/.derivedData/Build/Products/Debug-watchos -F /Applications/Xcode-16.3.0.app/Contents/Developer/Platforms/WatchOS.platform/Developer/Library/Frameworks -F /Applications/Xcode-16.3.0.app/Contents/Developer/Platforms/WatchOS.platform/Developer/SDKs/WatchOS11.4.sdk/Developer/Library/Frameworks -no-color-diagnostics -enable-testing -g -debug-info-format\=dwarf -dwarf-version\=4 -module-cache-path /Users/admin/builder/spi-builder-workspace/.derivedData/ModuleCache.noindex -profile-generate -profile-coverage-mapping -swift-version 6 -enforce-exclusivity\=checked -Onone -D SWIFT_PACKAGE -D DEBUG -D Xcode -serialize-debugging-options -const-gather-protocols-file /Users/admin/builder/spi-builder-workspace/.derivedData/Build/Intermediates.noindex/xcbeautify.build/Debug-watchos/XcbeautifyLib.build/Objects-normal/arm64_32/XcbeautifyLib_const_extract_protocols.json -enable-upcoming-feature StrictConcurrency -enable-upcoming-feature InternalImportsByDefault -enable-experimental-feature DebugDescriptionMacro -empty-abi-descriptor -plugin-path /Applications/Xcode-16.3.0.app/Contents/Developer/Toolchains/XcodeDefault.xctoolchain/usr/lib/swift/host/plugins/testing -validate-clang-modules-once -clang-build-session-file /Users/admin/builder/spi-builder-workspace/.derivedData/ModuleCache.noindex/Session.modulevalidation -Xcc -working-directory -Xcc /Users/admin/builder/spi-builder-workspace/.swiftpm/xcode -resource-dir /Applications/Xcode-16.3.0.app/Contents/Developer/Toolchains/XcodeDefault.xctoolchain/usr/lib/swift -enable-anonymous-context-mangled-names -file-compilation-dir /Users/admin/builder/spi-builder-workspace/.swiftpm/xcode -Xcc -ivfsstatcache -Xcc /Users/admin/builder/spi-builder-workspace/.derivedData/SDKStatCaches.noindex/watchos11.4-22T246-43efb940ff07ba2497b70ec94253f576.sdkstatcache -Xcc -I/Users/admin/builder/spi-builder-workspace/.derivedData/Build/Intermediates.noindex/xcbeautify.build/Debug-watchos/XcbeautifyLib.build/swift-overrides.hmap -Xcc -I/Users/admin/builder/spi-builder-workspace/.derivedData/Build/Products/Debug-watchos/include -Xcc -I/Users/admin/builder/spi-builder-workspace/.derivedData/Build/Intermediates.noindex/xcbeautify.build/Debug-watchos/XcbeautifyLib.build/DerivedSources-normal/arm64_32 -Xcc -I/Users/admin/builder/spi-builder-workspace/.derivedData/Build/Intermediates.noindex/xcbeautify.build/Debug-watchos/XcbeautifyLib.build/DerivedSources/arm64_32 -Xcc -I/Users/admin/builder/spi-builder-workspace/.derivedData/Build/Intermediates.noindex/xcbeautify.build/Debug-watchos/XcbeautifyLib.build/DerivedSources -Xcc -DSWIFT_PACKAGE -Xcc -DDEBUG\=1 -module-name XcbeautifyLib -package-name spi_builder_workspace -frontend-parseable-output -disable-clang-spi -target-sdk-version 11.4 -target-sdk-name watchos11.4 -external-plugin-path /Applications/Xcode-16.3.0.app/Contents/Developer/Platforms/WatchOS.platform/Developer/usr/lib/swift/host/plugins\#/Applications/Xcode-16.3.0.app/Contents/Developer/Platforms/WatchOS.platform/Developer/usr/bin/swift-plugin-server -external-plugin-path /Applications/Xcode-16.3.0.app/Contents/Developer/Platforms/WatchOS.platform/Developer/usr/local/lib/swift/host/plugins\#/Applications/Xcode-16.3.0.app/Contents/Developer/Platforms/WatchOS.platform/Developer/usr/bin/swift-plugin-server -in-process-plugin-server-path /Applications/Xcode-16.3.0.app/Contents/Developer/Toolchains/XcodeDefault.xctoolchain/usr/lib/swift/host/libSwiftInProcPluginServer.dylib -plugin-path /Applications/Xcode-16.3.0.app/Contents/Developer/Toolchains/XcodeDefault.xctoolchain/usr/lib/swift/host/plugins -plugin-path /Applications/Xcode-16.3.0.app/Contents/Developer/Toolchains/XcodeDefault.xctoolchain/usr/local/lib/swift/host/plugins -o /Users/admin/builder/spi-builder-workspace/.derivedData/Build/Intermediates.noindex/xcbeautify.build/Debug-watchos/XcbeautifyLib.build/Objects-normal/arm64_32/MicrosoftOutputRendering.o -o /Users/admin/builder/spi-builder-workspace/.derivedData/Build/Intermediates.noindex/xcbeautify.build/Debug-watchos/XcbeautifyLib.build/Objects-normal/arm64_32/OutputRendering.o -index-unit-output-path /xcbeautify.build/Debug-watchos/XcbeautifyLib.build/Objects-normal/arm64_32/MicrosoftOutputRendering.o -index-unit-output-path /xcbeautify.build/Debug-watchos/XcbeautifyLib.build/Objects-normal/arm64_32/OutputRendering.o -index-store-path /Users/admin/builder/spi-builder-workspace/.derivedData/Index.noindex/DataStore -index-system-modules
SwiftCompile normal arm64_32 /Users/admin/builder/spi-builder-workspace/Sources/XcbeautifyLib/Renderers/Microsoft/MicrosoftOutputRendering.swift (in target 'XcbeautifyLib' from project 'xcbeautify')
cd /Users/admin/builder/spi-builder-workspace/.swiftpm/xcode
/Users/admin/builder/spi-builder-workspace/Sources/XcbeautifyLib/Renderers/Microsoft/MicrosoftOutputRendering.swift:244:51: error: 'split(separator:maxSplits:omittingEmptySubsequences:)' is only available in watchOS 9.0 or newer
let locationAndMessage = issueDetails.split(separator: ": ", maxSplits: 1, omittingEmptySubsequences: false)
^
/Users/admin/builder/spi-builder-workspace/Sources/XcbeautifyLib/Renderers/Microsoft/MicrosoftOutputRendering.swift:244:51: note: add 'if #available' version check
let locationAndMessage = issueDetails.split(separator: ": ", maxSplits: 1, omittingEmptySubsequences: false)
^
/Users/admin/builder/spi-builder-workspace/Sources/XcbeautifyLib/Renderers/Microsoft/MicrosoftOutputRendering.swift:239:10: note: add @available attribute to enclosing instance method
func formatSwiftTestingIssue(group: SwiftTestingIssueCaptureGroup) -> String {
^
/Users/admin/builder/spi-builder-workspace/Sources/XcbeautifyLib/Renderers/Microsoft/MicrosoftOutputRendering.swift:36:1: note: add @available attribute to enclosing extension
extension MicrosoftOutputRendering {
^
SwiftCompile normal arm64_32 /Users/admin/builder/spi-builder-workspace/Sources/XcbeautifyLib/Renderers/OutputRendering.swift (in target 'XcbeautifyLib' from project 'xcbeautify')
cd /Users/admin/builder/spi-builder-workspace/.swiftpm/xcode
SwiftDriverJobDiscovery normal arm64 Compiling XMLDecoder.swift, XMLDecoderImplementation.swift, XMLDecodingStorage.swift, XMLKeyedDecodingContainer.swift, XMLUnkeyedDecodingContainer.swift (in target 'XMLCoder' from project 'XMLCoder')
SwiftCompile normal arm64_32 Compiling\ XCRegex.swift /Users/admin/builder/spi-builder-workspace/Sources/XcbeautifyLib/XCRegex.swift (in target 'XcbeautifyLib' from project 'xcbeautify')
SwiftCompile normal arm64_32 /Users/admin/builder/spi-builder-workspace/Sources/XcbeautifyLib/XCRegex.swift (in target 'XcbeautifyLib' from project 'xcbeautify')
cd /Users/admin/builder/spi-builder-workspace/.swiftpm/xcode
SwiftDriverJobDiscovery normal armv7k Compiling XCRegex.swift (in target 'XcbeautifyLib' from project 'xcbeautify')
SwiftCompile normal armv7k Compiling\ MicrosoftOutputRendering.swift,\ OutputRendering.swift /Users/admin/builder/spi-builder-workspace/Sources/XcbeautifyLib/Renderers/Microsoft/MicrosoftOutputRendering.swift /Users/admin/builder/spi-builder-workspace/Sources/XcbeautifyLib/Renderers/OutputRendering.swift (in target 'XcbeautifyLib' from project 'xcbeautify')
SwiftCompile normal armv7k /Users/admin/builder/spi-builder-workspace/Sources/XcbeautifyLib/Renderers/Microsoft/MicrosoftOutputRendering.swift (in target 'XcbeautifyLib' from project 'xcbeautify')
cd /Users/admin/builder/spi-builder-workspace/.swiftpm/xcode
SwiftCompile normal armv7k /Users/admin/builder/spi-builder-workspace/Sources/XcbeautifyLib/Renderers/OutputRendering.swift (in target 'XcbeautifyLib' from project 'xcbeautify')
cd /Users/admin/builder/spi-builder-workspace/.swiftpm/xcode
SwiftDriverJobDiscovery normal arm64_32 Emitting module for XcbeautifyLib (in target 'XcbeautifyLib' from project 'xcbeautify')
SwiftDriver\ Compilation\ Requirements XcbeautifyLib normal arm64_32 com.apple.xcode.tools.swift.compiler (in target 'XcbeautifyLib' from project 'xcbeautify')
cd /Users/admin/builder/spi-builder-workspace/.swiftpm/xcode
builtin-Swift-Compilation-Requirements -- /Applications/Xcode-16.3.0.app/Contents/Developer/Toolchains/XcodeDefault.xctoolchain/usr/bin/swiftc -module-name XcbeautifyLib -Onone -enforce-exclusivity\=checked @/Users/admin/builder/spi-builder-workspace/.derivedData/Build/Intermediates.noindex/xcbeautify.build/Debug-watchos/XcbeautifyLib.build/Objects-normal/arm64_32/XcbeautifyLib.SwiftFileList -DSWIFT_PACKAGE -DDEBUG -DXcode -enable-upcoming-feature StrictConcurrency -enable-upcoming-feature InternalImportsByDefault -plugin-path /Applications/Xcode-16.3.0.app/Contents/Developer/Toolchains/XcodeDefault.xctoolchain/usr/lib/swift/host/plugins/testing -enable-experimental-feature DebugDescriptionMacro -sdk /Applications/Xcode-16.3.0.app/Contents/Developer/Platforms/WatchOS.platform/Developer/SDKs/WatchOS11.4.sdk -target arm64_32-apple-watchos5.0 -g -module-cache-path /Users/admin/builder/spi-builder-workspace/.derivedData/ModuleCache.noindex -Xfrontend -serialize-debugging-options -profile-coverage-mapping -profile-generate -enable-testing -index-store-path /Users/admin/builder/spi-builder-workspace/.derivedData/Index.noindex/DataStore -swift-version 6 -I /Users/admin/builder/spi-builder-workspace/.derivedData/Build/Products/Debug-watchos -I /Applications/Xcode-16.3.0.app/Contents/Developer/Platforms/WatchOS.platform/Developer/usr/lib -F /Users/admin/builder/spi-builder-workspace/.derivedData/Build/Products/Debug-watchos/PackageFrameworks -F /Users/admin/builder/spi-builder-workspace/.derivedData/Build/Products/Debug-watchos -F /Applications/Xcode-16.3.0.app/Contents/Developer/Platforms/WatchOS.platform/Developer/Library/Frameworks -F /Applications/Xcode-16.3.0.app/Contents/Developer/Platforms/WatchOS.platform/Developer/SDKs/WatchOS11.4.sdk/Developer/Library/Frameworks -c -j10 -enable-batch-mode -incremental -Xcc -ivfsstatcache -Xcc /Users/admin/builder/spi-builder-workspace/.derivedData/SDKStatCaches.noindex/watchos11.4-22T246-43efb940ff07ba2497b70ec94253f576.sdkstatcache -output-file-map /Users/admin/builder/spi-builder-workspace/.derivedData/Build/Intermediates.noindex/xcbeautify.build/Debug-watchos/XcbeautifyLib.build/Objects-normal/arm64_32/XcbeautifyLib-OutputFileMap.json -use-frontend-parseable-output -save-temps -no-color-diagnostics -serialize-diagnostics -emit-dependencies -emit-module -emit-module-path /Users/admin/builder/spi-builder-workspace/.derivedData/Build/Intermediates.noindex/xcbeautify.build/Debug-watchos/XcbeautifyLib.build/Objects-normal/arm64_32/XcbeautifyLib.swiftmodule -validate-clang-modules-once -clang-build-session-file /Users/admin/builder/spi-builder-workspace/.derivedData/ModuleCache.noindex/Session.modulevalidation -package-name spi_builder_workspace -Xcc -I/Users/admin/builder/spi-builder-workspace/.derivedData/Build/Intermediates.noindex/xcbeautify.build/Debug-watchos/XcbeautifyLib.build/swift-overrides.hmap -emit-const-values -Xfrontend -const-gather-protocols-file -Xfrontend /Users/admin/builder/spi-builder-workspace/.derivedData/Build/Intermediates.noindex/xcbeautify.build/Debug-watchos/XcbeautifyLib.build/Objects-normal/arm64_32/XcbeautifyLib_const_extract_protocols.json -Xcc -I/Users/admin/builder/spi-builder-workspace/.derivedData/Build/Products/Debug-watchos/include -Xcc -I/Users/admin/builder/spi-builder-workspace/.derivedData/Build/Intermediates.noindex/xcbeautify.build/Debug-watchos/XcbeautifyLib.build/DerivedSources-normal/arm64_32 -Xcc -I/Users/admin/builder/spi-builder-workspace/.derivedData/Build/Intermediates.noindex/xcbeautify.build/Debug-watchos/XcbeautifyLib.build/DerivedSources/arm64_32 -Xcc -I/Users/admin/builder/spi-builder-workspace/.derivedData/Build/Intermediates.noindex/xcbeautify.build/Debug-watchos/XcbeautifyLib.build/DerivedSources -Xcc -DSWIFT_PACKAGE -Xcc -DDEBUG\=1 -emit-objc-header -emit-objc-header-path /Users/admin/builder/spi-builder-workspace/.derivedData/Build/Intermediates.noindex/xcbeautify.build/Debug-watchos/XcbeautifyLib.build/Objects-normal/arm64_32/XcbeautifyLib-Swift.h -working-directory /Users/admin/builder/spi-builder-workspace/.swiftpm/xcode -experimental-emit-module-separately -disable-cmo
SwiftDriverJobDiscovery normal arm64 Emitting module for XcbeautifyLib (in target 'XcbeautifyLib' from project 'xcbeautify')
SwiftCompile normal armv7k Compiling\ TeamCityRenderer.swift,\ TerminalRenderer.swift /Users/admin/builder/spi-builder-workspace/Sources/XcbeautifyLib/Renderers/TeamCityRenderer.swift /Users/admin/builder/spi-builder-workspace/Sources/XcbeautifyLib/Renderers/TerminalRenderer.swift (in target 'XcbeautifyLib' from project 'xcbeautify')
SwiftCompile normal armv7k /Users/admin/builder/spi-builder-workspace/Sources/XcbeautifyLib/Renderers/TeamCityRenderer.swift (in target 'XcbeautifyLib' from project 'xcbeautify')
cd /Users/admin/builder/spi-builder-workspace/.swiftpm/xcode
SwiftCompile normal armv7k /Users/admin/builder/spi-builder-workspace/Sources/XcbeautifyLib/Renderers/TerminalRenderer.swift (in target 'XcbeautifyLib' from project 'xcbeautify')
cd /Users/admin/builder/spi-builder-workspace/.swiftpm/xcode
SwiftDriver\ Compilation\ Requirements XcbeautifyLib normal arm64 com.apple.xcode.tools.swift.compiler (in target 'XcbeautifyLib' from project 'xcbeautify')
cd /Users/admin/builder/spi-builder-workspace/.swiftpm/xcode
builtin-Swift-Compilation-Requirements -- /Applications/Xcode-16.3.0.app/Contents/Developer/Toolchains/XcodeDefault.xctoolchain/usr/bin/swiftc -module-name XcbeautifyLib -Onone -enforce-exclusivity\=checked @/Users/admin/builder/spi-builder-workspace/.derivedData/Build/Intermediates.noindex/xcbeautify.build/Debug-watchos/XcbeautifyLib.build/Objects-normal/arm64/XcbeautifyLib.SwiftFileList -DSWIFT_PACKAGE -DDEBUG -DXcode -enable-upcoming-feature StrictConcurrency -enable-upcoming-feature InternalImportsByDefault -plugin-path /Applications/Xcode-16.3.0.app/Contents/Developer/Toolchains/XcodeDefault.xctoolchain/usr/lib/swift/host/plugins/testing -enable-experimental-feature DebugDescriptionMacro -sdk /Applications/Xcode-16.3.0.app/Contents/Developer/Platforms/WatchOS.platform/Developer/SDKs/WatchOS11.4.sdk -target arm64-apple-watchos5.0 -g -module-cache-path /Users/admin/builder/spi-builder-workspace/.derivedData/ModuleCache.noindex -Xfrontend -serialize-debugging-options -profile-coverage-mapping -profile-generate -enable-testing -index-store-path /Users/admin/builder/spi-builder-workspace/.derivedData/Index.noindex/DataStore -swift-version 6 -I /Users/admin/builder/spi-builder-workspace/.derivedData/Build/Products/Debug-watchos -I /Applications/Xcode-16.3.0.app/Contents/Developer/Platforms/WatchOS.platform/Developer/usr/lib -F /Users/admin/builder/spi-builder-workspace/.derivedData/Build/Products/Debug-watchos/PackageFrameworks -F /Users/admin/builder/spi-builder-workspace/.derivedData/Build/Products/Debug-watchos -F /Applications/Xcode-16.3.0.app/Contents/Developer/Platforms/WatchOS.platform/Developer/Library/Frameworks -F /Applications/Xcode-16.3.0.app/Contents/Developer/Platforms/WatchOS.platform/Developer/SDKs/WatchOS11.4.sdk/Developer/Library/Frameworks -c -j10 -enable-batch-mode -incremental -Xcc -ivfsstatcache -Xcc /Users/admin/builder/spi-builder-workspace/.derivedData/SDKStatCaches.noindex/watchos11.4-22T246-43efb940ff07ba2497b70ec94253f576.sdkstatcache -output-file-map /Users/admin/builder/spi-builder-workspace/.derivedData/Build/Intermediates.noindex/xcbeautify.build/Debug-watchos/XcbeautifyLib.build/Objects-normal/arm64/XcbeautifyLib-OutputFileMap.json -use-frontend-parseable-output -save-temps -no-color-diagnostics -serialize-diagnostics -emit-dependencies -emit-module -emit-module-path /Users/admin/builder/spi-builder-workspace/.derivedData/Build/Intermediates.noindex/xcbeautify.build/Debug-watchos/XcbeautifyLib.build/Objects-normal/arm64/XcbeautifyLib.swiftmodule -validate-clang-modules-once -clang-build-session-file /Users/admin/builder/spi-builder-workspace/.derivedData/ModuleCache.noindex/Session.modulevalidation -package-name spi_builder_workspace -Xcc -I/Users/admin/builder/spi-builder-workspace/.derivedData/Build/Intermediates.noindex/xcbeautify.build/Debug-watchos/XcbeautifyLib.build/swift-overrides.hmap -emit-const-values -Xfrontend -const-gather-protocols-file -Xfrontend /Users/admin/builder/spi-builder-workspace/.derivedData/Build/Intermediates.noindex/xcbeautify.build/Debug-watchos/XcbeautifyLib.build/Objects-normal/arm64/XcbeautifyLib_const_extract_protocols.json -Xcc -I/Users/admin/builder/spi-builder-workspace/.derivedData/Build/Products/Debug-watchos/include -Xcc -I/Users/admin/builder/spi-builder-workspace/.derivedData/Build/Intermediates.noindex/xcbeautify.build/Debug-watchos/XcbeautifyLib.build/DerivedSources-normal/arm64 -Xcc -I/Users/admin/builder/spi-builder-workspace/.derivedData/Build/Intermediates.noindex/xcbeautify.build/Debug-watchos/XcbeautifyLib.build/DerivedSources/arm64 -Xcc -I/Users/admin/builder/spi-builder-workspace/.derivedData/Build/Intermediates.noindex/xcbeautify.build/Debug-watchos/XcbeautifyLib.build/DerivedSources -Xcc -DSWIFT_PACKAGE -Xcc -DDEBUG\=1 -emit-objc-header -emit-objc-header-path /Users/admin/builder/spi-builder-workspace/.derivedData/Build/Intermediates.noindex/xcbeautify.build/Debug-watchos/XcbeautifyLib.build/Objects-normal/arm64/XcbeautifyLib-Swift.h -working-directory /Users/admin/builder/spi-builder-workspace/.swiftpm/xcode -experimental-emit-module-separately -disable-cmo
SwiftDriverJobDiscovery normal arm64 Compiling String+Colored.swift, String+Substring.swift (in target 'XcbeautifyLib' from project 'xcbeautify')
Copy /Users/admin/builder/spi-builder-workspace/.derivedData/Build/Products/Debug-watchos/XcbeautifyLib.swiftmodule/arm64_32-apple-watchos.swiftmodule /Users/admin/builder/spi-builder-workspace/.derivedData/Build/Intermediates.noindex/xcbeautify.build/Debug-watchos/XcbeautifyLib.build/Objects-normal/arm64_32/XcbeautifyLib.swiftmodule (in target 'XcbeautifyLib' from project 'xcbeautify')
cd /Users/admin/builder/spi-builder-workspace
builtin-copy -exclude .DS_Store -exclude CVS -exclude .svn -exclude .git -exclude .hg -resolve-src-symlinks -rename /Users/admin/builder/spi-builder-workspace/.derivedData/Build/Intermediates.noindex/xcbeautify.build/Debug-watchos/XcbeautifyLib.build/Objects-normal/arm64_32/XcbeautifyLib.swiftmodule /Users/admin/builder/spi-builder-workspace/.derivedData/Build/Products/Debug-watchos/XcbeautifyLib.swiftmodule/arm64_32-apple-watchos.swiftmodule
SwiftMergeGeneratedHeaders /Users/admin/builder/spi-builder-workspace/.derivedData/Build/Intermediates.noindex/GeneratedModuleMaps-watchos/XcbeautifyLib-Swift.h /Users/admin/builder/spi-builder-workspace/.derivedData/Build/Intermediates.noindex/xcbeautify.build/Debug-watchos/XcbeautifyLib.build/Objects-normal/arm64/XcbeautifyLib-Swift.h /Users/admin/builder/spi-builder-workspace/.derivedData/Build/Intermediates.noindex/xcbeautify.build/Debug-watchos/XcbeautifyLib.build/Objects-normal/arm64_32/XcbeautifyLib-Swift.h /Users/admin/builder/spi-builder-workspace/.derivedData/Build/Intermediates.noindex/xcbeautify.build/Debug-watchos/XcbeautifyLib.build/Objects-normal/armv7k/XcbeautifyLib-Swift.h (in target 'XcbeautifyLib' from project 'xcbeautify')
cd /Users/admin/builder/spi-builder-workspace
builtin-swiftHeaderTool -arch arm64 /Users/admin/builder/spi-builder-workspace/.derivedData/Build/Intermediates.noindex/xcbeautify.build/Debug-watchos/XcbeautifyLib.build/Objects-normal/arm64/XcbeautifyLib-Swift.h -arch arm64_32 /Users/admin/builder/spi-builder-workspace/.derivedData/Build/Intermediates.noindex/xcbeautify.build/Debug-watchos/XcbeautifyLib.build/Objects-normal/arm64_32/XcbeautifyLib-Swift.h -arch armv7k /Users/admin/builder/spi-builder-workspace/.derivedData/Build/Intermediates.noindex/xcbeautify.build/Debug-watchos/XcbeautifyLib.build/Objects-normal/armv7k/XcbeautifyLib-Swift.h -o /Users/admin/builder/spi-builder-workspace/.derivedData/Build/Intermediates.noindex/GeneratedModuleMaps-watchos/XcbeautifyLib-Swift.h
Copy /Users/admin/builder/spi-builder-workspace/.derivedData/Build/Products/Debug-watchos/XcbeautifyLib.swiftmodule/arm64_32-apple-watchos.swiftdoc /Users/admin/builder/spi-builder-workspace/.derivedData/Build/Intermediates.noindex/xcbeautify.build/Debug-watchos/XcbeautifyLib.build/Objects-normal/arm64_32/XcbeautifyLib.swiftdoc (in target 'XcbeautifyLib' from project 'xcbeautify')
cd /Users/admin/builder/spi-builder-workspace
builtin-copy -exclude .DS_Store -exclude CVS -exclude .svn -exclude .git -exclude .hg -resolve-src-symlinks -rename /Users/admin/builder/spi-builder-workspace/.derivedData/Build/Intermediates.noindex/xcbeautify.build/Debug-watchos/XcbeautifyLib.build/Objects-normal/arm64_32/XcbeautifyLib.swiftdoc /Users/admin/builder/spi-builder-workspace/.derivedData/Build/Products/Debug-watchos/XcbeautifyLib.swiftmodule/arm64_32-apple-watchos.swiftdoc
Copy /Users/admin/builder/spi-builder-workspace/.derivedData/Build/Products/Debug-watchos/XcbeautifyLib.swiftmodule/arm64_32-apple-watchos.abi.json /Users/admin/builder/spi-builder-workspace/.derivedData/Build/Intermediates.noindex/xcbeautify.build/Debug-watchos/XcbeautifyLib.build/Objects-normal/arm64_32/XcbeautifyLib.abi.json (in target 'XcbeautifyLib' from project 'xcbeautify')
cd /Users/admin/builder/spi-builder-workspace
builtin-copy -exclude .DS_Store -exclude CVS -exclude .svn -exclude .git -exclude .hg -resolve-src-symlinks -rename /Users/admin/builder/spi-builder-workspace/.derivedData/Build/Intermediates.noindex/xcbeautify.build/Debug-watchos/XcbeautifyLib.build/Objects-normal/arm64_32/XcbeautifyLib.abi.json /Users/admin/builder/spi-builder-workspace/.derivedData/Build/Products/Debug-watchos/XcbeautifyLib.swiftmodule/arm64_32-apple-watchos.abi.json
Copy /Users/admin/builder/spi-builder-workspace/.derivedData/Build/Products/Debug-watchos/XcbeautifyLib.swiftmodule/arm64-apple-watchos.swiftmodule /Users/admin/builder/spi-builder-workspace/.derivedData/Build/Intermediates.noindex/xcbeautify.build/Debug-watchos/XcbeautifyLib.build/Objects-normal/arm64/XcbeautifyLib.swiftmodule (in target 'XcbeautifyLib' from project 'xcbeautify')
cd /Users/admin/builder/spi-builder-workspace
builtin-copy -exclude .DS_Store -exclude CVS -exclude .svn -exclude .git -exclude .hg -resolve-src-symlinks -rename /Users/admin/builder/spi-builder-workspace/.derivedData/Build/Intermediates.noindex/xcbeautify.build/Debug-watchos/XcbeautifyLib.build/Objects-normal/arm64/XcbeautifyLib.swiftmodule /Users/admin/builder/spi-builder-workspace/.derivedData/Build/Products/Debug-watchos/XcbeautifyLib.swiftmodule/arm64-apple-watchos.swiftmodule
Copy /Users/admin/builder/spi-builder-workspace/.derivedData/Build/Products/Debug-watchos/XcbeautifyLib.swiftmodule/arm64-apple-watchos.swiftdoc /Users/admin/builder/spi-builder-workspace/.derivedData/Build/Intermediates.noindex/xcbeautify.build/Debug-watchos/XcbeautifyLib.build/Objects-normal/arm64/XcbeautifyLib.swiftdoc (in target 'XcbeautifyLib' from project 'xcbeautify')
cd /Users/admin/builder/spi-builder-workspace
builtin-copy -exclude .DS_Store -exclude CVS -exclude .svn -exclude .git -exclude .hg -resolve-src-symlinks -rename /Users/admin/builder/spi-builder-workspace/.derivedData/Build/Intermediates.noindex/xcbeautify.build/Debug-watchos/XcbeautifyLib.build/Objects-normal/arm64/XcbeautifyLib.swiftdoc /Users/admin/builder/spi-builder-workspace/.derivedData/Build/Products/Debug-watchos/XcbeautifyLib.swiftmodule/arm64-apple-watchos.swiftdoc
Copy /Users/admin/builder/spi-builder-workspace/.derivedData/Build/Products/Debug-watchos/XcbeautifyLib.swiftmodule/arm64-apple-watchos.abi.json /Users/admin/builder/spi-builder-workspace/.derivedData/Build/Intermediates.noindex/xcbeautify.build/Debug-watchos/XcbeautifyLib.build/Objects-normal/arm64/XcbeautifyLib.abi.json (in target 'XcbeautifyLib' from project 'xcbeautify')
cd /Users/admin/builder/spi-builder-workspace
builtin-copy -exclude .DS_Store -exclude CVS -exclude .svn -exclude .git -exclude .hg -resolve-src-symlinks -rename /Users/admin/builder/spi-builder-workspace/.derivedData/Build/Intermediates.noindex/xcbeautify.build/Debug-watchos/XcbeautifyLib.build/Objects-normal/arm64/XcbeautifyLib.abi.json /Users/admin/builder/spi-builder-workspace/.derivedData/Build/Products/Debug-watchos/XcbeautifyLib.swiftmodule/arm64-apple-watchos.abi.json
Copy /Users/admin/builder/spi-builder-workspace/.derivedData/Build/Products/Debug-watchos/XcbeautifyLib.swiftmodule/Project/arm64_32-apple-watchos.swiftsourceinfo /Users/admin/builder/spi-builder-workspace/.derivedData/Build/Intermediates.noindex/xcbeautify.build/Debug-watchos/XcbeautifyLib.build/Objects-normal/arm64_32/XcbeautifyLib.swiftsourceinfo (in target 'XcbeautifyLib' from project 'xcbeautify')
cd /Users/admin/builder/spi-builder-workspace
builtin-copy -exclude .DS_Store -exclude CVS -exclude .svn -exclude .git -exclude .hg -resolve-src-symlinks -rename /Users/admin/builder/spi-builder-workspace/.derivedData/Build/Intermediates.noindex/xcbeautify.build/Debug-watchos/XcbeautifyLib.build/Objects-normal/arm64_32/XcbeautifyLib.swiftsourceinfo /Users/admin/builder/spi-builder-workspace/.derivedData/Build/Products/Debug-watchos/XcbeautifyLib.swiftmodule/Project/arm64_32-apple-watchos.swiftsourceinfo
Copy /Users/admin/builder/spi-builder-workspace/.derivedData/Build/Products/Debug-watchos/XcbeautifyLib.swiftmodule/Project/arm64-apple-watchos.swiftsourceinfo /Users/admin/builder/spi-builder-workspace/.derivedData/Build/Intermediates.noindex/xcbeautify.build/Debug-watchos/XcbeautifyLib.build/Objects-normal/arm64/XcbeautifyLib.swiftsourceinfo (in target 'XcbeautifyLib' from project 'xcbeautify')
cd /Users/admin/builder/spi-builder-workspace
builtin-copy -exclude .DS_Store -exclude CVS -exclude .svn -exclude .git -exclude .hg -resolve-src-symlinks -rename /Users/admin/builder/spi-builder-workspace/.derivedData/Build/Intermediates.noindex/xcbeautify.build/Debug-watchos/XcbeautifyLib.build/Objects-normal/arm64/XcbeautifyLib.swiftsourceinfo /Users/admin/builder/spi-builder-workspace/.derivedData/Build/Products/Debug-watchos/XcbeautifyLib.swiftmodule/Project/arm64-apple-watchos.swiftsourceinfo
SwiftCompile normal arm64 Compiling\ AzureDevOpsPipelinesRenderer.swift,\ GitHubActionsRenderer.swift /Users/admin/builder/spi-builder-workspace/Sources/XcbeautifyLib/Renderers/Microsoft/AzureDevOpsPipelinesRenderer.swift /Users/admin/builder/spi-builder-workspace/Sources/XcbeautifyLib/Renderers/Microsoft/GitHubActionsRenderer.swift (in target 'XcbeautifyLib' from project 'xcbeautify')
SwiftCompile normal arm64 /Users/admin/builder/spi-builder-workspace/Sources/XcbeautifyLib/Renderers/Microsoft/AzureDevOpsPipelinesRenderer.swift (in target 'XcbeautifyLib' from project 'xcbeautify')
cd /Users/admin/builder/spi-builder-workspace/.swiftpm/xcode
SwiftCompile normal arm64 /Users/admin/builder/spi-builder-workspace/Sources/XcbeautifyLib/Renderers/Microsoft/GitHubActionsRenderer.swift (in target 'XcbeautifyLib' from project 'xcbeautify')
cd /Users/admin/builder/spi-builder-workspace/.swiftpm/xcode
SwiftCompile normal armv7k Compiling\ Parser.swift,\ FileComponents.swift /Users/admin/builder/spi-builder-workspace/Sources/XcbeautifyLib/Parser.swift /Users/admin/builder/spi-builder-workspace/Sources/XcbeautifyLib/Renderers/FileComponents.swift (in target 'XcbeautifyLib' from project 'xcbeautify')
SwiftCompile normal armv7k /Users/admin/builder/spi-builder-workspace/Sources/XcbeautifyLib/Parser.swift (in target 'XcbeautifyLib' from project 'xcbeautify')
cd /Users/admin/builder/spi-builder-workspace/.swiftpm/xcode
SwiftCompile normal armv7k /Users/admin/builder/spi-builder-workspace/Sources/XcbeautifyLib/Renderers/FileComponents.swift (in target 'XcbeautifyLib' from project 'xcbeautify')
cd /Users/admin/builder/spi-builder-workspace/.swiftpm/xcode
SwiftDriverJobDiscovery normal arm64_32 Compiling Constants.swift, Formatter.swift (in target 'XcbeautifyLib' from project 'xcbeautify')
SwiftCompile normal armv7k Compiling\ XCBeautifier.swift /Users/admin/builder/spi-builder-workspace/Sources/XcbeautifyLib/XCBeautifier.swift (in target 'XcbeautifyLib' from project 'xcbeautify')
SwiftCompile normal armv7k /Users/admin/builder/spi-builder-workspace/Sources/XcbeautifyLib/XCBeautifier.swift (in target 'XcbeautifyLib' from project 'xcbeautify')
cd /Users/admin/builder/spi-builder-workspace/.swiftpm/xcode
SwiftDriverJobDiscovery normal arm64_32 Compiling JUnitReporter.swift, OutputHandler.swift (in target 'XcbeautifyLib' from project 'xcbeautify')
SwiftCompile normal arm64_32 Compiling\ String+Colored.swift,\ String+Substring.swift /Users/admin/builder/spi-builder-workspace/Sources/XcbeautifyLib/String+Colored.swift /Users/admin/builder/spi-builder-workspace/Sources/XcbeautifyLib/String+Substring.swift (in target 'XcbeautifyLib' from project 'xcbeautify')
SwiftCompile normal arm64_32 /Users/admin/builder/spi-builder-workspace/Sources/XcbeautifyLib/String+Colored.swift (in target 'XcbeautifyLib' from project 'xcbeautify')
cd /Users/admin/builder/spi-builder-workspace/.swiftpm/xcode
SwiftCompile normal arm64_32 /Users/admin/builder/spi-builder-workspace/Sources/XcbeautifyLib/String+Substring.swift (in target 'XcbeautifyLib' from project 'xcbeautify')
cd /Users/admin/builder/spi-builder-workspace/.swiftpm/xcode
SwiftDriverJobDiscovery normal arm64_32 Compiling XCRegex.swift (in target 'XcbeautifyLib' from project 'xcbeautify')
SwiftCompile normal arm64 Compiling\ Constants.swift,\ Formatter.swift /Users/admin/builder/spi-builder-workspace/Sources/XcbeautifyLib/Constants.swift /Users/admin/builder/spi-builder-workspace/Sources/XcbeautifyLib/Formatter.swift (in target 'XcbeautifyLib' from project 'xcbeautify')
SwiftCompile normal arm64 /Users/admin/builder/spi-builder-workspace/Sources/XcbeautifyLib/Constants.swift (in target 'XcbeautifyLib' from project 'xcbeautify')
cd /Users/admin/builder/spi-builder-workspace/.swiftpm/xcode
SwiftCompile normal arm64 /Users/admin/builder/spi-builder-workspace/Sources/XcbeautifyLib/Formatter.swift (in target 'XcbeautifyLib' from project 'xcbeautify')
cd /Users/admin/builder/spi-builder-workspace/.swiftpm/xcode
SwiftDriverJobDiscovery normal armv7k Compiling String+Colored.swift, String+Substring.swift (in target 'XcbeautifyLib' from project 'xcbeautify')
SwiftCompile normal arm64_32 Compiling\ TeamCityRenderer.swift,\ TerminalRenderer.swift /Users/admin/builder/spi-builder-workspace/Sources/XcbeautifyLib/Renderers/TeamCityRenderer.swift /Users/admin/builder/spi-builder-workspace/Sources/XcbeautifyLib/Renderers/TerminalRenderer.swift (in target 'XcbeautifyLib' from project 'xcbeautify')
SwiftCompile normal arm64_32 /Users/admin/builder/spi-builder-workspace/Sources/XcbeautifyLib/Renderers/TeamCityRenderer.swift (in target 'XcbeautifyLib' from project 'xcbeautify')
cd /Users/admin/builder/spi-builder-workspace/.swiftpm/xcode
SwiftCompile normal arm64_32 /Users/admin/builder/spi-builder-workspace/Sources/XcbeautifyLib/Renderers/TerminalRenderer.swift (in target 'XcbeautifyLib' from project 'xcbeautify')
cd /Users/admin/builder/spi-builder-workspace/.swiftpm/xcode
SwiftDriverJobDiscovery normal arm64 Compiling JUnitReporter.swift, OutputHandler.swift (in target 'XcbeautifyLib' from project 'xcbeautify')
SwiftCompile normal arm64 Compiling\ MicrosoftOutputRendering.swift,\ OutputRendering.swift /Users/admin/builder/spi-builder-workspace/Sources/XcbeautifyLib/Renderers/Microsoft/MicrosoftOutputRendering.swift /Users/admin/builder/spi-builder-workspace/Sources/XcbeautifyLib/Renderers/OutputRendering.swift (in target 'XcbeautifyLib' from project 'xcbeautify')
SwiftCompile normal arm64 /Users/admin/builder/spi-builder-workspace/Sources/XcbeautifyLib/Renderers/Microsoft/MicrosoftOutputRendering.swift (in target 'XcbeautifyLib' from project 'xcbeautify')
cd /Users/admin/builder/spi-builder-workspace/.swiftpm/xcode
SwiftCompile normal arm64 /Users/admin/builder/spi-builder-workspace/Sources/XcbeautifyLib/Renderers/OutputRendering.swift (in target 'XcbeautifyLib' from project 'xcbeautify')
cd /Users/admin/builder/spi-builder-workspace/.swiftpm/xcode
SwiftDriverJobDiscovery normal armv7k Compiling XCBeautifier.swift (in target 'XcbeautifyLib' from project 'xcbeautify')
SwiftCompile normal arm64 Compiling\ XCBeautifier.swift /Users/admin/builder/spi-builder-workspace/Sources/XcbeautifyLib/XCBeautifier.swift (in target 'XcbeautifyLib' from project 'xcbeautify')
Command SwiftCompile failed with a nonzero exit code
** BUILD FAILED **
The following build commands failed:
SwiftCompile normal arm64_32 Compiling\ MicrosoftOutputRendering.swift,\ OutputRendering.swift /Users/admin/builder/spi-builder-workspace/Sources/XcbeautifyLib/Renderers/Microsoft/MicrosoftOutputRendering.swift /Users/admin/builder/spi-builder-workspace/Sources/XcbeautifyLib/Renderers/OutputRendering.swift (in target 'XcbeautifyLib' from project 'xcbeautify')
SwiftCompile normal arm64_32 /Users/admin/builder/spi-builder-workspace/Sources/XcbeautifyLib/Renderers/Microsoft/MicrosoftOutputRendering.swift (in target 'XcbeautifyLib' from project 'xcbeautify')
SwiftCompile normal arm64 Compiling\ XCBeautifier.swift /Users/admin/builder/spi-builder-workspace/Sources/XcbeautifyLib/XCBeautifier.swift (in target 'XcbeautifyLib' from project 'xcbeautify')
Building workspace spi-builder-workspace with scheme xcbeautify-Package
(4 failures)
BUILD FAILURE 6.1 watchOS