Build Information
Failed to build Hashify, reference main (fcfb16), with Swift 6.1 for Wasm on 16 Jul 2026 08:31:25 UTC.
Build Command
bash -c docker run --pull=always --rm -v "checkouts-54344847-1":/host -w "$PWD" -e JAVA_HOME="/root/.sdkman/candidates/java/current" -e SPI_BUILD="1" -e SPI_PROCESSING="1" registry.gitlab.com/saguaro1/spi-images:wasm-6.1-latest swift build --swift-sdk wasm32-unknown-wasi 2>&1Build Log
========================================
RunAll
========================================
Builder version: 333316120c8b89ed7d21f1b34865290794301d91
Interrupt handler set up.
========================================
Checkout
========================================
Clone URL: https://github.com/KC-2001MS/Hashify.git
Reference: main
Initialized empty Git repository in /host/spi-builder-workspace/.git/
hint: Using 'master' as the name for the initial branch. This default branch name
hint: is subject to change. To configure the initial branch name to use in all
hint: of your new repositories, which will suppress this warning, call:
hint:
hint: git config --global init.defaultBranch <name>
hint:
hint: Names commonly chosen instead of 'master' are 'main', 'trunk' and
hint: 'development'. The just-created branch can be renamed via this command:
hint:
hint: git branch -m <name>
From https://github.com/KC-2001MS/Hashify
* branch main -> FETCH_HEAD
* [new branch] main -> origin/main
HEAD is now at fcfb164 add a file
Cloned https://github.com/KC-2001MS/Hashify.git
Revision (git rev-parse @):
fcfb164ae4a06a8633ed3f242c3cb7958d7ebfdc
SUCCESS checkout https://github.com/KC-2001MS/Hashify.git at main
========================================
Build
========================================
Selected platform: wasm
Swift version: 6.1
Building package at path: $PWD
https://github.com/KC-2001MS/Hashify.git
https://github.com/KC-2001MS/Hashify.git
WARNING: environment variable SUPPRESS_SWIFT_6_FLAGS is not set
Running build ...
bash -c docker run --pull=always --rm -v "checkouts-54344847-1":/host -w "$PWD" -e JAVA_HOME="/root/.sdkman/candidates/java/current" -e SPI_BUILD="1" -e SPI_PROCESSING="1" registry.gitlab.com/saguaro1/spi-images:wasm-6.1-latest swift build --swift-sdk wasm32-unknown-wasi -Xswiftc -Xfrontend -Xswiftc -stats-output-dir -Xswiftc -Xfrontend -Xswiftc .stats -Xswiftc -strict-concurrency=complete -Xswiftc -enable-upcoming-feature -Xswiftc StrictConcurrency -Xswiftc -enable-upcoming-feature -Xswiftc DisableOutwardActorInference -Xswiftc -enable-upcoming-feature -Xswiftc GlobalActorIsolatedTypesUsability -Xswiftc -enable-upcoming-feature -Xswiftc InferSendableFromCaptures 2>&1
wasm-6.1-latest: Pulling from saguaro1/spi-images
Digest: sha256:1ad245dad3d2ae0004e1afbc92334bd39884ed9ca587cf04d0a8d5f640fb02e9
Status: Image is up to date for registry.gitlab.com/saguaro1/spi-images:wasm-6.1-latest
Fetching https://github.com/pointfreeco/swift-macro-testing.git
Fetching https://github.com/apple/swift-docc-plugin
Fetching https://github.com/swiftlang/swift-syntax.git
[1/2325] Fetching swift-docc-plugin
[211/3286] Fetching swift-docc-plugin, swift-macro-testing
Fetched https://github.com/pointfreeco/swift-macro-testing.git from cache (0.40s)
[396/2325] Fetching swift-docc-plugin
Fetched https://github.com/apple/swift-docc-plugin from cache (0.45s)
[1/76051] Fetching swift-syntax
Fetched https://github.com/swiftlang/swift-syntax.git from cache (2.56s)
Computing version for https://github.com/pointfreeco/swift-macro-testing.git
Computed https://github.com/pointfreeco/swift-macro-testing.git at 0.6.5 (2.79s)
Fetching https://github.com/pointfreeco/swift-snapshot-testing
[1/16203] Fetching swift-snapshot-testing
Fetched https://github.com/pointfreeco/swift-snapshot-testing from cache (2.38s)
Computing version for https://github.com/apple/swift-docc-plugin
Computed https://github.com/apple/swift-docc-plugin at 1.5.0 (3.30s)
Fetching https://github.com/swiftlang/swift-docc-symbolkit
[1/3753] Fetching swift-docc-symbolkit
Fetched https://github.com/swiftlang/swift-docc-symbolkit from cache (0.47s)
Computing version for https://github.com/swiftlang/swift-docc-symbolkit
Computed https://github.com/swiftlang/swift-docc-symbolkit at 1.0.0 (0.73s)
Computing version for https://github.com/pointfreeco/swift-snapshot-testing
Computed https://github.com/pointfreeco/swift-snapshot-testing at 1.19.3 (0.21s)
Fetching https://github.com/pointfreeco/swift-custom-dump
[1/5631] Fetching swift-custom-dump
Fetched https://github.com/pointfreeco/swift-custom-dump from cache (0.78s)
Computing version for https://github.com/pointfreeco/swift-custom-dump
Computed https://github.com/pointfreeco/swift-custom-dump at 1.6.1 (1.01s)
Fetching https://github.com/pointfreeco/xctest-dynamic-overlay
[1/2578] Fetching xctest-dynamic-overlay
Fetched https://github.com/pointfreeco/xctest-dynamic-overlay from cache (0.57s)
Computing version for https://github.com/pointfreeco/xctest-dynamic-overlay
Computed https://github.com/pointfreeco/xctest-dynamic-overlay at 1.11.0 (1.52s)
Computing version for https://github.com/swiftlang/swift-syntax.git
Computed https://github.com/swiftlang/swift-syntax.git at 600.0.1 (0.31s)
Creating working copy for https://github.com/swiftlang/swift-syntax.git
Working copy of https://github.com/swiftlang/swift-syntax.git resolved at 600.0.1
Creating working copy for https://github.com/pointfreeco/swift-snapshot-testing
Working copy of https://github.com/pointfreeco/swift-snapshot-testing resolved at 1.19.3
Creating working copy for https://github.com/swiftlang/swift-docc-symbolkit
Working copy of https://github.com/swiftlang/swift-docc-symbolkit resolved at 1.0.0
Creating working copy for https://github.com/apple/swift-docc-plugin
Working copy of https://github.com/apple/swift-docc-plugin resolved at 1.5.0
Creating working copy for https://github.com/pointfreeco/xctest-dynamic-overlay
Working copy of https://github.com/pointfreeco/xctest-dynamic-overlay resolved at 1.11.0
Creating working copy for https://github.com/pointfreeco/swift-custom-dump
Working copy of https://github.com/pointfreeco/swift-custom-dump resolved at 1.6.1
Creating working copy for https://github.com/pointfreeco/swift-macro-testing.git
Working copy of https://github.com/pointfreeco/swift-macro-testing.git resolved at 0.6.5
[1/1] Compiling plugin Swift-DocC Preview
[2/2] Compiling plugin Swift-DocC
Building for debugging...
[2/47] Write sources
[22/47] Compiling _SwiftSyntaxCShims dummy.c
[23/47] Write swift-version-24593BA9C3E375BF.txt
[25/57] Emitting module SwiftSyntax510
<unknown>:0: warning: upcoming feature 'InferSendableFromCaptures' is already enabled as of Swift version 6
<unknown>:0: warning: upcoming feature 'GlobalActorIsolatedTypesUsability' is already enabled as of Swift version 6
<unknown>:0: warning: upcoming feature 'DisableOutwardActorInference' is already enabled as of Swift version 6
[26/57] Compiling SwiftSyntax510 Empty.swift
<unknown>:0: warning: upcoming feature 'InferSendableFromCaptures' is already enabled as of Swift version 6
<unknown>:0: warning: upcoming feature 'GlobalActorIsolatedTypesUsability' is already enabled as of Swift version 6
<unknown>:0: warning: upcoming feature 'DisableOutwardActorInference' is already enabled as of Swift version 6
[27/58] Wrapping AST for SwiftSyntax510 for debugging
[29/58] Compiling SwiftSyntax600 Empty.swift
<unknown>:0: warning: upcoming feature 'InferSendableFromCaptures' is already enabled as of Swift version 6
<unknown>:0: warning: upcoming feature 'GlobalActorIsolatedTypesUsability' is already enabled as of Swift version 6
<unknown>:0: warning: upcoming feature 'DisableOutwardActorInference' is already enabled as of Swift version 6
[30/58] Emitting module SwiftSyntax600
<unknown>:0: warning: upcoming feature 'InferSendableFromCaptures' is already enabled as of Swift version 6
<unknown>:0: warning: upcoming feature 'GlobalActorIsolatedTypesUsability' is already enabled as of Swift version 6
<unknown>:0: warning: upcoming feature 'DisableOutwardActorInference' is already enabled as of Swift version 6
[31/59] Wrapping AST for SwiftSyntax600 for debugging
[33/59] Compiling SwiftSyntax509 Empty.swift
<unknown>:0: warning: upcoming feature 'InferSendableFromCaptures' is already enabled as of Swift version 6
<unknown>:0: warning: upcoming feature 'GlobalActorIsolatedTypesUsability' is already enabled as of Swift version 6
<unknown>:0: warning: upcoming feature 'DisableOutwardActorInference' is already enabled as of Swift version 6
[34/59] Emitting module SwiftSyntax509
<unknown>:0: warning: upcoming feature 'InferSendableFromCaptures' is already enabled as of Swift version 6
<unknown>:0: warning: upcoming feature 'GlobalActorIsolatedTypesUsability' is already enabled as of Swift version 6
<unknown>:0: warning: upcoming feature 'DisableOutwardActorInference' is already enabled as of Swift version 6
[35/60] Wrapping AST for SwiftSyntax509 for debugging
[37/124] Compiling HashifyCore HashAlgorithm.swift
<unknown>:0: warning: upcoming feature 'InferSendableFromCaptures' is already enabled as of Swift version 6
<unknown>:0: warning: upcoming feature 'GlobalActorIsolatedTypesUsability' is already enabled as of Swift version 6
<unknown>:0: warning: upcoming feature 'DisableOutwardActorInference' is already enabled as of Swift version 6
/host/spi-builder-workspace/Sources/HashifyCore/HashAlgorithm.swift:8:8: error: no such module 'CryptoKit'
6 | //
7 |
8 | import CryptoKit
| `- error: no such module 'CryptoKit'
9 | import Foundation
10 |
error: emit-module command failed with exit code 1 (use -v to see invocation)
[38/124] Emitting module HashifyCore
<unknown>:0: warning: upcoming feature 'InferSendableFromCaptures' is already enabled as of Swift version 6
<unknown>:0: warning: upcoming feature 'GlobalActorIsolatedTypesUsability' is already enabled as of Swift version 6
<unknown>:0: warning: upcoming feature 'DisableOutwardActorInference' is already enabled as of Swift version 6
/host/spi-builder-workspace/Sources/HashifyCore/HashAlgorithm.swift:8:8: error: no such module 'CryptoKit'
6 | //
7 |
8 | import CryptoKit
| `- error: no such module 'CryptoKit'
9 | import Foundation
10 |
<unknown>:0: warning: upcoming feature 'InferSendableFromCaptures' is already enabled as of Swift version 6
<unknown>:0: warning: upcoming feature 'GlobalActorIsolatedTypesUsability' is already enabled as of Swift version 6
<unknown>:0: warning: upcoming feature 'DisableOutwardActorInference' is already enabled as of Swift version 6
error: emit-module command failed with exit code 1 (use -v to see invocation)
<unknown>:0: warning: upcoming feature 'InferSendableFromCaptures' is already enabled as of Swift version 6
<unknown>:0: warning: upcoming feature 'GlobalActorIsolatedTypesUsability' is already enabled as of Swift version 6
<unknown>:0: warning: upcoming feature 'DisableOutwardActorInference' is already enabled as of Swift version 6
/host/spi-builder-workspace/Sources/HashifyCore/HashAlgorithm.swift:8:8: error: no such module 'CryptoKit'
6 | //
7 |
8 | import CryptoKit
| `- error: no such module 'CryptoKit'
9 | import Foundation
10 |
<unknown>:0: warning: upcoming feature 'InferSendableFromCaptures' is already enabled as of Swift version 6
<unknown>:0: warning: upcoming feature 'GlobalActorIsolatedTypesUsability' is already enabled as of Swift version 6
<unknown>:0: warning: upcoming feature 'DisableOutwardActorInference' is already enabled as of Swift version 6
Running build ...
bash -c docker run --pull=always --rm -v "checkouts-54344847-1":/host -w "$PWD" -e JAVA_HOME="/root/.sdkman/candidates/java/current" -e SPI_BUILD="1" -e SPI_PROCESSING="1" registry.gitlab.com/saguaro1/spi-images:wasm-6.1-latest swift build --swift-sdk wasm32-unknown-wasi 2>&1
wasm-6.1-latest: Pulling from saguaro1/spi-images
Digest: sha256:1ad245dad3d2ae0004e1afbc92334bd39884ed9ca587cf04d0a8d5f640fb02e9
Status: Image is up to date for registry.gitlab.com/saguaro1/spi-images:wasm-6.1-latest
[0/1] Planning build
[1/1] Compiling plugin Swift-DocC Preview
[2/2] Compiling plugin Swift-DocC
Building for debugging...
[2/26] Write swift-version-24593BA9C3E375BF.txt
[4/36] Emitting module SwiftSyntax600
[5/36] Emitting module SwiftSyntax510
[6/36] Compiling SwiftSyntax510 Empty.swift
[7/36] Compiling SwiftSyntax600 Empty.swift
[8/38] Compiling SwiftSyntax509 Empty.swift
[9/38] Emitting module SwiftSyntax509
error: emit-module command failed with exit code 1 (use -v to see invocation)
[10/39] Emitting module HashifyCore
/host/spi-builder-workspace/Sources/HashifyCore/HashAlgorithm.swift:8:8: error: no such module 'CryptoKit'
6 | //
7 |
8 | import CryptoKit
| `- error: no such module 'CryptoKit'
9 | import Foundation
10 |
error: emit-module command failed with exit code 1 (use -v to see invocation)
/host/spi-builder-workspace/Sources/HashifyCore/HashAlgorithm.swift:8:8: error: no such module 'CryptoKit'
6 | //
7 |
8 | import CryptoKit
| `- error: no such module 'CryptoKit'
9 | import Foundation
10 |
[14/38] Compiling HashifyCore HashAlgorithm.swift
/host/spi-builder-workspace/Sources/HashifyCore/HashAlgorithm.swift:8:8: error: no such module 'CryptoKit'
6 | //
7 |
8 | import CryptoKit
| `- error: no such module 'CryptoKit'
9 | import Foundation
10 |
BUILD FAILURE 6.1 wasm