The Swift Package Index logo.Swift Package Index

Build Information

Failed to build yswift, reference main (976d5a), with Swift 6.4 for watchOS using Xcode 27.0 on 19 Sep 2026 06:18:38 UTC.

Build Command

env DEVELOPER_DIR=/Applications/Xcode-27.0.0-Release.Candidate.app xcrun xcodebuild -IDEClonedSourcePackagesDirPathOverride=$PWD/.dependencies -skipMacroValidation -skipPackagePluginValidation -derivedDataPath $PWD/.derivedData build -scheme yswift -destination generic/platform=watchOS

Build Log

SwiftCompile normal arm64 /Users/admin/builder/spi-builder-workspace/Sources/yswift/Coding/YDecoder/YUpdateDecoder+Ex.swift (in target 'yswift' from project 'yswift')
    cd /Users/admin/builder/spi-builder-workspace/.swiftpm/xcode
    builtin-SwiftPerFileCompile YUpdateDecoder+Ex.swift
SwiftCompile normal arm64 /Users/admin/builder/spi-builder-workspace/Sources/yswift/Coding/YDecoder/YUpdateDecoder.swift (in target 'yswift' from project 'yswift')
    cd /Users/admin/builder/spi-builder-workspace/.swiftpm/xcode
    builtin-SwiftPerFileCompile YUpdateDecoder.swift
SwiftCompile normal arm64 /Users/admin/builder/spi-builder-workspace/Sources/yswift/Coding/YEncoder/YDeleteSetEncoder+Ex.swift (in target 'yswift' from project 'yswift')
    cd /Users/admin/builder/spi-builder-workspace/.swiftpm/xcode
    builtin-SwiftPerFileCompile YDeleteSetEncoder+Ex.swift
SwiftCompile normal arm64 /Users/admin/builder/spi-builder-workspace/Sources/yswift/Coding/YEncoder/YDeleteSetEncoder.swift (in target 'yswift' from project 'yswift')
    cd /Users/admin/builder/spi-builder-workspace/.swiftpm/xcode
    builtin-SwiftPerFileCompile YDeleteSetEncoder.swift
SwiftEmitModule normal arm64_32 Emitting\ module\ for\ yswift (in target 'yswift' from project 'yswift')
SwiftCompile normal arm64_32 (in target 'yswift' from project 'yswift')
    cd /Users/admin/builder/spi-builder-workspace/.swiftpm/xcode

SwiftDriverJobDiscovery normal arm64 Compiling YAnyContent.swift, YBinaryContent.swift, YDeletedContent.swift, YDocumentContent.swift, YEmbedContent.swift, YFormatContent.swift, YJSONContent.swift, YObjectContent.swift (in target 'yswift' from project 'yswift')
SwiftCompile normal arm64_32 Compiling\ YObjectStore.swift,\ YReference.swift,\ YOpaqueObject.swift,\ YText.swift,\ YWrapperObject.swift,\ YAwareness.swift,\ YSync.swift,\ +YContent.swift /Users/admin/builder/spi-builder-workspace/Sources/yswift/Object/YObject/YObjectStore.swift /Users/admin/builder/spi-builder-workspace/Sources/yswift/Object/YObject/YReference.swift /Users/admin/builder/spi-builder-workspace/Sources/yswift/Object/YOpaqueObject.swift /Users/admin/builder/spi-builder-workspace/Sources/yswift/Object/YText/YText.swift /Users/admin/builder/spi-builder-workspace/Sources/yswift/Object/YWrapperObject.swift /Users/admin/builder/spi-builder-workspace/Sources/yswift/Protocol/YAwareness.swift /Users/admin/builder/spi-builder-workspace/Sources/yswift/Protocol/YSync.swift /Users/admin/builder/spi-builder-workspace/Sources/yswift/Struct/YContent/+YContent.swift (in target 'yswift' from project 'yswift')
SwiftCompile normal arm64_32 /Users/admin/builder/spi-builder-workspace/Sources/yswift/Object/YObject/YObjectStore.swift (in target 'yswift' from project 'yswift')
    cd /Users/admin/builder/spi-builder-workspace/.swiftpm/xcode
    builtin-SwiftPerFileCompile YObjectStore.swift
SwiftCompile normal arm64_32 /Users/admin/builder/spi-builder-workspace/Sources/yswift/Object/YObject/YReference.swift (in target 'yswift' from project 'yswift')
    cd /Users/admin/builder/spi-builder-workspace/.swiftpm/xcode
    builtin-SwiftPerFileCompile YReference.swift
SwiftCompile normal arm64_32 /Users/admin/builder/spi-builder-workspace/Sources/yswift/Object/YOpaqueObject.swift (in target 'yswift' from project 'yswift')
    cd /Users/admin/builder/spi-builder-workspace/.swiftpm/xcode
    builtin-SwiftPerFileCompile YOpaqueObject.swift
SwiftCompile normal arm64_32 /Users/admin/builder/spi-builder-workspace/Sources/yswift/Object/YText/YText.swift (in target 'yswift' from project 'yswift')
    cd /Users/admin/builder/spi-builder-workspace/.swiftpm/xcode
    builtin-SwiftPerFileCompile YText.swift
SwiftCompile normal arm64_32 /Users/admin/builder/spi-builder-workspace/Sources/yswift/Object/YWrapperObject.swift (in target 'yswift' from project 'yswift')
    cd /Users/admin/builder/spi-builder-workspace/.swiftpm/xcode
    builtin-SwiftPerFileCompile YWrapperObject.swift
SwiftCompile normal arm64_32 /Users/admin/builder/spi-builder-workspace/Sources/yswift/Protocol/YAwareness.swift (in target 'yswift' from project 'yswift')
    cd /Users/admin/builder/spi-builder-workspace/.swiftpm/xcode
    builtin-SwiftPerFileCompile YAwareness.swift
SwiftCompile normal arm64_32 /Users/admin/builder/spi-builder-workspace/Sources/yswift/Protocol/YSync.swift (in target 'yswift' from project 'yswift')
    cd /Users/admin/builder/spi-builder-workspace/.swiftpm/xcode
    builtin-SwiftPerFileCompile YSync.swift
SwiftCompile normal arm64_32 /Users/admin/builder/spi-builder-workspace/Sources/yswift/Struct/YContent/+YContent.swift (in target 'yswift' from project 'yswift')
    cd /Users/admin/builder/spi-builder-workspace/.swiftpm/xcode
    builtin-SwiftPerFileCompile +YContent.swift
SwiftDriverJobDiscovery normal arm64 Compiling YObject+Property(Struct).swift, YObject+Property.swift, YObject+Register.swift, YObject+Scan.swift, YObject+SmartCopy.swift, YObject.swift, YObjectEvent.swift, YObjectID.swift (in target 'yswift' from project 'yswift')
SwiftCompile normal arm64_32 Compiling\ YObject+Property(Struct).swift,\ YObject+Property.swift,\ YObject+Register.swift,\ YObject+Scan.swift,\ YObject+SmartCopy.swift,\ YObject.swift,\ YObjectEvent.swift,\ YObjectID.swift /Users/admin/builder/spi-builder-workspace/Sources/yswift/Object/YObject/Ex+/YObject+Property(Struct).swift /Users/admin/builder/spi-builder-workspace/Sources/yswift/Object/YObject/Ex+/YObject+Property.swift /Users/admin/builder/spi-builder-workspace/Sources/yswift/Object/YObject/Ex+/YObject+Register.swift /Users/admin/builder/spi-builder-workspace/Sources/yswift/Object/YObject/Ex+/YObject+Scan.swift /Users/admin/builder/spi-builder-workspace/Sources/yswift/Object/YObject/Ex+/YObject+SmartCopy.swift /Users/admin/builder/spi-builder-workspace/Sources/yswift/Object/YObject/YObject.swift /Users/admin/builder/spi-builder-workspace/Sources/yswift/Object/YObject/YObjectEvent.swift /Users/admin/builder/spi-builder-workspace/Sources/yswift/Object/YObject/YObjectID.swift (in target 'yswift' from project 'yswift')
SwiftCompile normal arm64_32 /Users/admin/builder/spi-builder-workspace/Sources/yswift/Object/YObject/Ex+/YObject+Property(Struct).swift (in target 'yswift' from project 'yswift')
    cd /Users/admin/builder/spi-builder-workspace/.swiftpm/xcode
    builtin-SwiftPerFileCompile YObject+Property\(Struct\).swift
SwiftCompile normal arm64_32 /Users/admin/builder/spi-builder-workspace/Sources/yswift/Object/YObject/Ex+/YObject+Property.swift (in target 'yswift' from project 'yswift')
    cd /Users/admin/builder/spi-builder-workspace/.swiftpm/xcode
    builtin-SwiftPerFileCompile YObject+Property.swift
SwiftCompile normal arm64_32 /Users/admin/builder/spi-builder-workspace/Sources/yswift/Object/YObject/Ex+/YObject+Register.swift (in target 'yswift' from project 'yswift')
    cd /Users/admin/builder/spi-builder-workspace/.swiftpm/xcode
    builtin-SwiftPerFileCompile YObject+Register.swift
SwiftCompile normal arm64_32 /Users/admin/builder/spi-builder-workspace/Sources/yswift/Object/YObject/Ex+/YObject+Scan.swift (in target 'yswift' from project 'yswift')
    cd /Users/admin/builder/spi-builder-workspace/.swiftpm/xcode
    builtin-SwiftPerFileCompile YObject+Scan.swift
SwiftCompile normal arm64_32 /Users/admin/builder/spi-builder-workspace/Sources/yswift/Object/YObject/Ex+/YObject+SmartCopy.swift (in target 'yswift' from project 'yswift')
    cd /Users/admin/builder/spi-builder-workspace/.swiftpm/xcode
    builtin-SwiftPerFileCompile YObject+SmartCopy.swift
SwiftCompile normal arm64_32 /Users/admin/builder/spi-builder-workspace/Sources/yswift/Object/YObject/YObject.swift (in target 'yswift' from project 'yswift')
    cd /Users/admin/builder/spi-builder-workspace/.swiftpm/xcode
    builtin-SwiftPerFileCompile YObject.swift
SwiftCompile normal arm64_32 /Users/admin/builder/spi-builder-workspace/Sources/yswift/Object/YObject/YObjectEvent.swift (in target 'yswift' from project 'yswift')
    cd /Users/admin/builder/spi-builder-workspace/.swiftpm/xcode
    builtin-SwiftPerFileCompile YObjectEvent.swift
SwiftCompile normal arm64_32 /Users/admin/builder/spi-builder-workspace/Sources/yswift/Object/YObject/YObjectID.swift (in target 'yswift' from project 'yswift')
    cd /Users/admin/builder/spi-builder-workspace/.swiftpm/xcode
    builtin-SwiftPerFileCompile YObjectID.swift
SwiftDriverJobDiscovery normal arm64 Compiling YEventChange.swift, YEventDelta.swift, YMap.swift, YOpaqueMap.swift, YOpaqueMapEvent.swift, YOpaqueObject+Map.swift, YObject+Description.swift, YObject+Pasteboard.swift (in target 'yswift' from project 'yswift')
SwiftCompile normal arm64_32 Compiling\ YEventChange.swift,\ YEventDelta.swift,\ YMap.swift,\ YOpaqueMap.swift,\ YOpaqueMapEvent.swift,\ YOpaqueObject+Map.swift,\ YObject+Description.swift,\ YObject+Pasteboard.swift /Users/admin/builder/spi-builder-workspace/Sources/yswift/Object/YEvent/YEventChange.swift /Users/admin/builder/spi-builder-workspace/Sources/yswift/Object/YEvent/YEventDelta.swift /Users/admin/builder/spi-builder-workspace/Sources/yswift/Object/YMap/YMap.swift /Users/admin/builder/spi-builder-workspace/Sources/yswift/Object/YMap/YOpaqueMap.swift /Users/admin/builder/spi-builder-workspace/Sources/yswift/Object/YMap/YOpaqueMapEvent.swift /Users/admin/builder/spi-builder-workspace/Sources/yswift/Object/YMap/YOpaqueObject+Map.swift /Users/admin/builder/spi-builder-workspace/Sources/yswift/Object/YObject/Ex+/YObject+Description.swift /Users/admin/builder/spi-builder-workspace/Sources/yswift/Object/YObject/Ex+/YObject+Pasteboard.swift (in target 'yswift' from project 'yswift')
SwiftCompile normal arm64_32 /Users/admin/builder/spi-builder-workspace/Sources/yswift/Object/YEvent/YEventChange.swift (in target 'yswift' from project 'yswift')
    cd /Users/admin/builder/spi-builder-workspace/.swiftpm/xcode
    builtin-SwiftPerFileCompile YEventChange.swift
SwiftCompile normal arm64_32 /Users/admin/builder/spi-builder-workspace/Sources/yswift/Object/YEvent/YEventDelta.swift (in target 'yswift' from project 'yswift')
    cd /Users/admin/builder/spi-builder-workspace/.swiftpm/xcode
    builtin-SwiftPerFileCompile YEventDelta.swift
SwiftCompile normal arm64_32 /Users/admin/builder/spi-builder-workspace/Sources/yswift/Object/YMap/YMap.swift (in target 'yswift' from project 'yswift')
    cd /Users/admin/builder/spi-builder-workspace/.swiftpm/xcode
    builtin-SwiftPerFileCompile YMap.swift
SwiftCompile normal arm64_32 /Users/admin/builder/spi-builder-workspace/Sources/yswift/Object/YMap/YOpaqueMap.swift (in target 'yswift' from project 'yswift')
    cd /Users/admin/builder/spi-builder-workspace/.swiftpm/xcode
    builtin-SwiftPerFileCompile YOpaqueMap.swift
SwiftCompile normal arm64_32 /Users/admin/builder/spi-builder-workspace/Sources/yswift/Object/YMap/YOpaqueMapEvent.swift (in target 'yswift' from project 'yswift')
    cd /Users/admin/builder/spi-builder-workspace/.swiftpm/xcode
    builtin-SwiftPerFileCompile YOpaqueMapEvent.swift
SwiftCompile normal arm64_32 /Users/admin/builder/spi-builder-workspace/Sources/yswift/Object/YMap/YOpaqueObject+Map.swift (in target 'yswift' from project 'yswift')
    cd /Users/admin/builder/spi-builder-workspace/.swiftpm/xcode
    builtin-SwiftPerFileCompile YOpaqueObject+Map.swift
SwiftCompile normal arm64_32 /Users/admin/builder/spi-builder-workspace/Sources/yswift/Object/YObject/Ex+/YObject+Description.swift (in target 'yswift' from project 'yswift')
    cd /Users/admin/builder/spi-builder-workspace/.swiftpm/xcode
    builtin-SwiftPerFileCompile YObject+Description.swift
SwiftCompile normal arm64_32 /Users/admin/builder/spi-builder-workspace/Sources/yswift/Object/YObject/Ex+/YObject+Pasteboard.swift (in target 'yswift' from project 'yswift')
    cd /Users/admin/builder/spi-builder-workspace/.swiftpm/xcode
    builtin-SwiftPerFileCompile YObject+Pasteboard.swift
SwiftDriverJobDiscovery normal arm64 Emitting module for yswift (in target 'yswift' from project 'yswift')
SwiftDriver\ Compilation\ Requirements yswift normal arm64 com.apple.xcode.tools.swift.compiler (in target 'yswift' from project 'yswift')
    cd /Users/admin/builder/spi-builder-workspace/.swiftpm/xcode
    builtin-Swift-Compilation-Requirements -- /Applications/Xcode-27.0.0-Release.Candidate.app/Contents/Developer/Toolchains/XcodeDefault.xctoolchain/usr/bin/swiftc -parse-as-library -module-name yswift -Onone @/Users/admin/builder/spi-builder-workspace/.derivedData/Build/Intermediates.noindex/yswift.build/Debug-watchos/yswift-t.build/Objects-normal/arm64/yswift.SwiftFileList -DSWIFT_PACKAGE -DDEBUG -DSWIFT_MODULE_RESOURCE_BUNDLE_UNAVAILABLE -DXcode -plugin-path /Applications/Xcode-27.0.0-Release.Candidate.app/Contents/Developer/Toolchains/XcodeDefault.xctoolchain/usr/lib/swift/host/plugins/testing -enable-experimental-feature DebugDescriptionMacro -sdk /Applications/Xcode-27.0.0-Release.Candidate.app/Contents/Developer/Platforms/WatchOS.platform/Developer/SDKs/WatchOS27.0.sdk -target arm64-apple-watchos9.0 -g -module-cache-path /Users/admin/builder/spi-builder-workspace/.derivedData/ModuleCache.noindex -Xfrontend -serialize-debugging-options -enable-testing -index-store-path /Users/admin/builder/spi-builder-workspace/.derivedData/Index.noindex/DataStore -Xcc -D_LIBCPP_HARDENING_MODE\=_LIBCPP_HARDENING_MODE_DEBUG -swift-version 5 -I /Users/admin/builder/spi-builder-workspace/.derivedData/Build/Products/Debug-watchos -Isystem /Applications/Xcode-27.0.0-Release.Candidate.app/Contents/Developer/Platforms/WatchOS.platform/Developer/usr/lib -F /Users/admin/builder/spi-builder-workspace/.derivedData/Build/Products/Debug-watchos/PackageFrameworks -F /Users/admin/builder/spi-builder-workspace/.derivedData/Build/Products/Debug-watchos -F /Applications/Xcode-27.0.0-Release.Candidate.app/Contents/Developer/Platforms/WatchOS.platform/Developer/Library/Frameworks -F /Applications/Xcode-27.0.0-Release.Candidate.app/Contents/Developer/Platforms/WatchOS.platform/Developer/SDKs/WatchOS27.0.sdk/Developer/Library/Frameworks -c -j10 -enable-batch-mode -incremental -Xcc -ivfsstatcache -Xcc /Users/admin/builder/spi-builder-workspace/.derivedData/SDKStatCaches.noindex/watchos27.0-24R360-e829b21a6f8c9b70876ba0858053c04477534ef55a1706bf4c1112bbb242f0a2.sdkstatcache -output-file-map /Users/admin/builder/spi-builder-workspace/.derivedData/Build/Intermediates.noindex/yswift.build/Debug-watchos/yswift-t.build/Objects-normal/arm64/yswift-OutputFileMap.json -save-temps -no-color-diagnostics -explicit-module-build -module-cache-path /Users/admin/builder/spi-builder-workspace/.derivedData/Build/Intermediates.noindex/SwiftExplicitPrecompiledModules -clang-scanner-module-cache-path /Users/admin/builder/spi-builder-workspace/.derivedData/ModuleCache.noindex -sdk-module-cache-path /Users/admin/builder/spi-builder-workspace/.derivedData/SDKExplicitPrecompiledModules -emit-dependencies -emit-module -emit-module-path /Users/admin/builder/spi-builder-workspace/.derivedData/Build/Intermediates.noindex/yswift.build/Debug-watchos/yswift-t.build/Objects-normal/arm64/yswift.swiftmodule -serialize-diagnostics -dependency-scan-serialize-diagnostics-path /Users/admin/builder/spi-builder-workspace/.derivedData/Build/Intermediates.noindex/yswift.build/Debug-watchos/yswift-t.build/Objects-normal/arm64/yswift-dependency-scan.dia -validate-clang-modules-once -clang-build-session-file /Users/admin/builder/spi-builder-workspace/.derivedData/ModuleCache.noindex/Session.modulevalidation -Xcc -fmodules-prune-interval\=86400 -Xcc -fmodules-prune-after\=345600 -emit-const-values -const-gather-protocols-list /Users/admin/builder/spi-builder-workspace/.derivedData/Build/Intermediates.noindex/yswift.build/Debug-watchos/yswift-t.build/Objects-normal/arm64/yswift_const_extract_protocols.json -Xcc -I/Users/admin/builder/spi-builder-workspace/.derivedData/Build/Products/Debug-watchos/include -Xcc -I/Users/admin/builder/spi-builder-workspace/.derivedData/Build/Intermediates.noindex/yswift.build/Debug-watchos/yswift-t.build/DerivedSources-normal/arm64 -Xcc -I/Users/admin/builder/spi-builder-workspace/.derivedData/Build/Intermediates.noindex/yswift.build/Debug-watchos/yswift-t.build/DerivedSources/arm64 -Xcc -I/Users/admin/builder/spi-builder-workspace/.derivedData/Build/Intermediates.noindex/yswift.build/Debug-watchos/yswift-t.build/DerivedSources -Xcc -DSWIFT_PACKAGE -Xcc -DDEBUG\=1 -emit-objc-header -emit-objc-header-path /Users/admin/builder/spi-builder-workspace/.derivedData/Build/Intermediates.noindex/yswift.build/Debug-watchos/yswift-t.build/Objects-normal/arm64/yswift-Swift.h -working-directory /Users/admin/builder/spi-builder-workspace/.swiftpm/xcode -experimental-emit-module-separately -disable-cmo
SwiftDriverJobDiscovery normal arm64 Compiling YStringContent.swift, YDeleteItem.swift, YDeleteSet.swift, YIdentifier.swift, YGC.swift, YItem.swift, YSkip.swift, YStructure.swift (in target 'yswift' from project 'yswift')
SwiftCompile normal arm64_32 Compiling\ YAnyContent.swift,\ YBinaryContent.swift,\ YDeletedContent.swift,\ YDocumentContent.swift,\ YEmbedContent.swift,\ YFormatContent.swift,\ YJSONContent.swift,\ YObjectContent.swift /Users/admin/builder/spi-builder-workspace/Sources/yswift/Struct/YContent/YAnyContent.swift /Users/admin/builder/spi-builder-workspace/Sources/yswift/Struct/YContent/YBinaryContent.swift /Users/admin/builder/spi-builder-workspace/Sources/yswift/Struct/YContent/YDeletedContent.swift /Users/admin/builder/spi-builder-workspace/Sources/yswift/Struct/YContent/YDocumentContent.swift /Users/admin/builder/spi-builder-workspace/Sources/yswift/Struct/YContent/YEmbedContent.swift /Users/admin/builder/spi-builder-workspace/Sources/yswift/Struct/YContent/YFormatContent.swift /Users/admin/builder/spi-builder-workspace/Sources/yswift/Struct/YContent/YJSONContent.swift /Users/admin/builder/spi-builder-workspace/Sources/yswift/Struct/YContent/YObjectContent.swift (in target 'yswift' from project 'yswift')
SwiftCompile normal arm64_32 /Users/admin/builder/spi-builder-workspace/Sources/yswift/Struct/YContent/YAnyContent.swift (in target 'yswift' from project 'yswift')
    cd /Users/admin/builder/spi-builder-workspace/.swiftpm/xcode
    builtin-SwiftPerFileCompile YAnyContent.swift
SwiftCompile normal arm64_32 /Users/admin/builder/spi-builder-workspace/Sources/yswift/Struct/YContent/YBinaryContent.swift (in target 'yswift' from project 'yswift')
    cd /Users/admin/builder/spi-builder-workspace/.swiftpm/xcode
    builtin-SwiftPerFileCompile YBinaryContent.swift
SwiftCompile normal arm64_32 /Users/admin/builder/spi-builder-workspace/Sources/yswift/Struct/YContent/YDeletedContent.swift (in target 'yswift' from project 'yswift')
    cd /Users/admin/builder/spi-builder-workspace/.swiftpm/xcode
    builtin-SwiftPerFileCompile YDeletedContent.swift
SwiftCompile normal arm64_32 /Users/admin/builder/spi-builder-workspace/Sources/yswift/Struct/YContent/YDocumentContent.swift (in target 'yswift' from project 'yswift')
    cd /Users/admin/builder/spi-builder-workspace/.swiftpm/xcode
    builtin-SwiftPerFileCompile YDocumentContent.swift
SwiftCompile normal arm64_32 /Users/admin/builder/spi-builder-workspace/Sources/yswift/Struct/YContent/YEmbedContent.swift (in target 'yswift' from project 'yswift')
    cd /Users/admin/builder/spi-builder-workspace/.swiftpm/xcode
    builtin-SwiftPerFileCompile YEmbedContent.swift
SwiftCompile normal arm64_32 /Users/admin/builder/spi-builder-workspace/Sources/yswift/Struct/YContent/YFormatContent.swift (in target 'yswift' from project 'yswift')
    cd /Users/admin/builder/spi-builder-workspace/.swiftpm/xcode
    builtin-SwiftPerFileCompile YFormatContent.swift
SwiftCompile normal arm64_32 /Users/admin/builder/spi-builder-workspace/Sources/yswift/Struct/YContent/YJSONContent.swift (in target 'yswift' from project 'yswift')
    cd /Users/admin/builder/spi-builder-workspace/.swiftpm/xcode
    builtin-SwiftPerFileCompile YJSONContent.swift
SwiftCompile normal arm64_32 /Users/admin/builder/spi-builder-workspace/Sources/yswift/Struct/YContent/YObjectContent.swift (in target 'yswift' from project 'yswift')
    cd /Users/admin/builder/spi-builder-workspace/.swiftpm/xcode
    builtin-SwiftPerFileCompile YObjectContent.swift
Copy /Users/admin/builder/spi-builder-workspace/.derivedData/Build/Products/Debug-watchos/yswift.swiftmodule/arm64-apple-watchos.swiftmodule /Users/admin/builder/spi-builder-workspace/.derivedData/Build/Intermediates.noindex/yswift.build/Debug-watchos/yswift-t.build/Objects-normal/arm64/yswift.swiftmodule (in target 'yswift' from project 'yswift')
    cd /Users/admin/builder/spi-builder-workspace
    builtin-copy -exclude .DS_Store -exclude CVS -exclude .svn -exclude .git -exclude .hg -resolve-src-symlinks -rename /Users/admin/builder/spi-builder-workspace/.derivedData/Build/Intermediates.noindex/yswift.build/Debug-watchos/yswift-t.build/Objects-normal/arm64/yswift.swiftmodule /Users/admin/builder/spi-builder-workspace/.derivedData/Build/Products/Debug-watchos/yswift.swiftmodule/arm64-apple-watchos.swiftmodule
SwiftDriverJobDiscovery normal arm64 Compiling YArray.swift, YArraySearchMarker.swift, YOpaqueArray.swift, YOpaqueArrayEvent.swift, YOpaqueObject+Array.swift, YElement+Primitive.swift, YElement.swift, YEvent.swift (in target 'yswift' from project 'yswift')
Copy /Users/admin/builder/spi-builder-workspace/.derivedData/Build/Products/Debug-watchos/yswift.swiftmodule/arm64-apple-watchos.swiftdoc /Users/admin/builder/spi-builder-workspace/.derivedData/Build/Intermediates.noindex/yswift.build/Debug-watchos/yswift-t.build/Objects-normal/arm64/yswift.swiftdoc (in target 'yswift' from project 'yswift')
    cd /Users/admin/builder/spi-builder-workspace
    builtin-copy -exclude .DS_Store -exclude CVS -exclude .svn -exclude .git -exclude .hg -resolve-src-symlinks -rename /Users/admin/builder/spi-builder-workspace/.derivedData/Build/Intermediates.noindex/yswift.build/Debug-watchos/yswift-t.build/Objects-normal/arm64/yswift.swiftdoc /Users/admin/builder/spi-builder-workspace/.derivedData/Build/Products/Debug-watchos/yswift.swiftmodule/arm64-apple-watchos.swiftdoc
Copy /Users/admin/builder/spi-builder-workspace/.derivedData/Build/Products/Debug-watchos/yswift.swiftmodule/arm64-apple-watchos.abi.json /Users/admin/builder/spi-builder-workspace/.derivedData/Build/Intermediates.noindex/yswift.build/Debug-watchos/yswift-t.build/Objects-normal/arm64/yswift.abi.json (in target 'yswift' from project 'yswift')
    cd /Users/admin/builder/spi-builder-workspace
    builtin-copy -exclude .DS_Store -exclude CVS -exclude .svn -exclude .git -exclude .hg -resolve-src-symlinks -rename /Users/admin/builder/spi-builder-workspace/.derivedData/Build/Intermediates.noindex/yswift.build/Debug-watchos/yswift-t.build/Objects-normal/arm64/yswift.abi.json /Users/admin/builder/spi-builder-workspace/.derivedData/Build/Products/Debug-watchos/yswift.swiftmodule/arm64-apple-watchos.abi.json
Copy /Users/admin/builder/spi-builder-workspace/.derivedData/Build/Products/Debug-watchos/yswift.swiftmodule/Project/arm64-apple-watchos.swiftsourceinfo /Users/admin/builder/spi-builder-workspace/.derivedData/Build/Intermediates.noindex/yswift.build/Debug-watchos/yswift-t.build/Objects-normal/arm64/yswift.swiftsourceinfo (in target 'yswift' from project 'yswift')
    cd /Users/admin/builder/spi-builder-workspace
    builtin-copy -exclude .DS_Store -exclude CVS -exclude .svn -exclude .git -exclude .hg -resolve-src-symlinks -rename /Users/admin/builder/spi-builder-workspace/.derivedData/Build/Intermediates.noindex/yswift.build/Debug-watchos/yswift-t.build/Objects-normal/arm64/yswift.swiftsourceinfo /Users/admin/builder/spi-builder-workspace/.derivedData/Build/Products/Debug-watchos/yswift.swiftmodule/Project/arm64-apple-watchos.swiftsourceinfo
SwiftCompile normal arm64_32 Compiling\ WeakBox.swift,\ _RangeExpression.swift,\ YDeleteSetDecoder+Ex.swift,\ YDeleteSetDecoder.swift,\ YLazyStructReader.swift,\ YUpdateDecoder+Ex.swift,\ YUpdateDecoder.swift,\ YDeleteSetEncoder+Ex.swift,\ YDeleteSetEncoder.swift /Users/admin/builder/spi-builder-workspace/Sources/yswift/+Library/WeakBox.swift /Users/admin/builder/spi-builder-workspace/Sources/yswift/+Library/_RangeExpression.swift /Users/admin/builder/spi-builder-workspace/Sources/yswift/Coding/YDecoder/YDeleteSetDecoder+Ex.swift /Users/admin/builder/spi-builder-workspace/Sources/yswift/Coding/YDecoder/YDeleteSetDecoder.swift /Users/admin/builder/spi-builder-workspace/Sources/yswift/Coding/YDecoder/YLazyStructReader.swift /Users/admin/builder/spi-builder-workspace/Sources/yswift/Coding/YDecoder/YUpdateDecoder+Ex.swift /Users/admin/builder/spi-builder-workspace/Sources/yswift/Coding/YDecoder/YUpdateDecoder.swift /Users/admin/builder/spi-builder-workspace/Sources/yswift/Coding/YEncoder/YDeleteSetEncoder+Ex.swift /Users/admin/builder/spi-builder-workspace/Sources/yswift/Coding/YEncoder/YDeleteSetEncoder.swift (in target 'yswift' from project 'yswift')
SwiftCompile normal arm64_32 /Users/admin/builder/spi-builder-workspace/Sources/yswift/+Library/WeakBox.swift (in target 'yswift' from project 'yswift')
    cd /Users/admin/builder/spi-builder-workspace/.swiftpm/xcode
    builtin-SwiftPerFileCompile WeakBox.swift
SwiftCompile normal arm64_32 /Users/admin/builder/spi-builder-workspace/Sources/yswift/+Library/_RangeExpression.swift (in target 'yswift' from project 'yswift')
    cd /Users/admin/builder/spi-builder-workspace/.swiftpm/xcode
    builtin-SwiftPerFileCompile _RangeExpression.swift
SwiftCompile normal arm64_32 /Users/admin/builder/spi-builder-workspace/Sources/yswift/Coding/YDecoder/YDeleteSetDecoder+Ex.swift (in target 'yswift' from project 'yswift')
    cd /Users/admin/builder/spi-builder-workspace/.swiftpm/xcode
    builtin-SwiftPerFileCompile YDeleteSetDecoder+Ex.swift
SwiftCompile normal arm64_32 /Users/admin/builder/spi-builder-workspace/Sources/yswift/Coding/YDecoder/YDeleteSetDecoder.swift (in target 'yswift' from project 'yswift')
    cd /Users/admin/builder/spi-builder-workspace/.swiftpm/xcode
    builtin-SwiftPerFileCompile YDeleteSetDecoder.swift
SwiftCompile normal arm64_32 /Users/admin/builder/spi-builder-workspace/Sources/yswift/Coding/YDecoder/YLazyStructReader.swift (in target 'yswift' from project 'yswift')
    cd /Users/admin/builder/spi-builder-workspace/.swiftpm/xcode
    builtin-SwiftPerFileCompile YLazyStructReader.swift
SwiftCompile normal arm64_32 /Users/admin/builder/spi-builder-workspace/Sources/yswift/Coding/YDecoder/YUpdateDecoder+Ex.swift (in target 'yswift' from project 'yswift')
    cd /Users/admin/builder/spi-builder-workspace/.swiftpm/xcode
    builtin-SwiftPerFileCompile YUpdateDecoder+Ex.swift
SwiftCompile normal arm64_32 /Users/admin/builder/spi-builder-workspace/Sources/yswift/Coding/YDecoder/YUpdateDecoder.swift (in target 'yswift' from project 'yswift')
    cd /Users/admin/builder/spi-builder-workspace/.swiftpm/xcode
    builtin-SwiftPerFileCompile YUpdateDecoder.swift
SwiftCompile normal arm64_32 /Users/admin/builder/spi-builder-workspace/Sources/yswift/Coding/YEncoder/YDeleteSetEncoder+Ex.swift (in target 'yswift' from project 'yswift')
    cd /Users/admin/builder/spi-builder-workspace/.swiftpm/xcode
    builtin-SwiftPerFileCompile YDeleteSetEncoder+Ex.swift
SwiftCompile normal arm64_32 /Users/admin/builder/spi-builder-workspace/Sources/yswift/Coding/YEncoder/YDeleteSetEncoder.swift (in target 'yswift' from project 'yswift')
    cd /Users/admin/builder/spi-builder-workspace/.swiftpm/xcode
    builtin-SwiftPerFileCompile YDeleteSetEncoder.swift
SwiftCompile normal arm64_32 Compiling\ Backtrace.swift,\ DictionaryCodingKey.swift,\ DictionaryDecoder.swift,\ DictionaryEncoder.swift,\ DictionaryErrors.swift,\ JSFunctions.swift,\ JSHashable.swift,\ RefArray.swift,\ RefDictionary.swift /Users/admin/builder/spi-builder-workspace/Sources/yswift/+Library/Backtrace.swift /Users/admin/builder/spi-builder-workspace/Sources/yswift/+Library/DictionaryEncoder/DictionaryCodingKey.swift /Users/admin/builder/spi-builder-workspace/Sources/yswift/+Library/DictionaryEncoder/DictionaryDecoder.swift /Users/admin/builder/spi-builder-workspace/Sources/yswift/+Library/DictionaryEncoder/DictionaryEncoder.swift /Users/admin/builder/spi-builder-workspace/Sources/yswift/+Library/DictionaryEncoder/DictionaryErrors.swift /Users/admin/builder/spi-builder-workspace/Sources/yswift/+Library/JSFunctions.swift /Users/admin/builder/spi-builder-workspace/Sources/yswift/+Library/JSHashable.swift /Users/admin/builder/spi-builder-workspace/Sources/yswift/+Library/RefArray.swift /Users/admin/builder/spi-builder-workspace/Sources/yswift/+Library/RefDictionary.swift (in target 'yswift' from project 'yswift')
SwiftCompile normal arm64_32 /Users/admin/builder/spi-builder-workspace/Sources/yswift/+Library/Backtrace.swift (in target 'yswift' from project 'yswift')
    cd /Users/admin/builder/spi-builder-workspace/.swiftpm/xcode
    builtin-SwiftPerFileCompile Backtrace.swift
SwiftCompile normal arm64_32 /Users/admin/builder/spi-builder-workspace/Sources/yswift/+Library/DictionaryEncoder/DictionaryCodingKey.swift (in target 'yswift' from project 'yswift')
    cd /Users/admin/builder/spi-builder-workspace/.swiftpm/xcode
    builtin-SwiftPerFileCompile DictionaryCodingKey.swift
SwiftCompile normal arm64_32 /Users/admin/builder/spi-builder-workspace/Sources/yswift/+Library/DictionaryEncoder/DictionaryDecoder.swift (in target 'yswift' from project 'yswift')
    cd /Users/admin/builder/spi-builder-workspace/.swiftpm/xcode
    builtin-SwiftPerFileCompile DictionaryDecoder.swift
SwiftCompile normal arm64_32 /Users/admin/builder/spi-builder-workspace/Sources/yswift/+Library/DictionaryEncoder/DictionaryEncoder.swift (in target 'yswift' from project 'yswift')
    cd /Users/admin/builder/spi-builder-workspace/.swiftpm/xcode
    builtin-SwiftPerFileCompile DictionaryEncoder.swift
SwiftCompile normal arm64_32 /Users/admin/builder/spi-builder-workspace/Sources/yswift/+Library/DictionaryEncoder/DictionaryErrors.swift (in target 'yswift' from project 'yswift')
    cd /Users/admin/builder/spi-builder-workspace/.swiftpm/xcode
    builtin-SwiftPerFileCompile DictionaryErrors.swift
SwiftCompile normal arm64_32 /Users/admin/builder/spi-builder-workspace/Sources/yswift/+Library/JSFunctions.swift (in target 'yswift' from project 'yswift')
    cd /Users/admin/builder/spi-builder-workspace/.swiftpm/xcode
    builtin-SwiftPerFileCompile JSFunctions.swift
SwiftCompile normal arm64_32 /Users/admin/builder/spi-builder-workspace/Sources/yswift/+Library/JSHashable.swift (in target 'yswift' from project 'yswift')
    cd /Users/admin/builder/spi-builder-workspace/.swiftpm/xcode
    builtin-SwiftPerFileCompile JSHashable.swift
SwiftCompile normal arm64_32 /Users/admin/builder/spi-builder-workspace/Sources/yswift/+Library/RefArray.swift (in target 'yswift' from project 'yswift')
    cd /Users/admin/builder/spi-builder-workspace/.swiftpm/xcode
    builtin-SwiftPerFileCompile RefArray.swift
SwiftCompile normal arm64_32 /Users/admin/builder/spi-builder-workspace/Sources/yswift/+Library/RefDictionary.swift (in target 'yswift' from project 'yswift')
    cd /Users/admin/builder/spi-builder-workspace/.swiftpm/xcode
    builtin-SwiftPerFileCompile RefDictionary.swift
SwiftDriverJobDiscovery normal arm64 Compiling WeakBox.swift, _RangeExpression.swift, YDeleteSetDecoder+Ex.swift, YDeleteSetDecoder.swift, YLazyStructReader.swift, YUpdateDecoder+Ex.swift, YUpdateDecoder.swift, YDeleteSetEncoder+Ex.swift, YDeleteSetEncoder.swift (in target 'yswift' from project 'yswift')
SwiftCompile normal arm64_32 Compiling\ YArray.swift,\ YArraySearchMarker.swift,\ YOpaqueArray.swift,\ YOpaqueArrayEvent.swift,\ YOpaqueObject+Array.swift,\ YElement+Primitive.swift,\ YElement.swift,\ YEvent.swift /Users/admin/builder/spi-builder-workspace/Sources/yswift/Object/YArray/YArray.swift /Users/admin/builder/spi-builder-workspace/Sources/yswift/Object/YArray/YArraySearchMarker.swift /Users/admin/builder/spi-builder-workspace/Sources/yswift/Object/YArray/YOpaqueArray.swift /Users/admin/builder/spi-builder-workspace/Sources/yswift/Object/YArray/YOpaqueArrayEvent.swift /Users/admin/builder/spi-builder-workspace/Sources/yswift/Object/YArray/YOpaqueObject+Array.swift /Users/admin/builder/spi-builder-workspace/Sources/yswift/Object/YElement/YElement+Primitive.swift /Users/admin/builder/spi-builder-workspace/Sources/yswift/Object/YElement/YElement.swift /Users/admin/builder/spi-builder-workspace/Sources/yswift/Object/YEvent/YEvent.swift (in target 'yswift' from project 'yswift')
SwiftCompile normal arm64_32 /Users/admin/builder/spi-builder-workspace/Sources/yswift/Object/YArray/YArray.swift (in target 'yswift' from project 'yswift')
    cd /Users/admin/builder/spi-builder-workspace/.swiftpm/xcode
    builtin-SwiftPerFileCompile YArray.swift
SwiftCompile normal arm64_32 /Users/admin/builder/spi-builder-workspace/Sources/yswift/Object/YArray/YArraySearchMarker.swift (in target 'yswift' from project 'yswift')
    cd /Users/admin/builder/spi-builder-workspace/.swiftpm/xcode
    builtin-SwiftPerFileCompile YArraySearchMarker.swift
SwiftCompile normal arm64_32 /Users/admin/builder/spi-builder-workspace/Sources/yswift/Object/YArray/YOpaqueArray.swift (in target 'yswift' from project 'yswift')
    cd /Users/admin/builder/spi-builder-workspace/.swiftpm/xcode
    builtin-SwiftPerFileCompile YOpaqueArray.swift
SwiftCompile normal arm64_32 /Users/admin/builder/spi-builder-workspace/Sources/yswift/Object/YArray/YOpaqueArrayEvent.swift (in target 'yswift' from project 'yswift')
    cd /Users/admin/builder/spi-builder-workspace/.swiftpm/xcode
    builtin-SwiftPerFileCompile YOpaqueArrayEvent.swift
SwiftCompile normal arm64_32 /Users/admin/builder/spi-builder-workspace/Sources/yswift/Object/YArray/YOpaqueObject+Array.swift (in target 'yswift' from project 'yswift')
    cd /Users/admin/builder/spi-builder-workspace/.swiftpm/xcode
    builtin-SwiftPerFileCompile YOpaqueObject+Array.swift
SwiftCompile normal arm64_32 /Users/admin/builder/spi-builder-workspace/Sources/yswift/Object/YElement/YElement+Primitive.swift (in target 'yswift' from project 'yswift')
    cd /Users/admin/builder/spi-builder-workspace/.swiftpm/xcode
    builtin-SwiftPerFileCompile YElement+Primitive.swift
SwiftCompile normal arm64_32 /Users/admin/builder/spi-builder-workspace/Sources/yswift/Object/YElement/YElement.swift (in target 'yswift' from project 'yswift')
    cd /Users/admin/builder/spi-builder-workspace/.swiftpm/xcode
    builtin-SwiftPerFileCompile YElement.swift
SwiftCompile normal arm64_32 /Users/admin/builder/spi-builder-workspace/Sources/yswift/Object/YEvent/YEvent.swift (in target 'yswift' from project 'yswift')
    cd /Users/admin/builder/spi-builder-workspace/.swiftpm/xcode
    builtin-SwiftPerFileCompile YEvent.swift
SwiftDriverJobDiscovery normal arm64 Compiling Backtrace.swift, DictionaryCodingKey.swift, DictionaryDecoder.swift, DictionaryEncoder.swift, DictionaryErrors.swift, JSFunctions.swift, JSHashable.swift, RefArray.swift, RefDictionary.swift (in target 'yswift' from project 'yswift')
SwiftCompile normal arm64_32 Compiling\ YLazyStructWriter.swift,\ YUpdateEncoder+Ex.swift,\ YUpdateEncoder.swift,\ YDecodedUpdate.swift,\ YUpdate+Log.swift,\ YUpdate.swift,\ YCodable.swift,\ YPasteboard.swift,\ YRawRepresentable.swift /Users/admin/builder/spi-builder-workspace/Sources/yswift/Coding/YEncoder/YLazyStructWriter.swift /Users/admin/builder/spi-builder-workspace/Sources/yswift/Coding/YEncoder/YUpdateEncoder+Ex.swift /Users/admin/builder/spi-builder-workspace/Sources/yswift/Coding/YEncoder/YUpdateEncoder.swift /Users/admin/builder/spi-builder-workspace/Sources/yswift/Coding/YUpdate/YDecodedUpdate.swift /Users/admin/builder/spi-builder-workspace/Sources/yswift/Coding/YUpdate/YUpdate+Log.swift /Users/admin/builder/spi-builder-workspace/Sources/yswift/Coding/YUpdate/YUpdate.swift /Users/admin/builder/spi-builder-workspace/Sources/yswift/Object/Swift\ Integration/YCodable.swift /Users/admin/builder/spi-builder-workspace/Sources/yswift/Object/Swift\ Integration/YPasteboard.swift /Users/admin/builder/spi-builder-workspace/Sources/yswift/Object/Swift\ Integration/YRawRepresentable.swift (in target 'yswift' from project 'yswift')
SwiftCompile normal arm64_32 /Users/admin/builder/spi-builder-workspace/Sources/yswift/Coding/YEncoder/YLazyStructWriter.swift (in target 'yswift' from project 'yswift')
    cd /Users/admin/builder/spi-builder-workspace/.swiftpm/xcode
    builtin-SwiftPerFileCompile YLazyStructWriter.swift
SwiftCompile normal arm64_32 /Users/admin/builder/spi-builder-workspace/Sources/yswift/Coding/YEncoder/YUpdateEncoder+Ex.swift (in target 'yswift' from project 'yswift')
    cd /Users/admin/builder/spi-builder-workspace/.swiftpm/xcode
    builtin-SwiftPerFileCompile YUpdateEncoder+Ex.swift
SwiftCompile normal arm64_32 /Users/admin/builder/spi-builder-workspace/Sources/yswift/Coding/YEncoder/YUpdateEncoder.swift (in target 'yswift' from project 'yswift')
    cd /Users/admin/builder/spi-builder-workspace/.swiftpm/xcode
    builtin-SwiftPerFileCompile YUpdateEncoder.swift
SwiftCompile normal arm64_32 /Users/admin/builder/spi-builder-workspace/Sources/yswift/Coding/YUpdate/YDecodedUpdate.swift (in target 'yswift' from project 'yswift')
    cd /Users/admin/builder/spi-builder-workspace/.swiftpm/xcode
    builtin-SwiftPerFileCompile YDecodedUpdate.swift
SwiftCompile normal arm64_32 /Users/admin/builder/spi-builder-workspace/Sources/yswift/Coding/YUpdate/YUpdate+Log.swift (in target 'yswift' from project 'yswift')
    cd /Users/admin/builder/spi-builder-workspace/.swiftpm/xcode
    builtin-SwiftPerFileCompile YUpdate+Log.swift
SwiftCompile normal arm64_32 /Users/admin/builder/spi-builder-workspace/Sources/yswift/Coding/YUpdate/YUpdate.swift (in target 'yswift' from project 'yswift')
    cd /Users/admin/builder/spi-builder-workspace/.swiftpm/xcode
    builtin-SwiftPerFileCompile YUpdate.swift
SwiftCompile normal arm64_32 /Users/admin/builder/spi-builder-workspace/Sources/yswift/Object/Swift\ Integration/YCodable.swift (in target 'yswift' from project 'yswift')
    cd /Users/admin/builder/spi-builder-workspace/.swiftpm/xcode
    builtin-SwiftPerFileCompile YCodable.swift
SwiftCompile normal arm64_32 /Users/admin/builder/spi-builder-workspace/Sources/yswift/Object/Swift\ Integration/YPasteboard.swift (in target 'yswift' from project 'yswift')
    cd /Users/admin/builder/spi-builder-workspace/.swiftpm/xcode
    builtin-SwiftPerFileCompile YPasteboard.swift
SwiftCompile normal arm64_32 /Users/admin/builder/spi-builder-workspace/Sources/yswift/Object/Swift\ Integration/YRawRepresentable.swift (in target 'yswift' from project 'yswift')
    cd /Users/admin/builder/spi-builder-workspace/.swiftpm/xcode
    builtin-SwiftPerFileCompile YRawRepresentable.swift
SwiftDriverJobDiscovery normal arm64 Compiling YEventHandler.swift, YPermanentUserData.swift, YSnapshot.swift, YStructStore.swift, YSwiftError.swift, YTransaction.swift, YUndoManager.swift, YDocument.swift (in target 'yswift' from project 'yswift')
SwiftCompile normal arm64_32 Compiling\ YStringContent.swift,\ YDeleteItem.swift,\ YDeleteSet.swift,\ YIdentifier.swift,\ YGC.swift,\ YItem.swift,\ YSkip.swift,\ YStructure.swift /Users/admin/builder/spi-builder-workspace/Sources/yswift/Struct/YContent/YStringContent.swift /Users/admin/builder/spi-builder-workspace/Sources/yswift/Struct/YDeleteSet/YDeleteItem.swift /Users/admin/builder/spi-builder-workspace/Sources/yswift/Struct/YDeleteSet/YDeleteSet.swift /Users/admin/builder/spi-builder-workspace/Sources/yswift/Struct/YIdentifier.swift /Users/admin/builder/spi-builder-workspace/Sources/yswift/Struct/YStruct/YGC.swift /Users/admin/builder/spi-builder-workspace/Sources/yswift/Struct/YStruct/YItem.swift /Users/admin/builder/spi-builder-workspace/Sources/yswift/Struct/YStruct/YSkip.swift /Users/admin/builder/spi-builder-workspace/Sources/yswift/Struct/YStruct/YStructure.swift (in target 'yswift' from project 'yswift')
SwiftCompile normal arm64_32 /Users/admin/builder/spi-builder-workspace/Sources/yswift/Struct/YContent/YStringContent.swift (in target 'yswift' from project 'yswift')
    cd /Users/admin/builder/spi-builder-workspace/.swiftpm/xcode
    builtin-SwiftPerFileCompile YStringContent.swift
SwiftCompile normal arm64_32 /Users/admin/builder/spi-builder-workspace/Sources/yswift/Struct/YDeleteSet/YDeleteItem.swift (in target 'yswift' from project 'yswift')
    cd /Users/admin/builder/spi-builder-workspace/.swiftpm/xcode
    builtin-SwiftPerFileCompile YDeleteItem.swift
SwiftCompile normal arm64_32 /Users/admin/builder/spi-builder-workspace/Sources/yswift/Struct/YDeleteSet/YDeleteSet.swift (in target 'yswift' from project 'yswift')
    cd /Users/admin/builder/spi-builder-workspace/.swiftpm/xcode
    builtin-SwiftPerFileCompile YDeleteSet.swift
SwiftCompile normal arm64_32 /Users/admin/builder/spi-builder-workspace/Sources/yswift/Struct/YIdentifier.swift (in target 'yswift' from project 'yswift')
    cd /Users/admin/builder/spi-builder-workspace/.swiftpm/xcode
    builtin-SwiftPerFileCompile YIdentifier.swift
SwiftCompile normal arm64_32 /Users/admin/builder/spi-builder-workspace/Sources/yswift/Struct/YStruct/YGC.swift (in target 'yswift' from project 'yswift')
    cd /Users/admin/builder/spi-builder-workspace/.swiftpm/xcode
    builtin-SwiftPerFileCompile YGC.swift
SwiftCompile normal arm64_32 /Users/admin/builder/spi-builder-workspace/Sources/yswift/Struct/YStruct/YItem.swift (in target 'yswift' from project 'yswift')
    cd /Users/admin/builder/spi-builder-workspace/.swiftpm/xcode
    builtin-SwiftPerFileCompile YItem.swift
SwiftCompile normal arm64_32 /Users/admin/builder/spi-builder-workspace/Sources/yswift/Struct/YStruct/YSkip.swift (in target 'yswift' from project 'yswift')
    cd /Users/admin/builder/spi-builder-workspace/.swiftpm/xcode
    builtin-SwiftPerFileCompile YSkip.swift
SwiftCompile normal arm64_32 /Users/admin/builder/spi-builder-workspace/Sources/yswift/Struct/YStruct/YStructure.swift (in target 'yswift' from project 'yswift')
    cd /Users/admin/builder/spi-builder-workspace/.swiftpm/xcode
    builtin-SwiftPerFileCompile YStructure.swift
SwiftDriverJobDiscovery normal arm64 Compiling YObjectStore.swift, YReference.swift, YOpaqueObject.swift, YText.swift, YWrapperObject.swift, YAwareness.swift, YSync.swift, +YContent.swift (in target 'yswift' from project 'yswift')
SwiftCompile normal arm64_32 Compiling\ YEventHandler.swift,\ YPermanentUserData.swift,\ YSnapshot.swift,\ YStructStore.swift,\ YSwiftError.swift,\ YTransaction.swift,\ YUndoManager.swift,\ YDocument.swift /Users/admin/builder/spi-builder-workspace/Sources/yswift/Utilities/YEventHandler.swift /Users/admin/builder/spi-builder-workspace/Sources/yswift/Utilities/YPermanentUserData.swift /Users/admin/builder/spi-builder-workspace/Sources/yswift/Utilities/YSnapshot.swift /Users/admin/builder/spi-builder-workspace/Sources/yswift/Utilities/YStructStore.swift /Users/admin/builder/spi-builder-workspace/Sources/yswift/Utilities/YSwiftError.swift /Users/admin/builder/spi-builder-workspace/Sources/yswift/Utilities/YTransaction.swift /Users/admin/builder/spi-builder-workspace/Sources/yswift/Utilities/YUndoManager.swift /Users/admin/builder/spi-builder-workspace/Sources/yswift/YDocument.swift (in target 'yswift' from project 'yswift')
SwiftCompile normal arm64_32 /Users/admin/builder/spi-builder-workspace/Sources/yswift/Utilities/YEventHandler.swift (in target 'yswift' from project 'yswift')
    cd /Users/admin/builder/spi-builder-workspace/.swiftpm/xcode
    builtin-SwiftPerFileCompile YEventHandler.swift
SwiftCompile normal arm64_32 /Users/admin/builder/spi-builder-workspace/Sources/yswift/Utilities/YPermanentUserData.swift (in target 'yswift' from project 'yswift')
    cd /Users/admin/builder/spi-builder-workspace/.swiftpm/xcode
    builtin-SwiftPerFileCompile YPermanentUserData.swift
SwiftCompile normal arm64_32 /Users/admin/builder/spi-builder-workspace/Sources/yswift/Utilities/YSnapshot.swift (in target 'yswift' from project 'yswift')
    cd /Users/admin/builder/spi-builder-workspace/.swiftpm/xcode
    builtin-SwiftPerFileCompile YSnapshot.swift
SwiftCompile normal arm64_32 /Users/admin/builder/spi-builder-workspace/Sources/yswift/Utilities/YStructStore.swift (in target 'yswift' from project 'yswift')
    cd /Users/admin/builder/spi-builder-workspace/.swiftpm/xcode
    builtin-SwiftPerFileCompile YStructStore.swift
SwiftCompile normal arm64_32 /Users/admin/builder/spi-builder-workspace/Sources/yswift/Utilities/YSwiftError.swift (in target 'yswift' from project 'yswift')
    cd /Users/admin/builder/spi-builder-workspace/.swiftpm/xcode
    builtin-SwiftPerFileCompile YSwiftError.swift
SwiftCompile normal arm64_32 /Users/admin/builder/spi-builder-workspace/Sources/yswift/Utilities/YTransaction.swift (in target 'yswift' from project 'yswift')
    cd /Users/admin/builder/spi-builder-workspace/.swiftpm/xcode
    builtin-SwiftPerFileCompile YTransaction.swift
SwiftCompile normal arm64_32 /Users/admin/builder/spi-builder-workspace/Sources/yswift/Utilities/YUndoManager.swift (in target 'yswift' from project 'yswift')
    cd /Users/admin/builder/spi-builder-workspace/.swiftpm/xcode
    builtin-SwiftPerFileCompile YUndoManager.swift
SwiftCompile normal arm64_32 /Users/admin/builder/spi-builder-workspace/Sources/yswift/YDocument.swift (in target 'yswift' from project 'yswift')
    cd /Users/admin/builder/spi-builder-workspace/.swiftpm/xcode
    builtin-SwiftPerFileCompile YDocument.swift
SwiftDriverJobDiscovery normal arm64_32 Emitting module for yswift (in target 'yswift' from project 'yswift')
SwiftDriver\ Compilation\ Requirements yswift normal arm64_32 com.apple.xcode.tools.swift.compiler (in target 'yswift' from project 'yswift')
    cd /Users/admin/builder/spi-builder-workspace/.swiftpm/xcode
    builtin-Swift-Compilation-Requirements -- /Applications/Xcode-27.0.0-Release.Candidate.app/Contents/Developer/Toolchains/XcodeDefault.xctoolchain/usr/bin/swiftc -parse-as-library -module-name yswift -Onone @/Users/admin/builder/spi-builder-workspace/.derivedData/Build/Intermediates.noindex/yswift.build/Debug-watchos/yswift-t.build/Objects-normal/arm64_32/yswift.SwiftFileList -DSWIFT_PACKAGE -DDEBUG -DSWIFT_MODULE_RESOURCE_BUNDLE_UNAVAILABLE -DXcode -plugin-path /Applications/Xcode-27.0.0-Release.Candidate.app/Contents/Developer/Toolchains/XcodeDefault.xctoolchain/usr/lib/swift/host/plugins/testing -enable-experimental-feature DebugDescriptionMacro -sdk /Applications/Xcode-27.0.0-Release.Candidate.app/Contents/Developer/Platforms/WatchOS.platform/Developer/SDKs/WatchOS27.0.sdk -target arm64_32-apple-watchos9.0 -g -module-cache-path /Users/admin/builder/spi-builder-workspace/.derivedData/ModuleCache.noindex -Xfrontend -serialize-debugging-options -enable-testing -index-store-path /Users/admin/builder/spi-builder-workspace/.derivedData/Index.noindex/DataStore -Xcc -D_LIBCPP_HARDENING_MODE\=_LIBCPP_HARDENING_MODE_DEBUG -swift-version 5 -I /Users/admin/builder/spi-builder-workspace/.derivedData/Build/Products/Debug-watchos -Isystem /Applications/Xcode-27.0.0-Release.Candidate.app/Contents/Developer/Platforms/WatchOS.platform/Developer/usr/lib -F /Users/admin/builder/spi-builder-workspace/.derivedData/Build/Products/Debug-watchos/PackageFrameworks -F /Users/admin/builder/spi-builder-workspace/.derivedData/Build/Products/Debug-watchos -F /Applications/Xcode-27.0.0-Release.Candidate.app/Contents/Developer/Platforms/WatchOS.platform/Developer/Library/Frameworks -F /Applications/Xcode-27.0.0-Release.Candidate.app/Contents/Developer/Platforms/WatchOS.platform/Developer/SDKs/WatchOS27.0.sdk/Developer/Library/Frameworks -c -j10 -enable-batch-mode -incremental -Xcc -ivfsstatcache -Xcc /Users/admin/builder/spi-builder-workspace/.derivedData/SDKStatCaches.noindex/watchos27.0-24R360-e829b21a6f8c9b70876ba0858053c04477534ef55a1706bf4c1112bbb242f0a2.sdkstatcache -output-file-map /Users/admin/builder/spi-builder-workspace/.derivedData/Build/Intermediates.noindex/yswift.build/Debug-watchos/yswift-t.build/Objects-normal/arm64_32/yswift-OutputFileMap.json -save-temps -no-color-diagnostics -explicit-module-build -module-cache-path /Users/admin/builder/spi-builder-workspace/.derivedData/Build/Intermediates.noindex/SwiftExplicitPrecompiledModules -clang-scanner-module-cache-path /Users/admin/builder/spi-builder-workspace/.derivedData/ModuleCache.noindex -sdk-module-cache-path /Users/admin/builder/spi-builder-workspace/.derivedData/SDKExplicitPrecompiledModules -emit-dependencies -emit-module -emit-module-path /Users/admin/builder/spi-builder-workspace/.derivedData/Build/Intermediates.noindex/yswift.build/Debug-watchos/yswift-t.build/Objects-normal/arm64_32/yswift.swiftmodule -serialize-diagnostics -dependency-scan-serialize-diagnostics-path /Users/admin/builder/spi-builder-workspace/.derivedData/Build/Intermediates.noindex/yswift.build/Debug-watchos/yswift-t.build/Objects-normal/arm64_32/yswift-dependency-scan.dia -validate-clang-modules-once -clang-build-session-file /Users/admin/builder/spi-builder-workspace/.derivedData/ModuleCache.noindex/Session.modulevalidation -Xcc -fmodules-prune-interval\=86400 -Xcc -fmodules-prune-after\=345600 -emit-const-values -const-gather-protocols-list /Users/admin/builder/spi-builder-workspace/.derivedData/Build/Intermediates.noindex/yswift.build/Debug-watchos/yswift-t.build/Objects-normal/arm64_32/yswift_const_extract_protocols.json -Xcc -I/Users/admin/builder/spi-builder-workspace/.derivedData/Build/Products/Debug-watchos/include -Xcc -I/Users/admin/builder/spi-builder-workspace/.derivedData/Build/Intermediates.noindex/yswift.build/Debug-watchos/yswift-t.build/DerivedSources-normal/arm64_32 -Xcc -I/Users/admin/builder/spi-builder-workspace/.derivedData/Build/Intermediates.noindex/yswift.build/Debug-watchos/yswift-t.build/DerivedSources/arm64_32 -Xcc -I/Users/admin/builder/spi-builder-workspace/.derivedData/Build/Intermediates.noindex/yswift.build/Debug-watchos/yswift-t.build/DerivedSources -Xcc -DSWIFT_PACKAGE -Xcc -DDEBUG\=1 -emit-objc-header -emit-objc-header-path /Users/admin/builder/spi-builder-workspace/.derivedData/Build/Intermediates.noindex/yswift.build/Debug-watchos/yswift-t.build/Objects-normal/arm64_32/yswift-Swift.h -working-directory /Users/admin/builder/spi-builder-workspace/.swiftpm/xcode -experimental-emit-module-separately -disable-cmo
SwiftDriverJobDiscovery normal arm64_32 Compiling YObject+Property(Struct).swift, YObject+Property.swift, YObject+Register.swift, YObject+Scan.swift, YObject+SmartCopy.swift, YObject.swift, YObjectEvent.swift, YObjectID.swift (in target 'yswift' from project 'yswift')
SwiftCompile normal arm64 Compiling\ YLazyStructWriter.swift,\ YUpdateEncoder+Ex.swift,\ YUpdateEncoder.swift,\ YDecodedUpdate.swift,\ YUpdate+Log.swift,\ YUpdate.swift,\ YCodable.swift,\ YPasteboard.swift,\ YRawRepresentable.swift /Users/admin/builder/spi-builder-workspace/Sources/yswift/Coding/YEncoder/YLazyStructWriter.swift /Users/admin/builder/spi-builder-workspace/Sources/yswift/Coding/YEncoder/YUpdateEncoder+Ex.swift /Users/admin/builder/spi-builder-workspace/Sources/yswift/Coding/YEncoder/YUpdateEncoder.swift /Users/admin/builder/spi-builder-workspace/Sources/yswift/Coding/YUpdate/YDecodedUpdate.swift /Users/admin/builder/spi-builder-workspace/Sources/yswift/Coding/YUpdate/YUpdate+Log.swift /Users/admin/builder/spi-builder-workspace/Sources/yswift/Coding/YUpdate/YUpdate.swift /Users/admin/builder/spi-builder-workspace/Sources/yswift/Object/Swift\ Integration/YCodable.swift /Users/admin/builder/spi-builder-workspace/Sources/yswift/Object/Swift\ Integration/YPasteboard.swift /Users/admin/builder/spi-builder-workspace/Sources/yswift/Object/Swift\ Integration/YRawRepresentable.swift (in target 'yswift' from project 'yswift')
SwiftCompile normal arm64 /Users/admin/builder/spi-builder-workspace/Sources/yswift/Coding/YEncoder/YLazyStructWriter.swift (in target 'yswift' from project 'yswift')
    cd /Users/admin/builder/spi-builder-workspace/.swiftpm/xcode
    builtin-SwiftPerFileCompile YLazyStructWriter.swift
SwiftCompile normal arm64 /Users/admin/builder/spi-builder-workspace/Sources/yswift/Coding/YEncoder/YUpdateEncoder+Ex.swift (in target 'yswift' from project 'yswift')
    cd /Users/admin/builder/spi-builder-workspace/.swiftpm/xcode
    builtin-SwiftPerFileCompile YUpdateEncoder+Ex.swift
SwiftCompile normal arm64 /Users/admin/builder/spi-builder-workspace/Sources/yswift/Coding/YEncoder/YUpdateEncoder.swift (in target 'yswift' from project 'yswift')
    cd /Users/admin/builder/spi-builder-workspace/.swiftpm/xcode
    builtin-SwiftPerFileCompile YUpdateEncoder.swift
SwiftCompile normal arm64 /Users/admin/builder/spi-builder-workspace/Sources/yswift/Coding/YUpdate/YDecodedUpdate.swift (in target 'yswift' from project 'yswift')
    cd /Users/admin/builder/spi-builder-workspace/.swiftpm/xcode
    builtin-SwiftPerFileCompile YDecodedUpdate.swift
SwiftCompile normal arm64 /Users/admin/builder/spi-builder-workspace/Sources/yswift/Coding/YUpdate/YUpdate+Log.swift (in target 'yswift' from project 'yswift')
    cd /Users/admin/builder/spi-builder-workspace/.swiftpm/xcode
    builtin-SwiftPerFileCompile YUpdate+Log.swift
SwiftCompile normal arm64 /Users/admin/builder/spi-builder-workspace/Sources/yswift/Coding/YUpdate/YUpdate.swift (in target 'yswift' from project 'yswift')
    cd /Users/admin/builder/spi-builder-workspace/.swiftpm/xcode
    builtin-SwiftPerFileCompile YUpdate.swift
SwiftCompile normal arm64 /Users/admin/builder/spi-builder-workspace/Sources/yswift/Object/Swift\ Integration/YCodable.swift (in target 'yswift' from project 'yswift')
    cd /Users/admin/builder/spi-builder-workspace/.swiftpm/xcode
    builtin-SwiftPerFileCompile YCodable.swift
SwiftCompile normal arm64 /Users/admin/builder/spi-builder-workspace/Sources/yswift/Object/Swift\ Integration/YPasteboard.swift (in target 'yswift' from project 'yswift')
    cd /Users/admin/builder/spi-builder-workspace/.swiftpm/xcode
    builtin-SwiftPerFileCompile YPasteboard.swift
SwiftCompile normal arm64 /Users/admin/builder/spi-builder-workspace/Sources/yswift/Object/Swift\ Integration/YRawRepresentable.swift (in target 'yswift' from project 'yswift')
    cd /Users/admin/builder/spi-builder-workspace/.swiftpm/xcode
    builtin-SwiftPerFileCompile YRawRepresentable.swift
SwiftMergeGeneratedHeaders /Users/admin/builder/spi-builder-workspace/.derivedData/Build/Intermediates.noindex/GeneratedModuleMaps-watchos/yswift-Swift.h /Users/admin/builder/spi-builder-workspace/.derivedData/Build/Intermediates.noindex/yswift.build/Debug-watchos/yswift-t.build/Objects-normal/arm64/yswift-Swift.h /Users/admin/builder/spi-builder-workspace/.derivedData/Build/Intermediates.noindex/yswift.build/Debug-watchos/yswift-t.build/Objects-normal/arm64_32/yswift-Swift.h (in target 'yswift' from project 'yswift')
    cd /Users/admin/builder/spi-builder-workspace
    builtin-swiftHeaderTool -arch arm64 /Users/admin/builder/spi-builder-workspace/.derivedData/Build/Intermediates.noindex/yswift.build/Debug-watchos/yswift-t.build/Objects-normal/arm64/yswift-Swift.h -arch arm64_32 /Users/admin/builder/spi-builder-workspace/.derivedData/Build/Intermediates.noindex/yswift.build/Debug-watchos/yswift-t.build/Objects-normal/arm64_32/yswift-Swift.h -o /Users/admin/builder/spi-builder-workspace/.derivedData/Build/Intermediates.noindex/GeneratedModuleMaps-watchos/yswift-Swift.h
SwiftDriverJobDiscovery normal arm64_32 Compiling YAnyContent.swift, YBinaryContent.swift, YDeletedContent.swift, YDocumentContent.swift, YEmbedContent.swift, YFormatContent.swift, YJSONContent.swift, YObjectContent.swift (in target 'yswift' from project 'yswift')
Copy /Users/admin/builder/spi-builder-workspace/.derivedData/Build/Products/Debug-watchos/yswift.swiftmodule/arm64_32-apple-watchos.swiftmodule /Users/admin/builder/spi-builder-workspace/.derivedData/Build/Intermediates.noindex/yswift.build/Debug-watchos/yswift-t.build/Objects-normal/arm64_32/yswift.swiftmodule (in target 'yswift' from project 'yswift')
    cd /Users/admin/builder/spi-builder-workspace
    builtin-copy -exclude .DS_Store -exclude CVS -exclude .svn -exclude .git -exclude .hg -resolve-src-symlinks -rename /Users/admin/builder/spi-builder-workspace/.derivedData/Build/Intermediates.noindex/yswift.build/Debug-watchos/yswift-t.build/Objects-normal/arm64_32/yswift.swiftmodule /Users/admin/builder/spi-builder-workspace/.derivedData/Build/Products/Debug-watchos/yswift.swiftmodule/arm64_32-apple-watchos.swiftmodule
Copy /Users/admin/builder/spi-builder-workspace/.derivedData/Build/Products/Debug-watchos/yswift.swiftmodule/arm64_32-apple-watchos.swiftdoc /Users/admin/builder/spi-builder-workspace/.derivedData/Build/Intermediates.noindex/yswift.build/Debug-watchos/yswift-t.build/Objects-normal/arm64_32/yswift.swiftdoc (in target 'yswift' from project 'yswift')
    cd /Users/admin/builder/spi-builder-workspace
    builtin-copy -exclude .DS_Store -exclude CVS -exclude .svn -exclude .git -exclude .hg -resolve-src-symlinks -rename /Users/admin/builder/spi-builder-workspace/.derivedData/Build/Intermediates.noindex/yswift.build/Debug-watchos/yswift-t.build/Objects-normal/arm64_32/yswift.swiftdoc /Users/admin/builder/spi-builder-workspace/.derivedData/Build/Products/Debug-watchos/yswift.swiftmodule/arm64_32-apple-watchos.swiftdoc
Copy /Users/admin/builder/spi-builder-workspace/.derivedData/Build/Products/Debug-watchos/yswift.swiftmodule/arm64_32-apple-watchos.abi.json /Users/admin/builder/spi-builder-workspace/.derivedData/Build/Intermediates.noindex/yswift.build/Debug-watchos/yswift-t.build/Objects-normal/arm64_32/yswift.abi.json (in target 'yswift' from project 'yswift')
    cd /Users/admin/builder/spi-builder-workspace
    builtin-copy -exclude .DS_Store -exclude CVS -exclude .svn -exclude .git -exclude .hg -resolve-src-symlinks -rename /Users/admin/builder/spi-builder-workspace/.derivedData/Build/Intermediates.noindex/yswift.build/Debug-watchos/yswift-t.build/Objects-normal/arm64_32/yswift.abi.json /Users/admin/builder/spi-builder-workspace/.derivedData/Build/Products/Debug-watchos/yswift.swiftmodule/arm64_32-apple-watchos.abi.json
Copy /Users/admin/builder/spi-builder-workspace/.derivedData/Build/Products/Debug-watchos/yswift.swiftmodule/Project/arm64_32-apple-watchos.swiftsourceinfo /Users/admin/builder/spi-builder-workspace/.derivedData/Build/Intermediates.noindex/yswift.build/Debug-watchos/yswift-t.build/Objects-normal/arm64_32/yswift.swiftsourceinfo (in target 'yswift' from project 'yswift')
    cd /Users/admin/builder/spi-builder-workspace
    builtin-copy -exclude .DS_Store -exclude CVS -exclude .svn -exclude .git -exclude .hg -resolve-src-symlinks -rename /Users/admin/builder/spi-builder-workspace/.derivedData/Build/Intermediates.noindex/yswift.build/Debug-watchos/yswift-t.build/Objects-normal/arm64_32/yswift.swiftsourceinfo /Users/admin/builder/spi-builder-workspace/.derivedData/Build/Products/Debug-watchos/yswift.swiftmodule/Project/arm64_32-apple-watchos.swiftsourceinfo
SwiftDriver yswiftTests normal arm64_32 com.apple.xcode.tools.swift.compiler (in target 'yswiftTests-product' from project 'yswift')
    cd /Users/admin/builder/spi-builder-workspace/.swiftpm/xcode
    builtin-SwiftDriver -- /Applications/Xcode-27.0.0-Release.Candidate.app/Contents/Developer/Toolchains/XcodeDefault.xctoolchain/usr/bin/swiftc -parse-as-library -module-name yswiftTests -Onone @/Users/admin/builder/spi-builder-workspace/.derivedData/Build/Intermediates.noindex/yswift.build/Debug-watchos/yswiftTests-p.build/Objects-normal/arm64_32/yswiftTests.SwiftFileList -DSWIFT_PACKAGE -DDEBUG -DXcode -plugin-path /Applications/Xcode-27.0.0-Release.Candidate.app/Contents/Developer/Toolchains/XcodeDefault.xctoolchain/usr/lib/swift/host/plugins/testing -enable-experimental-feature DebugDescriptionMacro -sdk /Applications/Xcode-27.0.0-Release.Candidate.app/Contents/Developer/Platforms/WatchOS.platform/Developer/SDKs/WatchOS27.0.sdk -target arm64_32-apple-watchos10.0 -g -module-cache-path /Users/admin/builder/spi-builder-workspace/.derivedData/ModuleCache.noindex -Xfrontend -serialize-debugging-options -enable-testing -index-store-path /Users/admin/builder/spi-builder-workspace/.derivedData/Index.noindex/DataStore -Xcc -D_LIBCPP_HARDENING_MODE\=_LIBCPP_HARDENING_MODE_DEBUG -swift-version 5 -I /Users/admin/builder/spi-builder-workspace/.derivedData/Build/Products/Debug-watchos -Isystem /Applications/Xcode-27.0.0-Release.Candidate.app/Contents/Developer/Platforms/WatchOS.platform/Developer/usr/lib -F /Users/admin/builder/spi-builder-workspace/.derivedData/Build/Products/Debug-watchos/PackageFrameworks -F /Users/admin/builder/spi-builder-workspace/.derivedData/Build/Products/Debug-watchos -F /Applications/Xcode-27.0.0-Release.Candidate.app/Contents/Developer/Platforms/WatchOS.platform/Developer/Library/Frameworks -F /Applications/Xcode-27.0.0-Release.Candidate.app/Contents/Developer/Platforms/WatchOS.platform/Developer/SDKs/WatchOS27.0.sdk/Developer/Library/Frameworks -c -j10 -enable-batch-mode -incremental -Xcc -ivfsstatcache -Xcc /Users/admin/builder/spi-builder-workspace/.derivedData/SDKStatCaches.noindex/watchos27.0-24R360-e829b21a6f8c9b70876ba0858053c04477534ef55a1706bf4c1112bbb242f0a2.sdkstatcache -output-file-map /Users/admin/builder/spi-builder-workspace/.derivedData/Build/Intermediates.noindex/yswift.build/Debug-watchos/yswiftTests-p.build/Objects-normal/arm64_32/yswiftTests-OutputFileMap.json -save-temps -no-color-diagnostics -explicit-module-build -module-cache-path /Users/admin/builder/spi-builder-workspace/.derivedData/Build/Intermediates.noindex/SwiftExplicitPrecompiledModules -clang-scanner-module-cache-path /Users/admin/builder/spi-builder-workspace/.derivedData/ModuleCache.noindex -sdk-module-cache-path /Users/admin/builder/spi-builder-workspace/.derivedData/SDKExplicitPrecompiledModules -emit-dependencies -emit-module -emit-module-path /Users/admin/builder/spi-builder-workspace/.derivedData/Build/Intermediates.noindex/yswift.build/Debug-watchos/yswiftTests-p.build/Objects-normal/arm64_32/yswiftTests.swiftmodule -serialize-diagnostics -dependency-scan-serialize-diagnostics-path /Users/admin/builder/spi-builder-workspace/.derivedData/Build/Intermediates.noindex/yswift.build/Debug-watchos/yswiftTests-p.build/Objects-normal/arm64_32/yswiftTests-dependency-scan.dia -validate-clang-modules-once -clang-build-session-file /Users/admin/builder/spi-builder-workspace/.derivedData/ModuleCache.noindex/Session.modulevalidation -Xcc -fmodules-prune-interval\=86400 -Xcc -fmodules-prune-after\=345600 -emit-const-values -const-gather-protocols-list /Users/admin/builder/spi-builder-workspace/.derivedData/Build/Intermediates.noindex/yswift.build/Debug-watchos/yswiftTests-p.build/Objects-normal/arm64_32/yswiftTests_const_extract_protocols.json -Xcc -I/Users/admin/builder/spi-builder-workspace/.derivedData/Build/Products/Debug-watchos/include -Xcc -I/Users/admin/builder/spi-builder-workspace/.derivedData/Build/Intermediates.noindex/yswift.build/Debug-watchos/yswiftTests-p.build/DerivedSources-normal/arm64_32 -Xcc -I/Users/admin/builder/spi-builder-workspace/.derivedData/Build/Intermediates.noindex/yswift.build/Debug-watchos/yswiftTests-p.build/DerivedSources/arm64_32 -Xcc -I/Users/admin/builder/spi-builder-workspace/.derivedData/Build/Intermediates.noindex/yswift.build/Debug-watchos/yswiftTests-p.build/DerivedSources -Xcc -DSWIFT_PACKAGE -Xcc -DDEBUG\=1 -working-directory /Users/admin/builder/spi-builder-workspace/.swiftpm/xcode -experimental-emit-module-separately -disable-cmo
SwiftDriver yswiftTests normal arm64 com.apple.xcode.tools.swift.compiler (in target 'yswiftTests-product' from project 'yswift')
    cd /Users/admin/builder/spi-builder-workspace/.swiftpm/xcode
    builtin-SwiftDriver -- /Applications/Xcode-27.0.0-Release.Candidate.app/Contents/Developer/Toolchains/XcodeDefault.xctoolchain/usr/bin/swiftc -parse-as-library -module-name yswiftTests -Onone @/Users/admin/builder/spi-builder-workspace/.derivedData/Build/Intermediates.noindex/yswift.build/Debug-watchos/yswiftTests-p.build/Objects-normal/arm64/yswiftTests.SwiftFileList -DSWIFT_PACKAGE -DDEBUG -DXcode -plugin-path /Applications/Xcode-27.0.0-Release.Candidate.app/Contents/Developer/Toolchains/XcodeDefault.xctoolchain/usr/lib/swift/host/plugins/testing -enable-experimental-feature DebugDescriptionMacro -sdk /Applications/Xcode-27.0.0-Release.Candidate.app/Contents/Developer/Platforms/WatchOS.platform/Developer/SDKs/WatchOS27.0.sdk -target arm64-apple-watchos10.0 -g -module-cache-path /Users/admin/builder/spi-builder-workspace/.derivedData/ModuleCache.noindex -Xfrontend -serialize-debugging-options -enable-testing -index-store-path /Users/admin/builder/spi-builder-workspace/.derivedData/Index.noindex/DataStore -Xcc -D_LIBCPP_HARDENING_MODE\=_LIBCPP_HARDENING_MODE_DEBUG -swift-version 5 -I /Users/admin/builder/spi-builder-workspace/.derivedData/Build/Products/Debug-watchos -Isystem /Applications/Xcode-27.0.0-Release.Candidate.app/Contents/Developer/Platforms/WatchOS.platform/Developer/usr/lib -F /Users/admin/builder/spi-builder-workspace/.derivedData/Build/Products/Debug-watchos/PackageFrameworks -F /Users/admin/builder/spi-builder-workspace/.derivedData/Build/Products/Debug-watchos -F /Applications/Xcode-27.0.0-Release.Candidate.app/Contents/Developer/Platforms/WatchOS.platform/Developer/Library/Frameworks -F /Applications/Xcode-27.0.0-Release.Candidate.app/Contents/Developer/Platforms/WatchOS.platform/Developer/SDKs/WatchOS27.0.sdk/Developer/Library/Frameworks -c -j10 -enable-batch-mode -incremental -Xcc -ivfsstatcache -Xcc /Users/admin/builder/spi-builder-workspace/.derivedData/SDKStatCaches.noindex/watchos27.0-24R360-e829b21a6f8c9b70876ba0858053c04477534ef55a1706bf4c1112bbb242f0a2.sdkstatcache -output-file-map /Users/admin/builder/spi-builder-workspace/.derivedData/Build/Intermediates.noindex/yswift.build/Debug-watchos/yswiftTests-p.build/Objects-normal/arm64/yswiftTests-OutputFileMap.json -save-temps -no-color-diagnostics -explicit-module-build -module-cache-path /Users/admin/builder/spi-builder-workspace/.derivedData/Build/Intermediates.noindex/SwiftExplicitPrecompiledModules -clang-scanner-module-cache-path /Users/admin/builder/spi-builder-workspace/.derivedData/ModuleCache.noindex -sdk-module-cache-path /Users/admin/builder/spi-builder-workspace/.derivedData/SDKExplicitPrecompiledModules -emit-dependencies -emit-module -emit-module-path /Users/admin/builder/spi-builder-workspace/.derivedData/Build/Intermediates.noindex/yswift.build/Debug-watchos/yswiftTests-p.build/Objects-normal/arm64/yswiftTests.swiftmodule -serialize-diagnostics -dependency-scan-serialize-diagnostics-path /Users/admin/builder/spi-builder-workspace/.derivedData/Build/Intermediates.noindex/yswift.build/Debug-watchos/yswiftTests-p.build/Objects-normal/arm64/yswiftTests-dependency-scan.dia -validate-clang-modules-once -clang-build-session-file /Users/admin/builder/spi-builder-workspace/.derivedData/ModuleCache.noindex/Session.modulevalidation -Xcc -fmodules-prune-interval\=86400 -Xcc -fmodules-prune-after\=345600 -emit-const-values -const-gather-protocols-list /Users/admin/builder/spi-builder-workspace/.derivedData/Build/Intermediates.noindex/yswift.build/Debug-watchos/yswiftTests-p.build/Objects-normal/arm64/yswiftTests_const_extract_protocols.json -Xcc -I/Users/admin/builder/spi-builder-workspace/.derivedData/Build/Products/Debug-watchos/include -Xcc -I/Users/admin/builder/spi-builder-workspace/.derivedData/Build/Intermediates.noindex/yswift.build/Debug-watchos/yswiftTests-p.build/DerivedSources-normal/arm64 -Xcc -I/Users/admin/builder/spi-builder-workspace/.derivedData/Build/Intermediates.noindex/yswift.build/Debug-watchos/yswiftTests-p.build/DerivedSources/arm64 -Xcc -I/Users/admin/builder/spi-builder-workspace/.derivedData/Build/Intermediates.noindex/yswift.build/Debug-watchos/yswiftTests-p.build/DerivedSources -Xcc -DSWIFT_PACKAGE -Xcc -DDEBUG\=1 -working-directory /Users/admin/builder/spi-builder-workspace/.swiftpm/xcode -experimental-emit-module-separately -disable-cmo
SwiftDriverJobDiscovery normal arm64_32 Compiling YEventChange.swift, YEventDelta.swift, YMap.swift, YOpaqueMap.swift, YOpaqueMapEvent.swift, YOpaqueObject+Map.swift, YObject+Description.swift, YObject+Pasteboard.swift (in target 'yswift' from project 'yswift')
SwiftDriverJobDiscovery normal arm64_32 Compiling WeakBox.swift, _RangeExpression.swift, YDeleteSetDecoder+Ex.swift, YDeleteSetDecoder.swift, YLazyStructReader.swift, YUpdateDecoder+Ex.swift, YUpdateDecoder.swift, YDeleteSetEncoder+Ex.swift, YDeleteSetEncoder.swift (in target 'yswift' from project 'yswift')
SwiftExplicitDependencyGeneratePcm arm64_32 /Users/admin/builder/spi-builder-workspace/.derivedData/Build/Intermediates.noindex/SwiftExplicitPrecompiledModules/XCUIAutomation-ERPZF489YJ15F4EKGJCX4WDM7.pcm
SwiftExplicitDependencyGeneratePcm arm64_32 /Users/admin/builder/spi-builder-workspace/.derivedData/Build/Intermediates.noindex/SwiftExplicitPrecompiledModules/XCTest-9YC7ZIH3UMB42XTXWLC83PNWV.pcm
SwiftExplicitDependencyCompileModuleFromInterface arm64_32 /Users/admin/builder/spi-builder-workspace/.derivedData/Build/Intermediates.noindex/SwiftExplicitPrecompiledModules/XCUIAutomation-2KEQCEI56WY22.swiftmodule
SwiftExplicitDependencyGeneratePcm arm64 /Users/admin/builder/spi-builder-workspace/.derivedData/Build/Intermediates.noindex/SwiftExplicitPrecompiledModules/XCUIAutomation-65SKIQZZ6OXJZ058GTE7TZUKY.pcm
SwiftExplicitDependencyGeneratePcm arm64 /Users/admin/builder/spi-builder-workspace/.derivedData/Build/Intermediates.noindex/SwiftExplicitPrecompiledModules/XCTest-4Q8FQHAHRUNG512Q4TRQNJS8O.pcm
SwiftExplicitDependencyCompileModuleFromInterface arm64 /Users/admin/builder/spi-builder-workspace/.derivedData/Build/Intermediates.noindex/SwiftExplicitPrecompiledModules/XCUIAutomation-2BC5897SHXM5Y.swiftmodule
SwiftExplicitDependencyCompileModuleFromInterface arm64_32 /Users/admin/builder/spi-builder-workspace/.derivedData/Build/Intermediates.noindex/SwiftExplicitPrecompiledModules/XCTest-3CRT07T5RQDUO.swiftmodule
SwiftDriverJobDiscovery normal arm64_32 Compiling YObjectStore.swift, YReference.swift, YOpaqueObject.swift, YText.swift, YWrapperObject.swift, YAwareness.swift, YSync.swift, +YContent.swift (in target 'yswift' from project 'yswift')
SwiftDriverJobDiscovery normal arm64_32 Compiling YArray.swift, YArraySearchMarker.swift, YOpaqueArray.swift, YOpaqueArrayEvent.swift, YOpaqueObject+Array.swift, YElement+Primitive.swift, YElement.swift, YEvent.swift (in target 'yswift' from project 'yswift')
SwiftDriverJobDiscovery normal arm64_32 Compiling YStringContent.swift, YDeleteItem.swift, YDeleteSet.swift, YIdentifier.swift, YGC.swift, YItem.swift, YSkip.swift, YStructure.swift (in target 'yswift' from project 'yswift')
SwiftExplicitDependencyCompileModuleFromInterface arm64 /Users/admin/builder/spi-builder-workspace/.derivedData/Build/Intermediates.noindex/SwiftExplicitPrecompiledModules/XCTest-296Q314KH7RKU.swiftmodule
SwiftDriverJobDiscovery normal arm64_32 Compiling Backtrace.swift, DictionaryCodingKey.swift, DictionaryDecoder.swift, DictionaryEncoder.swift, DictionaryErrors.swift, JSFunctions.swift, JSHashable.swift, RefArray.swift, RefDictionary.swift (in target 'yswift' from project 'yswift')
SwiftEmitModule normal arm64_32 Emitting\ module\ for\ yswiftTests (in target 'yswiftTests-product' from project 'yswift')
/Users/admin/builder/spi-builder-workspace/Tests/yswiftTests/helper/YTestEnvironment.swift:16:36: warning: cannot use generic struct 'EventName' in a property declaration member of a type not marked '@_implementationOnly'; 'lib0' was not imported by this file
14 |     let applyUpdate: (YDocument, YUpdate, Any?) throws -> Void
15 |     let logUpdate: (YUpdate) -> Void
16 |     let updateEventName: YDocument.EventName<(update: YUpdate, origin: Any?, YTransaction)>
   |                                    `- warning: cannot use generic struct 'EventName' in a property declaration member of a type not marked '@_implementationOnly'; 'lib0' was not imported by this file
17 |     let diffUpdate: (YUpdate, Data) throws -> YUpdate
18 |
lib0.LZObservableObject.EventName:2:39: note: generic struct declared here
1 | class LZObservableObject {
2 | public struct lib0.LZObservableObject.EventName<Arguments> {
  |                                       `- note: generic struct declared here
3 |     public let name: String
4 |     public init(_ name: String)
/Users/admin/builder/spi-builder-workspace/Tests/yswiftTests/yswift/+integrations.tests.swift:128:1: warning: extension declares a conformance of imported type 'CGRect' to imported protocols 'YCodable', 'YValue', 'YElement', 'YPasteboardCopy'; this will not behave correctly if the owners of 'CoreFoundation' introduce this conformance in the future
126 | }
127 |
128 | extension CGRect: YCodable {}
    | |- warning: extension declares a conformance of imported type 'CGRect' to imported protocols 'YCodable', 'YValue', 'YElement', 'YPasteboardCopy'; this will not behave correctly if the owners of 'CoreFoundation' introduce this conformance in the future
    | `- note: add '@retroactive' to silence this warning
129 | extension CGSize: YCodable {}
130 | extension CGPoint: YCodable {}
/Users/admin/builder/spi-builder-workspace/Tests/yswiftTests/yswift/+integrations.tests.swift:129:1: warning: extension declares a conformance of imported type 'CGSize' to imported protocols 'YCodable', 'YValue', 'YElement', 'YPasteboardCopy'; this will not behave correctly if the owners of 'CoreFoundation' introduce this conformance in the future
127 |
128 | extension CGRect: YCodable {}
129 | extension CGSize: YCodable {}
    | |- warning: extension declares a conformance of imported type 'CGSize' to imported protocols 'YCodable', 'YValue', 'YElement', 'YPasteboardCopy'; this will not behave correctly if the owners of 'CoreFoundation' introduce this conformance in the future
    | `- note: add '@retroactive' to silence this warning
130 | extension CGPoint: YCodable {}
131 |
/Users/admin/builder/spi-builder-workspace/Tests/yswiftTests/yswift/+integrations.tests.swift:130:1: warning: extension declares a conformance of imported type 'CGPoint' to imported protocols 'YCodable', 'YValue', 'YElement', 'YPasteboardCopy'; this will not behave correctly if the owners of 'CoreFoundation' introduce this conformance in the future
128 | extension CGRect: YCodable {}
129 | extension CGSize: YCodable {}
130 | extension CGPoint: YCodable {}
    | |- warning: extension declares a conformance of imported type 'CGPoint' to imported protocols 'YCodable', 'YValue', 'YElement', 'YPasteboardCopy'; this will not behave correctly if the owners of 'CoreFoundation' introduce this conformance in the future
    | `- note: add '@retroactive' to silence this warning
131 |
SwiftCompile normal arm64_32 (in target 'yswiftTests-product' from project 'yswift')
    cd /Users/admin/builder/spi-builder-workspace/.swiftpm/xcode

SwiftCompile normal arm64_32 Compiling\ +y-array.swifty.tests.swift,\ +y-map.swifty.tests.swift /Users/admin/builder/spi-builder-workspace/Tests/yswiftTests/yswift/+y-array.swifty.tests.swift /Users/admin/builder/spi-builder-workspace/Tests/yswiftTests/yswift/+y-map.swifty.tests.swift (in target 'yswiftTests-product' from project 'yswift')
SwiftCompile normal arm64_32 /Users/admin/builder/spi-builder-workspace/Tests/yswiftTests/yswift/+y-array.swifty.tests.swift (in target 'yswiftTests-product' from project 'yswift')
    cd /Users/admin/builder/spi-builder-workspace/.swiftpm/xcode
    builtin-SwiftPerFileCompile +y-array.swifty.tests.swift
SwiftCompile normal arm64_32 /Users/admin/builder/spi-builder-workspace/Tests/yswiftTests/yswift/+y-map.swifty.tests.swift (in target 'yswiftTests-product' from project 'yswift')
    cd /Users/admin/builder/spi-builder-workspace/.swiftpm/xcode
    builtin-SwiftPerFileCompile +y-map.swifty.tests.swift
SwiftCompile normal arm64_32 Compiling\ +y-object.tests.swift,\ +y-object.tests2.swift /Users/admin/builder/spi-builder-workspace/Tests/yswiftTests/yswift/+y-object.tests.swift /Users/admin/builder/spi-builder-workspace/Tests/yswiftTests/yswift/+y-object.tests2.swift (in target 'yswiftTests-product' from project 'yswift')
SwiftCompile normal arm64_32 /Users/admin/builder/spi-builder-workspace/Tests/yswiftTests/yswift/+y-object.tests.swift (in target 'yswiftTests-product' from project 'yswift')
    cd /Users/admin/builder/spi-builder-workspace/.swiftpm/xcode
    builtin-SwiftPerFileCompile +y-object.tests.swift
SwiftCompile normal arm64_32 /Users/admin/builder/spi-builder-workspace/Tests/yswiftTests/yswift/+y-object.tests2.swift (in target 'yswiftTests-product' from project 'yswift')
    cd /Users/admin/builder/spi-builder-workspace/.swiftpm/xcode
    builtin-SwiftPerFileCompile +y-object.tests2.swift
SwiftCompile normal arm64_32 Compiling\ y-map.tests.swift,\ y-text.tests.swift,\ +integrations.appkit.tests.swift /Users/admin/builder/spi-builder-workspace/Tests/yswiftTests/yjs/y-map.tests.swift /Users/admin/builder/spi-builder-workspace/Tests/yswiftTests/yjs/y-text.tests.swift /Users/admin/builder/spi-builder-workspace/Tests/yswiftTests/yswift/+integrations.appkit.tests.swift (in target 'yswiftTests-product' from project 'yswift')
SwiftCompile normal arm64_32 /Users/admin/builder/spi-builder-workspace/Tests/yswiftTests/yjs/y-map.tests.swift (in target 'yswiftTests-product' from project 'yswift')
    cd /Users/admin/builder/spi-builder-workspace/.swiftpm/xcode
    builtin-SwiftPerFileCompile y-map.tests.swift
SwiftCompile normal arm64_32 /Users/admin/builder/spi-builder-workspace/Tests/yswiftTests/yjs/y-text.tests.swift (in target 'yswiftTests-product' from project 'yswift')
    cd /Users/admin/builder/spi-builder-workspace/.swiftpm/xcode
    builtin-SwiftPerFileCompile y-text.tests.swift
SwiftCompile normal arm64_32 /Users/admin/builder/spi-builder-workspace/Tests/yswiftTests/yswift/+integrations.appkit.tests.swift (in target 'yswiftTests-product' from project 'yswift')
    cd /Users/admin/builder/spi-builder-workspace/.swiftpm/xcode
    builtin-SwiftPerFileCompile +integrations.appkit.tests.swift
SwiftCompile normal arm64_32 Compiling\ YUpdateEnvironment.swift,\ _Const.swift,\ y-awareness.test.swift /Users/admin/builder/spi-builder-workspace/Tests/yswiftTests/helper/YUpdateEnvironment.swift /Users/admin/builder/spi-builder-workspace/Tests/yswiftTests/helper/_Const.swift /Users/admin/builder/spi-builder-workspace/Tests/yswiftTests/y-protocols/y-awareness.test.swift (in target 'yswiftTests-product' from project 'yswift')
SwiftCompile normal arm64_32 /Users/admin/builder/spi-builder-workspace/Tests/yswiftTests/helper/YUpdateEnvironment.swift (in target 'yswiftTests-product' from project 'yswift')
    cd /Users/admin/builder/spi-builder-workspace/.swiftpm/xcode
    builtin-SwiftPerFileCompile YUpdateEnvironment.swift
SwiftCompile normal arm64_32 /Users/admin/builder/spi-builder-workspace/Tests/yswiftTests/helper/_Const.swift (in target 'yswiftTests-product' from project 'yswift')
    cd /Users/admin/builder/spi-builder-workspace/.swiftpm/xcode
    builtin-SwiftPerFileCompile _Const.swift
SwiftCompile normal arm64_32 /Users/admin/builder/spi-builder-workspace/Tests/yswiftTests/y-protocols/y-awareness.test.swift (in target 'yswiftTests-product' from project 'yswift')
    cd /Users/admin/builder/spi-builder-workspace/.swiftpm/xcode
    builtin-SwiftPerFileCompile y-awareness.test.swift
SwiftCompile normal arm64_32 Compiling\ undo-redo.tests.swift,\ updates.tests.swift,\ y-array.tests.swift /Users/admin/builder/spi-builder-workspace/Tests/yswiftTests/yjs/undo-redo.tests.swift /Users/admin/builder/spi-builder-workspace/Tests/yswiftTests/yjs/updates.tests.swift /Users/admin/builder/spi-builder-workspace/Tests/yswiftTests/yjs/y-array.tests.swift (in target 'yswiftTests-product' from project 'yswift')
SwiftCompile normal arm64_32 /Users/admin/builder/spi-builder-workspace/Tests/yswiftTests/yjs/undo-redo.tests.swift (in target 'yswiftTests-product' from project 'yswift')
    cd /Users/admin/builder/spi-builder-workspace/.swiftpm/xcode
    builtin-SwiftPerFileCompile undo-redo.tests.swift
SwiftCompile normal arm64_32 /Users/admin/builder/spi-builder-workspace/Tests/yswiftTests/yjs/updates.tests.swift (in target 'yswiftTests-product' from project 'yswift')
    cd /Users/admin/builder/spi-builder-workspace/.swiftpm/xcode
    builtin-SwiftPerFileCompile updates.tests.swift
SwiftCompile normal arm64_32 /Users/admin/builder/spi-builder-workspace/Tests/yswiftTests/yjs/y-array.tests.swift (in target 'yswiftTests-product' from project 'yswift')
    cd /Users/admin/builder/spi-builder-workspace/.swiftpm/xcode
    builtin-SwiftPerFileCompile y-array.tests.swift
SwiftCompile normal arm64_32 Compiling\ doc.tests.swift,\ encoding.tests.swift,\ snapshot.tests.swift /Users/admin/builder/spi-builder-workspace/Tests/yswiftTests/yjs/doc.tests.swift /Users/admin/builder/spi-builder-workspace/Tests/yswiftTests/yjs/encoding.tests.swift /Users/admin/builder/spi-builder-workspace/Tests/yswiftTests/yjs/snapshot.tests.swift (in target 'yswiftTests-product' from project 'yswift')
/Users/admin/builder/spi-builder-workspace/Tests/yswiftTests/yjs/doc.tests.swift:274:31: error: cannot call value of non-function type 'Void'
272 |         }
273 |         ydoc.emit(YDocument.On.load, ())
274 |         await ydoc.whenLoaded.value()
    |                               `- error: cannot call value of non-function type 'Void'
275 |
276 |         XCTAssert(loadedEvent)
/Users/admin/builder/spi-builder-workspace/Tests/yswiftTests/yjs/doc.tests.swift:295:31: error: cannot call value of non-function type 'Void'
293 |         ydoc.emit(YDocument.On.sync, true)
294 |
295 |         await ydoc.whenLoaded.value()
    |                               `- error: cannot call value of non-function type 'Void'
296 |
297 |         let oldWhenSynced = ydoc.whenSynced
/Users/admin/builder/spi-builder-workspace/Tests/yswiftTests/yjs/doc.tests.swift:299:31: error: cannot call value of non-function type 'Void'
297 |         let oldWhenSynced = ydoc.whenSynced
298 |
299 |         await ydoc.whenSynced.value()
    |                               `- error: cannot call value of non-function type 'Void'
300 |
301 |         XCTAssert(loadedEvent)
/Users/admin/builder/spi-builder-workspace/Tests/yswiftTests/yjs/doc.tests.swift:319:75: error: value of type 'Promise<Void, Never>.State' has no member 'isSettled'
317 |         XCTAssert(ydoc.isLoaded)
318 |         XCTAssert(!ydoc.isSynced)
319 |         XCTAssert(ydoc.whenSynced.state.isSettled != oldWhenSynced?.state.isSettled)
    |                                                                           `- error: value of type 'Promise<Void, Never>.State' has no member 'isSettled'
320 |     }
321 | }
/Users/admin/builder/spi-builder-workspace/Tests/yswiftTests/yjs/doc.tests.swift:319:41: error: value of type 'Promise<Void, Never>.State' has no member 'isSettled'
317 |         XCTAssert(ydoc.isLoaded)
318 |         XCTAssert(!ydoc.isSynced)
319 |         XCTAssert(ydoc.whenSynced.state.isSettled != oldWhenSynced?.state.isSettled)
    |                                         `- error: value of type 'Promise<Void, Never>.State' has no member 'isSettled'
320 |     }
321 | }
/Users/admin/builder/spi-builder-workspace/Tests/yswiftTests/yjs/encoding.tests.swift:23:15: error: generic parameter 'Output' could not be inferred
21 |         ydoc2.getText().delete(1, length: 2)
22 |
23 |         await Promise.wait(for: 1).value()
   |               |- error: generic parameter 'Output' could not be inferred
   |               `- note: explicitly specify the generic arguments to fix this issue
24 |
25 |         try ydoc2.applyUpdate(ydoc1.encodeStateAsUpdate())
/Users/admin/builder/spi-builder-workspace/Tests/yswiftTests/yjs/encoding.tests.swift:23:15: error: instance member 'wait' cannot be used on type 'Promise<_, _>'; did you mean to use a value of this type instead?
21 |         ydoc2.getText().delete(1, length: 2)
22 |
23 |         await Promise.wait(for: 1).value()
   |               `- error: instance member 'wait' cannot be used on type 'Promise<_, _>'; did you mean to use a value of this type instead?
24 |
25 |         try ydoc2.applyUpdate(ydoc1.encodeStateAsUpdate())
Failed frontend command:
/Applications/Xcode-27.0.0-Release.Candidate.app/Contents/Developer/Toolchains/XcodeDefault.xctoolchain/usr/bin/swift-frontend -frontend -c /Users/admin/builder/spi-builder-workspace/Tests/yswiftTests/helper/Combine+ObjectBag.swift /Users/admin/builder/spi-builder-workspace/Tests/yswiftTests/helper/CombineLatestCollection.swift /Users/admin/builder/spi-builder-workspace/Tests/yswiftTests/helper/RandomGenerator.swift /Users/admin/builder/spi-builder-workspace/Tests/yswiftTests/helper/Sync.swift /Users/admin/builder/spi-builder-workspace/Tests/yswiftTests/helper/TestConnector.swift /Users/admin/builder/spi-builder-workspace/Tests/yswiftTests/helper/TestDoc.swift /Users/admin/builder/spi-builder-workspace/Tests/yswiftTests/helper/YAsserts.swift /Users/admin/builder/spi-builder-workspace/Tests/yswiftTests/helper/YTest.swift /Users/admin/builder/spi-builder-workspace/Tests/yswiftTests/helper/YTestEnvironment.swift /Users/admin/builder/spi-builder-workspace/Tests/yswiftTests/helper/YUpdateEnvironment.swift /Users/admin/builder/spi-builder-workspace/Tests/yswiftTests/helper/_Const.swift /Users/admin/builder/spi-builder-workspace/Tests/yswiftTests/y-protocols/y-awareness.test.swift -primary-file /Users/admin/builder/spi-builder-workspace/Tests/yswiftTests/yjs/doc.tests.swift -primary-file /Users/admin/builder/spi-builder-workspace/Tests/yswiftTests/yjs/encoding.tests.swift -primary-file /Users/admin/builder/spi-builder-workspace/Tests/yswiftTests/yjs/snapshot.tests.swift /Users/admin/builder/spi-builder-workspace/Tests/yswiftTests/yjs/undo-redo.tests.swift /Users/admin/builder/spi-builder-workspace/Tests/yswiftTests/yjs/updates.tests.swift /Users/admin/builder/spi-builder-workspace/Tests/yswiftTests/yjs/y-array.tests.swift /Users/admin/builder/spi-builder-workspace/Tests/yswiftTests/yjs/y-map.tests.swift /Users/admin/builder/spi-builder-workspace/Tests/yswiftTests/yjs/y-text.tests.swift /Users/admin/builder/spi-builder-workspace/Tests/yswiftTests/yswift/+integrations.appkit.tests.swift /Users/admin/builder/spi-builder-workspace/Tests/yswiftTests/yswift/+integrations.tests.swift /Users/admin/builder/spi-builder-workspace/Tests/yswiftTests/yswift/+public-api.checks.swift /Users/admin/builder/spi-builder-workspace/Tests/yswiftTests/yswift/+y-array.swifty.tests.swift /Users/admin/builder/spi-builder-workspace/Tests/yswiftTests/yswift/+y-map.swifty.tests.swift /Users/admin/builder/spi-builder-workspace/Tests/yswiftTests/yswift/+y-object.tests.swift /Users/admin/builder/spi-builder-workspace/Tests/yswiftTests/yswift/+y-object.tests2.swift -supplementary-output-file-map /Users/admin/builder/spi-builder-workspace/.derivedData/Build/Intermediates.noindex/yswift.build/Debug-watchos/yswiftTests-p.build/Objects-normal/arm64_32/supplementaryOutputs-25 -target arm64_32-apple-watchos10.0 -disable-cross-import-overlay-search -load-resolved-plugin /Applications/Xcode-27.0.0-Release.Candidate.app/Contents/Developer/Platforms/WatchOS.platform/Developer/usr/lib/swift/host/plugins/libFoundationMacros.dylib\#/Applications/Xcode-27.0.0-Release.Candidate.app/Contents/Developer/Platforms/WatchOS.platform/Developer/usr/bin/swift-plugin-server\#FoundationMacros -load-resolved-plugin /Applications/Xcode-27.0.0-Release.Candidate.app/Contents/Developer/Platforms/WatchOS.platform/Developer/usr/lib/swift/host/plugins/libObservationMacros.dylib\#/Applications/Xcode-27.0.0-Release.Candidate.app/Contents/Developer/Platforms/WatchOS.platform/Developer/usr/bin/swift-plugin-server\#ObservationMacros -load-resolved-plugin /Applications/Xcode-27.0.0-Release.Candidate.app/Contents/Developer/Platforms/WatchOS.platform/Developer/usr/lib/swift/host/plugins/libSwiftMacros.dylib\#/Applications/Xcode-27.0.0-Release.Candidate.app/Contents/Developer/Platforms/WatchOS.platform/Developer/usr/bin/swift-plugin-server\#SwiftMacros -load-resolved-plugin /Applications/Xcode-27.0.0-Release.Candidate.app/Contents/Developer/Platforms/WatchOS.platform/Developer/usr/lib/swift/host/plugins/libSwiftUIMacros.dylib\#/Applications/Xcode-27.0.0-Release.Candidate.app/Contents/Developer/Platforms/WatchOS.platform/Developer/usr/bin/swift-plugin-server\#SwiftUIMacros -disable-implicit-swift-modules -Xcc -fno-implicit-modules -Xcc -fno-implicit-module-maps -explicit-swift-module-map-file /Users/admin/builder/spi-builder-workspace/.derivedData/Build/Intermediates.noindex/yswift.build/Debug-watchos/yswiftTests-p.build/Objects-normal/arm64_32/yswiftTests-dependencies-1.json -enable-objc-interop -sdk /Applications/Xcode-27.0.0-Release.Candidate.app/Contents/Developer/Platforms/WatchOS.platform/Developer/SDKs/WatchOS27.0.sdk -I /Users/admin/builder/spi-builder-workspace/.derivedData/Build/Products/Debug-watchos -Isystem /Applications/Xcode-27.0.0-Release.Candidate.app/Contents/Developer/Platforms/WatchOS.platform/Developer/usr/lib -F /Users/admin/builder/spi-builder-workspace/.derivedData/Build/Products/Debug-watchos/PackageFrameworks -F /Users/admin/builder/spi-builder-workspace/.derivedData/Build/Products/Debug-watchos -F /Applications/Xcode-27.0.0-Release.Candidate.app/Contents/Developer/Platforms/WatchOS.platform/Developer/Library/Frameworks -F /Applications/Xcode-27.0.0-Release.Candidate.app/Contents/Developer/Platforms/WatchOS.platform/Developer/SDKs/WatchOS27.0.sdk/Developer/Library/Frameworks -module-cache-path /Users/admin/builder/spi-builder-workspace/.derivedData/Build/Intermediates.noindex/SwiftExplicitPrecompiledModules -no-color-diagnostics -Xcc -fno-color-diagnostics -enable-testing -g -debug-info-format\=dwarf -dwarf-version\=4 -swift-version 5 -Onone -D SWIFT_PACKAGE -D DEBUG -D Xcode -serialize-debugging-options -enable-experimental-feature DebugDescriptionMacro -empty-abi-descriptor -validate-clang-modules-once -clang-build-session-file /Users/admin/builder/spi-builder-workspace/.derivedData/ModuleCache.noindex/Session.modulevalidation -Xcc -working-directory -Xcc /Users/admin/builder/spi-builder-workspace/.swiftpm/xcode -enable-anonymous-context-mangled-names -file-compilation-dir /Users/admin/builder/spi-builder-workspace/.swiftpm/xcode -Xcc -D_LIBCPP_HARDENING_MODE\=_LIBCPP_HARDENING_MODE_DEBUG -Xcc -ivfsstatcache -Xcc /Users/admin/builder/spi-builder-workspace/.derivedData/SDKStatCaches.noindex/watchos27.0-24R360-e829b21a6f8c9b70876ba0858053c04477534ef55a1706bf4c1112bbb242f0a2.sdkstatcache -Xcc -fmodules-prune-interval\=86400 -Xcc -fmodules-prune-after\=345600 -Xcc -I/Users/admin/builder/spi-builder-workspace/.derivedData/Build/Products/Debug-watchos/include -Xcc -I/Users/admin/builder/spi-builder-workspace/.derivedData/Build/Intermediates.noindex/yswift.build/Debug-watchos/yswiftTests-p.build/DerivedSources-normal/arm64_32 -Xcc -I/Users/admin/builder/spi-builder-workspace/.derivedData/Build/Intermediates.noindex/yswift.build/Debug-watchos/yswiftTests-p.build/DerivedSources/arm64_32 -Xcc -I/Users/admin/builder/spi-builder-workspace/.derivedData/Build/Intermediates.noindex/yswift.build/Debug-watchos/yswiftTests-p.build/DerivedSources -Xcc -DSWIFT_PACKAGE -Xcc -DDEBUG\=1 -no-auto-bridging-header-chaining -module-name yswiftTests -const-gather-protocols-file /Users/admin/builder/spi-builder-workspace/.derivedData/Build/Intermediates.noindex/yswift.build/Debug-watchos/yswiftTests-p.build/Objects-normal/arm64_32/yswiftTests_const_extract_protocols.json -disable-clang-spi -clang-target arm64_32-apple-watchos27.0 -target-sdk-version 27.0 -target-sdk-name watchos27.0 -in-process-plugin-server-path /Applications/Xcode-27.0.0-Release.Candidate.app/Contents/Developer/Toolchains/XcodeDefault.xctoolchain/usr/lib/swift/host/libSwiftInProcPluginServer.dylib -parse-as-library -o /Users/admin/builder/spi-builder-workspace/.derivedData/Build/Intermediates.noindex/yswift.build/Debug-watchos/yswiftTests-p.build/Objects-normal/arm64_32/doc.tests.o -o /Users/admin/builder/spi-builder-workspace/.derivedData/Build/Intermediates.noindex/yswift.build/Debug-watchos/yswiftTests-p.build/Objects-normal/arm64_32/encoding.tests.o -o /Users/admin/builder/spi-builder-workspace/.derivedData/Build/Intermediates.noindex/yswift.build/Debug-watchos/yswiftTests-p.build/Objects-normal/arm64_32/snapshot.tests.o -debug-module-path /Users/admin/builder/spi-builder-workspace/.derivedData/Build/Intermediates.noindex/yswift.build/Debug-watchos/yswiftTests-p.build/Objects-normal/arm64_32/yswiftTests.swiftmodule -index-unit-output-path /yswift.build/Debug-watchos/yswiftTests-p.build/Objects-normal/arm64_32/doc.tests.o -index-unit-output-path /yswift.build/Debug-watchos/yswiftTests-p.build/Objects-normal/arm64_32/encoding.tests.o -index-unit-output-path /yswift.build/Debug-watchos/yswiftTests-p.build/Objects-normal/arm64_32/snapshot.tests.o -index-store-path /Users/admin/builder/spi-builder-workspace/.derivedData/Index.noindex/DataStore -index-system-modules
SwiftCompile normal arm64_32 /Users/admin/builder/spi-builder-workspace/Tests/yswiftTests/yjs/doc.tests.swift (in target 'yswiftTests-product' from project 'yswift')
    cd /Users/admin/builder/spi-builder-workspace/.swiftpm/xcode
    builtin-SwiftPerFileCompile doc.tests.swift
SwiftCompile normal arm64_32 /Users/admin/builder/spi-builder-workspace/Tests/yswiftTests/yjs/encoding.tests.swift (in target 'yswiftTests-product' from project 'yswift')
    cd /Users/admin/builder/spi-builder-workspace/.swiftpm/xcode
    builtin-SwiftPerFileCompile encoding.tests.swift
SwiftCompile normal arm64_32 /Users/admin/builder/spi-builder-workspace/Tests/yswiftTests/yjs/snapshot.tests.swift (in target 'yswiftTests-product' from project 'yswift')
    cd /Users/admin/builder/spi-builder-workspace/.swiftpm/xcode
    builtin-SwiftPerFileCompile snapshot.tests.swift
SwiftEmitModule normal arm64 Emitting\ module\ for\ yswiftTests (in target 'yswiftTests-product' from project 'yswift')
/Users/admin/builder/spi-builder-workspace/Tests/yswiftTests/helper/YTestEnvironment.swift:16:36: warning: cannot use generic struct 'EventName' in a property declaration member of a type not marked '@_implementationOnly'; 'lib0' was not imported by this file
14 |     let applyUpdate: (YDocument, YUpdate, Any?) throws -> Void
15 |     let logUpdate: (YUpdate) -> Void
16 |     let updateEventName: YDocument.EventName<(update: YUpdate, origin: Any?, YTransaction)>
   |                                    `- warning: cannot use generic struct 'EventName' in a property declaration member of a type not marked '@_implementationOnly'; 'lib0' was not imported by this file
17 |     let diffUpdate: (YUpdate, Data) throws -> YUpdate
18 |
lib0.LZObservableObject.EventName:2:39: note: generic struct declared here
1 | class LZObservableObject {
2 | public struct lib0.LZObservableObject.EventName<Arguments> {
  |                                       `- note: generic struct declared here
3 |     public let name: String
4 |     public init(_ name: String)
/Users/admin/builder/spi-builder-workspace/Tests/yswiftTests/yswift/+integrations.tests.swift:128:1: warning: extension declares a conformance of imported type 'CGRect' to imported protocols 'YCodable', 'YValue', 'YElement', 'YPasteboardCopy'; this will not behave correctly if the owners of 'CoreFoundation' introduce this conformance in the future
126 | }
127 |
128 | extension CGRect: YCodable {}
    | |- warning: extension declares a conformance of imported type 'CGRect' to imported protocols 'YCodable', 'YValue', 'YElement', 'YPasteboardCopy'; this will not behave correctly if the owners of 'CoreFoundation' introduce this conformance in the future
    | `- note: add '@retroactive' to silence this warning
129 | extension CGSize: YCodable {}
130 | extension CGPoint: YCodable {}
/Users/admin/builder/spi-builder-workspace/Tests/yswiftTests/yswift/+integrations.tests.swift:129:1: warning: extension declares a conformance of imported type 'CGSize' to imported protocols 'YCodable', 'YValue', 'YElement', 'YPasteboardCopy'; this will not behave correctly if the owners of 'CoreFoundation' introduce this conformance in the future
127 |
128 | extension CGRect: YCodable {}
129 | extension CGSize: YCodable {}
    | |- warning: extension declares a conformance of imported type 'CGSize' to imported protocols 'YCodable', 'YValue', 'YElement', 'YPasteboardCopy'; this will not behave correctly if the owners of 'CoreFoundation' introduce this conformance in the future
    | `- note: add '@retroactive' to silence this warning
130 | extension CGPoint: YCodable {}
131 |
/Users/admin/builder/spi-builder-workspace/Tests/yswiftTests/yswift/+integrations.tests.swift:130:1: warning: extension declares a conformance of imported type 'CGPoint' to imported protocols 'YCodable', 'YValue', 'YElement', 'YPasteboardCopy'; this will not behave correctly if the owners of 'CoreFoundation' introduce this conformance in the future
128 | extension CGRect: YCodable {}
129 | extension CGSize: YCodable {}
130 | extension CGPoint: YCodable {}
    | |- warning: extension declares a conformance of imported type 'CGPoint' to imported protocols 'YCodable', 'YValue', 'YElement', 'YPasteboardCopy'; this will not behave correctly if the owners of 'CoreFoundation' introduce this conformance in the future
    | `- note: add '@retroactive' to silence this warning
131 |
SwiftCompile normal arm64 (in target 'yswiftTests-product' from project 'yswift')
    cd /Users/admin/builder/spi-builder-workspace/.swiftpm/xcode

SwiftDriverJobDiscovery normal arm64_32 Compiling YEventHandler.swift, YPermanentUserData.swift, YSnapshot.swift, YStructStore.swift, YSwiftError.swift, YTransaction.swift, YUndoManager.swift, YDocument.swift (in target 'yswift' from project 'yswift')
SwiftCompile normal arm64 Compiling\ +y-object.tests.swift,\ +y-object.tests2.swift /Users/admin/builder/spi-builder-workspace/Tests/yswiftTests/yswift/+y-object.tests.swift /Users/admin/builder/spi-builder-workspace/Tests/yswiftTests/yswift/+y-object.tests2.swift (in target 'yswiftTests-product' from project 'yswift')
SwiftCompile normal arm64 /Users/admin/builder/spi-builder-workspace/Tests/yswiftTests/yswift/+y-object.tests.swift (in target 'yswiftTests-product' from project 'yswift')
    cd /Users/admin/builder/spi-builder-workspace/.swiftpm/xcode
    builtin-SwiftPerFileCompile +y-object.tests.swift
SwiftCompile normal arm64 /Users/admin/builder/spi-builder-workspace/Tests/yswiftTests/yswift/+y-object.tests2.swift (in target 'yswiftTests-product' from project 'yswift')
    cd /Users/admin/builder/spi-builder-workspace/.swiftpm/xcode
    builtin-SwiftPerFileCompile +y-object.tests2.swift
SwiftDriverJobDiscovery normal arm64_32 Emitting module for yswiftTests (in target 'yswiftTests-product' from project 'yswift')
SwiftDriver\ Compilation\ Requirements yswiftTests normal arm64_32 com.apple.xcode.tools.swift.compiler (in target 'yswiftTests-product' from project 'yswift')
    cd /Users/admin/builder/spi-builder-workspace/.swiftpm/xcode
    builtin-Swift-Compilation-Requirements -- /Applications/Xcode-27.0.0-Release.Candidate.app/Contents/Developer/Toolchains/XcodeDefault.xctoolchain/usr/bin/swiftc -parse-as-library -module-name yswiftTests -Onone @/Users/admin/builder/spi-builder-workspace/.derivedData/Build/Intermediates.noindex/yswift.build/Debug-watchos/yswiftTests-p.build/Objects-normal/arm64_32/yswiftTests.SwiftFileList -DSWIFT_PACKAGE -DDEBUG -DXcode -plugin-path /Applications/Xcode-27.0.0-Release.Candidate.app/Contents/Developer/Toolchains/XcodeDefault.xctoolchain/usr/lib/swift/host/plugins/testing -enable-experimental-feature DebugDescriptionMacro -sdk /Applications/Xcode-27.0.0-Release.Candidate.app/Contents/Developer/Platforms/WatchOS.platform/Developer/SDKs/WatchOS27.0.sdk -target arm64_32-apple-watchos10.0 -g -module-cache-path /Users/admin/builder/spi-builder-workspace/.derivedData/ModuleCache.noindex -Xfrontend -serialize-debugging-options -enable-testing -index-store-path /Users/admin/builder/spi-builder-workspace/.derivedData/Index.noindex/DataStore -Xcc -D_LIBCPP_HARDENING_MODE\=_LIBCPP_HARDENING_MODE_DEBUG -swift-version 5 -I /Users/admin/builder/spi-builder-workspace/.derivedData/Build/Products/Debug-watchos -Isystem /Applications/Xcode-27.0.0-Release.Candidate.app/Contents/Developer/Platforms/WatchOS.platform/Developer/usr/lib -F /Users/admin/builder/spi-builder-workspace/.derivedData/Build/Products/Debug-watchos/PackageFrameworks -F /Users/admin/builder/spi-builder-workspace/.derivedData/Build/Products/Debug-watchos -F /Applications/Xcode-27.0.0-Release.Candidate.app/Contents/Developer/Platforms/WatchOS.platform/Developer/Library/Frameworks -F /Applications/Xcode-27.0.0-Release.Candidate.app/Contents/Developer/Platforms/WatchOS.platform/Developer/SDKs/WatchOS27.0.sdk/Developer/Library/Frameworks -c -j10 -enable-batch-mode -incremental -Xcc -ivfsstatcache -Xcc /Users/admin/builder/spi-builder-workspace/.derivedData/SDKStatCaches.noindex/watchos27.0-24R360-e829b21a6f8c9b70876ba0858053c04477534ef55a1706bf4c1112bbb242f0a2.sdkstatcache -output-file-map /Users/admin/builder/spi-builder-workspace/.derivedData/Build/Intermediates.noindex/yswift.build/Debug-watchos/yswiftTests-p.build/Objects-normal/arm64_32/yswiftTests-OutputFileMap.json -save-temps -no-color-diagnostics -explicit-module-build -module-cache-path /Users/admin/builder/spi-builder-workspace/.derivedData/Build/Intermediates.noindex/SwiftExplicitPrecompiledModules -clang-scanner-module-cache-path /Users/admin/builder/spi-builder-workspace/.derivedData/ModuleCache.noindex -sdk-module-cache-path /Users/admin/builder/spi-builder-workspace/.derivedData/SDKExplicitPrecompiledModules -emit-dependencies -emit-module -emit-module-path /Users/admin/builder/spi-builder-workspace/.derivedData/Build/Intermediates.noindex/yswift.build/Debug-watchos/yswiftTests-p.build/Objects-normal/arm64_32/yswiftTests.swiftmodule -serialize-diagnostics -dependency-scan-serialize-diagnostics-path /Users/admin/builder/spi-builder-workspace/.derivedData/Build/Intermediates.noindex/yswift.build/Debug-watchos/yswiftTests-p.build/Objects-normal/arm64_32/yswiftTests-dependency-scan.dia -validate-clang-modules-once -clang-build-session-file /Users/admin/builder/spi-builder-workspace/.derivedData/ModuleCache.noindex/Session.modulevalidation -Xcc -fmodules-prune-interval\=86400 -Xcc -fmodules-prune-after\=345600 -emit-const-values -const-gather-protocols-list /Users/admin/builder/spi-builder-workspace/.derivedData/Build/Intermediates.noindex/yswift.build/Debug-watchos/yswiftTests-p.build/Objects-normal/arm64_32/yswiftTests_const_extract_protocols.json -Xcc -I/Users/admin/builder/spi-builder-workspace/.derivedData/Build/Products/Debug-watchos/include -Xcc -I/Users/admin/builder/spi-builder-workspace/.derivedData/Build/Intermediates.noindex/yswift.build/Debug-watchos/yswiftTests-p.build/DerivedSources-normal/arm64_32 -Xcc -I/Users/admin/builder/spi-builder-workspace/.derivedData/Build/Intermediates.noindex/yswift.build/Debug-watchos/yswiftTests-p.build/DerivedSources/arm64_32 -Xcc -I/Users/admin/builder/spi-builder-workspace/.derivedData/Build/Intermediates.noindex/yswift.build/Debug-watchos/yswiftTests-p.build/DerivedSources -Xcc -DSWIFT_PACKAGE -Xcc -DDEBUG\=1 -working-directory /Users/admin/builder/spi-builder-workspace/.swiftpm/xcode -experimental-emit-module-separately -disable-cmo
SwiftDriverJobDiscovery normal arm64 Emitting module for yswiftTests (in target 'yswiftTests-product' from project 'yswift')
SwiftDriver\ Compilation\ Requirements yswiftTests normal arm64 com.apple.xcode.tools.swift.compiler (in target 'yswiftTests-product' from project 'yswift')
    cd /Users/admin/builder/spi-builder-workspace/.swiftpm/xcode
    builtin-Swift-Compilation-Requirements -- /Applications/Xcode-27.0.0-Release.Candidate.app/Contents/Developer/Toolchains/XcodeDefault.xctoolchain/usr/bin/swiftc -parse-as-library -module-name yswiftTests -Onone @/Users/admin/builder/spi-builder-workspace/.derivedData/Build/Intermediates.noindex/yswift.build/Debug-watchos/yswiftTests-p.build/Objects-normal/arm64/yswiftTests.SwiftFileList -DSWIFT_PACKAGE -DDEBUG -DXcode -plugin-path /Applications/Xcode-27.0.0-Release.Candidate.app/Contents/Developer/Toolchains/XcodeDefault.xctoolchain/usr/lib/swift/host/plugins/testing -enable-experimental-feature DebugDescriptionMacro -sdk /Applications/Xcode-27.0.0-Release.Candidate.app/Contents/Developer/Platforms/WatchOS.platform/Developer/SDKs/WatchOS27.0.sdk -target arm64-apple-watchos10.0 -g -module-cache-path /Users/admin/builder/spi-builder-workspace/.derivedData/ModuleCache.noindex -Xfrontend -serialize-debugging-options -enable-testing -index-store-path /Users/admin/builder/spi-builder-workspace/.derivedData/Index.noindex/DataStore -Xcc -D_LIBCPP_HARDENING_MODE\=_LIBCPP_HARDENING_MODE_DEBUG -swift-version 5 -I /Users/admin/builder/spi-builder-workspace/.derivedData/Build/Products/Debug-watchos -Isystem /Applications/Xcode-27.0.0-Release.Candidate.app/Contents/Developer/Platforms/WatchOS.platform/Developer/usr/lib -F /Users/admin/builder/spi-builder-workspace/.derivedData/Build/Products/Debug-watchos/PackageFrameworks -F /Users/admin/builder/spi-builder-workspace/.derivedData/Build/Products/Debug-watchos -F /Applications/Xcode-27.0.0-Release.Candidate.app/Contents/Developer/Platforms/WatchOS.platform/Developer/Library/Frameworks -F /Applications/Xcode-27.0.0-Release.Candidate.app/Contents/Developer/Platforms/WatchOS.platform/Developer/SDKs/WatchOS27.0.sdk/Developer/Library/Frameworks -c -j10 -enable-batch-mode -incremental -Xcc -ivfsstatcache -Xcc /Users/admin/builder/spi-builder-workspace/.derivedData/SDKStatCaches.noindex/watchos27.0-24R360-e829b21a6f8c9b70876ba0858053c04477534ef55a1706bf4c1112bbb242f0a2.sdkstatcache -output-file-map /Users/admin/builder/spi-builder-workspace/.derivedData/Build/Intermediates.noindex/yswift.build/Debug-watchos/yswiftTests-p.build/Objects-normal/arm64/yswiftTests-OutputFileMap.json -save-temps -no-color-diagnostics -explicit-module-build -module-cache-path /Users/admin/builder/spi-builder-workspace/.derivedData/Build/Intermediates.noindex/SwiftExplicitPrecompiledModules -clang-scanner-module-cache-path /Users/admin/builder/spi-builder-workspace/.derivedData/ModuleCache.noindex -sdk-module-cache-path /Users/admin/builder/spi-builder-workspace/.derivedData/SDKExplicitPrecompiledModules -emit-dependencies -emit-module -emit-module-path /Users/admin/builder/spi-builder-workspace/.derivedData/Build/Intermediates.noindex/yswift.build/Debug-watchos/yswiftTests-p.build/Objects-normal/arm64/yswiftTests.swiftmodule -serialize-diagnostics -dependency-scan-serialize-diagnostics-path /Users/admin/builder/spi-builder-workspace/.derivedData/Build/Intermediates.noindex/yswift.build/Debug-watchos/yswiftTests-p.build/Objects-normal/arm64/yswiftTests-dependency-scan.dia -validate-clang-modules-once -clang-build-session-file /Users/admin/builder/spi-builder-workspace/.derivedData/ModuleCache.noindex/Session.modulevalidation -Xcc -fmodules-prune-interval\=86400 -Xcc -fmodules-prune-after\=345600 -emit-const-values -const-gather-protocols-list /Users/admin/builder/spi-builder-workspace/.derivedData/Build/Intermediates.noindex/yswift.build/Debug-watchos/yswiftTests-p.build/Objects-normal/arm64/yswiftTests_const_extract_protocols.json -Xcc -I/Users/admin/builder/spi-builder-workspace/.derivedData/Build/Products/Debug-watchos/include -Xcc -I/Users/admin/builder/spi-builder-workspace/.derivedData/Build/Intermediates.noindex/yswift.build/Debug-watchos/yswiftTests-p.build/DerivedSources-normal/arm64 -Xcc -I/Users/admin/builder/spi-builder-workspace/.derivedData/Build/Intermediates.noindex/yswift.build/Debug-watchos/yswiftTests-p.build/DerivedSources/arm64 -Xcc -I/Users/admin/builder/spi-builder-workspace/.derivedData/Build/Intermediates.noindex/yswift.build/Debug-watchos/yswiftTests-p.build/DerivedSources -Xcc -DSWIFT_PACKAGE -Xcc -DDEBUG\=1 -working-directory /Users/admin/builder/spi-builder-workspace/.swiftpm/xcode -experimental-emit-module-separately -disable-cmo
Copy /Users/admin/builder/spi-builder-workspace/.derivedData/Build/Products/Debug-watchos/yswiftTests.swiftmodule/arm64_32-apple-watchos.swiftmodule /Users/admin/builder/spi-builder-workspace/.derivedData/Build/Intermediates.noindex/yswift.build/Debug-watchos/yswiftTests-p.build/Objects-normal/arm64_32/yswiftTests.swiftmodule (in target 'yswiftTests-product' from project 'yswift')
    cd /Users/admin/builder/spi-builder-workspace
    builtin-copy -exclude .DS_Store -exclude CVS -exclude .svn -exclude .git -exclude .hg -resolve-src-symlinks -rename /Users/admin/builder/spi-builder-workspace/.derivedData/Build/Intermediates.noindex/yswift.build/Debug-watchos/yswiftTests-p.build/Objects-normal/arm64_32/yswiftTests.swiftmodule /Users/admin/builder/spi-builder-workspace/.derivedData/Build/Products/Debug-watchos/yswiftTests.swiftmodule/arm64_32-apple-watchos.swiftmodule
Copy /Users/admin/builder/spi-builder-workspace/.derivedData/Build/Products/Debug-watchos/yswiftTests.swiftmodule/arm64_32-apple-watchos.swiftdoc /Users/admin/builder/spi-builder-workspace/.derivedData/Build/Intermediates.noindex/yswift.build/Debug-watchos/yswiftTests-p.build/Objects-normal/arm64_32/yswiftTests.swiftdoc (in target 'yswiftTests-product' from project 'yswift')
    cd /Users/admin/builder/spi-builder-workspace
    builtin-copy -exclude .DS_Store -exclude CVS -exclude .svn -exclude .git -exclude .hg -resolve-src-symlinks -rename /Users/admin/builder/spi-builder-workspace/.derivedData/Build/Intermediates.noindex/yswift.build/Debug-watchos/yswiftTests-p.build/Objects-normal/arm64_32/yswiftTests.swiftdoc /Users/admin/builder/spi-builder-workspace/.derivedData/Build/Products/Debug-watchos/yswiftTests.swiftmodule/arm64_32-apple-watchos.swiftdoc
Copy /Users/admin/builder/spi-builder-workspace/.derivedData/Build/Products/Debug-watchos/yswiftTests.swiftmodule/arm64_32-apple-watchos.abi.json /Users/admin/builder/spi-builder-workspace/.derivedData/Build/Intermediates.noindex/yswift.build/Debug-watchos/yswiftTests-p.build/Objects-normal/arm64_32/yswiftTests.abi.json (in target 'yswiftTests-product' from project 'yswift')
    cd /Users/admin/builder/spi-builder-workspace
    builtin-copy -exclude .DS_Store -exclude CVS -exclude .svn -exclude .git -exclude .hg -resolve-src-symlinks -rename /Users/admin/builder/spi-builder-workspace/.derivedData/Build/Intermediates.noindex/yswift.build/Debug-watchos/yswiftTests-p.build/Objects-normal/arm64_32/yswiftTests.abi.json /Users/admin/builder/spi-builder-workspace/.derivedData/Build/Products/Debug-watchos/yswiftTests.swiftmodule/arm64_32-apple-watchos.abi.json
Copy /Users/admin/builder/spi-builder-workspace/.derivedData/Build/Products/Debug-watchos/yswiftTests.swiftmodule/arm64-apple-watchos.swiftmodule /Users/admin/builder/spi-builder-workspace/.derivedData/Build/Intermediates.noindex/yswift.build/Debug-watchos/yswiftTests-p.build/Objects-normal/arm64/yswiftTests.swiftmodule (in target 'yswiftTests-product' from project 'yswift')
    cd /Users/admin/builder/spi-builder-workspace
    builtin-copy -exclude .DS_Store -exclude CVS -exclude .svn -exclude .git -exclude .hg -resolve-src-symlinks -rename /Users/admin/builder/spi-builder-workspace/.derivedData/Build/Intermediates.noindex/yswift.build/Debug-watchos/yswiftTests-p.build/Objects-normal/arm64/yswiftTests.swiftmodule /Users/admin/builder/spi-builder-workspace/.derivedData/Build/Products/Debug-watchos/yswiftTests.swiftmodule/arm64-apple-watchos.swiftmodule
Copy /Users/admin/builder/spi-builder-workspace/.derivedData/Build/Products/Debug-watchos/yswiftTests.swiftmodule/arm64-apple-watchos.swiftdoc /Users/admin/builder/spi-builder-workspace/.derivedData/Build/Intermediates.noindex/yswift.build/Debug-watchos/yswiftTests-p.build/Objects-normal/arm64/yswiftTests.swiftdoc (in target 'yswiftTests-product' from project 'yswift')
    cd /Users/admin/builder/spi-builder-workspace
    builtin-copy -exclude .DS_Store -exclude CVS -exclude .svn -exclude .git -exclude .hg -resolve-src-symlinks -rename /Users/admin/builder/spi-builder-workspace/.derivedData/Build/Intermediates.noindex/yswift.build/Debug-watchos/yswiftTests-p.build/Objects-normal/arm64/yswiftTests.swiftdoc /Users/admin/builder/spi-builder-workspace/.derivedData/Build/Products/Debug-watchos/yswiftTests.swiftmodule/arm64-apple-watchos.swiftdoc
Copy /Users/admin/builder/spi-builder-workspace/.derivedData/Build/Products/Debug-watchos/yswiftTests.swiftmodule/arm64-apple-watchos.abi.json /Users/admin/builder/spi-builder-workspace/.derivedData/Build/Intermediates.noindex/yswift.build/Debug-watchos/yswiftTests-p.build/Objects-normal/arm64/yswiftTests.abi.json (in target 'yswiftTests-product' from project 'yswift')
    cd /Users/admin/builder/spi-builder-workspace
    builtin-copy -exclude .DS_Store -exclude CVS -exclude .svn -exclude .git -exclude .hg -resolve-src-symlinks -rename /Users/admin/builder/spi-builder-workspace/.derivedData/Build/Intermediates.noindex/yswift.build/Debug-watchos/yswiftTests-p.build/Objects-normal/arm64/yswiftTests.abi.json /Users/admin/builder/spi-builder-workspace/.derivedData/Build/Products/Debug-watchos/yswiftTests.swiftmodule/arm64-apple-watchos.abi.json
SwiftDriverJobDiscovery normal arm64_32 Compiling +y-array.swifty.tests.swift, +y-map.swifty.tests.swift (in target 'yswiftTests-product' from project 'yswift')
Copy /Users/admin/builder/spi-builder-workspace/.derivedData/Build/Products/Debug-watchos/yswiftTests.swiftmodule/Project/arm64-apple-watchos.swiftsourceinfo /Users/admin/builder/spi-builder-workspace/.derivedData/Build/Intermediates.noindex/yswift.build/Debug-watchos/yswiftTests-p.build/Objects-normal/arm64/yswiftTests.swiftsourceinfo (in target 'yswiftTests-product' from project 'yswift')
    cd /Users/admin/builder/spi-builder-workspace
    builtin-copy -exclude .DS_Store -exclude CVS -exclude .svn -exclude .git -exclude .hg -resolve-src-symlinks -rename /Users/admin/builder/spi-builder-workspace/.derivedData/Build/Intermediates.noindex/yswift.build/Debug-watchos/yswiftTests-p.build/Objects-normal/arm64/yswiftTests.swiftsourceinfo /Users/admin/builder/spi-builder-workspace/.derivedData/Build/Products/Debug-watchos/yswiftTests.swiftmodule/Project/arm64-apple-watchos.swiftsourceinfo
Copy /Users/admin/builder/spi-builder-workspace/.derivedData/Build/Products/Debug-watchos/yswiftTests.swiftmodule/Project/arm64_32-apple-watchos.swiftsourceinfo /Users/admin/builder/spi-builder-workspace/.derivedData/Build/Intermediates.noindex/yswift.build/Debug-watchos/yswiftTests-p.build/Objects-normal/arm64_32/yswiftTests.swiftsourceinfo (in target 'yswiftTests-product' from project 'yswift')
    cd /Users/admin/builder/spi-builder-workspace
    builtin-copy -exclude .DS_Store -exclude CVS -exclude .svn -exclude .git -exclude .hg -resolve-src-symlinks -rename /Users/admin/builder/spi-builder-workspace/.derivedData/Build/Intermediates.noindex/yswift.build/Debug-watchos/yswiftTests-p.build/Objects-normal/arm64_32/yswiftTests.swiftsourceinfo /Users/admin/builder/spi-builder-workspace/.derivedData/Build/Products/Debug-watchos/yswiftTests.swiftmodule/Project/arm64_32-apple-watchos.swiftsourceinfo
SwiftCompile normal arm64 Compiling\ YAsserts.swift,\ YTest.swift,\ YTestEnvironment.swift /Users/admin/builder/spi-builder-workspace/Tests/yswiftTests/helper/YAsserts.swift /Users/admin/builder/spi-builder-workspace/Tests/yswiftTests/helper/YTest.swift /Users/admin/builder/spi-builder-workspace/Tests/yswiftTests/helper/YTestEnvironment.swift (in target 'yswiftTests-product' from project 'yswift')
SwiftCompile normal arm64 /Users/admin/builder/spi-builder-workspace/Tests/yswiftTests/helper/YAsserts.swift (in target 'yswiftTests-product' from project 'yswift')
    cd /Users/admin/builder/spi-builder-workspace/.swiftpm/xcode
    builtin-SwiftPerFileCompile YAsserts.swift
SwiftCompile normal arm64 /Users/admin/builder/spi-builder-workspace/Tests/yswiftTests/helper/YTest.swift (in target 'yswiftTests-product' from project 'yswift')
    cd /Users/admin/builder/spi-builder-workspace/.swiftpm/xcode
    builtin-SwiftPerFileCompile YTest.swift
SwiftCompile normal arm64 /Users/admin/builder/spi-builder-workspace/Tests/yswiftTests/helper/YTestEnvironment.swift (in target 'yswiftTests-product' from project 'yswift')
    cd /Users/admin/builder/spi-builder-workspace/.swiftpm/xcode
    builtin-SwiftPerFileCompile YTestEnvironment.swift
PruneExplicitPrecompiledModules /Users/admin/builder/spi-builder-workspace/.derivedData/Build/Intermediates.noindex/ExplicitPrecompiledModules
PruneExplicitPrecompiledModules /Users/admin/builder/spi-builder-workspace/.derivedData/Build/Intermediates.noindex/SwiftExplicitPrecompiledModules
PruneExplicitPrecompiledModules /Users/admin/builder/spi-builder-workspace/.derivedData/SDKExplicitPrecompiledModules
2026-09-19 02:18:19.302 xcodebuild[722:4526] [MT] IDERunDestination: Supported platforms for the buildables in the current scheme is empty.
2026-09-19 02:18:19.404 xcodebuild[722:4526] [MT] IDERunDestination: Supported platforms for the buildables in the current scheme is empty.
** BUILD FAILED **
The following build commands failed:
	SwiftCompile normal arm64_32 Compiling\ doc.tests.swift,\ encoding.tests.swift,\ snapshot.tests.swift /Users/admin/builder/spi-builder-workspace/Tests/yswiftTests/yjs/doc.tests.swift /Users/admin/builder/spi-builder-workspace/Tests/yswiftTests/yjs/encoding.tests.swift /Users/admin/builder/spi-builder-workspace/Tests/yswiftTests/yjs/snapshot.tests.swift (in target 'yswiftTests-product' from project 'yswift')
	SwiftCompile normal arm64_32 /Users/admin/builder/spi-builder-workspace/Tests/yswiftTests/yjs/doc.tests.swift (in target 'yswiftTests-product' from project 'yswift')
	SwiftCompile normal arm64_32 /Users/admin/builder/spi-builder-workspace/Tests/yswiftTests/yjs/encoding.tests.swift (in target 'yswiftTests-product' from project 'yswift')
	Building workspace yswift with scheme yswift
(4 failures)
Command line invocation:
    /Applications/Xcode-27.0.0-Release.Candidate.app/Contents/Developer/usr/bin/xcodebuild -IDEClonedSourcePackagesDirPathOverride=/Users/admin/builder/spi-builder-workspace/.dependencies -resolvePackageDependencies
Resolve Package Graph
Resolved source packages:
  yswift: /Users/admin/builder/spi-builder-workspace
  lib0-swift: https://github.com/ObuchiYuki/lib0-swift.git @ 1.0.4
  Promise: https://github.com/ObuchiYuki/Promise.git @ 1.3.0
resolved source packages: yswift, lib0-swift, Promise
2026-09-19 02:18:33.608 xcodebuild[946:5807] [MT] IDERunDestination: Supported platforms for the buildables in the current scheme is empty.
2026-09-19 02:18:33.713 xcodebuild[946:5807] [MT] IDERunDestination: Supported platforms for the buildables in the current scheme is empty.
{
  "dependencies" : [
    {
      "identity" : "promise",
      "requirement" : {
        "range" : [
          {
            "lower_bound" : "1.0.14",
            "upper_bound" : "2.0.0"
          }
        ]
      },
      "type" : "sourceControl",
      "url" : "https://github.com/ObuchiYuki/Promise.git"
    },
    {
      "identity" : "lib0-swift",
      "requirement" : {
        "range" : [
          {
            "lower_bound" : "1.0.0",
            "upper_bound" : "2.0.0"
          }
        ]
      },
      "type" : "sourceControl",
      "url" : "https://github.com/ObuchiYuki/lib0-swift.git"
    }
  ],
  "manifest_display_name" : "yswift",
  "name" : "yswift",
  "path" : "/Users/admin/builder/spi-builder-workspace",
  "platforms" : [
    {
      "name" : "macos",
      "version" : "10.15"
    },
    {
      "name" : "ios",
      "version" : "13.0"
    }
  ],
  "products" : [
    {
      "name" : "yswift",
      "targets" : [
        "yswift"
      ],
      "type" : {
        "library" : [
          "automatic"
        ]
      }
    }
  ],
  "targets" : [
    {
      "c99name" : "yswiftTests",
      "module_type" : "SwiftTarget",
      "name" : "yswiftTests",
      "path" : "Tests/yswiftTests",
      "sources" : [
        "helper/Combine+ObjectBag.swift",
        "helper/CombineLatestCollection.swift",
        "helper/RandomGenerator.swift",
        "helper/Sync.swift",
        "helper/TestConnector.swift",
        "helper/TestDoc.swift",
        "helper/YAsserts.swift",
        "helper/YTest.swift",
        "helper/YTestEnvironment.swift",
        "helper/YUpdateEnvironment.swift",
        "helper/_Const.swift",
        "y-protocols/y-awareness.test.swift",
        "yjs/doc.tests.swift",
        "yjs/encoding.tests.swift",
        "yjs/snapshot.tests.swift",
        "yjs/undo-redo.tests.swift",
        "yjs/updates.tests.swift",
        "yjs/y-array.tests.swift",
        "yjs/y-map.tests.swift",
        "yjs/y-text.tests.swift",
        "yswift/+integrations.appkit.tests.swift",
        "yswift/+integrations.tests.swift",
        "yswift/+public-api.checks.swift",
        "yswift/+y-array.swifty.tests.swift",
        "yswift/+y-map.swifty.tests.swift",
        "yswift/+y-object.tests.swift",
        "yswift/+y-object.tests2.swift"
      ],
      "target_dependencies" : [
        "yswift"
      ],
      "type" : "test"
    },
    {
      "c99name" : "yswift",
      "module_type" : "SwiftTarget",
      "name" : "yswift",
      "path" : "Sources/yswift",
      "product_dependencies" : [
        "Promise",
        "lib0"
      ],
      "product_memberships" : [
        "yswift"
      ],
      "sources" : [
        "+Library/Backtrace.swift",
        "+Library/DictionaryEncoder/DictionaryCodingKey.swift",
        "+Library/DictionaryEncoder/DictionaryDecoder.swift",
        "+Library/DictionaryEncoder/DictionaryEncoder.swift",
        "+Library/DictionaryEncoder/DictionaryErrors.swift",
        "+Library/JSFunctions.swift",
        "+Library/JSHashable.swift",
        "+Library/RefArray.swift",
        "+Library/RefDictionary.swift",
        "+Library/WeakBox.swift",
        "+Library/_RangeExpression.swift",
        "Coding/YDecoder/YDeleteSetDecoder+Ex.swift",
        "Coding/YDecoder/YDeleteSetDecoder.swift",
        "Coding/YDecoder/YLazyStructReader.swift",
        "Coding/YDecoder/YUpdateDecoder+Ex.swift",
        "Coding/YDecoder/YUpdateDecoder.swift",
        "Coding/YEncoder/YDeleteSetEncoder+Ex.swift",
        "Coding/YEncoder/YDeleteSetEncoder.swift",
        "Coding/YEncoder/YLazyStructWriter.swift",
        "Coding/YEncoder/YUpdateEncoder+Ex.swift",
        "Coding/YEncoder/YUpdateEncoder.swift",
        "Coding/YUpdate/YDecodedUpdate.swift",
        "Coding/YUpdate/YUpdate+Log.swift",
        "Coding/YUpdate/YUpdate.swift",
        "Object/Swift Integration/YCodable.swift",
        "Object/Swift Integration/YPasteboard.swift",
        "Object/Swift Integration/YRawRepresentable.swift",
        "Object/YArray/YArray.swift",
        "Object/YArray/YArraySearchMarker.swift",
        "Object/YArray/YOpaqueArray.swift",
        "Object/YArray/YOpaqueArrayEvent.swift",
        "Object/YArray/YOpaqueObject+Array.swift",
        "Object/YElement/YElement+Primitive.swift",
        "Object/YElement/YElement.swift",
        "Object/YEvent/YEvent.swift",
        "Object/YEvent/YEventChange.swift",
        "Object/YEvent/YEventDelta.swift",
        "Object/YMap/YMap.swift",
        "Object/YMap/YOpaqueMap.swift",
        "Object/YMap/YOpaqueMapEvent.swift",
        "Object/YMap/YOpaqueObject+Map.swift",
        "Object/YObject/Ex+/YObject+Description.swift",
        "Object/YObject/Ex+/YObject+Pasteboard.swift",
        "Object/YObject/Ex+/YObject+Property(Struct).swift",
        "Object/YObject/Ex+/YObject+Property.swift",
        "Object/YObject/Ex+/YObject+Register.swift",
        "Object/YObject/Ex+/YObject+Scan.swift",
        "Object/YObject/Ex+/YObject+SmartCopy.swift",
        "Object/YObject/YObject.swift",
        "Object/YObject/YObjectEvent.swift",
        "Object/YObject/YObjectID.swift",
        "Object/YObject/YObjectStore.swift",
        "Object/YObject/YReference.swift",
        "Object/YOpaqueObject.swift",
        "Object/YText/YText.swift",
        "Object/YWrapperObject.swift",
        "Protocol/YAwareness.swift",
        "Protocol/YSync.swift",
        "Struct/YContent/+YContent.swift",
        "Struct/YContent/YAnyContent.swift",
        "Struct/YContent/YBinaryContent.swift",
        "Struct/YContent/YDeletedContent.swift",
        "Struct/YContent/YDocumentContent.swift",
        "Struct/YContent/YEmbedContent.swift",
        "Struct/YContent/YFormatContent.swift",
        "Struct/YContent/YJSONContent.swift",
        "Struct/YContent/YObjectContent.swift",
        "Struct/YContent/YStringContent.swift",
        "Struct/YDeleteSet/YDeleteItem.swift",
        "Struct/YDeleteSet/YDeleteSet.swift",
        "Struct/YIdentifier.swift",
        "Struct/YStruct/YGC.swift",
        "Struct/YStruct/YItem.swift",
        "Struct/YStruct/YSkip.swift",
        "Struct/YStruct/YStructure.swift",
        "Utilities/YEventHandler.swift",
        "Utilities/YPermanentUserData.swift",
        "Utilities/YSnapshot.swift",
        "Utilities/YStructStore.swift",
        "Utilities/YSwiftError.swift",
        "Utilities/YTransaction.swift",
        "Utilities/YUndoManager.swift",
        "YDocument.swift"
      ],
      "type" : "library"
    }
  ],
  "tools_version" : "5.7"
}
{
  "workspace" : {
    "name" : "yswift",
    "schemes" : [
      "yswift"
    ]
  }
}
2026-09-19 02:18:34.901 xcodebuild[954:5879] [MT] IDERunDestination: Supported platforms for the buildables in the current scheme is empty.
2026-09-19 02:18:35.005 xcodebuild[954:5879] [MT] IDERunDestination: Supported platforms for the buildables in the current scheme is empty.
Running build ...
env DEVELOPER_DIR=/Applications/Xcode-27.0.0-Release.Candidate.app xcrun xcodebuild -IDEClonedSourcePackagesDirPathOverride=$PWD/.dependencies -skipMacroValidation -skipPackagePluginValidation -derivedDataPath $PWD/.derivedData build -scheme yswift -destination generic/platform=watchOS
Command line invocation:
    /Applications/Xcode-27.0.0-Release.Candidate.app/Contents/Developer/usr/bin/xcodebuild -IDEClonedSourcePackagesDirPathOverride=/Users/admin/builder/spi-builder-workspace/.dependencies -skipMacroValidation -skipPackagePluginValidation -derivedDataPath /Users/admin/builder/spi-builder-workspace/.derivedData build -scheme yswift -destination generic/platform=watchOS
Resolve Package Graph
Resolved source packages:
  Promise: https://github.com/ObuchiYuki/Promise.git @ 1.3.0
  yswift: /Users/admin/builder/spi-builder-workspace
  lib0-swift: https://github.com/ObuchiYuki/lib0-swift.git @ 1.0.4
ComputePackagePrebuildTargetDependencyGraph
Prepare packages
CreateBuildRequest
SendProjectDescription
CreateBuildOperation
ComputeTargetDependencyGraph
note: Building targets in dependency order
note: Target dependency graph (7 targets)
    Target 'yswiftTests-product' in project 'yswift'
        ➜ Explicit dependency on target 'yswift' in project 'yswift'
        ➜ Explicit dependency on target 'Promise-product' in project 'Promise'
        ➜ Explicit dependency on target 'lib0-product' in project 'lib0-swift'
    Target 'yswift-product' in project 'yswift'
        ➜ Explicit dependency on target 'yswift' in project 'yswift'
        ➜ Explicit dependency on target 'Promise-product' in project 'Promise'
        ➜ Explicit dependency on target 'lib0-product' in project 'lib0-swift'
    Target 'yswift' in project 'yswift'
        ➜ Explicit dependency on target 'Promise-product' in project 'Promise'
        ➜ Explicit dependency on target 'lib0-product' in project 'lib0-swift'
    Target 'lib0-product' in project 'lib0-swift'
        ➜ Explicit dependency on target 'lib0' in project 'lib0-swift'
    Target 'lib0' in project 'lib0-swift' (no dependencies)
    Target 'Promise-product' in project 'Promise'
        ➜ Explicit dependency on target 'Promise' in project 'Promise'
    Target 'Promise' in project 'Promise' (no dependencies)
GatherProvisioningInputs
CreateBuildDescription
ClangStatCache /Applications/Xcode-27.0.0-Release.Candidate.app/Contents/Developer/Toolchains/XcodeDefault.xctoolchain/usr/bin/clang-stat-cache /Applications/Xcode-27.0.0-Release.Candidate.app/Contents/Developer/Platforms/WatchOS.platform/Developer/SDKs/WatchOS27.0.sdk /Users/admin/builder/spi-builder-workspace/.derivedData/SDKStatCaches.noindex/watchos27.0-24R360-e829b21a6f8c9b70876ba0858053c04477534ef55a1706bf4c1112bbb242f0a2.sdkstatcache
    cd /Users/admin/builder/spi-builder-workspace/.swiftpm/xcode
    /Applications/Xcode-27.0.0-Release.Candidate.app/Contents/Developer/Toolchains/XcodeDefault.xctoolchain/usr/bin/clang-stat-cache /Applications/Xcode-27.0.0-Release.Candidate.app/Contents/Developer/Platforms/WatchOS.platform/Developer/SDKs/WatchOS27.0.sdk -o /Users/admin/builder/spi-builder-workspace/.derivedData/SDKStatCaches.noindex/watchos27.0-24R360-e829b21a6f8c9b70876ba0858053c04477534ef55a1706bf4c1112bbb242f0a2.sdkstatcache
SwiftDriver yswiftTests normal arm64_32 com.apple.xcode.tools.swift.compiler (in target 'yswiftTests-product' from project 'yswift')
    cd /Users/admin/builder/spi-builder-workspace/.swiftpm/xcode
    builtin-SwiftDriver -- /Applications/Xcode-27.0.0-Release.Candidate.app/Contents/Developer/Toolchains/XcodeDefault.xctoolchain/usr/bin/swiftc -parse-as-library -module-name yswiftTests -Onone @/Users/admin/builder/spi-builder-workspace/.derivedData/Build/Intermediates.noindex/yswift.build/Debug-watchos/yswiftTests-p.build/Objects-normal/arm64_32/yswiftTests.SwiftFileList -DSWIFT_PACKAGE -DDEBUG -DXcode -plugin-path /Applications/Xcode-27.0.0-Release.Candidate.app/Contents/Developer/Toolchains/XcodeDefault.xctoolchain/usr/lib/swift/host/plugins/testing -enable-experimental-feature DebugDescriptionMacro -sdk /Applications/Xcode-27.0.0-Release.Candidate.app/Contents/Developer/Platforms/WatchOS.platform/Developer/SDKs/WatchOS27.0.sdk -target arm64_32-apple-watchos10.0 -g -module-cache-path /Users/admin/builder/spi-builder-workspace/.derivedData/ModuleCache.noindex -Xfrontend -serialize-debugging-options -enable-testing -index-store-path /Users/admin/builder/spi-builder-workspace/.derivedData/Index.noindex/DataStore -Xcc -D_LIBCPP_HARDENING_MODE\=_LIBCPP_HARDENING_MODE_DEBUG -swift-version 5 -I /Users/admin/builder/spi-builder-workspace/.derivedData/Build/Products/Debug-watchos -Isystem /Applications/Xcode-27.0.0-Release.Candidate.app/Contents/Developer/Platforms/WatchOS.platform/Developer/usr/lib -F /Users/admin/builder/spi-builder-workspace/.derivedData/Build/Products/Debug-watchos/PackageFrameworks -F /Users/admin/builder/spi-builder-workspace/.derivedData/Build/Products/Debug-watchos -F /Applications/Xcode-27.0.0-Release.Candidate.app/Contents/Developer/Platforms/WatchOS.platform/Developer/Library/Frameworks -F /Applications/Xcode-27.0.0-Release.Candidate.app/Contents/Developer/Platforms/WatchOS.platform/Developer/SDKs/WatchOS27.0.sdk/Developer/Library/Frameworks -c -j10 -enable-batch-mode -incremental -Xcc -ivfsstatcache -Xcc /Users/admin/builder/spi-builder-workspace/.derivedData/SDKStatCaches.noindex/watchos27.0-24R360-e829b21a6f8c9b70876ba0858053c04477534ef55a1706bf4c1112bbb242f0a2.sdkstatcache -output-file-map /Users/admin/builder/spi-builder-workspace/.derivedData/Build/Intermediates.noindex/yswift.build/Debug-watchos/yswiftTests-p.build/Objects-normal/arm64_32/yswiftTests-OutputFileMap.json -save-temps -no-color-diagnostics -explicit-module-build -module-cache-path /Users/admin/builder/spi-builder-workspace/.derivedData/Build/Intermediates.noindex/SwiftExplicitPrecompiledModules -clang-scanner-module-cache-path /Users/admin/builder/spi-builder-workspace/.derivedData/ModuleCache.noindex -sdk-module-cache-path /Users/admin/builder/spi-builder-workspace/.derivedData/SDKExplicitPrecompiledModules -emit-dependencies -emit-module -emit-module-path /Users/admin/builder/spi-builder-workspace/.derivedData/Build/Intermediates.noindex/yswift.build/Debug-watchos/yswiftTests-p.build/Objects-normal/arm64_32/yswiftTests.swiftmodule -serialize-diagnostics -dependency-scan-serialize-diagnostics-path /Users/admin/builder/spi-builder-workspace/.derivedData/Build/Intermediates.noindex/yswift.build/Debug-watchos/yswiftTests-p.build/Objects-normal/arm64_32/yswiftTests-dependency-scan.dia -validate-clang-modules-once -clang-build-session-file /Users/admin/builder/spi-builder-workspace/.derivedData/ModuleCache.noindex/Session.modulevalidation -Xcc -fmodules-prune-interval\=86400 -Xcc -fmodules-prune-after\=345600 -emit-const-values -const-gather-protocols-list /Users/admin/builder/spi-builder-workspace/.derivedData/Build/Intermediates.noindex/yswift.build/Debug-watchos/yswiftTests-p.build/Objects-normal/arm64_32/yswiftTests_const_extract_protocols.json -Xcc -I/Users/admin/builder/spi-builder-workspace/.derivedData/Build/Products/Debug-watchos/include -Xcc -I/Users/admin/builder/spi-builder-workspace/.derivedData/Build/Intermediates.noindex/yswift.build/Debug-watchos/yswiftTests-p.build/DerivedSources-normal/arm64_32 -Xcc -I/Users/admin/builder/spi-builder-workspace/.derivedData/Build/Intermediates.noindex/yswift.build/Debug-watchos/yswiftTests-p.build/DerivedSources/arm64_32 -Xcc -I/Users/admin/builder/spi-builder-workspace/.derivedData/Build/Intermediates.noindex/yswift.build/Debug-watchos/yswiftTests-p.build/DerivedSources -Xcc -DSWIFT_PACKAGE -Xcc -DDEBUG\=1 -working-directory /Users/admin/builder/spi-builder-workspace/.swiftpm/xcode -experimental-emit-module-separately -disable-cmo
SwiftDriver yswiftTests normal arm64 com.apple.xcode.tools.swift.compiler (in target 'yswiftTests-product' from project 'yswift')
    cd /Users/admin/builder/spi-builder-workspace/.swiftpm/xcode
    builtin-SwiftDriver -- /Applications/Xcode-27.0.0-Release.Candidate.app/Contents/Developer/Toolchains/XcodeDefault.xctoolchain/usr/bin/swiftc -parse-as-library -module-name yswiftTests -Onone @/Users/admin/builder/spi-builder-workspace/.derivedData/Build/Intermediates.noindex/yswift.build/Debug-watchos/yswiftTests-p.build/Objects-normal/arm64/yswiftTests.SwiftFileList -DSWIFT_PACKAGE -DDEBUG -DXcode -plugin-path /Applications/Xcode-27.0.0-Release.Candidate.app/Contents/Developer/Toolchains/XcodeDefault.xctoolchain/usr/lib/swift/host/plugins/testing -enable-experimental-feature DebugDescriptionMacro -sdk /Applications/Xcode-27.0.0-Release.Candidate.app/Contents/Developer/Platforms/WatchOS.platform/Developer/SDKs/WatchOS27.0.sdk -target arm64-apple-watchos10.0 -g -module-cache-path /Users/admin/builder/spi-builder-workspace/.derivedData/ModuleCache.noindex -Xfrontend -serialize-debugging-options -enable-testing -index-store-path /Users/admin/builder/spi-builder-workspace/.derivedData/Index.noindex/DataStore -Xcc -D_LIBCPP_HARDENING_MODE\=_LIBCPP_HARDENING_MODE_DEBUG -swift-version 5 -I /Users/admin/builder/spi-builder-workspace/.derivedData/Build/Products/Debug-watchos -Isystem /Applications/Xcode-27.0.0-Release.Candidate.app/Contents/Developer/Platforms/WatchOS.platform/Developer/usr/lib -F /Users/admin/builder/spi-builder-workspace/.derivedData/Build/Products/Debug-watchos/PackageFrameworks -F /Users/admin/builder/spi-builder-workspace/.derivedData/Build/Products/Debug-watchos -F /Applications/Xcode-27.0.0-Release.Candidate.app/Contents/Developer/Platforms/WatchOS.platform/Developer/Library/Frameworks -F /Applications/Xcode-27.0.0-Release.Candidate.app/Contents/Developer/Platforms/WatchOS.platform/Developer/SDKs/WatchOS27.0.sdk/Developer/Library/Frameworks -c -j10 -enable-batch-mode -incremental -Xcc -ivfsstatcache -Xcc /Users/admin/builder/spi-builder-workspace/.derivedData/SDKStatCaches.noindex/watchos27.0-24R360-e829b21a6f8c9b70876ba0858053c04477534ef55a1706bf4c1112bbb242f0a2.sdkstatcache -output-file-map /Users/admin/builder/spi-builder-workspace/.derivedData/Build/Intermediates.noindex/yswift.build/Debug-watchos/yswiftTests-p.build/Objects-normal/arm64/yswiftTests-OutputFileMap.json -save-temps -no-color-diagnostics -explicit-module-build -module-cache-path /Users/admin/builder/spi-builder-workspace/.derivedData/Build/Intermediates.noindex/SwiftExplicitPrecompiledModules -clang-scanner-module-cache-path /Users/admin/builder/spi-builder-workspace/.derivedData/ModuleCache.noindex -sdk-module-cache-path /Users/admin/builder/spi-builder-workspace/.derivedData/SDKExplicitPrecompiledModules -emit-dependencies -emit-module -emit-module-path /Users/admin/builder/spi-builder-workspace/.derivedData/Build/Intermediates.noindex/yswift.build/Debug-watchos/yswiftTests-p.build/Objects-normal/arm64/yswiftTests.swiftmodule -serialize-diagnostics -dependency-scan-serialize-diagnostics-path /Users/admin/builder/spi-builder-workspace/.derivedData/Build/Intermediates.noindex/yswift.build/Debug-watchos/yswiftTests-p.build/Objects-normal/arm64/yswiftTests-dependency-scan.dia -validate-clang-modules-once -clang-build-session-file /Users/admin/builder/spi-builder-workspace/.derivedData/ModuleCache.noindex/Session.modulevalidation -Xcc -fmodules-prune-interval\=86400 -Xcc -fmodules-prune-after\=345600 -emit-const-values -const-gather-protocols-list /Users/admin/builder/spi-builder-workspace/.derivedData/Build/Intermediates.noindex/yswift.build/Debug-watchos/yswiftTests-p.build/Objects-normal/arm64/yswiftTests_const_extract_protocols.json -Xcc -I/Users/admin/builder/spi-builder-workspace/.derivedData/Build/Products/Debug-watchos/include -Xcc -I/Users/admin/builder/spi-builder-workspace/.derivedData/Build/Intermediates.noindex/yswift.build/Debug-watchos/yswiftTests-p.build/DerivedSources-normal/arm64 -Xcc -I/Users/admin/builder/spi-builder-workspace/.derivedData/Build/Intermediates.noindex/yswift.build/Debug-watchos/yswiftTests-p.build/DerivedSources/arm64 -Xcc -I/Users/admin/builder/spi-builder-workspace/.derivedData/Build/Intermediates.noindex/yswift.build/Debug-watchos/yswiftTests-p.build/DerivedSources -Xcc -DSWIFT_PACKAGE -Xcc -DDEBUG\=1 -working-directory /Users/admin/builder/spi-builder-workspace/.swiftpm/xcode -experimental-emit-module-separately -disable-cmo
SwiftDriver yswift normal arm64_32 com.apple.xcode.tools.swift.compiler (in target 'yswift' from project 'yswift')
    cd /Users/admin/builder/spi-builder-workspace/.swiftpm/xcode
    builtin-SwiftDriver -- /Applications/Xcode-27.0.0-Release.Candidate.app/Contents/Developer/Toolchains/XcodeDefault.xctoolchain/usr/bin/swiftc -parse-as-library -module-name yswift -Onone @/Users/admin/builder/spi-builder-workspace/.derivedData/Build/Intermediates.noindex/yswift.build/Debug-watchos/yswift-t.build/Objects-normal/arm64_32/yswift.SwiftFileList -DSWIFT_PACKAGE -DDEBUG -DSWIFT_MODULE_RESOURCE_BUNDLE_UNAVAILABLE -DXcode -plugin-path /Applications/Xcode-27.0.0-Release.Candidate.app/Contents/Developer/Toolchains/XcodeDefault.xctoolchain/usr/lib/swift/host/plugins/testing -enable-experimental-feature DebugDescriptionMacro -sdk /Applications/Xcode-27.0.0-Release.Candidate.app/Contents/Developer/Platforms/WatchOS.platform/Developer/SDKs/WatchOS27.0.sdk -target arm64_32-apple-watchos9.0 -g -module-cache-path /Users/admin/builder/spi-builder-workspace/.derivedData/ModuleCache.noindex -Xfrontend -serialize-debugging-options -enable-testing -index-store-path /Users/admin/builder/spi-builder-workspace/.derivedData/Index.noindex/DataStore -Xcc -D_LIBCPP_HARDENING_MODE\=_LIBCPP_HARDENING_MODE_DEBUG -swift-version 5 -I /Users/admin/builder/spi-builder-workspace/.derivedData/Build/Products/Debug-watchos -Isystem /Applications/Xcode-27.0.0-Release.Candidate.app/Contents/Developer/Platforms/WatchOS.platform/Developer/usr/lib -F /Users/admin/builder/spi-builder-workspace/.derivedData/Build/Products/Debug-watchos/PackageFrameworks -F /Users/admin/builder/spi-builder-workspace/.derivedData/Build/Products/Debug-watchos -F /Applications/Xcode-27.0.0-Release.Candidate.app/Contents/Developer/Platforms/WatchOS.platform/Developer/Library/Frameworks -F /Applications/Xcode-27.0.0-Release.Candidate.app/Contents/Developer/Platforms/WatchOS.platform/Developer/SDKs/WatchOS27.0.sdk/Developer/Library/Frameworks -c -j10 -enable-batch-mode -incremental -Xcc -ivfsstatcache -Xcc /Users/admin/builder/spi-builder-workspace/.derivedData/SDKStatCaches.noindex/watchos27.0-24R360-e829b21a6f8c9b70876ba0858053c04477534ef55a1706bf4c1112bbb242f0a2.sdkstatcache -output-file-map /Users/admin/builder/spi-builder-workspace/.derivedData/Build/Intermediates.noindex/yswift.build/Debug-watchos/yswift-t.build/Objects-normal/arm64_32/yswift-OutputFileMap.json -save-temps -no-color-diagnostics -explicit-module-build -module-cache-path /Users/admin/builder/spi-builder-workspace/.derivedData/Build/Intermediates.noindex/SwiftExplicitPrecompiledModules -clang-scanner-module-cache-path /Users/admin/builder/spi-builder-workspace/.derivedData/ModuleCache.noindex -sdk-module-cache-path /Users/admin/builder/spi-builder-workspace/.derivedData/SDKExplicitPrecompiledModules -emit-dependencies -emit-module -emit-module-path /Users/admin/builder/spi-builder-workspace/.derivedData/Build/Intermediates.noindex/yswift.build/Debug-watchos/yswift-t.build/Objects-normal/arm64_32/yswift.swiftmodule -serialize-diagnostics -dependency-scan-serialize-diagnostics-path /Users/admin/builder/spi-builder-workspace/.derivedData/Build/Intermediates.noindex/yswift.build/Debug-watchos/yswift-t.build/Objects-normal/arm64_32/yswift-dependency-scan.dia -validate-clang-modules-once -clang-build-session-file /Users/admin/builder/spi-builder-workspace/.derivedData/ModuleCache.noindex/Session.modulevalidation -Xcc -fmodules-prune-interval\=86400 -Xcc -fmodules-prune-after\=345600 -emit-const-values -const-gather-protocols-list /Users/admin/builder/spi-builder-workspace/.derivedData/Build/Intermediates.noindex/yswift.build/Debug-watchos/yswift-t.build/Objects-normal/arm64_32/yswift_const_extract_protocols.json -Xcc -I/Users/admin/builder/spi-builder-workspace/.derivedData/Build/Products/Debug-watchos/include -Xcc -I/Users/admin/builder/spi-builder-workspace/.derivedData/Build/Intermediates.noindex/yswift.build/Debug-watchos/yswift-t.build/DerivedSources-normal/arm64_32 -Xcc -I/Users/admin/builder/spi-builder-workspace/.derivedData/Build/Intermediates.noindex/yswift.build/Debug-watchos/yswift-t.build/DerivedSources/arm64_32 -Xcc -I/Users/admin/builder/spi-builder-workspace/.derivedData/Build/Intermediates.noindex/yswift.build/Debug-watchos/yswift-t.build/DerivedSources -Xcc -DSWIFT_PACKAGE -Xcc -DDEBUG\=1 -emit-objc-header -emit-objc-header-path /Users/admin/builder/spi-builder-workspace/.derivedData/Build/Intermediates.noindex/yswift.build/Debug-watchos/yswift-t.build/Objects-normal/arm64_32/yswift-Swift.h -working-directory /Users/admin/builder/spi-builder-workspace/.swiftpm/xcode -experimental-emit-module-separately -disable-cmo
SwiftDriver yswift normal arm64 com.apple.xcode.tools.swift.compiler (in target 'yswift' from project 'yswift')
    cd /Users/admin/builder/spi-builder-workspace/.swiftpm/xcode
    builtin-SwiftDriver -- /Applications/Xcode-27.0.0-Release.Candidate.app/Contents/Developer/Toolchains/XcodeDefault.xctoolchain/usr/bin/swiftc -parse-as-library -module-name yswift -Onone @/Users/admin/builder/spi-builder-workspace/.derivedData/Build/Intermediates.noindex/yswift.build/Debug-watchos/yswift-t.build/Objects-normal/arm64/yswift.SwiftFileList -DSWIFT_PACKAGE -DDEBUG -DSWIFT_MODULE_RESOURCE_BUNDLE_UNAVAILABLE -DXcode -plugin-path /Applications/Xcode-27.0.0-Release.Candidate.app/Contents/Developer/Toolchains/XcodeDefault.xctoolchain/usr/lib/swift/host/plugins/testing -enable-experimental-feature DebugDescriptionMacro -sdk /Applications/Xcode-27.0.0-Release.Candidate.app/Contents/Developer/Platforms/WatchOS.platform/Developer/SDKs/WatchOS27.0.sdk -target arm64-apple-watchos9.0 -g -module-cache-path /Users/admin/builder/spi-builder-workspace/.derivedData/ModuleCache.noindex -Xfrontend -serialize-debugging-options -enable-testing -index-store-path /Users/admin/builder/spi-builder-workspace/.derivedData/Index.noindex/DataStore -Xcc -D_LIBCPP_HARDENING_MODE\=_LIBCPP_HARDENING_MODE_DEBUG -swift-version 5 -I /Users/admin/builder/spi-builder-workspace/.derivedData/Build/Products/Debug-watchos -Isystem /Applications/Xcode-27.0.0-Release.Candidate.app/Contents/Developer/Platforms/WatchOS.platform/Developer/usr/lib -F /Users/admin/builder/spi-builder-workspace/.derivedData/Build/Products/Debug-watchos/PackageFrameworks -F /Users/admin/builder/spi-builder-workspace/.derivedData/Build/Products/Debug-watchos -F /Applications/Xcode-27.0.0-Release.Candidate.app/Contents/Developer/Platforms/WatchOS.platform/Developer/Library/Frameworks -F /Applications/Xcode-27.0.0-Release.Candidate.app/Contents/Developer/Platforms/WatchOS.platform/Developer/SDKs/WatchOS27.0.sdk/Developer/Library/Frameworks -c -j10 -enable-batch-mode -incremental -Xcc -ivfsstatcache -Xcc /Users/admin/builder/spi-builder-workspace/.derivedData/SDKStatCaches.noindex/watchos27.0-24R360-e829b21a6f8c9b70876ba0858053c04477534ef55a1706bf4c1112bbb242f0a2.sdkstatcache -output-file-map /Users/admin/builder/spi-builder-workspace/.derivedData/Build/Intermediates.noindex/yswift.build/Debug-watchos/yswift-t.build/Objects-normal/arm64/yswift-OutputFileMap.json -save-temps -no-color-diagnostics -explicit-module-build -module-cache-path /Users/admin/builder/spi-builder-workspace/.derivedData/Build/Intermediates.noindex/SwiftExplicitPrecompiledModules -clang-scanner-module-cache-path /Users/admin/builder/spi-builder-workspace/.derivedData/ModuleCache.noindex -sdk-module-cache-path /Users/admin/builder/spi-builder-workspace/.derivedData/SDKExplicitPrecompiledModules -emit-dependencies -emit-module -emit-module-path /Users/admin/builder/spi-builder-workspace/.derivedData/Build/Intermediates.noindex/yswift.build/Debug-watchos/yswift-t.build/Objects-normal/arm64/yswift.swiftmodule -serialize-diagnostics -dependency-scan-serialize-diagnostics-path /Users/admin/builder/spi-builder-workspace/.derivedData/Build/Intermediates.noindex/yswift.build/Debug-watchos/yswift-t.build/Objects-normal/arm64/yswift-dependency-scan.dia -validate-clang-modules-once -clang-build-session-file /Users/admin/builder/spi-builder-workspace/.derivedData/ModuleCache.noindex/Session.modulevalidation -Xcc -fmodules-prune-interval\=86400 -Xcc -fmodules-prune-after\=345600 -emit-const-values -const-gather-protocols-list /Users/admin/builder/spi-builder-workspace/.derivedData/Build/Intermediates.noindex/yswift.build/Debug-watchos/yswift-t.build/Objects-normal/arm64/yswift_const_extract_protocols.json -Xcc -I/Users/admin/builder/spi-builder-workspace/.derivedData/Build/Products/Debug-watchos/include -Xcc -I/Users/admin/builder/spi-builder-workspace/.derivedData/Build/Intermediates.noindex/yswift.build/Debug-watchos/yswift-t.build/DerivedSources-normal/arm64 -Xcc -I/Users/admin/builder/spi-builder-workspace/.derivedData/Build/Intermediates.noindex/yswift.build/Debug-watchos/yswift-t.build/DerivedSources/arm64 -Xcc -I/Users/admin/builder/spi-builder-workspace/.derivedData/Build/Intermediates.noindex/yswift.build/Debug-watchos/yswift-t.build/DerivedSources -Xcc -DSWIFT_PACKAGE -Xcc -DDEBUG\=1 -emit-objc-header -emit-objc-header-path /Users/admin/builder/spi-builder-workspace/.derivedData/Build/Intermediates.noindex/yswift.build/Debug-watchos/yswift-t.build/Objects-normal/arm64/yswift-Swift.h -working-directory /Users/admin/builder/spi-builder-workspace/.swiftpm/xcode -experimental-emit-module-separately -disable-cmo
SwiftCompile normal arm64 Compiling\ YAsserts.swift,\ YTest.swift,\ YTestEnvironment.swift /Users/admin/builder/spi-builder-workspace/Tests/yswiftTests/helper/YAsserts.swift /Users/admin/builder/spi-builder-workspace/Tests/yswiftTests/helper/YTest.swift /Users/admin/builder/spi-builder-workspace/Tests/yswiftTests/helper/YTestEnvironment.swift (in target 'yswiftTests-product' from project 'yswift')
SwiftCompile normal arm64 /Users/admin/builder/spi-builder-workspace/Tests/yswiftTests/helper/YAsserts.swift (in target 'yswiftTests-product' from project 'yswift')
    cd /Users/admin/builder/spi-builder-workspace/.swiftpm/xcode
    builtin-SwiftPerFileCompile YAsserts.swift
SwiftCompile normal arm64 /Users/admin/builder/spi-builder-workspace/Tests/yswiftTests/helper/YTest.swift (in target 'yswiftTests-product' from project 'yswift')
    cd /Users/admin/builder/spi-builder-workspace/.swiftpm/xcode
    builtin-SwiftPerFileCompile YTest.swift
SwiftCompile normal arm64 /Users/admin/builder/spi-builder-workspace/Tests/yswiftTests/helper/YTestEnvironment.swift (in target 'yswiftTests-product' from project 'yswift')
    cd /Users/admin/builder/spi-builder-workspace/.swiftpm/xcode
    builtin-SwiftPerFileCompile YTestEnvironment.swift
/Users/admin/builder/spi-builder-workspace/Tests/yswiftTests/helper/YTestEnvironment.swift:16:36: warning: cannot use generic struct 'EventName' in a property declaration member of a type not marked '@_implementationOnly'; 'lib0' was not imported by this file
14 |     let applyUpdate: (YDocument, YUpdate, Any?) throws -> Void
15 |     let logUpdate: (YUpdate) -> Void
16 |     let updateEventName: YDocument.EventName<(update: YUpdate, origin: Any?, YTransaction)>
   |                                    `- warning: cannot use generic struct 'EventName' in a property declaration member of a type not marked '@_implementationOnly'; 'lib0' was not imported by this file
17 |     let diffUpdate: (YUpdate, Data) throws -> YUpdate
18 |
lib0.LZObservableObject.EventName:2:39: note: generic struct declared here
1 | class LZObservableObject {
2 | public struct lib0.LZObservableObject.EventName<Arguments> {
  |                                       `- note: generic struct declared here
3 |     public let name: String
4 |     public init(_ name: String)
SwiftCompile normal arm64 Compiling\ YUpdateEnvironment.swift,\ _Const.swift,\ y-awareness.test.swift /Users/admin/builder/spi-builder-workspace/Tests/yswiftTests/helper/YUpdateEnvironment.swift /Users/admin/builder/spi-builder-workspace/Tests/yswiftTests/helper/_Const.swift /Users/admin/builder/spi-builder-workspace/Tests/yswiftTests/y-protocols/y-awareness.test.swift (in target 'yswiftTests-product' from project 'yswift')
SwiftCompile normal arm64 /Users/admin/builder/spi-builder-workspace/Tests/yswiftTests/helper/YUpdateEnvironment.swift (in target 'yswiftTests-product' from project 'yswift')
    cd /Users/admin/builder/spi-builder-workspace/.swiftpm/xcode
    builtin-SwiftPerFileCompile YUpdateEnvironment.swift
SwiftCompile normal arm64 /Users/admin/builder/spi-builder-workspace/Tests/yswiftTests/helper/_Const.swift (in target 'yswiftTests-product' from project 'yswift')
    cd /Users/admin/builder/spi-builder-workspace/.swiftpm/xcode
    builtin-SwiftPerFileCompile _Const.swift
SwiftCompile normal arm64 /Users/admin/builder/spi-builder-workspace/Tests/yswiftTests/y-protocols/y-awareness.test.swift (in target 'yswiftTests-product' from project 'yswift')
    cd /Users/admin/builder/spi-builder-workspace/.swiftpm/xcode
    builtin-SwiftPerFileCompile y-awareness.test.swift
SwiftCompile normal arm64 Compiling\ Sync.swift,\ TestConnector.swift,\ TestDoc.swift /Users/admin/builder/spi-builder-workspace/Tests/yswiftTests/helper/Sync.swift /Users/admin/builder/spi-builder-workspace/Tests/yswiftTests/helper/TestConnector.swift /Users/admin/builder/spi-builder-workspace/Tests/yswiftTests/helper/TestDoc.swift (in target 'yswiftTests-product' from project 'yswift')
SwiftCompile normal arm64 /Users/admin/builder/spi-builder-workspace/Tests/yswiftTests/helper/Sync.swift (in target 'yswiftTests-product' from project 'yswift')
    cd /Users/admin/builder/spi-builder-workspace/.swiftpm/xcode
    builtin-SwiftPerFileCompile Sync.swift
SwiftCompile normal arm64 /Users/admin/builder/spi-builder-workspace/Tests/yswiftTests/helper/TestConnector.swift (in target 'yswiftTests-product' from project 'yswift')
    cd /Users/admin/builder/spi-builder-workspace/.swiftpm/xcode
    builtin-SwiftPerFileCompile TestConnector.swift
SwiftCompile normal arm64 /Users/admin/builder/spi-builder-workspace/Tests/yswiftTests/helper/TestDoc.swift (in target 'yswiftTests-product' from project 'yswift')
    cd /Users/admin/builder/spi-builder-workspace/.swiftpm/xcode
    builtin-SwiftPerFileCompile TestDoc.swift
SwiftCompile normal arm64 Compiling\ y-map.tests.swift,\ y-text.tests.swift,\ +integrations.appkit.tests.swift /Users/admin/builder/spi-builder-workspace/Tests/yswiftTests/yjs/y-map.tests.swift /Users/admin/builder/spi-builder-workspace/Tests/yswiftTests/yjs/y-text.tests.swift /Users/admin/builder/spi-builder-workspace/Tests/yswiftTests/yswift/+integrations.appkit.tests.swift (in target 'yswiftTests-product' from project 'yswift')
SwiftCompile normal arm64 /Users/admin/builder/spi-builder-workspace/Tests/yswiftTests/yjs/y-map.tests.swift (in target 'yswiftTests-product' from project 'yswift')
    cd /Users/admin/builder/spi-builder-workspace/.swiftpm/xcode
    builtin-SwiftPerFileCompile y-map.tests.swift
SwiftCompile normal arm64 /Users/admin/builder/spi-builder-workspace/Tests/yswiftTests/yjs/y-text.tests.swift (in target 'yswiftTests-product' from project 'yswift')
    cd /Users/admin/builder/spi-builder-workspace/.swiftpm/xcode
    builtin-SwiftPerFileCompile y-text.tests.swift
SwiftCompile normal arm64 /Users/admin/builder/spi-builder-workspace/Tests/yswiftTests/yswift/+integrations.appkit.tests.swift (in target 'yswiftTests-product' from project 'yswift')
    cd /Users/admin/builder/spi-builder-workspace/.swiftpm/xcode
    builtin-SwiftPerFileCompile +integrations.appkit.tests.swift
SwiftCompile normal arm64 Compiling\ undo-redo.tests.swift,\ updates.tests.swift,\ y-array.tests.swift /Users/admin/builder/spi-builder-workspace/Tests/yswiftTests/yjs/undo-redo.tests.swift /Users/admin/builder/spi-builder-workspace/Tests/yswiftTests/yjs/updates.tests.swift /Users/admin/builder/spi-builder-workspace/Tests/yswiftTests/yjs/y-array.tests.swift (in target 'yswiftTests-product' from project 'yswift')
SwiftCompile normal arm64 /Users/admin/builder/spi-builder-workspace/Tests/yswiftTests/yjs/undo-redo.tests.swift (in target 'yswiftTests-product' from project 'yswift')
    cd /Users/admin/builder/spi-builder-workspace/.swiftpm/xcode
    builtin-SwiftPerFileCompile undo-redo.tests.swift
SwiftCompile normal arm64 /Users/admin/builder/spi-builder-workspace/Tests/yswiftTests/yjs/updates.tests.swift (in target 'yswiftTests-product' from project 'yswift')
    cd /Users/admin/builder/spi-builder-workspace/.swiftpm/xcode
    builtin-SwiftPerFileCompile updates.tests.swift
SwiftCompile normal arm64 /Users/admin/builder/spi-builder-workspace/Tests/yswiftTests/yjs/y-array.tests.swift (in target 'yswiftTests-product' from project 'yswift')
    cd /Users/admin/builder/spi-builder-workspace/.swiftpm/xcode
    builtin-SwiftPerFileCompile y-array.tests.swift
SwiftCompile normal arm64 Compiling\ +y-object.tests.swift,\ +y-object.tests2.swift /Users/admin/builder/spi-builder-workspace/Tests/yswiftTests/yswift/+y-object.tests.swift /Users/admin/builder/spi-builder-workspace/Tests/yswiftTests/yswift/+y-object.tests2.swift (in target 'yswiftTests-product' from project 'yswift')
SwiftCompile normal arm64 /Users/admin/builder/spi-builder-workspace/Tests/yswiftTests/yswift/+y-object.tests.swift (in target 'yswiftTests-product' from project 'yswift')
    cd /Users/admin/builder/spi-builder-workspace/.swiftpm/xcode
    builtin-SwiftPerFileCompile +y-object.tests.swift
SwiftCompile normal arm64 /Users/admin/builder/spi-builder-workspace/Tests/yswiftTests/yswift/+y-object.tests2.swift (in target 'yswiftTests-product' from project 'yswift')
    cd /Users/admin/builder/spi-builder-workspace/.swiftpm/xcode
    builtin-SwiftPerFileCompile +y-object.tests2.swift
SwiftCompile normal arm64 Compiling\ +y-array.swifty.tests.swift,\ +y-map.swifty.tests.swift /Users/admin/builder/spi-builder-workspace/Tests/yswiftTests/yswift/+y-array.swifty.tests.swift /Users/admin/builder/spi-builder-workspace/Tests/yswiftTests/yswift/+y-map.swifty.tests.swift (in target 'yswiftTests-product' from project 'yswift')
SwiftCompile normal arm64 /Users/admin/builder/spi-builder-workspace/Tests/yswiftTests/yswift/+y-array.swifty.tests.swift (in target 'yswiftTests-product' from project 'yswift')
    cd /Users/admin/builder/spi-builder-workspace/.swiftpm/xcode
    builtin-SwiftPerFileCompile +y-array.swifty.tests.swift
SwiftCompile normal arm64 /Users/admin/builder/spi-builder-workspace/Tests/yswiftTests/yswift/+y-map.swifty.tests.swift (in target 'yswiftTests-product' from project 'yswift')
    cd /Users/admin/builder/spi-builder-workspace/.swiftpm/xcode
    builtin-SwiftPerFileCompile +y-map.swifty.tests.swift
SwiftEmitModule normal arm64 Emitting\ module\ for\ yswiftTests (in target 'yswiftTests-product' from project 'yswift')
/Users/admin/builder/spi-builder-workspace/Tests/yswiftTests/helper/YTestEnvironment.swift:16:36: warning: cannot use generic struct 'EventName' in a property declaration member of a type not marked '@_implementationOnly'; 'lib0' was not imported by this file
14 |     let applyUpdate: (YDocument, YUpdate, Any?) throws -> Void
15 |     let logUpdate: (YUpdate) -> Void
16 |     let updateEventName: YDocument.EventName<(update: YUpdate, origin: Any?, YTransaction)>
   |                                    `- warning: cannot use generic struct 'EventName' in a property declaration member of a type not marked '@_implementationOnly'; 'lib0' was not imported by this file
17 |     let diffUpdate: (YUpdate, Data) throws -> YUpdate
18 |
lib0.LZObservableObject.EventName:2:39: note: generic struct declared here
1 | class LZObservableObject {
2 | public struct lib0.LZObservableObject.EventName<Arguments> {
  |                                       `- note: generic struct declared here
3 |     public let name: String
4 |     public init(_ name: String)
/Users/admin/builder/spi-builder-workspace/Tests/yswiftTests/yswift/+integrations.tests.swift:128:1: warning: extension declares a conformance of imported type 'CGRect' to imported protocols 'YCodable', 'YValue', 'YElement', 'YPasteboardCopy'; this will not behave correctly if the owners of 'CoreFoundation' introduce this conformance in the future
126 | }
127 |
128 | extension CGRect: YCodable {}
    | |- warning: extension declares a conformance of imported type 'CGRect' to imported protocols 'YCodable', 'YValue', 'YElement', 'YPasteboardCopy'; this will not behave correctly if the owners of 'CoreFoundation' introduce this conformance in the future
    | `- note: add '@retroactive' to silence this warning
129 | extension CGSize: YCodable {}
130 | extension CGPoint: YCodable {}
/Users/admin/builder/spi-builder-workspace/Tests/yswiftTests/yswift/+integrations.tests.swift:129:1: warning: extension declares a conformance of imported type 'CGSize' to imported protocols 'YCodable', 'YValue', 'YElement', 'YPasteboardCopy'; this will not behave correctly if the owners of 'CoreFoundation' introduce this conformance in the future
127 |
128 | extension CGRect: YCodable {}
129 | extension CGSize: YCodable {}
    | |- warning: extension declares a conformance of imported type 'CGSize' to imported protocols 'YCodable', 'YValue', 'YElement', 'YPasteboardCopy'; this will not behave correctly if the owners of 'CoreFoundation' introduce this conformance in the future
    | `- note: add '@retroactive' to silence this warning
130 | extension CGPoint: YCodable {}
131 |
/Users/admin/builder/spi-builder-workspace/Tests/yswiftTests/yswift/+integrations.tests.swift:130:1: warning: extension declares a conformance of imported type 'CGPoint' to imported protocols 'YCodable', 'YValue', 'YElement', 'YPasteboardCopy'; this will not behave correctly if the owners of 'CoreFoundation' introduce this conformance in the future
128 | extension CGRect: YCodable {}
129 | extension CGSize: YCodable {}
130 | extension CGPoint: YCodable {}
    | |- warning: extension declares a conformance of imported type 'CGPoint' to imported protocols 'YCodable', 'YValue', 'YElement', 'YPasteboardCopy'; this will not behave correctly if the owners of 'CoreFoundation' introduce this conformance in the future
    | `- note: add '@retroactive' to silence this warning
131 |
SwiftCompile normal arm64 (in target 'yswiftTests-product' from project 'yswift')
    cd /Users/admin/builder/spi-builder-workspace/.swiftpm/xcode

SwiftEmitModule normal arm64_32 Emitting\ module\ for\ yswiftTests (in target 'yswiftTests-product' from project 'yswift')
/Users/admin/builder/spi-builder-workspace/Tests/yswiftTests/helper/YTestEnvironment.swift:16:36: warning: cannot use generic struct 'EventName' in a property declaration member of a type not marked '@_implementationOnly'; 'lib0' was not imported by this file
14 |     let applyUpdate: (YDocument, YUpdate, Any?) throws -> Void
15 |     let logUpdate: (YUpdate) -> Void
16 |     let updateEventName: YDocument.EventName<(update: YUpdate, origin: Any?, YTransaction)>
   |                                    `- warning: cannot use generic struct 'EventName' in a property declaration member of a type not marked '@_implementationOnly'; 'lib0' was not imported by this file
17 |     let diffUpdate: (YUpdate, Data) throws -> YUpdate
18 |
lib0.LZObservableObject.EventName:2:39: note: generic struct declared here
1 | class LZObservableObject {
2 | public struct lib0.LZObservableObject.EventName<Arguments> {
  |                                       `- note: generic struct declared here
3 |     public let name: String
4 |     public init(_ name: String)
/Users/admin/builder/spi-builder-workspace/Tests/yswiftTests/yswift/+integrations.tests.swift:128:1: warning: extension declares a conformance of imported type 'CGRect' to imported protocols 'YCodable', 'YValue', 'YElement', 'YPasteboardCopy'; this will not behave correctly if the owners of 'CoreFoundation' introduce this conformance in the future
126 | }
127 |
128 | extension CGRect: YCodable {}
    | |- warning: extension declares a conformance of imported type 'CGRect' to imported protocols 'YCodable', 'YValue', 'YElement', 'YPasteboardCopy'; this will not behave correctly if the owners of 'CoreFoundation' introduce this conformance in the future
    | `- note: add '@retroactive' to silence this warning
129 | extension CGSize: YCodable {}
130 | extension CGPoint: YCodable {}
/Users/admin/builder/spi-builder-workspace/Tests/yswiftTests/yswift/+integrations.tests.swift:129:1: warning: extension declares a conformance of imported type 'CGSize' to imported protocols 'YCodable', 'YValue', 'YElement', 'YPasteboardCopy'; this will not behave correctly if the owners of 'CoreFoundation' introduce this conformance in the future
127 |
128 | extension CGRect: YCodable {}
129 | extension CGSize: YCodable {}
    | |- warning: extension declares a conformance of imported type 'CGSize' to imported protocols 'YCodable', 'YValue', 'YElement', 'YPasteboardCopy'; this will not behave correctly if the owners of 'CoreFoundation' introduce this conformance in the future
    | `- note: add '@retroactive' to silence this warning
130 | extension CGPoint: YCodable {}
131 |
/Users/admin/builder/spi-builder-workspace/Tests/yswiftTests/yswift/+integrations.tests.swift:130:1: warning: extension declares a conformance of imported type 'CGPoint' to imported protocols 'YCodable', 'YValue', 'YElement', 'YPasteboardCopy'; this will not behave correctly if the owners of 'CoreFoundation' introduce this conformance in the future
128 | extension CGRect: YCodable {}
129 | extension CGSize: YCodable {}
130 | extension CGPoint: YCodable {}
    | |- warning: extension declares a conformance of imported type 'CGPoint' to imported protocols 'YCodable', 'YValue', 'YElement', 'YPasteboardCopy'; this will not behave correctly if the owners of 'CoreFoundation' introduce this conformance in the future
    | `- note: add '@retroactive' to silence this warning
131 |
SwiftCompile normal arm64_32 (in target 'yswiftTests-product' from project 'yswift')
    cd /Users/admin/builder/spi-builder-workspace/.swiftpm/xcode

SwiftEmitModule normal arm64 Emitting\ module\ for\ yswift (in target 'yswift' from project 'yswift')
SwiftCompile normal arm64 (in target 'yswift' from project 'yswift')
    cd /Users/admin/builder/spi-builder-workspace/.swiftpm/xcode

SwiftEmitModule normal arm64_32 Emitting\ module\ for\ yswift (in target 'yswift' from project 'yswift')
SwiftCompile normal arm64_32 (in target 'yswift' from project 'yswift')
    cd /Users/admin/builder/spi-builder-workspace/.swiftpm/xcode

SwiftDriverJobDiscovery normal arm64 Compiling YUpdateEnvironment.swift, _Const.swift, y-awareness.test.swift (in target 'yswiftTests-product' from project 'yswift')
SwiftCompile normal arm64_32 Compiling\ Sync.swift,\ TestConnector.swift,\ TestDoc.swift /Users/admin/builder/spi-builder-workspace/Tests/yswiftTests/helper/Sync.swift /Users/admin/builder/spi-builder-workspace/Tests/yswiftTests/helper/TestConnector.swift /Users/admin/builder/spi-builder-workspace/Tests/yswiftTests/helper/TestDoc.swift (in target 'yswiftTests-product' from project 'yswift')
SwiftCompile normal arm64_32 /Users/admin/builder/spi-builder-workspace/Tests/yswiftTests/helper/Sync.swift (in target 'yswiftTests-product' from project 'yswift')
    cd /Users/admin/builder/spi-builder-workspace/.swiftpm/xcode
    builtin-SwiftPerFileCompile Sync.swift
SwiftCompile normal arm64_32 /Users/admin/builder/spi-builder-workspace/Tests/yswiftTests/helper/TestConnector.swift (in target 'yswiftTests-product' from project 'yswift')
    cd /Users/admin/builder/spi-builder-workspace/.swiftpm/xcode
    builtin-SwiftPerFileCompile TestConnector.swift
SwiftCompile normal arm64_32 /Users/admin/builder/spi-builder-workspace/Tests/yswiftTests/helper/TestDoc.swift (in target 'yswiftTests-product' from project 'yswift')
    cd /Users/admin/builder/spi-builder-workspace/.swiftpm/xcode
    builtin-SwiftPerFileCompile TestDoc.swift
SwiftDriverJobDiscovery normal arm64 Compiling Sync.swift, TestConnector.swift, TestDoc.swift (in target 'yswiftTests-product' from project 'yswift')
SwiftCompile normal arm64_32 Compiling\ YAsserts.swift,\ YTest.swift,\ YTestEnvironment.swift /Users/admin/builder/spi-builder-workspace/Tests/yswiftTests/helper/YAsserts.swift /Users/admin/builder/spi-builder-workspace/Tests/yswiftTests/helper/YTest.swift /Users/admin/builder/spi-builder-workspace/Tests/yswiftTests/helper/YTestEnvironment.swift (in target 'yswiftTests-product' from project 'yswift')
/Users/admin/builder/spi-builder-workspace/Tests/yswiftTests/helper/YTestEnvironment.swift:16:36: warning: cannot use generic struct 'EventName' in a property declaration member of a type not marked '@_implementationOnly'; 'lib0' was not imported by this file
14 |     let applyUpdate: (YDocument, YUpdate, Any?) throws -> Void
15 |     let logUpdate: (YUpdate) -> Void
16 |     let updateEventName: YDocument.EventName<(update: YUpdate, origin: Any?, YTransaction)>
   |                                    `- warning: cannot use generic struct 'EventName' in a property declaration member of a type not marked '@_implementationOnly'; 'lib0' was not imported by this file
17 |     let diffUpdate: (YUpdate, Data) throws -> YUpdate
18 |
lib0.LZObservableObject.EventName:2:39: note: generic struct declared here
1 | class LZObservableObject {
2 | public struct lib0.LZObservableObject.EventName<Arguments> {
  |                                       `- note: generic struct declared here
3 |     public let name: String
4 |     public init(_ name: String)
SwiftCompile normal arm64_32 /Users/admin/builder/spi-builder-workspace/Tests/yswiftTests/helper/YAsserts.swift (in target 'yswiftTests-product' from project 'yswift')
    cd /Users/admin/builder/spi-builder-workspace/.swiftpm/xcode
    builtin-SwiftPerFileCompile YAsserts.swift
SwiftCompile normal arm64_32 /Users/admin/builder/spi-builder-workspace/Tests/yswiftTests/helper/YTest.swift (in target 'yswiftTests-product' from project 'yswift')
    cd /Users/admin/builder/spi-builder-workspace/.swiftpm/xcode
    builtin-SwiftPerFileCompile YTest.swift
SwiftCompile normal arm64_32 /Users/admin/builder/spi-builder-workspace/Tests/yswiftTests/helper/YTestEnvironment.swift (in target 'yswiftTests-product' from project 'yswift')
    cd /Users/admin/builder/spi-builder-workspace/.swiftpm/xcode
    builtin-SwiftPerFileCompile YTestEnvironment.swift
SwiftDriverJobDiscovery normal arm64 Compiling YAsserts.swift, YTest.swift, YTestEnvironment.swift (in target 'yswiftTests-product' from project 'yswift')
SwiftCompile normal arm64_32 Compiling\ Combine+ObjectBag.swift,\ CombineLatestCollection.swift,\ RandomGenerator.swift /Users/admin/builder/spi-builder-workspace/Tests/yswiftTests/helper/Combine+ObjectBag.swift /Users/admin/builder/spi-builder-workspace/Tests/yswiftTests/helper/CombineLatestCollection.swift /Users/admin/builder/spi-builder-workspace/Tests/yswiftTests/helper/RandomGenerator.swift (in target 'yswiftTests-product' from project 'yswift')
SwiftCompile normal arm64_32 /Users/admin/builder/spi-builder-workspace/Tests/yswiftTests/helper/Combine+ObjectBag.swift (in target 'yswiftTests-product' from project 'yswift')
    cd /Users/admin/builder/spi-builder-workspace/.swiftpm/xcode
    builtin-SwiftPerFileCompile Combine+ObjectBag.swift
SwiftCompile normal arm64_32 /Users/admin/builder/spi-builder-workspace/Tests/yswiftTests/helper/CombineLatestCollection.swift (in target 'yswiftTests-product' from project 'yswift')
    cd /Users/admin/builder/spi-builder-workspace/.swiftpm/xcode
    builtin-SwiftPerFileCompile CombineLatestCollection.swift
SwiftCompile normal arm64_32 /Users/admin/builder/spi-builder-workspace/Tests/yswiftTests/helper/RandomGenerator.swift (in target 'yswiftTests-product' from project 'yswift')
    cd /Users/admin/builder/spi-builder-workspace/.swiftpm/xcode
    builtin-SwiftPerFileCompile RandomGenerator.swift
SwiftDriverJobDiscovery normal arm64 Compiling +y-array.swifty.tests.swift, +y-map.swifty.tests.swift (in target 'yswiftTests-product' from project 'yswift')
SwiftCompile normal arm64_32 Compiling\ +y-object.tests.swift,\ +y-object.tests2.swift /Users/admin/builder/spi-builder-workspace/Tests/yswiftTests/yswift/+y-object.tests.swift /Users/admin/builder/spi-builder-workspace/Tests/yswiftTests/yswift/+y-object.tests2.swift (in target 'yswiftTests-product' from project 'yswift')
SwiftCompile normal arm64_32 /Users/admin/builder/spi-builder-workspace/Tests/yswiftTests/yswift/+y-object.tests.swift (in target 'yswiftTests-product' from project 'yswift')
    cd /Users/admin/builder/spi-builder-workspace/.swiftpm/xcode
    builtin-SwiftPerFileCompile +y-object.tests.swift
SwiftCompile normal arm64_32 /Users/admin/builder/spi-builder-workspace/Tests/yswiftTests/yswift/+y-object.tests2.swift (in target 'yswiftTests-product' from project 'yswift')
    cd /Users/admin/builder/spi-builder-workspace/.swiftpm/xcode
    builtin-SwiftPerFileCompile +y-object.tests2.swift
SwiftCompile normal arm64_32 Compiling\ undo-redo.tests.swift,\ updates.tests.swift /Users/admin/builder/spi-builder-workspace/Tests/yswiftTests/yjs/undo-redo.tests.swift /Users/admin/builder/spi-builder-workspace/Tests/yswiftTests/yjs/updates.tests.swift (in target 'yswiftTests-product' from project 'yswift')
SwiftCompile normal arm64_32 /Users/admin/builder/spi-builder-workspace/Tests/yswiftTests/yjs/undo-redo.tests.swift (in target 'yswiftTests-product' from project 'yswift')
    cd /Users/admin/builder/spi-builder-workspace/.swiftpm/xcode
    builtin-SwiftPerFileCompile undo-redo.tests.swift
SwiftCompile normal arm64_32 /Users/admin/builder/spi-builder-workspace/Tests/yswiftTests/yjs/updates.tests.swift (in target 'yswiftTests-product' from project 'yswift')
    cd /Users/admin/builder/spi-builder-workspace/.swiftpm/xcode
    builtin-SwiftPerFileCompile updates.tests.swift
SwiftCompile normal arm64_32 Compiling\ y-text.tests.swift,\ +integrations.appkit.tests.swift /Users/admin/builder/spi-builder-workspace/Tests/yswiftTests/yjs/y-text.tests.swift /Users/admin/builder/spi-builder-workspace/Tests/yswiftTests/yswift/+integrations.appkit.tests.swift (in target 'yswiftTests-product' from project 'yswift')
SwiftCompile normal arm64_32 /Users/admin/builder/spi-builder-workspace/Tests/yswiftTests/yjs/y-text.tests.swift (in target 'yswiftTests-product' from project 'yswift')
    cd /Users/admin/builder/spi-builder-workspace/.swiftpm/xcode
    builtin-SwiftPerFileCompile y-text.tests.swift
SwiftCompile normal arm64_32 /Users/admin/builder/spi-builder-workspace/Tests/yswiftTests/yswift/+integrations.appkit.tests.swift (in target 'yswiftTests-product' from project 'yswift')
    cd /Users/admin/builder/spi-builder-workspace/.swiftpm/xcode
    builtin-SwiftPerFileCompile +integrations.appkit.tests.swift
SwiftDriverJobDiscovery normal arm64 Compiling y-map.tests.swift, y-text.tests.swift, +integrations.appkit.tests.swift (in target 'yswiftTests-product' from project 'yswift')
SwiftCompile normal arm64_32 Compiling\ +integrations.tests.swift,\ +public-api.checks.swift /Users/admin/builder/spi-builder-workspace/Tests/yswiftTests/yswift/+integrations.tests.swift /Users/admin/builder/spi-builder-workspace/Tests/yswiftTests/yswift/+public-api.checks.swift (in target 'yswiftTests-product' from project 'yswift')
SwiftCompile normal arm64_32 /Users/admin/builder/spi-builder-workspace/Tests/yswiftTests/yswift/+integrations.tests.swift (in target 'yswiftTests-product' from project 'yswift')
    cd /Users/admin/builder/spi-builder-workspace/.swiftpm/xcode
    builtin-SwiftPerFileCompile +integrations.tests.swift
SwiftCompile normal arm64_32 /Users/admin/builder/spi-builder-workspace/Tests/yswiftTests/yswift/+public-api.checks.swift (in target 'yswiftTests-product' from project 'yswift')
    cd /Users/admin/builder/spi-builder-workspace/.swiftpm/xcode
    builtin-SwiftPerFileCompile +public-api.checks.swift
/Users/admin/builder/spi-builder-workspace/Tests/yswiftTests/yswift/+integrations.tests.swift:128:1: warning: extension declares a conformance of imported type 'CGRect' to imported protocols 'YCodable', 'YValue', 'YElement', 'YPasteboardCopy'; this will not behave correctly if the owners of 'CoreFoundation' introduce this conformance in the future
126 | }
127 |
128 | extension CGRect: YCodable {}
    | |- warning: extension declares a conformance of imported type 'CGRect' to imported protocols 'YCodable', 'YValue', 'YElement', 'YPasteboardCopy'; this will not behave correctly if the owners of 'CoreFoundation' introduce this conformance in the future
    | `- note: add '@retroactive' to silence this warning
129 | extension CGSize: YCodable {}
130 | extension CGPoint: YCodable {}
/Users/admin/builder/spi-builder-workspace/Tests/yswiftTests/yswift/+integrations.tests.swift:129:1: warning: extension declares a conformance of imported type 'CGSize' to imported protocols 'YCodable', 'YValue', 'YElement', 'YPasteboardCopy'; this will not behave correctly if the owners of 'CoreFoundation' introduce this conformance in the future
127 |
128 | extension CGRect: YCodable {}
129 | extension CGSize: YCodable {}
    | |- warning: extension declares a conformance of imported type 'CGSize' to imported protocols 'YCodable', 'YValue', 'YElement', 'YPasteboardCopy'; this will not behave correctly if the owners of 'CoreFoundation' introduce this conformance in the future
    | `- note: add '@retroactive' to silence this warning
130 | extension CGPoint: YCodable {}
131 |
SwiftDriverJobDiscovery normal arm64_32 Compiling Sync.swift, TestConnector.swift, TestDoc.swift (in target 'yswiftTests-product' from project 'yswift')
SwiftCompile normal arm64_32 Compiling\ +y-array.swifty.tests.swift /Users/admin/builder/spi-builder-workspace/Tests/yswiftTests/yswift/+y-array.swifty.tests.swift (in target 'yswiftTests-product' from project 'yswift')
SwiftCompile normal arm64_32 /Users/admin/builder/spi-builder-workspace/Tests/yswiftTests/yswift/+y-array.swifty.tests.swift (in target 'yswiftTests-product' from project 'yswift')
    cd /Users/admin/builder/spi-builder-workspace/.swiftpm/xcode
    builtin-SwiftPerFileCompile +y-array.swifty.tests.swift
SwiftCompile normal arm64_32 Compiling\ +y-map.swifty.tests.swift /Users/admin/builder/spi-builder-workspace/Tests/yswiftTests/yswift/+y-map.swifty.tests.swift (in target 'yswiftTests-product' from project 'yswift')
SwiftCompile normal arm64_32 /Users/admin/builder/spi-builder-workspace/Tests/yswiftTests/yswift/+y-map.swifty.tests.swift (in target 'yswiftTests-product' from project 'yswift')
    cd /Users/admin/builder/spi-builder-workspace/.swiftpm/xcode
    builtin-SwiftPerFileCompile +y-map.swifty.tests.swift
SwiftDriverJobDiscovery normal arm64 Compiling +y-object.tests.swift, +y-object.tests2.swift (in target 'yswiftTests-product' from project 'yswift')
SwiftCompile normal arm64 Compiling\ doc.tests.swift,\ encoding.tests.swift,\ snapshot.tests.swift /Users/admin/builder/spi-builder-workspace/Tests/yswiftTests/yjs/doc.tests.swift /Users/admin/builder/spi-builder-workspace/Tests/yswiftTests/yjs/encoding.tests.swift /Users/admin/builder/spi-builder-workspace/Tests/yswiftTests/yjs/snapshot.tests.swift (in target 'yswiftTests-product' from project 'yswift')
/Users/admin/builder/spi-builder-workspace/Tests/yswiftTests/yjs/doc.tests.swift:274:31: error: cannot call value of non-function type 'Void'
272 |         }
273 |         ydoc.emit(YDocument.On.load, ())
274 |         await ydoc.whenLoaded.value()
    |                               `- error: cannot call value of non-function type 'Void'
275 |
276 |         XCTAssert(loadedEvent)
/Users/admin/builder/spi-builder-workspace/Tests/yswiftTests/yjs/doc.tests.swift:295:31: error: cannot call value of non-function type 'Void'
293 |         ydoc.emit(YDocument.On.sync, true)
294 |
295 |         await ydoc.whenLoaded.value()
    |                               `- error: cannot call value of non-function type 'Void'
296 |
297 |         let oldWhenSynced = ydoc.whenSynced
/Users/admin/builder/spi-builder-workspace/Tests/yswiftTests/yjs/doc.tests.swift:299:31: error: cannot call value of non-function type 'Void'
297 |         let oldWhenSynced = ydoc.whenSynced
298 |
299 |         await ydoc.whenSynced.value()
    |                               `- error: cannot call value of non-function type 'Void'
300 |
301 |         XCTAssert(loadedEvent)
/Users/admin/builder/spi-builder-workspace/Tests/yswiftTests/yjs/doc.tests.swift:319:75: error: value of type 'Promise<Void, Never>.State' has no member 'isSettled'
317 |         XCTAssert(ydoc.isLoaded)
318 |         XCTAssert(!ydoc.isSynced)
319 |         XCTAssert(ydoc.whenSynced.state.isSettled != oldWhenSynced?.state.isSettled)
    |                                                                           `- error: value of type 'Promise<Void, Never>.State' has no member 'isSettled'
320 |     }
321 | }
/Users/admin/builder/spi-builder-workspace/Tests/yswiftTests/yjs/doc.tests.swift:319:41: error: value of type 'Promise<Void, Never>.State' has no member 'isSettled'
317 |         XCTAssert(ydoc.isLoaded)
318 |         XCTAssert(!ydoc.isSynced)
319 |         XCTAssert(ydoc.whenSynced.state.isSettled != oldWhenSynced?.state.isSettled)
    |                                         `- error: value of type 'Promise<Void, Never>.State' has no member 'isSettled'
320 |     }
321 | }
/Users/admin/builder/spi-builder-workspace/Tests/yswiftTests/yjs/encoding.tests.swift:23:15: error: generic parameter 'Output' could not be inferred
21 |         ydoc2.getText().delete(1, length: 2)
22 |
23 |         await Promise.wait(for: 1).value()
   |               |- error: generic parameter 'Output' could not be inferred
   |               `- note: explicitly specify the generic arguments to fix this issue
24 |
25 |         try ydoc2.applyUpdate(ydoc1.encodeStateAsUpdate())
/Users/admin/builder/spi-builder-workspace/Tests/yswiftTests/yjs/encoding.tests.swift:23:15: error: instance member 'wait' cannot be used on type 'Promise<_, _>'; did you mean to use a value of this type instead?
21 |         ydoc2.getText().delete(1, length: 2)
22 |
23 |         await Promise.wait(for: 1).value()
   |               `- error: instance member 'wait' cannot be used on type 'Promise<_, _>'; did you mean to use a value of this type instead?
24 |
25 |         try ydoc2.applyUpdate(ydoc1.encodeStateAsUpdate())
Failed frontend command:
/Applications/Xcode-27.0.0-Release.Candidate.app/Contents/Developer/Toolchains/XcodeDefault.xctoolchain/usr/bin/swift-frontend -frontend -c /Users/admin/builder/spi-builder-workspace/Tests/yswiftTests/helper/Combine+ObjectBag.swift /Users/admin/builder/spi-builder-workspace/Tests/yswiftTests/helper/CombineLatestCollection.swift /Users/admin/builder/spi-builder-workspace/Tests/yswiftTests/helper/RandomGenerator.swift /Users/admin/builder/spi-builder-workspace/Tests/yswiftTests/helper/Sync.swift /Users/admin/builder/spi-builder-workspace/Tests/yswiftTests/helper/TestConnector.swift /Users/admin/builder/spi-builder-workspace/Tests/yswiftTests/helper/TestDoc.swift /Users/admin/builder/spi-builder-workspace/Tests/yswiftTests/helper/YAsserts.swift /Users/admin/builder/spi-builder-workspace/Tests/yswiftTests/helper/YTest.swift /Users/admin/builder/spi-builder-workspace/Tests/yswiftTests/helper/YTestEnvironment.swift /Users/admin/builder/spi-builder-workspace/Tests/yswiftTests/helper/YUpdateEnvironment.swift /Users/admin/builder/spi-builder-workspace/Tests/yswiftTests/helper/_Const.swift /Users/admin/builder/spi-builder-workspace/Tests/yswiftTests/y-protocols/y-awareness.test.swift -primary-file /Users/admin/builder/spi-builder-workspace/Tests/yswiftTests/yjs/doc.tests.swift -primary-file /Users/admin/builder/spi-builder-workspace/Tests/yswiftTests/yjs/encoding.tests.swift -primary-file /Users/admin/builder/spi-builder-workspace/Tests/yswiftTests/yjs/snapshot.tests.swift /Users/admin/builder/spi-builder-workspace/Tests/yswiftTests/yjs/undo-redo.tests.swift /Users/admin/builder/spi-builder-workspace/Tests/yswiftTests/yjs/updates.tests.swift /Users/admin/builder/spi-builder-workspace/Tests/yswiftTests/yjs/y-array.tests.swift /Users/admin/builder/spi-builder-workspace/Tests/yswiftTests/yjs/y-map.tests.swift /Users/admin/builder/spi-builder-workspace/Tests/yswiftTests/yjs/y-text.tests.swift /Users/admin/builder/spi-builder-workspace/Tests/yswiftTests/yswift/+integrations.appkit.tests.swift /Users/admin/builder/spi-builder-workspace/Tests/yswiftTests/yswift/+integrations.tests.swift /Users/admin/builder/spi-builder-workspace/Tests/yswiftTests/yswift/+public-api.checks.swift /Users/admin/builder/spi-builder-workspace/Tests/yswiftTests/yswift/+y-array.swifty.tests.swift /Users/admin/builder/spi-builder-workspace/Tests/yswiftTests/yswift/+y-map.swifty.tests.swift /Users/admin/builder/spi-builder-workspace/Tests/yswiftTests/yswift/+y-object.tests.swift /Users/admin/builder/spi-builder-workspace/Tests/yswiftTests/yswift/+y-object.tests2.swift -supplementary-output-file-map /Users/admin/builder/spi-builder-workspace/.derivedData/Build/Intermediates.noindex/yswift.build/Debug-watchos/yswiftTests-p.build/Objects-normal/arm64/supplementaryOutputs-5 -target arm64-apple-watchos10.0 -disable-cross-import-overlay-search -load-resolved-plugin /Applications/Xcode-27.0.0-Release.Candidate.app/Contents/Developer/Platforms/WatchOS.platform/Developer/usr/lib/swift/host/plugins/libFoundationMacros.dylib\#/Applications/Xcode-27.0.0-Release.Candidate.app/Contents/Developer/Platforms/WatchOS.platform/Developer/usr/bin/swift-plugin-server\#FoundationMacros -load-resolved-plugin /Applications/Xcode-27.0.0-Release.Candidate.app/Contents/Developer/Platforms/WatchOS.platform/Developer/usr/lib/swift/host/plugins/libObservationMacros.dylib\#/Applications/Xcode-27.0.0-Release.Candidate.app/Contents/Developer/Platforms/WatchOS.platform/Developer/usr/bin/swift-plugin-server\#ObservationMacros -load-resolved-plugin /Applications/Xcode-27.0.0-Release.Candidate.app/Contents/Developer/Platforms/WatchOS.platform/Developer/usr/lib/swift/host/plugins/libSwiftMacros.dylib\#/Applications/Xcode-27.0.0-Release.Candidate.app/Contents/Developer/Platforms/WatchOS.platform/Developer/usr/bin/swift-plugin-server\#SwiftMacros -load-resolved-plugin /Applications/Xcode-27.0.0-Release.Candidate.app/Contents/Developer/Platforms/WatchOS.platform/Developer/usr/lib/swift/host/plugins/libSwiftUIMacros.dylib\#/Applications/Xcode-27.0.0-Release.Candidate.app/Contents/Developer/Platforms/WatchOS.platform/Developer/usr/bin/swift-plugin-server\#SwiftUIMacros -disable-implicit-swift-modules -Xcc -fno-implicit-modules -Xcc -fno-implicit-module-maps -explicit-swift-module-map-file /Users/admin/builder/spi-builder-workspace/.derivedData/Build/Intermediates.noindex/yswift.build/Debug-watchos/yswiftTests-p.build/Objects-normal/arm64/yswiftTests-dependencies-1.json -Xllvm -aarch64-use-tbi -enable-objc-interop -stack-check -sdk /Applications/Xcode-27.0.0-Release.Candidate.app/Contents/Developer/Platforms/WatchOS.platform/Developer/SDKs/WatchOS27.0.sdk -I /Users/admin/builder/spi-builder-workspace/.derivedData/Build/Products/Debug-watchos -Isystem /Applications/Xcode-27.0.0-Release.Candidate.app/Contents/Developer/Platforms/WatchOS.platform/Developer/usr/lib -F /Users/admin/builder/spi-builder-workspace/.derivedData/Build/Products/Debug-watchos/PackageFrameworks -F /Users/admin/builder/spi-builder-workspace/.derivedData/Build/Products/Debug-watchos -F /Applications/Xcode-27.0.0-Release.Candidate.app/Contents/Developer/Platforms/WatchOS.platform/Developer/Library/Frameworks -F /Applications/Xcode-27.0.0-Release.Candidate.app/Contents/Developer/Platforms/WatchOS.platform/Developer/SDKs/WatchOS27.0.sdk/Developer/Library/Frameworks -module-cache-path /Users/admin/builder/spi-builder-workspace/.derivedData/Build/Intermediates.noindex/SwiftExplicitPrecompiledModules -no-color-diagnostics -Xcc -fno-color-diagnostics -enable-testing -g -debug-info-format\=dwarf -dwarf-version\=4 -swift-version 5 -Onone -D SWIFT_PACKAGE -D DEBUG -D Xcode -serialize-debugging-options -enable-experimental-feature DebugDescriptionMacro -empty-abi-descriptor -validate-clang-modules-once -clang-build-session-file /Users/admin/builder/spi-builder-workspace/.derivedData/ModuleCache.noindex/Session.modulevalidation -Xcc -working-directory -Xcc /Users/admin/builder/spi-builder-workspace/.swiftpm/xcode -enable-anonymous-context-mangled-names -file-compilation-dir /Users/admin/builder/spi-builder-workspace/.swiftpm/xcode -Xcc -D_LIBCPP_HARDENING_MODE\=_LIBCPP_HARDENING_MODE_DEBUG -Xcc -ivfsstatcache -Xcc /Users/admin/builder/spi-builder-workspace/.derivedData/SDKStatCaches.noindex/watchos27.0-24R360-e829b21a6f8c9b70876ba0858053c04477534ef55a1706bf4c1112bbb242f0a2.sdkstatcache -Xcc -fmodules-prune-interval\=86400 -Xcc -fmodules-prune-after\=345600 -Xcc -I/Users/admin/builder/spi-builder-workspace/.derivedData/Build/Products/Debug-watchos/include -Xcc -I/Users/admin/builder/spi-builder-workspace/.derivedData/Build/Intermediates.noindex/yswift.build/Debug-watchos/yswiftTests-p.build/DerivedSources-normal/arm64 -Xcc -I/Users/admin/builder/spi-builder-workspace/.derivedData/Build/Intermediates.noindex/yswift.build/Debug-watchos/yswiftTests-p.build/DerivedSources/arm64 -Xcc -I/Users/admin/builder/spi-builder-workspace/.derivedData/Build/Intermediates.noindex/yswift.build/Debug-watchos/yswiftTests-p.build/DerivedSources -Xcc -DSWIFT_PACKAGE -Xcc -DDEBUG\=1 -no-auto-bridging-header-chaining -module-name yswiftTests -const-gather-protocols-file /Users/admin/builder/spi-builder-workspace/.derivedData/Build/Intermediates.noindex/yswift.build/Debug-watchos/yswiftTests-p.build/Objects-normal/arm64/yswiftTests_const_extract_protocols.json -disable-clang-spi -clang-target arm64-apple-watchos27.0 -target-sdk-version 27.0 -target-sdk-name watchos27.0 -in-process-plugin-server-path /Applications/Xcode-27.0.0-Release.Candidate.app/Contents/Developer/Toolchains/XcodeDefault.xctoolchain/usr/lib/swift/host/libSwiftInProcPluginServer.dylib -parse-as-library -o /Users/admin/builder/spi-builder-workspace/.derivedData/Build/Intermediates.noindex/yswift.build/Debug-watchos/yswiftTests-p.build/Objects-normal/arm64/doc.tests.o -o /Users/admin/builder/spi-builder-workspace/.derivedData/Build/Intermediates.noindex/yswift.build/Debug-watchos/yswiftTests-p.build/Objects-normal/arm64/encoding.tests.o -o /Users/admin/builder/spi-builder-workspace/.derivedData/Build/Intermediates.noindex/yswift.build/Debug-watchos/yswiftTests-p.build/Objects-normal/arm64/snapshot.tests.o -debug-module-path /Users/admin/builder/spi-builder-workspace/.derivedData/Build/Intermediates.noindex/yswift.build/Debug-watchos/yswiftTests-p.build/Objects-normal/arm64/yswiftTests.swiftmodule -index-unit-output-path /yswift.build/Debug-watchos/yswiftTests-p.build/Objects-normal/arm64/doc.tests.o -index-unit-output-path /yswift.build/Debug-watchos/yswiftTests-p.build/Objects-normal/arm64/encoding.tests.o -index-unit-output-path /yswift.build/Debug-watchos/yswiftTests-p.build/Objects-normal/arm64/snapshot.tests.o -index-store-path /Users/admin/builder/spi-builder-workspace/.derivedData/Index.noindex/DataStore -index-system-modules
SwiftCompile normal arm64 /Users/admin/builder/spi-builder-workspace/Tests/yswiftTests/yjs/doc.tests.swift (in target 'yswiftTests-product' from project 'yswift')
    cd /Users/admin/builder/spi-builder-workspace/.swiftpm/xcode
    builtin-SwiftPerFileCompile doc.tests.swift
SwiftCompile normal arm64 /Users/admin/builder/spi-builder-workspace/Tests/yswiftTests/yjs/encoding.tests.swift (in target 'yswiftTests-product' from project 'yswift')
    cd /Users/admin/builder/spi-builder-workspace/.swiftpm/xcode
    builtin-SwiftPerFileCompile encoding.tests.swift
SwiftCompile normal arm64 /Users/admin/builder/spi-builder-workspace/Tests/yswiftTests/yjs/snapshot.tests.swift (in target 'yswiftTests-product' from project 'yswift')
    cd /Users/admin/builder/spi-builder-workspace/.swiftpm/xcode
    builtin-SwiftPerFileCompile snapshot.tests.swift
SwiftDriverJobDiscovery normal arm64_32 Compiling Combine+ObjectBag.swift, CombineLatestCollection.swift, RandomGenerator.swift (in target 'yswiftTests-product' from project 'yswift')
SwiftCompile normal arm64_32 Compiling\ YUpdateEnvironment.swift,\ _Const.swift,\ y-awareness.test.swift /Users/admin/builder/spi-builder-workspace/Tests/yswiftTests/helper/YUpdateEnvironment.swift /Users/admin/builder/spi-builder-workspace/Tests/yswiftTests/helper/_Const.swift /Users/admin/builder/spi-builder-workspace/Tests/yswiftTests/y-protocols/y-awareness.test.swift (in target 'yswiftTests-product' from project 'yswift')
SwiftCompile normal arm64_32 /Users/admin/builder/spi-builder-workspace/Tests/yswiftTests/helper/YUpdateEnvironment.swift (in target 'yswiftTests-product' from project 'yswift')
    cd /Users/admin/builder/spi-builder-workspace/.swiftpm/xcode
    builtin-SwiftPerFileCompile YUpdateEnvironment.swift
SwiftCompile normal arm64_32 /Users/admin/builder/spi-builder-workspace/Tests/yswiftTests/helper/_Const.swift (in target 'yswiftTests-product' from project 'yswift')
    cd /Users/admin/builder/spi-builder-workspace/.swiftpm/xcode
    builtin-SwiftPerFileCompile _Const.swift
SwiftCompile normal arm64_32 /Users/admin/builder/spi-builder-workspace/Tests/yswiftTests/y-protocols/y-awareness.test.swift (in target 'yswiftTests-product' from project 'yswift')
    cd /Users/admin/builder/spi-builder-workspace/.swiftpm/xcode
    builtin-SwiftPerFileCompile y-awareness.test.swift
SwiftDriverJobDiscovery normal arm64 Compiling undo-redo.tests.swift, updates.tests.swift, y-array.tests.swift (in target 'yswiftTests-product' from project 'yswift')
SwiftCompile normal arm64 Compiling\ +integrations.tests.swift,\ +public-api.checks.swift /Users/admin/builder/spi-builder-workspace/Tests/yswiftTests/yswift/+integrations.tests.swift /Users/admin/builder/spi-builder-workspace/Tests/yswiftTests/yswift/+public-api.checks.swift (in target 'yswiftTests-product' from project 'yswift')
/Users/admin/builder/spi-builder-workspace/Tests/yswiftTests/yswift/+integrations.tests.swift:128:1: warning: extension declares a conformance of imported type 'CGRect' to imported protocols 'YCodable', 'YValue', 'YElement', 'YPasteboardCopy'; this will not behave correctly if the owners of 'CoreFoundation' introduce this conformance in the future
126 | }
127 |
128 | extension CGRect: YCodable {}
    | |- warning: extension declares a conformance of imported type 'CGRect' to imported protocols 'YCodable', 'YValue', 'YElement', 'YPasteboardCopy'; this will not behave correctly if the owners of 'CoreFoundation' introduce this conformance in the future
    | `- note: add '@retroactive' to silence this warning
129 | extension CGSize: YCodable {}
130 | extension CGPoint: YCodable {}
/Users/admin/builder/spi-builder-workspace/Tests/yswiftTests/yswift/+integrations.tests.swift:129:1: warning: extension declares a conformance of imported type 'CGSize' to imported protocols 'YCodable', 'YValue', 'YElement', 'YPasteboardCopy'; this will not behave correctly if the owners of 'CoreFoundation' introduce this conformance in the future
127 |
128 | extension CGRect: YCodable {}
129 | extension CGSize: YCodable {}
    | |- warning: extension declares a conformance of imported type 'CGSize' to imported protocols 'YCodable', 'YValue', 'YElement', 'YPasteboardCopy'; this will not behave correctly if the owners of 'CoreFoundation' introduce this conformance in the future
    | `- note: add '@retroactive' to silence this warning
130 | extension CGPoint: YCodable {}
131 |
SwiftCompile normal arm64 /Users/admin/builder/spi-builder-workspace/Tests/yswiftTests/yswift/+integrations.tests.swift (in target 'yswiftTests-product' from project 'yswift')
    cd /Users/admin/builder/spi-builder-workspace/.swiftpm/xcode
    builtin-SwiftPerFileCompile +integrations.tests.swift
SwiftCompile normal arm64 /Users/admin/builder/spi-builder-workspace/Tests/yswiftTests/yswift/+public-api.checks.swift (in target 'yswiftTests-product' from project 'yswift')
    cd /Users/admin/builder/spi-builder-workspace/.swiftpm/xcode
    builtin-SwiftPerFileCompile +public-api.checks.swift
SwiftDriverJobDiscovery normal arm64_32 Compiling YAsserts.swift, YTest.swift, YTestEnvironment.swift (in target 'yswiftTests-product' from project 'yswift')
SwiftCompile normal arm64 Compiling\ Combine+ObjectBag.swift,\ CombineLatestCollection.swift,\ RandomGenerator.swift /Users/admin/builder/spi-builder-workspace/Tests/yswiftTests/helper/Combine+ObjectBag.swift /Users/admin/builder/spi-builder-workspace/Tests/yswiftTests/helper/CombineLatestCollection.swift /Users/admin/builder/spi-builder-workspace/Tests/yswiftTests/helper/RandomGenerator.swift (in target 'yswiftTests-product' from project 'yswift')
SwiftCompile normal arm64 /Users/admin/builder/spi-builder-workspace/Tests/yswiftTests/helper/Combine+ObjectBag.swift (in target 'yswiftTests-product' from project 'yswift')
    cd /Users/admin/builder/spi-builder-workspace/.swiftpm/xcode
    builtin-SwiftPerFileCompile Combine+ObjectBag.swift
SwiftCompile normal arm64 /Users/admin/builder/spi-builder-workspace/Tests/yswiftTests/helper/CombineLatestCollection.swift (in target 'yswiftTests-product' from project 'yswift')
    cd /Users/admin/builder/spi-builder-workspace/.swiftpm/xcode
    builtin-SwiftPerFileCompile CombineLatestCollection.swift
SwiftCompile normal arm64 /Users/admin/builder/spi-builder-workspace/Tests/yswiftTests/helper/RandomGenerator.swift (in target 'yswiftTests-product' from project 'yswift')
    cd /Users/admin/builder/spi-builder-workspace/.swiftpm/xcode
    builtin-SwiftPerFileCompile RandomGenerator.swift
SwiftDriverJobDiscovery normal arm64_32 Compiling undo-redo.tests.swift, updates.tests.swift (in target 'yswiftTests-product' from project 'yswift')
SwiftCompile normal arm64_32 Compiling\ y-array.tests.swift,\ y-map.tests.swift /Users/admin/builder/spi-builder-workspace/Tests/yswiftTests/yjs/y-array.tests.swift /Users/admin/builder/spi-builder-workspace/Tests/yswiftTests/yjs/y-map.tests.swift (in target 'yswiftTests-product' from project 'yswift')
SwiftCompile normal arm64_32 /Users/admin/builder/spi-builder-workspace/Tests/yswiftTests/yjs/y-array.tests.swift (in target 'yswiftTests-product' from project 'yswift')
    cd /Users/admin/builder/spi-builder-workspace/.swiftpm/xcode
    builtin-SwiftPerFileCompile y-array.tests.swift
SwiftCompile normal arm64_32 /Users/admin/builder/spi-builder-workspace/Tests/yswiftTests/yjs/y-map.tests.swift (in target 'yswiftTests-product' from project 'yswift')
    cd /Users/admin/builder/spi-builder-workspace/.swiftpm/xcode
    builtin-SwiftPerFileCompile y-map.tests.swift
SwiftDriverJobDiscovery normal arm64_32 Compiling +y-map.swifty.tests.swift (in target 'yswiftTests-product' from project 'yswift')
SwiftCompile normal arm64_32 Compiling\ doc.tests.swift,\ encoding.tests.swift,\ snapshot.tests.swift /Users/admin/builder/spi-builder-workspace/Tests/yswiftTests/yjs/doc.tests.swift /Users/admin/builder/spi-builder-workspace/Tests/yswiftTests/yjs/encoding.tests.swift /Users/admin/builder/spi-builder-workspace/Tests/yswiftTests/yjs/snapshot.tests.swift (in target 'yswiftTests-product' from project 'yswift')
SwiftCompile normal arm64_32 /Users/admin/builder/spi-builder-workspace/Tests/yswiftTests/yjs/doc.tests.swift (in target 'yswiftTests-product' from project 'yswift')
    cd /Users/admin/builder/spi-builder-workspace/.swiftpm/xcode
    builtin-SwiftPerFileCompile doc.tests.swift
SwiftCompile normal arm64_32 /Users/admin/builder/spi-builder-workspace/Tests/yswiftTests/yjs/encoding.tests.swift (in target 'yswiftTests-product' from project 'yswift')
    cd /Users/admin/builder/spi-builder-workspace/.swiftpm/xcode
    builtin-SwiftPerFileCompile encoding.tests.swift
SwiftCompile normal arm64_32 /Users/admin/builder/spi-builder-workspace/Tests/yswiftTests/yjs/snapshot.tests.swift (in target 'yswiftTests-product' from project 'yswift')
    cd /Users/admin/builder/spi-builder-workspace/.swiftpm/xcode
    builtin-SwiftPerFileCompile snapshot.tests.swift
PruneExplicitPrecompiledModules /Users/admin/builder/spi-builder-workspace/.derivedData/Build/Intermediates.noindex/SwiftExplicitPrecompiledModules
PruneExplicitPrecompiledModules /Users/admin/builder/spi-builder-workspace/.derivedData/Build/Intermediates.noindex/ExplicitPrecompiledModules
PruneExplicitPrecompiledModules /Users/admin/builder/spi-builder-workspace/.derivedData/SDKExplicitPrecompiledModules
2026-09-19 02:18:35.927 xcodebuild[955:5904] [MT] IDERunDestination: Supported platforms for the buildables in the current scheme is empty.
2026-09-19 02:18:36.029 xcodebuild[955:5904] [MT] IDERunDestination: Supported platforms for the buildables in the current scheme is empty.
** BUILD FAILED **
The following build commands failed:
	SwiftCompile normal arm64 Compiling\ doc.tests.swift,\ encoding.tests.swift,\ snapshot.tests.swift /Users/admin/builder/spi-builder-workspace/Tests/yswiftTests/yjs/doc.tests.swift /Users/admin/builder/spi-builder-workspace/Tests/yswiftTests/yjs/encoding.tests.swift /Users/admin/builder/spi-builder-workspace/Tests/yswiftTests/yjs/snapshot.tests.swift (in target 'yswiftTests-product' from project 'yswift')
	SwiftCompile normal arm64 /Users/admin/builder/spi-builder-workspace/Tests/yswiftTests/yjs/doc.tests.swift (in target 'yswiftTests-product' from project 'yswift')
	SwiftCompile normal arm64 /Users/admin/builder/spi-builder-workspace/Tests/yswiftTests/yjs/encoding.tests.swift (in target 'yswiftTests-product' from project 'yswift')
	Building workspace yswift with scheme yswift
(4 failures)
BUILD FAILURE 6.4 watchOS