The Swift Package Index logo.Swift Package Index

Build Information

Failed to build FormLogger, reference main (9f5dbf), with Swift 6.2 for Wasm on 27 Jun 2026 02:30:16 UTC.

Build Command

bash -c docker run --pull=always --rm -v "checkouts-53886769-0":/host -w "$PWD" -e JAVA_HOME="/root/.sdkman/candidates/java/current" -e SPI_BUILD="1" -e SPI_PROCESSING="1" registry.gitlab.com/saguaro1/spi-images:wasm-6.2-latest swift build --swift-sdk swift-6.2-RELEASE_wasm 2>&1

Build Log

========================================
RunAll
========================================
Builder version: 0e64495ecc1688c3b3e031a5ef1348b5c05091ae
Interrupt handler set up.
========================================
Checkout
========================================
Clone URL: https://github.com/markbattistella/FormLogger.git
Reference: main
Initialized empty Git repository in /host/spi-builder-workspace/.git/
hint: Using 'master' as the name for the initial branch. This default branch name
hint: is subject to change. To configure the initial branch name to use in all
hint: of your new repositories, which will suppress this warning, call:
hint:
hint: 	git config --global init.defaultBranch <name>
hint:
hint: Names commonly chosen instead of 'master' are 'main', 'trunk' and
hint: 'development'. The just-created branch can be renamed via this command:
hint:
hint: 	git branch -m <name>
From https://github.com/markbattistella/FormLogger
 * branch            main       -> FETCH_HEAD
 * [new branch]      main       -> origin/main
HEAD is now at 9f5dbf3 2026-05-26
Cloned https://github.com/markbattistella/FormLogger.git
Revision (git rev-parse @):
9f5dbf3defabed5f71b17bc4887c58d1a7cf3ed5
SPI manifest file found: $PWD/.spi.yml
SUCCESS checkout https://github.com/markbattistella/FormLogger.git at main
========================================
Build
========================================
Selected platform:         wasm
Swift version:             6.2
Building package at path:  $PWD
https://github.com/markbattistella/FormLogger.git
Running build ...
bash -c docker run --pull=always --rm -v "checkouts-53886769-0":/host -w "$PWD" -e JAVA_HOME="/root/.sdkman/candidates/java/current" -e SPI_BUILD="1" -e SPI_PROCESSING="1" registry.gitlab.com/saguaro1/spi-images:wasm-6.2-latest swift build --swift-sdk swift-6.2-RELEASE_wasm 2>&1
wasm-6.2-latest: Pulling from saguaro1/spi-images
Digest: sha256:dc8dffc38f1d92eca7ee5312617822470123661393ed20672e77964f9dcaaffb
Status: Image is up to date for registry.gitlab.com/saguaro1/spi-images:wasm-6.2-latest
Fetching https://github.com/markbattistella/SimpleLogger
Fetching https://github.com/markbattistella/PlatformChecker
[1/91] Fetching platformchecker
[92/320] Fetching platformchecker, simplelogger
Fetched https://github.com/markbattistella/PlatformChecker from cache (0.38s)
Fetched https://github.com/markbattistella/SimpleLogger from cache (0.38s)
Computing version for https://github.com/markbattistella/PlatformChecker
Computed https://github.com/markbattistella/PlatformChecker at 26.5.26 (0.52s)
Computing version for https://github.com/markbattistella/SimpleLogger
Computed https://github.com/markbattistella/SimpleLogger at 26.5.26 (0.13s)
Creating working copy for https://github.com/markbattistella/PlatformChecker
Working copy of https://github.com/markbattistella/PlatformChecker resolved at 26.5.26
Creating working copy for https://github.com/markbattistella/SimpleLogger
Working copy of https://github.com/markbattistella/SimpleLogger resolved at 26.5.26
Building for debugging...
[0/6] Write sources
[3/6] Copying Info.plist
[3/6] Copying Localizable.xcstrings
[5/6] Write swift-version-24593BA9C3E375BF.txt
[7/31] Emitting module PlatformChecker
[8/31] Compiling SimpleLogger Category+Architecture.swift
/host/spi-builder-workspace/.build/checkouts/SimpleLogger/Sources/SimpleLogger/Core/Logger+Export.swift:8:8: error: no such module 'UniformTypeIdentifiers'
  6 |
  7 | import Foundation
  8 | import UniformTypeIdentifiers
    |        `- error: no such module 'UniformTypeIdentifiers'
  9 |
 10 | extension UTType {
[9/31] Compiling SimpleLogger Category+Commerce.swift
/host/spi-builder-workspace/.build/checkouts/SimpleLogger/Sources/SimpleLogger/Core/Logger+Export.swift:8:8: error: no such module 'UniformTypeIdentifiers'
  6 |
  7 | import Foundation
  8 | import UniformTypeIdentifiers
    |        `- error: no such module 'UniformTypeIdentifiers'
  9 |
 10 | extension UTType {
[10/31] Compiling SimpleLogger Category+Miscellaneous.swift
/host/spi-builder-workspace/.build/checkouts/SimpleLogger/Sources/SimpleLogger/Core/Logger+Export.swift:8:8: error: no such module 'UniformTypeIdentifiers'
  6 |
  7 | import Foundation
  8 | import UniformTypeIdentifiers
    |        `- error: no such module 'UniformTypeIdentifiers'
  9 |
 10 | extension UTType {
[11/34] Compiling PlatformChecker PlatformChecker.swift
[12/34] Compiling PlatformChecker Platform.swift
[13/34] Compiling SimpleLogger LoggerRepresentation.swift
/host/spi-builder-workspace/.build/checkouts/SimpleLogger/Sources/SimpleLogger/Core/Logger+Export.swift:8:8: error: no such module 'UniformTypeIdentifiers'
  6 |
  7 | import Foundation
  8 | import UniformTypeIdentifiers
    |        `- error: no such module 'UniformTypeIdentifiers'
  9 |
 10 | extension UTType {
[14/34] Compiling SimpleLogger Duration+Ext.swift
/host/spi-builder-workspace/.build/checkouts/SimpleLogger/Sources/SimpleLogger/Core/Logger+Export.swift:8:8: error: no such module 'UniformTypeIdentifiers'
  6 |
  7 | import Foundation
  8 | import UniformTypeIdentifiers
    |        `- error: no such module 'UniformTypeIdentifiers'
  9 |
 10 | extension UTType {
[15/34] Compiling SimpleLogger LoggerExporter.swift
/host/spi-builder-workspace/.build/checkouts/SimpleLogger/Sources/SimpleLogger/Core/Logger+Export.swift:8:8: error: no such module 'UniformTypeIdentifiers'
  6 |
  7 | import Foundation
  8 | import UniformTypeIdentifiers
    |        `- error: no such module 'UniformTypeIdentifiers'
  9 |
 10 | extension UTType {
error: emit-module command failed with exit code 1 (use -v to see invocation)
[17/35] Emitting module SimpleLogger
/host/spi-builder-workspace/.build/checkouts/SimpleLogger/Sources/SimpleLogger/Core/Logger+Export.swift:8:8: error: no such module 'UniformTypeIdentifiers'
  6 |
  7 | import Foundation
  8 | import UniformTypeIdentifiers
    |        `- error: no such module 'UniformTypeIdentifiers'
  9 |
 10 | extension UTType {
[18/35] Compiling SimpleLogger Logger+Filter.swift
/host/spi-builder-workspace/.build/checkouts/SimpleLogger/Sources/SimpleLogger/Core/Logger+Export.swift:8:8: error: no such module 'UniformTypeIdentifiers'
  6 |
  7 | import Foundation
  8 | import UniformTypeIdentifiers
    |        `- error: no such module 'UniformTypeIdentifiers'
  9 |
 10 | extension UTType {
[19/35] Compiling SimpleLogger Logger+Init.swift
/host/spi-builder-workspace/.build/checkouts/SimpleLogger/Sources/SimpleLogger/Core/Logger+Export.swift:8:8: error: no such module 'UniformTypeIdentifiers'
  6 |
  7 | import Foundation
  8 | import UniformTypeIdentifiers
    |        `- error: no such module 'UniformTypeIdentifiers'
  9 |
 10 | extension UTType {
[20/35] Compiling SimpleLogger LoggerCategory.swift
/host/spi-builder-workspace/.build/checkouts/SimpleLogger/Sources/SimpleLogger/Core/Logger+Export.swift:8:8: error: no such module 'UniformTypeIdentifiers'
  6 |
  7 | import Foundation
  8 | import UniformTypeIdentifiers
    |        `- error: no such module 'UniformTypeIdentifiers'
  9 |
 10 | extension UTType {
[21/35] Compiling SimpleLogger Category+UI.swift
/host/spi-builder-workspace/.build/checkouts/SimpleLogger/Sources/SimpleLogger/Core/Logger+Export.swift:8:8: error: no such module 'UniformTypeIdentifiers'
  6 |
  7 | import Foundation
  8 | import UniformTypeIdentifiers
    |        `- error: no such module 'UniformTypeIdentifiers'
  9 |
 10 | extension UTType {
[22/35] Compiling SimpleLogger Category+Utilities.swift
/host/spi-builder-workspace/.build/checkouts/SimpleLogger/Sources/SimpleLogger/Core/Logger+Export.swift:8:8: error: no such module 'UniformTypeIdentifiers'
  6 |
  7 | import Foundation
  8 | import UniformTypeIdentifiers
    |        `- error: no such module 'UniformTypeIdentifiers'
  9 |
 10 | extension UTType {
[23/35] Compiling SimpleLogger Logger+Export.swift
/host/spi-builder-workspace/.build/checkouts/SimpleLogger/Sources/SimpleLogger/Core/Logger+Export.swift:8:8: error: no such module 'UniformTypeIdentifiers'
  6 |
  7 | import Foundation
  8 | import UniformTypeIdentifiers
    |        `- error: no such module 'UniformTypeIdentifiers'
  9 |
 10 | extension UTType {
[24/35] Compiling SimpleLogger LoggerManager.swift
/host/spi-builder-workspace/.build/checkouts/SimpleLogger/Sources/SimpleLogger/Core/Logger+Export.swift:8:8: error: no such module 'UniformTypeIdentifiers'
  6 |
  7 | import Foundation
  8 | import UniformTypeIdentifiers
    |        `- error: no such module 'UniformTypeIdentifiers'
  9 |
 10 | extension UTType {
[25/35] Compiling SimpleLogger LoggerQuery.swift
/host/spi-builder-workspace/.build/checkouts/SimpleLogger/Sources/SimpleLogger/Core/Logger+Export.swift:8:8: error: no such module 'UniformTypeIdentifiers'
  6 |
  7 | import Foundation
  8 | import UniformTypeIdentifiers
    |        `- error: no such module 'UniformTypeIdentifiers'
  9 |
 10 | extension UTType {
[26/35] Compiling SimpleLogger LoggerReader.swift
/host/spi-builder-workspace/.build/checkouts/SimpleLogger/Sources/SimpleLogger/Core/Logger+Export.swift:8:8: error: no such module 'UniformTypeIdentifiers'
  6 |
  7 | import Foundation
  8 | import UniformTypeIdentifiers
    |        `- error: no such module 'UniformTypeIdentifiers'
  9 |
 10 | extension UTType {
[27/35] Compiling SimpleLogger CompressionLevel.swift
/host/spi-builder-workspace/.build/checkouts/SimpleLogger/Sources/SimpleLogger/Core/Logger+Export.swift:8:8: error: no such module 'UniformTypeIdentifiers'
  6 |
  7 | import Foundation
  8 | import UniformTypeIdentifiers
    |        `- error: no such module 'UniformTypeIdentifiers'
  9 |
 10 | extension UTType {
[28/35] Compiling SimpleLogger Data+Ext.swift
/host/spi-builder-workspace/.build/checkouts/SimpleLogger/Sources/SimpleLogger/Core/Logger+Export.swift:8:8: error: no such module 'UniformTypeIdentifiers'
  6 |
  7 | import Foundation
  8 | import UniformTypeIdentifiers
    |        `- error: no such module 'UniformTypeIdentifiers'
  9 |
 10 | extension UTType {
[29/35] Compiling SimpleLogger gzip+Error.swift
/host/spi-builder-workspace/.build/checkouts/SimpleLogger/Sources/SimpleLogger/Core/Logger+Export.swift:8:8: error: no such module 'UniformTypeIdentifiers'
  6 |
  7 | import Foundation
  8 | import UniformTypeIdentifiers
    |        `- error: no such module 'UniformTypeIdentifiers'
  9 |
 10 | extension UTType {
[30/35] Compiling SimpleLogger Category+Network.swift
/host/spi-builder-workspace/.build/checkouts/SimpleLogger/Sources/SimpleLogger/Core/Logger+Export.swift:8:8: error: no such module 'UniformTypeIdentifiers'
  6 |
  7 | import Foundation
  8 | import UniformTypeIdentifiers
    |        `- error: no such module 'UniformTypeIdentifiers'
  9 |
 10 | extension UTType {
[31/35] Compiling SimpleLogger Category+Performance.swift
/host/spi-builder-workspace/.build/checkouts/SimpleLogger/Sources/SimpleLogger/Core/Logger+Export.swift:8:8: error: no such module 'UniformTypeIdentifiers'
  6 |
  7 | import Foundation
  8 | import UniformTypeIdentifiers
    |        `- error: no such module 'UniformTypeIdentifiers'
  9 |
 10 | extension UTType {
[32/35] Compiling SimpleLogger Category+Persistence.swift
/host/spi-builder-workspace/.build/checkouts/SimpleLogger/Sources/SimpleLogger/Core/Logger+Export.swift:8:8: error: no such module 'UniformTypeIdentifiers'
  6 |
  7 | import Foundation
  8 | import UniformTypeIdentifiers
    |        `- error: no such module 'UniformTypeIdentifiers'
  9 |
 10 | extension UTType {
[33/35] Compiling SimpleLogger Category+Security.swift
/host/spi-builder-workspace/.build/checkouts/SimpleLogger/Sources/SimpleLogger/Core/Logger+Export.swift:8:8: error: no such module 'UniformTypeIdentifiers'
  6 |
  7 | import Foundation
  8 | import UniformTypeIdentifiers
    |        `- error: no such module 'UniformTypeIdentifiers'
  9 |
 10 | extension UTType {
[34/35] Compiling SimpleLogger Category+System.swift
/host/spi-builder-workspace/.build/checkouts/SimpleLogger/Sources/SimpleLogger/Core/Logger+Export.swift:8:8: error: no such module 'UniformTypeIdentifiers'
  6 |
  7 | import Foundation
  8 | import UniformTypeIdentifiers
    |        `- error: no such module 'UniformTypeIdentifiers'
  9 |
 10 | extension UTType {
[35/35] Compiling SimpleLogger Category+Testing.swift
/host/spi-builder-workspace/.build/checkouts/SimpleLogger/Sources/SimpleLogger/Core/Logger+Export.swift:8:8: error: no such module 'UniformTypeIdentifiers'
  6 |
  7 | import Foundation
  8 | import UniformTypeIdentifiers
    |        `- error: no such module 'UniformTypeIdentifiers'
  9 |
 10 | extension UTType {
BUILD FAILURE 6.2 wasm