Build Information
Failed to build DiffableDataSources, reference 0.5.0 (a457cf), with Swift 6.4 for watchOS using Xcode 27.0 on 18 Sep 2026 12:58:20 UTC.
Build Command
env DEVELOPER_DIR=/Applications/Xcode-27.0.0-Release.Candidate.app xcrun xcodebuild -IDEClonedSourcePackagesDirPathOverride=$PWD/.dependencies -skipMacroValidation -skipPackagePluginValidation -derivedDataPath $PWD/.derivedData build -scheme DiffableDataSources -destination generic/platform=watchOSBuild Log
cd /Users/admin/builder/spi-builder-workspace
write-file /Users/admin/builder/spi-builder-workspace/.derivedData/Build/Intermediates.noindex/DiffableDataSources.build/Debug-watchos/DiffableDataSources-t.build/Objects-normal/arm64/DiffableDataSources_const_extract_protocols.json
WriteAuxiliaryFile /Users/admin/builder/spi-builder-workspace/.derivedData/Build/Intermediates.noindex/DiffableDataSources.build/Debug-watchos/DiffableDataSources-t.build/Objects-normal/arm64/DiffableDataSources.SwiftFileList (in target 'DiffableDataSources' from project 'DiffableDataSources')
cd /Users/admin/builder/spi-builder-workspace
write-file /Users/admin/builder/spi-builder-workspace/.derivedData/Build/Intermediates.noindex/DiffableDataSources.build/Debug-watchos/DiffableDataSources-t.build/Objects-normal/arm64/DiffableDataSources.SwiftFileList
WriteAuxiliaryFile /Users/admin/builder/spi-builder-workspace/.derivedData/Build/Intermediates.noindex/DiffableDataSources.build/Debug-watchos/DiffableDataSources-t.build/Objects-normal/arm64/DiffableDataSources.SwiftConstValuesFileList (in target 'DiffableDataSources' from project 'DiffableDataSources')
cd /Users/admin/builder/spi-builder-workspace
write-file /Users/admin/builder/spi-builder-workspace/.derivedData/Build/Intermediates.noindex/DiffableDataSources.build/Debug-watchos/DiffableDataSources-t.build/Objects-normal/arm64/DiffableDataSources.SwiftConstValuesFileList
WriteAuxiliaryFile /Users/admin/builder/spi-builder-workspace/.derivedData/Build/Intermediates.noindex/DiffableDataSources.build/Debug-watchos/DiffableDataSources-t.build/Objects-normal/arm64/DiffableDataSources.LinkFileList (in target 'DiffableDataSources' from project 'DiffableDataSources')
cd /Users/admin/builder/spi-builder-workspace
write-file /Users/admin/builder/spi-builder-workspace/.derivedData/Build/Intermediates.noindex/DiffableDataSources.build/Debug-watchos/DiffableDataSources-t.build/Objects-normal/arm64/DiffableDataSources.LinkFileList
WriteAuxiliaryFile /Users/admin/builder/spi-builder-workspace/.derivedData/Build/Intermediates.noindex/DiffableDataSources.build/Debug-watchos/DiffableDataSources-t.build/Objects-normal/arm64/DiffableDataSources-OutputFileMap.json (in target 'DiffableDataSources' from project 'DiffableDataSources')
cd /Users/admin/builder/spi-builder-workspace
write-file /Users/admin/builder/spi-builder-workspace/.derivedData/Build/Intermediates.noindex/DiffableDataSources.build/Debug-watchos/DiffableDataSources-t.build/Objects-normal/arm64/DiffableDataSources-OutputFileMap.json
WriteAuxiliaryFile /Users/admin/builder/spi-builder-workspace/.derivedData/Build/Intermediates.noindex/DiffableDataSources.build/Debug-watchos/DiffableDataSources-t.build/DiffableDataSources.modulemap (in target 'DiffableDataSources' from project 'DiffableDataSources')
cd /Users/admin/builder/spi-builder-workspace
write-file /Users/admin/builder/spi-builder-workspace/.derivedData/Build/Intermediates.noindex/DiffableDataSources.build/Debug-watchos/DiffableDataSources-t.build/DiffableDataSources.modulemap
WriteAuxiliaryFile /Users/admin/builder/spi-builder-workspace/.derivedData/Build/Intermediates.noindex/DiffableDataSources.build/Debug-watchos/DiffableDataSources-t.build/DiffableDataSources.DependencyStaticMetadataFileList (in target 'DiffableDataSources' from project 'DiffableDataSources')
cd /Users/admin/builder/spi-builder-workspace
write-file /Users/admin/builder/spi-builder-workspace/.derivedData/Build/Intermediates.noindex/DiffableDataSources.build/Debug-watchos/DiffableDataSources-t.build/DiffableDataSources.DependencyStaticMetadataFileList
WriteAuxiliaryFile /Users/admin/builder/spi-builder-workspace/.derivedData/Build/Intermediates.noindex/DiffableDataSources.build/Debug-watchos/DiffableDataSources-t.build/DiffableDataSources.DependencyMetadataFileList (in target 'DiffableDataSources' from project 'DiffableDataSources')
cd /Users/admin/builder/spi-builder-workspace
write-file /Users/admin/builder/spi-builder-workspace/.derivedData/Build/Intermediates.noindex/DiffableDataSources.build/Debug-watchos/DiffableDataSources-t.build/DiffableDataSources.DependencyMetadataFileList
Copy /Users/admin/builder/spi-builder-workspace/.derivedData/Build/Intermediates.noindex/GeneratedModuleMaps-watchos/DiffableDataSources.modulemap /Users/admin/builder/spi-builder-workspace/.derivedData/Build/Intermediates.noindex/DiffableDataSources.build/Debug-watchos/DiffableDataSources-t.build/DiffableDataSources.modulemap (in target 'DiffableDataSources' from project 'DiffableDataSources')
cd /Users/admin/builder/spi-builder-workspace
builtin-copy -exclude .DS_Store -exclude CVS -exclude .svn -exclude .git -exclude .hg -resolve-src-symlinks /Users/admin/builder/spi-builder-workspace/.derivedData/Build/Intermediates.noindex/DiffableDataSources.build/Debug-watchos/DiffableDataSources-t.build/DiffableDataSources.modulemap /Users/admin/builder/spi-builder-workspace/.derivedData/Build/Intermediates.noindex/GeneratedModuleMaps-watchos
SwiftDriver DifferenceKit normal arm64 com.apple.xcode.tools.swift.compiler (in target 'DifferenceKit' from project 'DifferenceKit')
cd /Users/admin/builder/spi-builder-workspace/.swiftpm/xcode
builtin-SwiftDriver -- /Applications/Xcode-27.0.0-Release.Candidate.app/Contents/Developer/Toolchains/XcodeDefault.xctoolchain/usr/bin/swiftc -parse-as-library -module-name DifferenceKit -Onone @/Users/admin/builder/spi-builder-workspace/.derivedData/Build/Intermediates.noindex/DifferenceKit.build/Debug-watchos/DifferenceKit-t.build/Objects-normal/arm64/DifferenceKit.SwiftFileList -DSWIFT_PACKAGE -DDEBUG -DSWIFT_MODULE_RESOURCE_BUNDLE_UNAVAILABLE -DXcode -plugin-path /Applications/Xcode-27.0.0-Release.Candidate.app/Contents/Developer/Toolchains/XcodeDefault.xctoolchain/usr/lib/swift/host/plugins/testing -enable-experimental-feature DebugDescriptionMacro -sdk /Applications/Xcode-27.0.0-Release.Candidate.app/Contents/Developer/Platforms/WatchOS.platform/Developer/SDKs/WatchOS27.0.sdk -target arm64-apple-watchos9.0 -g -module-cache-path /Users/admin/builder/spi-builder-workspace/.derivedData/ModuleCache.noindex -Xfrontend -serialize-debugging-options -profile-coverage-mapping -profile-generate -enable-testing -suppress-warnings -index-store-path /Users/admin/builder/spi-builder-workspace/.derivedData/Index.noindex/DataStore -Xcc -D_LIBCPP_HARDENING_MODE\=_LIBCPP_HARDENING_MODE_DEBUG -swift-version 5 -I /Users/admin/builder/spi-builder-workspace/.derivedData/Build/Products/Debug-watchos -Isystem /Applications/Xcode-27.0.0-Release.Candidate.app/Contents/Developer/Platforms/WatchOS.platform/Developer/usr/lib -F /Users/admin/builder/spi-builder-workspace/.derivedData/Build/Products/Debug-watchos -F /Applications/Xcode-27.0.0-Release.Candidate.app/Contents/Developer/Platforms/WatchOS.platform/Developer/Library/Frameworks -F /Applications/Xcode-27.0.0-Release.Candidate.app/Contents/Developer/Platforms/WatchOS.platform/Developer/SDKs/WatchOS27.0.sdk/Developer/Library/Frameworks -c -j10 -enable-batch-mode -incremental -Xcc -ivfsstatcache -Xcc /Users/admin/builder/spi-builder-workspace/.derivedData/SDKStatCaches.noindex/watchos27.0-24R360-e829b21a6f8c9b70876ba0858053c04477534ef55a1706bf4c1112bbb242f0a2.sdkstatcache -output-file-map /Users/admin/builder/spi-builder-workspace/.derivedData/Build/Intermediates.noindex/DifferenceKit.build/Debug-watchos/DifferenceKit-t.build/Objects-normal/arm64/DifferenceKit-OutputFileMap.json -save-temps -no-color-diagnostics -explicit-module-build -module-cache-path /Users/admin/builder/spi-builder-workspace/.derivedData/Build/Intermediates.noindex/SwiftExplicitPrecompiledModules -clang-scanner-module-cache-path /Users/admin/builder/spi-builder-workspace/.derivedData/ModuleCache.noindex -sdk-module-cache-path /Users/admin/builder/spi-builder-workspace/.derivedData/SDKExplicitPrecompiledModules -emit-dependencies -emit-module -emit-module-path /Users/admin/builder/spi-builder-workspace/.derivedData/Build/Intermediates.noindex/DifferenceKit.build/Debug-watchos/DifferenceKit-t.build/Objects-normal/arm64/DifferenceKit.swiftmodule -serialize-diagnostics -dependency-scan-serialize-diagnostics-path /Users/admin/builder/spi-builder-workspace/.derivedData/Build/Intermediates.noindex/DifferenceKit.build/Debug-watchos/DifferenceKit-t.build/Objects-normal/arm64/DifferenceKit-dependency-scan.dia -validate-clang-modules-once -clang-build-session-file /Users/admin/builder/spi-builder-workspace/.derivedData/ModuleCache.noindex/Session.modulevalidation -Xcc -fmodules-prune-interval\=86400 -Xcc -fmodules-prune-after\=345600 -emit-const-values -const-gather-protocols-list /Users/admin/builder/spi-builder-workspace/.derivedData/Build/Intermediates.noindex/DifferenceKit.build/Debug-watchos/DifferenceKit-t.build/Objects-normal/arm64/DifferenceKit_const_extract_protocols.json -Xcc -I/Users/admin/builder/spi-builder-workspace/.derivedData/Build/Products/Debug-watchos/include -Xcc -I/Users/admin/builder/spi-builder-workspace/.derivedData/Build/Intermediates.noindex/DifferenceKit.build/Debug-watchos/DifferenceKit-t.build/DerivedSources-normal/arm64 -Xcc -I/Users/admin/builder/spi-builder-workspace/.derivedData/Build/Intermediates.noindex/DifferenceKit.build/Debug-watchos/DifferenceKit-t.build/DerivedSources/arm64 -Xcc -I/Users/admin/builder/spi-builder-workspace/.derivedData/Build/Intermediates.noindex/DifferenceKit.build/Debug-watchos/DifferenceKit-t.build/DerivedSources -Xcc -DSWIFT_PACKAGE -Xcc -DDEBUG\=1 -emit-objc-header -emit-objc-header-path /Users/admin/builder/spi-builder-workspace/.derivedData/Build/Intermediates.noindex/DifferenceKit.build/Debug-watchos/DifferenceKit-t.build/Objects-normal/arm64/DifferenceKit-Swift.h -working-directory /Users/admin/builder/spi-builder-workspace/.swiftpm/xcode -experimental-emit-module-separately -disable-cmo
SwiftDriver DifferenceKit normal arm64_32 com.apple.xcode.tools.swift.compiler (in target 'DifferenceKit' from project 'DifferenceKit')
cd /Users/admin/builder/spi-builder-workspace/.swiftpm/xcode
builtin-SwiftDriver -- /Applications/Xcode-27.0.0-Release.Candidate.app/Contents/Developer/Toolchains/XcodeDefault.xctoolchain/usr/bin/swiftc -parse-as-library -module-name DifferenceKit -Onone @/Users/admin/builder/spi-builder-workspace/.derivedData/Build/Intermediates.noindex/DifferenceKit.build/Debug-watchos/DifferenceKit-t.build/Objects-normal/arm64_32/DifferenceKit.SwiftFileList -DSWIFT_PACKAGE -DDEBUG -DSWIFT_MODULE_RESOURCE_BUNDLE_UNAVAILABLE -DXcode -plugin-path /Applications/Xcode-27.0.0-Release.Candidate.app/Contents/Developer/Toolchains/XcodeDefault.xctoolchain/usr/lib/swift/host/plugins/testing -enable-experimental-feature DebugDescriptionMacro -sdk /Applications/Xcode-27.0.0-Release.Candidate.app/Contents/Developer/Platforms/WatchOS.platform/Developer/SDKs/WatchOS27.0.sdk -target arm64_32-apple-watchos9.0 -g -module-cache-path /Users/admin/builder/spi-builder-workspace/.derivedData/ModuleCache.noindex -Xfrontend -serialize-debugging-options -profile-coverage-mapping -profile-generate -enable-testing -suppress-warnings -index-store-path /Users/admin/builder/spi-builder-workspace/.derivedData/Index.noindex/DataStore -Xcc -D_LIBCPP_HARDENING_MODE\=_LIBCPP_HARDENING_MODE_DEBUG -swift-version 5 -I /Users/admin/builder/spi-builder-workspace/.derivedData/Build/Products/Debug-watchos -Isystem /Applications/Xcode-27.0.0-Release.Candidate.app/Contents/Developer/Platforms/WatchOS.platform/Developer/usr/lib -F /Users/admin/builder/spi-builder-workspace/.derivedData/Build/Products/Debug-watchos -F /Applications/Xcode-27.0.0-Release.Candidate.app/Contents/Developer/Platforms/WatchOS.platform/Developer/Library/Frameworks -F /Applications/Xcode-27.0.0-Release.Candidate.app/Contents/Developer/Platforms/WatchOS.platform/Developer/SDKs/WatchOS27.0.sdk/Developer/Library/Frameworks -c -j10 -enable-batch-mode -incremental -Xcc -ivfsstatcache -Xcc /Users/admin/builder/spi-builder-workspace/.derivedData/SDKStatCaches.noindex/watchos27.0-24R360-e829b21a6f8c9b70876ba0858053c04477534ef55a1706bf4c1112bbb242f0a2.sdkstatcache -output-file-map /Users/admin/builder/spi-builder-workspace/.derivedData/Build/Intermediates.noindex/DifferenceKit.build/Debug-watchos/DifferenceKit-t.build/Objects-normal/arm64_32/DifferenceKit-OutputFileMap.json -save-temps -no-color-diagnostics -explicit-module-build -module-cache-path /Users/admin/builder/spi-builder-workspace/.derivedData/Build/Intermediates.noindex/SwiftExplicitPrecompiledModules -clang-scanner-module-cache-path /Users/admin/builder/spi-builder-workspace/.derivedData/ModuleCache.noindex -sdk-module-cache-path /Users/admin/builder/spi-builder-workspace/.derivedData/SDKExplicitPrecompiledModules -emit-dependencies -emit-module -emit-module-path /Users/admin/builder/spi-builder-workspace/.derivedData/Build/Intermediates.noindex/DifferenceKit.build/Debug-watchos/DifferenceKit-t.build/Objects-normal/arm64_32/DifferenceKit.swiftmodule -serialize-diagnostics -dependency-scan-serialize-diagnostics-path /Users/admin/builder/spi-builder-workspace/.derivedData/Build/Intermediates.noindex/DifferenceKit.build/Debug-watchos/DifferenceKit-t.build/Objects-normal/arm64_32/DifferenceKit-dependency-scan.dia -validate-clang-modules-once -clang-build-session-file /Users/admin/builder/spi-builder-workspace/.derivedData/ModuleCache.noindex/Session.modulevalidation -Xcc -fmodules-prune-interval\=86400 -Xcc -fmodules-prune-after\=345600 -emit-const-values -const-gather-protocols-list /Users/admin/builder/spi-builder-workspace/.derivedData/Build/Intermediates.noindex/DifferenceKit.build/Debug-watchos/DifferenceKit-t.build/Objects-normal/arm64_32/DifferenceKit_const_extract_protocols.json -Xcc -I/Users/admin/builder/spi-builder-workspace/.derivedData/Build/Products/Debug-watchos/include -Xcc -I/Users/admin/builder/spi-builder-workspace/.derivedData/Build/Intermediates.noindex/DifferenceKit.build/Debug-watchos/DifferenceKit-t.build/DerivedSources-normal/arm64_32 -Xcc -I/Users/admin/builder/spi-builder-workspace/.derivedData/Build/Intermediates.noindex/DifferenceKit.build/Debug-watchos/DifferenceKit-t.build/DerivedSources/arm64_32 -Xcc -I/Users/admin/builder/spi-builder-workspace/.derivedData/Build/Intermediates.noindex/DifferenceKit.build/Debug-watchos/DifferenceKit-t.build/DerivedSources -Xcc -DSWIFT_PACKAGE -Xcc -DDEBUG\=1 -emit-objc-header -emit-objc-header-path /Users/admin/builder/spi-builder-workspace/.derivedData/Build/Intermediates.noindex/DifferenceKit.build/Debug-watchos/DifferenceKit-t.build/Objects-normal/arm64_32/DifferenceKit-Swift.h -working-directory /Users/admin/builder/spi-builder-workspace/.swiftpm/xcode -experimental-emit-module-separately -disable-cmo
SwiftExplicitDependencyGeneratePcm arm64 /Users/admin/builder/spi-builder-workspace/.derivedData/SDKExplicitPrecompiledModules/SwiftShims-4MXFZPV6FEB0XBYXCGPWAMQGL.pcm
SwiftExplicitDependencyGeneratePcm arm64_32 /Users/admin/builder/spi-builder-workspace/.derivedData/SDKExplicitPrecompiledModules/_SwiftConcurrencyShims-6RTBPQ03V7BM9SPRK8SUE055H.pcm
SwiftExplicitDependencyGeneratePcm arm64_32 /Users/admin/builder/spi-builder-workspace/.derivedData/SDKExplicitPrecompiledModules/SwiftShims-9CQQGWTSNTN9EB5NSHDWUJICH.pcm
SwiftExplicitDependencyGeneratePcm arm64 /Users/admin/builder/spi-builder-workspace/.derivedData/SDKExplicitPrecompiledModules/_SwiftConcurrencyShims-659N52XSKR5F0QSB880BH2FJR.pcm
SwiftEmitModule normal arm64 Emitting\ module\ for\ DifferenceKit (in target 'DifferenceKit' from project 'DifferenceKit')
SwiftCompile normal arm64 (in target 'DifferenceKit' from project 'DifferenceKit')
cd /Users/admin/builder/spi-builder-workspace/.swiftpm/xcode
SwiftCompile normal arm64 Compiling\ AppKitExtension.swift /Users/admin/builder/spi-builder-workspace/.dependencies/checkouts/DifferenceKit/Sources/Extensions/AppKitExtension.swift (in target 'DifferenceKit' from project 'DifferenceKit')
SwiftCompile normal arm64 /Users/admin/builder/spi-builder-workspace/.dependencies/checkouts/DifferenceKit/Sources/Extensions/AppKitExtension.swift (in target 'DifferenceKit' from project 'DifferenceKit')
cd /Users/admin/builder/spi-builder-workspace/.swiftpm/xcode
builtin-SwiftPerFileCompile AppKitExtension.swift
SwiftCompile normal arm64 Compiling\ ElementPath.swift /Users/admin/builder/spi-builder-workspace/.dependencies/checkouts/DifferenceKit/Sources/ElementPath.swift (in target 'DifferenceKit' from project 'DifferenceKit')
SwiftCompile normal arm64 /Users/admin/builder/spi-builder-workspace/.dependencies/checkouts/DifferenceKit/Sources/ElementPath.swift (in target 'DifferenceKit' from project 'DifferenceKit')
cd /Users/admin/builder/spi-builder-workspace/.swiftpm/xcode
builtin-SwiftPerFileCompile ElementPath.swift
SwiftCompile normal arm64 Compiling\ Differentiable.swift /Users/admin/builder/spi-builder-workspace/.dependencies/checkouts/DifferenceKit/Sources/Differentiable.swift (in target 'DifferenceKit' from project 'DifferenceKit')
SwiftCompile normal arm64 /Users/admin/builder/spi-builder-workspace/.dependencies/checkouts/DifferenceKit/Sources/Differentiable.swift (in target 'DifferenceKit' from project 'DifferenceKit')
cd /Users/admin/builder/spi-builder-workspace/.swiftpm/xcode
builtin-SwiftPerFileCompile Differentiable.swift
SwiftCompile normal arm64 Compiling\ ContentIdentifiable.swift /Users/admin/builder/spi-builder-workspace/.dependencies/checkouts/DifferenceKit/Sources/ContentIdentifiable.swift (in target 'DifferenceKit' from project 'DifferenceKit')
SwiftCompile normal arm64 /Users/admin/builder/spi-builder-workspace/.dependencies/checkouts/DifferenceKit/Sources/ContentIdentifiable.swift (in target 'DifferenceKit' from project 'DifferenceKit')
cd /Users/admin/builder/spi-builder-workspace/.swiftpm/xcode
builtin-SwiftPerFileCompile ContentIdentifiable.swift
SwiftCompile normal arm64 Compiling\ UIKitExtension.swift /Users/admin/builder/spi-builder-workspace/.dependencies/checkouts/DifferenceKit/Sources/Extensions/UIKitExtension.swift (in target 'DifferenceKit' from project 'DifferenceKit')
SwiftCompile normal arm64 /Users/admin/builder/spi-builder-workspace/.dependencies/checkouts/DifferenceKit/Sources/Extensions/UIKitExtension.swift (in target 'DifferenceKit' from project 'DifferenceKit')
cd /Users/admin/builder/spi-builder-workspace/.swiftpm/xcode
builtin-SwiftPerFileCompile UIKitExtension.swift
SwiftCompile normal arm64 Compiling\ ArraySection.swift,\ Changeset.swift /Users/admin/builder/spi-builder-workspace/.dependencies/checkouts/DifferenceKit/Sources/ArraySection.swift /Users/admin/builder/spi-builder-workspace/.dependencies/checkouts/DifferenceKit/Sources/Changeset.swift (in target 'DifferenceKit' from project 'DifferenceKit')
SwiftCompile normal arm64 /Users/admin/builder/spi-builder-workspace/.dependencies/checkouts/DifferenceKit/Sources/ArraySection.swift (in target 'DifferenceKit' from project 'DifferenceKit')
cd /Users/admin/builder/spi-builder-workspace/.swiftpm/xcode
builtin-SwiftPerFileCompile ArraySection.swift
SwiftCompile normal arm64 /Users/admin/builder/spi-builder-workspace/.dependencies/checkouts/DifferenceKit/Sources/Changeset.swift (in target 'DifferenceKit' from project 'DifferenceKit')
cd /Users/admin/builder/spi-builder-workspace/.swiftpm/xcode
builtin-SwiftPerFileCompile Changeset.swift
SwiftCompile normal arm64 Compiling\ Algorithm.swift,\ AnyDifferentiable.swift /Users/admin/builder/spi-builder-workspace/.dependencies/checkouts/DifferenceKit/Sources/Algorithm.swift /Users/admin/builder/spi-builder-workspace/.dependencies/checkouts/DifferenceKit/Sources/AnyDifferentiable.swift (in target 'DifferenceKit' from project 'DifferenceKit')
SwiftCompile normal arm64 /Users/admin/builder/spi-builder-workspace/.dependencies/checkouts/DifferenceKit/Sources/Algorithm.swift (in target 'DifferenceKit' from project 'DifferenceKit')
cd /Users/admin/builder/spi-builder-workspace/.swiftpm/xcode
builtin-SwiftPerFileCompile Algorithm.swift
SwiftCompile normal arm64 /Users/admin/builder/spi-builder-workspace/.dependencies/checkouts/DifferenceKit/Sources/AnyDifferentiable.swift (in target 'DifferenceKit' from project 'DifferenceKit')
cd /Users/admin/builder/spi-builder-workspace/.swiftpm/xcode
builtin-SwiftPerFileCompile AnyDifferentiable.swift
SwiftCompile normal arm64 Compiling\ DifferentiableSection.swift /Users/admin/builder/spi-builder-workspace/.dependencies/checkouts/DifferenceKit/Sources/DifferentiableSection.swift (in target 'DifferenceKit' from project 'DifferenceKit')
SwiftCompile normal arm64 /Users/admin/builder/spi-builder-workspace/.dependencies/checkouts/DifferenceKit/Sources/DifferentiableSection.swift (in target 'DifferenceKit' from project 'DifferenceKit')
cd /Users/admin/builder/spi-builder-workspace/.swiftpm/xcode
builtin-SwiftPerFileCompile DifferentiableSection.swift
SwiftCompile normal arm64 Compiling\ StagedChangeset.swift /Users/admin/builder/spi-builder-workspace/.dependencies/checkouts/DifferenceKit/Sources/StagedChangeset.swift (in target 'DifferenceKit' from project 'DifferenceKit')
SwiftCompile normal arm64 /Users/admin/builder/spi-builder-workspace/.dependencies/checkouts/DifferenceKit/Sources/StagedChangeset.swift (in target 'DifferenceKit' from project 'DifferenceKit')
cd /Users/admin/builder/spi-builder-workspace/.swiftpm/xcode
builtin-SwiftPerFileCompile StagedChangeset.swift
SwiftEmitModule normal arm64_32 Emitting\ module\ for\ DifferenceKit (in target 'DifferenceKit' from project 'DifferenceKit')
SwiftCompile normal arm64_32 (in target 'DifferenceKit' from project 'DifferenceKit')
cd /Users/admin/builder/spi-builder-workspace/.swiftpm/xcode
SwiftDriverJobDiscovery normal arm64 Emitting module for DifferenceKit (in target 'DifferenceKit' from project 'DifferenceKit')
SwiftDriver\ Compilation\ Requirements DifferenceKit normal arm64 com.apple.xcode.tools.swift.compiler (in target 'DifferenceKit' from project 'DifferenceKit')
cd /Users/admin/builder/spi-builder-workspace/.swiftpm/xcode
builtin-Swift-Compilation-Requirements -- /Applications/Xcode-27.0.0-Release.Candidate.app/Contents/Developer/Toolchains/XcodeDefault.xctoolchain/usr/bin/swiftc -parse-as-library -module-name DifferenceKit -Onone @/Users/admin/builder/spi-builder-workspace/.derivedData/Build/Intermediates.noindex/DifferenceKit.build/Debug-watchos/DifferenceKit-t.build/Objects-normal/arm64/DifferenceKit.SwiftFileList -DSWIFT_PACKAGE -DDEBUG -DSWIFT_MODULE_RESOURCE_BUNDLE_UNAVAILABLE -DXcode -plugin-path /Applications/Xcode-27.0.0-Release.Candidate.app/Contents/Developer/Toolchains/XcodeDefault.xctoolchain/usr/lib/swift/host/plugins/testing -enable-experimental-feature DebugDescriptionMacro -sdk /Applications/Xcode-27.0.0-Release.Candidate.app/Contents/Developer/Platforms/WatchOS.platform/Developer/SDKs/WatchOS27.0.sdk -target arm64-apple-watchos9.0 -g -module-cache-path /Users/admin/builder/spi-builder-workspace/.derivedData/ModuleCache.noindex -Xfrontend -serialize-debugging-options -profile-coverage-mapping -profile-generate -enable-testing -suppress-warnings -index-store-path /Users/admin/builder/spi-builder-workspace/.derivedData/Index.noindex/DataStore -Xcc -D_LIBCPP_HARDENING_MODE\=_LIBCPP_HARDENING_MODE_DEBUG -swift-version 5 -I /Users/admin/builder/spi-builder-workspace/.derivedData/Build/Products/Debug-watchos -Isystem /Applications/Xcode-27.0.0-Release.Candidate.app/Contents/Developer/Platforms/WatchOS.platform/Developer/usr/lib -F /Users/admin/builder/spi-builder-workspace/.derivedData/Build/Products/Debug-watchos -F /Applications/Xcode-27.0.0-Release.Candidate.app/Contents/Developer/Platforms/WatchOS.platform/Developer/Library/Frameworks -F /Applications/Xcode-27.0.0-Release.Candidate.app/Contents/Developer/Platforms/WatchOS.platform/Developer/SDKs/WatchOS27.0.sdk/Developer/Library/Frameworks -c -j10 -enable-batch-mode -incremental -Xcc -ivfsstatcache -Xcc /Users/admin/builder/spi-builder-workspace/.derivedData/SDKStatCaches.noindex/watchos27.0-24R360-e829b21a6f8c9b70876ba0858053c04477534ef55a1706bf4c1112bbb242f0a2.sdkstatcache -output-file-map /Users/admin/builder/spi-builder-workspace/.derivedData/Build/Intermediates.noindex/DifferenceKit.build/Debug-watchos/DifferenceKit-t.build/Objects-normal/arm64/DifferenceKit-OutputFileMap.json -save-temps -no-color-diagnostics -explicit-module-build -module-cache-path /Users/admin/builder/spi-builder-workspace/.derivedData/Build/Intermediates.noindex/SwiftExplicitPrecompiledModules -clang-scanner-module-cache-path /Users/admin/builder/spi-builder-workspace/.derivedData/ModuleCache.noindex -sdk-module-cache-path /Users/admin/builder/spi-builder-workspace/.derivedData/SDKExplicitPrecompiledModules -emit-dependencies -emit-module -emit-module-path /Users/admin/builder/spi-builder-workspace/.derivedData/Build/Intermediates.noindex/DifferenceKit.build/Debug-watchos/DifferenceKit-t.build/Objects-normal/arm64/DifferenceKit.swiftmodule -serialize-diagnostics -dependency-scan-serialize-diagnostics-path /Users/admin/builder/spi-builder-workspace/.derivedData/Build/Intermediates.noindex/DifferenceKit.build/Debug-watchos/DifferenceKit-t.build/Objects-normal/arm64/DifferenceKit-dependency-scan.dia -validate-clang-modules-once -clang-build-session-file /Users/admin/builder/spi-builder-workspace/.derivedData/ModuleCache.noindex/Session.modulevalidation -Xcc -fmodules-prune-interval\=86400 -Xcc -fmodules-prune-after\=345600 -emit-const-values -const-gather-protocols-list /Users/admin/builder/spi-builder-workspace/.derivedData/Build/Intermediates.noindex/DifferenceKit.build/Debug-watchos/DifferenceKit-t.build/Objects-normal/arm64/DifferenceKit_const_extract_protocols.json -Xcc -I/Users/admin/builder/spi-builder-workspace/.derivedData/Build/Products/Debug-watchos/include -Xcc -I/Users/admin/builder/spi-builder-workspace/.derivedData/Build/Intermediates.noindex/DifferenceKit.build/Debug-watchos/DifferenceKit-t.build/DerivedSources-normal/arm64 -Xcc -I/Users/admin/builder/spi-builder-workspace/.derivedData/Build/Intermediates.noindex/DifferenceKit.build/Debug-watchos/DifferenceKit-t.build/DerivedSources/arm64 -Xcc -I/Users/admin/builder/spi-builder-workspace/.derivedData/Build/Intermediates.noindex/DifferenceKit.build/Debug-watchos/DifferenceKit-t.build/DerivedSources -Xcc -DSWIFT_PACKAGE -Xcc -DDEBUG\=1 -emit-objc-header -emit-objc-header-path /Users/admin/builder/spi-builder-workspace/.derivedData/Build/Intermediates.noindex/DifferenceKit.build/Debug-watchos/DifferenceKit-t.build/Objects-normal/arm64/DifferenceKit-Swift.h -working-directory /Users/admin/builder/spi-builder-workspace/.swiftpm/xcode -experimental-emit-module-separately -disable-cmo
SwiftDriverJobDiscovery normal arm64 Compiling UIKitExtension.swift (in target 'DifferenceKit' from project 'DifferenceKit')
SwiftCompile normal arm64_32 Compiling\ AppKitExtension.swift /Users/admin/builder/spi-builder-workspace/.dependencies/checkouts/DifferenceKit/Sources/Extensions/AppKitExtension.swift (in target 'DifferenceKit' from project 'DifferenceKit')
SwiftCompile normal arm64_32 /Users/admin/builder/spi-builder-workspace/.dependencies/checkouts/DifferenceKit/Sources/Extensions/AppKitExtension.swift (in target 'DifferenceKit' from project 'DifferenceKit')
cd /Users/admin/builder/spi-builder-workspace/.swiftpm/xcode
builtin-SwiftPerFileCompile AppKitExtension.swift
SwiftDriverJobDiscovery normal arm64 Compiling AppKitExtension.swift (in target 'DifferenceKit' from project 'DifferenceKit')
SwiftCompile normal arm64_32 Compiling\ Differentiable.swift /Users/admin/builder/spi-builder-workspace/.dependencies/checkouts/DifferenceKit/Sources/Differentiable.swift (in target 'DifferenceKit' from project 'DifferenceKit')
SwiftCompile normal arm64_32 /Users/admin/builder/spi-builder-workspace/.dependencies/checkouts/DifferenceKit/Sources/Differentiable.swift (in target 'DifferenceKit' from project 'DifferenceKit')
cd /Users/admin/builder/spi-builder-workspace/.swiftpm/xcode
builtin-SwiftPerFileCompile Differentiable.swift
Copy /Users/admin/builder/spi-builder-workspace/.derivedData/Build/Products/Debug-watchos/DifferenceKit.swiftmodule/arm64-apple-watchos.swiftmodule /Users/admin/builder/spi-builder-workspace/.derivedData/Build/Intermediates.noindex/DifferenceKit.build/Debug-watchos/DifferenceKit-t.build/Objects-normal/arm64/DifferenceKit.swiftmodule (in target 'DifferenceKit' from project 'DifferenceKit')
cd /Users/admin/builder/spi-builder-workspace/.dependencies/checkouts/DifferenceKit
builtin-copy -exclude .DS_Store -exclude CVS -exclude .svn -exclude .git -exclude .hg -resolve-src-symlinks -rename /Users/admin/builder/spi-builder-workspace/.derivedData/Build/Intermediates.noindex/DifferenceKit.build/Debug-watchos/DifferenceKit-t.build/Objects-normal/arm64/DifferenceKit.swiftmodule /Users/admin/builder/spi-builder-workspace/.derivedData/Build/Products/Debug-watchos/DifferenceKit.swiftmodule/arm64-apple-watchos.swiftmodule
SwiftDriverJobDiscovery normal arm64 Compiling ContentIdentifiable.swift (in target 'DifferenceKit' from project 'DifferenceKit')
Copy /Users/admin/builder/spi-builder-workspace/.derivedData/Build/Products/Debug-watchos/DifferenceKit.swiftmodule/arm64-apple-watchos.swiftdoc /Users/admin/builder/spi-builder-workspace/.derivedData/Build/Intermediates.noindex/DifferenceKit.build/Debug-watchos/DifferenceKit-t.build/Objects-normal/arm64/DifferenceKit.swiftdoc (in target 'DifferenceKit' from project 'DifferenceKit')
cd /Users/admin/builder/spi-builder-workspace/.dependencies/checkouts/DifferenceKit
builtin-copy -exclude .DS_Store -exclude CVS -exclude .svn -exclude .git -exclude .hg -resolve-src-symlinks -rename /Users/admin/builder/spi-builder-workspace/.derivedData/Build/Intermediates.noindex/DifferenceKit.build/Debug-watchos/DifferenceKit-t.build/Objects-normal/arm64/DifferenceKit.swiftdoc /Users/admin/builder/spi-builder-workspace/.derivedData/Build/Products/Debug-watchos/DifferenceKit.swiftmodule/arm64-apple-watchos.swiftdoc
Copy /Users/admin/builder/spi-builder-workspace/.derivedData/Build/Products/Debug-watchos/DifferenceKit.swiftmodule/arm64-apple-watchos.abi.json /Users/admin/builder/spi-builder-workspace/.derivedData/Build/Intermediates.noindex/DifferenceKit.build/Debug-watchos/DifferenceKit-t.build/Objects-normal/arm64/DifferenceKit.abi.json (in target 'DifferenceKit' from project 'DifferenceKit')
cd /Users/admin/builder/spi-builder-workspace/.dependencies/checkouts/DifferenceKit
builtin-copy -exclude .DS_Store -exclude CVS -exclude .svn -exclude .git -exclude .hg -resolve-src-symlinks -rename /Users/admin/builder/spi-builder-workspace/.derivedData/Build/Intermediates.noindex/DifferenceKit.build/Debug-watchos/DifferenceKit-t.build/Objects-normal/arm64/DifferenceKit.abi.json /Users/admin/builder/spi-builder-workspace/.derivedData/Build/Products/Debug-watchos/DifferenceKit.swiftmodule/arm64-apple-watchos.abi.json
SwiftDriverJobDiscovery normal arm64 Compiling DifferentiableSection.swift (in target 'DifferenceKit' from project 'DifferenceKit')
SwiftDriverJobDiscovery normal arm64 Compiling Differentiable.swift (in target 'DifferenceKit' from project 'DifferenceKit')
Copy /Users/admin/builder/spi-builder-workspace/.derivedData/Build/Products/Debug-watchos/DifferenceKit.swiftmodule/Project/arm64-apple-watchos.swiftsourceinfo /Users/admin/builder/spi-builder-workspace/.derivedData/Build/Intermediates.noindex/DifferenceKit.build/Debug-watchos/DifferenceKit-t.build/Objects-normal/arm64/DifferenceKit.swiftsourceinfo (in target 'DifferenceKit' from project 'DifferenceKit')
cd /Users/admin/builder/spi-builder-workspace/.dependencies/checkouts/DifferenceKit
builtin-copy -exclude .DS_Store -exclude CVS -exclude .svn -exclude .git -exclude .hg -resolve-src-symlinks -rename /Users/admin/builder/spi-builder-workspace/.derivedData/Build/Intermediates.noindex/DifferenceKit.build/Debug-watchos/DifferenceKit-t.build/Objects-normal/arm64/DifferenceKit.swiftsourceinfo /Users/admin/builder/spi-builder-workspace/.derivedData/Build/Products/Debug-watchos/DifferenceKit.swiftmodule/Project/arm64-apple-watchos.swiftsourceinfo
SwiftCompile normal arm64_32 Compiling\ DifferentiableSection.swift /Users/admin/builder/spi-builder-workspace/.dependencies/checkouts/DifferenceKit/Sources/DifferentiableSection.swift (in target 'DifferenceKit' from project 'DifferenceKit')
SwiftCompile normal arm64_32 /Users/admin/builder/spi-builder-workspace/.dependencies/checkouts/DifferenceKit/Sources/DifferentiableSection.swift (in target 'DifferenceKit' from project 'DifferenceKit')
cd /Users/admin/builder/spi-builder-workspace/.swiftpm/xcode
builtin-SwiftPerFileCompile DifferentiableSection.swift
SwiftCompile normal arm64_32 Compiling\ StagedChangeset.swift /Users/admin/builder/spi-builder-workspace/.dependencies/checkouts/DifferenceKit/Sources/StagedChangeset.swift (in target 'DifferenceKit' from project 'DifferenceKit')
SwiftCompile normal arm64_32 /Users/admin/builder/spi-builder-workspace/.dependencies/checkouts/DifferenceKit/Sources/StagedChangeset.swift (in target 'DifferenceKit' from project 'DifferenceKit')
cd /Users/admin/builder/spi-builder-workspace/.swiftpm/xcode
builtin-SwiftPerFileCompile StagedChangeset.swift
SwiftCompile normal arm64_32 Compiling\ ContentEquatable.swift /Users/admin/builder/spi-builder-workspace/.dependencies/checkouts/DifferenceKit/Sources/ContentEquatable.swift (in target 'DifferenceKit' from project 'DifferenceKit')
SwiftCompile normal arm64_32 /Users/admin/builder/spi-builder-workspace/.dependencies/checkouts/DifferenceKit/Sources/ContentEquatable.swift (in target 'DifferenceKit' from project 'DifferenceKit')
cd /Users/admin/builder/spi-builder-workspace/.swiftpm/xcode
builtin-SwiftPerFileCompile ContentEquatable.swift
SwiftCompile normal arm64_32 Compiling\ Algorithm.swift,\ AnyDifferentiable.swift /Users/admin/builder/spi-builder-workspace/.dependencies/checkouts/DifferenceKit/Sources/Algorithm.swift /Users/admin/builder/spi-builder-workspace/.dependencies/checkouts/DifferenceKit/Sources/AnyDifferentiable.swift (in target 'DifferenceKit' from project 'DifferenceKit')
SwiftCompile normal arm64_32 /Users/admin/builder/spi-builder-workspace/.dependencies/checkouts/DifferenceKit/Sources/Algorithm.swift (in target 'DifferenceKit' from project 'DifferenceKit')
cd /Users/admin/builder/spi-builder-workspace/.swiftpm/xcode
builtin-SwiftPerFileCompile Algorithm.swift
SwiftCompile normal arm64_32 /Users/admin/builder/spi-builder-workspace/.dependencies/checkouts/DifferenceKit/Sources/AnyDifferentiable.swift (in target 'DifferenceKit' from project 'DifferenceKit')
cd /Users/admin/builder/spi-builder-workspace/.swiftpm/xcode
builtin-SwiftPerFileCompile AnyDifferentiable.swift
SwiftDriverJobDiscovery normal arm64 Compiling ElementPath.swift (in target 'DifferenceKit' from project 'DifferenceKit')
SwiftCompile normal arm64_32 Compiling\ ArraySection.swift,\ Changeset.swift /Users/admin/builder/spi-builder-workspace/.dependencies/checkouts/DifferenceKit/Sources/ArraySection.swift /Users/admin/builder/spi-builder-workspace/.dependencies/checkouts/DifferenceKit/Sources/Changeset.swift (in target 'DifferenceKit' from project 'DifferenceKit')
SwiftCompile normal arm64_32 /Users/admin/builder/spi-builder-workspace/.dependencies/checkouts/DifferenceKit/Sources/ArraySection.swift (in target 'DifferenceKit' from project 'DifferenceKit')
cd /Users/admin/builder/spi-builder-workspace/.swiftpm/xcode
builtin-SwiftPerFileCompile ArraySection.swift
SwiftCompile normal arm64_32 /Users/admin/builder/spi-builder-workspace/.dependencies/checkouts/DifferenceKit/Sources/Changeset.swift (in target 'DifferenceKit' from project 'DifferenceKit')
cd /Users/admin/builder/spi-builder-workspace/.swiftpm/xcode
builtin-SwiftPerFileCompile Changeset.swift
SwiftDriverJobDiscovery normal arm64 Compiling StagedChangeset.swift (in target 'DifferenceKit' from project 'DifferenceKit')
SwiftCompile normal arm64_32 Compiling\ UIKitExtension.swift /Users/admin/builder/spi-builder-workspace/.dependencies/checkouts/DifferenceKit/Sources/Extensions/UIKitExtension.swift (in target 'DifferenceKit' from project 'DifferenceKit')
SwiftCompile normal arm64_32 /Users/admin/builder/spi-builder-workspace/.dependencies/checkouts/DifferenceKit/Sources/Extensions/UIKitExtension.swift (in target 'DifferenceKit' from project 'DifferenceKit')
cd /Users/admin/builder/spi-builder-workspace/.swiftpm/xcode
builtin-SwiftPerFileCompile UIKitExtension.swift
SwiftDriverJobDiscovery normal arm64 Compiling ArraySection.swift, Changeset.swift (in target 'DifferenceKit' from project 'DifferenceKit')
SwiftCompile normal arm64 Compiling\ ContentEquatable.swift /Users/admin/builder/spi-builder-workspace/.dependencies/checkouts/DifferenceKit/Sources/ContentEquatable.swift (in target 'DifferenceKit' from project 'DifferenceKit')
SwiftCompile normal arm64 /Users/admin/builder/spi-builder-workspace/.dependencies/checkouts/DifferenceKit/Sources/ContentEquatable.swift (in target 'DifferenceKit' from project 'DifferenceKit')
cd /Users/admin/builder/spi-builder-workspace/.swiftpm/xcode
builtin-SwiftPerFileCompile ContentEquatable.swift
SwiftDriverJobDiscovery normal arm64_32 Emitting module for DifferenceKit (in target 'DifferenceKit' from project 'DifferenceKit')
SwiftDriver\ Compilation\ Requirements DifferenceKit normal arm64_32 com.apple.xcode.tools.swift.compiler (in target 'DifferenceKit' from project 'DifferenceKit')
cd /Users/admin/builder/spi-builder-workspace/.swiftpm/xcode
builtin-Swift-Compilation-Requirements -- /Applications/Xcode-27.0.0-Release.Candidate.app/Contents/Developer/Toolchains/XcodeDefault.xctoolchain/usr/bin/swiftc -parse-as-library -module-name DifferenceKit -Onone @/Users/admin/builder/spi-builder-workspace/.derivedData/Build/Intermediates.noindex/DifferenceKit.build/Debug-watchos/DifferenceKit-t.build/Objects-normal/arm64_32/DifferenceKit.SwiftFileList -DSWIFT_PACKAGE -DDEBUG -DSWIFT_MODULE_RESOURCE_BUNDLE_UNAVAILABLE -DXcode -plugin-path /Applications/Xcode-27.0.0-Release.Candidate.app/Contents/Developer/Toolchains/XcodeDefault.xctoolchain/usr/lib/swift/host/plugins/testing -enable-experimental-feature DebugDescriptionMacro -sdk /Applications/Xcode-27.0.0-Release.Candidate.app/Contents/Developer/Platforms/WatchOS.platform/Developer/SDKs/WatchOS27.0.sdk -target arm64_32-apple-watchos9.0 -g -module-cache-path /Users/admin/builder/spi-builder-workspace/.derivedData/ModuleCache.noindex -Xfrontend -serialize-debugging-options -profile-coverage-mapping -profile-generate -enable-testing -suppress-warnings -index-store-path /Users/admin/builder/spi-builder-workspace/.derivedData/Index.noindex/DataStore -Xcc -D_LIBCPP_HARDENING_MODE\=_LIBCPP_HARDENING_MODE_DEBUG -swift-version 5 -I /Users/admin/builder/spi-builder-workspace/.derivedData/Build/Products/Debug-watchos -Isystem /Applications/Xcode-27.0.0-Release.Candidate.app/Contents/Developer/Platforms/WatchOS.platform/Developer/usr/lib -F /Users/admin/builder/spi-builder-workspace/.derivedData/Build/Products/Debug-watchos -F /Applications/Xcode-27.0.0-Release.Candidate.app/Contents/Developer/Platforms/WatchOS.platform/Developer/Library/Frameworks -F /Applications/Xcode-27.0.0-Release.Candidate.app/Contents/Developer/Platforms/WatchOS.platform/Developer/SDKs/WatchOS27.0.sdk/Developer/Library/Frameworks -c -j10 -enable-batch-mode -incremental -Xcc -ivfsstatcache -Xcc /Users/admin/builder/spi-builder-workspace/.derivedData/SDKStatCaches.noindex/watchos27.0-24R360-e829b21a6f8c9b70876ba0858053c04477534ef55a1706bf4c1112bbb242f0a2.sdkstatcache -output-file-map /Users/admin/builder/spi-builder-workspace/.derivedData/Build/Intermediates.noindex/DifferenceKit.build/Debug-watchos/DifferenceKit-t.build/Objects-normal/arm64_32/DifferenceKit-OutputFileMap.json -save-temps -no-color-diagnostics -explicit-module-build -module-cache-path /Users/admin/builder/spi-builder-workspace/.derivedData/Build/Intermediates.noindex/SwiftExplicitPrecompiledModules -clang-scanner-module-cache-path /Users/admin/builder/spi-builder-workspace/.derivedData/ModuleCache.noindex -sdk-module-cache-path /Users/admin/builder/spi-builder-workspace/.derivedData/SDKExplicitPrecompiledModules -emit-dependencies -emit-module -emit-module-path /Users/admin/builder/spi-builder-workspace/.derivedData/Build/Intermediates.noindex/DifferenceKit.build/Debug-watchos/DifferenceKit-t.build/Objects-normal/arm64_32/DifferenceKit.swiftmodule -serialize-diagnostics -dependency-scan-serialize-diagnostics-path /Users/admin/builder/spi-builder-workspace/.derivedData/Build/Intermediates.noindex/DifferenceKit.build/Debug-watchos/DifferenceKit-t.build/Objects-normal/arm64_32/DifferenceKit-dependency-scan.dia -validate-clang-modules-once -clang-build-session-file /Users/admin/builder/spi-builder-workspace/.derivedData/ModuleCache.noindex/Session.modulevalidation -Xcc -fmodules-prune-interval\=86400 -Xcc -fmodules-prune-after\=345600 -emit-const-values -const-gather-protocols-list /Users/admin/builder/spi-builder-workspace/.derivedData/Build/Intermediates.noindex/DifferenceKit.build/Debug-watchos/DifferenceKit-t.build/Objects-normal/arm64_32/DifferenceKit_const_extract_protocols.json -Xcc -I/Users/admin/builder/spi-builder-workspace/.derivedData/Build/Products/Debug-watchos/include -Xcc -I/Users/admin/builder/spi-builder-workspace/.derivedData/Build/Intermediates.noindex/DifferenceKit.build/Debug-watchos/DifferenceKit-t.build/DerivedSources-normal/arm64_32 -Xcc -I/Users/admin/builder/spi-builder-workspace/.derivedData/Build/Intermediates.noindex/DifferenceKit.build/Debug-watchos/DifferenceKit-t.build/DerivedSources/arm64_32 -Xcc -I/Users/admin/builder/spi-builder-workspace/.derivedData/Build/Intermediates.noindex/DifferenceKit.build/Debug-watchos/DifferenceKit-t.build/DerivedSources -Xcc -DSWIFT_PACKAGE -Xcc -DDEBUG\=1 -emit-objc-header -emit-objc-header-path /Users/admin/builder/spi-builder-workspace/.derivedData/Build/Intermediates.noindex/DifferenceKit.build/Debug-watchos/DifferenceKit-t.build/Objects-normal/arm64_32/DifferenceKit-Swift.h -working-directory /Users/admin/builder/spi-builder-workspace/.swiftpm/xcode -experimental-emit-module-separately -disable-cmo
SwiftDriverJobDiscovery normal arm64 Compiling ContentEquatable.swift (in target 'DifferenceKit' from project 'DifferenceKit')
SwiftCompile normal arm64_32 Compiling\ ElementPath.swift /Users/admin/builder/spi-builder-workspace/.dependencies/checkouts/DifferenceKit/Sources/ElementPath.swift (in target 'DifferenceKit' from project 'DifferenceKit')
SwiftCompile normal arm64_32 /Users/admin/builder/spi-builder-workspace/.dependencies/checkouts/DifferenceKit/Sources/ElementPath.swift (in target 'DifferenceKit' from project 'DifferenceKit')
cd /Users/admin/builder/spi-builder-workspace/.swiftpm/xcode
builtin-SwiftPerFileCompile ElementPath.swift
SwiftMergeGeneratedHeaders /Users/admin/builder/spi-builder-workspace/.derivedData/Build/Intermediates.noindex/GeneratedModuleMaps-watchos/DifferenceKit-Swift.h /Users/admin/builder/spi-builder-workspace/.derivedData/Build/Intermediates.noindex/DifferenceKit.build/Debug-watchos/DifferenceKit-t.build/Objects-normal/arm64/DifferenceKit-Swift.h /Users/admin/builder/spi-builder-workspace/.derivedData/Build/Intermediates.noindex/DifferenceKit.build/Debug-watchos/DifferenceKit-t.build/Objects-normal/arm64_32/DifferenceKit-Swift.h (in target 'DifferenceKit' from project 'DifferenceKit')
cd /Users/admin/builder/spi-builder-workspace/.dependencies/checkouts/DifferenceKit
builtin-swiftHeaderTool -arch arm64 /Users/admin/builder/spi-builder-workspace/.derivedData/Build/Intermediates.noindex/DifferenceKit.build/Debug-watchos/DifferenceKit-t.build/Objects-normal/arm64/DifferenceKit-Swift.h -arch arm64_32 /Users/admin/builder/spi-builder-workspace/.derivedData/Build/Intermediates.noindex/DifferenceKit.build/Debug-watchos/DifferenceKit-t.build/Objects-normal/arm64_32/DifferenceKit-Swift.h -o /Users/admin/builder/spi-builder-workspace/.derivedData/Build/Intermediates.noindex/GeneratedModuleMaps-watchos/DifferenceKit-Swift.h
SwiftDriverJobDiscovery normal arm64 Compiling Algorithm.swift, AnyDifferentiable.swift (in target 'DifferenceKit' from project 'DifferenceKit')
Copy /Users/admin/builder/spi-builder-workspace/.derivedData/Build/Products/Debug-watchos/DifferenceKit.swiftmodule/arm64_32-apple-watchos.swiftmodule /Users/admin/builder/spi-builder-workspace/.derivedData/Build/Intermediates.noindex/DifferenceKit.build/Debug-watchos/DifferenceKit-t.build/Objects-normal/arm64_32/DifferenceKit.swiftmodule (in target 'DifferenceKit' from project 'DifferenceKit')
cd /Users/admin/builder/spi-builder-workspace/.dependencies/checkouts/DifferenceKit
builtin-copy -exclude .DS_Store -exclude CVS -exclude .svn -exclude .git -exclude .hg -resolve-src-symlinks -rename /Users/admin/builder/spi-builder-workspace/.derivedData/Build/Intermediates.noindex/DifferenceKit.build/Debug-watchos/DifferenceKit-t.build/Objects-normal/arm64_32/DifferenceKit.swiftmodule /Users/admin/builder/spi-builder-workspace/.derivedData/Build/Products/Debug-watchos/DifferenceKit.swiftmodule/arm64_32-apple-watchos.swiftmodule
Copy /Users/admin/builder/spi-builder-workspace/.derivedData/Build/Products/Debug-watchos/DifferenceKit.swiftmodule/arm64_32-apple-watchos.swiftdoc /Users/admin/builder/spi-builder-workspace/.derivedData/Build/Intermediates.noindex/DifferenceKit.build/Debug-watchos/DifferenceKit-t.build/Objects-normal/arm64_32/DifferenceKit.swiftdoc (in target 'DifferenceKit' from project 'DifferenceKit')
cd /Users/admin/builder/spi-builder-workspace/.dependencies/checkouts/DifferenceKit
builtin-copy -exclude .DS_Store -exclude CVS -exclude .svn -exclude .git -exclude .hg -resolve-src-symlinks -rename /Users/admin/builder/spi-builder-workspace/.derivedData/Build/Intermediates.noindex/DifferenceKit.build/Debug-watchos/DifferenceKit-t.build/Objects-normal/arm64_32/DifferenceKit.swiftdoc /Users/admin/builder/spi-builder-workspace/.derivedData/Build/Products/Debug-watchos/DifferenceKit.swiftmodule/arm64_32-apple-watchos.swiftdoc
Copy /Users/admin/builder/spi-builder-workspace/.derivedData/Build/Products/Debug-watchos/DifferenceKit.swiftmodule/arm64_32-apple-watchos.abi.json /Users/admin/builder/spi-builder-workspace/.derivedData/Build/Intermediates.noindex/DifferenceKit.build/Debug-watchos/DifferenceKit-t.build/Objects-normal/arm64_32/DifferenceKit.abi.json (in target 'DifferenceKit' from project 'DifferenceKit')
cd /Users/admin/builder/spi-builder-workspace/.dependencies/checkouts/DifferenceKit
builtin-copy -exclude .DS_Store -exclude CVS -exclude .svn -exclude .git -exclude .hg -resolve-src-symlinks -rename /Users/admin/builder/spi-builder-workspace/.derivedData/Build/Intermediates.noindex/DifferenceKit.build/Debug-watchos/DifferenceKit-t.build/Objects-normal/arm64_32/DifferenceKit.abi.json /Users/admin/builder/spi-builder-workspace/.derivedData/Build/Products/Debug-watchos/DifferenceKit.swiftmodule/arm64_32-apple-watchos.abi.json
Copy /Users/admin/builder/spi-builder-workspace/.derivedData/Build/Products/Debug-watchos/DifferenceKit.swiftmodule/Project/arm64_32-apple-watchos.swiftsourceinfo /Users/admin/builder/spi-builder-workspace/.derivedData/Build/Intermediates.noindex/DifferenceKit.build/Debug-watchos/DifferenceKit-t.build/Objects-normal/arm64_32/DifferenceKit.swiftsourceinfo (in target 'DifferenceKit' from project 'DifferenceKit')
cd /Users/admin/builder/spi-builder-workspace/.dependencies/checkouts/DifferenceKit
builtin-copy -exclude .DS_Store -exclude CVS -exclude .svn -exclude .git -exclude .hg -resolve-src-symlinks -rename /Users/admin/builder/spi-builder-workspace/.derivedData/Build/Intermediates.noindex/DifferenceKit.build/Debug-watchos/DifferenceKit-t.build/Objects-normal/arm64_32/DifferenceKit.swiftsourceinfo /Users/admin/builder/spi-builder-workspace/.derivedData/Build/Products/Debug-watchos/DifferenceKit.swiftmodule/Project/arm64_32-apple-watchos.swiftsourceinfo
SwiftDriver\ Compilation DifferenceKit normal arm64 com.apple.xcode.tools.swift.compiler (in target 'DifferenceKit' from project 'DifferenceKit')
cd /Users/admin/builder/spi-builder-workspace/.swiftpm/xcode
builtin-Swift-Compilation -- /Applications/Xcode-27.0.0-Release.Candidate.app/Contents/Developer/Toolchains/XcodeDefault.xctoolchain/usr/bin/swiftc -parse-as-library -module-name DifferenceKit -Onone @/Users/admin/builder/spi-builder-workspace/.derivedData/Build/Intermediates.noindex/DifferenceKit.build/Debug-watchos/DifferenceKit-t.build/Objects-normal/arm64/DifferenceKit.SwiftFileList -DSWIFT_PACKAGE -DDEBUG -DSWIFT_MODULE_RESOURCE_BUNDLE_UNAVAILABLE -DXcode -plugin-path /Applications/Xcode-27.0.0-Release.Candidate.app/Contents/Developer/Toolchains/XcodeDefault.xctoolchain/usr/lib/swift/host/plugins/testing -enable-experimental-feature DebugDescriptionMacro -sdk /Applications/Xcode-27.0.0-Release.Candidate.app/Contents/Developer/Platforms/WatchOS.platform/Developer/SDKs/WatchOS27.0.sdk -target arm64-apple-watchos9.0 -g -module-cache-path /Users/admin/builder/spi-builder-workspace/.derivedData/ModuleCache.noindex -Xfrontend -serialize-debugging-options -profile-coverage-mapping -profile-generate -enable-testing -suppress-warnings -index-store-path /Users/admin/builder/spi-builder-workspace/.derivedData/Index.noindex/DataStore -Xcc -D_LIBCPP_HARDENING_MODE\=_LIBCPP_HARDENING_MODE_DEBUG -swift-version 5 -I /Users/admin/builder/spi-builder-workspace/.derivedData/Build/Products/Debug-watchos -Isystem /Applications/Xcode-27.0.0-Release.Candidate.app/Contents/Developer/Platforms/WatchOS.platform/Developer/usr/lib -F /Users/admin/builder/spi-builder-workspace/.derivedData/Build/Products/Debug-watchos -F /Applications/Xcode-27.0.0-Release.Candidate.app/Contents/Developer/Platforms/WatchOS.platform/Developer/Library/Frameworks -F /Applications/Xcode-27.0.0-Release.Candidate.app/Contents/Developer/Platforms/WatchOS.platform/Developer/SDKs/WatchOS27.0.sdk/Developer/Library/Frameworks -c -j10 -enable-batch-mode -incremental -Xcc -ivfsstatcache -Xcc /Users/admin/builder/spi-builder-workspace/.derivedData/SDKStatCaches.noindex/watchos27.0-24R360-e829b21a6f8c9b70876ba0858053c04477534ef55a1706bf4c1112bbb242f0a2.sdkstatcache -output-file-map /Users/admin/builder/spi-builder-workspace/.derivedData/Build/Intermediates.noindex/DifferenceKit.build/Debug-watchos/DifferenceKit-t.build/Objects-normal/arm64/DifferenceKit-OutputFileMap.json -save-temps -no-color-diagnostics -explicit-module-build -module-cache-path /Users/admin/builder/spi-builder-workspace/.derivedData/Build/Intermediates.noindex/SwiftExplicitPrecompiledModules -clang-scanner-module-cache-path /Users/admin/builder/spi-builder-workspace/.derivedData/ModuleCache.noindex -sdk-module-cache-path /Users/admin/builder/spi-builder-workspace/.derivedData/SDKExplicitPrecompiledModules -emit-dependencies -emit-module -emit-module-path /Users/admin/builder/spi-builder-workspace/.derivedData/Build/Intermediates.noindex/DifferenceKit.build/Debug-watchos/DifferenceKit-t.build/Objects-normal/arm64/DifferenceKit.swiftmodule -serialize-diagnostics -dependency-scan-serialize-diagnostics-path /Users/admin/builder/spi-builder-workspace/.derivedData/Build/Intermediates.noindex/DifferenceKit.build/Debug-watchos/DifferenceKit-t.build/Objects-normal/arm64/DifferenceKit-dependency-scan.dia -validate-clang-modules-once -clang-build-session-file /Users/admin/builder/spi-builder-workspace/.derivedData/ModuleCache.noindex/Session.modulevalidation -Xcc -fmodules-prune-interval\=86400 -Xcc -fmodules-prune-after\=345600 -emit-const-values -const-gather-protocols-list /Users/admin/builder/spi-builder-workspace/.derivedData/Build/Intermediates.noindex/DifferenceKit.build/Debug-watchos/DifferenceKit-t.build/Objects-normal/arm64/DifferenceKit_const_extract_protocols.json -Xcc -I/Users/admin/builder/spi-builder-workspace/.derivedData/Build/Products/Debug-watchos/include -Xcc -I/Users/admin/builder/spi-builder-workspace/.derivedData/Build/Intermediates.noindex/DifferenceKit.build/Debug-watchos/DifferenceKit-t.build/DerivedSources-normal/arm64 -Xcc -I/Users/admin/builder/spi-builder-workspace/.derivedData/Build/Intermediates.noindex/DifferenceKit.build/Debug-watchos/DifferenceKit-t.build/DerivedSources/arm64 -Xcc -I/Users/admin/builder/spi-builder-workspace/.derivedData/Build/Intermediates.noindex/DifferenceKit.build/Debug-watchos/DifferenceKit-t.build/DerivedSources -Xcc -DSWIFT_PACKAGE -Xcc -DDEBUG\=1 -emit-objc-header -emit-objc-header-path /Users/admin/builder/spi-builder-workspace/.derivedData/Build/Intermediates.noindex/DifferenceKit.build/Debug-watchos/DifferenceKit-t.build/Objects-normal/arm64/DifferenceKit-Swift.h -working-directory /Users/admin/builder/spi-builder-workspace/.swiftpm/xcode -experimental-emit-module-separately -disable-cmo
SwiftCompile normal arm64_32 Compiling\ ContentIdentifiable.swift /Users/admin/builder/spi-builder-workspace/.dependencies/checkouts/DifferenceKit/Sources/ContentIdentifiable.swift (in target 'DifferenceKit' from project 'DifferenceKit')
SwiftCompile normal arm64_32 /Users/admin/builder/spi-builder-workspace/.dependencies/checkouts/DifferenceKit/Sources/ContentIdentifiable.swift (in target 'DifferenceKit' from project 'DifferenceKit')
cd /Users/admin/builder/spi-builder-workspace/.swiftpm/xcode
builtin-SwiftPerFileCompile ContentIdentifiable.swift
SwiftDriverJobDiscovery normal arm64_32 Compiling Differentiable.swift (in target 'DifferenceKit' from project 'DifferenceKit')
Ld /Users/admin/builder/spi-builder-workspace/.derivedData/Build/Intermediates.noindex/DifferenceKit.build/Debug-watchos/DifferenceKit-t.build/Objects-normal/arm64/Binary/DifferenceKit.o normal arm64 (in target 'DifferenceKit' from project 'DifferenceKit')
cd /Users/admin/builder/spi-builder-workspace/.dependencies/checkouts/DifferenceKit
/Applications/Xcode-27.0.0-Release.Candidate.app/Contents/Developer/Toolchains/XcodeDefault.xctoolchain/usr/bin/clang -Xlinker -reproducible -target arm64-apple-watchos9.0 -r -isysroot /Applications/Xcode-27.0.0-Release.Candidate.app/Contents/Developer/Platforms/WatchOS.platform/Developer/SDKs/WatchOS27.0.sdk -O0 -w -Xlinker -no_warn_duplicate_libraries -F/Users/admin/builder/spi-builder-workspace/.derivedData/Build/Intermediates.noindex/EagerLinkingTBDs/Debug-watchos -F/Users/admin/builder/spi-builder-workspace/.derivedData/Build/Products/Debug-watchos -iframework /Applications/Xcode-27.0.0-Release.Candidate.app/Contents/Developer/Platforms/WatchOS.platform/Developer/Library/Frameworks -iframework /Applications/Xcode-27.0.0-Release.Candidate.app/Contents/Developer/Platforms/WatchOS.platform/Developer/SDKs/WatchOS27.0.sdk/Developer/Library/Frameworks -filelist /Users/admin/builder/spi-builder-workspace/.derivedData/Build/Intermediates.noindex/DifferenceKit.build/Debug-watchos/DifferenceKit-t.build/Objects-normal/arm64/DifferenceKit.LinkFileList -nostdlib -Xlinker -object_path_lto -Xlinker /Users/admin/builder/spi-builder-workspace/.derivedData/Build/Intermediates.noindex/DifferenceKit.build/Debug-watchos/DifferenceKit-t.build/Objects-normal/arm64/DifferenceKit_lto.o -Xlinker -no_deduplicate -Xlinker -debug_variant -Xlinker -dependency_info -Xlinker /Users/admin/builder/spi-builder-workspace/.derivedData/Build/Intermediates.noindex/DifferenceKit.build/Debug-watchos/DifferenceKit-t.build/Objects-normal/arm64/DifferenceKit_dependency_info.dat -fobjc-link-runtime -L/Applications/Xcode-27.0.0-Release.Candidate.app/Contents/Developer/Toolchains/XcodeDefault.xctoolchain/usr/lib/swift/watchos -L/usr/lib/swift -Xlinker -add_ast_path -Xlinker /Users/admin/builder/spi-builder-workspace/.derivedData/Build/Intermediates.noindex/DifferenceKit.build/Debug-watchos/DifferenceKit-t.build/Objects-normal/arm64/DifferenceKit.swiftmodule -o /Users/admin/builder/spi-builder-workspace/.derivedData/Build/Intermediates.noindex/DifferenceKit.build/Debug-watchos/DifferenceKit-t.build/Objects-normal/arm64/Binary/DifferenceKit.o
SwiftDriverJobDiscovery normal arm64_32 Compiling AppKitExtension.swift (in target 'DifferenceKit' from project 'DifferenceKit')
SwiftDriver DiffableDataSources normal arm64_32 com.apple.xcode.tools.swift.compiler (in target 'DiffableDataSources' from project 'DiffableDataSources')
cd /Users/admin/builder/spi-builder-workspace/.swiftpm/xcode
builtin-SwiftDriver -- /Applications/Xcode-27.0.0-Release.Candidate.app/Contents/Developer/Toolchains/XcodeDefault.xctoolchain/usr/bin/swiftc -parse-as-library -module-name DiffableDataSources -Onone @/Users/admin/builder/spi-builder-workspace/.derivedData/Build/Intermediates.noindex/DiffableDataSources.build/Debug-watchos/DiffableDataSources-t.build/Objects-normal/arm64_32/DiffableDataSources.SwiftFileList -DSWIFT_PACKAGE -DDEBUG -DSWIFT_MODULE_RESOURCE_BUNDLE_UNAVAILABLE -DXcode -plugin-path /Applications/Xcode-27.0.0-Release.Candidate.app/Contents/Developer/Toolchains/XcodeDefault.xctoolchain/usr/lib/swift/host/plugins/testing -enable-experimental-feature DebugDescriptionMacro -sdk /Applications/Xcode-27.0.0-Release.Candidate.app/Contents/Developer/Platforms/WatchOS.platform/Developer/SDKs/WatchOS27.0.sdk -target arm64_32-apple-watchos9.0 -g -module-cache-path /Users/admin/builder/spi-builder-workspace/.derivedData/ModuleCache.noindex -Xfrontend -serialize-debugging-options -profile-coverage-mapping -profile-generate -enable-testing -index-store-path /Users/admin/builder/spi-builder-workspace/.derivedData/Index.noindex/DataStore -Xcc -D_LIBCPP_HARDENING_MODE\=_LIBCPP_HARDENING_MODE_DEBUG -swift-version 5 -I /Users/admin/builder/spi-builder-workspace/.derivedData/Build/Products/Debug-watchos -Isystem /Applications/Xcode-27.0.0-Release.Candidate.app/Contents/Developer/Platforms/WatchOS.platform/Developer/usr/lib -F /Users/admin/builder/spi-builder-workspace/.derivedData/Build/Products/Debug-watchos/PackageFrameworks -F /Users/admin/builder/spi-builder-workspace/.derivedData/Build/Products/Debug-watchos -F /Applications/Xcode-27.0.0-Release.Candidate.app/Contents/Developer/Platforms/WatchOS.platform/Developer/Library/Frameworks -F /Applications/Xcode-27.0.0-Release.Candidate.app/Contents/Developer/Platforms/WatchOS.platform/Developer/SDKs/WatchOS27.0.sdk/Developer/Library/Frameworks -c -j10 -enable-batch-mode -incremental -Xcc -ivfsstatcache -Xcc /Users/admin/builder/spi-builder-workspace/.derivedData/SDKStatCaches.noindex/watchos27.0-24R360-e829b21a6f8c9b70876ba0858053c04477534ef55a1706bf4c1112bbb242f0a2.sdkstatcache -output-file-map /Users/admin/builder/spi-builder-workspace/.derivedData/Build/Intermediates.noindex/DiffableDataSources.build/Debug-watchos/DiffableDataSources-t.build/Objects-normal/arm64_32/DiffableDataSources-OutputFileMap.json -save-temps -no-color-diagnostics -explicit-module-build -module-cache-path /Users/admin/builder/spi-builder-workspace/.derivedData/Build/Intermediates.noindex/SwiftExplicitPrecompiledModules -clang-scanner-module-cache-path /Users/admin/builder/spi-builder-workspace/.derivedData/ModuleCache.noindex -sdk-module-cache-path /Users/admin/builder/spi-builder-workspace/.derivedData/SDKExplicitPrecompiledModules -emit-dependencies -emit-module -emit-module-path /Users/admin/builder/spi-builder-workspace/.derivedData/Build/Intermediates.noindex/DiffableDataSources.build/Debug-watchos/DiffableDataSources-t.build/Objects-normal/arm64_32/DiffableDataSources.swiftmodule -serialize-diagnostics -dependency-scan-serialize-diagnostics-path /Users/admin/builder/spi-builder-workspace/.derivedData/Build/Intermediates.noindex/DiffableDataSources.build/Debug-watchos/DiffableDataSources-t.build/Objects-normal/arm64_32/DiffableDataSources-dependency-scan.dia -validate-clang-modules-once -clang-build-session-file /Users/admin/builder/spi-builder-workspace/.derivedData/ModuleCache.noindex/Session.modulevalidation -Xcc -fmodules-prune-interval\=86400 -Xcc -fmodules-prune-after\=345600 -emit-const-values -const-gather-protocols-list /Users/admin/builder/spi-builder-workspace/.derivedData/Build/Intermediates.noindex/DiffableDataSources.build/Debug-watchos/DiffableDataSources-t.build/Objects-normal/arm64_32/DiffableDataSources_const_extract_protocols.json -Xcc -I/Users/admin/builder/spi-builder-workspace/.derivedData/Build/Products/Debug-watchos/include -Xcc -I/Users/admin/builder/spi-builder-workspace/.derivedData/Build/Intermediates.noindex/DiffableDataSources.build/Debug-watchos/DiffableDataSources-t.build/DerivedSources-normal/arm64_32 -Xcc -I/Users/admin/builder/spi-builder-workspace/.derivedData/Build/Intermediates.noindex/DiffableDataSources.build/Debug-watchos/DiffableDataSources-t.build/DerivedSources/arm64_32 -Xcc -I/Users/admin/builder/spi-builder-workspace/.derivedData/Build/Intermediates.noindex/DiffableDataSources.build/Debug-watchos/DiffableDataSources-t.build/DerivedSources -Xcc -DSWIFT_PACKAGE -Xcc -DDEBUG\=1 -emit-objc-header -emit-objc-header-path /Users/admin/builder/spi-builder-workspace/.derivedData/Build/Intermediates.noindex/DiffableDataSources.build/Debug-watchos/DiffableDataSources-t.build/Objects-normal/arm64_32/DiffableDataSources-Swift.h -working-directory /Users/admin/builder/spi-builder-workspace/.swiftpm/xcode -experimental-emit-module-separately -disable-cmo
SwiftDriver DiffableDataSources normal arm64 com.apple.xcode.tools.swift.compiler (in target 'DiffableDataSources' from project 'DiffableDataSources')
cd /Users/admin/builder/spi-builder-workspace/.swiftpm/xcode
builtin-SwiftDriver -- /Applications/Xcode-27.0.0-Release.Candidate.app/Contents/Developer/Toolchains/XcodeDefault.xctoolchain/usr/bin/swiftc -parse-as-library -module-name DiffableDataSources -Onone @/Users/admin/builder/spi-builder-workspace/.derivedData/Build/Intermediates.noindex/DiffableDataSources.build/Debug-watchos/DiffableDataSources-t.build/Objects-normal/arm64/DiffableDataSources.SwiftFileList -DSWIFT_PACKAGE -DDEBUG -DSWIFT_MODULE_RESOURCE_BUNDLE_UNAVAILABLE -DXcode -plugin-path /Applications/Xcode-27.0.0-Release.Candidate.app/Contents/Developer/Toolchains/XcodeDefault.xctoolchain/usr/lib/swift/host/plugins/testing -enable-experimental-feature DebugDescriptionMacro -sdk /Applications/Xcode-27.0.0-Release.Candidate.app/Contents/Developer/Platforms/WatchOS.platform/Developer/SDKs/WatchOS27.0.sdk -target arm64-apple-watchos9.0 -g -module-cache-path /Users/admin/builder/spi-builder-workspace/.derivedData/ModuleCache.noindex -Xfrontend -serialize-debugging-options -profile-coverage-mapping -profile-generate -enable-testing -index-store-path /Users/admin/builder/spi-builder-workspace/.derivedData/Index.noindex/DataStore -Xcc -D_LIBCPP_HARDENING_MODE\=_LIBCPP_HARDENING_MODE_DEBUG -swift-version 5 -I /Users/admin/builder/spi-builder-workspace/.derivedData/Build/Products/Debug-watchos -Isystem /Applications/Xcode-27.0.0-Release.Candidate.app/Contents/Developer/Platforms/WatchOS.platform/Developer/usr/lib -F /Users/admin/builder/spi-builder-workspace/.derivedData/Build/Products/Debug-watchos/PackageFrameworks -F /Users/admin/builder/spi-builder-workspace/.derivedData/Build/Products/Debug-watchos -F /Applications/Xcode-27.0.0-Release.Candidate.app/Contents/Developer/Platforms/WatchOS.platform/Developer/Library/Frameworks -F /Applications/Xcode-27.0.0-Release.Candidate.app/Contents/Developer/Platforms/WatchOS.platform/Developer/SDKs/WatchOS27.0.sdk/Developer/Library/Frameworks -c -j10 -enable-batch-mode -incremental -Xcc -ivfsstatcache -Xcc /Users/admin/builder/spi-builder-workspace/.derivedData/SDKStatCaches.noindex/watchos27.0-24R360-e829b21a6f8c9b70876ba0858053c04477534ef55a1706bf4c1112bbb242f0a2.sdkstatcache -output-file-map /Users/admin/builder/spi-builder-workspace/.derivedData/Build/Intermediates.noindex/DiffableDataSources.build/Debug-watchos/DiffableDataSources-t.build/Objects-normal/arm64/DiffableDataSources-OutputFileMap.json -save-temps -no-color-diagnostics -explicit-module-build -module-cache-path /Users/admin/builder/spi-builder-workspace/.derivedData/Build/Intermediates.noindex/SwiftExplicitPrecompiledModules -clang-scanner-module-cache-path /Users/admin/builder/spi-builder-workspace/.derivedData/ModuleCache.noindex -sdk-module-cache-path /Users/admin/builder/spi-builder-workspace/.derivedData/SDKExplicitPrecompiledModules -emit-dependencies -emit-module -emit-module-path /Users/admin/builder/spi-builder-workspace/.derivedData/Build/Intermediates.noindex/DiffableDataSources.build/Debug-watchos/DiffableDataSources-t.build/Objects-normal/arm64/DiffableDataSources.swiftmodule -serialize-diagnostics -dependency-scan-serialize-diagnostics-path /Users/admin/builder/spi-builder-workspace/.derivedData/Build/Intermediates.noindex/DiffableDataSources.build/Debug-watchos/DiffableDataSources-t.build/Objects-normal/arm64/DiffableDataSources-dependency-scan.dia -validate-clang-modules-once -clang-build-session-file /Users/admin/builder/spi-builder-workspace/.derivedData/ModuleCache.noindex/Session.modulevalidation -Xcc -fmodules-prune-interval\=86400 -Xcc -fmodules-prune-after\=345600 -emit-const-values -const-gather-protocols-list /Users/admin/builder/spi-builder-workspace/.derivedData/Build/Intermediates.noindex/DiffableDataSources.build/Debug-watchos/DiffableDataSources-t.build/Objects-normal/arm64/DiffableDataSources_const_extract_protocols.json -Xcc -I/Users/admin/builder/spi-builder-workspace/.derivedData/Build/Products/Debug-watchos/include -Xcc -I/Users/admin/builder/spi-builder-workspace/.derivedData/Build/Intermediates.noindex/DiffableDataSources.build/Debug-watchos/DiffableDataSources-t.build/DerivedSources-normal/arm64 -Xcc -I/Users/admin/builder/spi-builder-workspace/.derivedData/Build/Intermediates.noindex/DiffableDataSources.build/Debug-watchos/DiffableDataSources-t.build/DerivedSources/arm64 -Xcc -I/Users/admin/builder/spi-builder-workspace/.derivedData/Build/Intermediates.noindex/DiffableDataSources.build/Debug-watchos/DiffableDataSources-t.build/DerivedSources -Xcc -DSWIFT_PACKAGE -Xcc -DDEBUG\=1 -emit-objc-header -emit-objc-header-path /Users/admin/builder/spi-builder-workspace/.derivedData/Build/Intermediates.noindex/DiffableDataSources.build/Debug-watchos/DiffableDataSources-t.build/Objects-normal/arm64/DiffableDataSources-Swift.h -working-directory /Users/admin/builder/spi-builder-workspace/.swiftpm/xcode -experimental-emit-module-separately -disable-cmo
SwiftDriverJobDiscovery normal arm64_32 Compiling DifferentiableSection.swift (in target 'DifferenceKit' from project 'DifferenceKit')
SwiftDriverJobDiscovery normal arm64_32 Compiling Algorithm.swift, AnyDifferentiable.swift (in target 'DifferenceKit' from project 'DifferenceKit')
SwiftDriverJobDiscovery normal arm64_32 Compiling ContentEquatable.swift (in target 'DifferenceKit' from project 'DifferenceKit')
SwiftDriverJobDiscovery normal arm64_32 Compiling UIKitExtension.swift (in target 'DifferenceKit' from project 'DifferenceKit')
SwiftDriverJobDiscovery normal arm64_32 Compiling StagedChangeset.swift (in target 'DifferenceKit' from project 'DifferenceKit')
SwiftDriverJobDiscovery normal arm64_32 Compiling ArraySection.swift, Changeset.swift (in target 'DifferenceKit' from project 'DifferenceKit')
SwiftDriverJobDiscovery normal arm64_32 Compiling ContentIdentifiable.swift (in target 'DifferenceKit' from project 'DifferenceKit')
SwiftDriverJobDiscovery normal arm64_32 Compiling ElementPath.swift (in target 'DifferenceKit' from project 'DifferenceKit')
SwiftDriver\ Compilation DifferenceKit normal arm64_32 com.apple.xcode.tools.swift.compiler (in target 'DifferenceKit' from project 'DifferenceKit')
cd /Users/admin/builder/spi-builder-workspace/.swiftpm/xcode
builtin-Swift-Compilation -- /Applications/Xcode-27.0.0-Release.Candidate.app/Contents/Developer/Toolchains/XcodeDefault.xctoolchain/usr/bin/swiftc -parse-as-library -module-name DifferenceKit -Onone @/Users/admin/builder/spi-builder-workspace/.derivedData/Build/Intermediates.noindex/DifferenceKit.build/Debug-watchos/DifferenceKit-t.build/Objects-normal/arm64_32/DifferenceKit.SwiftFileList -DSWIFT_PACKAGE -DDEBUG -DSWIFT_MODULE_RESOURCE_BUNDLE_UNAVAILABLE -DXcode -plugin-path /Applications/Xcode-27.0.0-Release.Candidate.app/Contents/Developer/Toolchains/XcodeDefault.xctoolchain/usr/lib/swift/host/plugins/testing -enable-experimental-feature DebugDescriptionMacro -sdk /Applications/Xcode-27.0.0-Release.Candidate.app/Contents/Developer/Platforms/WatchOS.platform/Developer/SDKs/WatchOS27.0.sdk -target arm64_32-apple-watchos9.0 -g -module-cache-path /Users/admin/builder/spi-builder-workspace/.derivedData/ModuleCache.noindex -Xfrontend -serialize-debugging-options -profile-coverage-mapping -profile-generate -enable-testing -suppress-warnings -index-store-path /Users/admin/builder/spi-builder-workspace/.derivedData/Index.noindex/DataStore -Xcc -D_LIBCPP_HARDENING_MODE\=_LIBCPP_HARDENING_MODE_DEBUG -swift-version 5 -I /Users/admin/builder/spi-builder-workspace/.derivedData/Build/Products/Debug-watchos -Isystem /Applications/Xcode-27.0.0-Release.Candidate.app/Contents/Developer/Platforms/WatchOS.platform/Developer/usr/lib -F /Users/admin/builder/spi-builder-workspace/.derivedData/Build/Products/Debug-watchos -F /Applications/Xcode-27.0.0-Release.Candidate.app/Contents/Developer/Platforms/WatchOS.platform/Developer/Library/Frameworks -F /Applications/Xcode-27.0.0-Release.Candidate.app/Contents/Developer/Platforms/WatchOS.platform/Developer/SDKs/WatchOS27.0.sdk/Developer/Library/Frameworks -c -j10 -enable-batch-mode -incremental -Xcc -ivfsstatcache -Xcc /Users/admin/builder/spi-builder-workspace/.derivedData/SDKStatCaches.noindex/watchos27.0-24R360-e829b21a6f8c9b70876ba0858053c04477534ef55a1706bf4c1112bbb242f0a2.sdkstatcache -output-file-map /Users/admin/builder/spi-builder-workspace/.derivedData/Build/Intermediates.noindex/DifferenceKit.build/Debug-watchos/DifferenceKit-t.build/Objects-normal/arm64_32/DifferenceKit-OutputFileMap.json -save-temps -no-color-diagnostics -explicit-module-build -module-cache-path /Users/admin/builder/spi-builder-workspace/.derivedData/Build/Intermediates.noindex/SwiftExplicitPrecompiledModules -clang-scanner-module-cache-path /Users/admin/builder/spi-builder-workspace/.derivedData/ModuleCache.noindex -sdk-module-cache-path /Users/admin/builder/spi-builder-workspace/.derivedData/SDKExplicitPrecompiledModules -emit-dependencies -emit-module -emit-module-path /Users/admin/builder/spi-builder-workspace/.derivedData/Build/Intermediates.noindex/DifferenceKit.build/Debug-watchos/DifferenceKit-t.build/Objects-normal/arm64_32/DifferenceKit.swiftmodule -serialize-diagnostics -dependency-scan-serialize-diagnostics-path /Users/admin/builder/spi-builder-workspace/.derivedData/Build/Intermediates.noindex/DifferenceKit.build/Debug-watchos/DifferenceKit-t.build/Objects-normal/arm64_32/DifferenceKit-dependency-scan.dia -validate-clang-modules-once -clang-build-session-file /Users/admin/builder/spi-builder-workspace/.derivedData/ModuleCache.noindex/Session.modulevalidation -Xcc -fmodules-prune-interval\=86400 -Xcc -fmodules-prune-after\=345600 -emit-const-values -const-gather-protocols-list /Users/admin/builder/spi-builder-workspace/.derivedData/Build/Intermediates.noindex/DifferenceKit.build/Debug-watchos/DifferenceKit-t.build/Objects-normal/arm64_32/DifferenceKit_const_extract_protocols.json -Xcc -I/Users/admin/builder/spi-builder-workspace/.derivedData/Build/Products/Debug-watchos/include -Xcc -I/Users/admin/builder/spi-builder-workspace/.derivedData/Build/Intermediates.noindex/DifferenceKit.build/Debug-watchos/DifferenceKit-t.build/DerivedSources-normal/arm64_32 -Xcc -I/Users/admin/builder/spi-builder-workspace/.derivedData/Build/Intermediates.noindex/DifferenceKit.build/Debug-watchos/DifferenceKit-t.build/DerivedSources/arm64_32 -Xcc -I/Users/admin/builder/spi-builder-workspace/.derivedData/Build/Intermediates.noindex/DifferenceKit.build/Debug-watchos/DifferenceKit-t.build/DerivedSources -Xcc -DSWIFT_PACKAGE -Xcc -DDEBUG\=1 -emit-objc-header -emit-objc-header-path /Users/admin/builder/spi-builder-workspace/.derivedData/Build/Intermediates.noindex/DifferenceKit.build/Debug-watchos/DifferenceKit-t.build/Objects-normal/arm64_32/DifferenceKit-Swift.h -working-directory /Users/admin/builder/spi-builder-workspace/.swiftpm/xcode -experimental-emit-module-separately -disable-cmo
Ld /Users/admin/builder/spi-builder-workspace/.derivedData/Build/Intermediates.noindex/DifferenceKit.build/Debug-watchos/DifferenceKit-t.build/Objects-normal/arm64_32/Binary/DifferenceKit.o normal arm64_32 (in target 'DifferenceKit' from project 'DifferenceKit')
cd /Users/admin/builder/spi-builder-workspace/.dependencies/checkouts/DifferenceKit
/Applications/Xcode-27.0.0-Release.Candidate.app/Contents/Developer/Toolchains/XcodeDefault.xctoolchain/usr/bin/clang -Xlinker -reproducible -target arm64_32-apple-watchos9.0 -r -isysroot /Applications/Xcode-27.0.0-Release.Candidate.app/Contents/Developer/Platforms/WatchOS.platform/Developer/SDKs/WatchOS27.0.sdk -O0 -w -Xlinker -no_warn_duplicate_libraries -F/Users/admin/builder/spi-builder-workspace/.derivedData/Build/Intermediates.noindex/EagerLinkingTBDs/Debug-watchos -F/Users/admin/builder/spi-builder-workspace/.derivedData/Build/Products/Debug-watchos -iframework /Applications/Xcode-27.0.0-Release.Candidate.app/Contents/Developer/Platforms/WatchOS.platform/Developer/Library/Frameworks -iframework /Applications/Xcode-27.0.0-Release.Candidate.app/Contents/Developer/Platforms/WatchOS.platform/Developer/SDKs/WatchOS27.0.sdk/Developer/Library/Frameworks -filelist /Users/admin/builder/spi-builder-workspace/.derivedData/Build/Intermediates.noindex/DifferenceKit.build/Debug-watchos/DifferenceKit-t.build/Objects-normal/arm64_32/DifferenceKit.LinkFileList -nostdlib -Xlinker -object_path_lto -Xlinker /Users/admin/builder/spi-builder-workspace/.derivedData/Build/Intermediates.noindex/DifferenceKit.build/Debug-watchos/DifferenceKit-t.build/Objects-normal/arm64_32/DifferenceKit_lto.o -Xlinker -no_deduplicate -Xlinker -debug_variant -Xlinker -dependency_info -Xlinker /Users/admin/builder/spi-builder-workspace/.derivedData/Build/Intermediates.noindex/DifferenceKit.build/Debug-watchos/DifferenceKit-t.build/Objects-normal/arm64_32/DifferenceKit_dependency_info.dat -fobjc-link-runtime -L/Applications/Xcode-27.0.0-Release.Candidate.app/Contents/Developer/Toolchains/XcodeDefault.xctoolchain/usr/lib/swift/watchos -L/usr/lib/swift -Xlinker -add_ast_path -Xlinker /Users/admin/builder/spi-builder-workspace/.derivedData/Build/Intermediates.noindex/DifferenceKit.build/Debug-watchos/DifferenceKit-t.build/Objects-normal/arm64_32/DifferenceKit.swiftmodule -o /Users/admin/builder/spi-builder-workspace/.derivedData/Build/Intermediates.noindex/DifferenceKit.build/Debug-watchos/DifferenceKit-t.build/Objects-normal/arm64_32/Binary/DifferenceKit.o
CreateUniversalBinary /Users/admin/builder/spi-builder-workspace/.derivedData/Build/Products/Debug-watchos/DifferenceKit.o normal arm64\ arm64_32 (in target 'DifferenceKit' from project 'DifferenceKit')
cd /Users/admin/builder/spi-builder-workspace/.dependencies/checkouts/DifferenceKit
/Applications/Xcode-27.0.0-Release.Candidate.app/Contents/Developer/Toolchains/XcodeDefault.xctoolchain/usr/bin/lipo -create /Users/admin/builder/spi-builder-workspace/.derivedData/Build/Intermediates.noindex/DifferenceKit.build/Debug-watchos/DifferenceKit-t.build/Objects-normal/arm64/Binary/DifferenceKit.o /Users/admin/builder/spi-builder-workspace/.derivedData/Build/Intermediates.noindex/DifferenceKit.build/Debug-watchos/DifferenceKit-t.build/Objects-normal/arm64_32/Binary/DifferenceKit.o -output /Users/admin/builder/spi-builder-workspace/.derivedData/Build/Products/Debug-watchos/DifferenceKit.o
ExtractAppIntentsMetadata (in target 'DifferenceKit' from project 'DifferenceKit')
cd /Users/admin/builder/spi-builder-workspace/.dependencies/checkouts/DifferenceKit
/Applications/Xcode-27.0.0-Release.Candidate.app/Contents/Developer/Toolchains/XcodeDefault.xctoolchain/usr/bin/appintentsmetadataprocessor --toolchain-dir /var/run/com.apple.security.cryptexd/mnt/com.apple.MobileAsset.MetalToolchain-v27.1.266.1.7Sjcvm/Metal.xctoolchain --module-name DifferenceKit --sdk-root /Applications/Xcode-27.0.0-Release.Candidate.app/Contents/Developer/Platforms/WatchOS.platform/Developer/SDKs/WatchOS27.0.sdk --xcode-version 27A266a --platform-family watchOS --deployment-target 9.0 --bundle-identifier differencekit.DifferenceKit --output /Users/admin/builder/spi-builder-workspace/.derivedData/Build/Products/Debug-watchos/DifferenceKit.appintents --target-triple arm64-apple-watchos9.0 --target-triple arm64_32-apple-watchos9.0 --binary-file /Users/admin/builder/spi-builder-workspace/.derivedData/Build/Products/Debug-watchos/DifferenceKit.o --dependency-file /Users/admin/builder/spi-builder-workspace/.derivedData/Build/Intermediates.noindex/DifferenceKit.build/Debug-watchos/DifferenceKit-t.build/Objects-normal/arm64/DifferenceKit_dependency_info.dat --dependency-file /Users/admin/builder/spi-builder-workspace/.derivedData/Build/Intermediates.noindex/DifferenceKit.build/Debug-watchos/DifferenceKit-t.build/Objects-normal/arm64_32/DifferenceKit_dependency_info.dat --stringsdata-file /Users/admin/builder/spi-builder-workspace/.derivedData/Build/Intermediates.noindex/DifferenceKit.build/Debug-watchos/DifferenceKit-t.build/Objects-normal/arm64/ExtractedAppShortcutsMetadata.stringsdata --stringsdata-file /Users/admin/builder/spi-builder-workspace/.derivedData/Build/Intermediates.noindex/DifferenceKit.build/Debug-watchos/DifferenceKit-t.build/Objects-normal/arm64_32/ExtractedAppShortcutsMetadata.stringsdata --source-file-list /Users/admin/builder/spi-builder-workspace/.derivedData/Build/Intermediates.noindex/DifferenceKit.build/Debug-watchos/DifferenceKit-t.build/Objects-normal/arm64/DifferenceKit.SwiftFileList --source-file-list /Users/admin/builder/spi-builder-workspace/.derivedData/Build/Intermediates.noindex/DifferenceKit.build/Debug-watchos/DifferenceKit-t.build/Objects-normal/arm64_32/DifferenceKit.SwiftFileList --metadata-file-list /Users/admin/builder/spi-builder-workspace/.derivedData/Build/Intermediates.noindex/DifferenceKit.build/Debug-watchos/DifferenceKit-t.build/DifferenceKit.DependencyMetadataFileList --static-metadata-file-list /Users/admin/builder/spi-builder-workspace/.derivedData/Build/Intermediates.noindex/DifferenceKit.build/Debug-watchos/DifferenceKit-t.build/DifferenceKit.DependencyStaticMetadataFileList --swift-const-vals-list /Users/admin/builder/spi-builder-workspace/.derivedData/Build/Intermediates.noindex/DifferenceKit.build/Debug-watchos/DifferenceKit-t.build/Objects-normal/arm64/DifferenceKit.SwiftConstValuesFileList --swift-const-vals-list /Users/admin/builder/spi-builder-workspace/.derivedData/Build/Intermediates.noindex/DifferenceKit.build/Debug-watchos/DifferenceKit-t.build/Objects-normal/arm64_32/DifferenceKit.SwiftConstValuesFileList --force --compile-time-extraction --deployment-aware-processing --no-app-shortcuts-localization
2026-09-18 08:58:13.310 appintentsmetadataprocessor[797:5073] Starting appintentsmetadataprocessor export
2026-09-18 08:58:13.402 appintentsmetadataprocessor[797:5073] Extracted no relevant App Intents symbols, skipping writing output
SwiftExplicitDependencyGeneratePcm arm64_32 /Users/admin/builder/spi-builder-workspace/.derivedData/SDKExplicitPrecompiledModules/_Builtin_stdbool-A967K8W8YUYEC9SN52KJ7OO88.pcm
SwiftExplicitDependencyGeneratePcm arm64_32 /Users/admin/builder/spi-builder-workspace/.derivedData/SDKExplicitPrecompiledModules/_Builtin_stdarg-D305JG44A2WPI6CJY37X3QJE8.pcm
SwiftExplicitDependencyGeneratePcm arm64_32 /Users/admin/builder/spi-builder-workspace/.derivedData/SDKExplicitPrecompiledModules/_AvailabilityInternal-244WAN3Z1QBT7PIA64EZEFY1R.pcm
SwiftExplicitDependencyGeneratePcm arm64_32 /Users/admin/builder/spi-builder-workspace/.derivedData/SDKExplicitPrecompiledModules/_Builtin_float-6KO8O3PEWRCA4WC6PPLOYO6WJ.pcm
SwiftExplicitDependencyGeneratePcm arm64_32 /Users/admin/builder/spi-builder-workspace/.derivedData/SDKExplicitPrecompiledModules/ptrauth-BFXF358ME5AK535N5A9Z766WU.pcm
SwiftExplicitDependencyGeneratePcm arm64_32 /Users/admin/builder/spi-builder-workspace/.derivedData/SDKExplicitPrecompiledModules/ptrcheck-7ELIH9BTIGVKX3UBITM9N72WD.pcm
SwiftExplicitDependencyGeneratePcm arm64_32 /Users/admin/builder/spi-builder-workspace/.derivedData/SDKExplicitPrecompiledModules/_Builtin_stddef-H44EFHQX6XSS5MZ7QP6YJZ76.pcm
SwiftExplicitDependencyGeneratePcm arm64 /Users/admin/builder/spi-builder-workspace/.derivedData/SDKExplicitPrecompiledModules/ptrcheck-AIF0NDOYZ8ORBNHQAQR5NNB8M.pcm
SwiftExplicitDependencyGeneratePcm arm64 /Users/admin/builder/spi-builder-workspace/.derivedData/SDKExplicitPrecompiledModules/_AvailabilityInternal-BUNV3UXM65NT37THI4W1AM0SF.pcm
SwiftExplicitDependencyGeneratePcm arm64 /Users/admin/builder/spi-builder-workspace/.derivedData/SDKExplicitPrecompiledModules/_Builtin_stdbool-83J96QSOFE9VX04AAS6310UAE.pcm
SwiftExplicitDependencyGeneratePcm arm64 /Users/admin/builder/spi-builder-workspace/.derivedData/SDKExplicitPrecompiledModules/_Builtin_stdarg-A7UU8LE6MP85SM26YO7PBZNUQ.pcm
SwiftExplicitDependencyGeneratePcm arm64 /Users/admin/builder/spi-builder-workspace/.derivedData/SDKExplicitPrecompiledModules/_Builtin_float-C0CW5Q4HGBQYKE77TC42IAFB5.pcm
SwiftExplicitDependencyGeneratePcm arm64 /Users/admin/builder/spi-builder-workspace/.derivedData/SDKExplicitPrecompiledModules/ptrauth-3TZ9WJCGLYD25HQPWH4968ONX.pcm
SwiftExplicitDependencyGeneratePcm arm64 /Users/admin/builder/spi-builder-workspace/.derivedData/SDKExplicitPrecompiledModules/_Builtin_stddef-1FU30Y8SWFB7OUUHMJQH5J6FM.pcm
SwiftExplicitDependencyGeneratePcm arm64_32 /Users/admin/builder/spi-builder-workspace/.derivedData/SDKExplicitPrecompiledModules/_DarwinFoundation1-2GWF9RFMPLQW4PDHS3NARVI3G.pcm
SwiftExplicitDependencyGeneratePcm arm64 /Users/admin/builder/spi-builder-workspace/.derivedData/SDKExplicitPrecompiledModules/_DarwinFoundation1-7SPX3MD0HMP55E4OLNCPNDQ53.pcm
SwiftExplicitDependencyGeneratePcm arm64_32 /Users/admin/builder/spi-builder-workspace/.derivedData/SDKExplicitPrecompiledModules/_Builtin_limits-3VKBU2AFTD65PAJZ5CJ3LHFM2.pcm
SwiftExplicitDependencyGeneratePcm arm64_32 /Users/admin/builder/spi-builder-workspace/.derivedData/SDKExplicitPrecompiledModules/_DarwinFoundation2-9MY8GOSYRO0M9MKNXF6D3MBNK.pcm
SwiftExplicitDependencyGeneratePcm arm64 /Users/admin/builder/spi-builder-workspace/.derivedData/SDKExplicitPrecompiledModules/_DarwinFoundation2-D0XAPJU49S5E9XMKYOFGSTB1Q.pcm
SwiftExplicitDependencyGeneratePcm arm64 /Users/admin/builder/spi-builder-workspace/.derivedData/SDKExplicitPrecompiledModules/_Builtin_limits-9GWPA2B0H20DYUNYHYCWKABJG.pcm
SwiftExplicitDependencyGeneratePcm arm64_32 /Users/admin/builder/spi-builder-workspace/.derivedData/SDKExplicitPrecompiledModules/sys_types-8TLLMW08ZJWDGIIPKOYFGHHZW.pcm
SwiftExplicitDependencyGeneratePcm arm64_32 /Users/admin/builder/spi-builder-workspace/.derivedData/SDKExplicitPrecompiledModules/_Builtin_stdint-1HMXWI3V0V4TXHRWZOMZGZ80Y.pcm
SwiftExplicitDependencyGeneratePcm arm64_32 /Users/admin/builder/spi-builder-workspace/.derivedData/SDKExplicitPrecompiledModules/string_h-BFVLUQUSBZWYMLCU9QI7VZALW.pcm
SwiftExplicitDependencyGeneratePcm arm64 /Users/admin/builder/spi-builder-workspace/.derivedData/SDKExplicitPrecompiledModules/sys_types-2KXQLI78OUCDP779AE68GZJ2.pcm
SwiftExplicitDependencyGeneratePcm arm64 /Users/admin/builder/spi-builder-workspace/.derivedData/SDKExplicitPrecompiledModules/_Builtin_stdint-8XMILLJZEGRN2XG7XZUXZ5RLX.pcm
SwiftExplicitDependencyGeneratePcm arm64 /Users/admin/builder/spi-builder-workspace/.derivedData/SDKExplicitPrecompiledModules/string_h-E6PRXK75PHIPCZFWOFCQ3QBMK.pcm
SwiftExplicitDependencyGeneratePcm arm64_32 /Users/admin/builder/spi-builder-workspace/.derivedData/SDKExplicitPrecompiledModules/_DarwinFoundation3-3DUTYQDQSD9HUAAVY947NMWOI.pcm
SwiftExplicitDependencyGeneratePcm arm64 /Users/admin/builder/spi-builder-workspace/.derivedData/SDKExplicitPrecompiledModules/_DarwinFoundation3-B97LRG0E9GON2NUE65TVG81HU.pcm
SwiftExplicitDependencyGeneratePcm arm64_32 /Users/admin/builder/spi-builder-workspace/.derivedData/SDKExplicitPrecompiledModules/_Builtin_inttypes-D2KPCR4PEX9AQA33NGLUT5SBR.pcm
SwiftExplicitDependencyGeneratePcm arm64 /Users/admin/builder/spi-builder-workspace/.derivedData/SDKExplicitPrecompiledModules/_Builtin_inttypes-3UQSCM7WNM9EK4HZML8TY5J3D.pcm
SwiftExplicitDependencyGeneratePcm arm64_32 /Users/admin/builder/spi-builder-workspace/.derivedData/SDKExplicitPrecompiledModules/Darwin-3FVT1SKLN2ZQ5RVOABMTQBB34.pcm
SwiftExplicitDependencyGeneratePcm arm64 /Users/admin/builder/spi-builder-workspace/.derivedData/SDKExplicitPrecompiledModules/Darwin-3984OXKFNSPE77NT743WK8SEX.pcm
SwiftExplicitDependencyGeneratePcm arm64_32 /Users/admin/builder/spi-builder-workspace/.derivedData/SDKExplicitPrecompiledModules/ObjectiveC-6IJNELR2E80E7LUKESVCP2KET.pcm
SwiftExplicitDependencyGeneratePcm arm64 /Users/admin/builder/spi-builder-workspace/.derivedData/SDKExplicitPrecompiledModules/ObjectiveC-72IVD3VS2RS8Q28D9PIMY0KQP.pcm
SwiftExplicitDependencyGeneratePcm arm64_32 /Users/admin/builder/spi-builder-workspace/.derivedData/SDKExplicitPrecompiledModules/os_object-5YWTC6L4756IWSTPGXS5NM0D0.pcm
SwiftExplicitDependencyGeneratePcm arm64 /Users/admin/builder/spi-builder-workspace/.derivedData/SDKExplicitPrecompiledModules/os_object-3SDKD7F87FTZ26OON37DRYT6O.pcm
SwiftExplicitDependencyGeneratePcm arm64_32 /Users/admin/builder/spi-builder-workspace/.derivedData/SDKExplicitPrecompiledModules/os_workgroup-5JHTPDMNBUNHLJI8LPHKQK1JK.pcm
SwiftExplicitDependencyGeneratePcm arm64 /Users/admin/builder/spi-builder-workspace/.derivedData/SDKExplicitPrecompiledModules/os_workgroup-89GG5G7YC2D0ZTK6AZXXQ20DH.pcm
SwiftExplicitDependencyGeneratePcm arm64_32 /Users/admin/builder/spi-builder-workspace/.derivedData/SDKExplicitPrecompiledModules/Dispatch-2P62F1T4XV63S4P99TUDTOK2Q.pcm
SwiftExplicitDependencyGeneratePcm arm64 /Users/admin/builder/spi-builder-workspace/.derivedData/SDKExplicitPrecompiledModules/Dispatch-1NLJOVAK60XP0DUB05XA59EIM.pcm
SwiftExplicitDependencyGeneratePcm arm64_32 /Users/admin/builder/spi-builder-workspace/.derivedData/SDKExplicitPrecompiledModules/CoreFoundation-8E6Y4BA3EXYKUGJ24GT9LGV3N.pcm
SwiftExplicitDependencyGeneratePcm arm64_32 /Users/admin/builder/spi-builder-workspace/.derivedData/SDKExplicitPrecompiledModules/XPC-81Y45QFY96XYYFCW2GT6FY8S4.pcm
SwiftExplicitDependencyGeneratePcm arm64 /Users/admin/builder/spi-builder-workspace/.derivedData/SDKExplicitPrecompiledModules/CoreFoundation-8T2L24YC5NU7WO6WQJWRY7W08.pcm
SwiftExplicitDependencyGeneratePcm arm64 /Users/admin/builder/spi-builder-workspace/.derivedData/SDKExplicitPrecompiledModules/XPC-40DR0X1DHKGCV4J1IOLFS8MOU.pcm
SwiftExplicitDependencyGeneratePcm arm64_32 /Users/admin/builder/spi-builder-workspace/.derivedData/SDKExplicitPrecompiledModules/Security-D7TOWF88VWF67TB9HAFP5UWB1.pcm
SwiftExplicitDependencyGeneratePcm arm64_32 /Users/admin/builder/spi-builder-workspace/.derivedData/SDKExplicitPrecompiledModules/CoreGraphics-9FDXYX6BKBUT6TJ2VF819E7T5.pcm
SwiftExplicitDependencyGeneratePcm arm64 /Users/admin/builder/spi-builder-workspace/.derivedData/SDKExplicitPrecompiledModules/Security-6RZ6YBRU8WCUHRFFRVUK5WKMM.pcm
SwiftExplicitDependencyGeneratePcm arm64 /Users/admin/builder/spi-builder-workspace/.derivedData/SDKExplicitPrecompiledModules/CoreGraphics-DWNZ73GEH98SBJXZ7DEXB420K.pcm
SwiftExplicitDependencyGeneratePcm arm64_32 /Users/admin/builder/spi-builder-workspace/.derivedData/SDKExplicitPrecompiledModules/Foundation-BJ2VQGI3OGR34500MEQ1VKHPH.pcm
SwiftExplicitDependencyGeneratePcm arm64_32 /Users/admin/builder/spi-builder-workspace/.derivedData/SDKExplicitPrecompiledModules/CoreVideo-2P8HI0403J99LBDPKNFJ5D4DL.pcm
SwiftExplicitDependencyGeneratePcm arm64 /Users/admin/builder/spi-builder-workspace/.derivedData/SDKExplicitPrecompiledModules/Foundation-DLBKUSGXN8QHAT8W0OARR9S8A.pcm
SwiftExplicitDependencyGeneratePcm arm64 /Users/admin/builder/spi-builder-workspace/.derivedData/SDKExplicitPrecompiledModules/CoreVideo-8MRR5MNWUOAW2DBPGUQ8FKK4.pcm
SwiftExplicitDependencyGeneratePcm arm64_32 /Users/admin/builder/spi-builder-workspace/.derivedData/SDKExplicitPrecompiledModules/QuartzCore-6375NPYACK5NYVHPMC1QQ8MC2.pcm
SwiftExplicitDependencyGeneratePcm arm64 /Users/admin/builder/spi-builder-workspace/.derivedData/SDKExplicitPrecompiledModules/QuartzCore-94KFMWNOU7ZLUZNB4T5DLZC9D.pcm
SwiftCompile normal arm64_32 Compiling\ SnapshotStructure.swift /Users/admin/builder/spi-builder-workspace/Sources/Internal/SnapshotStructure.swift (in target 'DiffableDataSources' from project 'DiffableDataSources')
SwiftCompile normal arm64_32 /Users/admin/builder/spi-builder-workspace/Sources/Internal/SnapshotStructure.swift (in target 'DiffableDataSources' from project 'DiffableDataSources')
cd /Users/admin/builder/spi-builder-workspace/.swiftpm/xcode
builtin-SwiftPerFileCompile SnapshotStructure.swift
SwiftCompile normal arm64_32 Compiling\ CollectionViewDiffableDataSource.swift /Users/admin/builder/spi-builder-workspace/Sources/UIKit/CollectionViewDiffableDataSource.swift (in target 'DiffableDataSources' from project 'DiffableDataSources')
SwiftCompile normal arm64_32 /Users/admin/builder/spi-builder-workspace/Sources/UIKit/CollectionViewDiffableDataSource.swift (in target 'DiffableDataSources' from project 'DiffableDataSources')
cd /Users/admin/builder/spi-builder-workspace/.swiftpm/xcode
builtin-SwiftPerFileCompile CollectionViewDiffableDataSource.swift
SwiftCompile normal arm64_32 Compiling\ MainThreadSerialDispatcher.swift /Users/admin/builder/spi-builder-workspace/Sources/Internal/MainThreadSerialDispatcher.swift (in target 'DiffableDataSources' from project 'DiffableDataSources')
/Users/admin/builder/spi-builder-workspace/Sources/Internal/MainThreadSerialDispatcher.swift:16:21: warning: 'OSAtomicIncrement32' was deprecated in watchOS 3.0: Use atomic_fetch_add_explicit(memory_order_relaxed) from <stdatomic.h> instead [#DeprecatedDeclaration]
14 |
15 | func dispatch(_ action: @escaping () -> Void) {
16 | let count = OSAtomicIncrement32(executingCount)
| `- warning: 'OSAtomicIncrement32' was deprecated in watchOS 3.0: Use atomic_fetch_add_explicit(memory_order_relaxed) from <stdatomic.h> instead [#DeprecatedDeclaration]
17 |
18 | if Thread.isMainThread && count == 1 {
/Users/admin/builder/spi-builder-workspace/Sources/Internal/MainThreadSerialDispatcher.swift:20:13: warning: 'OSAtomicDecrement32' was deprecated in watchOS 3.0: Use atomic_fetch_sub_explicit(memory_order_relaxed) from <stdatomic.h> instead [#DeprecatedDeclaration]
18 | if Thread.isMainThread && count == 1 {
19 | action()
20 | OSAtomicDecrement32(executingCount)
| `- warning: 'OSAtomicDecrement32' was deprecated in watchOS 3.0: Use atomic_fetch_sub_explicit(memory_order_relaxed) from <stdatomic.h> instead [#DeprecatedDeclaration]
21 | }
22 | else {
/Users/admin/builder/spi-builder-workspace/Sources/Internal/MainThreadSerialDispatcher.swift:29:17: warning: 'OSAtomicDecrement32' was deprecated in watchOS 3.0: Use atomic_fetch_sub_explicit(memory_order_relaxed) from <stdatomic.h> instead [#DeprecatedDeclaration]
27 |
28 | action()
29 | OSAtomicDecrement32(self.executingCount)
| `- warning: 'OSAtomicDecrement32' was deprecated in watchOS 3.0: Use atomic_fetch_sub_explicit(memory_order_relaxed) from <stdatomic.h> instead [#DeprecatedDeclaration]
30 | }
31 | }
[#DeprecatedDeclaration]: <https://docs.swift.org/compiler/documentation/diagnostics/deprecated-declaration>
SwiftCompile normal arm64_32 /Users/admin/builder/spi-builder-workspace/Sources/Internal/MainThreadSerialDispatcher.swift (in target 'DiffableDataSources' from project 'DiffableDataSources')
cd /Users/admin/builder/spi-builder-workspace/.swiftpm/xcode
builtin-SwiftPerFileCompile MainThreadSerialDispatcher.swift
SwiftCompile normal arm64_32 Compiling\ TableViewDiffableDataSource.swift /Users/admin/builder/spi-builder-workspace/Sources/UIKit/TableViewDiffableDataSource.swift (in target 'DiffableDataSources' from project 'DiffableDataSources')
SwiftCompile normal arm64_32 /Users/admin/builder/spi-builder-workspace/Sources/UIKit/TableViewDiffableDataSource.swift (in target 'DiffableDataSources' from project 'DiffableDataSources')
cd /Users/admin/builder/spi-builder-workspace/.swiftpm/xcode
builtin-SwiftPerFileCompile TableViewDiffableDataSource.swift
SwiftCompile normal arm64_32 Compiling\ UniversalError.swift /Users/admin/builder/spi-builder-workspace/Sources/Internal/UniversalError.swift (in target 'DiffableDataSources' from project 'DiffableDataSources')
SwiftCompile normal arm64_32 /Users/admin/builder/spi-builder-workspace/Sources/Internal/UniversalError.swift (in target 'DiffableDataSources' from project 'DiffableDataSources')
cd /Users/admin/builder/spi-builder-workspace/.swiftpm/xcode
builtin-SwiftPerFileCompile UniversalError.swift
SwiftCompile normal arm64_32 Compiling\ DiffableDataSourceCore.swift /Users/admin/builder/spi-builder-workspace/Sources/Internal/DiffableDataSourceCore.swift (in target 'DiffableDataSources' from project 'DiffableDataSources')
/Users/admin/builder/spi-builder-workspace/Sources/Internal/DiffableDataSourceCore.swift:39:13: error: 'CATransaction' is unavailable in watchOS
37 | }
38 |
39 | CATransaction.begin()
| `- error: 'CATransaction' is unavailable in watchOS
40 | CATransaction.setCompletionBlock(completion)
41 |
/Applications/Xcode-27.0.0-Release.Candidate.app/Contents/Developer/Platforms/WatchOS.platform/Developer/SDKs/WatchOS27.0.sdk/System/Library/Frameworks/QuartzCore.framework/Headers/CATransaction.h:34:12: note: 'CATransaction' has been explicitly marked unavailable here
32 |
33 | API_AVAILABLE(macos(10.5), ios(2.0), tvos(9.0)) API_UNAVAILABLE(watchos)
34 | @interface CATransaction : NSObject
| `- note: 'CATransaction' has been explicitly marked unavailable here
35 |
36 | /* Begin a new transaction for the current thread; nests. */
/Users/admin/builder/spi-builder-workspace/Sources/Internal/DiffableDataSourceCore.swift:40:13: error: 'CATransaction' is unavailable in watchOS
38 |
39 | CATransaction.begin()
40 | CATransaction.setCompletionBlock(completion)
| `- error: 'CATransaction' is unavailable in watchOS
41 |
42 | if animatingDifferences {
/Applications/Xcode-27.0.0-Release.Candidate.app/Contents/Developer/Platforms/WatchOS.platform/Developer/SDKs/WatchOS27.0.sdk/System/Library/Frameworks/QuartzCore.framework/Headers/CATransaction.h:34:12: note: 'CATransaction' has been explicitly marked unavailable here
32 |
33 | API_AVAILABLE(macos(10.5), ios(2.0), tvos(9.0)) API_UNAVAILABLE(watchos)
34 | @interface CATransaction : NSObject
| `- note: 'CATransaction' has been explicitly marked unavailable here
35 |
36 | /* Begin a new transaction for the current thread; nests. */
/Users/admin/builder/spi-builder-workspace/Sources/Internal/DiffableDataSourceCore.swift:46:17: error: 'CATransaction' is unavailable in watchOS
44 | }
45 | else {
46 | CATransaction.setDisableActions(true)
| `- error: 'CATransaction' is unavailable in watchOS
47 | performDiffingUpdates()
48 | }
/Applications/Xcode-27.0.0-Release.Candidate.app/Contents/Developer/Platforms/WatchOS.platform/Developer/SDKs/WatchOS27.0.sdk/System/Library/Frameworks/QuartzCore.framework/Headers/CATransaction.h:34:12: note: 'CATransaction' has been explicitly marked unavailable here
32 |
33 | API_AVAILABLE(macos(10.5), ios(2.0), tvos(9.0)) API_UNAVAILABLE(watchos)
34 | @interface CATransaction : NSObject
| `- note: 'CATransaction' has been explicitly marked unavailable here
35 |
36 | /* Begin a new transaction for the current thread; nests. */
/Users/admin/builder/spi-builder-workspace/Sources/Internal/DiffableDataSourceCore.swift:50:13: error: 'CATransaction' is unavailable in watchOS
48 | }
49 |
50 | CATransaction.commit()
| `- error: 'CATransaction' is unavailable in watchOS
51 | }
52 | }
/Applications/Xcode-27.0.0-Release.Candidate.app/Contents/Developer/Platforms/WatchOS.platform/Developer/SDKs/WatchOS27.0.sdk/System/Library/Frameworks/QuartzCore.framework/Headers/CATransaction.h:34:12: note: 'CATransaction' has been explicitly marked unavailable here
32 |
33 | API_AVAILABLE(macos(10.5), ios(2.0), tvos(9.0)) API_UNAVAILABLE(watchos)
34 | @interface CATransaction : NSObject
| `- note: 'CATransaction' has been explicitly marked unavailable here
35 |
36 | /* Begin a new transaction for the current thread; nests. */
/Users/admin/builder/spi-builder-workspace/Sources/Internal/DiffableDataSourceCore.swift:61:50: error: value of type 'IndexPath' has no member 'section'
59 |
60 | func itemIdentifier(for indexPath: IndexPath) -> ItemIdentifierType? {
61 | guard 0..<sections.endIndex ~= indexPath.section else {
| `- error: value of type 'IndexPath' has no member 'section'
62 | return nil
63 | }
/Users/admin/builder/spi-builder-workspace/Sources/Internal/DiffableDataSourceCore.swift:65:40: error: value of type 'IndexPath' has no member 'section'
63 | }
64 |
65 | let items = sections[indexPath.section].elements
| `- error: value of type 'IndexPath' has no member 'section'
66 |
67 | guard 0..<items.endIndex ~= indexPath.item else {
/Users/admin/builder/spi-builder-workspace/Sources/Internal/DiffableDataSourceCore.swift:67:47: error: value of type 'IndexPath' has no member 'item'
65 | let items = sections[indexPath.section].elements
66 |
67 | guard 0..<items.endIndex ~= indexPath.item else {
| `- error: value of type 'IndexPath' has no member 'item'
68 | return nil
69 | }
/Users/admin/builder/spi-builder-workspace/Sources/Internal/DiffableDataSourceCore.swift:71:32: error: value of type 'IndexPath' has no member 'item'
69 | }
70 |
71 | return items[indexPath.item].differenceIdentifier
| `- error: value of type 'IndexPath' has no member 'item'
72 | }
73 |
/Users/admin/builder/spi-builder-workspace/Sources/Internal/DiffableDataSourceCore.swift:86:66: error: argument passed to call that takes no arguments
84 | .reduce(into: [:]) { result, section in
85 | for (itemIndex, item) in section.element.elements.enumerated() {
86 | result[item.differenceIdentifier] = IndexPath(
| `- error: argument passed to call that takes no arguments
87 | item: itemIndex,
88 | section: section.offset
Failed frontend command:
/Applications/Xcode-27.0.0-Release.Candidate.app/Contents/Developer/Toolchains/XcodeDefault.xctoolchain/usr/bin/swift-frontend -frontend -c /Users/admin/builder/spi-builder-workspace/Sources/AppKit/CocoaCollectionViewDiffableDataSource.swift /Users/admin/builder/spi-builder-workspace/Sources/DiffableDataSourceSnapshot.swift -primary-file /Users/admin/builder/spi-builder-workspace/Sources/Internal/DiffableDataSourceCore.swift /Users/admin/builder/spi-builder-workspace/Sources/Internal/HashableExtension.swift /Users/admin/builder/spi-builder-workspace/Sources/Internal/MainThreadSerialDispatcher.swift /Users/admin/builder/spi-builder-workspace/Sources/Internal/SnapshotStructure.swift /Users/admin/builder/spi-builder-workspace/Sources/Internal/UniversalError.swift /Users/admin/builder/spi-builder-workspace/Sources/UIKit/CollectionViewDiffableDataSource.swift /Users/admin/builder/spi-builder-workspace/Sources/UIKit/TableViewDiffableDataSource.swift -emit-dependencies-path /Users/admin/builder/spi-builder-workspace/.derivedData/Build/Intermediates.noindex/DiffableDataSources.build/Debug-watchos/DiffableDataSources-t.build/Objects-normal/arm64_32/DiffableDataSourceCore.d -emit-const-values-path /Users/admin/builder/spi-builder-workspace/.derivedData/Build/Intermediates.noindex/DiffableDataSources.build/Debug-watchos/DiffableDataSources-t.build/Objects-normal/arm64_32/DiffableDataSourceCore.swiftconstvalues -emit-reference-dependencies-path /Users/admin/builder/spi-builder-workspace/.derivedData/Build/Intermediates.noindex/DiffableDataSources.build/Debug-watchos/DiffableDataSources-t.build/Objects-normal/arm64_32/DiffableDataSourceCore.swiftdeps -serialize-diagnostics-path /Users/admin/builder/spi-builder-workspace/.derivedData/Build/Intermediates.noindex/DiffableDataSources.build/Debug-watchos/DiffableDataSources-t.build/Objects-normal/arm64_32/DiffableDataSourceCore.dia -target arm64_32-apple-watchos9.0 -disable-cross-import-overlay-search -load-resolved-plugin /Applications/Xcode-27.0.0-Release.Candidate.app/Contents/Developer/Platforms/WatchOS.platform/Developer/usr/lib/swift/host/plugins/libFoundationMacros.dylib\#/Applications/Xcode-27.0.0-Release.Candidate.app/Contents/Developer/Platforms/WatchOS.platform/Developer/usr/bin/swift-plugin-server\#FoundationMacros -load-resolved-plugin /Applications/Xcode-27.0.0-Release.Candidate.app/Contents/Developer/Platforms/WatchOS.platform/Developer/usr/lib/swift/host/plugins/libObservationMacros.dylib\#/Applications/Xcode-27.0.0-Release.Candidate.app/Contents/Developer/Platforms/WatchOS.platform/Developer/usr/bin/swift-plugin-server\#ObservationMacros -load-resolved-plugin /Applications/Xcode-27.0.0-Release.Candidate.app/Contents/Developer/Platforms/WatchOS.platform/Developer/usr/lib/swift/host/plugins/libSwiftMacros.dylib\#/Applications/Xcode-27.0.0-Release.Candidate.app/Contents/Developer/Platforms/WatchOS.platform/Developer/usr/bin/swift-plugin-server\#SwiftMacros -disable-implicit-swift-modules -Xcc -fno-implicit-modules -Xcc -fno-implicit-module-maps -explicit-swift-module-map-file /Users/admin/builder/spi-builder-workspace/.derivedData/Build/Intermediates.noindex/DiffableDataSources.build/Debug-watchos/DiffableDataSources-t.build/Objects-normal/arm64_32/DiffableDataSources-dependencies-1.json -enable-objc-interop -sdk /Applications/Xcode-27.0.0-Release.Candidate.app/Contents/Developer/Platforms/WatchOS.platform/Developer/SDKs/WatchOS27.0.sdk -I /Users/admin/builder/spi-builder-workspace/.derivedData/Build/Products/Debug-watchos -Isystem /Applications/Xcode-27.0.0-Release.Candidate.app/Contents/Developer/Platforms/WatchOS.platform/Developer/usr/lib -F /Users/admin/builder/spi-builder-workspace/.derivedData/Build/Products/Debug-watchos/PackageFrameworks -F /Users/admin/builder/spi-builder-workspace/.derivedData/Build/Products/Debug-watchos -F /Applications/Xcode-27.0.0-Release.Candidate.app/Contents/Developer/Platforms/WatchOS.platform/Developer/Library/Frameworks -F /Applications/Xcode-27.0.0-Release.Candidate.app/Contents/Developer/Platforms/WatchOS.platform/Developer/SDKs/WatchOS27.0.sdk/Developer/Library/Frameworks -module-cache-path /Users/admin/builder/spi-builder-workspace/.derivedData/Build/Intermediates.noindex/SwiftExplicitPrecompiledModules -no-color-diagnostics -Xcc -fno-color-diagnostics -enable-testing -g -debug-info-format\=dwarf -dwarf-version\=4 -profile-generate -profile-coverage-mapping -swift-version 5 -Onone -D SWIFT_PACKAGE -D DEBUG -D SWIFT_MODULE_RESOURCE_BUNDLE_UNAVAILABLE -D Xcode -serialize-debugging-options -enable-experimental-feature DebugDescriptionMacro -empty-abi-descriptor -validate-clang-modules-once -clang-build-session-file /Users/admin/builder/spi-builder-workspace/.derivedData/ModuleCache.noindex/Session.modulevalidation -Xcc -working-directory -Xcc /Users/admin/builder/spi-builder-workspace/.swiftpm/xcode -enable-anonymous-context-mangled-names -file-compilation-dir /Users/admin/builder/spi-builder-workspace/.swiftpm/xcode -Xcc -D_LIBCPP_HARDENING_MODE\=_LIBCPP_HARDENING_MODE_DEBUG -Xcc -ivfsstatcache -Xcc /Users/admin/builder/spi-builder-workspace/.derivedData/SDKStatCaches.noindex/watchos27.0-24R360-e829b21a6f8c9b70876ba0858053c04477534ef55a1706bf4c1112bbb242f0a2.sdkstatcache -Xcc -fmodules-prune-interval\=86400 -Xcc -fmodules-prune-after\=345600 -Xcc -I/Users/admin/builder/spi-builder-workspace/.derivedData/Build/Products/Debug-watchos/include -Xcc -I/Users/admin/builder/spi-builder-workspace/.derivedData/Build/Intermediates.noindex/DiffableDataSources.build/Debug-watchos/DiffableDataSources-t.build/DerivedSources-normal/arm64_32 -Xcc -I/Users/admin/builder/spi-builder-workspace/.derivedData/Build/Intermediates.noindex/DiffableDataSources.build/Debug-watchos/DiffableDataSources-t.build/DerivedSources/arm64_32 -Xcc -I/Users/admin/builder/spi-builder-workspace/.derivedData/Build/Intermediates.noindex/DiffableDataSources.build/Debug-watchos/DiffableDataSources-t.build/DerivedSources -Xcc -DSWIFT_PACKAGE -Xcc -DDEBUG\=1 -no-auto-bridging-header-chaining -module-name DiffableDataSources -const-gather-protocols-file /Users/admin/builder/spi-builder-workspace/.derivedData/Build/Intermediates.noindex/DiffableDataSources.build/Debug-watchos/DiffableDataSources-t.build/Objects-normal/arm64_32/DiffableDataSources_const_extract_protocols.json -disable-clang-spi -clang-target arm64_32-apple-watchos27.0 -target-sdk-version 27.0 -target-sdk-name watchos27.0 -in-process-plugin-server-path /Applications/Xcode-27.0.0-Release.Candidate.app/Contents/Developer/Toolchains/XcodeDefault.xctoolchain/usr/lib/swift/host/libSwiftInProcPluginServer.dylib -parse-as-library -o /Users/admin/builder/spi-builder-workspace/.derivedData/Build/Intermediates.noindex/DiffableDataSources.build/Debug-watchos/DiffableDataSources-t.build/Objects-normal/arm64_32/DiffableDataSourceCore.o -debug-module-path /Users/admin/builder/spi-builder-workspace/.derivedData/Build/Intermediates.noindex/DiffableDataSources.build/Debug-watchos/DiffableDataSources-t.build/Objects-normal/arm64_32/DiffableDataSources.swiftmodule -index-unit-output-path /DiffableDataSources.build/Debug-watchos/DiffableDataSources-t.build/Objects-normal/arm64_32/DiffableDataSourceCore.o -index-store-path /Users/admin/builder/spi-builder-workspace/.derivedData/Index.noindex/DataStore -index-system-modules
SwiftCompile normal arm64_32 /Users/admin/builder/spi-builder-workspace/Sources/Internal/DiffableDataSourceCore.swift (in target 'DiffableDataSources' from project 'DiffableDataSources')
cd /Users/admin/builder/spi-builder-workspace/.swiftpm/xcode
builtin-SwiftPerFileCompile DiffableDataSourceCore.swift
SwiftEmitModule normal arm64_32 Emitting\ module\ for\ DiffableDataSources (in target 'DiffableDataSources' from project 'DiffableDataSources')
SwiftCompile normal arm64_32 (in target 'DiffableDataSources' from project 'DiffableDataSources')
cd /Users/admin/builder/spi-builder-workspace/.swiftpm/xcode
SwiftCompile normal arm64_32 Compiling\ CocoaCollectionViewDiffableDataSource.swift /Users/admin/builder/spi-builder-workspace/Sources/AppKit/CocoaCollectionViewDiffableDataSource.swift (in target 'DiffableDataSources' from project 'DiffableDataSources')
SwiftCompile normal arm64_32 /Users/admin/builder/spi-builder-workspace/Sources/AppKit/CocoaCollectionViewDiffableDataSource.swift (in target 'DiffableDataSources' from project 'DiffableDataSources')
cd /Users/admin/builder/spi-builder-workspace/.swiftpm/xcode
builtin-SwiftPerFileCompile CocoaCollectionViewDiffableDataSource.swift
SwiftCompile normal arm64_32 Compiling\ DiffableDataSourceSnapshot.swift /Users/admin/builder/spi-builder-workspace/Sources/DiffableDataSourceSnapshot.swift (in target 'DiffableDataSources' from project 'DiffableDataSources')
SwiftCompile normal arm64_32 /Users/admin/builder/spi-builder-workspace/Sources/DiffableDataSourceSnapshot.swift (in target 'DiffableDataSources' from project 'DiffableDataSources')
cd /Users/admin/builder/spi-builder-workspace/.swiftpm/xcode
builtin-SwiftPerFileCompile DiffableDataSourceSnapshot.swift
SwiftCompile normal arm64_32 Compiling\ HashableExtension.swift /Users/admin/builder/spi-builder-workspace/Sources/Internal/HashableExtension.swift (in target 'DiffableDataSources' from project 'DiffableDataSources')
SwiftCompile normal arm64_32 /Users/admin/builder/spi-builder-workspace/Sources/Internal/HashableExtension.swift (in target 'DiffableDataSources' from project 'DiffableDataSources')
cd /Users/admin/builder/spi-builder-workspace/.swiftpm/xcode
builtin-SwiftPerFileCompile HashableExtension.swift
SwiftEmitModule normal arm64 Emitting\ module\ for\ DiffableDataSources (in target 'DiffableDataSources' from project 'DiffableDataSources')
SwiftCompile normal arm64 (in target 'DiffableDataSources' from project 'DiffableDataSources')
cd /Users/admin/builder/spi-builder-workspace/.swiftpm/xcode
SwiftDriverJobDiscovery normal arm64_32 Compiling TableViewDiffableDataSource.swift (in target 'DiffableDataSources' from project 'DiffableDataSources')
SwiftCompile normal arm64 Compiling\ DiffableDataSourceSnapshot.swift /Users/admin/builder/spi-builder-workspace/Sources/DiffableDataSourceSnapshot.swift (in target 'DiffableDataSources' from project 'DiffableDataSources')
SwiftCompile normal arm64 /Users/admin/builder/spi-builder-workspace/Sources/DiffableDataSourceSnapshot.swift (in target 'DiffableDataSources' from project 'DiffableDataSources')
cd /Users/admin/builder/spi-builder-workspace/.swiftpm/xcode
builtin-SwiftPerFileCompile DiffableDataSourceSnapshot.swift
SwiftDriverJobDiscovery normal arm64_32 Compiling CocoaCollectionViewDiffableDataSource.swift (in target 'DiffableDataSources' from project 'DiffableDataSources')
SwiftCompile normal arm64 Compiling\ UniversalError.swift /Users/admin/builder/spi-builder-workspace/Sources/Internal/UniversalError.swift (in target 'DiffableDataSources' from project 'DiffableDataSources')
SwiftCompile normal arm64 /Users/admin/builder/spi-builder-workspace/Sources/Internal/UniversalError.swift (in target 'DiffableDataSources' from project 'DiffableDataSources')
cd /Users/admin/builder/spi-builder-workspace/.swiftpm/xcode
builtin-SwiftPerFileCompile UniversalError.swift
SwiftDriverJobDiscovery normal arm64_32 Compiling CollectionViewDiffableDataSource.swift (in target 'DiffableDataSources' from project 'DiffableDataSources')
SwiftCompile normal arm64 Compiling\ CollectionViewDiffableDataSource.swift /Users/admin/builder/spi-builder-workspace/Sources/UIKit/CollectionViewDiffableDataSource.swift (in target 'DiffableDataSources' from project 'DiffableDataSources')
SwiftCompile normal arm64 /Users/admin/builder/spi-builder-workspace/Sources/UIKit/CollectionViewDiffableDataSource.swift (in target 'DiffableDataSources' from project 'DiffableDataSources')
cd /Users/admin/builder/spi-builder-workspace/.swiftpm/xcode
builtin-SwiftPerFileCompile CollectionViewDiffableDataSource.swift
SwiftDriverJobDiscovery normal arm64_32 Compiling UniversalError.swift (in target 'DiffableDataSources' from project 'DiffableDataSources')
SwiftCompile normal arm64 Compiling\ DiffableDataSourceCore.swift /Users/admin/builder/spi-builder-workspace/Sources/Internal/DiffableDataSourceCore.swift (in target 'DiffableDataSources' from project 'DiffableDataSources')
/Users/admin/builder/spi-builder-workspace/Sources/Internal/DiffableDataSourceCore.swift:39:13: error: 'CATransaction' is unavailable in watchOS
37 | }
38 |
39 | CATransaction.begin()
| `- error: 'CATransaction' is unavailable in watchOS
40 | CATransaction.setCompletionBlock(completion)
41 |
/Applications/Xcode-27.0.0-Release.Candidate.app/Contents/Developer/Platforms/WatchOS.platform/Developer/SDKs/WatchOS27.0.sdk/System/Library/Frameworks/QuartzCore.framework/Headers/CATransaction.h:34:12: note: 'CATransaction' has been explicitly marked unavailable here
32 |
33 | API_AVAILABLE(macos(10.5), ios(2.0), tvos(9.0)) API_UNAVAILABLE(watchos)
34 | @interface CATransaction : NSObject
| `- note: 'CATransaction' has been explicitly marked unavailable here
35 |
36 | /* Begin a new transaction for the current thread; nests. */
/Users/admin/builder/spi-builder-workspace/Sources/Internal/DiffableDataSourceCore.swift:40:13: error: 'CATransaction' is unavailable in watchOS
38 |
39 | CATransaction.begin()
40 | CATransaction.setCompletionBlock(completion)
| `- error: 'CATransaction' is unavailable in watchOS
41 |
42 | if animatingDifferences {
/Applications/Xcode-27.0.0-Release.Candidate.app/Contents/Developer/Platforms/WatchOS.platform/Developer/SDKs/WatchOS27.0.sdk/System/Library/Frameworks/QuartzCore.framework/Headers/CATransaction.h:34:12: note: 'CATransaction' has been explicitly marked unavailable here
32 |
33 | API_AVAILABLE(macos(10.5), ios(2.0), tvos(9.0)) API_UNAVAILABLE(watchos)
34 | @interface CATransaction : NSObject
| `- note: 'CATransaction' has been explicitly marked unavailable here
35 |
36 | /* Begin a new transaction for the current thread; nests. */
/Users/admin/builder/spi-builder-workspace/Sources/Internal/DiffableDataSourceCore.swift:46:17: error: 'CATransaction' is unavailable in watchOS
44 | }
45 | else {
46 | CATransaction.setDisableActions(true)
| `- error: 'CATransaction' is unavailable in watchOS
47 | performDiffingUpdates()
48 | }
/Applications/Xcode-27.0.0-Release.Candidate.app/Contents/Developer/Platforms/WatchOS.platform/Developer/SDKs/WatchOS27.0.sdk/System/Library/Frameworks/QuartzCore.framework/Headers/CATransaction.h:34:12: note: 'CATransaction' has been explicitly marked unavailable here
32 |
33 | API_AVAILABLE(macos(10.5), ios(2.0), tvos(9.0)) API_UNAVAILABLE(watchos)
34 | @interface CATransaction : NSObject
| `- note: 'CATransaction' has been explicitly marked unavailable here
35 |
36 | /* Begin a new transaction for the current thread; nests. */
/Users/admin/builder/spi-builder-workspace/Sources/Internal/DiffableDataSourceCore.swift:50:13: error: 'CATransaction' is unavailable in watchOS
48 | }
49 |
50 | CATransaction.commit()
| `- error: 'CATransaction' is unavailable in watchOS
51 | }
52 | }
/Applications/Xcode-27.0.0-Release.Candidate.app/Contents/Developer/Platforms/WatchOS.platform/Developer/SDKs/WatchOS27.0.sdk/System/Library/Frameworks/QuartzCore.framework/Headers/CATransaction.h:34:12: note: 'CATransaction' has been explicitly marked unavailable here
32 |
33 | API_AVAILABLE(macos(10.5), ios(2.0), tvos(9.0)) API_UNAVAILABLE(watchos)
34 | @interface CATransaction : NSObject
| `- note: 'CATransaction' has been explicitly marked unavailable here
35 |
36 | /* Begin a new transaction for the current thread; nests. */
/Users/admin/builder/spi-builder-workspace/Sources/Internal/DiffableDataSourceCore.swift:61:50: error: value of type 'IndexPath' has no member 'section'
59 |
60 | func itemIdentifier(for indexPath: IndexPath) -> ItemIdentifierType? {
61 | guard 0..<sections.endIndex ~= indexPath.section else {
| `- error: value of type 'IndexPath' has no member 'section'
62 | return nil
63 | }
/Users/admin/builder/spi-builder-workspace/Sources/Internal/DiffableDataSourceCore.swift:65:40: error: value of type 'IndexPath' has no member 'section'
63 | }
64 |
65 | let items = sections[indexPath.section].elements
| `- error: value of type 'IndexPath' has no member 'section'
66 |
67 | guard 0..<items.endIndex ~= indexPath.item else {
/Users/admin/builder/spi-builder-workspace/Sources/Internal/DiffableDataSourceCore.swift:67:47: error: value of type 'IndexPath' has no member 'item'
65 | let items = sections[indexPath.section].elements
66 |
67 | guard 0..<items.endIndex ~= indexPath.item else {
| `- error: value of type 'IndexPath' has no member 'item'
68 | return nil
69 | }
/Users/admin/builder/spi-builder-workspace/Sources/Internal/DiffableDataSourceCore.swift:71:32: error: value of type 'IndexPath' has no member 'item'
69 | }
70 |
71 | return items[indexPath.item].differenceIdentifier
| `- error: value of type 'IndexPath' has no member 'item'
72 | }
73 |
/Users/admin/builder/spi-builder-workspace/Sources/Internal/DiffableDataSourceCore.swift:86:66: error: argument passed to call that takes no arguments
84 | .reduce(into: [:]) { result, section in
85 | for (itemIndex, item) in section.element.elements.enumerated() {
86 | result[item.differenceIdentifier] = IndexPath(
| `- error: argument passed to call that takes no arguments
87 | item: itemIndex,
88 | section: section.offset
Failed frontend command:
/Applications/Xcode-27.0.0-Release.Candidate.app/Contents/Developer/Toolchains/XcodeDefault.xctoolchain/usr/bin/swift-frontend -frontend -c /Users/admin/builder/spi-builder-workspace/Sources/AppKit/CocoaCollectionViewDiffableDataSource.swift /Users/admin/builder/spi-builder-workspace/Sources/DiffableDataSourceSnapshot.swift -primary-file /Users/admin/builder/spi-builder-workspace/Sources/Internal/DiffableDataSourceCore.swift /Users/admin/builder/spi-builder-workspace/Sources/Internal/HashableExtension.swift /Users/admin/builder/spi-builder-workspace/Sources/Internal/MainThreadSerialDispatcher.swift /Users/admin/builder/spi-builder-workspace/Sources/Internal/SnapshotStructure.swift /Users/admin/builder/spi-builder-workspace/Sources/Internal/UniversalError.swift /Users/admin/builder/spi-builder-workspace/Sources/UIKit/CollectionViewDiffableDataSource.swift /Users/admin/builder/spi-builder-workspace/Sources/UIKit/TableViewDiffableDataSource.swift -emit-dependencies-path /Users/admin/builder/spi-builder-workspace/.derivedData/Build/Intermediates.noindex/DiffableDataSources.build/Debug-watchos/DiffableDataSources-t.build/Objects-normal/arm64/DiffableDataSourceCore.d -emit-const-values-path /Users/admin/builder/spi-builder-workspace/.derivedData/Build/Intermediates.noindex/DiffableDataSources.build/Debug-watchos/DiffableDataSources-t.build/Objects-normal/arm64/DiffableDataSourceCore.swiftconstvalues -emit-reference-dependencies-path /Users/admin/builder/spi-builder-workspace/.derivedData/Build/Intermediates.noindex/DiffableDataSources.build/Debug-watchos/DiffableDataSources-t.build/Objects-normal/arm64/DiffableDataSourceCore.swiftdeps -serialize-diagnostics-path /Users/admin/builder/spi-builder-workspace/.derivedData/Build/Intermediates.noindex/DiffableDataSources.build/Debug-watchos/DiffableDataSources-t.build/Objects-normal/arm64/DiffableDataSourceCore.dia -target arm64-apple-watchos9.0 -disable-cross-import-overlay-search -load-resolved-plugin /Applications/Xcode-27.0.0-Release.Candidate.app/Contents/Developer/Platforms/WatchOS.platform/Developer/usr/lib/swift/host/plugins/libFoundationMacros.dylib\#/Applications/Xcode-27.0.0-Release.Candidate.app/Contents/Developer/Platforms/WatchOS.platform/Developer/usr/bin/swift-plugin-server\#FoundationMacros -load-resolved-plugin /Applications/Xcode-27.0.0-Release.Candidate.app/Contents/Developer/Platforms/WatchOS.platform/Developer/usr/lib/swift/host/plugins/libObservationMacros.dylib\#/Applications/Xcode-27.0.0-Release.Candidate.app/Contents/Developer/Platforms/WatchOS.platform/Developer/usr/bin/swift-plugin-server\#ObservationMacros -load-resolved-plugin /Applications/Xcode-27.0.0-Release.Candidate.app/Contents/Developer/Platforms/WatchOS.platform/Developer/usr/lib/swift/host/plugins/libSwiftMacros.dylib\#/Applications/Xcode-27.0.0-Release.Candidate.app/Contents/Developer/Platforms/WatchOS.platform/Developer/usr/bin/swift-plugin-server\#SwiftMacros -disable-implicit-swift-modules -Xcc -fno-implicit-modules -Xcc -fno-implicit-module-maps -explicit-swift-module-map-file /Users/admin/builder/spi-builder-workspace/.derivedData/Build/Intermediates.noindex/DiffableDataSources.build/Debug-watchos/DiffableDataSources-t.build/Objects-normal/arm64/DiffableDataSources-dependencies-2.json -Xllvm -aarch64-use-tbi -enable-objc-interop -stack-check -sdk /Applications/Xcode-27.0.0-Release.Candidate.app/Contents/Developer/Platforms/WatchOS.platform/Developer/SDKs/WatchOS27.0.sdk -I /Users/admin/builder/spi-builder-workspace/.derivedData/Build/Products/Debug-watchos -Isystem /Applications/Xcode-27.0.0-Release.Candidate.app/Contents/Developer/Platforms/WatchOS.platform/Developer/usr/lib -F /Users/admin/builder/spi-builder-workspace/.derivedData/Build/Products/Debug-watchos/PackageFrameworks -F /Users/admin/builder/spi-builder-workspace/.derivedData/Build/Products/Debug-watchos -F /Applications/Xcode-27.0.0-Release.Candidate.app/Contents/Developer/Platforms/WatchOS.platform/Developer/Library/Frameworks -F /Applications/Xcode-27.0.0-Release.Candidate.app/Contents/Developer/Platforms/WatchOS.platform/Developer/SDKs/WatchOS27.0.sdk/Developer/Library/Frameworks -module-cache-path /Users/admin/builder/spi-builder-workspace/.derivedData/Build/Intermediates.noindex/SwiftExplicitPrecompiledModules -no-color-diagnostics -Xcc -fno-color-diagnostics -enable-testing -g -debug-info-format\=dwarf -dwarf-version\=4 -profile-generate -profile-coverage-mapping -swift-version 5 -Onone -D SWIFT_PACKAGE -D DEBUG -D SWIFT_MODULE_RESOURCE_BUNDLE_UNAVAILABLE -D Xcode -serialize-debugging-options -enable-experimental-feature DebugDescriptionMacro -empty-abi-descriptor -validate-clang-modules-once -clang-build-session-file /Users/admin/builder/spi-builder-workspace/.derivedData/ModuleCache.noindex/Session.modulevalidation -Xcc -working-directory -Xcc /Users/admin/builder/spi-builder-workspace/.swiftpm/xcode -enable-anonymous-context-mangled-names -file-compilation-dir /Users/admin/builder/spi-builder-workspace/.swiftpm/xcode -Xcc -D_LIBCPP_HARDENING_MODE\=_LIBCPP_HARDENING_MODE_DEBUG -Xcc -ivfsstatcache -Xcc /Users/admin/builder/spi-builder-workspace/.derivedData/SDKStatCaches.noindex/watchos27.0-24R360-e829b21a6f8c9b70876ba0858053c04477534ef55a1706bf4c1112bbb242f0a2.sdkstatcache -Xcc -fmodules-prune-interval\=86400 -Xcc -fmodules-prune-after\=345600 -Xcc -I/Users/admin/builder/spi-builder-workspace/.derivedData/Build/Products/Debug-watchos/include -Xcc -I/Users/admin/builder/spi-builder-workspace/.derivedData/Build/Intermediates.noindex/DiffableDataSources.build/Debug-watchos/DiffableDataSources-t.build/DerivedSources-normal/arm64 -Xcc -I/Users/admin/builder/spi-builder-workspace/.derivedData/Build/Intermediates.noindex/DiffableDataSources.build/Debug-watchos/DiffableDataSources-t.build/DerivedSources/arm64 -Xcc -I/Users/admin/builder/spi-builder-workspace/.derivedData/Build/Intermediates.noindex/DiffableDataSources.build/Debug-watchos/DiffableDataSources-t.build/DerivedSources -Xcc -DSWIFT_PACKAGE -Xcc -DDEBUG\=1 -no-auto-bridging-header-chaining -module-name DiffableDataSources -const-gather-protocols-file /Users/admin/builder/spi-builder-workspace/.derivedData/Build/Intermediates.noindex/DiffableDataSources.build/Debug-watchos/DiffableDataSources-t.build/Objects-normal/arm64/DiffableDataSources_const_extract_protocols.json -disable-clang-spi -clang-target arm64-apple-watchos27.0 -target-sdk-version 27.0 -target-sdk-name watchos27.0 -in-process-plugin-server-path /Applications/Xcode-27.0.0-Release.Candidate.app/Contents/Developer/Toolchains/XcodeDefault.xctoolchain/usr/lib/swift/host/libSwiftInProcPluginServer.dylib -parse-as-library -o /Users/admin/builder/spi-builder-workspace/.derivedData/Build/Intermediates.noindex/DiffableDataSources.build/Debug-watchos/DiffableDataSources-t.build/Objects-normal/arm64/DiffableDataSourceCore.o -debug-module-path /Users/admin/builder/spi-builder-workspace/.derivedData/Build/Intermediates.noindex/DiffableDataSources.build/Debug-watchos/DiffableDataSources-t.build/Objects-normal/arm64/DiffableDataSources.swiftmodule -index-unit-output-path /DiffableDataSources.build/Debug-watchos/DiffableDataSources-t.build/Objects-normal/arm64/DiffableDataSourceCore.o -index-store-path /Users/admin/builder/spi-builder-workspace/.derivedData/Index.noindex/DataStore -index-system-modules
SwiftCompile normal arm64 /Users/admin/builder/spi-builder-workspace/Sources/Internal/DiffableDataSourceCore.swift (in target 'DiffableDataSources' from project 'DiffableDataSources')
cd /Users/admin/builder/spi-builder-workspace/.swiftpm/xcode
builtin-SwiftPerFileCompile DiffableDataSourceCore.swift
SwiftDriverJobDiscovery normal arm64_32 Compiling DiffableDataSourceSnapshot.swift (in target 'DiffableDataSources' from project 'DiffableDataSources')
SwiftCompile normal arm64 Compiling\ TableViewDiffableDataSource.swift /Users/admin/builder/spi-builder-workspace/Sources/UIKit/TableViewDiffableDataSource.swift (in target 'DiffableDataSources' from project 'DiffableDataSources')
SwiftCompile normal arm64 /Users/admin/builder/spi-builder-workspace/Sources/UIKit/TableViewDiffableDataSource.swift (in target 'DiffableDataSources' from project 'DiffableDataSources')
cd /Users/admin/builder/spi-builder-workspace/.swiftpm/xcode
builtin-SwiftPerFileCompile TableViewDiffableDataSource.swift
SwiftDriverJobDiscovery normal arm64_32 Emitting module for DiffableDataSources (in target 'DiffableDataSources' from project 'DiffableDataSources')
SwiftDriver\ Compilation\ Requirements DiffableDataSources normal arm64_32 com.apple.xcode.tools.swift.compiler (in target 'DiffableDataSources' from project 'DiffableDataSources')
cd /Users/admin/builder/spi-builder-workspace/.swiftpm/xcode
builtin-Swift-Compilation-Requirements -- /Applications/Xcode-27.0.0-Release.Candidate.app/Contents/Developer/Toolchains/XcodeDefault.xctoolchain/usr/bin/swiftc -parse-as-library -module-name DiffableDataSources -Onone @/Users/admin/builder/spi-builder-workspace/.derivedData/Build/Intermediates.noindex/DiffableDataSources.build/Debug-watchos/DiffableDataSources-t.build/Objects-normal/arm64_32/DiffableDataSources.SwiftFileList -DSWIFT_PACKAGE -DDEBUG -DSWIFT_MODULE_RESOURCE_BUNDLE_UNAVAILABLE -DXcode -plugin-path /Applications/Xcode-27.0.0-Release.Candidate.app/Contents/Developer/Toolchains/XcodeDefault.xctoolchain/usr/lib/swift/host/plugins/testing -enable-experimental-feature DebugDescriptionMacro -sdk /Applications/Xcode-27.0.0-Release.Candidate.app/Contents/Developer/Platforms/WatchOS.platform/Developer/SDKs/WatchOS27.0.sdk -target arm64_32-apple-watchos9.0 -g -module-cache-path /Users/admin/builder/spi-builder-workspace/.derivedData/ModuleCache.noindex -Xfrontend -serialize-debugging-options -profile-coverage-mapping -profile-generate -enable-testing -index-store-path /Users/admin/builder/spi-builder-workspace/.derivedData/Index.noindex/DataStore -Xcc -D_LIBCPP_HARDENING_MODE\=_LIBCPP_HARDENING_MODE_DEBUG -swift-version 5 -I /Users/admin/builder/spi-builder-workspace/.derivedData/Build/Products/Debug-watchos -Isystem /Applications/Xcode-27.0.0-Release.Candidate.app/Contents/Developer/Platforms/WatchOS.platform/Developer/usr/lib -F /Users/admin/builder/spi-builder-workspace/.derivedData/Build/Products/Debug-watchos/PackageFrameworks -F /Users/admin/builder/spi-builder-workspace/.derivedData/Build/Products/Debug-watchos -F /Applications/Xcode-27.0.0-Release.Candidate.app/Contents/Developer/Platforms/WatchOS.platform/Developer/Library/Frameworks -F /Applications/Xcode-27.0.0-Release.Candidate.app/Contents/Developer/Platforms/WatchOS.platform/Developer/SDKs/WatchOS27.0.sdk/Developer/Library/Frameworks -c -j10 -enable-batch-mode -incremental -Xcc -ivfsstatcache -Xcc /Users/admin/builder/spi-builder-workspace/.derivedData/SDKStatCaches.noindex/watchos27.0-24R360-e829b21a6f8c9b70876ba0858053c04477534ef55a1706bf4c1112bbb242f0a2.sdkstatcache -output-file-map /Users/admin/builder/spi-builder-workspace/.derivedData/Build/Intermediates.noindex/DiffableDataSources.build/Debug-watchos/DiffableDataSources-t.build/Objects-normal/arm64_32/DiffableDataSources-OutputFileMap.json -save-temps -no-color-diagnostics -explicit-module-build -module-cache-path /Users/admin/builder/spi-builder-workspace/.derivedData/Build/Intermediates.noindex/SwiftExplicitPrecompiledModules -clang-scanner-module-cache-path /Users/admin/builder/spi-builder-workspace/.derivedData/ModuleCache.noindex -sdk-module-cache-path /Users/admin/builder/spi-builder-workspace/.derivedData/SDKExplicitPrecompiledModules -emit-dependencies -emit-module -emit-module-path /Users/admin/builder/spi-builder-workspace/.derivedData/Build/Intermediates.noindex/DiffableDataSources.build/Debug-watchos/DiffableDataSources-t.build/Objects-normal/arm64_32/DiffableDataSources.swiftmodule -serialize-diagnostics -dependency-scan-serialize-diagnostics-path /Users/admin/builder/spi-builder-workspace/.derivedData/Build/Intermediates.noindex/DiffableDataSources.build/Debug-watchos/DiffableDataSources-t.build/Objects-normal/arm64_32/DiffableDataSources-dependency-scan.dia -validate-clang-modules-once -clang-build-session-file /Users/admin/builder/spi-builder-workspace/.derivedData/ModuleCache.noindex/Session.modulevalidation -Xcc -fmodules-prune-interval\=86400 -Xcc -fmodules-prune-after\=345600 -emit-const-values -const-gather-protocols-list /Users/admin/builder/spi-builder-workspace/.derivedData/Build/Intermediates.noindex/DiffableDataSources.build/Debug-watchos/DiffableDataSources-t.build/Objects-normal/arm64_32/DiffableDataSources_const_extract_protocols.json -Xcc -I/Users/admin/builder/spi-builder-workspace/.derivedData/Build/Products/Debug-watchos/include -Xcc -I/Users/admin/builder/spi-builder-workspace/.derivedData/Build/Intermediates.noindex/DiffableDataSources.build/Debug-watchos/DiffableDataSources-t.build/DerivedSources-normal/arm64_32 -Xcc -I/Users/admin/builder/spi-builder-workspace/.derivedData/Build/Intermediates.noindex/DiffableDataSources.build/Debug-watchos/DiffableDataSources-t.build/DerivedSources/arm64_32 -Xcc -I/Users/admin/builder/spi-builder-workspace/.derivedData/Build/Intermediates.noindex/DiffableDataSources.build/Debug-watchos/DiffableDataSources-t.build/DerivedSources -Xcc -DSWIFT_PACKAGE -Xcc -DDEBUG\=1 -emit-objc-header -emit-objc-header-path /Users/admin/builder/spi-builder-workspace/.derivedData/Build/Intermediates.noindex/DiffableDataSources.build/Debug-watchos/DiffableDataSources-t.build/Objects-normal/arm64_32/DiffableDataSources-Swift.h -working-directory /Users/admin/builder/spi-builder-workspace/.swiftpm/xcode -experimental-emit-module-separately -disable-cmo
SwiftDriverJobDiscovery normal arm64_32 Compiling HashableExtension.swift (in target 'DiffableDataSources' from project 'DiffableDataSources')
SwiftCompile normal arm64 Compiling\ CocoaCollectionViewDiffableDataSource.swift /Users/admin/builder/spi-builder-workspace/Sources/AppKit/CocoaCollectionViewDiffableDataSource.swift (in target 'DiffableDataSources' from project 'DiffableDataSources')
SwiftCompile normal arm64 /Users/admin/builder/spi-builder-workspace/Sources/AppKit/CocoaCollectionViewDiffableDataSource.swift (in target 'DiffableDataSources' from project 'DiffableDataSources')
cd /Users/admin/builder/spi-builder-workspace/.swiftpm/xcode
builtin-SwiftPerFileCompile CocoaCollectionViewDiffableDataSource.swift
SwiftDriverJobDiscovery normal arm64 Compiling CollectionViewDiffableDataSource.swift (in target 'DiffableDataSources' from project 'DiffableDataSources')
Copy /Users/admin/builder/spi-builder-workspace/.derivedData/Build/Products/Debug-watchos/DiffableDataSources.swiftmodule/arm64_32-apple-watchos.swiftmodule /Users/admin/builder/spi-builder-workspace/.derivedData/Build/Intermediates.noindex/DiffableDataSources.build/Debug-watchos/DiffableDataSources-t.build/Objects-normal/arm64_32/DiffableDataSources.swiftmodule (in target 'DiffableDataSources' from project 'DiffableDataSources')
cd /Users/admin/builder/spi-builder-workspace
builtin-copy -exclude .DS_Store -exclude CVS -exclude .svn -exclude .git -exclude .hg -resolve-src-symlinks -rename /Users/admin/builder/spi-builder-workspace/.derivedData/Build/Intermediates.noindex/DiffableDataSources.build/Debug-watchos/DiffableDataSources-t.build/Objects-normal/arm64_32/DiffableDataSources.swiftmodule /Users/admin/builder/spi-builder-workspace/.derivedData/Build/Products/Debug-watchos/DiffableDataSources.swiftmodule/arm64_32-apple-watchos.swiftmodule
Copy /Users/admin/builder/spi-builder-workspace/.derivedData/Build/Products/Debug-watchos/DiffableDataSources.swiftmodule/arm64_32-apple-watchos.swiftdoc /Users/admin/builder/spi-builder-workspace/.derivedData/Build/Intermediates.noindex/DiffableDataSources.build/Debug-watchos/DiffableDataSources-t.build/Objects-normal/arm64_32/DiffableDataSources.swiftdoc (in target 'DiffableDataSources' from project 'DiffableDataSources')
cd /Users/admin/builder/spi-builder-workspace
builtin-copy -exclude .DS_Store -exclude CVS -exclude .svn -exclude .git -exclude .hg -resolve-src-symlinks -rename /Users/admin/builder/spi-builder-workspace/.derivedData/Build/Intermediates.noindex/DiffableDataSources.build/Debug-watchos/DiffableDataSources-t.build/Objects-normal/arm64_32/DiffableDataSources.swiftdoc /Users/admin/builder/spi-builder-workspace/.derivedData/Build/Products/Debug-watchos/DiffableDataSources.swiftmodule/arm64_32-apple-watchos.swiftdoc
SwiftDriverJobDiscovery normal arm64 Compiling UniversalError.swift (in target 'DiffableDataSources' from project 'DiffableDataSources')
Copy /Users/admin/builder/spi-builder-workspace/.derivedData/Build/Products/Debug-watchos/DiffableDataSources.swiftmodule/arm64_32-apple-watchos.abi.json /Users/admin/builder/spi-builder-workspace/.derivedData/Build/Intermediates.noindex/DiffableDataSources.build/Debug-watchos/DiffableDataSources-t.build/Objects-normal/arm64_32/DiffableDataSources.abi.json (in target 'DiffableDataSources' from project 'DiffableDataSources')
cd /Users/admin/builder/spi-builder-workspace
builtin-copy -exclude .DS_Store -exclude CVS -exclude .svn -exclude .git -exclude .hg -resolve-src-symlinks -rename /Users/admin/builder/spi-builder-workspace/.derivedData/Build/Intermediates.noindex/DiffableDataSources.build/Debug-watchos/DiffableDataSources-t.build/Objects-normal/arm64_32/DiffableDataSources.abi.json /Users/admin/builder/spi-builder-workspace/.derivedData/Build/Products/Debug-watchos/DiffableDataSources.swiftmodule/arm64_32-apple-watchos.abi.json
Copy /Users/admin/builder/spi-builder-workspace/.derivedData/Build/Products/Debug-watchos/DiffableDataSources.swiftmodule/Project/arm64_32-apple-watchos.swiftsourceinfo /Users/admin/builder/spi-builder-workspace/.derivedData/Build/Intermediates.noindex/DiffableDataSources.build/Debug-watchos/DiffableDataSources-t.build/Objects-normal/arm64_32/DiffableDataSources.swiftsourceinfo (in target 'DiffableDataSources' from project 'DiffableDataSources')
cd /Users/admin/builder/spi-builder-workspace
builtin-copy -exclude .DS_Store -exclude CVS -exclude .svn -exclude .git -exclude .hg -resolve-src-symlinks -rename /Users/admin/builder/spi-builder-workspace/.derivedData/Build/Intermediates.noindex/DiffableDataSources.build/Debug-watchos/DiffableDataSources-t.build/Objects-normal/arm64_32/DiffableDataSources.swiftsourceinfo /Users/admin/builder/spi-builder-workspace/.derivedData/Build/Products/Debug-watchos/DiffableDataSources.swiftmodule/Project/arm64_32-apple-watchos.swiftsourceinfo
SwiftCompile normal arm64 Compiling\ MainThreadSerialDispatcher.swift /Users/admin/builder/spi-builder-workspace/Sources/Internal/MainThreadSerialDispatcher.swift (in target 'DiffableDataSources' from project 'DiffableDataSources')
/Users/admin/builder/spi-builder-workspace/Sources/Internal/MainThreadSerialDispatcher.swift:16:21: warning: 'OSAtomicIncrement32' was deprecated in watchOS 3.0: Use atomic_fetch_add_explicit(memory_order_relaxed) from <stdatomic.h> instead [#DeprecatedDeclaration]
14 |
15 | func dispatch(_ action: @escaping () -> Void) {
16 | let count = OSAtomicIncrement32(executingCount)
| `- warning: 'OSAtomicIncrement32' was deprecated in watchOS 3.0: Use atomic_fetch_add_explicit(memory_order_relaxed) from <stdatomic.h> instead [#DeprecatedDeclaration]
17 |
18 | if Thread.isMainThread && count == 1 {
/Users/admin/builder/spi-builder-workspace/Sources/Internal/MainThreadSerialDispatcher.swift:20:13: warning: 'OSAtomicDecrement32' was deprecated in watchOS 3.0: Use atomic_fetch_sub_explicit(memory_order_relaxed) from <stdatomic.h> instead [#DeprecatedDeclaration]
18 | if Thread.isMainThread && count == 1 {
19 | action()
20 | OSAtomicDecrement32(executingCount)
| `- warning: 'OSAtomicDecrement32' was deprecated in watchOS 3.0: Use atomic_fetch_sub_explicit(memory_order_relaxed) from <stdatomic.h> instead [#DeprecatedDeclaration]
21 | }
22 | else {
/Users/admin/builder/spi-builder-workspace/Sources/Internal/MainThreadSerialDispatcher.swift:29:17: warning: 'OSAtomicDecrement32' was deprecated in watchOS 3.0: Use atomic_fetch_sub_explicit(memory_order_relaxed) from <stdatomic.h> instead [#DeprecatedDeclaration]
27 |
28 | action()
29 | OSAtomicDecrement32(self.executingCount)
| `- warning: 'OSAtomicDecrement32' was deprecated in watchOS 3.0: Use atomic_fetch_sub_explicit(memory_order_relaxed) from <stdatomic.h> instead [#DeprecatedDeclaration]
30 | }
31 | }
[#DeprecatedDeclaration]: <https://docs.swift.org/compiler/documentation/diagnostics/deprecated-declaration>
SwiftCompile normal arm64 /Users/admin/builder/spi-builder-workspace/Sources/Internal/MainThreadSerialDispatcher.swift (in target 'DiffableDataSources' from project 'DiffableDataSources')
cd /Users/admin/builder/spi-builder-workspace/.swiftpm/xcode
builtin-SwiftPerFileCompile MainThreadSerialDispatcher.swift
SwiftCompile normal arm64 Compiling\ HashableExtension.swift /Users/admin/builder/spi-builder-workspace/Sources/Internal/HashableExtension.swift (in target 'DiffableDataSources' from project 'DiffableDataSources')
SwiftCompile normal arm64 /Users/admin/builder/spi-builder-workspace/Sources/Internal/HashableExtension.swift (in target 'DiffableDataSources' from project 'DiffableDataSources')
cd /Users/admin/builder/spi-builder-workspace/.swiftpm/xcode
builtin-SwiftPerFileCompile HashableExtension.swift
SwiftCompile normal arm64 Compiling\ SnapshotStructure.swift /Users/admin/builder/spi-builder-workspace/Sources/Internal/SnapshotStructure.swift (in target 'DiffableDataSources' from project 'DiffableDataSources')
SwiftCompile normal arm64 /Users/admin/builder/spi-builder-workspace/Sources/Internal/SnapshotStructure.swift (in target 'DiffableDataSources' from project 'DiffableDataSources')
cd /Users/admin/builder/spi-builder-workspace/.swiftpm/xcode
builtin-SwiftPerFileCompile SnapshotStructure.swift
SwiftDriverJobDiscovery normal arm64 Compiling TableViewDiffableDataSource.swift (in target 'DiffableDataSources' from project 'DiffableDataSources')
SwiftDriverJobDiscovery normal arm64 Compiling DiffableDataSourceSnapshot.swift (in target 'DiffableDataSources' from project 'DiffableDataSources')
SwiftDriverJobDiscovery normal arm64 Emitting module for DiffableDataSources (in target 'DiffableDataSources' from project 'DiffableDataSources')
SwiftDriver\ Compilation\ Requirements DiffableDataSources normal arm64 com.apple.xcode.tools.swift.compiler (in target 'DiffableDataSources' from project 'DiffableDataSources')
cd /Users/admin/builder/spi-builder-workspace/.swiftpm/xcode
builtin-Swift-Compilation-Requirements -- /Applications/Xcode-27.0.0-Release.Candidate.app/Contents/Developer/Toolchains/XcodeDefault.xctoolchain/usr/bin/swiftc -parse-as-library -module-name DiffableDataSources -Onone @/Users/admin/builder/spi-builder-workspace/.derivedData/Build/Intermediates.noindex/DiffableDataSources.build/Debug-watchos/DiffableDataSources-t.build/Objects-normal/arm64/DiffableDataSources.SwiftFileList -DSWIFT_PACKAGE -DDEBUG -DSWIFT_MODULE_RESOURCE_BUNDLE_UNAVAILABLE -DXcode -plugin-path /Applications/Xcode-27.0.0-Release.Candidate.app/Contents/Developer/Toolchains/XcodeDefault.xctoolchain/usr/lib/swift/host/plugins/testing -enable-experimental-feature DebugDescriptionMacro -sdk /Applications/Xcode-27.0.0-Release.Candidate.app/Contents/Developer/Platforms/WatchOS.platform/Developer/SDKs/WatchOS27.0.sdk -target arm64-apple-watchos9.0 -g -module-cache-path /Users/admin/builder/spi-builder-workspace/.derivedData/ModuleCache.noindex -Xfrontend -serialize-debugging-options -profile-coverage-mapping -profile-generate -enable-testing -index-store-path /Users/admin/builder/spi-builder-workspace/.derivedData/Index.noindex/DataStore -Xcc -D_LIBCPP_HARDENING_MODE\=_LIBCPP_HARDENING_MODE_DEBUG -swift-version 5 -I /Users/admin/builder/spi-builder-workspace/.derivedData/Build/Products/Debug-watchos -Isystem /Applications/Xcode-27.0.0-Release.Candidate.app/Contents/Developer/Platforms/WatchOS.platform/Developer/usr/lib -F /Users/admin/builder/spi-builder-workspace/.derivedData/Build/Products/Debug-watchos/PackageFrameworks -F /Users/admin/builder/spi-builder-workspace/.derivedData/Build/Products/Debug-watchos -F /Applications/Xcode-27.0.0-Release.Candidate.app/Contents/Developer/Platforms/WatchOS.platform/Developer/Library/Frameworks -F /Applications/Xcode-27.0.0-Release.Candidate.app/Contents/Developer/Platforms/WatchOS.platform/Developer/SDKs/WatchOS27.0.sdk/Developer/Library/Frameworks -c -j10 -enable-batch-mode -incremental -Xcc -ivfsstatcache -Xcc /Users/admin/builder/spi-builder-workspace/.derivedData/SDKStatCaches.noindex/watchos27.0-24R360-e829b21a6f8c9b70876ba0858053c04477534ef55a1706bf4c1112bbb242f0a2.sdkstatcache -output-file-map /Users/admin/builder/spi-builder-workspace/.derivedData/Build/Intermediates.noindex/DiffableDataSources.build/Debug-watchos/DiffableDataSources-t.build/Objects-normal/arm64/DiffableDataSources-OutputFileMap.json -save-temps -no-color-diagnostics -explicit-module-build -module-cache-path /Users/admin/builder/spi-builder-workspace/.derivedData/Build/Intermediates.noindex/SwiftExplicitPrecompiledModules -clang-scanner-module-cache-path /Users/admin/builder/spi-builder-workspace/.derivedData/ModuleCache.noindex -sdk-module-cache-path /Users/admin/builder/spi-builder-workspace/.derivedData/SDKExplicitPrecompiledModules -emit-dependencies -emit-module -emit-module-path /Users/admin/builder/spi-builder-workspace/.derivedData/Build/Intermediates.noindex/DiffableDataSources.build/Debug-watchos/DiffableDataSources-t.build/Objects-normal/arm64/DiffableDataSources.swiftmodule -serialize-diagnostics -dependency-scan-serialize-diagnostics-path /Users/admin/builder/spi-builder-workspace/.derivedData/Build/Intermediates.noindex/DiffableDataSources.build/Debug-watchos/DiffableDataSources-t.build/Objects-normal/arm64/DiffableDataSources-dependency-scan.dia -validate-clang-modules-once -clang-build-session-file /Users/admin/builder/spi-builder-workspace/.derivedData/ModuleCache.noindex/Session.modulevalidation -Xcc -fmodules-prune-interval\=86400 -Xcc -fmodules-prune-after\=345600 -emit-const-values -const-gather-protocols-list /Users/admin/builder/spi-builder-workspace/.derivedData/Build/Intermediates.noindex/DiffableDataSources.build/Debug-watchos/DiffableDataSources-t.build/Objects-normal/arm64/DiffableDataSources_const_extract_protocols.json -Xcc -I/Users/admin/builder/spi-builder-workspace/.derivedData/Build/Products/Debug-watchos/include -Xcc -I/Users/admin/builder/spi-builder-workspace/.derivedData/Build/Intermediates.noindex/DiffableDataSources.build/Debug-watchos/DiffableDataSources-t.build/DerivedSources-normal/arm64 -Xcc -I/Users/admin/builder/spi-builder-workspace/.derivedData/Build/Intermediates.noindex/DiffableDataSources.build/Debug-watchos/DiffableDataSources-t.build/DerivedSources/arm64 -Xcc -I/Users/admin/builder/spi-builder-workspace/.derivedData/Build/Intermediates.noindex/DiffableDataSources.build/Debug-watchos/DiffableDataSources-t.build/DerivedSources -Xcc -DSWIFT_PACKAGE -Xcc -DDEBUG\=1 -emit-objc-header -emit-objc-header-path /Users/admin/builder/spi-builder-workspace/.derivedData/Build/Intermediates.noindex/DiffableDataSources.build/Debug-watchos/DiffableDataSources-t.build/Objects-normal/arm64/DiffableDataSources-Swift.h -working-directory /Users/admin/builder/spi-builder-workspace/.swiftpm/xcode -experimental-emit-module-separately -disable-cmo
SwiftMergeGeneratedHeaders /Users/admin/builder/spi-builder-workspace/.derivedData/Build/Intermediates.noindex/GeneratedModuleMaps-watchos/DiffableDataSources-Swift.h /Users/admin/builder/spi-builder-workspace/.derivedData/Build/Intermediates.noindex/DiffableDataSources.build/Debug-watchos/DiffableDataSources-t.build/Objects-normal/arm64/DiffableDataSources-Swift.h /Users/admin/builder/spi-builder-workspace/.derivedData/Build/Intermediates.noindex/DiffableDataSources.build/Debug-watchos/DiffableDataSources-t.build/Objects-normal/arm64_32/DiffableDataSources-Swift.h (in target 'DiffableDataSources' from project 'DiffableDataSources')
cd /Users/admin/builder/spi-builder-workspace
builtin-swiftHeaderTool -arch arm64 /Users/admin/builder/spi-builder-workspace/.derivedData/Build/Intermediates.noindex/DiffableDataSources.build/Debug-watchos/DiffableDataSources-t.build/Objects-normal/arm64/DiffableDataSources-Swift.h -arch arm64_32 /Users/admin/builder/spi-builder-workspace/.derivedData/Build/Intermediates.noindex/DiffableDataSources.build/Debug-watchos/DiffableDataSources-t.build/Objects-normal/arm64_32/DiffableDataSources-Swift.h -o /Users/admin/builder/spi-builder-workspace/.derivedData/Build/Intermediates.noindex/GeneratedModuleMaps-watchos/DiffableDataSources-Swift.h
Copy /Users/admin/builder/spi-builder-workspace/.derivedData/Build/Products/Debug-watchos/DiffableDataSources.swiftmodule/arm64-apple-watchos.swiftmodule /Users/admin/builder/spi-builder-workspace/.derivedData/Build/Intermediates.noindex/DiffableDataSources.build/Debug-watchos/DiffableDataSources-t.build/Objects-normal/arm64/DiffableDataSources.swiftmodule (in target 'DiffableDataSources' from project 'DiffableDataSources')
cd /Users/admin/builder/spi-builder-workspace
builtin-copy -exclude .DS_Store -exclude CVS -exclude .svn -exclude .git -exclude .hg -resolve-src-symlinks -rename /Users/admin/builder/spi-builder-workspace/.derivedData/Build/Intermediates.noindex/DiffableDataSources.build/Debug-watchos/DiffableDataSources-t.build/Objects-normal/arm64/DiffableDataSources.swiftmodule /Users/admin/builder/spi-builder-workspace/.derivedData/Build/Products/Debug-watchos/DiffableDataSources.swiftmodule/arm64-apple-watchos.swiftmodule
Copy /Users/admin/builder/spi-builder-workspace/.derivedData/Build/Products/Debug-watchos/DiffableDataSources.swiftmodule/arm64-apple-watchos.swiftdoc /Users/admin/builder/spi-builder-workspace/.derivedData/Build/Intermediates.noindex/DiffableDataSources.build/Debug-watchos/DiffableDataSources-t.build/Objects-normal/arm64/DiffableDataSources.swiftdoc (in target 'DiffableDataSources' from project 'DiffableDataSources')
cd /Users/admin/builder/spi-builder-workspace
builtin-copy -exclude .DS_Store -exclude CVS -exclude .svn -exclude .git -exclude .hg -resolve-src-symlinks -rename /Users/admin/builder/spi-builder-workspace/.derivedData/Build/Intermediates.noindex/DiffableDataSources.build/Debug-watchos/DiffableDataSources-t.build/Objects-normal/arm64/DiffableDataSources.swiftdoc /Users/admin/builder/spi-builder-workspace/.derivedData/Build/Products/Debug-watchos/DiffableDataSources.swiftmodule/arm64-apple-watchos.swiftdoc
Copy /Users/admin/builder/spi-builder-workspace/.derivedData/Build/Products/Debug-watchos/DiffableDataSources.swiftmodule/arm64-apple-watchos.abi.json /Users/admin/builder/spi-builder-workspace/.derivedData/Build/Intermediates.noindex/DiffableDataSources.build/Debug-watchos/DiffableDataSources-t.build/Objects-normal/arm64/DiffableDataSources.abi.json (in target 'DiffableDataSources' from project 'DiffableDataSources')
cd /Users/admin/builder/spi-builder-workspace
builtin-copy -exclude .DS_Store -exclude CVS -exclude .svn -exclude .git -exclude .hg -resolve-src-symlinks -rename /Users/admin/builder/spi-builder-workspace/.derivedData/Build/Intermediates.noindex/DiffableDataSources.build/Debug-watchos/DiffableDataSources-t.build/Objects-normal/arm64/DiffableDataSources.abi.json /Users/admin/builder/spi-builder-workspace/.derivedData/Build/Products/Debug-watchos/DiffableDataSources.swiftmodule/arm64-apple-watchos.abi.json
Copy /Users/admin/builder/spi-builder-workspace/.derivedData/Build/Products/Debug-watchos/DiffableDataSources.swiftmodule/Project/arm64-apple-watchos.swiftsourceinfo /Users/admin/builder/spi-builder-workspace/.derivedData/Build/Intermediates.noindex/DiffableDataSources.build/Debug-watchos/DiffableDataSources-t.build/Objects-normal/arm64/DiffableDataSources.swiftsourceinfo (in target 'DiffableDataSources' from project 'DiffableDataSources')
cd /Users/admin/builder/spi-builder-workspace
builtin-copy -exclude .DS_Store -exclude CVS -exclude .svn -exclude .git -exclude .hg -resolve-src-symlinks -rename /Users/admin/builder/spi-builder-workspace/.derivedData/Build/Intermediates.noindex/DiffableDataSources.build/Debug-watchos/DiffableDataSources-t.build/Objects-normal/arm64/DiffableDataSources.swiftsourceinfo /Users/admin/builder/spi-builder-workspace/.derivedData/Build/Products/Debug-watchos/DiffableDataSources.swiftmodule/Project/arm64-apple-watchos.swiftsourceinfo
SwiftDriverJobDiscovery normal arm64 Compiling CocoaCollectionViewDiffableDataSource.swift (in target 'DiffableDataSources' from project 'DiffableDataSources')
SwiftDriverJobDiscovery normal arm64 Compiling HashableExtension.swift (in target 'DiffableDataSources' from project 'DiffableDataSources')
SwiftDriverJobDiscovery normal arm64_32 Compiling MainThreadSerialDispatcher.swift (in target 'DiffableDataSources' from project 'DiffableDataSources')
SwiftDriverJobDiscovery normal arm64 Compiling MainThreadSerialDispatcher.swift (in target 'DiffableDataSources' from project 'DiffableDataSources')
PruneExplicitPrecompiledModules /Users/admin/builder/spi-builder-workspace/.derivedData/SDKExplicitPrecompiledModules
PruneExplicitPrecompiledModules /Users/admin/builder/spi-builder-workspace/.derivedData/Build/Intermediates.noindex/SwiftExplicitPrecompiledModules
PruneExplicitPrecompiledModules /Users/admin/builder/spi-builder-workspace/.derivedData/Build/Intermediates.noindex/ExplicitPrecompiledModules
2026-09-18 08:58:10.312 xcodebuild[742:4733] [MT] IDERunDestination: Supported platforms for the buildables in the current scheme is empty.
** BUILD FAILED **
The following build commands failed:
SwiftCompile normal arm64_32 Compiling\ DiffableDataSourceCore.swift /Users/admin/builder/spi-builder-workspace/Sources/Internal/DiffableDataSourceCore.swift (in target 'DiffableDataSources' from project 'DiffableDataSources')
SwiftCompile normal arm64_32 /Users/admin/builder/spi-builder-workspace/Sources/Internal/DiffableDataSourceCore.swift (in target 'DiffableDataSources' from project 'DiffableDataSources')
SwiftCompile normal arm64 Compiling\ DiffableDataSourceCore.swift /Users/admin/builder/spi-builder-workspace/Sources/Internal/DiffableDataSourceCore.swift (in target 'DiffableDataSources' from project 'DiffableDataSources')
SwiftCompile normal arm64 /Users/admin/builder/spi-builder-workspace/Sources/Internal/DiffableDataSourceCore.swift (in target 'DiffableDataSources' from project 'DiffableDataSources')
Building workspace DiffableDataSources with scheme DiffableDataSources
(5 failures)
Command line invocation:
/Applications/Xcode-27.0.0-Release.Candidate.app/Contents/Developer/usr/bin/xcodebuild -IDEClonedSourcePackagesDirPathOverride=/Users/admin/builder/spi-builder-workspace/.dependencies -resolvePackageDependencies
Resolve Package Graph
Resolved source packages:
DiffableDataSources: /Users/admin/builder/spi-builder-workspace
DifferenceKit: https://github.com/ra1028/DifferenceKit.git @ 1.2.0
resolved source packages: DiffableDataSources, DifferenceKit
2026-09-18 08:58:17.150 xcodebuild[872:5286] [MT] IDERunDestination: Supported platforms for the buildables in the current scheme is empty.
{
"dependencies" : [
{
"identity" : "differencekit",
"requirement" : {
"range" : [
{
"lower_bound" : "1.2.0",
"upper_bound" : "1.3.0"
}
]
},
"type" : "sourceControl",
"url" : "https://github.com/ra1028/DifferenceKit.git"
}
],
"manifest_display_name" : "DiffableDataSources",
"name" : "DiffableDataSources",
"path" : "/Users/admin/builder/spi-builder-workspace",
"platforms" : [
{
"name" : "ios",
"version" : "9.0"
},
{
"name" : "macos",
"version" : "10.11"
},
{
"name" : "tvos",
"version" : "9.0"
}
],
"products" : [
{
"name" : "DiffableDataSources",
"targets" : [
"DiffableDataSources"
],
"type" : {
"library" : [
"automatic"
]
}
}
],
"swift_languages_versions" : [
"5"
],
"targets" : [
{
"c99name" : "DiffableDataSourcesTests",
"module_type" : "SwiftTarget",
"name" : "DiffableDataSourcesTests",
"path" : "Tests",
"sources" : [
"CocoaCollectionViewDiffableDataSourceTests.swift",
"CollectionViewDiffableDataSourceTests.swift",
"DiffableDataSourceTests.swift",
"MainThreadSerialDispatcherTests.swift",
"TableViewDiffableDataSourceTests.swift"
],
"target_dependencies" : [
"DiffableDataSources"
],
"type" : "test"
},
{
"c99name" : "DiffableDataSources",
"module_type" : "SwiftTarget",
"name" : "DiffableDataSources",
"path" : "Sources",
"product_dependencies" : [
"DifferenceKit"
],
"product_memberships" : [
"DiffableDataSources"
],
"sources" : [
"AppKit/CocoaCollectionViewDiffableDataSource.swift",
"DiffableDataSourceSnapshot.swift",
"Internal/DiffableDataSourceCore.swift",
"Internal/HashableExtension.swift",
"Internal/MainThreadSerialDispatcher.swift",
"Internal/SnapshotStructure.swift",
"Internal/UniversalError.swift",
"UIKit/CollectionViewDiffableDataSource.swift",
"UIKit/TableViewDiffableDataSource.swift"
],
"type" : "library"
}
],
"tools_version" : "5.0"
}
{
"workspace" : {
"name" : "DiffableDataSources",
"schemes" : [
"DiffableDataSources"
]
}
}
2026-09-18 08:58:18.394 xcodebuild[880:5353] [MT] IDERunDestination: Supported platforms for the buildables in the current scheme is empty.
Running build ...
env DEVELOPER_DIR=/Applications/Xcode-27.0.0-Release.Candidate.app xcrun xcodebuild -IDEClonedSourcePackagesDirPathOverride=$PWD/.dependencies -skipMacroValidation -skipPackagePluginValidation -derivedDataPath $PWD/.derivedData build -scheme DiffableDataSources -destination generic/platform=watchOS
Command line invocation:
/Applications/Xcode-27.0.0-Release.Candidate.app/Contents/Developer/usr/bin/xcodebuild -IDEClonedSourcePackagesDirPathOverride=/Users/admin/builder/spi-builder-workspace/.dependencies -skipMacroValidation -skipPackagePluginValidation -derivedDataPath /Users/admin/builder/spi-builder-workspace/.derivedData build -scheme DiffableDataSources -destination generic/platform=watchOS
Resolve Package Graph
Resolved source packages:
DiffableDataSources: /Users/admin/builder/spi-builder-workspace
DifferenceKit: https://github.com/ra1028/DifferenceKit.git @ 1.2.0
ComputePackagePrebuildTargetDependencyGraph
Prepare packages
CreateBuildRequest
SendProjectDescription
CreateBuildOperation
ComputeTargetDependencyGraph
note: Building targets in dependency order
note: Target dependency graph (4 targets)
Target 'DiffableDataSources-product' in project 'DiffableDataSources'
➜ Explicit dependency on target 'DiffableDataSources' in project 'DiffableDataSources'
➜ Explicit dependency on target 'DifferenceKit-product' in project 'DifferenceKit'
Target 'DiffableDataSources' in project 'DiffableDataSources'
➜ Explicit dependency on target 'DifferenceKit-product' in project 'DifferenceKit'
Target 'DifferenceKit-product' in project 'DifferenceKit'
➜ Explicit dependency on target 'DifferenceKit' in project 'DifferenceKit'
Target 'DifferenceKit' in project 'DifferenceKit' (no dependencies)
GatherProvisioningInputs
CreateBuildDescription
ClangStatCache /Applications/Xcode-27.0.0-Release.Candidate.app/Contents/Developer/Toolchains/XcodeDefault.xctoolchain/usr/bin/clang-stat-cache /Applications/Xcode-27.0.0-Release.Candidate.app/Contents/Developer/Platforms/WatchOS.platform/Developer/SDKs/WatchOS27.0.sdk /Users/admin/builder/spi-builder-workspace/.derivedData/SDKStatCaches.noindex/watchos27.0-24R360-e829b21a6f8c9b70876ba0858053c04477534ef55a1706bf4c1112bbb242f0a2.sdkstatcache
cd /Users/admin/builder/spi-builder-workspace/.swiftpm/xcode
/Applications/Xcode-27.0.0-Release.Candidate.app/Contents/Developer/Toolchains/XcodeDefault.xctoolchain/usr/bin/clang-stat-cache /Applications/Xcode-27.0.0-Release.Candidate.app/Contents/Developer/Platforms/WatchOS.platform/Developer/SDKs/WatchOS27.0.sdk -o /Users/admin/builder/spi-builder-workspace/.derivedData/SDKStatCaches.noindex/watchos27.0-24R360-e829b21a6f8c9b70876ba0858053c04477534ef55a1706bf4c1112bbb242f0a2.sdkstatcache
SwiftDriver DiffableDataSources normal arm64 com.apple.xcode.tools.swift.compiler (in target 'DiffableDataSources' from project 'DiffableDataSources')
cd /Users/admin/builder/spi-builder-workspace/.swiftpm/xcode
builtin-SwiftDriver -- /Applications/Xcode-27.0.0-Release.Candidate.app/Contents/Developer/Toolchains/XcodeDefault.xctoolchain/usr/bin/swiftc -parse-as-library -module-name DiffableDataSources -Onone @/Users/admin/builder/spi-builder-workspace/.derivedData/Build/Intermediates.noindex/DiffableDataSources.build/Debug-watchos/DiffableDataSources-t.build/Objects-normal/arm64/DiffableDataSources.SwiftFileList -DSWIFT_PACKAGE -DDEBUG -DSWIFT_MODULE_RESOURCE_BUNDLE_UNAVAILABLE -DXcode -plugin-path /Applications/Xcode-27.0.0-Release.Candidate.app/Contents/Developer/Toolchains/XcodeDefault.xctoolchain/usr/lib/swift/host/plugins/testing -enable-experimental-feature DebugDescriptionMacro -sdk /Applications/Xcode-27.0.0-Release.Candidate.app/Contents/Developer/Platforms/WatchOS.platform/Developer/SDKs/WatchOS27.0.sdk -target arm64-apple-watchos9.0 -g -module-cache-path /Users/admin/builder/spi-builder-workspace/.derivedData/ModuleCache.noindex -Xfrontend -serialize-debugging-options -profile-coverage-mapping -profile-generate -enable-testing -index-store-path /Users/admin/builder/spi-builder-workspace/.derivedData/Index.noindex/DataStore -Xcc -D_LIBCPP_HARDENING_MODE\=_LIBCPP_HARDENING_MODE_DEBUG -swift-version 5 -I /Users/admin/builder/spi-builder-workspace/.derivedData/Build/Products/Debug-watchos -Isystem /Applications/Xcode-27.0.0-Release.Candidate.app/Contents/Developer/Platforms/WatchOS.platform/Developer/usr/lib -F /Users/admin/builder/spi-builder-workspace/.derivedData/Build/Products/Debug-watchos/PackageFrameworks -F /Users/admin/builder/spi-builder-workspace/.derivedData/Build/Products/Debug-watchos -F /Applications/Xcode-27.0.0-Release.Candidate.app/Contents/Developer/Platforms/WatchOS.platform/Developer/Library/Frameworks -F /Applications/Xcode-27.0.0-Release.Candidate.app/Contents/Developer/Platforms/WatchOS.platform/Developer/SDKs/WatchOS27.0.sdk/Developer/Library/Frameworks -c -j10 -enable-batch-mode -incremental -Xcc -ivfsstatcache -Xcc /Users/admin/builder/spi-builder-workspace/.derivedData/SDKStatCaches.noindex/watchos27.0-24R360-e829b21a6f8c9b70876ba0858053c04477534ef55a1706bf4c1112bbb242f0a2.sdkstatcache -output-file-map /Users/admin/builder/spi-builder-workspace/.derivedData/Build/Intermediates.noindex/DiffableDataSources.build/Debug-watchos/DiffableDataSources-t.build/Objects-normal/arm64/DiffableDataSources-OutputFileMap.json -save-temps -no-color-diagnostics -explicit-module-build -module-cache-path /Users/admin/builder/spi-builder-workspace/.derivedData/Build/Intermediates.noindex/SwiftExplicitPrecompiledModules -clang-scanner-module-cache-path /Users/admin/builder/spi-builder-workspace/.derivedData/ModuleCache.noindex -sdk-module-cache-path /Users/admin/builder/spi-builder-workspace/.derivedData/SDKExplicitPrecompiledModules -emit-dependencies -emit-module -emit-module-path /Users/admin/builder/spi-builder-workspace/.derivedData/Build/Intermediates.noindex/DiffableDataSources.build/Debug-watchos/DiffableDataSources-t.build/Objects-normal/arm64/DiffableDataSources.swiftmodule -serialize-diagnostics -dependency-scan-serialize-diagnostics-path /Users/admin/builder/spi-builder-workspace/.derivedData/Build/Intermediates.noindex/DiffableDataSources.build/Debug-watchos/DiffableDataSources-t.build/Objects-normal/arm64/DiffableDataSources-dependency-scan.dia -validate-clang-modules-once -clang-build-session-file /Users/admin/builder/spi-builder-workspace/.derivedData/ModuleCache.noindex/Session.modulevalidation -Xcc -fmodules-prune-interval\=86400 -Xcc -fmodules-prune-after\=345600 -emit-const-values -const-gather-protocols-list /Users/admin/builder/spi-builder-workspace/.derivedData/Build/Intermediates.noindex/DiffableDataSources.build/Debug-watchos/DiffableDataSources-t.build/Objects-normal/arm64/DiffableDataSources_const_extract_protocols.json -Xcc -I/Users/admin/builder/spi-builder-workspace/.derivedData/Build/Products/Debug-watchos/include -Xcc -I/Users/admin/builder/spi-builder-workspace/.derivedData/Build/Intermediates.noindex/DiffableDataSources.build/Debug-watchos/DiffableDataSources-t.build/DerivedSources-normal/arm64 -Xcc -I/Users/admin/builder/spi-builder-workspace/.derivedData/Build/Intermediates.noindex/DiffableDataSources.build/Debug-watchos/DiffableDataSources-t.build/DerivedSources/arm64 -Xcc -I/Users/admin/builder/spi-builder-workspace/.derivedData/Build/Intermediates.noindex/DiffableDataSources.build/Debug-watchos/DiffableDataSources-t.build/DerivedSources -Xcc -DSWIFT_PACKAGE -Xcc -DDEBUG\=1 -emit-objc-header -emit-objc-header-path /Users/admin/builder/spi-builder-workspace/.derivedData/Build/Intermediates.noindex/DiffableDataSources.build/Debug-watchos/DiffableDataSources-t.build/Objects-normal/arm64/DiffableDataSources-Swift.h -working-directory /Users/admin/builder/spi-builder-workspace/.swiftpm/xcode -experimental-emit-module-separately -disable-cmo
SwiftDriver DiffableDataSources normal arm64_32 com.apple.xcode.tools.swift.compiler (in target 'DiffableDataSources' from project 'DiffableDataSources')
cd /Users/admin/builder/spi-builder-workspace/.swiftpm/xcode
builtin-SwiftDriver -- /Applications/Xcode-27.0.0-Release.Candidate.app/Contents/Developer/Toolchains/XcodeDefault.xctoolchain/usr/bin/swiftc -parse-as-library -module-name DiffableDataSources -Onone @/Users/admin/builder/spi-builder-workspace/.derivedData/Build/Intermediates.noindex/DiffableDataSources.build/Debug-watchos/DiffableDataSources-t.build/Objects-normal/arm64_32/DiffableDataSources.SwiftFileList -DSWIFT_PACKAGE -DDEBUG -DSWIFT_MODULE_RESOURCE_BUNDLE_UNAVAILABLE -DXcode -plugin-path /Applications/Xcode-27.0.0-Release.Candidate.app/Contents/Developer/Toolchains/XcodeDefault.xctoolchain/usr/lib/swift/host/plugins/testing -enable-experimental-feature DebugDescriptionMacro -sdk /Applications/Xcode-27.0.0-Release.Candidate.app/Contents/Developer/Platforms/WatchOS.platform/Developer/SDKs/WatchOS27.0.sdk -target arm64_32-apple-watchos9.0 -g -module-cache-path /Users/admin/builder/spi-builder-workspace/.derivedData/ModuleCache.noindex -Xfrontend -serialize-debugging-options -profile-coverage-mapping -profile-generate -enable-testing -index-store-path /Users/admin/builder/spi-builder-workspace/.derivedData/Index.noindex/DataStore -Xcc -D_LIBCPP_HARDENING_MODE\=_LIBCPP_HARDENING_MODE_DEBUG -swift-version 5 -I /Users/admin/builder/spi-builder-workspace/.derivedData/Build/Products/Debug-watchos -Isystem /Applications/Xcode-27.0.0-Release.Candidate.app/Contents/Developer/Platforms/WatchOS.platform/Developer/usr/lib -F /Users/admin/builder/spi-builder-workspace/.derivedData/Build/Products/Debug-watchos/PackageFrameworks -F /Users/admin/builder/spi-builder-workspace/.derivedData/Build/Products/Debug-watchos -F /Applications/Xcode-27.0.0-Release.Candidate.app/Contents/Developer/Platforms/WatchOS.platform/Developer/Library/Frameworks -F /Applications/Xcode-27.0.0-Release.Candidate.app/Contents/Developer/Platforms/WatchOS.platform/Developer/SDKs/WatchOS27.0.sdk/Developer/Library/Frameworks -c -j10 -enable-batch-mode -incremental -Xcc -ivfsstatcache -Xcc /Users/admin/builder/spi-builder-workspace/.derivedData/SDKStatCaches.noindex/watchos27.0-24R360-e829b21a6f8c9b70876ba0858053c04477534ef55a1706bf4c1112bbb242f0a2.sdkstatcache -output-file-map /Users/admin/builder/spi-builder-workspace/.derivedData/Build/Intermediates.noindex/DiffableDataSources.build/Debug-watchos/DiffableDataSources-t.build/Objects-normal/arm64_32/DiffableDataSources-OutputFileMap.json -save-temps -no-color-diagnostics -explicit-module-build -module-cache-path /Users/admin/builder/spi-builder-workspace/.derivedData/Build/Intermediates.noindex/SwiftExplicitPrecompiledModules -clang-scanner-module-cache-path /Users/admin/builder/spi-builder-workspace/.derivedData/ModuleCache.noindex -sdk-module-cache-path /Users/admin/builder/spi-builder-workspace/.derivedData/SDKExplicitPrecompiledModules -emit-dependencies -emit-module -emit-module-path /Users/admin/builder/spi-builder-workspace/.derivedData/Build/Intermediates.noindex/DiffableDataSources.build/Debug-watchos/DiffableDataSources-t.build/Objects-normal/arm64_32/DiffableDataSources.swiftmodule -serialize-diagnostics -dependency-scan-serialize-diagnostics-path /Users/admin/builder/spi-builder-workspace/.derivedData/Build/Intermediates.noindex/DiffableDataSources.build/Debug-watchos/DiffableDataSources-t.build/Objects-normal/arm64_32/DiffableDataSources-dependency-scan.dia -validate-clang-modules-once -clang-build-session-file /Users/admin/builder/spi-builder-workspace/.derivedData/ModuleCache.noindex/Session.modulevalidation -Xcc -fmodules-prune-interval\=86400 -Xcc -fmodules-prune-after\=345600 -emit-const-values -const-gather-protocols-list /Users/admin/builder/spi-builder-workspace/.derivedData/Build/Intermediates.noindex/DiffableDataSources.build/Debug-watchos/DiffableDataSources-t.build/Objects-normal/arm64_32/DiffableDataSources_const_extract_protocols.json -Xcc -I/Users/admin/builder/spi-builder-workspace/.derivedData/Build/Products/Debug-watchos/include -Xcc -I/Users/admin/builder/spi-builder-workspace/.derivedData/Build/Intermediates.noindex/DiffableDataSources.build/Debug-watchos/DiffableDataSources-t.build/DerivedSources-normal/arm64_32 -Xcc -I/Users/admin/builder/spi-builder-workspace/.derivedData/Build/Intermediates.noindex/DiffableDataSources.build/Debug-watchos/DiffableDataSources-t.build/DerivedSources/arm64_32 -Xcc -I/Users/admin/builder/spi-builder-workspace/.derivedData/Build/Intermediates.noindex/DiffableDataSources.build/Debug-watchos/DiffableDataSources-t.build/DerivedSources -Xcc -DSWIFT_PACKAGE -Xcc -DDEBUG\=1 -emit-objc-header -emit-objc-header-path /Users/admin/builder/spi-builder-workspace/.derivedData/Build/Intermediates.noindex/DiffableDataSources.build/Debug-watchos/DiffableDataSources-t.build/Objects-normal/arm64_32/DiffableDataSources-Swift.h -working-directory /Users/admin/builder/spi-builder-workspace/.swiftpm/xcode -experimental-emit-module-separately -disable-cmo
SwiftEmitModule normal arm64_32 Emitting\ module\ for\ DiffableDataSources (in target 'DiffableDataSources' from project 'DiffableDataSources')
SwiftCompile normal arm64_32 (in target 'DiffableDataSources' from project 'DiffableDataSources')
cd /Users/admin/builder/spi-builder-workspace/.swiftpm/xcode
SwiftEmitModule normal arm64 Emitting\ module\ for\ DiffableDataSources (in target 'DiffableDataSources' from project 'DiffableDataSources')
SwiftCompile normal arm64 (in target 'DiffableDataSources' from project 'DiffableDataSources')
cd /Users/admin/builder/spi-builder-workspace/.swiftpm/xcode
SwiftCompile normal arm64_32 Compiling\ DiffableDataSourceCore.swift /Users/admin/builder/spi-builder-workspace/Sources/Internal/DiffableDataSourceCore.swift (in target 'DiffableDataSources' from project 'DiffableDataSources')
/Users/admin/builder/spi-builder-workspace/Sources/Internal/DiffableDataSourceCore.swift:39:13: error: 'CATransaction' is unavailable in watchOS
37 | }
38 |
39 | CATransaction.begin()
| `- error: 'CATransaction' is unavailable in watchOS
40 | CATransaction.setCompletionBlock(completion)
41 |
/Applications/Xcode-27.0.0-Release.Candidate.app/Contents/Developer/Platforms/WatchOS.platform/Developer/SDKs/WatchOS27.0.sdk/System/Library/Frameworks/QuartzCore.framework/Headers/CATransaction.h:34:12: note: 'CATransaction' has been explicitly marked unavailable here
32 |
33 | API_AVAILABLE(macos(10.5), ios(2.0), tvos(9.0)) API_UNAVAILABLE(watchos)
34 | @interface CATransaction : NSObject
| `- note: 'CATransaction' has been explicitly marked unavailable here
35 |
36 | /* Begin a new transaction for the current thread; nests. */
/Users/admin/builder/spi-builder-workspace/Sources/Internal/DiffableDataSourceCore.swift:40:13: error: 'CATransaction' is unavailable in watchOS
38 |
39 | CATransaction.begin()
40 | CATransaction.setCompletionBlock(completion)
| `- error: 'CATransaction' is unavailable in watchOS
41 |
42 | if animatingDifferences {
/Applications/Xcode-27.0.0-Release.Candidate.app/Contents/Developer/Platforms/WatchOS.platform/Developer/SDKs/WatchOS27.0.sdk/System/Library/Frameworks/QuartzCore.framework/Headers/CATransaction.h:34:12: note: 'CATransaction' has been explicitly marked unavailable here
32 |
33 | API_AVAILABLE(macos(10.5), ios(2.0), tvos(9.0)) API_UNAVAILABLE(watchos)
34 | @interface CATransaction : NSObject
| `- note: 'CATransaction' has been explicitly marked unavailable here
35 |
36 | /* Begin a new transaction for the current thread; nests. */
/Users/admin/builder/spi-builder-workspace/Sources/Internal/DiffableDataSourceCore.swift:46:17: error: 'CATransaction' is unavailable in watchOS
44 | }
45 | else {
46 | CATransaction.setDisableActions(true)
| `- error: 'CATransaction' is unavailable in watchOS
47 | performDiffingUpdates()
48 | }
/Applications/Xcode-27.0.0-Release.Candidate.app/Contents/Developer/Platforms/WatchOS.platform/Developer/SDKs/WatchOS27.0.sdk/System/Library/Frameworks/QuartzCore.framework/Headers/CATransaction.h:34:12: note: 'CATransaction' has been explicitly marked unavailable here
32 |
33 | API_AVAILABLE(macos(10.5), ios(2.0), tvos(9.0)) API_UNAVAILABLE(watchos)
34 | @interface CATransaction : NSObject
| `- note: 'CATransaction' has been explicitly marked unavailable here
35 |
36 | /* Begin a new transaction for the current thread; nests. */
/Users/admin/builder/spi-builder-workspace/Sources/Internal/DiffableDataSourceCore.swift:50:13: error: 'CATransaction' is unavailable in watchOS
48 | }
49 |
50 | CATransaction.commit()
| `- error: 'CATransaction' is unavailable in watchOS
51 | }
52 | }
/Applications/Xcode-27.0.0-Release.Candidate.app/Contents/Developer/Platforms/WatchOS.platform/Developer/SDKs/WatchOS27.0.sdk/System/Library/Frameworks/QuartzCore.framework/Headers/CATransaction.h:34:12: note: 'CATransaction' has been explicitly marked unavailable here
32 |
33 | API_AVAILABLE(macos(10.5), ios(2.0), tvos(9.0)) API_UNAVAILABLE(watchos)
34 | @interface CATransaction : NSObject
| `- note: 'CATransaction' has been explicitly marked unavailable here
35 |
36 | /* Begin a new transaction for the current thread; nests. */
/Users/admin/builder/spi-builder-workspace/Sources/Internal/DiffableDataSourceCore.swift:61:50: error: value of type 'IndexPath' has no member 'section'
59 |
60 | func itemIdentifier(for indexPath: IndexPath) -> ItemIdentifierType? {
61 | guard 0..<sections.endIndex ~= indexPath.section else {
| `- error: value of type 'IndexPath' has no member 'section'
62 | return nil
63 | }
/Users/admin/builder/spi-builder-workspace/Sources/Internal/DiffableDataSourceCore.swift:65:40: error: value of type 'IndexPath' has no member 'section'
63 | }
64 |
65 | let items = sections[indexPath.section].elements
| `- error: value of type 'IndexPath' has no member 'section'
66 |
67 | guard 0..<items.endIndex ~= indexPath.item else {
/Users/admin/builder/spi-builder-workspace/Sources/Internal/DiffableDataSourceCore.swift:67:47: error: value of type 'IndexPath' has no member 'item'
65 | let items = sections[indexPath.section].elements
66 |
67 | guard 0..<items.endIndex ~= indexPath.item else {
| `- error: value of type 'IndexPath' has no member 'item'
68 | return nil
69 | }
/Users/admin/builder/spi-builder-workspace/Sources/Internal/DiffableDataSourceCore.swift:71:32: error: value of type 'IndexPath' has no member 'item'
69 | }
70 |
71 | return items[indexPath.item].differenceIdentifier
| `- error: value of type 'IndexPath' has no member 'item'
72 | }
73 |
/Users/admin/builder/spi-builder-workspace/Sources/Internal/DiffableDataSourceCore.swift:86:66: error: argument passed to call that takes no arguments
84 | .reduce(into: [:]) { result, section in
85 | for (itemIndex, item) in section.element.elements.enumerated() {
86 | result[item.differenceIdentifier] = IndexPath(
| `- error: argument passed to call that takes no arguments
87 | item: itemIndex,
88 | section: section.offset
Failed frontend command:
/Applications/Xcode-27.0.0-Release.Candidate.app/Contents/Developer/Toolchains/XcodeDefault.xctoolchain/usr/bin/swift-frontend -frontend -c /Users/admin/builder/spi-builder-workspace/Sources/AppKit/CocoaCollectionViewDiffableDataSource.swift /Users/admin/builder/spi-builder-workspace/Sources/DiffableDataSourceSnapshot.swift -primary-file /Users/admin/builder/spi-builder-workspace/Sources/Internal/DiffableDataSourceCore.swift /Users/admin/builder/spi-builder-workspace/Sources/Internal/HashableExtension.swift /Users/admin/builder/spi-builder-workspace/Sources/Internal/MainThreadSerialDispatcher.swift /Users/admin/builder/spi-builder-workspace/Sources/Internal/SnapshotStructure.swift /Users/admin/builder/spi-builder-workspace/Sources/Internal/UniversalError.swift /Users/admin/builder/spi-builder-workspace/Sources/UIKit/CollectionViewDiffableDataSource.swift /Users/admin/builder/spi-builder-workspace/Sources/UIKit/TableViewDiffableDataSource.swift -emit-dependencies-path /Users/admin/builder/spi-builder-workspace/.derivedData/Build/Intermediates.noindex/DiffableDataSources.build/Debug-watchos/DiffableDataSources-t.build/Objects-normal/arm64_32/DiffableDataSourceCore.d -emit-const-values-path /Users/admin/builder/spi-builder-workspace/.derivedData/Build/Intermediates.noindex/DiffableDataSources.build/Debug-watchos/DiffableDataSources-t.build/Objects-normal/arm64_32/DiffableDataSourceCore.swiftconstvalues -emit-reference-dependencies-path /Users/admin/builder/spi-builder-workspace/.derivedData/Build/Intermediates.noindex/DiffableDataSources.build/Debug-watchos/DiffableDataSources-t.build/Objects-normal/arm64_32/DiffableDataSourceCore.swiftdeps -serialize-diagnostics-path /Users/admin/builder/spi-builder-workspace/.derivedData/Build/Intermediates.noindex/DiffableDataSources.build/Debug-watchos/DiffableDataSources-t.build/Objects-normal/arm64_32/DiffableDataSourceCore.dia -target arm64_32-apple-watchos9.0 -disable-cross-import-overlay-search -load-resolved-plugin /Applications/Xcode-27.0.0-Release.Candidate.app/Contents/Developer/Platforms/WatchOS.platform/Developer/usr/lib/swift/host/plugins/libFoundationMacros.dylib\#/Applications/Xcode-27.0.0-Release.Candidate.app/Contents/Developer/Platforms/WatchOS.platform/Developer/usr/bin/swift-plugin-server\#FoundationMacros -load-resolved-plugin /Applications/Xcode-27.0.0-Release.Candidate.app/Contents/Developer/Platforms/WatchOS.platform/Developer/usr/lib/swift/host/plugins/libObservationMacros.dylib\#/Applications/Xcode-27.0.0-Release.Candidate.app/Contents/Developer/Platforms/WatchOS.platform/Developer/usr/bin/swift-plugin-server\#ObservationMacros -load-resolved-plugin /Applications/Xcode-27.0.0-Release.Candidate.app/Contents/Developer/Platforms/WatchOS.platform/Developer/usr/lib/swift/host/plugins/libSwiftMacros.dylib\#/Applications/Xcode-27.0.0-Release.Candidate.app/Contents/Developer/Platforms/WatchOS.platform/Developer/usr/bin/swift-plugin-server\#SwiftMacros -disable-implicit-swift-modules -Xcc -fno-implicit-modules -Xcc -fno-implicit-module-maps -explicit-swift-module-map-file /Users/admin/builder/spi-builder-workspace/.derivedData/Build/Intermediates.noindex/DiffableDataSources.build/Debug-watchos/DiffableDataSources-t.build/Objects-normal/arm64_32/DiffableDataSources-dependencies-2.json -enable-objc-interop -sdk /Applications/Xcode-27.0.0-Release.Candidate.app/Contents/Developer/Platforms/WatchOS.platform/Developer/SDKs/WatchOS27.0.sdk -I /Users/admin/builder/spi-builder-workspace/.derivedData/Build/Products/Debug-watchos -Isystem /Applications/Xcode-27.0.0-Release.Candidate.app/Contents/Developer/Platforms/WatchOS.platform/Developer/usr/lib -F /Users/admin/builder/spi-builder-workspace/.derivedData/Build/Products/Debug-watchos/PackageFrameworks -F /Users/admin/builder/spi-builder-workspace/.derivedData/Build/Products/Debug-watchos -F /Applications/Xcode-27.0.0-Release.Candidate.app/Contents/Developer/Platforms/WatchOS.platform/Developer/Library/Frameworks -F /Applications/Xcode-27.0.0-Release.Candidate.app/Contents/Developer/Platforms/WatchOS.platform/Developer/SDKs/WatchOS27.0.sdk/Developer/Library/Frameworks -module-cache-path /Users/admin/builder/spi-builder-workspace/.derivedData/Build/Intermediates.noindex/SwiftExplicitPrecompiledModules -no-color-diagnostics -Xcc -fno-color-diagnostics -enable-testing -g -debug-info-format\=dwarf -dwarf-version\=4 -profile-generate -profile-coverage-mapping -swift-version 5 -Onone -D SWIFT_PACKAGE -D DEBUG -D SWIFT_MODULE_RESOURCE_BUNDLE_UNAVAILABLE -D Xcode -serialize-debugging-options -enable-experimental-feature DebugDescriptionMacro -empty-abi-descriptor -validate-clang-modules-once -clang-build-session-file /Users/admin/builder/spi-builder-workspace/.derivedData/ModuleCache.noindex/Session.modulevalidation -Xcc -working-directory -Xcc /Users/admin/builder/spi-builder-workspace/.swiftpm/xcode -enable-anonymous-context-mangled-names -file-compilation-dir /Users/admin/builder/spi-builder-workspace/.swiftpm/xcode -Xcc -D_LIBCPP_HARDENING_MODE\=_LIBCPP_HARDENING_MODE_DEBUG -Xcc -ivfsstatcache -Xcc /Users/admin/builder/spi-builder-workspace/.derivedData/SDKStatCaches.noindex/watchos27.0-24R360-e829b21a6f8c9b70876ba0858053c04477534ef55a1706bf4c1112bbb242f0a2.sdkstatcache -Xcc -fmodules-prune-interval\=86400 -Xcc -fmodules-prune-after\=345600 -Xcc -I/Users/admin/builder/spi-builder-workspace/.derivedData/Build/Products/Debug-watchos/include -Xcc -I/Users/admin/builder/spi-builder-workspace/.derivedData/Build/Intermediates.noindex/DiffableDataSources.build/Debug-watchos/DiffableDataSources-t.build/DerivedSources-normal/arm64_32 -Xcc -I/Users/admin/builder/spi-builder-workspace/.derivedData/Build/Intermediates.noindex/DiffableDataSources.build/Debug-watchos/DiffableDataSources-t.build/DerivedSources/arm64_32 -Xcc -I/Users/admin/builder/spi-builder-workspace/.derivedData/Build/Intermediates.noindex/DiffableDataSources.build/Debug-watchos/DiffableDataSources-t.build/DerivedSources -Xcc -DSWIFT_PACKAGE -Xcc -DDEBUG\=1 -no-auto-bridging-header-chaining -module-name DiffableDataSources -const-gather-protocols-file /Users/admin/builder/spi-builder-workspace/.derivedData/Build/Intermediates.noindex/DiffableDataSources.build/Debug-watchos/DiffableDataSources-t.build/Objects-normal/arm64_32/DiffableDataSources_const_extract_protocols.json -disable-clang-spi -clang-target arm64_32-apple-watchos27.0 -target-sdk-version 27.0 -target-sdk-name watchos27.0 -in-process-plugin-server-path /Applications/Xcode-27.0.0-Release.Candidate.app/Contents/Developer/Toolchains/XcodeDefault.xctoolchain/usr/lib/swift/host/libSwiftInProcPluginServer.dylib -parse-as-library -o /Users/admin/builder/spi-builder-workspace/.derivedData/Build/Intermediates.noindex/DiffableDataSources.build/Debug-watchos/DiffableDataSources-t.build/Objects-normal/arm64_32/DiffableDataSourceCore.o -debug-module-path /Users/admin/builder/spi-builder-workspace/.derivedData/Build/Intermediates.noindex/DiffableDataSources.build/Debug-watchos/DiffableDataSources-t.build/Objects-normal/arm64_32/DiffableDataSources.swiftmodule -index-unit-output-path /DiffableDataSources.build/Debug-watchos/DiffableDataSources-t.build/Objects-normal/arm64_32/DiffableDataSourceCore.o -index-store-path /Users/admin/builder/spi-builder-workspace/.derivedData/Index.noindex/DataStore -index-system-modules
SwiftCompile normal arm64_32 /Users/admin/builder/spi-builder-workspace/Sources/Internal/DiffableDataSourceCore.swift (in target 'DiffableDataSources' from project 'DiffableDataSources')
cd /Users/admin/builder/spi-builder-workspace/.swiftpm/xcode
builtin-SwiftPerFileCompile DiffableDataSourceCore.swift
SwiftCompile normal arm64 Compiling\ SnapshotStructure.swift /Users/admin/builder/spi-builder-workspace/Sources/Internal/SnapshotStructure.swift (in target 'DiffableDataSources' from project 'DiffableDataSources')
SwiftCompile normal arm64 /Users/admin/builder/spi-builder-workspace/Sources/Internal/SnapshotStructure.swift (in target 'DiffableDataSources' from project 'DiffableDataSources')
cd /Users/admin/builder/spi-builder-workspace/.swiftpm/xcode
builtin-SwiftPerFileCompile SnapshotStructure.swift
SwiftCompile normal arm64_32 Compiling\ SnapshotStructure.swift /Users/admin/builder/spi-builder-workspace/Sources/Internal/SnapshotStructure.swift (in target 'DiffableDataSources' from project 'DiffableDataSources')
SwiftCompile normal arm64_32 /Users/admin/builder/spi-builder-workspace/Sources/Internal/SnapshotStructure.swift (in target 'DiffableDataSources' from project 'DiffableDataSources')
cd /Users/admin/builder/spi-builder-workspace/.swiftpm/xcode
builtin-SwiftPerFileCompile SnapshotStructure.swift
SwiftCompile normal arm64 Compiling\ DiffableDataSourceCore.swift /Users/admin/builder/spi-builder-workspace/Sources/Internal/DiffableDataSourceCore.swift (in target 'DiffableDataSources' from project 'DiffableDataSources')
/Users/admin/builder/spi-builder-workspace/Sources/Internal/DiffableDataSourceCore.swift:39:13: error: 'CATransaction' is unavailable in watchOS
37 | }
38 |
39 | CATransaction.begin()
| `- error: 'CATransaction' is unavailable in watchOS
40 | CATransaction.setCompletionBlock(completion)
41 |
/Applications/Xcode-27.0.0-Release.Candidate.app/Contents/Developer/Platforms/WatchOS.platform/Developer/SDKs/WatchOS27.0.sdk/System/Library/Frameworks/QuartzCore.framework/Headers/CATransaction.h:34:12: note: 'CATransaction' has been explicitly marked unavailable here
32 |
33 | API_AVAILABLE(macos(10.5), ios(2.0), tvos(9.0)) API_UNAVAILABLE(watchos)
34 | @interface CATransaction : NSObject
| `- note: 'CATransaction' has been explicitly marked unavailable here
35 |
36 | /* Begin a new transaction for the current thread; nests. */
/Users/admin/builder/spi-builder-workspace/Sources/Internal/DiffableDataSourceCore.swift:40:13: error: 'CATransaction' is unavailable in watchOS
38 |
39 | CATransaction.begin()
40 | CATransaction.setCompletionBlock(completion)
| `- error: 'CATransaction' is unavailable in watchOS
41 |
42 | if animatingDifferences {
/Applications/Xcode-27.0.0-Release.Candidate.app/Contents/Developer/Platforms/WatchOS.platform/Developer/SDKs/WatchOS27.0.sdk/System/Library/Frameworks/QuartzCore.framework/Headers/CATransaction.h:34:12: note: 'CATransaction' has been explicitly marked unavailable here
32 |
33 | API_AVAILABLE(macos(10.5), ios(2.0), tvos(9.0)) API_UNAVAILABLE(watchos)
34 | @interface CATransaction : NSObject
| `- note: 'CATransaction' has been explicitly marked unavailable here
35 |
36 | /* Begin a new transaction for the current thread; nests. */
/Users/admin/builder/spi-builder-workspace/Sources/Internal/DiffableDataSourceCore.swift:46:17: error: 'CATransaction' is unavailable in watchOS
44 | }
45 | else {
46 | CATransaction.setDisableActions(true)
| `- error: 'CATransaction' is unavailable in watchOS
47 | performDiffingUpdates()
48 | }
/Applications/Xcode-27.0.0-Release.Candidate.app/Contents/Developer/Platforms/WatchOS.platform/Developer/SDKs/WatchOS27.0.sdk/System/Library/Frameworks/QuartzCore.framework/Headers/CATransaction.h:34:12: note: 'CATransaction' has been explicitly marked unavailable here
32 |
33 | API_AVAILABLE(macos(10.5), ios(2.0), tvos(9.0)) API_UNAVAILABLE(watchos)
34 | @interface CATransaction : NSObject
| `- note: 'CATransaction' has been explicitly marked unavailable here
35 |
36 | /* Begin a new transaction for the current thread; nests. */
/Users/admin/builder/spi-builder-workspace/Sources/Internal/DiffableDataSourceCore.swift:50:13: error: 'CATransaction' is unavailable in watchOS
48 | }
49 |
50 | CATransaction.commit()
| `- error: 'CATransaction' is unavailable in watchOS
51 | }
52 | }
/Applications/Xcode-27.0.0-Release.Candidate.app/Contents/Developer/Platforms/WatchOS.platform/Developer/SDKs/WatchOS27.0.sdk/System/Library/Frameworks/QuartzCore.framework/Headers/CATransaction.h:34:12: note: 'CATransaction' has been explicitly marked unavailable here
32 |
33 | API_AVAILABLE(macos(10.5), ios(2.0), tvos(9.0)) API_UNAVAILABLE(watchos)
34 | @interface CATransaction : NSObject
| `- note: 'CATransaction' has been explicitly marked unavailable here
35 |
36 | /* Begin a new transaction for the current thread; nests. */
/Users/admin/builder/spi-builder-workspace/Sources/Internal/DiffableDataSourceCore.swift:61:50: error: value of type 'IndexPath' has no member 'section'
59 |
60 | func itemIdentifier(for indexPath: IndexPath) -> ItemIdentifierType? {
61 | guard 0..<sections.endIndex ~= indexPath.section else {
| `- error: value of type 'IndexPath' has no member 'section'
62 | return nil
63 | }
/Users/admin/builder/spi-builder-workspace/Sources/Internal/DiffableDataSourceCore.swift:65:40: error: value of type 'IndexPath' has no member 'section'
63 | }
64 |
65 | let items = sections[indexPath.section].elements
| `- error: value of type 'IndexPath' has no member 'section'
66 |
67 | guard 0..<items.endIndex ~= indexPath.item else {
/Users/admin/builder/spi-builder-workspace/Sources/Internal/DiffableDataSourceCore.swift:67:47: error: value of type 'IndexPath' has no member 'item'
65 | let items = sections[indexPath.section].elements
66 |
67 | guard 0..<items.endIndex ~= indexPath.item else {
| `- error: value of type 'IndexPath' has no member 'item'
68 | return nil
69 | }
/Users/admin/builder/spi-builder-workspace/Sources/Internal/DiffableDataSourceCore.swift:71:32: error: value of type 'IndexPath' has no member 'item'
69 | }
70 |
71 | return items[indexPath.item].differenceIdentifier
| `- error: value of type 'IndexPath' has no member 'item'
72 | }
73 |
/Users/admin/builder/spi-builder-workspace/Sources/Internal/DiffableDataSourceCore.swift:86:66: error: argument passed to call that takes no arguments
84 | .reduce(into: [:]) { result, section in
85 | for (itemIndex, item) in section.element.elements.enumerated() {
86 | result[item.differenceIdentifier] = IndexPath(
| `- error: argument passed to call that takes no arguments
87 | item: itemIndex,
88 | section: section.offset
Failed frontend command:
/Applications/Xcode-27.0.0-Release.Candidate.app/Contents/Developer/Toolchains/XcodeDefault.xctoolchain/usr/bin/swift-frontend -frontend -c /Users/admin/builder/spi-builder-workspace/Sources/AppKit/CocoaCollectionViewDiffableDataSource.swift /Users/admin/builder/spi-builder-workspace/Sources/DiffableDataSourceSnapshot.swift -primary-file /Users/admin/builder/spi-builder-workspace/Sources/Internal/DiffableDataSourceCore.swift /Users/admin/builder/spi-builder-workspace/Sources/Internal/HashableExtension.swift /Users/admin/builder/spi-builder-workspace/Sources/Internal/MainThreadSerialDispatcher.swift /Users/admin/builder/spi-builder-workspace/Sources/Internal/SnapshotStructure.swift /Users/admin/builder/spi-builder-workspace/Sources/Internal/UniversalError.swift /Users/admin/builder/spi-builder-workspace/Sources/UIKit/CollectionViewDiffableDataSource.swift /Users/admin/builder/spi-builder-workspace/Sources/UIKit/TableViewDiffableDataSource.swift -emit-dependencies-path /Users/admin/builder/spi-builder-workspace/.derivedData/Build/Intermediates.noindex/DiffableDataSources.build/Debug-watchos/DiffableDataSources-t.build/Objects-normal/arm64/DiffableDataSourceCore.d -emit-const-values-path /Users/admin/builder/spi-builder-workspace/.derivedData/Build/Intermediates.noindex/DiffableDataSources.build/Debug-watchos/DiffableDataSources-t.build/Objects-normal/arm64/DiffableDataSourceCore.swiftconstvalues -emit-reference-dependencies-path /Users/admin/builder/spi-builder-workspace/.derivedData/Build/Intermediates.noindex/DiffableDataSources.build/Debug-watchos/DiffableDataSources-t.build/Objects-normal/arm64/DiffableDataSourceCore.swiftdeps -serialize-diagnostics-path /Users/admin/builder/spi-builder-workspace/.derivedData/Build/Intermediates.noindex/DiffableDataSources.build/Debug-watchos/DiffableDataSources-t.build/Objects-normal/arm64/DiffableDataSourceCore.dia -target arm64-apple-watchos9.0 -disable-cross-import-overlay-search -load-resolved-plugin /Applications/Xcode-27.0.0-Release.Candidate.app/Contents/Developer/Platforms/WatchOS.platform/Developer/usr/lib/swift/host/plugins/libFoundationMacros.dylib\#/Applications/Xcode-27.0.0-Release.Candidate.app/Contents/Developer/Platforms/WatchOS.platform/Developer/usr/bin/swift-plugin-server\#FoundationMacros -load-resolved-plugin /Applications/Xcode-27.0.0-Release.Candidate.app/Contents/Developer/Platforms/WatchOS.platform/Developer/usr/lib/swift/host/plugins/libObservationMacros.dylib\#/Applications/Xcode-27.0.0-Release.Candidate.app/Contents/Developer/Platforms/WatchOS.platform/Developer/usr/bin/swift-plugin-server\#ObservationMacros -load-resolved-plugin /Applications/Xcode-27.0.0-Release.Candidate.app/Contents/Developer/Platforms/WatchOS.platform/Developer/usr/lib/swift/host/plugins/libSwiftMacros.dylib\#/Applications/Xcode-27.0.0-Release.Candidate.app/Contents/Developer/Platforms/WatchOS.platform/Developer/usr/bin/swift-plugin-server\#SwiftMacros -disable-implicit-swift-modules -Xcc -fno-implicit-modules -Xcc -fno-implicit-module-maps -explicit-swift-module-map-file /Users/admin/builder/spi-builder-workspace/.derivedData/Build/Intermediates.noindex/DiffableDataSources.build/Debug-watchos/DiffableDataSources-t.build/Objects-normal/arm64/DiffableDataSources-dependencies-1.json -Xllvm -aarch64-use-tbi -enable-objc-interop -stack-check -sdk /Applications/Xcode-27.0.0-Release.Candidate.app/Contents/Developer/Platforms/WatchOS.platform/Developer/SDKs/WatchOS27.0.sdk -I /Users/admin/builder/spi-builder-workspace/.derivedData/Build/Products/Debug-watchos -Isystem /Applications/Xcode-27.0.0-Release.Candidate.app/Contents/Developer/Platforms/WatchOS.platform/Developer/usr/lib -F /Users/admin/builder/spi-builder-workspace/.derivedData/Build/Products/Debug-watchos/PackageFrameworks -F /Users/admin/builder/spi-builder-workspace/.derivedData/Build/Products/Debug-watchos -F /Applications/Xcode-27.0.0-Release.Candidate.app/Contents/Developer/Platforms/WatchOS.platform/Developer/Library/Frameworks -F /Applications/Xcode-27.0.0-Release.Candidate.app/Contents/Developer/Platforms/WatchOS.platform/Developer/SDKs/WatchOS27.0.sdk/Developer/Library/Frameworks -module-cache-path /Users/admin/builder/spi-builder-workspace/.derivedData/Build/Intermediates.noindex/SwiftExplicitPrecompiledModules -no-color-diagnostics -Xcc -fno-color-diagnostics -enable-testing -g -debug-info-format\=dwarf -dwarf-version\=4 -profile-generate -profile-coverage-mapping -swift-version 5 -Onone -D SWIFT_PACKAGE -D DEBUG -D SWIFT_MODULE_RESOURCE_BUNDLE_UNAVAILABLE -D Xcode -serialize-debugging-options -enable-experimental-feature DebugDescriptionMacro -empty-abi-descriptor -validate-clang-modules-once -clang-build-session-file /Users/admin/builder/spi-builder-workspace/.derivedData/ModuleCache.noindex/Session.modulevalidation -Xcc -working-directory -Xcc /Users/admin/builder/spi-builder-workspace/.swiftpm/xcode -enable-anonymous-context-mangled-names -file-compilation-dir /Users/admin/builder/spi-builder-workspace/.swiftpm/xcode -Xcc -D_LIBCPP_HARDENING_MODE\=_LIBCPP_HARDENING_MODE_DEBUG -Xcc -ivfsstatcache -Xcc /Users/admin/builder/spi-builder-workspace/.derivedData/SDKStatCaches.noindex/watchos27.0-24R360-e829b21a6f8c9b70876ba0858053c04477534ef55a1706bf4c1112bbb242f0a2.sdkstatcache -Xcc -fmodules-prune-interval\=86400 -Xcc -fmodules-prune-after\=345600 -Xcc -I/Users/admin/builder/spi-builder-workspace/.derivedData/Build/Products/Debug-watchos/include -Xcc -I/Users/admin/builder/spi-builder-workspace/.derivedData/Build/Intermediates.noindex/DiffableDataSources.build/Debug-watchos/DiffableDataSources-t.build/DerivedSources-normal/arm64 -Xcc -I/Users/admin/builder/spi-builder-workspace/.derivedData/Build/Intermediates.noindex/DiffableDataSources.build/Debug-watchos/DiffableDataSources-t.build/DerivedSources/arm64 -Xcc -I/Users/admin/builder/spi-builder-workspace/.derivedData/Build/Intermediates.noindex/DiffableDataSources.build/Debug-watchos/DiffableDataSources-t.build/DerivedSources -Xcc -DSWIFT_PACKAGE -Xcc -DDEBUG\=1 -no-auto-bridging-header-chaining -module-name DiffableDataSources -const-gather-protocols-file /Users/admin/builder/spi-builder-workspace/.derivedData/Build/Intermediates.noindex/DiffableDataSources.build/Debug-watchos/DiffableDataSources-t.build/Objects-normal/arm64/DiffableDataSources_const_extract_protocols.json -disable-clang-spi -clang-target arm64-apple-watchos27.0 -target-sdk-version 27.0 -target-sdk-name watchos27.0 -in-process-plugin-server-path /Applications/Xcode-27.0.0-Release.Candidate.app/Contents/Developer/Toolchains/XcodeDefault.xctoolchain/usr/lib/swift/host/libSwiftInProcPluginServer.dylib -parse-as-library -o /Users/admin/builder/spi-builder-workspace/.derivedData/Build/Intermediates.noindex/DiffableDataSources.build/Debug-watchos/DiffableDataSources-t.build/Objects-normal/arm64/DiffableDataSourceCore.o -debug-module-path /Users/admin/builder/spi-builder-workspace/.derivedData/Build/Intermediates.noindex/DiffableDataSources.build/Debug-watchos/DiffableDataSources-t.build/Objects-normal/arm64/DiffableDataSources.swiftmodule -index-unit-output-path /DiffableDataSources.build/Debug-watchos/DiffableDataSources-t.build/Objects-normal/arm64/DiffableDataSourceCore.o -index-store-path /Users/admin/builder/spi-builder-workspace/.derivedData/Index.noindex/DataStore -index-system-modules
SwiftCompile normal arm64 /Users/admin/builder/spi-builder-workspace/Sources/Internal/DiffableDataSourceCore.swift (in target 'DiffableDataSources' from project 'DiffableDataSources')
cd /Users/admin/builder/spi-builder-workspace/.swiftpm/xcode
builtin-SwiftPerFileCompile DiffableDataSourceCore.swift
PruneExplicitPrecompiledModules /Users/admin/builder/spi-builder-workspace/.derivedData/Build/Intermediates.noindex/ExplicitPrecompiledModules
PruneExplicitPrecompiledModules /Users/admin/builder/spi-builder-workspace/.derivedData/Build/Intermediates.noindex/SwiftExplicitPrecompiledModules
PruneExplicitPrecompiledModules /Users/admin/builder/spi-builder-workspace/.derivedData/SDKExplicitPrecompiledModules
2026-09-18 08:58:19.373 xcodebuild[881:5381] [MT] IDERunDestination: Supported platforms for the buildables in the current scheme is empty.
** BUILD FAILED **
The following build commands failed:
SwiftCompile normal arm64_32 Compiling\ DiffableDataSourceCore.swift /Users/admin/builder/spi-builder-workspace/Sources/Internal/DiffableDataSourceCore.swift (in target 'DiffableDataSources' from project 'DiffableDataSources')
SwiftCompile normal arm64_32 /Users/admin/builder/spi-builder-workspace/Sources/Internal/DiffableDataSourceCore.swift (in target 'DiffableDataSources' from project 'DiffableDataSources')
SwiftCompile normal arm64 Compiling\ DiffableDataSourceCore.swift /Users/admin/builder/spi-builder-workspace/Sources/Internal/DiffableDataSourceCore.swift (in target 'DiffableDataSources' from project 'DiffableDataSources')
SwiftCompile normal arm64 /Users/admin/builder/spi-builder-workspace/Sources/Internal/DiffableDataSourceCore.swift (in target 'DiffableDataSources' from project 'DiffableDataSources')
Building workspace DiffableDataSources with scheme DiffableDataSources
(5 failures)
BUILD FAILURE 6.4 watchOS