The Swift Package Index logo.Swift Package Index

Build Information

Failed to build AppLovinSDK, reference master (02544c), with Swift 6.3 for watchOS using Xcode 26.4 on 13 Aug 2026 14:00:34 UTC.

Build Command

env DEVELOPER_DIR=/Applications/Xcode-26.4.0.app xcrun xcodebuild -IDEClonedSourcePackagesDirPathOverride=$PWD/.dependencies -skipMacroValidation -skipPackagePluginValidation -derivedDataPath $PWD/.derivedData build -scheme AppLovinSDK -destination generic/platform=watchOS

Build Log

========================================
RunAll
========================================
Builder version: undefined version: run 'make version' to update
Interrupt handler set up.
========================================
Checkout
========================================
Clone URL: https://github.com/AppLovin/AppLovin-MAX-Swift-Package.git
Reference: master
Initialized empty Git repository in /Users/admin/builder/spi-builder-workspace/.git/
From https://github.com/AppLovin/AppLovin-MAX-Swift-Package
 * branch            master     -> FETCH_HEAD
 * [new branch]      master     -> origin/master
HEAD is now at 02544c3 13.6.4
Cloned https://github.com/AppLovin/AppLovin-MAX-Swift-Package.git
Revision (git rev-parse @):
02544c3400d228cce5718e22f71f8d02787ba91e
SUCCESS checkout https://github.com/AppLovin/AppLovin-MAX-Swift-Package.git at master
========================================
Build
========================================
Selected platform:         watchOS
Swift version:             6.3
Building package at path:  $PWD
https://github.com/AppLovin/AppLovin-MAX-Swift-Package.git
Command line invocation:
    /Applications/Xcode-26.4.0.app/Contents/Developer/usr/bin/xcodebuild -IDEClonedSourcePackagesDirPathOverride=/Users/admin/builder/spi-builder-workspace/.dependencies -resolvePackageDependencies
Resolve Package Graph
Resolve Package Graph
Resolved source packages:
  AppLovinSDK: /Users/admin/builder/spi-builder-workspace
resolved source packages: AppLovinSDK
2026-08-13 10:00:06.158 xcodebuild[541:3119] [MT] IDERunDestination: Supported platforms for the buildables in the current scheme is empty.
{
  "default_localization" : "en",
  "dependencies" : [
  ],
  "manifest_display_name" : "AppLovinSDK",
  "name" : "AppLovinSDK",
  "path" : "/Users/admin/builder/spi-builder-workspace",
  "platforms" : [
  ],
  "products" : [
    {
      "name" : "AppLovinSDK",
      "targets" : [
        "AppLovinSDKResources"
      ],
      "type" : {
        "library" : [
          "automatic"
        ]
      }
    }
  ],
  "targets" : [
    {
      "c99name" : "AppLovinSDKResources",
      "module_type" : "SwiftTarget",
      "name" : "AppLovinSDKResources",
      "path" : "Sources/AppLovinSDKResources",
      "product_memberships" : [
        "AppLovinSDK"
      ],
      "sources" : [
        "AppLovinSDKResources.swift"
      ],
      "target_dependencies" : [
        "AppLovinSDK"
      ],
      "type" : "library"
    },
    {
      "c99name" : "AppLovinSDK",
      "module_type" : "BinaryTarget",
      "name" : "AppLovinSDK",
      "path" : "remote/archive/AppLovinSDK-13.6.4.xcframework.zip",
      "product_memberships" : [
        "AppLovinSDK"
      ],
      "sources" : [
      ],
      "type" : "binary"
    }
  ],
  "tools_version" : "5.3"
}
{
  "workspace" : {
    "name" : "spi-builder-workspace",
    "schemes" : [
      "AppLovinSDK"
    ]
  }
}
2026-08-13 10:00:28.495 xcodebuild[721:4458] [MT] IDERunDestination: Supported platforms for the buildables in the current scheme is empty.
Running build ...
env DEVELOPER_DIR=/Applications/Xcode-26.4.0.app xcrun xcodebuild -IDEClonedSourcePackagesDirPathOverride=$PWD/.dependencies -skipMacroValidation -skipPackagePluginValidation -derivedDataPath $PWD/.derivedData build -scheme AppLovinSDK -destination generic/platform=watchOS
Command line invocation:
    /Applications/Xcode-26.4.0.app/Contents/Developer/usr/bin/xcodebuild -IDEClonedSourcePackagesDirPathOverride=/Users/admin/builder/spi-builder-workspace/.dependencies -skipMacroValidation -skipPackagePluginValidation -derivedDataPath /Users/admin/builder/spi-builder-workspace/.derivedData build -scheme AppLovinSDK -destination generic/platform=watchOS
Resolve Package Graph
Resolved source packages:
  AppLovinSDK: /Users/admin/builder/spi-builder-workspace
ComputePackagePrebuildTargetDependencyGraph
Prepare packages
CreateBuildRequest
SendProjectDescription
CreateBuildOperation
ComputeTargetDependencyGraph
note: Building targets in dependency order
note: Target dependency graph (2 targets)
    Target 'AppLovinSDK' in project 'AppLovinSDK'
        ➜ Explicit dependency on target 'AppLovinSDKResources' in project 'AppLovinSDK'
    Target 'AppLovinSDKResources' in project 'AppLovinSDK' (no dependencies)
GatherProvisioningInputs
CreateBuildDescription
ExecuteExternalTool /Applications/Xcode-26.4.0.app/Contents/Developer/Toolchains/XcodeDefault.xctoolchain/usr/bin/clang -v -E -dM -isysroot /Applications/Xcode-26.4.0.app/Contents/Developer/Platforms/WatchOS.platform/Developer/SDKs/WatchOS26.4.sdk -x c -c /dev/null
ExecuteExternalTool /Applications/Xcode-26.4.0.app/Contents/Developer/Toolchains/XcodeDefault.xctoolchain/usr/bin/swiftc --version
ExecuteExternalTool /Applications/Xcode-26.4.0.app/Contents/Developer/Toolchains/XcodeDefault.xctoolchain/usr/bin/ld -version_details
Build description signature: cb05b2268091578a0d100e8b13bfbedb
Build description path: /Users/admin/builder/spi-builder-workspace/.derivedData/Build/Intermediates.noindex/XCBuildData/cb05b2268091578a0d100e8b13bfbedb.xcbuilddata
/Users/admin/builder/spi-builder-workspace/.dependencies/artifacts/spi-builder-workspace/AppLovinSDK/AppLovinSDK.xcframework:1:1: error: While building for watchOS, no library for this platform was found in '/Users/admin/builder/spi-builder-workspace/.dependencies/artifacts/spi-builder-workspace/AppLovinSDK/AppLovinSDK.xcframework'. (in target 'AppLovinSDK' from project 'AppLovinSDK')
/Users/admin/builder/spi-builder-workspace/.dependencies/artifacts/spi-builder-workspace/AppLovinSDK/AppLovinSDK.xcframework:1:1: error: While building for watchOS, no library for this platform was found in '/Users/admin/builder/spi-builder-workspace/.dependencies/artifacts/spi-builder-workspace/AppLovinSDK/AppLovinSDK.xcframework'. (in target 'AppLovinSDKResources' from project 'AppLovinSDK')
2026-08-13 10:00:29.978 xcodebuild[729:4550] [MT] IDERunDestination: Supported platforms for the buildables in the current scheme is empty.
** BUILD FAILED **
The following build commands failed:
	Building workspace spi-builder-workspace with scheme AppLovinSDK
(1 failure)
Command line invocation:
    /Applications/Xcode-26.4.0.app/Contents/Developer/usr/bin/xcodebuild -IDEClonedSourcePackagesDirPathOverride=/Users/admin/builder/spi-builder-workspace/.dependencies -resolvePackageDependencies
Resolve Package Graph
Resolved source packages:
  AppLovinSDK: /Users/admin/builder/spi-builder-workspace
resolved source packages: AppLovinSDK
2026-08-13 10:00:32.302 xcodebuild[745:4649] [MT] IDERunDestination: Supported platforms for the buildables in the current scheme is empty.
{
  "default_localization" : "en",
  "dependencies" : [
  ],
  "manifest_display_name" : "AppLovinSDK",
  "name" : "AppLovinSDK",
  "path" : "/Users/admin/builder/spi-builder-workspace",
  "platforms" : [
  ],
  "products" : [
    {
      "name" : "AppLovinSDK",
      "targets" : [
        "AppLovinSDKResources"
      ],
      "type" : {
        "library" : [
          "automatic"
        ]
      }
    }
  ],
  "targets" : [
    {
      "c99name" : "AppLovinSDKResources",
      "module_type" : "SwiftTarget",
      "name" : "AppLovinSDKResources",
      "path" : "Sources/AppLovinSDKResources",
      "product_memberships" : [
        "AppLovinSDK"
      ],
      "sources" : [
        "AppLovinSDKResources.swift"
      ],
      "target_dependencies" : [
        "AppLovinSDK"
      ],
      "type" : "library"
    },
    {
      "c99name" : "AppLovinSDK",
      "module_type" : "BinaryTarget",
      "name" : "AppLovinSDK",
      "path" : "remote/archive/AppLovinSDK-13.6.4.xcframework.zip",
      "product_memberships" : [
        "AppLovinSDK"
      ],
      "sources" : [
      ],
      "type" : "binary"
    }
  ],
  "tools_version" : "5.3"
}
{
  "workspace" : {
    "name" : "spi-builder-workspace",
    "schemes" : [
      "AppLovinSDK"
    ]
  }
}
2026-08-13 10:00:33.326 xcodebuild[755:4713] [MT] IDERunDestination: Supported platforms for the buildables in the current scheme is empty.
Running build ...
env DEVELOPER_DIR=/Applications/Xcode-26.4.0.app xcrun xcodebuild -IDEClonedSourcePackagesDirPathOverride=$PWD/.dependencies -skipMacroValidation -skipPackagePluginValidation -derivedDataPath $PWD/.derivedData build -scheme AppLovinSDK -destination generic/platform=watchOS
Command line invocation:
    /Applications/Xcode-26.4.0.app/Contents/Developer/usr/bin/xcodebuild -IDEClonedSourcePackagesDirPathOverride=/Users/admin/builder/spi-builder-workspace/.dependencies -skipMacroValidation -skipPackagePluginValidation -derivedDataPath /Users/admin/builder/spi-builder-workspace/.derivedData build -scheme AppLovinSDK -destination generic/platform=watchOS
Resolve Package Graph
Resolved source packages:
  AppLovinSDK: /Users/admin/builder/spi-builder-workspace
ComputePackagePrebuildTargetDependencyGraph
Prepare packages
CreateBuildRequest
SendProjectDescription
CreateBuildOperation
ComputeTargetDependencyGraph
note: Building targets in dependency order
note: Target dependency graph (2 targets)
    Target 'AppLovinSDK' in project 'AppLovinSDK'
        ➜ Explicit dependency on target 'AppLovinSDKResources' in project 'AppLovinSDK'
    Target 'AppLovinSDKResources' in project 'AppLovinSDK' (no dependencies)
GatherProvisioningInputs
CreateBuildDescription
/Users/admin/builder/spi-builder-workspace/.dependencies/artifacts/spi-builder-workspace/AppLovinSDK/AppLovinSDK.xcframework:1:1: error: While building for watchOS, no library for this platform was found in '/Users/admin/builder/spi-builder-workspace/.dependencies/artifacts/spi-builder-workspace/AppLovinSDK/AppLovinSDK.xcframework'. (in target 'AppLovinSDKResources' from project 'AppLovinSDK')
/Users/admin/builder/spi-builder-workspace/.dependencies/artifacts/spi-builder-workspace/AppLovinSDK/AppLovinSDK.xcframework:1:1: error: While building for watchOS, no library for this platform was found in '/Users/admin/builder/spi-builder-workspace/.dependencies/artifacts/spi-builder-workspace/AppLovinSDK/AppLovinSDK.xcframework'. (in target 'AppLovinSDK' from project 'AppLovinSDK')
2026-08-13 10:00:34.117 xcodebuild[758:4745] [MT] IDERunDestination: Supported platforms for the buildables in the current scheme is empty.
** BUILD FAILED **
The following build commands failed:
	Building workspace spi-builder-workspace with scheme AppLovinSDK
(1 failure)
BUILD FAILURE 6.3 watchOS