Build Information
Failed to build spfk-utils, reference 1.27.0 (a10674), with Swift 6.2 for visionOS using Xcode 26.3 on 16 Oct 2026 01:32:19 UTC.
Build Command
env DEVELOPER_DIR=/Applications/Xcode-26.3.0.app xcrun xcodebuild -IDEClonedSourcePackagesDirPathOverride=$PWD/.dependencies -skipMacroValidation -skipPackagePluginValidation -derivedDataPath $PWD/.derivedData build -scheme spfk-utils -destination generic/platform=xrOSBuild Log
SwiftDriverJobDiscovery normal arm64 Emitting module for SPFKBase (in target 'SPFKBase' from project 'spfk-base')
SwiftDriver\ Compilation\ Requirements SPFKBase normal arm64 com.apple.xcode.tools.swift.compiler (in target 'SPFKBase' from project 'spfk-base')
cd /Users/admin/builder/spi-builder-workspace/.swiftpm/xcode
builtin-Swift-Compilation-Requirements -- /Applications/Xcode-26.3.0.app/Contents/Developer/Toolchains/XcodeDefault.xctoolchain/usr/bin/swiftc -module-name SPFKBase -Onone -enforce-exclusivity\=checked @/Users/admin/builder/spi-builder-workspace/.derivedData/Build/Intermediates.noindex/spfk-base.build/Debug-xros/SPFKBase.build/Objects-normal/arm64/SPFKBase.SwiftFileList -DSWIFT_PACKAGE -DDEBUG -DSWIFT_MODULE_RESOURCE_BUNDLE_UNAVAILABLE -Xcc -fmodule-map-file\=/Users/admin/builder/spi-builder-workspace/.derivedData/Build/Intermediates.noindex/GeneratedModuleMaps-xros/SPFKBaseC.modulemap -DXcode -plugin-path /Applications/Xcode-26.3.0.app/Contents/Developer/Toolchains/XcodeDefault.xctoolchain/usr/lib/swift/host/plugins/testing -enable-experimental-feature DebugDescriptionMacro -sdk /Applications/Xcode-26.3.0.app/Contents/Developer/Platforms/XROS.platform/Developer/SDKs/XROS26.2.sdk -target arm64-apple-xros1.0 -g -module-cache-path /Users/admin/builder/spi-builder-workspace/.derivedData/ModuleCache.noindex -Xfrontend -serialize-debugging-options -profile-coverage-mapping -profile-generate -enable-testing -suppress-warnings -index-store-path /Users/admin/builder/spi-builder-workspace/.derivedData/Index.noindex/DataStore -Xcc -D_LIBCPP_HARDENING_MODE\=_LIBCPP_HARDENING_MODE_DEBUG -swift-version 6 -I /Users/admin/builder/spi-builder-workspace/.derivedData/Build/Products/Debug-xros -Isystem /Applications/Xcode-26.3.0.app/Contents/Developer/Platforms/XROS.platform/Developer/usr/lib -F /Users/admin/builder/spi-builder-workspace/.derivedData/Build/Products/Debug-xros/PackageFrameworks -F /Users/admin/builder/spi-builder-workspace/.derivedData/Build/Products/Debug-xros/PackageFrameworks -F /Users/admin/builder/spi-builder-workspace/.derivedData/Build/Products/Debug-xros/PackageFrameworks -F /Users/admin/builder/spi-builder-workspace/.derivedData/Build/Products/Debug-xros/PackageFrameworks -F /Users/admin/builder/spi-builder-workspace/.derivedData/Build/Products/Debug-xros/PackageFrameworks -F /Users/admin/builder/spi-builder-workspace/.derivedData/Build/Products/Debug-xros/PackageFrameworks -F /Users/admin/builder/spi-builder-workspace/.derivedData/Build/Products/Debug-xros/PackageFrameworks -F /Users/admin/builder/spi-builder-workspace/.derivedData/Build/Products/Debug-xros/PackageFrameworks -F /Users/admin/builder/spi-builder-workspace/.derivedData/Build/Products/Debug-xros/PackageFrameworks -F /Users/admin/builder/spi-builder-workspace/.derivedData/Build/Products/Debug-xros/PackageFrameworks -F /Users/admin/builder/spi-builder-workspace/.derivedData/Build/Products/Debug-xros/PackageFrameworks -F /Users/admin/builder/spi-builder-workspace/.derivedData/Build/Products/Debug-xros/PackageFrameworks -F /Users/admin/builder/spi-builder-workspace/.derivedData/Build/Products/Debug-xros/PackageFrameworks -F /Users/admin/builder/spi-builder-workspace/.derivedData/Build/Products/Debug-xros/PackageFrameworks -F /Users/admin/builder/spi-builder-workspace/.derivedData/Build/Products/Debug-xros/PackageFrameworks -F /Users/admin/builder/spi-builder-workspace/.derivedData/Build/Products/Debug-xros/PackageFrameworks -F /Users/admin/builder/spi-builder-workspace/.derivedData/Build/Products/Debug-xros/PackageFrameworks -F /Users/admin/builder/spi-builder-workspace/.derivedData/Build/Products/Debug-xros -F /Applications/Xcode-26.3.0.app/Contents/Developer/Platforms/XROS.platform/Developer/Library/Frameworks -F /Applications/Xcode-26.3.0.app/Contents/Developer/Platforms/XROS.platform/Developer/SDKs/XROS26.2.sdk/Developer/Library/Frameworks -emit-localized-strings -emit-localized-strings-path /Users/admin/builder/spi-builder-workspace/.derivedData/Build/Intermediates.noindex/spfk-base.build/Debug-xros/SPFKBase.build/Objects-normal/arm64 -c -j10 -enable-batch-mode -incremental -Xcc -ivfsstatcache -Xcc /Users/admin/builder/spi-builder-workspace/.derivedData/SDKStatCaches.noindex/xros26.2-23N301-dc75598d0054f22ec865fa860f139d72f5e64962d3ee001da1d77d1957dffdab.sdkstatcache -output-file-map /Users/admin/builder/spi-builder-workspace/.derivedData/Build/Intermediates.noindex/spfk-base.build/Debug-xros/SPFKBase.build/Objects-normal/arm64/SPFKBase-OutputFileMap.json -use-frontend-parseable-output -save-temps -no-color-diagnostics -explicit-module-build -module-cache-path /Users/admin/builder/spi-builder-workspace/.derivedData/Build/Intermediates.noindex/SwiftExplicitPrecompiledModules -clang-scanner-module-cache-path /Users/admin/builder/spi-builder-workspace/.derivedData/ModuleCache.noindex -sdk-module-cache-path /Users/admin/builder/spi-builder-workspace/.derivedData/ModuleCache.noindex -serialize-diagnostics -emit-dependencies -emit-module -emit-module-path /Users/admin/builder/spi-builder-workspace/.derivedData/Build/Intermediates.noindex/spfk-base.build/Debug-xros/SPFKBase.build/Objects-normal/arm64/SPFKBase.swiftmodule -user-module-version 1.13.0 -validate-clang-modules-once -clang-build-session-file /Users/admin/builder/spi-builder-workspace/.derivedData/ModuleCache.noindex/Session.modulevalidation -package-name spfk_base -Xcc -I/Users/admin/builder/spi-builder-workspace/.derivedData/Build/Intermediates.noindex/spfk-base.build/Debug-xros/SPFKBase.build/swift-overrides.hmap -emit-const-values -Xfrontend -const-gather-protocols-file -Xfrontend /Users/admin/builder/spi-builder-workspace/.derivedData/Build/Intermediates.noindex/spfk-base.build/Debug-xros/SPFKBase.build/Objects-normal/arm64/SPFKBase_const_extract_protocols.json -Xcc -I/Users/admin/builder/spi-builder-workspace/.dependencies/checkouts/swift-numerics/Sources/_NumericsShims/include -Xcc -I/Users/admin/builder/spi-builder-workspace/.dependencies/checkouts/spfk-base/Sources/SPFKBaseC/include -Xcc -I/Users/admin/builder/spi-builder-workspace/.derivedData/Build/Products/Debug-xros/include -Xcc -I/Users/admin/builder/spi-builder-workspace/.derivedData/Build/Intermediates.noindex/spfk-base.build/Debug-xros/SPFKBase.build/DerivedSources-normal/arm64 -Xcc -I/Users/admin/builder/spi-builder-workspace/.derivedData/Build/Intermediates.noindex/spfk-base.build/Debug-xros/SPFKBase.build/DerivedSources/arm64 -Xcc -I/Users/admin/builder/spi-builder-workspace/.derivedData/Build/Intermediates.noindex/spfk-base.build/Debug-xros/SPFKBase.build/DerivedSources -Xcc -DSWIFT_PACKAGE -Xcc -DDEBUG\=1 -emit-objc-header -emit-objc-header-path /Users/admin/builder/spi-builder-workspace/.derivedData/Build/Intermediates.noindex/spfk-base.build/Debug-xros/SPFKBase.build/Objects-normal/arm64/SPFKBase-Swift.h -working-directory /Users/admin/builder/spi-builder-workspace/.swiftpm/xcode -experimental-emit-module-separately -disable-cmo
Ld /Users/admin/builder/spi-builder-workspace/.derivedData/Build/Products/Debug-xros/SwiftExtensions.o normal (in target 'SwiftExtensions' from project 'swift-extensions')
cd /Users/admin/builder/spi-builder-workspace/.dependencies/checkouts/swift-extensions
/Applications/Xcode-26.3.0.app/Contents/Developer/Toolchains/XcodeDefault.xctoolchain/usr/bin/clang -Xlinker -reproducible -target arm64-apple-xros1.0 -r -isysroot /Applications/Xcode-26.3.0.app/Contents/Developer/Platforms/XROS.platform/Developer/SDKs/XROS26.2.sdk -O0 -w -L/Users/admin/builder/spi-builder-workspace/.derivedData/Build/Intermediates.noindex/EagerLinkingTBDs/Debug-xros -L/Users/admin/builder/spi-builder-workspace/.derivedData/Build/Products/Debug-xros -L/Applications/Xcode-26.3.0.app/Contents/Developer/Platforms/XROS.platform/Developer/usr/lib -F/Users/admin/builder/spi-builder-workspace/.derivedData/Build/Intermediates.noindex/EagerLinkingTBDs/Debug-xros -F/Users/admin/builder/spi-builder-workspace/.derivedData/Build/Products/Debug-xros/PackageFrameworks -F/Users/admin/builder/spi-builder-workspace/.derivedData/Build/Products/Debug-xros -iframework /Applications/Xcode-26.3.0.app/Contents/Developer/Platforms/XROS.platform/Developer/Library/Frameworks -iframework /Applications/Xcode-26.3.0.app/Contents/Developer/Platforms/XROS.platform/Developer/SDKs/XROS26.2.sdk/Developer/Library/Frameworks -filelist /Users/admin/builder/spi-builder-workspace/.derivedData/Build/Intermediates.noindex/swift-extensions.build/Debug-xros/SwiftExtensions.build/Objects-normal/arm64/SwiftExtensions.LinkFileList -nostdlib -Xlinker -object_path_lto -Xlinker /Users/admin/builder/spi-builder-workspace/.derivedData/Build/Intermediates.noindex/swift-extensions.build/Debug-xros/SwiftExtensions.build/Objects-normal/arm64/SwiftExtensions_lto.o -rdynamic -Xlinker -no_deduplicate -Xlinker -debug_variant -Xlinker -dependency_info -Xlinker /Users/admin/builder/spi-builder-workspace/.derivedData/Build/Intermediates.noindex/swift-extensions.build/Debug-xros/SwiftExtensions.build/Objects-normal/arm64/SwiftExtensions_dependency_info.dat -fobjc-link-runtime -L/Applications/Xcode-26.3.0.app/Contents/Developer/Toolchains/XcodeDefault.xctoolchain/usr/lib/swift/xros -L/usr/lib/swift -Xlinker -add_ast_path -Xlinker /Users/admin/builder/spi-builder-workspace/.derivedData/Build/Intermediates.noindex/swift-extensions.build/Debug-xros/SwiftExtensions.build/Objects-normal/arm64/SwiftExtensions.swiftmodule @/Users/admin/builder/spi-builder-workspace/.derivedData/Build/Intermediates.noindex/swift-extensions.build/Debug-xros/SwiftExtensions.build/Objects-normal/arm64/SwiftExtensions-linker-args.resp -o /Users/admin/builder/spi-builder-workspace/.derivedData/Build/Products/Debug-xros/SwiftExtensions.o
SwiftMergeGeneratedHeaders /Users/admin/builder/spi-builder-workspace/.derivedData/Build/Intermediates.noindex/GeneratedModuleMaps-xros/SPFKBase-Swift.h /Users/admin/builder/spi-builder-workspace/.derivedData/Build/Intermediates.noindex/spfk-base.build/Debug-xros/SPFKBase.build/Objects-normal/arm64/SPFKBase-Swift.h (in target 'SPFKBase' from project 'spfk-base')
cd /Users/admin/builder/spi-builder-workspace/.dependencies/checkouts/spfk-base
builtin-swiftHeaderTool -arch arm64 /Users/admin/builder/spi-builder-workspace/.derivedData/Build/Intermediates.noindex/spfk-base.build/Debug-xros/SPFKBase.build/Objects-normal/arm64/SPFKBase-Swift.h -o /Users/admin/builder/spi-builder-workspace/.derivedData/Build/Intermediates.noindex/GeneratedModuleMaps-xros/SPFKBase-Swift.h
SwiftDriverJobDiscovery normal arm64 Compiling NSRect.swift, NSSize.swift, NotificationCenter.swift, Number Normalization.swift (in target 'SPFKBase' from project 'spfk-base')
Copy /Users/admin/builder/spi-builder-workspace/.derivedData/Build/Products/Debug-xros/SPFKBase.swiftmodule/arm64-apple-xros.swiftmodule /Users/admin/builder/spi-builder-workspace/.derivedData/Build/Intermediates.noindex/spfk-base.build/Debug-xros/SPFKBase.build/Objects-normal/arm64/SPFKBase.swiftmodule (in target 'SPFKBase' from project 'spfk-base')
cd /Users/admin/builder/spi-builder-workspace/.dependencies/checkouts/spfk-base
builtin-copy -exclude .DS_Store -exclude CVS -exclude .svn -exclude .git -exclude .hg -resolve-src-symlinks -rename /Users/admin/builder/spi-builder-workspace/.derivedData/Build/Intermediates.noindex/spfk-base.build/Debug-xros/SPFKBase.build/Objects-normal/arm64/SPFKBase.swiftmodule /Users/admin/builder/spi-builder-workspace/.derivedData/Build/Products/Debug-xros/SPFKBase.swiftmodule/arm64-apple-xros.swiftmodule
Copy /Users/admin/builder/spi-builder-workspace/.derivedData/Build/Products/Debug-xros/SPFKBase.swiftmodule/arm64-apple-xros.swiftdoc /Users/admin/builder/spi-builder-workspace/.derivedData/Build/Intermediates.noindex/spfk-base.build/Debug-xros/SPFKBase.build/Objects-normal/arm64/SPFKBase.swiftdoc (in target 'SPFKBase' from project 'spfk-base')
cd /Users/admin/builder/spi-builder-workspace/.dependencies/checkouts/spfk-base
builtin-copy -exclude .DS_Store -exclude CVS -exclude .svn -exclude .git -exclude .hg -resolve-src-symlinks -rename /Users/admin/builder/spi-builder-workspace/.derivedData/Build/Intermediates.noindex/spfk-base.build/Debug-xros/SPFKBase.build/Objects-normal/arm64/SPFKBase.swiftdoc /Users/admin/builder/spi-builder-workspace/.derivedData/Build/Products/Debug-xros/SPFKBase.swiftmodule/arm64-apple-xros.swiftdoc
Copy /Users/admin/builder/spi-builder-workspace/.derivedData/Build/Products/Debug-xros/SPFKBase.swiftmodule/arm64-apple-xros.abi.json /Users/admin/builder/spi-builder-workspace/.derivedData/Build/Intermediates.noindex/spfk-base.build/Debug-xros/SPFKBase.build/Objects-normal/arm64/SPFKBase.abi.json (in target 'SPFKBase' from project 'spfk-base')
cd /Users/admin/builder/spi-builder-workspace/.dependencies/checkouts/spfk-base
builtin-copy -exclude .DS_Store -exclude CVS -exclude .svn -exclude .git -exclude .hg -resolve-src-symlinks -rename /Users/admin/builder/spi-builder-workspace/.derivedData/Build/Intermediates.noindex/spfk-base.build/Debug-xros/SPFKBase.build/Objects-normal/arm64/SPFKBase.abi.json /Users/admin/builder/spi-builder-workspace/.derivedData/Build/Products/Debug-xros/SPFKBase.swiftmodule/arm64-apple-xros.abi.json
Copy /Users/admin/builder/spi-builder-workspace/.derivedData/Build/Products/Debug-xros/SPFKBase.swiftmodule/Project/arm64-apple-xros.swiftsourceinfo /Users/admin/builder/spi-builder-workspace/.derivedData/Build/Intermediates.noindex/spfk-base.build/Debug-xros/SPFKBase.build/Objects-normal/arm64/SPFKBase.swiftsourceinfo (in target 'SPFKBase' from project 'spfk-base')
cd /Users/admin/builder/spi-builder-workspace/.dependencies/checkouts/spfk-base
builtin-copy -exclude .DS_Store -exclude CVS -exclude .svn -exclude .git -exclude .hg -resolve-src-symlinks -rename /Users/admin/builder/spi-builder-workspace/.derivedData/Build/Intermediates.noindex/spfk-base.build/Debug-xros/SPFKBase.build/Objects-normal/arm64/SPFKBase.swiftsourceinfo /Users/admin/builder/spi-builder-workspace/.derivedData/Build/Products/Debug-xros/SPFKBase.swiftmodule/Project/arm64-apple-xros.swiftsourceinfo
SwiftCompile normal arm64 Compiling\ String+C.swift,\ String.swift,\ Task.swift,\ URL+Directory.swift /Users/admin/builder/spi-builder-workspace/.dependencies/checkouts/spfk-base/Sources/SPFKBase/Extensions/Foundation/String+C.swift /Users/admin/builder/spi-builder-workspace/.dependencies/checkouts/spfk-base/Sources/SPFKBase/Extensions/Foundation/String.swift /Users/admin/builder/spi-builder-workspace/.dependencies/checkouts/spfk-base/Sources/SPFKBase/Extensions/Foundation/Task.swift /Users/admin/builder/spi-builder-workspace/.dependencies/checkouts/spfk-base/Sources/SPFKBase/Extensions/Foundation/URL/URL+Directory.swift (in target 'SPFKBase' from project 'spfk-base')
SwiftCompile normal arm64 /Users/admin/builder/spi-builder-workspace/.dependencies/checkouts/spfk-base/Sources/SPFKBase/Extensions/Foundation/String+C.swift (in target 'SPFKBase' from project 'spfk-base')
cd /Users/admin/builder/spi-builder-workspace/.swiftpm/xcode
SwiftCompile normal arm64 /Users/admin/builder/spi-builder-workspace/.dependencies/checkouts/spfk-base/Sources/SPFKBase/Extensions/Foundation/String.swift (in target 'SPFKBase' from project 'spfk-base')
cd /Users/admin/builder/spi-builder-workspace/.swiftpm/xcode
SwiftCompile normal arm64 /Users/admin/builder/spi-builder-workspace/.dependencies/checkouts/spfk-base/Sources/SPFKBase/Extensions/Foundation/Task.swift (in target 'SPFKBase' from project 'spfk-base')
cd /Users/admin/builder/spi-builder-workspace/.swiftpm/xcode
SwiftCompile normal arm64 /Users/admin/builder/spi-builder-workspace/.dependencies/checkouts/spfk-base/Sources/SPFKBase/Extensions/Foundation/URL/URL+Directory.swift (in target 'SPFKBase' from project 'spfk-base')
cd /Users/admin/builder/spi-builder-workspace/.swiftpm/xcode
SwiftDriverJobDiscovery normal arm64 Compiling PhaseTrace.swift, BinTestCase.swift, TestCaseModel.swift, TypeDescribable.swift (in target 'SPFKBase' from project 'spfk-base')
GenerateStringSymbols /Users/admin/builder/spi-builder-workspace/.derivedData/Build/Intermediates.noindex/spfk-filesystem.build/Debug-xros/SPFKFileSystem.build/DerivedSources/GeneratedStringSymbols_Localizable.swift /Users/admin/builder/spi-builder-workspace/.dependencies/checkouts/spfk-filesystem/Sources/SPFKFileSystem/Resources/Localizable.xcstrings (in target 'SPFKFileSystem' from project 'spfk-filesystem')
cd /Users/admin/builder/spi-builder-workspace/.dependencies/checkouts/spfk-filesystem
/Applications/Xcode-26.3.0.app/Contents/Developer/usr/bin/xcstringstool generate-symbols --language swift --output-directory /Users/admin/builder/spi-builder-workspace/.derivedData/Build/Intermediates.noindex/spfk-filesystem.build/Debug-xros/SPFKFileSystem.build/DerivedSources /Users/admin/builder/spi-builder-workspace/.dependencies/checkouts/spfk-filesystem/Sources/SPFKFileSystem/Resources/Localizable.xcstrings
SwiftDriverJobDiscovery normal arm64 Compiling AsyncSequence.swift, Bool+Extensions.swift, Collection General.swift, Collection String.swift (in target 'SPFKBase' from project 'spfk-base')
RegisterExecutionPolicyException /Users/admin/builder/spi-builder-workspace/.derivedData/Build/Products/Debug-xros/AsyncAlgorithms.o (in target 'AsyncAlgorithms' from project 'swift-async-algorithms')
cd /Users/admin/builder/spi-builder-workspace/.dependencies/checkouts/swift-async-algorithms
builtin-RegisterExecutionPolicyException /Users/admin/builder/spi-builder-workspace/.derivedData/Build/Products/Debug-xros/AsyncAlgorithms.o
ExtractAppIntentsMetadata (in target 'SwiftExtensions' from project 'swift-extensions')
cd /Users/admin/builder/spi-builder-workspace/.dependencies/checkouts/swift-extensions
/Applications/Xcode-26.3.0.app/Contents/Developer/Toolchains/XcodeDefault.xctoolchain/usr/bin/appintentsmetadataprocessor --toolchain-dir /var/run/com.apple.security.cryptexd/mnt/com.apple.MobileAsset.MetalToolchain-v17.3.7003.10.gVQjmO/Metal.xctoolchain --module-name SwiftExtensions --sdk-root /Applications/Xcode-26.3.0.app/Contents/Developer/Platforms/XROS.platform/Developer/SDKs/XROS26.2.sdk --xcode-version 17C529 --platform-family xrOS --deployment-target 1.0 --bundle-identifier swift-extensions.SwiftExtensions --output /Users/admin/builder/spi-builder-workspace/.derivedData/Build/Products/Debug-xros/SwiftExtensions.appintents --target-triple arm64-apple-xros1.0 --binary-file /Users/admin/builder/spi-builder-workspace/.derivedData/Build/Products/Debug-xros/SwiftExtensions.o --dependency-file /Users/admin/builder/spi-builder-workspace/.derivedData/Build/Intermediates.noindex/swift-extensions.build/Debug-xros/SwiftExtensions.build/Objects-normal/arm64/SwiftExtensions_dependency_info.dat --stringsdata-file /Users/admin/builder/spi-builder-workspace/.derivedData/Build/Intermediates.noindex/swift-extensions.build/Debug-xros/SwiftExtensions.build/Objects-normal/arm64/ExtractedAppShortcutsMetadata.stringsdata --source-file-list /Users/admin/builder/spi-builder-workspace/.derivedData/Build/Intermediates.noindex/swift-extensions.build/Debug-xros/SwiftExtensions.build/Objects-normal/arm64/SwiftExtensions.SwiftFileList --metadata-file-list /Users/admin/builder/spi-builder-workspace/.derivedData/Build/Intermediates.noindex/swift-extensions.build/Debug-xros/SwiftExtensions.build/SwiftExtensions.DependencyMetadataFileList --static-metadata-file-list /Users/admin/builder/spi-builder-workspace/.derivedData/Build/Intermediates.noindex/swift-extensions.build/Debug-xros/SwiftExtensions.build/SwiftExtensions.DependencyStaticMetadataFileList --swift-const-vals-list /Users/admin/builder/spi-builder-workspace/.derivedData/Build/Intermediates.noindex/swift-extensions.build/Debug-xros/SwiftExtensions.build/Objects-normal/arm64/SwiftExtensions.SwiftConstValuesFileList --force --compile-time-extraction --deployment-aware-processing --validate-assistant-intents --no-app-shortcuts-localization
2026-10-15 21:32:08.197 appintentsmetadataprocessor[1835:9365] Starting appintentsmetadataprocessor export
2026-10-15 21:32:08.356 appintentsmetadataprocessor[1835:9365] Extracted no relevant App Intents symbols, skipping writing output
SwiftDriver SPFKFileSystem normal arm64 com.apple.xcode.tools.swift.compiler (in target 'SPFKFileSystem' from project 'spfk-filesystem')
cd /Users/admin/builder/spi-builder-workspace/.swiftpm/xcode
builtin-SwiftDriver -- /Applications/Xcode-26.3.0.app/Contents/Developer/Toolchains/XcodeDefault.xctoolchain/usr/bin/swiftc -module-name SPFKFileSystem -Onone -enforce-exclusivity\=checked @/Users/admin/builder/spi-builder-workspace/.derivedData/Build/Intermediates.noindex/spfk-filesystem.build/Debug-xros/SPFKFileSystem.build/Objects-normal/arm64/SPFKFileSystem.SwiftFileList -DSWIFT_PACKAGE -DDEBUG -DSWIFT_MODULE_RESOURCE_BUNDLE_AVAILABLE -Xcc -fmodule-map-file\=/Users/admin/builder/spi-builder-workspace/.derivedData/Build/Intermediates.noindex/GeneratedModuleMaps-xros/SPFKBaseC.modulemap -DXcode -plugin-path /Applications/Xcode-26.3.0.app/Contents/Developer/Toolchains/XcodeDefault.xctoolchain/usr/lib/swift/host/plugins/testing -enable-experimental-feature DebugDescriptionMacro -sdk /Applications/Xcode-26.3.0.app/Contents/Developer/Platforms/XROS.platform/Developer/SDKs/XROS26.2.sdk -target arm64-apple-xros1.0 -g -module-cache-path /Users/admin/builder/spi-builder-workspace/.derivedData/ModuleCache.noindex -Xfrontend -serialize-debugging-options -profile-coverage-mapping -profile-generate -enable-testing -suppress-warnings -index-store-path /Users/admin/builder/spi-builder-workspace/.derivedData/Index.noindex/DataStore -Xcc -D_LIBCPP_HARDENING_MODE\=_LIBCPP_HARDENING_MODE_DEBUG -swift-version 6 -I /Users/admin/builder/spi-builder-workspace/.derivedData/Build/Products/Debug-xros -Isystem /Applications/Xcode-26.3.0.app/Contents/Developer/Platforms/XROS.platform/Developer/usr/lib -F /Users/admin/builder/spi-builder-workspace/.derivedData/Build/Products/Debug-xros/PackageFrameworks -F /Users/admin/builder/spi-builder-workspace/.derivedData/Build/Products/Debug-xros/PackageFrameworks -F /Users/admin/builder/spi-builder-workspace/.derivedData/Build/Products/Debug-xros/PackageFrameworks -F /Users/admin/builder/spi-builder-workspace/.derivedData/Build/Products/Debug-xros/PackageFrameworks -F /Users/admin/builder/spi-builder-workspace/.derivedData/Build/Products/Debug-xros/PackageFrameworks -F /Users/admin/builder/spi-builder-workspace/.derivedData/Build/Products/Debug-xros/PackageFrameworks -F /Users/admin/builder/spi-builder-workspace/.derivedData/Build/Products/Debug-xros/PackageFrameworks -F /Users/admin/builder/spi-builder-workspace/.derivedData/Build/Products/Debug-xros/PackageFrameworks -F /Users/admin/builder/spi-builder-workspace/.derivedData/Build/Products/Debug-xros/PackageFrameworks -F /Users/admin/builder/spi-builder-workspace/.derivedData/Build/Products/Debug-xros/PackageFrameworks -F /Users/admin/builder/spi-builder-workspace/.derivedData/Build/Products/Debug-xros/PackageFrameworks -F /Users/admin/builder/spi-builder-workspace/.derivedData/Build/Products/Debug-xros/PackageFrameworks -F /Users/admin/builder/spi-builder-workspace/.derivedData/Build/Products/Debug-xros/PackageFrameworks -F /Users/admin/builder/spi-builder-workspace/.derivedData/Build/Products/Debug-xros/PackageFrameworks -F /Users/admin/builder/spi-builder-workspace/.derivedData/Build/Products/Debug-xros/PackageFrameworks -F /Users/admin/builder/spi-builder-workspace/.derivedData/Build/Products/Debug-xros/PackageFrameworks -F /Users/admin/builder/spi-builder-workspace/.derivedData/Build/Products/Debug-xros/PackageFrameworks -F /Users/admin/builder/spi-builder-workspace/.derivedData/Build/Products/Debug-xros/PackageFrameworks -F /Users/admin/builder/spi-builder-workspace/.derivedData/Build/Products/Debug-xros/PackageFrameworks -F /Users/admin/builder/spi-builder-workspace/.derivedData/Build/Products/Debug-xros -F /Applications/Xcode-26.3.0.app/Contents/Developer/Platforms/XROS.platform/Developer/Library/Frameworks -F /Applications/Xcode-26.3.0.app/Contents/Developer/Platforms/XROS.platform/Developer/SDKs/XROS26.2.sdk/Developer/Library/Frameworks -emit-localized-strings -emit-localized-strings-path /Users/admin/builder/spi-builder-workspace/.derivedData/Build/Intermediates.noindex/spfk-filesystem.build/Debug-xros/SPFKFileSystem.build/Objects-normal/arm64 -c -j10 -enable-batch-mode -incremental -Xcc -ivfsstatcache -Xcc /Users/admin/builder/spi-builder-workspace/.derivedData/SDKStatCaches.noindex/xros26.2-23N301-dc75598d0054f22ec865fa860f139d72f5e64962d3ee001da1d77d1957dffdab.sdkstatcache -output-file-map /Users/admin/builder/spi-builder-workspace/.derivedData/Build/Intermediates.noindex/spfk-filesystem.build/Debug-xros/SPFKFileSystem.build/Objects-normal/arm64/SPFKFileSystem-OutputFileMap.json -use-frontend-parseable-output -save-temps -no-color-diagnostics -explicit-module-build -module-cache-path /Users/admin/builder/spi-builder-workspace/.derivedData/Build/Intermediates.noindex/SwiftExplicitPrecompiledModules -clang-scanner-module-cache-path /Users/admin/builder/spi-builder-workspace/.derivedData/ModuleCache.noindex -sdk-module-cache-path /Users/admin/builder/spi-builder-workspace/.derivedData/ModuleCache.noindex -serialize-diagnostics -emit-dependencies -emit-module -emit-module-path /Users/admin/builder/spi-builder-workspace/.derivedData/Build/Intermediates.noindex/spfk-filesystem.build/Debug-xros/SPFKFileSystem.build/Objects-normal/arm64/SPFKFileSystem.swiftmodule -user-module-version 1.11.1 -validate-clang-modules-once -clang-build-session-file /Users/admin/builder/spi-builder-workspace/.derivedData/ModuleCache.noindex/Session.modulevalidation -package-name spfk_filesystem -Xcc -I/Users/admin/builder/spi-builder-workspace/.derivedData/Build/Intermediates.noindex/spfk-filesystem.build/Debug-xros/SPFKFileSystem.build/swift-overrides.hmap -emit-const-values -Xfrontend -const-gather-protocols-file -Xfrontend /Users/admin/builder/spi-builder-workspace/.derivedData/Build/Intermediates.noindex/spfk-filesystem.build/Debug-xros/SPFKFileSystem.build/Objects-normal/arm64/SPFKFileSystem_const_extract_protocols.json -Xcc -I/Users/admin/builder/spi-builder-workspace/.dependencies/checkouts/swift-numerics/Sources/_NumericsShims/include -Xcc -I/Users/admin/builder/spi-builder-workspace/.dependencies/checkouts/spfk-base/Sources/SPFKBaseC/include -Xcc -I/Users/admin/builder/spi-builder-workspace/.derivedData/Build/Products/Debug-xros/include -Xcc -I/Users/admin/builder/spi-builder-workspace/.derivedData/Build/Intermediates.noindex/spfk-filesystem.build/Debug-xros/SPFKFileSystem.build/DerivedSources-normal/arm64 -Xcc -I/Users/admin/builder/spi-builder-workspace/.derivedData/Build/Intermediates.noindex/spfk-filesystem.build/Debug-xros/SPFKFileSystem.build/DerivedSources/arm64 -Xcc -I/Users/admin/builder/spi-builder-workspace/.derivedData/Build/Intermediates.noindex/spfk-filesystem.build/Debug-xros/SPFKFileSystem.build/DerivedSources -Xcc -DSWIFT_PACKAGE -Xcc -DDEBUG\=1 -emit-objc-header -emit-objc-header-path /Users/admin/builder/spi-builder-workspace/.derivedData/Build/Intermediates.noindex/spfk-filesystem.build/Debug-xros/SPFKFileSystem.build/Objects-normal/arm64/SPFKFileSystem-Swift.h -working-directory /Users/admin/builder/spi-builder-workspace/.swiftpm/xcode -experimental-emit-module-separately -disable-cmo
SwiftDriverJobDiscovery normal arm64 Compiling FileManager.swift, FloatingPoint.swift, NSError.swift, NSException.swift (in target 'SPFKBase' from project 'spfk-base')
SwiftDriverJobDiscovery normal arm64 Compiling Benchmark.swift, CG Wrappers.swift, DebouncedTask.swift, FloatChannelData.swift, HexColor+ColorName.swift (in target 'SPFKBase' from project 'spfk-base')
RegisterExecutionPolicyException /Users/admin/builder/spi-builder-workspace/.derivedData/Build/Products/Debug-xros/SwiftExtensions.o (in target 'SwiftExtensions' from project 'swift-extensions')
cd /Users/admin/builder/spi-builder-workspace/.dependencies/checkouts/swift-extensions
builtin-RegisterExecutionPolicyException /Users/admin/builder/spi-builder-workspace/.derivedData/Build/Products/Debug-xros/SwiftExtensions.o
SwiftDriverJobDiscovery normal arm64 Compiling UnitInterval.swift, ExceptionTrap.swift, Floating Point.swift, FourCharCode.swift (in target 'SPFKBase' from project 'spfk-base')
SwiftDriverJobDiscovery normal arm64 Compiling URL+ResourceValues.swift, URL.swift, BuildConfig.swift, Log.swift (in target 'SPFKBase' from project 'spfk-base')
SwiftDriverJobDiscovery normal arm64 Compiling HexColor+NSColor.swift, HexColor.swift, ParseProgressAccess.swift, ParseStopSignal.swift, MovementDirection.swift (in target 'SPFKBase' from project 'spfk-base')
SwiftDriverJobDiscovery normal arm64 Compiling OSVersion.swift, SequentialPCMSource.swift, Serializable+Pasteboard.swift, Serializable.swift, TrimDescription.swift (in target 'SPFKBase' from project 'spfk-base')
SwiftDriverJobDiscovery normal arm64 Compiling String+C.swift, String.swift, Task.swift, URL+Directory.swift (in target 'SPFKBase' from project 'spfk-base')
SwiftDriver\ Compilation SPFKBase normal arm64 com.apple.xcode.tools.swift.compiler (in target 'SPFKBase' from project 'spfk-base')
cd /Users/admin/builder/spi-builder-workspace/.swiftpm/xcode
builtin-Swift-Compilation -- /Applications/Xcode-26.3.0.app/Contents/Developer/Toolchains/XcodeDefault.xctoolchain/usr/bin/swiftc -module-name SPFKBase -Onone -enforce-exclusivity\=checked @/Users/admin/builder/spi-builder-workspace/.derivedData/Build/Intermediates.noindex/spfk-base.build/Debug-xros/SPFKBase.build/Objects-normal/arm64/SPFKBase.SwiftFileList -DSWIFT_PACKAGE -DDEBUG -DSWIFT_MODULE_RESOURCE_BUNDLE_UNAVAILABLE -Xcc -fmodule-map-file\=/Users/admin/builder/spi-builder-workspace/.derivedData/Build/Intermediates.noindex/GeneratedModuleMaps-xros/SPFKBaseC.modulemap -DXcode -plugin-path /Applications/Xcode-26.3.0.app/Contents/Developer/Toolchains/XcodeDefault.xctoolchain/usr/lib/swift/host/plugins/testing -enable-experimental-feature DebugDescriptionMacro -sdk /Applications/Xcode-26.3.0.app/Contents/Developer/Platforms/XROS.platform/Developer/SDKs/XROS26.2.sdk -target arm64-apple-xros1.0 -g -module-cache-path /Users/admin/builder/spi-builder-workspace/.derivedData/ModuleCache.noindex -Xfrontend -serialize-debugging-options -profile-coverage-mapping -profile-generate -enable-testing -suppress-warnings -index-store-path /Users/admin/builder/spi-builder-workspace/.derivedData/Index.noindex/DataStore -Xcc -D_LIBCPP_HARDENING_MODE\=_LIBCPP_HARDENING_MODE_DEBUG -swift-version 6 -I /Users/admin/builder/spi-builder-workspace/.derivedData/Build/Products/Debug-xros -Isystem /Applications/Xcode-26.3.0.app/Contents/Developer/Platforms/XROS.platform/Developer/usr/lib -F /Users/admin/builder/spi-builder-workspace/.derivedData/Build/Products/Debug-xros/PackageFrameworks -F /Users/admin/builder/spi-builder-workspace/.derivedData/Build/Products/Debug-xros/PackageFrameworks -F /Users/admin/builder/spi-builder-workspace/.derivedData/Build/Products/Debug-xros/PackageFrameworks -F /Users/admin/builder/spi-builder-workspace/.derivedData/Build/Products/Debug-xros/PackageFrameworks -F /Users/admin/builder/spi-builder-workspace/.derivedData/Build/Products/Debug-xros/PackageFrameworks -F /Users/admin/builder/spi-builder-workspace/.derivedData/Build/Products/Debug-xros/PackageFrameworks -F /Users/admin/builder/spi-builder-workspace/.derivedData/Build/Products/Debug-xros/PackageFrameworks -F /Users/admin/builder/spi-builder-workspace/.derivedData/Build/Products/Debug-xros/PackageFrameworks -F /Users/admin/builder/spi-builder-workspace/.derivedData/Build/Products/Debug-xros/PackageFrameworks -F /Users/admin/builder/spi-builder-workspace/.derivedData/Build/Products/Debug-xros/PackageFrameworks -F /Users/admin/builder/spi-builder-workspace/.derivedData/Build/Products/Debug-xros/PackageFrameworks -F /Users/admin/builder/spi-builder-workspace/.derivedData/Build/Products/Debug-xros/PackageFrameworks -F /Users/admin/builder/spi-builder-workspace/.derivedData/Build/Products/Debug-xros/PackageFrameworks -F /Users/admin/builder/spi-builder-workspace/.derivedData/Build/Products/Debug-xros/PackageFrameworks -F /Users/admin/builder/spi-builder-workspace/.derivedData/Build/Products/Debug-xros/PackageFrameworks -F /Users/admin/builder/spi-builder-workspace/.derivedData/Build/Products/Debug-xros/PackageFrameworks -F /Users/admin/builder/spi-builder-workspace/.derivedData/Build/Products/Debug-xros/PackageFrameworks -F /Users/admin/builder/spi-builder-workspace/.derivedData/Build/Products/Debug-xros -F /Applications/Xcode-26.3.0.app/Contents/Developer/Platforms/XROS.platform/Developer/Library/Frameworks -F /Applications/Xcode-26.3.0.app/Contents/Developer/Platforms/XROS.platform/Developer/SDKs/XROS26.2.sdk/Developer/Library/Frameworks -emit-localized-strings -emit-localized-strings-path /Users/admin/builder/spi-builder-workspace/.derivedData/Build/Intermediates.noindex/spfk-base.build/Debug-xros/SPFKBase.build/Objects-normal/arm64 -c -j10 -enable-batch-mode -incremental -Xcc -ivfsstatcache -Xcc /Users/admin/builder/spi-builder-workspace/.derivedData/SDKStatCaches.noindex/xros26.2-23N301-dc75598d0054f22ec865fa860f139d72f5e64962d3ee001da1d77d1957dffdab.sdkstatcache -output-file-map /Users/admin/builder/spi-builder-workspace/.derivedData/Build/Intermediates.noindex/spfk-base.build/Debug-xros/SPFKBase.build/Objects-normal/arm64/SPFKBase-OutputFileMap.json -use-frontend-parseable-output -save-temps -no-color-diagnostics -explicit-module-build -module-cache-path /Users/admin/builder/spi-builder-workspace/.derivedData/Build/Intermediates.noindex/SwiftExplicitPrecompiledModules -clang-scanner-module-cache-path /Users/admin/builder/spi-builder-workspace/.derivedData/ModuleCache.noindex -sdk-module-cache-path /Users/admin/builder/spi-builder-workspace/.derivedData/ModuleCache.noindex -serialize-diagnostics -emit-dependencies -emit-module -emit-module-path /Users/admin/builder/spi-builder-workspace/.derivedData/Build/Intermediates.noindex/spfk-base.build/Debug-xros/SPFKBase.build/Objects-normal/arm64/SPFKBase.swiftmodule -user-module-version 1.13.0 -validate-clang-modules-once -clang-build-session-file /Users/admin/builder/spi-builder-workspace/.derivedData/ModuleCache.noindex/Session.modulevalidation -package-name spfk_base -Xcc -I/Users/admin/builder/spi-builder-workspace/.derivedData/Build/Intermediates.noindex/spfk-base.build/Debug-xros/SPFKBase.build/swift-overrides.hmap -emit-const-values -Xfrontend -const-gather-protocols-file -Xfrontend /Users/admin/builder/spi-builder-workspace/.derivedData/Build/Intermediates.noindex/spfk-base.build/Debug-xros/SPFKBase.build/Objects-normal/arm64/SPFKBase_const_extract_protocols.json -Xcc -I/Users/admin/builder/spi-builder-workspace/.dependencies/checkouts/swift-numerics/Sources/_NumericsShims/include -Xcc -I/Users/admin/builder/spi-builder-workspace/.dependencies/checkouts/spfk-base/Sources/SPFKBaseC/include -Xcc -I/Users/admin/builder/spi-builder-workspace/.derivedData/Build/Products/Debug-xros/include -Xcc -I/Users/admin/builder/spi-builder-workspace/.derivedData/Build/Intermediates.noindex/spfk-base.build/Debug-xros/SPFKBase.build/DerivedSources-normal/arm64 -Xcc -I/Users/admin/builder/spi-builder-workspace/.derivedData/Build/Intermediates.noindex/spfk-base.build/Debug-xros/SPFKBase.build/DerivedSources/arm64 -Xcc -I/Users/admin/builder/spi-builder-workspace/.derivedData/Build/Intermediates.noindex/spfk-base.build/Debug-xros/SPFKBase.build/DerivedSources -Xcc -DSWIFT_PACKAGE -Xcc -DDEBUG\=1 -emit-objc-header -emit-objc-header-path /Users/admin/builder/spi-builder-workspace/.derivedData/Build/Intermediates.noindex/spfk-base.build/Debug-xros/SPFKBase.build/Objects-normal/arm64/SPFKBase-Swift.h -working-directory /Users/admin/builder/spi-builder-workspace/.swiftpm/xcode -experimental-emit-module-separately -disable-cmo
Ld /Users/admin/builder/spi-builder-workspace/.derivedData/Build/Products/Debug-xros/SPFKBase.o normal (in target 'SPFKBase' from project 'spfk-base')
cd /Users/admin/builder/spi-builder-workspace/.dependencies/checkouts/spfk-base
/Applications/Xcode-26.3.0.app/Contents/Developer/Toolchains/XcodeDefault.xctoolchain/usr/bin/clang -Xlinker -reproducible -target arm64-apple-xros1.0 -r -isysroot /Applications/Xcode-26.3.0.app/Contents/Developer/Platforms/XROS.platform/Developer/SDKs/XROS26.2.sdk -O0 -w -L/Users/admin/builder/spi-builder-workspace/.derivedData/Build/Intermediates.noindex/EagerLinkingTBDs/Debug-xros -L/Users/admin/builder/spi-builder-workspace/.derivedData/Build/Products/Debug-xros -L/Applications/Xcode-26.3.0.app/Contents/Developer/Platforms/XROS.platform/Developer/usr/lib -F/Users/admin/builder/spi-builder-workspace/.derivedData/Build/Intermediates.noindex/EagerLinkingTBDs/Debug-xros -F/Users/admin/builder/spi-builder-workspace/.derivedData/Build/Products/Debug-xros/PackageFrameworks -F/Users/admin/builder/spi-builder-workspace/.derivedData/Build/Products/Debug-xros/PackageFrameworks -F/Users/admin/builder/spi-builder-workspace/.derivedData/Build/Products/Debug-xros/PackageFrameworks -F/Users/admin/builder/spi-builder-workspace/.derivedData/Build/Products/Debug-xros/PackageFrameworks -F/Users/admin/builder/spi-builder-workspace/.derivedData/Build/Products/Debug-xros/PackageFrameworks -F/Users/admin/builder/spi-builder-workspace/.derivedData/Build/Products/Debug-xros/PackageFrameworks -F/Users/admin/builder/spi-builder-workspace/.derivedData/Build/Products/Debug-xros/PackageFrameworks -F/Users/admin/builder/spi-builder-workspace/.derivedData/Build/Products/Debug-xros/PackageFrameworks -F/Users/admin/builder/spi-builder-workspace/.derivedData/Build/Products/Debug-xros/PackageFrameworks -F/Users/admin/builder/spi-builder-workspace/.derivedData/Build/Products/Debug-xros/PackageFrameworks -F/Users/admin/builder/spi-builder-workspace/.derivedData/Build/Products/Debug-xros/PackageFrameworks -F/Users/admin/builder/spi-builder-workspace/.derivedData/Build/Products/Debug-xros/PackageFrameworks -F/Users/admin/builder/spi-builder-workspace/.derivedData/Build/Products/Debug-xros/PackageFrameworks -F/Users/admin/builder/spi-builder-workspace/.derivedData/Build/Products/Debug-xros/PackageFrameworks -F/Users/admin/builder/spi-builder-workspace/.derivedData/Build/Products/Debug-xros/PackageFrameworks -F/Users/admin/builder/spi-builder-workspace/.derivedData/Build/Products/Debug-xros/PackageFrameworks -F/Users/admin/builder/spi-builder-workspace/.derivedData/Build/Products/Debug-xros/PackageFrameworks -F/Users/admin/builder/spi-builder-workspace/.derivedData/Build/Products/Debug-xros -iframework /Applications/Xcode-26.3.0.app/Contents/Developer/Platforms/XROS.platform/Developer/Library/Frameworks -iframework /Applications/Xcode-26.3.0.app/Contents/Developer/Platforms/XROS.platform/Developer/SDKs/XROS26.2.sdk/Developer/Library/Frameworks -filelist /Users/admin/builder/spi-builder-workspace/.derivedData/Build/Intermediates.noindex/spfk-base.build/Debug-xros/SPFKBase.build/Objects-normal/arm64/SPFKBase.LinkFileList -nostdlib -Xlinker -object_path_lto -Xlinker /Users/admin/builder/spi-builder-workspace/.derivedData/Build/Intermediates.noindex/spfk-base.build/Debug-xros/SPFKBase.build/Objects-normal/arm64/SPFKBase_lto.o -rdynamic -Xlinker -no_deduplicate -Xlinker -debug_variant -Xlinker -dependency_info -Xlinker /Users/admin/builder/spi-builder-workspace/.derivedData/Build/Intermediates.noindex/spfk-base.build/Debug-xros/SPFKBase.build/Objects-normal/arm64/SPFKBase_dependency_info.dat -fobjc-link-runtime -L/Applications/Xcode-26.3.0.app/Contents/Developer/Toolchains/XcodeDefault.xctoolchain/usr/lib/swift/xros -L/usr/lib/swift -Xlinker -add_ast_path -Xlinker /Users/admin/builder/spi-builder-workspace/.derivedData/Build/Intermediates.noindex/spfk-base.build/Debug-xros/SPFKBase.build/Objects-normal/arm64/SPFKBase.swiftmodule @/Users/admin/builder/spi-builder-workspace/.derivedData/Build/Intermediates.noindex/spfk-base.build/Debug-xros/SPFKBase.build/Objects-normal/arm64/SPFKBase-linker-args.resp -o /Users/admin/builder/spi-builder-workspace/.derivedData/Build/Products/Debug-xros/SPFKBase.o
SwiftCompile normal arm64 Compiling\ FileSystem+Identity.swift,\ FileSystem+Volume.swift,\ FileSystem.swift /Users/admin/builder/spi-builder-workspace/.dependencies/checkouts/spfk-filesystem/Sources/SPFKFileSystem/FileSystem/FileSystem+Identity.swift /Users/admin/builder/spi-builder-workspace/.dependencies/checkouts/spfk-filesystem/Sources/SPFKFileSystem/FileSystem/FileSystem+Volume.swift /Users/admin/builder/spi-builder-workspace/.dependencies/checkouts/spfk-filesystem/Sources/SPFKFileSystem/FileSystem/FileSystem.swift (in target 'SPFKFileSystem' from project 'spfk-filesystem')
SwiftCompile normal arm64 /Users/admin/builder/spi-builder-workspace/.dependencies/checkouts/spfk-filesystem/Sources/SPFKFileSystem/FileSystem/FileSystem+Identity.swift (in target 'SPFKFileSystem' from project 'spfk-filesystem')
cd /Users/admin/builder/spi-builder-workspace/.swiftpm/xcode
SwiftCompile normal arm64 /Users/admin/builder/spi-builder-workspace/.dependencies/checkouts/spfk-filesystem/Sources/SPFKFileSystem/FileSystem/FileSystem+Volume.swift (in target 'SPFKFileSystem' from project 'spfk-filesystem')
cd /Users/admin/builder/spi-builder-workspace/.swiftpm/xcode
SwiftCompile normal arm64 /Users/admin/builder/spi-builder-workspace/.dependencies/checkouts/spfk-filesystem/Sources/SPFKFileSystem/FileSystem/FileSystem.swift (in target 'SPFKFileSystem' from project 'spfk-filesystem')
cd /Users/admin/builder/spi-builder-workspace/.swiftpm/xcode
SwiftCompile normal arm64 Compiling\ DirectoryEnumerationObserverDelegate.swift,\ DirectoryEvent.swift,\ DirectoryObserver.swift /Users/admin/builder/spi-builder-workspace/.dependencies/checkouts/spfk-filesystem/Sources/SPFKFileSystem/Observation/DirectoryEnumerationObserverDelegate.swift /Users/admin/builder/spi-builder-workspace/.dependencies/checkouts/spfk-filesystem/Sources/SPFKFileSystem/Observation/DirectoryEvent.swift /Users/admin/builder/spi-builder-workspace/.dependencies/checkouts/spfk-filesystem/Sources/SPFKFileSystem/Observation/DirectoryObserver.swift (in target 'SPFKFileSystem' from project 'spfk-filesystem')
SwiftCompile normal arm64 /Users/admin/builder/spi-builder-workspace/.dependencies/checkouts/spfk-filesystem/Sources/SPFKFileSystem/Observation/DirectoryEnumerationObserverDelegate.swift (in target 'SPFKFileSystem' from project 'spfk-filesystem')
cd /Users/admin/builder/spi-builder-workspace/.swiftpm/xcode
SwiftCompile normal arm64 /Users/admin/builder/spi-builder-workspace/.dependencies/checkouts/spfk-filesystem/Sources/SPFKFileSystem/Observation/DirectoryEvent.swift (in target 'SPFKFileSystem' from project 'spfk-filesystem')
cd /Users/admin/builder/spi-builder-workspace/.swiftpm/xcode
SwiftCompile normal arm64 /Users/admin/builder/spi-builder-workspace/.dependencies/checkouts/spfk-filesystem/Sources/SPFKFileSystem/Observation/DirectoryObserver.swift (in target 'SPFKFileSystem' from project 'spfk-filesystem')
cd /Users/admin/builder/spi-builder-workspace/.swiftpm/xcode
SwiftCompile normal arm64 Compiling\ resource_bundle_accessor.swift,\ URL+FileLock.swift,\ URL+FinderTag.swift /Users/admin/builder/spi-builder-workspace/.derivedData/Build/Intermediates.noindex/spfk-filesystem.build/Debug-xros/SPFKFileSystem.build/DerivedSources/resource_bundle_accessor.swift /Users/admin/builder/spi-builder-workspace/.dependencies/checkouts/spfk-filesystem/Sources/SPFKFileSystem/Extensions/URL+FileLock.swift /Users/admin/builder/spi-builder-workspace/.dependencies/checkouts/spfk-filesystem/Sources/SPFKFileSystem/Extensions/URL+FinderTag.swift (in target 'SPFKFileSystem' from project 'spfk-filesystem')
SwiftCompile normal arm64 /Users/admin/builder/spi-builder-workspace/.derivedData/Build/Intermediates.noindex/spfk-filesystem.build/Debug-xros/SPFKFileSystem.build/DerivedSources/resource_bundle_accessor.swift (in target 'SPFKFileSystem' from project 'spfk-filesystem')
cd /Users/admin/builder/spi-builder-workspace/.swiftpm/xcode
SwiftCompile normal arm64 /Users/admin/builder/spi-builder-workspace/.dependencies/checkouts/spfk-filesystem/Sources/SPFKFileSystem/Extensions/URL+FileLock.swift (in target 'SPFKFileSystem' from project 'spfk-filesystem')
cd /Users/admin/builder/spi-builder-workspace/.swiftpm/xcode
SwiftCompile normal arm64 /Users/admin/builder/spi-builder-workspace/.dependencies/checkouts/spfk-filesystem/Sources/SPFKFileSystem/Extensions/URL+FinderTag.swift (in target 'SPFKFileSystem' from project 'spfk-filesystem')
cd /Users/admin/builder/spi-builder-workspace/.swiftpm/xcode
SwiftCompile normal arm64 Compiling\ DirectoryObserverDelegate.swift,\ FSEventsDirectoryObserver.swift,\ FileModificationObserver.swift /Users/admin/builder/spi-builder-workspace/.dependencies/checkouts/spfk-filesystem/Sources/SPFKFileSystem/Observation/DirectoryObserverDelegate.swift /Users/admin/builder/spi-builder-workspace/.dependencies/checkouts/spfk-filesystem/Sources/SPFKFileSystem/Observation/FSEventsDirectoryObserver.swift /Users/admin/builder/spi-builder-workspace/.dependencies/checkouts/spfk-filesystem/Sources/SPFKFileSystem/Observation/FileModificationObserver.swift (in target 'SPFKFileSystem' from project 'spfk-filesystem')
SwiftCompile normal arm64 /Users/admin/builder/spi-builder-workspace/.dependencies/checkouts/spfk-filesystem/Sources/SPFKFileSystem/Observation/DirectoryObserverDelegate.swift (in target 'SPFKFileSystem' from project 'spfk-filesystem')
cd /Users/admin/builder/spi-builder-workspace/.swiftpm/xcode
SwiftCompile normal arm64 /Users/admin/builder/spi-builder-workspace/.dependencies/checkouts/spfk-filesystem/Sources/SPFKFileSystem/Observation/FSEventsDirectoryObserver.swift (in target 'SPFKFileSystem' from project 'spfk-filesystem')
cd /Users/admin/builder/spi-builder-workspace/.swiftpm/xcode
SwiftCompile normal arm64 /Users/admin/builder/spi-builder-workspace/.dependencies/checkouts/spfk-filesystem/Sources/SPFKFileSystem/Observation/FileModificationObserver.swift (in target 'SPFKFileSystem' from project 'spfk-filesystem')
cd /Users/admin/builder/spi-builder-workspace/.swiftpm/xcode
SwiftCompile normal arm64 Compiling\ URL+SecurityScope.swift,\ URL+XAttr.swift,\ FileCommands.swift /Users/admin/builder/spi-builder-workspace/.dependencies/checkouts/spfk-filesystem/Sources/SPFKFileSystem/Extensions/URL+SecurityScope.swift /Users/admin/builder/spi-builder-workspace/.dependencies/checkouts/spfk-filesystem/Sources/SPFKFileSystem/Extensions/URL+XAttr.swift /Users/admin/builder/spi-builder-workspace/.dependencies/checkouts/spfk-filesystem/Sources/SPFKFileSystem/FileSystem/FileCommands.swift (in target 'SPFKFileSystem' from project 'spfk-filesystem')
SwiftCompile normal arm64 /Users/admin/builder/spi-builder-workspace/.dependencies/checkouts/spfk-filesystem/Sources/SPFKFileSystem/Extensions/URL+SecurityScope.swift (in target 'SPFKFileSystem' from project 'spfk-filesystem')
cd /Users/admin/builder/spi-builder-workspace/.swiftpm/xcode
SwiftCompile normal arm64 /Users/admin/builder/spi-builder-workspace/.dependencies/checkouts/spfk-filesystem/Sources/SPFKFileSystem/Extensions/URL+XAttr.swift (in target 'SPFKFileSystem' from project 'spfk-filesystem')
cd /Users/admin/builder/spi-builder-workspace/.swiftpm/xcode
SwiftCompile normal arm64 /Users/admin/builder/spi-builder-workspace/.dependencies/checkouts/spfk-filesystem/Sources/SPFKFileSystem/FileSystem/FileCommands.swift (in target 'SPFKFileSystem' from project 'spfk-filesystem')
cd /Users/admin/builder/spi-builder-workspace/.swiftpm/xcode
SwiftCompile normal arm64 Compiling\ FileModificationState.swift,\ ObservationData.swift,\ VolumeObserver.swift /Users/admin/builder/spi-builder-workspace/.dependencies/checkouts/spfk-filesystem/Sources/SPFKFileSystem/Observation/FileModificationState.swift /Users/admin/builder/spi-builder-workspace/.dependencies/checkouts/spfk-filesystem/Sources/SPFKFileSystem/Observation/ObservationData.swift /Users/admin/builder/spi-builder-workspace/.dependencies/checkouts/spfk-filesystem/Sources/SPFKFileSystem/Observation/VolumeObserver.swift (in target 'SPFKFileSystem' from project 'spfk-filesystem')
SwiftCompile normal arm64 /Users/admin/builder/spi-builder-workspace/.dependencies/checkouts/spfk-filesystem/Sources/SPFKFileSystem/Observation/FileModificationState.swift (in target 'SPFKFileSystem' from project 'spfk-filesystem')
cd /Users/admin/builder/spi-builder-workspace/.swiftpm/xcode
SwiftCompile normal arm64 /Users/admin/builder/spi-builder-workspace/.dependencies/checkouts/spfk-filesystem/Sources/SPFKFileSystem/Observation/ObservationData.swift (in target 'SPFKFileSystem' from project 'spfk-filesystem')
cd /Users/admin/builder/spi-builder-workspace/.swiftpm/xcode
SwiftCompile normal arm64 /Users/admin/builder/spi-builder-workspace/.dependencies/checkouts/spfk-filesystem/Sources/SPFKFileSystem/Observation/VolumeObserver.swift (in target 'SPFKFileSystem' from project 'spfk-filesystem')
cd /Users/admin/builder/spi-builder-workspace/.swiftpm/xcode
SwiftCompile normal arm64 Compiling\ FileLockState.swift,\ FinderTagDescription.swift,\ FinderTagGroup+HexColor.swift /Users/admin/builder/spi-builder-workspace/.dependencies/checkouts/spfk-filesystem/Sources/SPFKFileSystem/Tags/FileLockState.swift /Users/admin/builder/spi-builder-workspace/.dependencies/checkouts/spfk-filesystem/Sources/SPFKFileSystem/Tags/FinderTagDescription.swift /Users/admin/builder/spi-builder-workspace/.dependencies/checkouts/spfk-filesystem/Sources/SPFKFileSystem/Tags/FinderTagGroup+HexColor.swift (in target 'SPFKFileSystem' from project 'spfk-filesystem')
SwiftCompile normal arm64 /Users/admin/builder/spi-builder-workspace/.dependencies/checkouts/spfk-filesystem/Sources/SPFKFileSystem/Tags/FileLockState.swift (in target 'SPFKFileSystem' from project 'spfk-filesystem')
cd /Users/admin/builder/spi-builder-workspace/.swiftpm/xcode
SwiftCompile normal arm64 /Users/admin/builder/spi-builder-workspace/.dependencies/checkouts/spfk-filesystem/Sources/SPFKFileSystem/Tags/FinderTagDescription.swift (in target 'SPFKFileSystem' from project 'spfk-filesystem')
cd /Users/admin/builder/spi-builder-workspace/.swiftpm/xcode
SwiftCompile normal arm64 /Users/admin/builder/spi-builder-workspace/.dependencies/checkouts/spfk-filesystem/Sources/SPFKFileSystem/Tags/FinderTagGroup+HexColor.swift (in target 'SPFKFileSystem' from project 'spfk-filesystem')
cd /Users/admin/builder/spi-builder-workspace/.swiftpm/xcode
SwiftEmitModule normal arm64 Emitting\ module\ for\ SPFKFileSystem (in target 'SPFKFileSystem' from project 'spfk-filesystem')
EmitSwiftModule normal arm64 (in target 'SPFKFileSystem' from project 'spfk-filesystem')
cd /Users/admin/builder/spi-builder-workspace/.swiftpm/xcode
SwiftCompile normal arm64 Compiling\ FinderTagGroup.swift,\ TagColor.swift,\ GeneratedStringSymbols_Localizable.swift /Users/admin/builder/spi-builder-workspace/.dependencies/checkouts/spfk-filesystem/Sources/SPFKFileSystem/Tags/FinderTagGroup.swift /Users/admin/builder/spi-builder-workspace/.dependencies/checkouts/spfk-filesystem/Sources/SPFKFileSystem/Tags/TagColor.swift /Users/admin/builder/spi-builder-workspace/.derivedData/Build/Intermediates.noindex/spfk-filesystem.build/Debug-xros/SPFKFileSystem.build/DerivedSources/GeneratedStringSymbols_Localizable.swift (in target 'SPFKFileSystem' from project 'spfk-filesystem')
SwiftCompile normal arm64 /Users/admin/builder/spi-builder-workspace/.dependencies/checkouts/spfk-filesystem/Sources/SPFKFileSystem/Tags/FinderTagGroup.swift (in target 'SPFKFileSystem' from project 'spfk-filesystem')
cd /Users/admin/builder/spi-builder-workspace/.swiftpm/xcode
SwiftCompile normal arm64 /Users/admin/builder/spi-builder-workspace/.dependencies/checkouts/spfk-filesystem/Sources/SPFKFileSystem/Tags/TagColor.swift (in target 'SPFKFileSystem' from project 'spfk-filesystem')
cd /Users/admin/builder/spi-builder-workspace/.swiftpm/xcode
SwiftCompile normal arm64 /Users/admin/builder/spi-builder-workspace/.derivedData/Build/Intermediates.noindex/spfk-filesystem.build/Debug-xros/SPFKFileSystem.build/DerivedSources/GeneratedStringSymbols_Localizable.swift (in target 'SPFKFileSystem' from project 'spfk-filesystem')
cd /Users/admin/builder/spi-builder-workspace/.swiftpm/xcode
SwiftCompile normal arm64 Compiling\ TrashReceipt.swift,\ Localization.swift,\ DirectoryEnumerationObserver.swift /Users/admin/builder/spi-builder-workspace/.dependencies/checkouts/spfk-filesystem/Sources/SPFKFileSystem/FileSystem/TrashReceipt.swift /Users/admin/builder/spi-builder-workspace/.dependencies/checkouts/spfk-filesystem/Sources/SPFKFileSystem/Localization.swift /Users/admin/builder/spi-builder-workspace/.dependencies/checkouts/spfk-filesystem/Sources/SPFKFileSystem/Observation/DirectoryEnumerationObserver.swift (in target 'SPFKFileSystem' from project 'spfk-filesystem')
SwiftCompile normal arm64 /Users/admin/builder/spi-builder-workspace/.dependencies/checkouts/spfk-filesystem/Sources/SPFKFileSystem/FileSystem/TrashReceipt.swift (in target 'SPFKFileSystem' from project 'spfk-filesystem')
cd /Users/admin/builder/spi-builder-workspace/.swiftpm/xcode
SwiftCompile normal arm64 /Users/admin/builder/spi-builder-workspace/.dependencies/checkouts/spfk-filesystem/Sources/SPFKFileSystem/Localization.swift (in target 'SPFKFileSystem' from project 'spfk-filesystem')
cd /Users/admin/builder/spi-builder-workspace/.swiftpm/xcode
SwiftCompile normal arm64 /Users/admin/builder/spi-builder-workspace/.dependencies/checkouts/spfk-filesystem/Sources/SPFKFileSystem/Observation/DirectoryEnumerationObserver.swift (in target 'SPFKFileSystem' from project 'spfk-filesystem')
cd /Users/admin/builder/spi-builder-workspace/.swiftpm/xcode
SwiftCompile normal arm64 Compiling\ FileConflictScheme.swift,\ FileSystem+Cleanup.swift,\ FileSystem+Enumeration.swift /Users/admin/builder/spi-builder-workspace/.dependencies/checkouts/spfk-filesystem/Sources/SPFKFileSystem/FileSystem/FileConflictScheme.swift /Users/admin/builder/spi-builder-workspace/.dependencies/checkouts/spfk-filesystem/Sources/SPFKFileSystem/FileSystem/FileSystem+Cleanup.swift /Users/admin/builder/spi-builder-workspace/.dependencies/checkouts/spfk-filesystem/Sources/SPFKFileSystem/FileSystem/FileSystem+Enumeration.swift (in target 'SPFKFileSystem' from project 'spfk-filesystem')
SwiftCompile normal arm64 /Users/admin/builder/spi-builder-workspace/.dependencies/checkouts/spfk-filesystem/Sources/SPFKFileSystem/FileSystem/FileConflictScheme.swift (in target 'SPFKFileSystem' from project 'spfk-filesystem')
cd /Users/admin/builder/spi-builder-workspace/.swiftpm/xcode
SwiftCompile normal arm64 /Users/admin/builder/spi-builder-workspace/.dependencies/checkouts/spfk-filesystem/Sources/SPFKFileSystem/FileSystem/FileSystem+Cleanup.swift (in target 'SPFKFileSystem' from project 'spfk-filesystem')
cd /Users/admin/builder/spi-builder-workspace/.swiftpm/xcode
SwiftCompile normal arm64 /Users/admin/builder/spi-builder-workspace/.dependencies/checkouts/spfk-filesystem/Sources/SPFKFileSystem/FileSystem/FileSystem+Enumeration.swift (in target 'SPFKFileSystem' from project 'spfk-filesystem')
cd /Users/admin/builder/spi-builder-workspace/.swiftpm/xcode
SwiftDriverJobDiscovery normal arm64 Compiling DirectoryObserverDelegate.swift, FSEventsDirectoryObserver.swift, FileModificationObserver.swift (in target 'SPFKFileSystem' from project 'spfk-filesystem')
SwiftDriverJobDiscovery normal arm64 Compiling FinderTagGroup.swift, TagColor.swift, GeneratedStringSymbols_Localizable.swift (in target 'SPFKFileSystem' from project 'spfk-filesystem')
ExtractAppIntentsMetadata (in target 'SPFKBase' from project 'spfk-base')
cd /Users/admin/builder/spi-builder-workspace/.dependencies/checkouts/spfk-base
/Applications/Xcode-26.3.0.app/Contents/Developer/Toolchains/XcodeDefault.xctoolchain/usr/bin/appintentsmetadataprocessor --toolchain-dir /var/run/com.apple.security.cryptexd/mnt/com.apple.MobileAsset.MetalToolchain-v17.3.7003.10.gVQjmO/Metal.xctoolchain --module-name SPFKBase --sdk-root /Applications/Xcode-26.3.0.app/Contents/Developer/Platforms/XROS.platform/Developer/SDKs/XROS26.2.sdk --xcode-version 17C529 --platform-family xrOS --deployment-target 1.0 --bundle-identifier spfk-base.SPFKBase --output /Users/admin/builder/spi-builder-workspace/.derivedData/Build/Products/Debug-xros/SPFKBase.appintents --target-triple arm64-apple-xros1.0 --binary-file /Users/admin/builder/spi-builder-workspace/.derivedData/Build/Products/Debug-xros/SPFKBase.o --dependency-file /Users/admin/builder/spi-builder-workspace/.derivedData/Build/Intermediates.noindex/spfk-base.build/Debug-xros/SPFKBase.build/Objects-normal/arm64/SPFKBase_dependency_info.dat --stringsdata-file /Users/admin/builder/spi-builder-workspace/.derivedData/Build/Intermediates.noindex/spfk-base.build/Debug-xros/SPFKBase.build/Objects-normal/arm64/ExtractedAppShortcutsMetadata.stringsdata --source-file-list /Users/admin/builder/spi-builder-workspace/.derivedData/Build/Intermediates.noindex/spfk-base.build/Debug-xros/SPFKBase.build/Objects-normal/arm64/SPFKBase.SwiftFileList --metadata-file-list /Users/admin/builder/spi-builder-workspace/.derivedData/Build/Intermediates.noindex/spfk-base.build/Debug-xros/SPFKBase.build/SPFKBase.DependencyMetadataFileList --static-metadata-file-list /Users/admin/builder/spi-builder-workspace/.derivedData/Build/Intermediates.noindex/spfk-base.build/Debug-xros/SPFKBase.build/SPFKBase.DependencyStaticMetadataFileList --swift-const-vals-list /Users/admin/builder/spi-builder-workspace/.derivedData/Build/Intermediates.noindex/spfk-base.build/Debug-xros/SPFKBase.build/Objects-normal/arm64/SPFKBase.SwiftConstValuesFileList --force --compile-time-extraction --deployment-aware-processing --validate-assistant-intents --no-app-shortcuts-localization
2026-10-15 21:32:08.973 appintentsmetadataprocessor[1855:9512] Starting appintentsmetadataprocessor export
2026-10-15 21:32:09.174 appintentsmetadataprocessor[1855:9512] Extracted no relevant App Intents symbols, skipping writing output
SwiftDriverJobDiscovery normal arm64 Compiling TrashReceipt.swift, Localization.swift, DirectoryEnumerationObserver.swift (in target 'SPFKFileSystem' from project 'spfk-filesystem')
SwiftDriverJobDiscovery normal arm64 Compiling URL+SecurityScope.swift, URL+XAttr.swift, FileCommands.swift (in target 'SPFKFileSystem' from project 'spfk-filesystem')
SwiftDriverJobDiscovery normal arm64 Compiling FileLockState.swift, FinderTagDescription.swift, FinderTagGroup+HexColor.swift (in target 'SPFKFileSystem' from project 'spfk-filesystem')
SwiftDriverJobDiscovery normal arm64 Emitting module for SPFKFileSystem (in target 'SPFKFileSystem' from project 'spfk-filesystem')
SwiftDriver\ Compilation\ Requirements SPFKFileSystem normal arm64 com.apple.xcode.tools.swift.compiler (in target 'SPFKFileSystem' from project 'spfk-filesystem')
cd /Users/admin/builder/spi-builder-workspace/.swiftpm/xcode
builtin-Swift-Compilation-Requirements -- /Applications/Xcode-26.3.0.app/Contents/Developer/Toolchains/XcodeDefault.xctoolchain/usr/bin/swiftc -module-name SPFKFileSystem -Onone -enforce-exclusivity\=checked @/Users/admin/builder/spi-builder-workspace/.derivedData/Build/Intermediates.noindex/spfk-filesystem.build/Debug-xros/SPFKFileSystem.build/Objects-normal/arm64/SPFKFileSystem.SwiftFileList -DSWIFT_PACKAGE -DDEBUG -DSWIFT_MODULE_RESOURCE_BUNDLE_AVAILABLE -Xcc -fmodule-map-file\=/Users/admin/builder/spi-builder-workspace/.derivedData/Build/Intermediates.noindex/GeneratedModuleMaps-xros/SPFKBaseC.modulemap -DXcode -plugin-path /Applications/Xcode-26.3.0.app/Contents/Developer/Toolchains/XcodeDefault.xctoolchain/usr/lib/swift/host/plugins/testing -enable-experimental-feature DebugDescriptionMacro -sdk /Applications/Xcode-26.3.0.app/Contents/Developer/Platforms/XROS.platform/Developer/SDKs/XROS26.2.sdk -target arm64-apple-xros1.0 -g -module-cache-path /Users/admin/builder/spi-builder-workspace/.derivedData/ModuleCache.noindex -Xfrontend -serialize-debugging-options -profile-coverage-mapping -profile-generate -enable-testing -suppress-warnings -index-store-path /Users/admin/builder/spi-builder-workspace/.derivedData/Index.noindex/DataStore -Xcc -D_LIBCPP_HARDENING_MODE\=_LIBCPP_HARDENING_MODE_DEBUG -swift-version 6 -I /Users/admin/builder/spi-builder-workspace/.derivedData/Build/Products/Debug-xros -Isystem /Applications/Xcode-26.3.0.app/Contents/Developer/Platforms/XROS.platform/Developer/usr/lib -F /Users/admin/builder/spi-builder-workspace/.derivedData/Build/Products/Debug-xros/PackageFrameworks -F /Users/admin/builder/spi-builder-workspace/.derivedData/Build/Products/Debug-xros/PackageFrameworks -F /Users/admin/builder/spi-builder-workspace/.derivedData/Build/Products/Debug-xros/PackageFrameworks -F /Users/admin/builder/spi-builder-workspace/.derivedData/Build/Products/Debug-xros/PackageFrameworks -F /Users/admin/builder/spi-builder-workspace/.derivedData/Build/Products/Debug-xros/PackageFrameworks -F /Users/admin/builder/spi-builder-workspace/.derivedData/Build/Products/Debug-xros/PackageFrameworks -F /Users/admin/builder/spi-builder-workspace/.derivedData/Build/Products/Debug-xros/PackageFrameworks -F /Users/admin/builder/spi-builder-workspace/.derivedData/Build/Products/Debug-xros/PackageFrameworks -F /Users/admin/builder/spi-builder-workspace/.derivedData/Build/Products/Debug-xros/PackageFrameworks -F /Users/admin/builder/spi-builder-workspace/.derivedData/Build/Products/Debug-xros/PackageFrameworks -F /Users/admin/builder/spi-builder-workspace/.derivedData/Build/Products/Debug-xros/PackageFrameworks -F /Users/admin/builder/spi-builder-workspace/.derivedData/Build/Products/Debug-xros/PackageFrameworks -F /Users/admin/builder/spi-builder-workspace/.derivedData/Build/Products/Debug-xros/PackageFrameworks -F /Users/admin/builder/spi-builder-workspace/.derivedData/Build/Products/Debug-xros/PackageFrameworks -F /Users/admin/builder/spi-builder-workspace/.derivedData/Build/Products/Debug-xros/PackageFrameworks -F /Users/admin/builder/spi-builder-workspace/.derivedData/Build/Products/Debug-xros/PackageFrameworks -F /Users/admin/builder/spi-builder-workspace/.derivedData/Build/Products/Debug-xros/PackageFrameworks -F /Users/admin/builder/spi-builder-workspace/.derivedData/Build/Products/Debug-xros/PackageFrameworks -F /Users/admin/builder/spi-builder-workspace/.derivedData/Build/Products/Debug-xros/PackageFrameworks -F /Users/admin/builder/spi-builder-workspace/.derivedData/Build/Products/Debug-xros -F /Applications/Xcode-26.3.0.app/Contents/Developer/Platforms/XROS.platform/Developer/Library/Frameworks -F /Applications/Xcode-26.3.0.app/Contents/Developer/Platforms/XROS.platform/Developer/SDKs/XROS26.2.sdk/Developer/Library/Frameworks -emit-localized-strings -emit-localized-strings-path /Users/admin/builder/spi-builder-workspace/.derivedData/Build/Intermediates.noindex/spfk-filesystem.build/Debug-xros/SPFKFileSystem.build/Objects-normal/arm64 -c -j10 -enable-batch-mode -incremental -Xcc -ivfsstatcache -Xcc /Users/admin/builder/spi-builder-workspace/.derivedData/SDKStatCaches.noindex/xros26.2-23N301-dc75598d0054f22ec865fa860f139d72f5e64962d3ee001da1d77d1957dffdab.sdkstatcache -output-file-map /Users/admin/builder/spi-builder-workspace/.derivedData/Build/Intermediates.noindex/spfk-filesystem.build/Debug-xros/SPFKFileSystem.build/Objects-normal/arm64/SPFKFileSystem-OutputFileMap.json -use-frontend-parseable-output -save-temps -no-color-diagnostics -explicit-module-build -module-cache-path /Users/admin/builder/spi-builder-workspace/.derivedData/Build/Intermediates.noindex/SwiftExplicitPrecompiledModules -clang-scanner-module-cache-path /Users/admin/builder/spi-builder-workspace/.derivedData/ModuleCache.noindex -sdk-module-cache-path /Users/admin/builder/spi-builder-workspace/.derivedData/ModuleCache.noindex -serialize-diagnostics -emit-dependencies -emit-module -emit-module-path /Users/admin/builder/spi-builder-workspace/.derivedData/Build/Intermediates.noindex/spfk-filesystem.build/Debug-xros/SPFKFileSystem.build/Objects-normal/arm64/SPFKFileSystem.swiftmodule -user-module-version 1.11.1 -validate-clang-modules-once -clang-build-session-file /Users/admin/builder/spi-builder-workspace/.derivedData/ModuleCache.noindex/Session.modulevalidation -package-name spfk_filesystem -Xcc -I/Users/admin/builder/spi-builder-workspace/.derivedData/Build/Intermediates.noindex/spfk-filesystem.build/Debug-xros/SPFKFileSystem.build/swift-overrides.hmap -emit-const-values -Xfrontend -const-gather-protocols-file -Xfrontend /Users/admin/builder/spi-builder-workspace/.derivedData/Build/Intermediates.noindex/spfk-filesystem.build/Debug-xros/SPFKFileSystem.build/Objects-normal/arm64/SPFKFileSystem_const_extract_protocols.json -Xcc -I/Users/admin/builder/spi-builder-workspace/.dependencies/checkouts/swift-numerics/Sources/_NumericsShims/include -Xcc -I/Users/admin/builder/spi-builder-workspace/.dependencies/checkouts/spfk-base/Sources/SPFKBaseC/include -Xcc -I/Users/admin/builder/spi-builder-workspace/.derivedData/Build/Products/Debug-xros/include -Xcc -I/Users/admin/builder/spi-builder-workspace/.derivedData/Build/Intermediates.noindex/spfk-filesystem.build/Debug-xros/SPFKFileSystem.build/DerivedSources-normal/arm64 -Xcc -I/Users/admin/builder/spi-builder-workspace/.derivedData/Build/Intermediates.noindex/spfk-filesystem.build/Debug-xros/SPFKFileSystem.build/DerivedSources/arm64 -Xcc -I/Users/admin/builder/spi-builder-workspace/.derivedData/Build/Intermediates.noindex/spfk-filesystem.build/Debug-xros/SPFKFileSystem.build/DerivedSources -Xcc -DSWIFT_PACKAGE -Xcc -DDEBUG\=1 -emit-objc-header -emit-objc-header-path /Users/admin/builder/spi-builder-workspace/.derivedData/Build/Intermediates.noindex/spfk-filesystem.build/Debug-xros/SPFKFileSystem.build/Objects-normal/arm64/SPFKFileSystem-Swift.h -working-directory /Users/admin/builder/spi-builder-workspace/.swiftpm/xcode -experimental-emit-module-separately -disable-cmo
SwiftMergeGeneratedHeaders /Users/admin/builder/spi-builder-workspace/.derivedData/Build/Intermediates.noindex/GeneratedModuleMaps-xros/SPFKFileSystem-Swift.h /Users/admin/builder/spi-builder-workspace/.derivedData/Build/Intermediates.noindex/spfk-filesystem.build/Debug-xros/SPFKFileSystem.build/Objects-normal/arm64/SPFKFileSystem-Swift.h (in target 'SPFKFileSystem' from project 'spfk-filesystem')
cd /Users/admin/builder/spi-builder-workspace/.dependencies/checkouts/spfk-filesystem
builtin-swiftHeaderTool -arch arm64 /Users/admin/builder/spi-builder-workspace/.derivedData/Build/Intermediates.noindex/spfk-filesystem.build/Debug-xros/SPFKFileSystem.build/Objects-normal/arm64/SPFKFileSystem-Swift.h -o /Users/admin/builder/spi-builder-workspace/.derivedData/Build/Intermediates.noindex/GeneratedModuleMaps-xros/SPFKFileSystem-Swift.h
Copy /Users/admin/builder/spi-builder-workspace/.derivedData/Build/Products/Debug-xros/SPFKFileSystem.swiftmodule/arm64-apple-xros.swiftdoc /Users/admin/builder/spi-builder-workspace/.derivedData/Build/Intermediates.noindex/spfk-filesystem.build/Debug-xros/SPFKFileSystem.build/Objects-normal/arm64/SPFKFileSystem.swiftdoc (in target 'SPFKFileSystem' from project 'spfk-filesystem')
cd /Users/admin/builder/spi-builder-workspace/.dependencies/checkouts/spfk-filesystem
builtin-copy -exclude .DS_Store -exclude CVS -exclude .svn -exclude .git -exclude .hg -resolve-src-symlinks -rename /Users/admin/builder/spi-builder-workspace/.derivedData/Build/Intermediates.noindex/spfk-filesystem.build/Debug-xros/SPFKFileSystem.build/Objects-normal/arm64/SPFKFileSystem.swiftdoc /Users/admin/builder/spi-builder-workspace/.derivedData/Build/Products/Debug-xros/SPFKFileSystem.swiftmodule/arm64-apple-xros.swiftdoc
Copy /Users/admin/builder/spi-builder-workspace/.derivedData/Build/Products/Debug-xros/SPFKFileSystem.swiftmodule/arm64-apple-xros.swiftmodule /Users/admin/builder/spi-builder-workspace/.derivedData/Build/Intermediates.noindex/spfk-filesystem.build/Debug-xros/SPFKFileSystem.build/Objects-normal/arm64/SPFKFileSystem.swiftmodule (in target 'SPFKFileSystem' from project 'spfk-filesystem')
cd /Users/admin/builder/spi-builder-workspace/.dependencies/checkouts/spfk-filesystem
builtin-copy -exclude .DS_Store -exclude CVS -exclude .svn -exclude .git -exclude .hg -resolve-src-symlinks -rename /Users/admin/builder/spi-builder-workspace/.derivedData/Build/Intermediates.noindex/spfk-filesystem.build/Debug-xros/SPFKFileSystem.build/Objects-normal/arm64/SPFKFileSystem.swiftmodule /Users/admin/builder/spi-builder-workspace/.derivedData/Build/Products/Debug-xros/SPFKFileSystem.swiftmodule/arm64-apple-xros.swiftmodule
Copy /Users/admin/builder/spi-builder-workspace/.derivedData/Build/Products/Debug-xros/SPFKFileSystem.swiftmodule/arm64-apple-xros.abi.json /Users/admin/builder/spi-builder-workspace/.derivedData/Build/Intermediates.noindex/spfk-filesystem.build/Debug-xros/SPFKFileSystem.build/Objects-normal/arm64/SPFKFileSystem.abi.json (in target 'SPFKFileSystem' from project 'spfk-filesystem')
cd /Users/admin/builder/spi-builder-workspace/.dependencies/checkouts/spfk-filesystem
builtin-copy -exclude .DS_Store -exclude CVS -exclude .svn -exclude .git -exclude .hg -resolve-src-symlinks -rename /Users/admin/builder/spi-builder-workspace/.derivedData/Build/Intermediates.noindex/spfk-filesystem.build/Debug-xros/SPFKFileSystem.build/Objects-normal/arm64/SPFKFileSystem.abi.json /Users/admin/builder/spi-builder-workspace/.derivedData/Build/Products/Debug-xros/SPFKFileSystem.swiftmodule/arm64-apple-xros.abi.json
Copy /Users/admin/builder/spi-builder-workspace/.derivedData/Build/Products/Debug-xros/SPFKFileSystem.swiftmodule/Project/arm64-apple-xros.swiftsourceinfo /Users/admin/builder/spi-builder-workspace/.derivedData/Build/Intermediates.noindex/spfk-filesystem.build/Debug-xros/SPFKFileSystem.build/Objects-normal/arm64/SPFKFileSystem.swiftsourceinfo (in target 'SPFKFileSystem' from project 'spfk-filesystem')
cd /Users/admin/builder/spi-builder-workspace/.dependencies/checkouts/spfk-filesystem
builtin-copy -exclude .DS_Store -exclude CVS -exclude .svn -exclude .git -exclude .hg -resolve-src-symlinks -rename /Users/admin/builder/spi-builder-workspace/.derivedData/Build/Intermediates.noindex/spfk-filesystem.build/Debug-xros/SPFKFileSystem.build/Objects-normal/arm64/SPFKFileSystem.swiftsourceinfo /Users/admin/builder/spi-builder-workspace/.derivedData/Build/Products/Debug-xros/SPFKFileSystem.swiftmodule/Project/arm64-apple-xros.swiftsourceinfo
SwiftDriver SPFKImage normal arm64 com.apple.xcode.tools.swift.compiler (in target 'SPFKImage' from project 'spfk-image')
cd /Users/admin/builder/spi-builder-workspace/.swiftpm/xcode
builtin-SwiftDriver -- /Applications/Xcode-26.3.0.app/Contents/Developer/Toolchains/XcodeDefault.xctoolchain/usr/bin/swiftc -module-name SPFKImage -Onone -enforce-exclusivity\=checked @/Users/admin/builder/spi-builder-workspace/.derivedData/Build/Intermediates.noindex/spfk-image.build/Debug-xros/SPFKImage.build/Objects-normal/arm64/SPFKImage.SwiftFileList -DSWIFT_PACKAGE -DDEBUG -DSWIFT_MODULE_RESOURCE_BUNDLE_UNAVAILABLE -Xcc -fmodule-map-file\=/Users/admin/builder/spi-builder-workspace/.derivedData/Build/Intermediates.noindex/GeneratedModuleMaps-xros/SPFKBaseC.modulemap -DXcode -plugin-path /Applications/Xcode-26.3.0.app/Contents/Developer/Toolchains/XcodeDefault.xctoolchain/usr/lib/swift/host/plugins/testing -enable-experimental-feature DebugDescriptionMacro -sdk /Applications/Xcode-26.3.0.app/Contents/Developer/Platforms/XROS.platform/Developer/SDKs/XROS26.2.sdk -target arm64-apple-xros1.0 -g -module-cache-path /Users/admin/builder/spi-builder-workspace/.derivedData/ModuleCache.noindex -Xfrontend -serialize-debugging-options -profile-coverage-mapping -profile-generate -enable-testing -suppress-warnings -index-store-path /Users/admin/builder/spi-builder-workspace/.derivedData/Index.noindex/DataStore -Xcc -D_LIBCPP_HARDENING_MODE\=_LIBCPP_HARDENING_MODE_DEBUG -swift-version 6 -I /Users/admin/builder/spi-builder-workspace/.derivedData/Build/Products/Debug-xros -Isystem /Applications/Xcode-26.3.0.app/Contents/Developer/Platforms/XROS.platform/Developer/usr/lib -F /Users/admin/builder/spi-builder-workspace/.derivedData/Build/Products/Debug-xros/PackageFrameworks -F /Users/admin/builder/spi-builder-workspace/.derivedData/Build/Products/Debug-xros/PackageFrameworks -F /Users/admin/builder/spi-builder-workspace/.derivedData/Build/Products/Debug-xros/PackageFrameworks -F /Users/admin/builder/spi-builder-workspace/.derivedData/Build/Products/Debug-xros/PackageFrameworks -F /Users/admin/builder/spi-builder-workspace/.derivedData/Build/Products/Debug-xros/PackageFrameworks -F /Users/admin/builder/spi-builder-workspace/.derivedData/Build/Products/Debug-xros/PackageFrameworks -F /Users/admin/builder/spi-builder-workspace/.derivedData/Build/Products/Debug-xros/PackageFrameworks -F /Users/admin/builder/spi-builder-workspace/.derivedData/Build/Products/Debug-xros/PackageFrameworks -F /Users/admin/builder/spi-builder-workspace/.derivedData/Build/Products/Debug-xros/PackageFrameworks -F /Users/admin/builder/spi-builder-workspace/.derivedData/Build/Products/Debug-xros/PackageFrameworks -F /Users/admin/builder/spi-builder-workspace/.derivedData/Build/Products/Debug-xros/PackageFrameworks -F /Users/admin/builder/spi-builder-workspace/.derivedData/Build/Products/Debug-xros/PackageFrameworks -F /Users/admin/builder/spi-builder-workspace/.derivedData/Build/Products/Debug-xros/PackageFrameworks -F /Users/admin/builder/spi-builder-workspace/.derivedData/Build/Products/Debug-xros/PackageFrameworks -F /Users/admin/builder/spi-builder-workspace/.derivedData/Build/Products/Debug-xros/PackageFrameworks -F /Users/admin/builder/spi-builder-workspace/.derivedData/Build/Products/Debug-xros/PackageFrameworks -F /Users/admin/builder/spi-builder-workspace/.derivedData/Build/Products/Debug-xros/PackageFrameworks -F /Users/admin/builder/spi-builder-workspace/.derivedData/Build/Products/Debug-xros/PackageFrameworks -F /Users/admin/builder/spi-builder-workspace/.derivedData/Build/Products/Debug-xros/PackageFrameworks -F /Users/admin/builder/spi-builder-workspace/.derivedData/Build/Products/Debug-xros/PackageFrameworks -F /Users/admin/builder/spi-builder-workspace/.derivedData/Build/Products/Debug-xros -F /Applications/Xcode-26.3.0.app/Contents/Developer/Platforms/XROS.platform/Developer/Library/Frameworks -F /Applications/Xcode-26.3.0.app/Contents/Developer/Platforms/XROS.platform/Developer/SDKs/XROS26.2.sdk/Developer/Library/Frameworks -c -j10 -enable-batch-mode -incremental -Xcc -ivfsstatcache -Xcc /Users/admin/builder/spi-builder-workspace/.derivedData/SDKStatCaches.noindex/xros26.2-23N301-dc75598d0054f22ec865fa860f139d72f5e64962d3ee001da1d77d1957dffdab.sdkstatcache -output-file-map /Users/admin/builder/spi-builder-workspace/.derivedData/Build/Intermediates.noindex/spfk-image.build/Debug-xros/SPFKImage.build/Objects-normal/arm64/SPFKImage-OutputFileMap.json -use-frontend-parseable-output -save-temps -no-color-diagnostics -explicit-module-build -module-cache-path /Users/admin/builder/spi-builder-workspace/.derivedData/Build/Intermediates.noindex/SwiftExplicitPrecompiledModules -clang-scanner-module-cache-path /Users/admin/builder/spi-builder-workspace/.derivedData/ModuleCache.noindex -sdk-module-cache-path /Users/admin/builder/spi-builder-workspace/.derivedData/ModuleCache.noindex -serialize-diagnostics -emit-dependencies -emit-module -emit-module-path /Users/admin/builder/spi-builder-workspace/.derivedData/Build/Intermediates.noindex/spfk-image.build/Debug-xros/SPFKImage.build/Objects-normal/arm64/SPFKImage.swiftmodule -user-module-version 0.3.1 -validate-clang-modules-once -clang-build-session-file /Users/admin/builder/spi-builder-workspace/.derivedData/ModuleCache.noindex/Session.modulevalidation -package-name spfk_image -Xcc -I/Users/admin/builder/spi-builder-workspace/.derivedData/Build/Intermediates.noindex/spfk-image.build/Debug-xros/SPFKImage.build/swift-overrides.hmap -emit-const-values -Xfrontend -const-gather-protocols-file -Xfrontend /Users/admin/builder/spi-builder-workspace/.derivedData/Build/Intermediates.noindex/spfk-image.build/Debug-xros/SPFKImage.build/Objects-normal/arm64/SPFKImage_const_extract_protocols.json -Xcc -I/Users/admin/builder/spi-builder-workspace/.dependencies/checkouts/swift-numerics/Sources/_NumericsShims/include -Xcc -I/Users/admin/builder/spi-builder-workspace/.dependencies/checkouts/spfk-base/Sources/SPFKBaseC/include -Xcc -I/Users/admin/builder/spi-builder-workspace/.derivedData/Build/Products/Debug-xros/include -Xcc -I/Users/admin/builder/spi-builder-workspace/.derivedData/Build/Intermediates.noindex/spfk-image.build/Debug-xros/SPFKImage.build/DerivedSources-normal/arm64 -Xcc -I/Users/admin/builder/spi-builder-workspace/.derivedData/Build/Intermediates.noindex/spfk-image.build/Debug-xros/SPFKImage.build/DerivedSources/arm64 -Xcc -I/Users/admin/builder/spi-builder-workspace/.derivedData/Build/Intermediates.noindex/spfk-image.build/Debug-xros/SPFKImage.build/DerivedSources -Xcc -DSWIFT_PACKAGE -Xcc -DDEBUG\=1 -emit-objc-header -emit-objc-header-path /Users/admin/builder/spi-builder-workspace/.derivedData/Build/Intermediates.noindex/spfk-image.build/Debug-xros/SPFKImage.build/Objects-normal/arm64/SPFKImage-Swift.h -working-directory /Users/admin/builder/spi-builder-workspace/.swiftpm/xcode -experimental-emit-module-separately -disable-cmo
SwiftDriverJobDiscovery normal arm64 Compiling FileSystem+Identity.swift, FileSystem+Volume.swift, FileSystem.swift (in target 'SPFKFileSystem' from project 'spfk-filesystem')
SwiftDriverJobDiscovery normal arm64 Compiling resource_bundle_accessor.swift, URL+FileLock.swift, URL+FinderTag.swift (in target 'SPFKFileSystem' from project 'spfk-filesystem')
SwiftDriverJobDiscovery normal arm64 Compiling FileModificationState.swift, ObservationData.swift, VolumeObserver.swift (in target 'SPFKFileSystem' from project 'spfk-filesystem')
RegisterExecutionPolicyException /Users/admin/builder/spi-builder-workspace/.derivedData/Build/Products/Debug-xros/SPFKBase.o (in target 'SPFKBase' from project 'spfk-base')
cd /Users/admin/builder/spi-builder-workspace/.dependencies/checkouts/spfk-base
builtin-RegisterExecutionPolicyException /Users/admin/builder/spi-builder-workspace/.derivedData/Build/Products/Debug-xros/SPFKBase.o
SwiftDriverJobDiscovery normal arm64 Compiling DirectoryEnumerationObserverDelegate.swift, DirectoryEvent.swift, DirectoryObserver.swift (in target 'SPFKFileSystem' from project 'spfk-filesystem')
SwiftDriverJobDiscovery normal arm64 Compiling FileConflictScheme.swift, FileSystem+Cleanup.swift, FileSystem+Enumeration.swift (in target 'SPFKFileSystem' from project 'spfk-filesystem')
SwiftDriver\ Compilation SPFKFileSystem normal arm64 com.apple.xcode.tools.swift.compiler (in target 'SPFKFileSystem' from project 'spfk-filesystem')
cd /Users/admin/builder/spi-builder-workspace/.swiftpm/xcode
builtin-Swift-Compilation -- /Applications/Xcode-26.3.0.app/Contents/Developer/Toolchains/XcodeDefault.xctoolchain/usr/bin/swiftc -module-name SPFKFileSystem -Onone -enforce-exclusivity\=checked @/Users/admin/builder/spi-builder-workspace/.derivedData/Build/Intermediates.noindex/spfk-filesystem.build/Debug-xros/SPFKFileSystem.build/Objects-normal/arm64/SPFKFileSystem.SwiftFileList -DSWIFT_PACKAGE -DDEBUG -DSWIFT_MODULE_RESOURCE_BUNDLE_AVAILABLE -Xcc -fmodule-map-file\=/Users/admin/builder/spi-builder-workspace/.derivedData/Build/Intermediates.noindex/GeneratedModuleMaps-xros/SPFKBaseC.modulemap -DXcode -plugin-path /Applications/Xcode-26.3.0.app/Contents/Developer/Toolchains/XcodeDefault.xctoolchain/usr/lib/swift/host/plugins/testing -enable-experimental-feature DebugDescriptionMacro -sdk /Applications/Xcode-26.3.0.app/Contents/Developer/Platforms/XROS.platform/Developer/SDKs/XROS26.2.sdk -target arm64-apple-xros1.0 -g -module-cache-path /Users/admin/builder/spi-builder-workspace/.derivedData/ModuleCache.noindex -Xfrontend -serialize-debugging-options -profile-coverage-mapping -profile-generate -enable-testing -suppress-warnings -index-store-path /Users/admin/builder/spi-builder-workspace/.derivedData/Index.noindex/DataStore -Xcc -D_LIBCPP_HARDENING_MODE\=_LIBCPP_HARDENING_MODE_DEBUG -swift-version 6 -I /Users/admin/builder/spi-builder-workspace/.derivedData/Build/Products/Debug-xros -Isystem /Applications/Xcode-26.3.0.app/Contents/Developer/Platforms/XROS.platform/Developer/usr/lib -F /Users/admin/builder/spi-builder-workspace/.derivedData/Build/Products/Debug-xros/PackageFrameworks -F /Users/admin/builder/spi-builder-workspace/.derivedData/Build/Products/Debug-xros/PackageFrameworks -F /Users/admin/builder/spi-builder-workspace/.derivedData/Build/Products/Debug-xros/PackageFrameworks -F /Users/admin/builder/spi-builder-workspace/.derivedData/Build/Products/Debug-xros/PackageFrameworks -F /Users/admin/builder/spi-builder-workspace/.derivedData/Build/Products/Debug-xros/PackageFrameworks -F /Users/admin/builder/spi-builder-workspace/.derivedData/Build/Products/Debug-xros/PackageFrameworks -F /Users/admin/builder/spi-builder-workspace/.derivedData/Build/Products/Debug-xros/PackageFrameworks -F /Users/admin/builder/spi-builder-workspace/.derivedData/Build/Products/Debug-xros/PackageFrameworks -F /Users/admin/builder/spi-builder-workspace/.derivedData/Build/Products/Debug-xros/PackageFrameworks -F /Users/admin/builder/spi-builder-workspace/.derivedData/Build/Products/Debug-xros/PackageFrameworks -F /Users/admin/builder/spi-builder-workspace/.derivedData/Build/Products/Debug-xros/PackageFrameworks -F /Users/admin/builder/spi-builder-workspace/.derivedData/Build/Products/Debug-xros/PackageFrameworks -F /Users/admin/builder/spi-builder-workspace/.derivedData/Build/Products/Debug-xros/PackageFrameworks -F /Users/admin/builder/spi-builder-workspace/.derivedData/Build/Products/Debug-xros/PackageFrameworks -F /Users/admin/builder/spi-builder-workspace/.derivedData/Build/Products/Debug-xros/PackageFrameworks -F /Users/admin/builder/spi-builder-workspace/.derivedData/Build/Products/Debug-xros/PackageFrameworks -F /Users/admin/builder/spi-builder-workspace/.derivedData/Build/Products/Debug-xros/PackageFrameworks -F /Users/admin/builder/spi-builder-workspace/.derivedData/Build/Products/Debug-xros/PackageFrameworks -F /Users/admin/builder/spi-builder-workspace/.derivedData/Build/Products/Debug-xros/PackageFrameworks -F /Users/admin/builder/spi-builder-workspace/.derivedData/Build/Products/Debug-xros -F /Applications/Xcode-26.3.0.app/Contents/Developer/Platforms/XROS.platform/Developer/Library/Frameworks -F /Applications/Xcode-26.3.0.app/Contents/Developer/Platforms/XROS.platform/Developer/SDKs/XROS26.2.sdk/Developer/Library/Frameworks -emit-localized-strings -emit-localized-strings-path /Users/admin/builder/spi-builder-workspace/.derivedData/Build/Intermediates.noindex/spfk-filesystem.build/Debug-xros/SPFKFileSystem.build/Objects-normal/arm64 -c -j10 -enable-batch-mode -incremental -Xcc -ivfsstatcache -Xcc /Users/admin/builder/spi-builder-workspace/.derivedData/SDKStatCaches.noindex/xros26.2-23N301-dc75598d0054f22ec865fa860f139d72f5e64962d3ee001da1d77d1957dffdab.sdkstatcache -output-file-map /Users/admin/builder/spi-builder-workspace/.derivedData/Build/Intermediates.noindex/spfk-filesystem.build/Debug-xros/SPFKFileSystem.build/Objects-normal/arm64/SPFKFileSystem-OutputFileMap.json -use-frontend-parseable-output -save-temps -no-color-diagnostics -explicit-module-build -module-cache-path /Users/admin/builder/spi-builder-workspace/.derivedData/Build/Intermediates.noindex/SwiftExplicitPrecompiledModules -clang-scanner-module-cache-path /Users/admin/builder/spi-builder-workspace/.derivedData/ModuleCache.noindex -sdk-module-cache-path /Users/admin/builder/spi-builder-workspace/.derivedData/ModuleCache.noindex -serialize-diagnostics -emit-dependencies -emit-module -emit-module-path /Users/admin/builder/spi-builder-workspace/.derivedData/Build/Intermediates.noindex/spfk-filesystem.build/Debug-xros/SPFKFileSystem.build/Objects-normal/arm64/SPFKFileSystem.swiftmodule -user-module-version 1.11.1 -validate-clang-modules-once -clang-build-session-file /Users/admin/builder/spi-builder-workspace/.derivedData/ModuleCache.noindex/Session.modulevalidation -package-name spfk_filesystem -Xcc -I/Users/admin/builder/spi-builder-workspace/.derivedData/Build/Intermediates.noindex/spfk-filesystem.build/Debug-xros/SPFKFileSystem.build/swift-overrides.hmap -emit-const-values -Xfrontend -const-gather-protocols-file -Xfrontend /Users/admin/builder/spi-builder-workspace/.derivedData/Build/Intermediates.noindex/spfk-filesystem.build/Debug-xros/SPFKFileSystem.build/Objects-normal/arm64/SPFKFileSystem_const_extract_protocols.json -Xcc -I/Users/admin/builder/spi-builder-workspace/.dependencies/checkouts/swift-numerics/Sources/_NumericsShims/include -Xcc -I/Users/admin/builder/spi-builder-workspace/.dependencies/checkouts/spfk-base/Sources/SPFKBaseC/include -Xcc -I/Users/admin/builder/spi-builder-workspace/.derivedData/Build/Products/Debug-xros/include -Xcc -I/Users/admin/builder/spi-builder-workspace/.derivedData/Build/Intermediates.noindex/spfk-filesystem.build/Debug-xros/SPFKFileSystem.build/DerivedSources-normal/arm64 -Xcc -I/Users/admin/builder/spi-builder-workspace/.derivedData/Build/Intermediates.noindex/spfk-filesystem.build/Debug-xros/SPFKFileSystem.build/DerivedSources/arm64 -Xcc -I/Users/admin/builder/spi-builder-workspace/.derivedData/Build/Intermediates.noindex/spfk-filesystem.build/Debug-xros/SPFKFileSystem.build/DerivedSources -Xcc -DSWIFT_PACKAGE -Xcc -DDEBUG\=1 -emit-objc-header -emit-objc-header-path /Users/admin/builder/spi-builder-workspace/.derivedData/Build/Intermediates.noindex/spfk-filesystem.build/Debug-xros/SPFKFileSystem.build/Objects-normal/arm64/SPFKFileSystem-Swift.h -working-directory /Users/admin/builder/spi-builder-workspace/.swiftpm/xcode -experimental-emit-module-separately -disable-cmo
Ld /Users/admin/builder/spi-builder-workspace/.derivedData/Build/Products/Debug-xros/SPFKFileSystem.o normal (in target 'SPFKFileSystem' from project 'spfk-filesystem')
cd /Users/admin/builder/spi-builder-workspace/.dependencies/checkouts/spfk-filesystem
/Applications/Xcode-26.3.0.app/Contents/Developer/Toolchains/XcodeDefault.xctoolchain/usr/bin/clang -Xlinker -reproducible -target arm64-apple-xros1.0 -r -isysroot /Applications/Xcode-26.3.0.app/Contents/Developer/Platforms/XROS.platform/Developer/SDKs/XROS26.2.sdk -O0 -w -L/Users/admin/builder/spi-builder-workspace/.derivedData/Build/Intermediates.noindex/EagerLinkingTBDs/Debug-xros -L/Users/admin/builder/spi-builder-workspace/.derivedData/Build/Products/Debug-xros -L/Applications/Xcode-26.3.0.app/Contents/Developer/Platforms/XROS.platform/Developer/usr/lib -F/Users/admin/builder/spi-builder-workspace/.derivedData/Build/Intermediates.noindex/EagerLinkingTBDs/Debug-xros -F/Users/admin/builder/spi-builder-workspace/.derivedData/Build/Products/Debug-xros/PackageFrameworks -F/Users/admin/builder/spi-builder-workspace/.derivedData/Build/Products/Debug-xros/PackageFrameworks -F/Users/admin/builder/spi-builder-workspace/.derivedData/Build/Products/Debug-xros/PackageFrameworks -F/Users/admin/builder/spi-builder-workspace/.derivedData/Build/Products/Debug-xros/PackageFrameworks -F/Users/admin/builder/spi-builder-workspace/.derivedData/Build/Products/Debug-xros/PackageFrameworks -F/Users/admin/builder/spi-builder-workspace/.derivedData/Build/Products/Debug-xros/PackageFrameworks -F/Users/admin/builder/spi-builder-workspace/.derivedData/Build/Products/Debug-xros/PackageFrameworks -F/Users/admin/builder/spi-builder-workspace/.derivedData/Build/Products/Debug-xros/PackageFrameworks -F/Users/admin/builder/spi-builder-workspace/.derivedData/Build/Products/Debug-xros/PackageFrameworks -F/Users/admin/builder/spi-builder-workspace/.derivedData/Build/Products/Debug-xros/PackageFrameworks -F/Users/admin/builder/spi-builder-workspace/.derivedData/Build/Products/Debug-xros/PackageFrameworks -F/Users/admin/builder/spi-builder-workspace/.derivedData/Build/Products/Debug-xros/PackageFrameworks -F/Users/admin/builder/spi-builder-workspace/.derivedData/Build/Products/Debug-xros/PackageFrameworks -F/Users/admin/builder/spi-builder-workspace/.derivedData/Build/Products/Debug-xros/PackageFrameworks -F/Users/admin/builder/spi-builder-workspace/.derivedData/Build/Products/Debug-xros/PackageFrameworks -F/Users/admin/builder/spi-builder-workspace/.derivedData/Build/Products/Debug-xros/PackageFrameworks -F/Users/admin/builder/spi-builder-workspace/.derivedData/Build/Products/Debug-xros/PackageFrameworks -F/Users/admin/builder/spi-builder-workspace/.derivedData/Build/Products/Debug-xros/PackageFrameworks -F/Users/admin/builder/spi-builder-workspace/.derivedData/Build/Products/Debug-xros/PackageFrameworks -F/Users/admin/builder/spi-builder-workspace/.derivedData/Build/Products/Debug-xros -iframework /Applications/Xcode-26.3.0.app/Contents/Developer/Platforms/XROS.platform/Developer/Library/Frameworks -iframework /Applications/Xcode-26.3.0.app/Contents/Developer/Platforms/XROS.platform/Developer/SDKs/XROS26.2.sdk/Developer/Library/Frameworks -filelist /Users/admin/builder/spi-builder-workspace/.derivedData/Build/Intermediates.noindex/spfk-filesystem.build/Debug-xros/SPFKFileSystem.build/Objects-normal/arm64/SPFKFileSystem.LinkFileList -nostdlib -Xlinker -object_path_lto -Xlinker /Users/admin/builder/spi-builder-workspace/.derivedData/Build/Intermediates.noindex/spfk-filesystem.build/Debug-xros/SPFKFileSystem.build/Objects-normal/arm64/SPFKFileSystem_lto.o -rdynamic -Xlinker -no_deduplicate -Xlinker -debug_variant -Xlinker -dependency_info -Xlinker /Users/admin/builder/spi-builder-workspace/.derivedData/Build/Intermediates.noindex/spfk-filesystem.build/Debug-xros/SPFKFileSystem.build/Objects-normal/arm64/SPFKFileSystem_dependency_info.dat -fobjc-link-runtime -L/Applications/Xcode-26.3.0.app/Contents/Developer/Toolchains/XcodeDefault.xctoolchain/usr/lib/swift/xros -L/usr/lib/swift -Xlinker -add_ast_path -Xlinker /Users/admin/builder/spi-builder-workspace/.derivedData/Build/Intermediates.noindex/spfk-filesystem.build/Debug-xros/SPFKFileSystem.build/Objects-normal/arm64/SPFKFileSystem.swiftmodule @/Users/admin/builder/spi-builder-workspace/.derivedData/Build/Intermediates.noindex/spfk-filesystem.build/Debug-xros/SPFKFileSystem.build/Objects-normal/arm64/SPFKFileSystem-linker-args.resp -o /Users/admin/builder/spi-builder-workspace/.derivedData/Build/Products/Debug-xros/SPFKFileSystem.o
ExtractAppIntentsMetadata (in target 'SPFKFileSystem' from project 'spfk-filesystem')
cd /Users/admin/builder/spi-builder-workspace/.dependencies/checkouts/spfk-filesystem
/Applications/Xcode-26.3.0.app/Contents/Developer/Toolchains/XcodeDefault.xctoolchain/usr/bin/appintentsmetadataprocessor --toolchain-dir /var/run/com.apple.security.cryptexd/mnt/com.apple.MobileAsset.MetalToolchain-v17.3.7003.10.gVQjmO/Metal.xctoolchain --module-name SPFKFileSystem --sdk-root /Applications/Xcode-26.3.0.app/Contents/Developer/Platforms/XROS.platform/Developer/SDKs/XROS26.2.sdk --xcode-version 17C529 --platform-family xrOS --deployment-target 1.0 --bundle-identifier spfk-filesystem.SPFKFileSystem --output /Users/admin/builder/spi-builder-workspace/.derivedData/Build/Products/Debug-xros/SPFKFileSystem.appintents --target-triple arm64-apple-xros1.0 --binary-file /Users/admin/builder/spi-builder-workspace/.derivedData/Build/Products/Debug-xros/SPFKFileSystem.o --dependency-file /Users/admin/builder/spi-builder-workspace/.derivedData/Build/Intermediates.noindex/spfk-filesystem.build/Debug-xros/SPFKFileSystem.build/Objects-normal/arm64/SPFKFileSystem_dependency_info.dat --stringsdata-file /Users/admin/builder/spi-builder-workspace/.derivedData/Build/Intermediates.noindex/spfk-filesystem.build/Debug-xros/SPFKFileSystem.build/Objects-normal/arm64/ExtractedAppShortcutsMetadata.stringsdata --source-file-list /Users/admin/builder/spi-builder-workspace/.derivedData/Build/Intermediates.noindex/spfk-filesystem.build/Debug-xros/SPFKFileSystem.build/Objects-normal/arm64/SPFKFileSystem.SwiftFileList --metadata-file-list /Users/admin/builder/spi-builder-workspace/.derivedData/Build/Intermediates.noindex/spfk-filesystem.build/Debug-xros/SPFKFileSystem.build/SPFKFileSystem.DependencyMetadataFileList --static-metadata-file-list /Users/admin/builder/spi-builder-workspace/.derivedData/Build/Intermediates.noindex/spfk-filesystem.build/Debug-xros/SPFKFileSystem.build/SPFKFileSystem.DependencyStaticMetadataFileList --swift-const-vals-list /Users/admin/builder/spi-builder-workspace/.derivedData/Build/Intermediates.noindex/spfk-filesystem.build/Debug-xros/SPFKFileSystem.build/Objects-normal/arm64/SPFKFileSystem.SwiftConstValuesFileList --force --compile-time-extraction --deployment-aware-processing --validate-assistant-intents --no-app-shortcuts-localization
2026-10-15 21:32:09.434 appintentsmetadataprocessor[1864:9628] Starting appintentsmetadataprocessor export
2026-10-15 21:32:09.551 appintentsmetadataprocessor[1864:9628] Extracted no relevant App Intents symbols, skipping writing output
RegisterExecutionPolicyException /Users/admin/builder/spi-builder-workspace/.derivedData/Build/Products/Debug-xros/SPFKFileSystem.o (in target 'SPFKFileSystem' from project 'spfk-filesystem')
cd /Users/admin/builder/spi-builder-workspace/.dependencies/checkouts/spfk-filesystem
builtin-RegisterExecutionPolicyException /Users/admin/builder/spi-builder-workspace/.derivedData/Build/Products/Debug-xros/SPFKFileSystem.o
SwiftExplicitDependencyGeneratePcm arm64 /Users/admin/builder/spi-builder-workspace/.derivedData/ModuleCache.noindex/Accelerate-SXONKZCJFET5ZU6Q53FPHNZG.pcm
SwiftEmitModule normal arm64 Emitting\ module\ for\ SPFKImage (in target 'SPFKImage' from project 'spfk-image')
EmitSwiftModule normal arm64 (in target 'SPFKImage' from project 'spfk-image')
cd /Users/admin/builder/spi-builder-workspace/.swiftpm/xcode
SwiftCompile normal arm64 Compiling\ ImageFormatConverter+Write.swift,\ ImageFormatConverter.swift /Users/admin/builder/spi-builder-workspace/.dependencies/checkouts/spfk-image/Sources/SPFKImage/Conversion/ImageFormatConverter+Write.swift /Users/admin/builder/spi-builder-workspace/.dependencies/checkouts/spfk-image/Sources/SPFKImage/Conversion/ImageFormatConverter.swift (in target 'SPFKImage' from project 'spfk-image')
SwiftCompile normal arm64 /Users/admin/builder/spi-builder-workspace/.dependencies/checkouts/spfk-image/Sources/SPFKImage/Conversion/ImageFormatConverter+Write.swift (in target 'SPFKImage' from project 'spfk-image')
cd /Users/admin/builder/spi-builder-workspace/.swiftpm/xcode
SwiftCompile normal arm64 /Users/admin/builder/spi-builder-workspace/.dependencies/checkouts/spfk-image/Sources/SPFKImage/Conversion/ImageFormatConverter.swift (in target 'SPFKImage' from project 'spfk-image')
cd /Users/admin/builder/spi-builder-workspace/.swiftpm/xcode
SwiftCompile normal arm64 Compiling\ ImageMetadataCopyScheme.swift,\ RGBAPixelBuffer.swift /Users/admin/builder/spi-builder-workspace/.dependencies/checkouts/spfk-image/Sources/SPFKImage/Conversion/ImageMetadataCopyScheme.swift /Users/admin/builder/spi-builder-workspace/.dependencies/checkouts/spfk-image/Sources/SPFKImage/Conversion/RGBAPixelBuffer.swift (in target 'SPFKImage' from project 'spfk-image')
SwiftCompile normal arm64 /Users/admin/builder/spi-builder-workspace/.dependencies/checkouts/spfk-image/Sources/SPFKImage/Conversion/ImageMetadataCopyScheme.swift (in target 'SPFKImage' from project 'spfk-image')
cd /Users/admin/builder/spi-builder-workspace/.swiftpm/xcode
SwiftCompile normal arm64 /Users/admin/builder/spi-builder-workspace/.dependencies/checkouts/spfk-image/Sources/SPFKImage/Conversion/RGBAPixelBuffer.swift (in target 'SPFKImage' from project 'spfk-image')
cd /Users/admin/builder/spi-builder-workspace/.swiftpm/xcode
SwiftCompile normal arm64 Compiling\ ImageFormatConverter+Metadata.swift,\ ImageFormatConverter+Render.swift /Users/admin/builder/spi-builder-workspace/.dependencies/checkouts/spfk-image/Sources/SPFKImage/Conversion/ImageFormatConverter+Metadata.swift /Users/admin/builder/spi-builder-workspace/.dependencies/checkouts/spfk-image/Sources/SPFKImage/Conversion/ImageFormatConverter+Render.swift (in target 'SPFKImage' from project 'spfk-image')
SwiftCompile normal arm64 /Users/admin/builder/spi-builder-workspace/.dependencies/checkouts/spfk-image/Sources/SPFKImage/Conversion/ImageFormatConverter+Metadata.swift (in target 'SPFKImage' from project 'spfk-image')
cd /Users/admin/builder/spi-builder-workspace/.swiftpm/xcode
SwiftCompile normal arm64 /Users/admin/builder/spi-builder-workspace/.dependencies/checkouts/spfk-image/Sources/SPFKImage/Conversion/ImageFormatConverter+Render.swift (in target 'SPFKImage' from project 'spfk-image')
cd /Users/admin/builder/spi-builder-workspace/.swiftpm/xcode
SwiftCompile normal arm64 Compiling\ ImageFileEncoder.swift,\ ImageFileEncoderInput.swift /Users/admin/builder/spi-builder-workspace/.dependencies/checkouts/spfk-image/Sources/SPFKImage/Conversion/ImageFileEncoder.swift /Users/admin/builder/spi-builder-workspace/.dependencies/checkouts/spfk-image/Sources/SPFKImage/Conversion/ImageFileEncoderInput.swift (in target 'SPFKImage' from project 'spfk-image')
SwiftCompile normal arm64 /Users/admin/builder/spi-builder-workspace/.dependencies/checkouts/spfk-image/Sources/SPFKImage/Conversion/ImageFileEncoder.swift (in target 'SPFKImage' from project 'spfk-image')
cd /Users/admin/builder/spi-builder-workspace/.swiftpm/xcode
SwiftCompile normal arm64 /Users/admin/builder/spi-builder-workspace/.dependencies/checkouts/spfk-image/Sources/SPFKImage/Conversion/ImageFileEncoderInput.swift (in target 'SPFKImage' from project 'spfk-image')
cd /Users/admin/builder/spi-builder-workspace/.swiftpm/xcode
SwiftCompile normal arm64 Compiling\ ImageFormatConverter+Transcode.swift,\ ImageFormatConverter+Types.swift /Users/admin/builder/spi-builder-workspace/.dependencies/checkouts/spfk-image/Sources/SPFKImage/Conversion/ImageFormatConverter+Transcode.swift /Users/admin/builder/spi-builder-workspace/.dependencies/checkouts/spfk-image/Sources/SPFKImage/Conversion/ImageFormatConverter+Types.swift (in target 'SPFKImage' from project 'spfk-image')
SwiftCompile normal arm64 /Users/admin/builder/spi-builder-workspace/.dependencies/checkouts/spfk-image/Sources/SPFKImage/Conversion/ImageFormatConverter+Transcode.swift (in target 'SPFKImage' from project 'spfk-image')
cd /Users/admin/builder/spi-builder-workspace/.swiftpm/xcode
SwiftCompile normal arm64 /Users/admin/builder/spi-builder-workspace/.dependencies/checkouts/spfk-image/Sources/SPFKImage/Conversion/ImageFormatConverter+Types.swift (in target 'SPFKImage' from project 'spfk-image')
cd /Users/admin/builder/spi-builder-workspace/.swiftpm/xcode
SwiftCompile normal arm64 Compiling\ ImageConversionError.swift,\ ImageConversionFormats.swift /Users/admin/builder/spi-builder-workspace/.dependencies/checkouts/spfk-image/Sources/SPFKImage/Conversion/ImageConversionError.swift /Users/admin/builder/spi-builder-workspace/.dependencies/checkouts/spfk-image/Sources/SPFKImage/Conversion/ImageConversionFormats.swift (in target 'SPFKImage' from project 'spfk-image')
SwiftCompile normal arm64 /Users/admin/builder/spi-builder-workspace/.dependencies/checkouts/spfk-image/Sources/SPFKImage/Conversion/ImageConversionError.swift (in target 'SPFKImage' from project 'spfk-image')
cd /Users/admin/builder/spi-builder-workspace/.swiftpm/xcode
SwiftCompile normal arm64 /Users/admin/builder/spi-builder-workspace/.dependencies/checkouts/spfk-image/Sources/SPFKImage/Conversion/ImageConversionFormats.swift (in target 'SPFKImage' from project 'spfk-image')
cd /Users/admin/builder/spi-builder-workspace/.swiftpm/xcode
SwiftCompile normal arm64 Compiling\ ImageAdjustmentRenderer.swift,\ CGImage+Export.swift,\ CGImage.swift /Users/admin/builder/spi-builder-workspace/.dependencies/checkouts/spfk-image/Sources/SPFKImage/Adjustment/ImageAdjustmentRenderer.swift /Users/admin/builder/spi-builder-workspace/.dependencies/checkouts/spfk-image/Sources/SPFKImage/CGImage/CGImage+Export.swift /Users/admin/builder/spi-builder-workspace/.dependencies/checkouts/spfk-image/Sources/SPFKImage/CGImage/CGImage.swift (in target 'SPFKImage' from project 'spfk-image')
SwiftCompile normal arm64 /Users/admin/builder/spi-builder-workspace/.dependencies/checkouts/spfk-image/Sources/SPFKImage/Adjustment/ImageAdjustmentRenderer.swift (in target 'SPFKImage' from project 'spfk-image')
cd /Users/admin/builder/spi-builder-workspace/.swiftpm/xcode
SwiftCompile normal arm64 /Users/admin/builder/spi-builder-workspace/.dependencies/checkouts/spfk-image/Sources/SPFKImage/CGImage/CGImage+Export.swift (in target 'SPFKImage' from project 'spfk-image')
cd /Users/admin/builder/spi-builder-workspace/.swiftpm/xcode
SwiftCompile normal arm64 /Users/admin/builder/spi-builder-workspace/.dependencies/checkouts/spfk-image/Sources/SPFKImage/CGImage/CGImage.swift (in target 'SPFKImage' from project 'spfk-image')
cd /Users/admin/builder/spi-builder-workspace/.swiftpm/xcode
SwiftCompile normal arm64 Compiling\ ImageFormatConverter+Encoder.swift,\ ImageFormatConverter+GainMap.swift /Users/admin/builder/spi-builder-workspace/.dependencies/checkouts/spfk-image/Sources/SPFKImage/Conversion/ImageFormatConverter+Encoder.swift /Users/admin/builder/spi-builder-workspace/.dependencies/checkouts/spfk-image/Sources/SPFKImage/Conversion/ImageFormatConverter+GainMap.swift (in target 'SPFKImage' from project 'spfk-image')
Failed frontend command:
/Applications/Xcode-26.3.0.app/Contents/Developer/Toolchains/XcodeDefault.xctoolchain/usr/bin/swift-frontend -frontend -c /Users/admin/builder/spi-builder-workspace/.dependencies/checkouts/spfk-image/Sources/SPFKImage/Adjustment/ImageAdjustmentDescription.swift /Users/admin/builder/spi-builder-workspace/.dependencies/checkouts/spfk-image/Sources/SPFKImage/Adjustment/ImageAdjustmentRenderError.swift /Users/admin/builder/spi-builder-workspace/.dependencies/checkouts/spfk-image/Sources/SPFKImage/Adjustment/ImageAdjustmentRenderer+File.swift /Users/admin/builder/spi-builder-workspace/.dependencies/checkouts/spfk-image/Sources/SPFKImage/Adjustment/ImageAdjustmentRenderer.swift /Users/admin/builder/spi-builder-workspace/.dependencies/checkouts/spfk-image/Sources/SPFKImage/CGImage/CGImage+Export.swift /Users/admin/builder/spi-builder-workspace/.dependencies/checkouts/spfk-image/Sources/SPFKImage/CGImage/CGImage.swift /Users/admin/builder/spi-builder-workspace/.dependencies/checkouts/spfk-image/Sources/SPFKImage/Conversion/ImageConversionError.swift /Users/admin/builder/spi-builder-workspace/.dependencies/checkouts/spfk-image/Sources/SPFKImage/Conversion/ImageConversionFormats.swift /Users/admin/builder/spi-builder-workspace/.dependencies/checkouts/spfk-image/Sources/SPFKImage/Conversion/ImageConversionOptions.swift /Users/admin/builder/spi-builder-workspace/.dependencies/checkouts/spfk-image/Sources/SPFKImage/Conversion/ImageConversionSource.swift /Users/admin/builder/spi-builder-workspace/.dependencies/checkouts/spfk-image/Sources/SPFKImage/Conversion/ImageFileEncoder.swift /Users/admin/builder/spi-builder-workspace/.dependencies/checkouts/spfk-image/Sources/SPFKImage/Conversion/ImageFileEncoderInput.swift -primary-file /Users/admin/builder/spi-builder-workspace/.dependencies/checkouts/spfk-image/Sources/SPFKImage/Conversion/ImageFormatConverter+Encoder.swift -primary-file /Users/admin/builder/spi-builder-workspace/.dependencies/checkouts/spfk-image/Sources/SPFKImage/Conversion/ImageFormatConverter+GainMap.swift /Users/admin/builder/spi-builder-workspace/.dependencies/checkouts/spfk-image/Sources/SPFKImage/Conversion/ImageFormatConverter+Metadata.swift /Users/admin/builder/spi-builder-workspace/.dependencies/checkouts/spfk-image/Sources/SPFKImage/Conversion/ImageFormatConverter+Render.swift /Users/admin/builder/spi-builder-workspace/.dependencies/checkouts/spfk-image/Sources/SPFKImage/Conversion/ImageFormatConverter+Transcode.swift /Users/admin/builder/spi-builder-workspace/.dependencies/checkouts/spfk-image/Sources/SPFKImage/Conversion/ImageFormatConverter+Types.swift /Users/admin/builder/spi-builder-workspace/.dependencies/checkouts/spfk-image/Sources/SPFKImage/Conversion/ImageFormatConverter+Write.swift /Users/admin/builder/spi-builder-workspace/.dependencies/checkouts/spfk-image/Sources/SPFKImage/Conversion/ImageFormatConverter.swift /Users/admin/builder/spi-builder-workspace/.dependencies/checkouts/spfk-image/Sources/SPFKImage/Conversion/ImageMetadataCopyScheme.swift /Users/admin/builder/spi-builder-workspace/.dependencies/checkouts/spfk-image/Sources/SPFKImage/Conversion/RGBAPixelBuffer.swift -emit-dependencies-path /Users/admin/builder/spi-builder-workspace/.derivedData/Build/Intermediates.noindex/spfk-image.build/Debug-xros/SPFKImage.build/Objects-normal/arm64/ImageFormatConverter+Encoder.d -emit-const-values-path /Users/admin/builder/spi-builder-workspace/.derivedData/Build/Intermediates.noindex/spfk-image.build/Debug-xros/SPFKImage.build/Objects-normal/arm64/ImageFormatConverter+Encoder.swiftconstvalues -emit-reference-dependencies-path /Users/admin/builder/spi-builder-workspace/.derivedData/Build/Intermediates.noindex/spfk-image.build/Debug-xros/SPFKImage.build/Objects-normal/arm64/ImageFormatConverter+Encoder.swiftdeps -serialize-diagnostics-path /Users/admin/builder/spi-builder-workspace/.derivedData/Build/Intermediates.noindex/spfk-image.build/Debug-xros/SPFKImage.build/Objects-normal/arm64/ImageFormatConverter+Encoder.dia -emit-dependencies-path /Users/admin/builder/spi-builder-workspace/.derivedData/Build/Intermediates.noindex/spfk-image.build/Debug-xros/SPFKImage.build/Objects-normal/arm64/ImageFormatConverter+GainMap.d -emit-const-values-path /Users/admin/builder/spi-builder-workspace/.derivedData/Build/Intermediates.noindex/spfk-image.build/Debug-xros/SPFKImage.build/Objects-normal/arm64/ImageFormatConverter+GainMap.swiftconstvalues -emit-reference-dependencies-path /Users/admin/builder/spi-builder-workspace/.derivedData/Build/Intermediates.noindex/spfk-image.build/Debug-xros/SPFKImage.build/Objects-normal/arm64/ImageFormatConverter+GainMap.swiftdeps -serialize-diagnostics-path /Users/admin/builder/spi-builder-workspace/.derivedData/Build/Intermediates.noindex/spfk-image.build/Debug-xros/SPFKImage.build/Objects-normal/arm64/ImageFormatConverter+GainMap.dia -target arm64-apple-xros1.0 -load-resolved-plugin /Applications/Xcode-26.3.0.app/Contents/Developer/Platforms/XROS.platform/Developer/usr/lib/swift/host/plugins/libFoundationMacros.dylib\#/Applications/Xcode-26.3.0.app/Contents/Developer/Platforms/XROS.platform/Developer/usr/bin/swift-plugin-server\#FoundationMacros -load-resolved-plugin /Applications/Xcode-26.3.0.app/Contents/Developer/Platforms/XROS.platform/Developer/usr/lib/swift/host/plugins/libObservationMacros.dylib\#/Applications/Xcode-26.3.0.app/Contents/Developer/Platforms/XROS.platform/Developer/usr/bin/swift-plugin-server\#ObservationMacros -load-resolved-plugin /Applications/Xcode-26.3.0.app/Contents/Developer/Platforms/XROS.platform/Developer/usr/lib/swift/host/plugins/libPreviewsMacros.dylib\#/Applications/Xcode-26.3.0.app/Contents/Developer/Platforms/XROS.platform/Developer/usr/bin/swift-plugin-server\#PreviewsMacros -load-resolved-plugin /Applications/Xcode-26.3.0.app/Contents/Developer/Platforms/XROS.platform/Developer/usr/lib/swift/host/plugins/libSwiftMacros.dylib\#/Applications/Xcode-26.3.0.app/Contents/Developer/Platforms/XROS.platform/Developer/usr/bin/swift-plugin-server\#SwiftMacros -load-resolved-plugin /Applications/Xcode-26.3.0.app/Contents/Developer/Platforms/XROS.platform/Developer/usr/lib/swift/host/plugins/libSwiftUIMacros.dylib\#/Applications/Xcode-26.3.0.app/Contents/Developer/Platforms/XROS.platform/Developer/usr/bin/swift-plugin-server\#SwiftUIMacros -disable-implicit-swift-modules -Xcc -fno-implicit-modules -Xcc -fno-implicit-module-maps -explicit-swift-module-map-file /Users/admin/builder/spi-builder-workspace/.derivedData/Build/Intermediates.noindex/spfk-image.build/Debug-xros/SPFKImage.build/Objects-normal/arm64/SPFKImage-dependencies-1.json -Xllvm -aarch64-use-tbi -enable-objc-interop -stack-check -sdk /Applications/Xcode-26.3.0.app/Contents/Developer/Platforms/XROS.platform/Developer/SDKs/XROS26.2.sdk -I /Users/admin/builder/spi-builder-workspace/.derivedData/Build/Products/Debug-xros -Isystem /Applications/Xcode-26.3.0.app/Contents/Developer/Platforms/XROS.platform/Developer/usr/lib -F /Users/admin/builder/spi-builder-workspace/.derivedData/Build/Products/Debug-xros/PackageFrameworks -F /Users/admin/builder/spi-builder-workspace/.derivedData/Build/Products/Debug-xros/PackageFrameworks -F /Users/admin/builder/spi-builder-workspace/.derivedData/Build/Products/Debug-xros/PackageFrameworks -F /Users/admin/builder/spi-builder-workspace/.derivedData/Build/Products/Debug-xros/PackageFrameworks -F /Users/admin/builder/spi-builder-workspace/.derivedData/Build/Products/Debug-xros/PackageFrameworks -F /Users/admin/builder/spi-builder-workspace/.derivedData/Build/Products/Debug-xros/PackageFrameworks -F /Users/admin/builder/spi-builder-workspace/.derivedData/Build/Products/Debug-xros/PackageFrameworks -F /Users/admin/builder/spi-builder-workspace/.derivedData/Build/Products/Debug-xros/PackageFrameworks -F /Users/admin/builder/spi-builder-workspace/.derivedData/Build/Products/Debug-xros/PackageFrameworks -F /Users/admin/builder/spi-builder-workspace/.derivedData/Build/Products/Debug-xros/PackageFrameworks -F /Users/admin/builder/spi-builder-workspace/.derivedData/Build/Products/Debug-xros/PackageFrameworks -F /Users/admin/builder/spi-builder-workspace/.derivedData/Build/Products/Debug-xros/PackageFrameworks -F /Users/admin/builder/spi-builder-workspace/.derivedData/Build/Products/Debug-xros/PackageFrameworks -F /Users/admin/builder/spi-builder-workspace/.derivedData/Build/Products/Debug-xros/PackageFrameworks -F /Users/admin/builder/spi-builder-workspace/.derivedData/Build/Products/Debug-xros/PackageFrameworks -F /Users/admin/builder/spi-builder-workspace/.derivedData/Build/Products/Debug-xros/PackageFrameworks -F /Users/admin/builder/spi-builder-workspace/.derivedData/Build/Products/Debug-xros/PackageFrameworks -F /Users/admin/builder/spi-builder-workspace/.derivedData/Build/Products/Debug-xros/PackageFrameworks -F /Users/admin/builder/spi-builder-workspace/.derivedData/Build/Products/Debug-xros/PackageFrameworks -F /Users/admin/builder/spi-builder-workspace/.derivedData/Build/Products/Debug-xros/PackageFrameworks -F /Users/admin/builder/spi-builder-workspace/.derivedData/Build/Products/Debug-xros -F /Applications/Xcode-26.3.0.app/Contents/Developer/Platforms/XROS.platform/Developer/Library/Frameworks -F /Applications/Xcode-26.3.0.app/Contents/Developer/Platforms/XROS.platform/Developer/SDKs/XROS26.2.sdk/Developer/Library/Frameworks -no-color-diagnostics -Xcc -fno-color-diagnostics -enable-testing -g -debug-info-format\=dwarf -dwarf-version\=4 -module-cache-path /Users/admin/builder/spi-builder-workspace/.derivedData/Build/Intermediates.noindex/SwiftExplicitPrecompiledModules -suppress-warnings -profile-generate -profile-coverage-mapping -swift-version 6 -enforce-exclusivity\=checked -Onone -D SWIFT_PACKAGE -D DEBUG -D SWIFT_MODULE_RESOURCE_BUNDLE_UNAVAILABLE -D Xcode -serialize-debugging-options -const-gather-protocols-file /Users/admin/builder/spi-builder-workspace/.derivedData/Build/Intermediates.noindex/spfk-image.build/Debug-xros/SPFKImage.build/Objects-normal/arm64/SPFKImage_const_extract_protocols.json -enable-experimental-feature DebugDescriptionMacro -empty-abi-descriptor -user-module-version 0.3.1 -validate-clang-modules-once -clang-build-session-file /Users/admin/builder/spi-builder-workspace/.derivedData/ModuleCache.noindex/Session.modulevalidation -Xcc -working-directory -Xcc /Users/admin/builder/spi-builder-workspace/.swiftpm/xcode -enable-anonymous-context-mangled-names -file-compilation-dir /Users/admin/builder/spi-builder-workspace/.swiftpm/xcode -Xcc -fmodule-map-file\=/Users/admin/builder/spi-builder-workspace/.derivedData/Build/Intermediates.noindex/GeneratedModuleMaps-xros/SPFKBaseC.modulemap -Xcc -D_LIBCPP_HARDENING_MODE\=_LIBCPP_HARDENING_MODE_DEBUG -Xcc -ivfsstatcache -Xcc /Users/admin/builder/spi-builder-workspace/.derivedData/SDKStatCaches.noindex/xros26.2-23N301-dc75598d0054f22ec865fa860f139d72f5e64962d3ee001da1d77d1957dffdab.sdkstatcache -Xcc -I/Users/admin/builder/spi-builder-workspace/.derivedData/Build/Intermediates.noindex/spfk-image.build/Debug-xros/SPFKImage.build/swift-overrides.hmap -Xcc -I/Users/admin/builder/spi-builder-workspace/.dependencies/checkouts/swift-numerics/Sources/_NumericsShims/include -Xcc -I/Users/admin/builder/spi-builder-workspace/.dependencies/checkouts/spfk-base/Sources/SPFKBaseC/include -Xcc -I/Users/admin/builder/spi-builder-workspace/.derivedData/Build/Products/Debug-xros/include -Xcc -I/Users/admin/builder/spi-builder-workspace/.derivedData/Build/Intermediates.noindex/spfk-image.build/Debug-xros/SPFKImage.build/DerivedSources-normal/arm64 -Xcc -I/Users/admin/builder/spi-builder-workspace/.derivedData/Build/Intermediates.noindex/spfk-image.build/Debug-xros/SPFKImage.build/DerivedSources/arm64 -Xcc -I/Users/admin/builder/spi-builder-workspace/.derivedData/Build/Intermediates.noindex/spfk-image.build/Debug-xros/SPFKImage.build/DerivedSources -Xcc -DSWIFT_PACKAGE -Xcc -DDEBUG\=1 -no-auto-bridging-header-chaining -module-name SPFKImage -package-name spfk_image -frontend-parseable-output -disable-clang-spi -target-sdk-version 26.2 -target-sdk-name xros26.2 -clang-target arm64-apple-xros26.2 -in-process-plugin-server-path /Applications/Xcode-26.3.0.app/Contents/Developer/Toolchains/XcodeDefault.xctoolchain/usr/lib/swift/host/libSwiftInProcPluginServer.dylib -o /Users/admin/builder/spi-builder-workspace/.derivedData/Build/Intermediates.noindex/spfk-image.build/Debug-xros/SPFKImage.build/Objects-normal/arm64/ImageFormatConverter+Encoder.o -o /Users/admin/builder/spi-builder-workspace/.derivedData/Build/Intermediates.noindex/spfk-image.build/Debug-xros/SPFKImage.build/Objects-normal/arm64/ImageFormatConverter+GainMap.o -index-unit-output-path /spfk-image.build/Debug-xros/SPFKImage.build/Objects-normal/arm64/ImageFormatConverter+Encoder.o -index-unit-output-path /spfk-image.build/Debug-xros/SPFKImage.build/Objects-normal/arm64/ImageFormatConverter+GainMap.o -index-store-path /Users/admin/builder/spi-builder-workspace/.derivedData/Index.noindex/DataStore -index-system-modules
SwiftCompile normal arm64 /Users/admin/builder/spi-builder-workspace/.dependencies/checkouts/spfk-image/Sources/SPFKImage/Conversion/ImageFormatConverter+Encoder.swift (in target 'SPFKImage' from project 'spfk-image')
cd /Users/admin/builder/spi-builder-workspace/.swiftpm/xcode
SwiftCompile normal arm64 /Users/admin/builder/spi-builder-workspace/.dependencies/checkouts/spfk-image/Sources/SPFKImage/Conversion/ImageFormatConverter+GainMap.swift (in target 'SPFKImage' from project 'spfk-image')
cd /Users/admin/builder/spi-builder-workspace/.swiftpm/xcode
/Users/admin/builder/spi-builder-workspace/.dependencies/checkouts/spfk-image/Sources/SPFKImage/Conversion/ImageFormatConverter+GainMap.swift:14:26: error: 'kCGImageAuxiliaryDataTypeISOGainMap' is only available in visionOS 2.0 or newer
types.append(kCGImageAuxiliaryDataTypeISOGainMap)
^
/Users/admin/builder/spi-builder-workspace/.dependencies/checkouts/spfk-image/Sources/SPFKImage/Conversion/ImageFormatConverter+GainMap.swift:14:26: note: add 'if #available' version check
types.append(kCGImageAuxiliaryDataTypeISOGainMap)
^
/Users/admin/builder/spi-builder-workspace/.dependencies/checkouts/spfk-image/Sources/SPFKImage/Conversion/ImageFormatConverter+GainMap.swift:10:16: note: add '@available' attribute to enclosing static property
static var gainMapAuxiliaryTypes: [CFString] {
^
/Users/admin/builder/spi-builder-workspace/.dependencies/checkouts/spfk-image/Sources/SPFKImage/Conversion/ImageFormatConverter+GainMap.swift:6:1: note: add '@available' attribute to enclosing extension
extension ImageFormatConverter {
^
SwiftCompile normal arm64 Compiling\ ImageConversionOptions.swift,\ ImageConversionSource.swift /Users/admin/builder/spi-builder-workspace/.dependencies/checkouts/spfk-image/Sources/SPFKImage/Conversion/ImageConversionOptions.swift /Users/admin/builder/spi-builder-workspace/.dependencies/checkouts/spfk-image/Sources/SPFKImage/Conversion/ImageConversionSource.swift (in target 'SPFKImage' from project 'spfk-image')
SwiftCompile normal arm64 /Users/admin/builder/spi-builder-workspace/.dependencies/checkouts/spfk-image/Sources/SPFKImage/Conversion/ImageConversionOptions.swift (in target 'SPFKImage' from project 'spfk-image')
cd /Users/admin/builder/spi-builder-workspace/.swiftpm/xcode
SwiftCompile normal arm64 /Users/admin/builder/spi-builder-workspace/.dependencies/checkouts/spfk-image/Sources/SPFKImage/Conversion/ImageConversionSource.swift (in target 'SPFKImage' from project 'spfk-image')
cd /Users/admin/builder/spi-builder-workspace/.swiftpm/xcode
SwiftCompile normal arm64 Compiling\ ImageAdjustmentDescription.swift,\ ImageAdjustmentRenderError.swift,\ ImageAdjustmentRenderer+File.swift /Users/admin/builder/spi-builder-workspace/.dependencies/checkouts/spfk-image/Sources/SPFKImage/Adjustment/ImageAdjustmentDescription.swift /Users/admin/builder/spi-builder-workspace/.dependencies/checkouts/spfk-image/Sources/SPFKImage/Adjustment/ImageAdjustmentRenderError.swift /Users/admin/builder/spi-builder-workspace/.dependencies/checkouts/spfk-image/Sources/SPFKImage/Adjustment/ImageAdjustmentRenderer+File.swift (in target 'SPFKImage' from project 'spfk-image')
SwiftCompile normal arm64 /Users/admin/builder/spi-builder-workspace/.dependencies/checkouts/spfk-image/Sources/SPFKImage/Adjustment/ImageAdjustmentDescription.swift (in target 'SPFKImage' from project 'spfk-image')
cd /Users/admin/builder/spi-builder-workspace/.swiftpm/xcode
SwiftCompile normal arm64 /Users/admin/builder/spi-builder-workspace/.dependencies/checkouts/spfk-image/Sources/SPFKImage/Adjustment/ImageAdjustmentRenderError.swift (in target 'SPFKImage' from project 'spfk-image')
cd /Users/admin/builder/spi-builder-workspace/.swiftpm/xcode
SwiftCompile normal arm64 /Users/admin/builder/spi-builder-workspace/.dependencies/checkouts/spfk-image/Sources/SPFKImage/Adjustment/ImageAdjustmentRenderer+File.swift (in target 'SPFKImage' from project 'spfk-image')
cd /Users/admin/builder/spi-builder-workspace/.swiftpm/xcode
SwiftDriverJobDiscovery normal arm64 Compiling ImageMetadataCopyScheme.swift, RGBAPixelBuffer.swift (in target 'SPFKImage' from project 'spfk-image')
SwiftDriverJobDiscovery normal arm64 Emitting module for SPFKImage (in target 'SPFKImage' from project 'spfk-image')
SwiftDriver\ Compilation\ Requirements SPFKImage normal arm64 com.apple.xcode.tools.swift.compiler (in target 'SPFKImage' from project 'spfk-image')
cd /Users/admin/builder/spi-builder-workspace/.swiftpm/xcode
builtin-Swift-Compilation-Requirements -- /Applications/Xcode-26.3.0.app/Contents/Developer/Toolchains/XcodeDefault.xctoolchain/usr/bin/swiftc -module-name SPFKImage -Onone -enforce-exclusivity\=checked @/Users/admin/builder/spi-builder-workspace/.derivedData/Build/Intermediates.noindex/spfk-image.build/Debug-xros/SPFKImage.build/Objects-normal/arm64/SPFKImage.SwiftFileList -DSWIFT_PACKAGE -DDEBUG -DSWIFT_MODULE_RESOURCE_BUNDLE_UNAVAILABLE -Xcc -fmodule-map-file\=/Users/admin/builder/spi-builder-workspace/.derivedData/Build/Intermediates.noindex/GeneratedModuleMaps-xros/SPFKBaseC.modulemap -DXcode -plugin-path /Applications/Xcode-26.3.0.app/Contents/Developer/Toolchains/XcodeDefault.xctoolchain/usr/lib/swift/host/plugins/testing -enable-experimental-feature DebugDescriptionMacro -sdk /Applications/Xcode-26.3.0.app/Contents/Developer/Platforms/XROS.platform/Developer/SDKs/XROS26.2.sdk -target arm64-apple-xros1.0 -g -module-cache-path /Users/admin/builder/spi-builder-workspace/.derivedData/ModuleCache.noindex -Xfrontend -serialize-debugging-options -profile-coverage-mapping -profile-generate -enable-testing -suppress-warnings -index-store-path /Users/admin/builder/spi-builder-workspace/.derivedData/Index.noindex/DataStore -Xcc -D_LIBCPP_HARDENING_MODE\=_LIBCPP_HARDENING_MODE_DEBUG -swift-version 6 -I /Users/admin/builder/spi-builder-workspace/.derivedData/Build/Products/Debug-xros -Isystem /Applications/Xcode-26.3.0.app/Contents/Developer/Platforms/XROS.platform/Developer/usr/lib -F /Users/admin/builder/spi-builder-workspace/.derivedData/Build/Products/Debug-xros/PackageFrameworks -F /Users/admin/builder/spi-builder-workspace/.derivedData/Build/Products/Debug-xros/PackageFrameworks -F /Users/admin/builder/spi-builder-workspace/.derivedData/Build/Products/Debug-xros/PackageFrameworks -F /Users/admin/builder/spi-builder-workspace/.derivedData/Build/Products/Debug-xros/PackageFrameworks -F /Users/admin/builder/spi-builder-workspace/.derivedData/Build/Products/Debug-xros/PackageFrameworks -F /Users/admin/builder/spi-builder-workspace/.derivedData/Build/Products/Debug-xros/PackageFrameworks -F /Users/admin/builder/spi-builder-workspace/.derivedData/Build/Products/Debug-xros/PackageFrameworks -F /Users/admin/builder/spi-builder-workspace/.derivedData/Build/Products/Debug-xros/PackageFrameworks -F /Users/admin/builder/spi-builder-workspace/.derivedData/Build/Products/Debug-xros/PackageFrameworks -F /Users/admin/builder/spi-builder-workspace/.derivedData/Build/Products/Debug-xros/PackageFrameworks -F /Users/admin/builder/spi-builder-workspace/.derivedData/Build/Products/Debug-xros/PackageFrameworks -F /Users/admin/builder/spi-builder-workspace/.derivedData/Build/Products/Debug-xros/PackageFrameworks -F /Users/admin/builder/spi-builder-workspace/.derivedData/Build/Products/Debug-xros/PackageFrameworks -F /Users/admin/builder/spi-builder-workspace/.derivedData/Build/Products/Debug-xros/PackageFrameworks -F /Users/admin/builder/spi-builder-workspace/.derivedData/Build/Products/Debug-xros/PackageFrameworks -F /Users/admin/builder/spi-builder-workspace/.derivedData/Build/Products/Debug-xros/PackageFrameworks -F /Users/admin/builder/spi-builder-workspace/.derivedData/Build/Products/Debug-xros/PackageFrameworks -F /Users/admin/builder/spi-builder-workspace/.derivedData/Build/Products/Debug-xros/PackageFrameworks -F /Users/admin/builder/spi-builder-workspace/.derivedData/Build/Products/Debug-xros/PackageFrameworks -F /Users/admin/builder/spi-builder-workspace/.derivedData/Build/Products/Debug-xros/PackageFrameworks -F /Users/admin/builder/spi-builder-workspace/.derivedData/Build/Products/Debug-xros -F /Applications/Xcode-26.3.0.app/Contents/Developer/Platforms/XROS.platform/Developer/Library/Frameworks -F /Applications/Xcode-26.3.0.app/Contents/Developer/Platforms/XROS.platform/Developer/SDKs/XROS26.2.sdk/Developer/Library/Frameworks -c -j10 -enable-batch-mode -incremental -Xcc -ivfsstatcache -Xcc /Users/admin/builder/spi-builder-workspace/.derivedData/SDKStatCaches.noindex/xros26.2-23N301-dc75598d0054f22ec865fa860f139d72f5e64962d3ee001da1d77d1957dffdab.sdkstatcache -output-file-map /Users/admin/builder/spi-builder-workspace/.derivedData/Build/Intermediates.noindex/spfk-image.build/Debug-xros/SPFKImage.build/Objects-normal/arm64/SPFKImage-OutputFileMap.json -use-frontend-parseable-output -save-temps -no-color-diagnostics -explicit-module-build -module-cache-path /Users/admin/builder/spi-builder-workspace/.derivedData/Build/Intermediates.noindex/SwiftExplicitPrecompiledModules -clang-scanner-module-cache-path /Users/admin/builder/spi-builder-workspace/.derivedData/ModuleCache.noindex -sdk-module-cache-path /Users/admin/builder/spi-builder-workspace/.derivedData/ModuleCache.noindex -serialize-diagnostics -emit-dependencies -emit-module -emit-module-path /Users/admin/builder/spi-builder-workspace/.derivedData/Build/Intermediates.noindex/spfk-image.build/Debug-xros/SPFKImage.build/Objects-normal/arm64/SPFKImage.swiftmodule -user-module-version 0.3.1 -validate-clang-modules-once -clang-build-session-file /Users/admin/builder/spi-builder-workspace/.derivedData/ModuleCache.noindex/Session.modulevalidation -package-name spfk_image -Xcc -I/Users/admin/builder/spi-builder-workspace/.derivedData/Build/Intermediates.noindex/spfk-image.build/Debug-xros/SPFKImage.build/swift-overrides.hmap -emit-const-values -Xfrontend -const-gather-protocols-file -Xfrontend /Users/admin/builder/spi-builder-workspace/.derivedData/Build/Intermediates.noindex/spfk-image.build/Debug-xros/SPFKImage.build/Objects-normal/arm64/SPFKImage_const_extract_protocols.json -Xcc -I/Users/admin/builder/spi-builder-workspace/.dependencies/checkouts/swift-numerics/Sources/_NumericsShims/include -Xcc -I/Users/admin/builder/spi-builder-workspace/.dependencies/checkouts/spfk-base/Sources/SPFKBaseC/include -Xcc -I/Users/admin/builder/spi-builder-workspace/.derivedData/Build/Products/Debug-xros/include -Xcc -I/Users/admin/builder/spi-builder-workspace/.derivedData/Build/Intermediates.noindex/spfk-image.build/Debug-xros/SPFKImage.build/DerivedSources-normal/arm64 -Xcc -I/Users/admin/builder/spi-builder-workspace/.derivedData/Build/Intermediates.noindex/spfk-image.build/Debug-xros/SPFKImage.build/DerivedSources/arm64 -Xcc -I/Users/admin/builder/spi-builder-workspace/.derivedData/Build/Intermediates.noindex/spfk-image.build/Debug-xros/SPFKImage.build/DerivedSources -Xcc -DSWIFT_PACKAGE -Xcc -DDEBUG\=1 -emit-objc-header -emit-objc-header-path /Users/admin/builder/spi-builder-workspace/.derivedData/Build/Intermediates.noindex/spfk-image.build/Debug-xros/SPFKImage.build/Objects-normal/arm64/SPFKImage-Swift.h -working-directory /Users/admin/builder/spi-builder-workspace/.swiftpm/xcode -experimental-emit-module-separately -disable-cmo
SwiftMergeGeneratedHeaders /Users/admin/builder/spi-builder-workspace/.derivedData/Build/Intermediates.noindex/GeneratedModuleMaps-xros/SPFKImage-Swift.h /Users/admin/builder/spi-builder-workspace/.derivedData/Build/Intermediates.noindex/spfk-image.build/Debug-xros/SPFKImage.build/Objects-normal/arm64/SPFKImage-Swift.h (in target 'SPFKImage' from project 'spfk-image')
cd /Users/admin/builder/spi-builder-workspace/.dependencies/checkouts/spfk-image
builtin-swiftHeaderTool -arch arm64 /Users/admin/builder/spi-builder-workspace/.derivedData/Build/Intermediates.noindex/spfk-image.build/Debug-xros/SPFKImage.build/Objects-normal/arm64/SPFKImage-Swift.h -o /Users/admin/builder/spi-builder-workspace/.derivedData/Build/Intermediates.noindex/GeneratedModuleMaps-xros/SPFKImage-Swift.h
Copy /Users/admin/builder/spi-builder-workspace/.derivedData/Build/Products/Debug-xros/SPFKImage.swiftmodule/arm64-apple-xros.swiftmodule /Users/admin/builder/spi-builder-workspace/.derivedData/Build/Intermediates.noindex/spfk-image.build/Debug-xros/SPFKImage.build/Objects-normal/arm64/SPFKImage.swiftmodule (in target 'SPFKImage' from project 'spfk-image')
cd /Users/admin/builder/spi-builder-workspace/.dependencies/checkouts/spfk-image
builtin-copy -exclude .DS_Store -exclude CVS -exclude .svn -exclude .git -exclude .hg -resolve-src-symlinks -rename /Users/admin/builder/spi-builder-workspace/.derivedData/Build/Intermediates.noindex/spfk-image.build/Debug-xros/SPFKImage.build/Objects-normal/arm64/SPFKImage.swiftmodule /Users/admin/builder/spi-builder-workspace/.derivedData/Build/Products/Debug-xros/SPFKImage.swiftmodule/arm64-apple-xros.swiftmodule
Copy /Users/admin/builder/spi-builder-workspace/.derivedData/Build/Products/Debug-xros/SPFKImage.swiftmodule/arm64-apple-xros.swiftdoc /Users/admin/builder/spi-builder-workspace/.derivedData/Build/Intermediates.noindex/spfk-image.build/Debug-xros/SPFKImage.build/Objects-normal/arm64/SPFKImage.swiftdoc (in target 'SPFKImage' from project 'spfk-image')
cd /Users/admin/builder/spi-builder-workspace/.dependencies/checkouts/spfk-image
builtin-copy -exclude .DS_Store -exclude CVS -exclude .svn -exclude .git -exclude .hg -resolve-src-symlinks -rename /Users/admin/builder/spi-builder-workspace/.derivedData/Build/Intermediates.noindex/spfk-image.build/Debug-xros/SPFKImage.build/Objects-normal/arm64/SPFKImage.swiftdoc /Users/admin/builder/spi-builder-workspace/.derivedData/Build/Products/Debug-xros/SPFKImage.swiftmodule/arm64-apple-xros.swiftdoc
Copy /Users/admin/builder/spi-builder-workspace/.derivedData/Build/Products/Debug-xros/SPFKImage.swiftmodule/arm64-apple-xros.abi.json /Users/admin/builder/spi-builder-workspace/.derivedData/Build/Intermediates.noindex/spfk-image.build/Debug-xros/SPFKImage.build/Objects-normal/arm64/SPFKImage.abi.json (in target 'SPFKImage' from project 'spfk-image')
cd /Users/admin/builder/spi-builder-workspace/.dependencies/checkouts/spfk-image
builtin-copy -exclude .DS_Store -exclude CVS -exclude .svn -exclude .git -exclude .hg -resolve-src-symlinks -rename /Users/admin/builder/spi-builder-workspace/.derivedData/Build/Intermediates.noindex/spfk-image.build/Debug-xros/SPFKImage.build/Objects-normal/arm64/SPFKImage.abi.json /Users/admin/builder/spi-builder-workspace/.derivedData/Build/Products/Debug-xros/SPFKImage.swiftmodule/arm64-apple-xros.abi.json
Copy /Users/admin/builder/spi-builder-workspace/.derivedData/Build/Products/Debug-xros/SPFKImage.swiftmodule/Project/arm64-apple-xros.swiftsourceinfo /Users/admin/builder/spi-builder-workspace/.derivedData/Build/Intermediates.noindex/spfk-image.build/Debug-xros/SPFKImage.build/Objects-normal/arm64/SPFKImage.swiftsourceinfo (in target 'SPFKImage' from project 'spfk-image')
cd /Users/admin/builder/spi-builder-workspace/.dependencies/checkouts/spfk-image
builtin-copy -exclude .DS_Store -exclude CVS -exclude .svn -exclude .git -exclude .hg -resolve-src-symlinks -rename /Users/admin/builder/spi-builder-workspace/.derivedData/Build/Intermediates.noindex/spfk-image.build/Debug-xros/SPFKImage.build/Objects-normal/arm64/SPFKImage.swiftsourceinfo /Users/admin/builder/spi-builder-workspace/.derivedData/Build/Products/Debug-xros/SPFKImage.swiftmodule/Project/arm64-apple-xros.swiftsourceinfo
GenerateStringSymbols /Users/admin/builder/spi-builder-workspace/.derivedData/Build/Intermediates.noindex/spfk-utils.build/Debug-xros/SPFKUtils.build/DerivedSources/GeneratedStringSymbols_Localizable.swift /Users/admin/builder/spi-builder-workspace/Sources/SPFKUtils/Resources/Localizable.xcstrings (in target 'SPFKUtils' from project 'spfk-utils')
cd /Users/admin/builder/spi-builder-workspace
/Applications/Xcode-26.3.0.app/Contents/Developer/usr/bin/xcstringstool generate-symbols --language swift --output-directory /Users/admin/builder/spi-builder-workspace/.derivedData/Build/Intermediates.noindex/spfk-utils.build/Debug-xros/SPFKUtils.build/DerivedSources /Users/admin/builder/spi-builder-workspace/Sources/SPFKUtils/Resources/Localizable.xcstrings
SwiftDriverJobDiscovery normal arm64 Compiling ImageConversionOptions.swift, ImageConversionSource.swift (in target 'SPFKImage' from project 'spfk-image')
SwiftDriverJobDiscovery normal arm64 Compiling ImageConversionError.swift, ImageConversionFormats.swift (in target 'SPFKImage' from project 'spfk-image')
SwiftDriver SPFKUtils normal arm64 com.apple.xcode.tools.swift.compiler (in target 'SPFKUtils' from project 'spfk-utils')
cd /Users/admin/builder/spi-builder-workspace/.swiftpm/xcode
builtin-SwiftDriver -- /Applications/Xcode-26.3.0.app/Contents/Developer/Toolchains/XcodeDefault.xctoolchain/usr/bin/swiftc -module-name SPFKUtils -Onone -enforce-exclusivity\=checked @/Users/admin/builder/spi-builder-workspace/.derivedData/Build/Intermediates.noindex/spfk-utils.build/Debug-xros/SPFKUtils.build/Objects-normal/arm64/SPFKUtils.SwiftFileList -DSWIFT_PACKAGE -DDEBUG -DSWIFT_MODULE_RESOURCE_BUNDLE_AVAILABLE -Xcc -fmodule-map-file\=/Users/admin/builder/spi-builder-workspace/.derivedData/Build/Intermediates.noindex/GeneratedModuleMaps-xros/SPFKBaseC.modulemap -DXcode -plugin-path /Applications/Xcode-26.3.0.app/Contents/Developer/Toolchains/XcodeDefault.xctoolchain/usr/lib/swift/host/plugins/testing -enable-experimental-feature DebugDescriptionMacro -sdk /Applications/Xcode-26.3.0.app/Contents/Developer/Platforms/XROS.platform/Developer/SDKs/XROS26.2.sdk -target arm64-apple-xros1.0 -g -module-cache-path /Users/admin/builder/spi-builder-workspace/.derivedData/ModuleCache.noindex -Xfrontend -serialize-debugging-options -profile-coverage-mapping -profile-generate -enable-testing -index-store-path /Users/admin/builder/spi-builder-workspace/.derivedData/Index.noindex/DataStore -Xcc -D_LIBCPP_HARDENING_MODE\=_LIBCPP_HARDENING_MODE_DEBUG -swift-version 6 -I /Users/admin/builder/spi-builder-workspace/.derivedData/Build/Products/Debug-xros -Isystem /Applications/Xcode-26.3.0.app/Contents/Developer/Platforms/XROS.platform/Developer/usr/lib -F /Users/admin/builder/spi-builder-workspace/.derivedData/Build/Products/Debug-xros/PackageFrameworks -F /Users/admin/builder/spi-builder-workspace/.derivedData/Build/Products/Debug-xros/PackageFrameworks -F /Users/admin/builder/spi-builder-workspace/.derivedData/Build/Products/Debug-xros/PackageFrameworks -F /Users/admin/builder/spi-builder-workspace/.derivedData/Build/Products/Debug-xros/PackageFrameworks -F /Users/admin/builder/spi-builder-workspace/.derivedData/Build/Products/Debug-xros/PackageFrameworks -F /Users/admin/builder/spi-builder-workspace/.derivedData/Build/Products/Debug-xros/PackageFrameworks -F /Users/admin/builder/spi-builder-workspace/.derivedData/Build/Products/Debug-xros/PackageFrameworks -F /Users/admin/builder/spi-builder-workspace/.derivedData/Build/Products/Debug-xros/PackageFrameworks -F /Users/admin/builder/spi-builder-workspace/.derivedData/Build/Products/Debug-xros/PackageFrameworks -F /Users/admin/builder/spi-builder-workspace/.derivedData/Build/Products/Debug-xros/PackageFrameworks -F /Users/admin/builder/spi-builder-workspace/.derivedData/Build/Products/Debug-xros/PackageFrameworks -F /Users/admin/builder/spi-builder-workspace/.derivedData/Build/Products/Debug-xros/PackageFrameworks -F /Users/admin/builder/spi-builder-workspace/.derivedData/Build/Products/Debug-xros/PackageFrameworks -F /Users/admin/builder/spi-builder-workspace/.derivedData/Build/Products/Debug-xros/PackageFrameworks -F /Users/admin/builder/spi-builder-workspace/.derivedData/Build/Products/Debug-xros/PackageFrameworks -F /Users/admin/builder/spi-builder-workspace/.derivedData/Build/Products/Debug-xros/PackageFrameworks -F /Users/admin/builder/spi-builder-workspace/.derivedData/Build/Products/Debug-xros/PackageFrameworks -F /Users/admin/builder/spi-builder-workspace/.derivedData/Build/Products/Debug-xros/PackageFrameworks -F /Users/admin/builder/spi-builder-workspace/.derivedData/Build/Products/Debug-xros/PackageFrameworks -F /Users/admin/builder/spi-builder-workspace/.derivedData/Build/Products/Debug-xros/PackageFrameworks -F /Users/admin/builder/spi-builder-workspace/.derivedData/Build/Products/Debug-xros/PackageFrameworks -F /Users/admin/builder/spi-builder-workspace/.derivedData/Build/Products/Debug-xros/PackageFrameworks -F /Users/admin/builder/spi-builder-workspace/.derivedData/Build/Products/Debug-xros -F /Applications/Xcode-26.3.0.app/Contents/Developer/Platforms/XROS.platform/Developer/Library/Frameworks -F /Applications/Xcode-26.3.0.app/Contents/Developer/Platforms/XROS.platform/Developer/SDKs/XROS26.2.sdk/Developer/Library/Frameworks -emit-localized-strings -emit-localized-strings-path /Users/admin/builder/spi-builder-workspace/.derivedData/Build/Intermediates.noindex/spfk-utils.build/Debug-xros/SPFKUtils.build/Objects-normal/arm64 -c -j10 -enable-batch-mode -incremental -Xcc -ivfsstatcache -Xcc /Users/admin/builder/spi-builder-workspace/.derivedData/SDKStatCaches.noindex/xros26.2-23N301-dc75598d0054f22ec865fa860f139d72f5e64962d3ee001da1d77d1957dffdab.sdkstatcache -output-file-map /Users/admin/builder/spi-builder-workspace/.derivedData/Build/Intermediates.noindex/spfk-utils.build/Debug-xros/SPFKUtils.build/Objects-normal/arm64/SPFKUtils-OutputFileMap.json -use-frontend-parseable-output -save-temps -no-color-diagnostics -explicit-module-build -module-cache-path /Users/admin/builder/spi-builder-workspace/.derivedData/Build/Intermediates.noindex/SwiftExplicitPrecompiledModules -clang-scanner-module-cache-path /Users/admin/builder/spi-builder-workspace/.derivedData/ModuleCache.noindex -sdk-module-cache-path /Users/admin/builder/spi-builder-workspace/.derivedData/ModuleCache.noindex -serialize-diagnostics -emit-dependencies -emit-module -emit-module-path /Users/admin/builder/spi-builder-workspace/.derivedData/Build/Intermediates.noindex/spfk-utils.build/Debug-xros/SPFKUtils.build/Objects-normal/arm64/SPFKUtils.swiftmodule -validate-clang-modules-once -clang-build-session-file /Users/admin/builder/spi-builder-workspace/.derivedData/ModuleCache.noindex/Session.modulevalidation -package-name spi_builder_workspace -Xcc -I/Users/admin/builder/spi-builder-workspace/.derivedData/Build/Intermediates.noindex/spfk-utils.build/Debug-xros/SPFKUtils.build/swift-overrides.hmap -emit-const-values -Xfrontend -const-gather-protocols-file -Xfrontend /Users/admin/builder/spi-builder-workspace/.derivedData/Build/Intermediates.noindex/spfk-utils.build/Debug-xros/SPFKUtils.build/Objects-normal/arm64/SPFKUtils_const_extract_protocols.json -Xcc -I/Users/admin/builder/spi-builder-workspace/.dependencies/checkouts/swift-numerics/Sources/_NumericsShims/include -Xcc -I/Users/admin/builder/spi-builder-workspace/.dependencies/checkouts/spfk-base/Sources/SPFKBaseC/include -Xcc -I/Users/admin/builder/spi-builder-workspace/.derivedData/Build/Products/Debug-xros/include -Xcc -I/Users/admin/builder/spi-builder-workspace/.derivedData/Build/Intermediates.noindex/spfk-utils.build/Debug-xros/SPFKUtils.build/DerivedSources-normal/arm64 -Xcc -I/Users/admin/builder/spi-builder-workspace/.derivedData/Build/Intermediates.noindex/spfk-utils.build/Debug-xros/SPFKUtils.build/DerivedSources/arm64 -Xcc -I/Users/admin/builder/spi-builder-workspace/.derivedData/Build/Intermediates.noindex/spfk-utils.build/Debug-xros/SPFKUtils.build/DerivedSources -Xcc -DSWIFT_PACKAGE -Xcc -DDEBUG\=1 -emit-objc-header -emit-objc-header-path /Users/admin/builder/spi-builder-workspace/.derivedData/Build/Intermediates.noindex/spfk-utils.build/Debug-xros/SPFKUtils.build/Objects-normal/arm64/SPFKUtils-Swift.h -working-directory /Users/admin/builder/spi-builder-workspace/.swiftpm/xcode -experimental-emit-module-separately -disable-cmo
SwiftDriverJobDiscovery normal arm64 Compiling ImageFormatConverter+Transcode.swift, ImageFormatConverter+Types.swift (in target 'SPFKImage' from project 'spfk-image')
2026-10-15 21:31:49.958 xcodebuild[1193:6422] [MT] IDERunDestination: Supported platforms for the buildables in the current scheme is empty.
** BUILD FAILED **
The following build commands failed:
SwiftCompile normal arm64 Compiling\ ImageFormatConverter+Encoder.swift,\ ImageFormatConverter+GainMap.swift /Users/admin/builder/spi-builder-workspace/.dependencies/checkouts/spfk-image/Sources/SPFKImage/Conversion/ImageFormatConverter+Encoder.swift /Users/admin/builder/spi-builder-workspace/.dependencies/checkouts/spfk-image/Sources/SPFKImage/Conversion/ImageFormatConverter+GainMap.swift (in target 'SPFKImage' from project 'spfk-image')
SwiftCompile normal arm64 /Users/admin/builder/spi-builder-workspace/.dependencies/checkouts/spfk-image/Sources/SPFKImage/Conversion/ImageFormatConverter+GainMap.swift (in target 'SPFKImage' from project 'spfk-image')
Building workspace spi-builder-workspace with scheme spfk-utils
(3 failures)
Command line invocation:
/Applications/Xcode-26.3.0.app/Contents/Developer/usr/bin/xcodebuild -IDEClonedSourcePackagesDirPathOverride=/Users/admin/builder/spi-builder-workspace/.dependencies -resolvePackageDependencies
Resolve Package Graph
Resolved source packages:
swift-collections: https://github.com/apple/swift-collections @ 1.7.3
swift-numerics: https://github.com/apple/swift-numerics @ 1.1.1
swift-async-algorithms: https://github.com/apple/swift-async-algorithms @ 1.1.7
spfk-testing: https://github.com/ryanfrancesconi/spfk-testing @ 1.14.0
spfk-filesystem: https://github.com/ryanfrancesconi/spfk-filesystem @ 1.11.1
XAttr: https://github.com/jozefizso/swift-xattr @ 3.0.1
spfk-utils: /Users/admin/builder/spi-builder-workspace
spfk-audio-base: https://github.com/ryanfrancesconi/spfk-audio-base @ 1.18.0
spfk-image: https://github.com/ryanfrancesconi/spfk-image @ 0.3.1
swift-extensions: https://github.com/orchetect/swift-extensions @ 2.3.2
AEXML: https://github.com/tadija/AEXML @ 4.7.3
spfk-base: https://github.com/ryanfrancesconi/spfk-base @ 1.13.0
swift-data-parsing: https://github.com/orchetect/swift-data-parsing @ 0.1.2
resolved source packages: swift-collections, swift-numerics, swift-async-algorithms, spfk-testing, spfk-filesystem, XAttr, spfk-utils, spfk-audio-base, spfk-image, swift-extensions, AEXML, spfk-base, swift-data-parsing
2026-10-15 21:32:12.310 xcodebuild[1884:9777] [MT] IDERunDestination: Supported platforms for the buildables in the current scheme is empty.
{
"default_localization" : "en",
"dependencies" : [
{
"identity" : "spfk-audio-base",
"requirement" : {
"range" : [
{
"lower_bound" : "1.6.1",
"upper_bound" : "2.0.0"
}
]
},
"type" : "sourceControl",
"url" : "https://github.com/ryanfrancesconi/spfk-audio-base"
},
{
"identity" : "spfk-filesystem",
"requirement" : {
"range" : [
{
"lower_bound" : "1.2.2",
"upper_bound" : "2.0.0"
}
]
},
"type" : "sourceControl",
"url" : "https://github.com/ryanfrancesconi/spfk-filesystem"
},
{
"identity" : "spfk-image",
"requirement" : {
"range" : [
{
"lower_bound" : "0.1.0",
"upper_bound" : "1.0.0"
}
]
},
"type" : "sourceControl",
"url" : "https://github.com/ryanfrancesconi/spfk-image"
},
{
"identity" : "spfk-base",
"requirement" : {
"range" : [
{
"lower_bound" : "1.2.2",
"upper_bound" : "2.0.0"
}
]
},
"type" : "sourceControl",
"url" : "https://github.com/ryanfrancesconi/spfk-base"
},
{
"identity" : "spfk-testing",
"requirement" : {
"range" : [
{
"lower_bound" : "1.1.0",
"upper_bound" : "2.0.0"
}
]
},
"type" : "sourceControl",
"url" : "https://github.com/ryanfrancesconi/spfk-testing"
},
{
"identity" : "aexml",
"requirement" : {
"range" : [
{
"lower_bound" : "4.6.0",
"upper_bound" : "5.0.0"
}
]
},
"type" : "sourceControl",
"url" : "https://github.com/tadija/AEXML"
}
],
"manifest_display_name" : "spfk-utils",
"name" : "spfk-utils",
"path" : "/Users/admin/builder/spi-builder-workspace",
"platforms" : [
{
"name" : "macos",
"version" : "13.0"
},
{
"name" : "ios",
"version" : "16.0"
}
],
"products" : [
{
"name" : "SPFKUtils",
"targets" : [
"SPFKUtils"
],
"type" : {
"library" : [
"automatic"
]
}
}
],
"targets" : [
{
"c99name" : "SPFKUtilsTests",
"module_type" : "SwiftTarget",
"name" : "SPFKUtilsTests",
"path" : "Tests/SPFKUtilsTests",
"product_dependencies" : [
"SPFKImage",
"SPFKAudioBase",
"SPFKBase",
"SPFKTesting"
],
"sources" : [
"BatchFileConverterTests.swift",
"BatchMapKeepingFinishedTests.swift",
"BatchMapTests.swift",
"CALayerLayoutHelpersTests.swift",
"CALayerLayoutTests.swift",
"CGColorHexConversionTests.swift",
"CGImageTests.swift",
"CSVBuilderTests.swift",
"CounterTests.swift",
"DisplayLinkTests.swift",
"EntropyTests.swift",
"FinderIconTests.swift",
"GroupByTagDirectoryTests.swift",
"HardwareTests.swift",
"ImageDataStoreConcurrentReadTests.swift",
"ImageDataStoreRekeyTests.swift",
"ImageDataStoreTests.swift",
"NSScreenClampTests.swift",
"NSViewLayoutHelpersTests.swift",
"NSViewLayoutTests.swift",
"NavigationHistoryTests.swift",
"OutlineNodeCollectionTests.swift",
"OutlineNodeTests.swift",
"ProcessHandlerTests.swift",
"ProgressTrackerTests.swift",
"RelaunchTests.swift",
"RescaleTests.swift",
"SPFKColorSchemeTests.swift",
"SPFKSymbolTests.swift",
"ShardedDirectoryTests.swift",
"SortValueTests.swift",
"URLPropertiesFileSizeTests.swift",
"URLPropertiesHexColorTagTests.swift",
"URLPropertiesLegacyDecodeTests.swift",
"URLPropertiesSaveTests.swift",
"UtilityTests.swift"
],
"target_dependencies" : [
"SPFKUtils"
],
"type" : "test"
},
{
"c99name" : "SPFKUtils",
"module_type" : "SwiftTarget",
"name" : "SPFKUtils",
"path" : "Sources/SPFKUtils",
"product_dependencies" : [
"SPFKFileSystem",
"SPFKImage",
"AEXML"
],
"product_memberships" : [
"SPFKUtils"
],
"resources" : [
{
"path" : "/Users/admin/builder/spi-builder-workspace/Sources/SPFKUtils/Resources/Localizable.xcstrings",
"rule" : {
"process" : {
}
}
}
],
"sources" : [
"Definitions/BatchMap.swift",
"Definitions/ByteCount.swift",
"Definitions/CSVBuilder.swift",
"Definitions/CachedImageType.swift",
"Definitions/Conversion/BatchFileConversionResult.swift",
"Definitions/Conversion/BatchFileConverter.swift",
"Definitions/Conversion/FileConversionWork.swift",
"Definitions/Conversion/ImageConversionSource+FileConversionWork.swift",
"Definitions/Counter.swift",
"Definitions/DictionaryMergeScheme.swift",
"Definitions/Email.swift",
"Definitions/FirstResponder.swift",
"Definitions/GroupByTagDirectory.swift",
"Definitions/HardwareInfo.swift",
"Definitions/ImageDataStore.swift",
"Definitions/ImageDataStoreAccess.swift",
"Definitions/MediaFileKind.swift",
"Definitions/PanelDirectoryCache.swift",
"Definitions/ProcessHandler.swift",
"Definitions/Progress/ChunkedProgressTracker.swift",
"Definitions/Progress/LoadStateEvent.swift",
"Definitions/Progress/ProgressTracker.swift",
"Definitions/Rescale.swift",
"Definitions/ShardedDirectory.swift",
"Definitions/SortValue.swift",
"Definitions/StereoState.swift",
"Definitions/TableColumnPreset.swift",
"Definitions/TableColumnState.swift",
"Definitions/TableSortState.swift",
"Definitions/UI/AppearanceObserver.swift",
"Definitions/UI/Color/SPFKColorScheme.swift",
"Definitions/UI/Color/SPFKSchemeColor.swift",
"Definitions/UI/Color/SystemColor.swift",
"Definitions/UI/Image/NSImageConvertible.swift",
"Definitions/UI/Image/SPFKSymbol.swift",
"Definitions/UI/Image/StateImage.swift",
"Definitions/UI/LabelAlignment.swift",
"Definitions/UI/Outline/NavigationHistory.swift",
"Definitions/UI/Outline/NodeIdentifier.swift",
"Definitions/UI/Outline/OutlineEditOperation.swift",
"Definitions/UI/Outline/OutlineNode.swift",
"Definitions/UI/Outline/OutlineNodeCollection.swift",
"Definitions/UI/Outline/OutlineState.swift",
"Definitions/URLPair.swift",
"Definitions/URLProperties.swift",
"Extensions/AppKit/NSAppearance.swift",
"Extensions/AppKit/NSApplication+.swift",
"Extensions/AppKit/NSBezierPath.swift",
"Extensions/AppKit/NSBitmapImageRep.swift",
"Extensions/AppKit/NSButton.ButtonType.swift",
"Extensions/AppKit/NSColor.swift",
"Extensions/AppKit/NSCursor.swift",
"Extensions/AppKit/NSDragOperation.swift",
"Extensions/AppKit/NSDraggingInfo.swift",
"Extensions/AppKit/NSFont.swift",
"Extensions/AppKit/NSImage.swift",
"Extensions/AppKit/NSMenu.swift",
"Extensions/AppKit/NSMenuItem.swift",
"Extensions/AppKit/NSOutlineView.swift",
"Extensions/AppKit/NSPasteboard.swift",
"Extensions/AppKit/NSScreen.swift",
"Extensions/AppKit/NSScrollView/NSClipView.swift",
"Extensions/AppKit/NSScrollView/NSScrollView.swift",
"Extensions/AppKit/NSShadow.swift",
"Extensions/AppKit/NSTableView.swift",
"Extensions/AppKit/NSText.swift",
"Extensions/AppKit/NSView+Constraints.swift",
"Extensions/AppKit/NSView+Layout.swift",
"Extensions/AppKit/NSView.swift",
"Extensions/AppKit/NSWindow.swift",
"Extensions/AppKit/NSWorkspace.swift",
"Extensions/CoreGraphics/CGColor.swift",
"Extensions/CoreGraphics/CGContext.swift",
"Extensions/CoreGraphics/CGPath.swift",
"Extensions/CoreGraphics/CGRect.swift",
"Extensions/CoreGraphics/CGSize.swift",
"Extensions/Foundation/Bool.swift",
"Extensions/Foundation/ClosedRange.swift",
"Extensions/Foundation/Date.swift",
"Extensions/Foundation/Integer.swift",
"Extensions/Foundation/NSAttributedString.swift",
"Extensions/Foundation/NSEdgeInsets.swift",
"Extensions/Foundation/NSRectEdge.swift",
"Extensions/Foundation/NumberFormatter.swift",
"Extensions/Foundation/URL+NSImage.swift",
"Extensions/Foundation/UUID.swift",
"Extensions/Foundation/UndoManager.swift",
"Extensions/QuartzCore/CALayer+Layout.swift",
"Extensions/QuartzCore/CALayer.swift",
"Extensions/XML/AEXMLDocument.swift",
"Extensions/XML/AEXMLElement.swift",
"Localization.swift",
"Open Source/Entropy/Bytes.swift",
"Open Source/Entropy/CharSet.swift",
"Open Source/Entropy/Entropy+Convenience.swift",
"Open Source/Entropy/Entropy.swift",
"Protocols/PasteboardCopyable.swift",
"Utilities/Timers/DisplayLink/DisplayLink.swift",
"Utilities/Timers/DisplayLink/DisplayLinkTimer.swift",
"Utilities/Timers/DisplayLink/LegacyDisplayLinkTimer.swift",
"Utilities/Timers/TimerModel.swift",
"Utilities/Timers/TimerState.swift"
],
"type" : "library"
}
],
"tools_version" : "6.2"
}
{
"workspace" : {
"name" : "spi-builder-workspace",
"schemes" : [
"spfk-utils",
"swift-data-parsing"
]
}
}
2026-10-15 21:32:13.942 xcodebuild[1928:9961] [MT] IDERunDestination: Supported platforms for the buildables in the current scheme is empty.
{
"workspace" : {
"name" : "spi-builder-workspace",
"schemes" : [
"spfk-utils",
"swift-data-parsing"
]
}
}
2026-10-15 21:32:15.398 xcodebuild[1967:10110] [MT] IDERunDestination: Supported platforms for the buildables in the current scheme is empty.
Running build ...
env DEVELOPER_DIR=/Applications/Xcode-26.3.0.app xcrun xcodebuild -IDEClonedSourcePackagesDirPathOverride=$PWD/.dependencies -skipMacroValidation -skipPackagePluginValidation -derivedDataPath $PWD/.derivedData build -scheme spfk-utils -destination generic/platform=xrOS
Command line invocation:
/Applications/Xcode-26.3.0.app/Contents/Developer/usr/bin/xcodebuild -IDEClonedSourcePackagesDirPathOverride=/Users/admin/builder/spi-builder-workspace/.dependencies -skipMacroValidation -skipPackagePluginValidation -derivedDataPath /Users/admin/builder/spi-builder-workspace/.derivedData build -scheme spfk-utils -destination generic/platform=xrOS
Resolve Package Graph
Resolved source packages:
AEXML: https://github.com/tadija/AEXML @ 4.7.3
swift-extensions: https://github.com/orchetect/swift-extensions @ 2.3.2
swift-numerics: https://github.com/apple/swift-numerics @ 1.1.1
spfk-image: https://github.com/ryanfrancesconi/spfk-image @ 0.3.1
spfk-testing: https://github.com/ryanfrancesconi/spfk-testing @ 1.14.0
spfk-base: https://github.com/ryanfrancesconi/spfk-base @ 1.13.0
swift-collections: https://github.com/apple/swift-collections @ 1.7.3
XAttr: https://github.com/jozefizso/swift-xattr @ 3.0.1
swift-data-parsing: https://github.com/orchetect/swift-data-parsing @ 0.1.2
spfk-audio-base: https://github.com/ryanfrancesconi/spfk-audio-base @ 1.18.0
spfk-filesystem: https://github.com/ryanfrancesconi/spfk-filesystem @ 1.11.1
spfk-utils: /Users/admin/builder/spi-builder-workspace
swift-async-algorithms: https://github.com/apple/swift-async-algorithms @ 1.1.7
ComputePackagePrebuildTargetDependencyGraph
Prepare packages
CreateBuildRequest
SendProjectDescription
CreateBuildOperation
ComputeTargetDependencyGraph
note: Building targets in dependency order
note: Target dependency graph (38 targets)
Target 'SPFKUtils' in project 'spfk-utils'
➜ Explicit dependency on target 'SPFKUtils' in project 'spfk-utils'
➜ Explicit dependency on target 'spfk-utils_SPFKUtils' in project 'spfk-utils'
➜ Explicit dependency on target 'SPFKFileSystem' in project 'spfk-filesystem'
➜ Explicit dependency on target 'SPFKImage' in project 'spfk-image'
➜ Explicit dependency on target 'AEXML' in project 'AEXML'
Target 'SPFKUtils' in project 'spfk-utils'
➜ Explicit dependency on target 'spfk-utils_SPFKUtils' in project 'spfk-utils'
➜ Explicit dependency on target 'SPFKFileSystem' in project 'spfk-filesystem'
➜ Explicit dependency on target 'SPFKImage' in project 'spfk-image'
➜ Explicit dependency on target 'AEXML' in project 'AEXML'
Target 'AEXML' in project 'AEXML'
➜ Explicit dependency on target 'AEXML' in project 'AEXML'
Target 'AEXML' in project 'AEXML' (no dependencies)
Target 'SPFKImage' in project 'spfk-image'
➜ Explicit dependency on target 'SPFKImage' in project 'spfk-image'
➜ Explicit dependency on target 'SPFKBase' in project 'spfk-base'
➜ Explicit dependency on target 'SPFKFileSystem' in project 'spfk-filesystem'
Target 'SPFKImage' in project 'spfk-image'
➜ Explicit dependency on target 'SPFKBase' in project 'spfk-base'
➜ Explicit dependency on target 'SPFKFileSystem' in project 'spfk-filesystem'
Target 'SPFKFileSystem' in project 'spfk-filesystem'
➜ Explicit dependency on target 'SPFKFileSystem' in project 'spfk-filesystem'
➜ Explicit dependency on target 'spfk-filesystem_SPFKFileSystem' in project 'spfk-filesystem'
➜ Explicit dependency on target 'SPFKBase' in project 'spfk-base'
➜ Explicit dependency on target 'SwiftExtensions' in project 'swift-extensions'
➜ Explicit dependency on target 'XAttr' in project 'XAttr'
Target 'SPFKFileSystem' in project 'spfk-filesystem'
➜ Explicit dependency on target 'spfk-filesystem_SPFKFileSystem' in project 'spfk-filesystem'
➜ Explicit dependency on target 'SPFKBase' in project 'spfk-base'
➜ Explicit dependency on target 'SwiftExtensions' in project 'swift-extensions'
➜ Explicit dependency on target 'XAttr' in project 'XAttr'
Target 'XAttr' in project 'XAttr'
➜ Explicit dependency on target 'XAttr' in project 'XAttr'
Target 'XAttr' in project 'XAttr' (no dependencies)
Target 'SPFKBase' in project 'spfk-base'
➜ Explicit dependency on target 'SPFKBase' in project 'spfk-base'
➜ Explicit dependency on target 'SPFKBaseC' in project 'spfk-base'
➜ Explicit dependency on target 'SwiftExtensions' in project 'swift-extensions'
➜ Explicit dependency on target 'Numerics' in project 'swift-numerics'
➜ Explicit dependency on target 'Collections' in project 'swift-collections'
➜ Explicit dependency on target 'AsyncAlgorithms' in project 'swift-async-algorithms'
Target 'SPFKBase' in project 'spfk-base'
➜ Explicit dependency on target 'SPFKBaseC' in project 'spfk-base'
➜ Explicit dependency on target 'SwiftExtensions' in project 'swift-extensions'
➜ Explicit dependency on target 'Numerics' in project 'swift-numerics'
➜ Explicit dependency on target 'Collections' in project 'swift-collections'
➜ Explicit dependency on target 'AsyncAlgorithms' in project 'swift-async-algorithms'
Target 'AsyncAlgorithms' in project 'swift-async-algorithms'
➜ Explicit dependency on target 'AsyncAlgorithms' in project 'swift-async-algorithms'
➜ Explicit dependency on target 'OrderedCollections' in project 'swift-collections'
➜ Explicit dependency on target 'DequeModule' in project 'swift-collections'
Target 'AsyncAlgorithms' in project 'swift-async-algorithms'
➜ Explicit dependency on target 'OrderedCollections' in project 'swift-collections'
➜ Explicit dependency on target 'DequeModule' in project 'swift-collections'
Target 'DequeModule' in project 'swift-collections'
➜ Explicit dependency on target 'DequeModule' in project 'swift-collections'
➜ Explicit dependency on target 'InternalCollectionsUtilities' in project 'swift-collections'
➜ Explicit dependency on target 'SpanPreview' in project 'swift-collections'
Target 'OrderedCollections' in project 'swift-collections'
➜ Explicit dependency on target 'OrderedCollections' in project 'swift-collections'
➜ Explicit dependency on target 'InternalCollectionsUtilities' in project 'swift-collections'
Target 'Collections' in project 'swift-collections'
➜ Explicit dependency on target 'Collections' in project 'swift-collections'
➜ Explicit dependency on target 'InternalCollectionsUtilities' in project 'swift-collections'
➜ Explicit dependency on target 'BitCollections' in project 'swift-collections'
➜ Explicit dependency on target 'SpanPreview' in project 'swift-collections'
➜ Explicit dependency on target 'DequeModule' in project 'swift-collections'
➜ Explicit dependency on target 'HashTreeCollections' in project 'swift-collections'
➜ Explicit dependency on target 'HeapModule' in project 'swift-collections'
➜ Explicit dependency on target 'OrderedCollections' in project 'swift-collections'
➜ Explicit dependency on target '_RopeModule' in project 'swift-collections'
Target 'Collections' in project 'swift-collections'
➜ Explicit dependency on target 'InternalCollectionsUtilities' in project 'swift-collections'
➜ Explicit dependency on target 'BitCollections' in project 'swift-collections'
➜ Explicit dependency on target 'SpanPreview' in project 'swift-collections'
➜ Explicit dependency on target 'DequeModule' in project 'swift-collections'
➜ Explicit dependency on target 'HashTreeCollections' in project 'swift-collections'
➜ Explicit dependency on target 'HeapModule' in project 'swift-collections'
➜ Explicit dependency on target 'OrderedCollections' in project 'swift-collections'
➜ Explicit dependency on target '_RopeModule' in project 'swift-collections'
Target '_RopeModule' in project 'swift-collections'
➜ Explicit dependency on target 'InternalCollectionsUtilities' in project 'swift-collections'
Target 'OrderedCollections' in project 'swift-collections'
➜ Explicit dependency on target 'InternalCollectionsUtilities' in project 'swift-collections'
Target 'HeapModule' in project 'swift-collections'
➜ Explicit dependency on target 'InternalCollectionsUtilities' in project 'swift-collections'
Target 'HashTreeCollections' in project 'swift-collections'
➜ Explicit dependency on target 'InternalCollectionsUtilities' in project 'swift-collections'
Target 'DequeModule' in project 'swift-collections'
➜ Explicit dependency on target 'InternalCollectionsUtilities' in project 'swift-collections'
➜ Explicit dependency on target 'SpanPreview' in project 'swift-collections'
Target 'SpanPreview' in project 'swift-collections'
➜ Explicit dependency on target 'InternalCollectionsUtilities' in project 'swift-collections'
Target 'BitCollections' in project 'swift-collections'
➜ Explicit dependency on target 'InternalCollectionsUtilities' in project 'swift-collections'
Target 'InternalCollectionsUtilities' in project 'swift-collections' (no dependencies)
Target 'Numerics' in project 'swift-numerics'
➜ Explicit dependency on target 'Numerics' in project 'swift-numerics'
➜ Explicit dependency on target '_NumericsShims' in project 'swift-numerics'
➜ Explicit dependency on target 'RealModule' in project 'swift-numerics'
➜ Explicit dependency on target 'ComplexModule' in project 'swift-numerics'
Target 'Numerics' in project 'swift-numerics'
➜ Explicit dependency on target '_NumericsShims' in project 'swift-numerics'
➜ Explicit dependency on target 'RealModule' in project 'swift-numerics'
➜ Explicit dependency on target 'ComplexModule' in project 'swift-numerics'
Target 'ComplexModule' in project 'swift-numerics'
➜ Explicit dependency on target '_NumericsShims' in project 'swift-numerics'
➜ Explicit dependency on target 'RealModule' in project 'swift-numerics'
Target 'RealModule' in project 'swift-numerics'
➜ Explicit dependency on target '_NumericsShims' in project 'swift-numerics'
Target '_NumericsShims' in project 'swift-numerics' (no dependencies)
Target 'SwiftExtensions' in project 'swift-extensions'
➜ Explicit dependency on target 'SwiftExtensions' in project 'swift-extensions'
➜ Explicit dependency on target 'SwiftDataParsing' in project 'swift-data-parsing'
Target 'SwiftExtensions' in project 'swift-extensions'
➜ Explicit dependency on target 'SwiftDataParsing' in project 'swift-data-parsing'
Target 'SwiftDataParsing' in project 'swift-data-parsing'
➜ Explicit dependency on target 'SwiftDataParsing' in project 'swift-data-parsing'
Target 'SwiftDataParsing' in project 'swift-data-parsing' (no dependencies)
Target 'SPFKBaseC' in project 'spfk-base' (no dependencies)
Target 'spfk-filesystem_SPFKFileSystem' in project 'spfk-filesystem' (no dependencies)
Target 'spfk-utils_SPFKUtils' in project 'spfk-utils' (no dependencies)
GatherProvisioningInputs
CreateBuildDescription
ClangStatCache /Applications/Xcode-26.3.0.app/Contents/Developer/Toolchains/XcodeDefault.xctoolchain/usr/bin/clang-stat-cache /Applications/Xcode-26.3.0.app/Contents/Developer/Platforms/XROS.platform/Developer/SDKs/XROS26.2.sdk /Users/admin/builder/spi-builder-workspace/.derivedData/SDKStatCaches.noindex/xros26.2-23N301-dc75598d0054f22ec865fa860f139d72f5e64962d3ee001da1d77d1957dffdab.sdkstatcache
cd /Users/admin/builder/spi-builder-workspace/.swiftpm/xcode
/Applications/Xcode-26.3.0.app/Contents/Developer/Toolchains/XcodeDefault.xctoolchain/usr/bin/clang-stat-cache /Applications/Xcode-26.3.0.app/Contents/Developer/Platforms/XROS.platform/Developer/SDKs/XROS26.2.sdk -o /Users/admin/builder/spi-builder-workspace/.derivedData/SDKStatCaches.noindex/xros26.2-23N301-dc75598d0054f22ec865fa860f139d72f5e64962d3ee001da1d77d1957dffdab.sdkstatcache
SwiftDriver SPFKUtils normal arm64 com.apple.xcode.tools.swift.compiler (in target 'SPFKUtils' from project 'spfk-utils')
cd /Users/admin/builder/spi-builder-workspace/.swiftpm/xcode
builtin-SwiftDriver -- /Applications/Xcode-26.3.0.app/Contents/Developer/Toolchains/XcodeDefault.xctoolchain/usr/bin/swiftc -module-name SPFKUtils -Onone -enforce-exclusivity\=checked @/Users/admin/builder/spi-builder-workspace/.derivedData/Build/Intermediates.noindex/spfk-utils.build/Debug-xros/SPFKUtils.build/Objects-normal/arm64/SPFKUtils.SwiftFileList -DSWIFT_PACKAGE -DDEBUG -DSWIFT_MODULE_RESOURCE_BUNDLE_AVAILABLE -Xcc -fmodule-map-file\=/Users/admin/builder/spi-builder-workspace/.derivedData/Build/Intermediates.noindex/GeneratedModuleMaps-xros/SPFKBaseC.modulemap -DXcode -plugin-path /Applications/Xcode-26.3.0.app/Contents/Developer/Toolchains/XcodeDefault.xctoolchain/usr/lib/swift/host/plugins/testing -enable-experimental-feature DebugDescriptionMacro -sdk /Applications/Xcode-26.3.0.app/Contents/Developer/Platforms/XROS.platform/Developer/SDKs/XROS26.2.sdk -target arm64-apple-xros1.0 -g -module-cache-path /Users/admin/builder/spi-builder-workspace/.derivedData/ModuleCache.noindex -Xfrontend -serialize-debugging-options -profile-coverage-mapping -profile-generate -enable-testing -index-store-path /Users/admin/builder/spi-builder-workspace/.derivedData/Index.noindex/DataStore -Xcc -D_LIBCPP_HARDENING_MODE\=_LIBCPP_HARDENING_MODE_DEBUG -swift-version 6 -I /Users/admin/builder/spi-builder-workspace/.derivedData/Build/Products/Debug-xros -Isystem /Applications/Xcode-26.3.0.app/Contents/Developer/Platforms/XROS.platform/Developer/usr/lib -F /Users/admin/builder/spi-builder-workspace/.derivedData/Build/Products/Debug-xros/PackageFrameworks -F /Users/admin/builder/spi-builder-workspace/.derivedData/Build/Products/Debug-xros/PackageFrameworks -F /Users/admin/builder/spi-builder-workspace/.derivedData/Build/Products/Debug-xros/PackageFrameworks -F /Users/admin/builder/spi-builder-workspace/.derivedData/Build/Products/Debug-xros/PackageFrameworks -F /Users/admin/builder/spi-builder-workspace/.derivedData/Build/Products/Debug-xros/PackageFrameworks -F /Users/admin/builder/spi-builder-workspace/.derivedData/Build/Products/Debug-xros/PackageFrameworks -F /Users/admin/builder/spi-builder-workspace/.derivedData/Build/Products/Debug-xros/PackageFrameworks -F /Users/admin/builder/spi-builder-workspace/.derivedData/Build/Products/Debug-xros/PackageFrameworks -F /Users/admin/builder/spi-builder-workspace/.derivedData/Build/Products/Debug-xros/PackageFrameworks -F /Users/admin/builder/spi-builder-workspace/.derivedData/Build/Products/Debug-xros/PackageFrameworks -F /Users/admin/builder/spi-builder-workspace/.derivedData/Build/Products/Debug-xros/PackageFrameworks -F /Users/admin/builder/spi-builder-workspace/.derivedData/Build/Products/Debug-xros/PackageFrameworks -F /Users/admin/builder/spi-builder-workspace/.derivedData/Build/Products/Debug-xros/PackageFrameworks -F /Users/admin/builder/spi-builder-workspace/.derivedData/Build/Products/Debug-xros/PackageFrameworks -F /Users/admin/builder/spi-builder-workspace/.derivedData/Build/Products/Debug-xros/PackageFrameworks -F /Users/admin/builder/spi-builder-workspace/.derivedData/Build/Products/Debug-xros/PackageFrameworks -F /Users/admin/builder/spi-builder-workspace/.derivedData/Build/Products/Debug-xros/PackageFrameworks -F /Users/admin/builder/spi-builder-workspace/.derivedData/Build/Products/Debug-xros/PackageFrameworks -F /Users/admin/builder/spi-builder-workspace/.derivedData/Build/Products/Debug-xros/PackageFrameworks -F /Users/admin/builder/spi-builder-workspace/.derivedData/Build/Products/Debug-xros/PackageFrameworks -F /Users/admin/builder/spi-builder-workspace/.derivedData/Build/Products/Debug-xros/PackageFrameworks -F /Users/admin/builder/spi-builder-workspace/.derivedData/Build/Products/Debug-xros/PackageFrameworks -F /Users/admin/builder/spi-builder-workspace/.derivedData/Build/Products/Debug-xros -F /Applications/Xcode-26.3.0.app/Contents/Developer/Platforms/XROS.platform/Developer/Library/Frameworks -F /Applications/Xcode-26.3.0.app/Contents/Developer/Platforms/XROS.platform/Developer/SDKs/XROS26.2.sdk/Developer/Library/Frameworks -emit-localized-strings -emit-localized-strings-path /Users/admin/builder/spi-builder-workspace/.derivedData/Build/Intermediates.noindex/spfk-utils.build/Debug-xros/SPFKUtils.build/Objects-normal/arm64 -c -j10 -enable-batch-mode -incremental -Xcc -ivfsstatcache -Xcc /Users/admin/builder/spi-builder-workspace/.derivedData/SDKStatCaches.noindex/xros26.2-23N301-dc75598d0054f22ec865fa860f139d72f5e64962d3ee001da1d77d1957dffdab.sdkstatcache -output-file-map /Users/admin/builder/spi-builder-workspace/.derivedData/Build/Intermediates.noindex/spfk-utils.build/Debug-xros/SPFKUtils.build/Objects-normal/arm64/SPFKUtils-OutputFileMap.json -use-frontend-parseable-output -save-temps -no-color-diagnostics -explicit-module-build -module-cache-path /Users/admin/builder/spi-builder-workspace/.derivedData/Build/Intermediates.noindex/SwiftExplicitPrecompiledModules -clang-scanner-module-cache-path /Users/admin/builder/spi-builder-workspace/.derivedData/ModuleCache.noindex -sdk-module-cache-path /Users/admin/builder/spi-builder-workspace/.derivedData/ModuleCache.noindex -serialize-diagnostics -emit-dependencies -emit-module -emit-module-path /Users/admin/builder/spi-builder-workspace/.derivedData/Build/Intermediates.noindex/spfk-utils.build/Debug-xros/SPFKUtils.build/Objects-normal/arm64/SPFKUtils.swiftmodule -validate-clang-modules-once -clang-build-session-file /Users/admin/builder/spi-builder-workspace/.derivedData/ModuleCache.noindex/Session.modulevalidation -package-name spi_builder_workspace -Xcc -I/Users/admin/builder/spi-builder-workspace/.derivedData/Build/Intermediates.noindex/spfk-utils.build/Debug-xros/SPFKUtils.build/swift-overrides.hmap -emit-const-values -Xfrontend -const-gather-protocols-file -Xfrontend /Users/admin/builder/spi-builder-workspace/.derivedData/Build/Intermediates.noindex/spfk-utils.build/Debug-xros/SPFKUtils.build/Objects-normal/arm64/SPFKUtils_const_extract_protocols.json -Xcc -I/Users/admin/builder/spi-builder-workspace/.dependencies/checkouts/swift-numerics/Sources/_NumericsShims/include -Xcc -I/Users/admin/builder/spi-builder-workspace/.dependencies/checkouts/spfk-base/Sources/SPFKBaseC/include -Xcc -I/Users/admin/builder/spi-builder-workspace/.derivedData/Build/Products/Debug-xros/include -Xcc -I/Users/admin/builder/spi-builder-workspace/.derivedData/Build/Intermediates.noindex/spfk-utils.build/Debug-xros/SPFKUtils.build/DerivedSources-normal/arm64 -Xcc -I/Users/admin/builder/spi-builder-workspace/.derivedData/Build/Intermediates.noindex/spfk-utils.build/Debug-xros/SPFKUtils.build/DerivedSources/arm64 -Xcc -I/Users/admin/builder/spi-builder-workspace/.derivedData/Build/Intermediates.noindex/spfk-utils.build/Debug-xros/SPFKUtils.build/DerivedSources -Xcc -DSWIFT_PACKAGE -Xcc -DDEBUG\=1 -emit-objc-header -emit-objc-header-path /Users/admin/builder/spi-builder-workspace/.derivedData/Build/Intermediates.noindex/spfk-utils.build/Debug-xros/SPFKUtils.build/Objects-normal/arm64/SPFKUtils-Swift.h -working-directory /Users/admin/builder/spi-builder-workspace/.swiftpm/xcode -experimental-emit-module-separately -disable-cmo
SwiftDriver SPFKImage normal arm64 com.apple.xcode.tools.swift.compiler (in target 'SPFKImage' from project 'spfk-image')
cd /Users/admin/builder/spi-builder-workspace/.swiftpm/xcode
builtin-SwiftDriver -- /Applications/Xcode-26.3.0.app/Contents/Developer/Toolchains/XcodeDefault.xctoolchain/usr/bin/swiftc -module-name SPFKImage -Onone -enforce-exclusivity\=checked @/Users/admin/builder/spi-builder-workspace/.derivedData/Build/Intermediates.noindex/spfk-image.build/Debug-xros/SPFKImage.build/Objects-normal/arm64/SPFKImage.SwiftFileList -DSWIFT_PACKAGE -DDEBUG -DSWIFT_MODULE_RESOURCE_BUNDLE_UNAVAILABLE -Xcc -fmodule-map-file\=/Users/admin/builder/spi-builder-workspace/.derivedData/Build/Intermediates.noindex/GeneratedModuleMaps-xros/SPFKBaseC.modulemap -DXcode -plugin-path /Applications/Xcode-26.3.0.app/Contents/Developer/Toolchains/XcodeDefault.xctoolchain/usr/lib/swift/host/plugins/testing -enable-experimental-feature DebugDescriptionMacro -sdk /Applications/Xcode-26.3.0.app/Contents/Developer/Platforms/XROS.platform/Developer/SDKs/XROS26.2.sdk -target arm64-apple-xros1.0 -g -module-cache-path /Users/admin/builder/spi-builder-workspace/.derivedData/ModuleCache.noindex -Xfrontend -serialize-debugging-options -profile-coverage-mapping -profile-generate -enable-testing -suppress-warnings -index-store-path /Users/admin/builder/spi-builder-workspace/.derivedData/Index.noindex/DataStore -Xcc -D_LIBCPP_HARDENING_MODE\=_LIBCPP_HARDENING_MODE_DEBUG -swift-version 6 -I /Users/admin/builder/spi-builder-workspace/.derivedData/Build/Products/Debug-xros -Isystem /Applications/Xcode-26.3.0.app/Contents/Developer/Platforms/XROS.platform/Developer/usr/lib -F /Users/admin/builder/spi-builder-workspace/.derivedData/Build/Products/Debug-xros/PackageFrameworks -F /Users/admin/builder/spi-builder-workspace/.derivedData/Build/Products/Debug-xros/PackageFrameworks -F /Users/admin/builder/spi-builder-workspace/.derivedData/Build/Products/Debug-xros/PackageFrameworks -F /Users/admin/builder/spi-builder-workspace/.derivedData/Build/Products/Debug-xros/PackageFrameworks -F /Users/admin/builder/spi-builder-workspace/.derivedData/Build/Products/Debug-xros/PackageFrameworks -F /Users/admin/builder/spi-builder-workspace/.derivedData/Build/Products/Debug-xros/PackageFrameworks -F /Users/admin/builder/spi-builder-workspace/.derivedData/Build/Products/Debug-xros/PackageFrameworks -F /Users/admin/builder/spi-builder-workspace/.derivedData/Build/Products/Debug-xros/PackageFrameworks -F /Users/admin/builder/spi-builder-workspace/.derivedData/Build/Products/Debug-xros/PackageFrameworks -F /Users/admin/builder/spi-builder-workspace/.derivedData/Build/Products/Debug-xros/PackageFrameworks -F /Users/admin/builder/spi-builder-workspace/.derivedData/Build/Products/Debug-xros/PackageFrameworks -F /Users/admin/builder/spi-builder-workspace/.derivedData/Build/Products/Debug-xros/PackageFrameworks -F /Users/admin/builder/spi-builder-workspace/.derivedData/Build/Products/Debug-xros/PackageFrameworks -F /Users/admin/builder/spi-builder-workspace/.derivedData/Build/Products/Debug-xros/PackageFrameworks -F /Users/admin/builder/spi-builder-workspace/.derivedData/Build/Products/Debug-xros/PackageFrameworks -F /Users/admin/builder/spi-builder-workspace/.derivedData/Build/Products/Debug-xros/PackageFrameworks -F /Users/admin/builder/spi-builder-workspace/.derivedData/Build/Products/Debug-xros/PackageFrameworks -F /Users/admin/builder/spi-builder-workspace/.derivedData/Build/Products/Debug-xros/PackageFrameworks -F /Users/admin/builder/spi-builder-workspace/.derivedData/Build/Products/Debug-xros/PackageFrameworks -F /Users/admin/builder/spi-builder-workspace/.derivedData/Build/Products/Debug-xros/PackageFrameworks -F /Users/admin/builder/spi-builder-workspace/.derivedData/Build/Products/Debug-xros -F /Applications/Xcode-26.3.0.app/Contents/Developer/Platforms/XROS.platform/Developer/Library/Frameworks -F /Applications/Xcode-26.3.0.app/Contents/Developer/Platforms/XROS.platform/Developer/SDKs/XROS26.2.sdk/Developer/Library/Frameworks -c -j10 -enable-batch-mode -incremental -Xcc -ivfsstatcache -Xcc /Users/admin/builder/spi-builder-workspace/.derivedData/SDKStatCaches.noindex/xros26.2-23N301-dc75598d0054f22ec865fa860f139d72f5e64962d3ee001da1d77d1957dffdab.sdkstatcache -output-file-map /Users/admin/builder/spi-builder-workspace/.derivedData/Build/Intermediates.noindex/spfk-image.build/Debug-xros/SPFKImage.build/Objects-normal/arm64/SPFKImage-OutputFileMap.json -use-frontend-parseable-output -save-temps -no-color-diagnostics -explicit-module-build -module-cache-path /Users/admin/builder/spi-builder-workspace/.derivedData/Build/Intermediates.noindex/SwiftExplicitPrecompiledModules -clang-scanner-module-cache-path /Users/admin/builder/spi-builder-workspace/.derivedData/ModuleCache.noindex -sdk-module-cache-path /Users/admin/builder/spi-builder-workspace/.derivedData/ModuleCache.noindex -serialize-diagnostics -emit-dependencies -emit-module -emit-module-path /Users/admin/builder/spi-builder-workspace/.derivedData/Build/Intermediates.noindex/spfk-image.build/Debug-xros/SPFKImage.build/Objects-normal/arm64/SPFKImage.swiftmodule -user-module-version 0.3.1 -validate-clang-modules-once -clang-build-session-file /Users/admin/builder/spi-builder-workspace/.derivedData/ModuleCache.noindex/Session.modulevalidation -package-name spfk_image -Xcc -I/Users/admin/builder/spi-builder-workspace/.derivedData/Build/Intermediates.noindex/spfk-image.build/Debug-xros/SPFKImage.build/swift-overrides.hmap -emit-const-values -Xfrontend -const-gather-protocols-file -Xfrontend /Users/admin/builder/spi-builder-workspace/.derivedData/Build/Intermediates.noindex/spfk-image.build/Debug-xros/SPFKImage.build/Objects-normal/arm64/SPFKImage_const_extract_protocols.json -Xcc -I/Users/admin/builder/spi-builder-workspace/.dependencies/checkouts/swift-numerics/Sources/_NumericsShims/include -Xcc -I/Users/admin/builder/spi-builder-workspace/.dependencies/checkouts/spfk-base/Sources/SPFKBaseC/include -Xcc -I/Users/admin/builder/spi-builder-workspace/.derivedData/Build/Products/Debug-xros/include -Xcc -I/Users/admin/builder/spi-builder-workspace/.derivedData/Build/Intermediates.noindex/spfk-image.build/Debug-xros/SPFKImage.build/DerivedSources-normal/arm64 -Xcc -I/Users/admin/builder/spi-builder-workspace/.derivedData/Build/Intermediates.noindex/spfk-image.build/Debug-xros/SPFKImage.build/DerivedSources/arm64 -Xcc -I/Users/admin/builder/spi-builder-workspace/.derivedData/Build/Intermediates.noindex/spfk-image.build/Debug-xros/SPFKImage.build/DerivedSources -Xcc -DSWIFT_PACKAGE -Xcc -DDEBUG\=1 -emit-objc-header -emit-objc-header-path /Users/admin/builder/spi-builder-workspace/.derivedData/Build/Intermediates.noindex/spfk-image.build/Debug-xros/SPFKImage.build/Objects-normal/arm64/SPFKImage-Swift.h -working-directory /Users/admin/builder/spi-builder-workspace/.swiftpm/xcode -experimental-emit-module-separately -disable-cmo
SwiftCompile normal arm64 Compiling\ ImageAdjustmentDescription.swift,\ ImageAdjustmentRenderError.swift /Users/admin/builder/spi-builder-workspace/.dependencies/checkouts/spfk-image/Sources/SPFKImage/Adjustment/ImageAdjustmentDescription.swift /Users/admin/builder/spi-builder-workspace/.dependencies/checkouts/spfk-image/Sources/SPFKImage/Adjustment/ImageAdjustmentRenderError.swift (in target 'SPFKImage' from project 'spfk-image')
SwiftCompile normal arm64 /Users/admin/builder/spi-builder-workspace/.dependencies/checkouts/spfk-image/Sources/SPFKImage/Adjustment/ImageAdjustmentDescription.swift (in target 'SPFKImage' from project 'spfk-image')
cd /Users/admin/builder/spi-builder-workspace/.swiftpm/xcode
SwiftCompile normal arm64 /Users/admin/builder/spi-builder-workspace/.dependencies/checkouts/spfk-image/Sources/SPFKImage/Adjustment/ImageAdjustmentRenderError.swift (in target 'SPFKImage' from project 'spfk-image')
cd /Users/admin/builder/spi-builder-workspace/.swiftpm/xcode
SwiftCompile normal arm64 Compiling\ ImageAdjustmentRenderer+File.swift,\ ImageAdjustmentRenderer.swift /Users/admin/builder/spi-builder-workspace/.dependencies/checkouts/spfk-image/Sources/SPFKImage/Adjustment/ImageAdjustmentRenderer+File.swift /Users/admin/builder/spi-builder-workspace/.dependencies/checkouts/spfk-image/Sources/SPFKImage/Adjustment/ImageAdjustmentRenderer.swift (in target 'SPFKImage' from project 'spfk-image')
SwiftCompile normal arm64 /Users/admin/builder/spi-builder-workspace/.dependencies/checkouts/spfk-image/Sources/SPFKImage/Adjustment/ImageAdjustmentRenderer+File.swift (in target 'SPFKImage' from project 'spfk-image')
cd /Users/admin/builder/spi-builder-workspace/.swiftpm/xcode
SwiftCompile normal arm64 /Users/admin/builder/spi-builder-workspace/.dependencies/checkouts/spfk-image/Sources/SPFKImage/Adjustment/ImageAdjustmentRenderer.swift (in target 'SPFKImage' from project 'spfk-image')
cd /Users/admin/builder/spi-builder-workspace/.swiftpm/xcode
SwiftCompile normal arm64 Compiling\ ImageFormatConverter+Encoder.swift /Users/admin/builder/spi-builder-workspace/.dependencies/checkouts/spfk-image/Sources/SPFKImage/Conversion/ImageFormatConverter+Encoder.swift (in target 'SPFKImage' from project 'spfk-image')
SwiftCompile normal arm64 /Users/admin/builder/spi-builder-workspace/.dependencies/checkouts/spfk-image/Sources/SPFKImage/Conversion/ImageFormatConverter+Encoder.swift (in target 'SPFKImage' from project 'spfk-image')
cd /Users/admin/builder/spi-builder-workspace/.swiftpm/xcode
SwiftEmitModule normal arm64 Emitting\ module\ for\ SPFKImage (in target 'SPFKImage' from project 'spfk-image')
EmitSwiftModule normal arm64 (in target 'SPFKImage' from project 'spfk-image')
cd /Users/admin/builder/spi-builder-workspace/.swiftpm/xcode
SwiftCompile normal arm64 Compiling\ ImageFormatConverter+GainMap.swift /Users/admin/builder/spi-builder-workspace/.dependencies/checkouts/spfk-image/Sources/SPFKImage/Conversion/ImageFormatConverter+GainMap.swift (in target 'SPFKImage' from project 'spfk-image')
Failed frontend command:
/Applications/Xcode-26.3.0.app/Contents/Developer/Toolchains/XcodeDefault.xctoolchain/usr/bin/swift-frontend -frontend -c /Users/admin/builder/spi-builder-workspace/.dependencies/checkouts/spfk-image/Sources/SPFKImage/Adjustment/ImageAdjustmentDescription.swift /Users/admin/builder/spi-builder-workspace/.dependencies/checkouts/spfk-image/Sources/SPFKImage/Adjustment/ImageAdjustmentRenderError.swift /Users/admin/builder/spi-builder-workspace/.dependencies/checkouts/spfk-image/Sources/SPFKImage/Adjustment/ImageAdjustmentRenderer+File.swift /Users/admin/builder/spi-builder-workspace/.dependencies/checkouts/spfk-image/Sources/SPFKImage/Adjustment/ImageAdjustmentRenderer.swift /Users/admin/builder/spi-builder-workspace/.dependencies/checkouts/spfk-image/Sources/SPFKImage/CGImage/CGImage+Export.swift /Users/admin/builder/spi-builder-workspace/.dependencies/checkouts/spfk-image/Sources/SPFKImage/CGImage/CGImage.swift /Users/admin/builder/spi-builder-workspace/.dependencies/checkouts/spfk-image/Sources/SPFKImage/Conversion/ImageConversionError.swift /Users/admin/builder/spi-builder-workspace/.dependencies/checkouts/spfk-image/Sources/SPFKImage/Conversion/ImageConversionFormats.swift /Users/admin/builder/spi-builder-workspace/.dependencies/checkouts/spfk-image/Sources/SPFKImage/Conversion/ImageConversionOptions.swift /Users/admin/builder/spi-builder-workspace/.dependencies/checkouts/spfk-image/Sources/SPFKImage/Conversion/ImageConversionSource.swift /Users/admin/builder/spi-builder-workspace/.dependencies/checkouts/spfk-image/Sources/SPFKImage/Conversion/ImageFileEncoder.swift /Users/admin/builder/spi-builder-workspace/.dependencies/checkouts/spfk-image/Sources/SPFKImage/Conversion/ImageFileEncoderInput.swift /Users/admin/builder/spi-builder-workspace/.dependencies/checkouts/spfk-image/Sources/SPFKImage/Conversion/ImageFormatConverter+Encoder.swift -primary-file /Users/admin/builder/spi-builder-workspace/.dependencies/checkouts/spfk-image/Sources/SPFKImage/Conversion/ImageFormatConverter+GainMap.swift /Users/admin/builder/spi-builder-workspace/.dependencies/checkouts/spfk-image/Sources/SPFKImage/Conversion/ImageFormatConverter+Metadata.swift /Users/admin/builder/spi-builder-workspace/.dependencies/checkouts/spfk-image/Sources/SPFKImage/Conversion/ImageFormatConverter+Render.swift /Users/admin/builder/spi-builder-workspace/.dependencies/checkouts/spfk-image/Sources/SPFKImage/Conversion/ImageFormatConverter+Transcode.swift /Users/admin/builder/spi-builder-workspace/.dependencies/checkouts/spfk-image/Sources/SPFKImage/Conversion/ImageFormatConverter+Types.swift /Users/admin/builder/spi-builder-workspace/.dependencies/checkouts/spfk-image/Sources/SPFKImage/Conversion/ImageFormatConverter+Write.swift /Users/admin/builder/spi-builder-workspace/.dependencies/checkouts/spfk-image/Sources/SPFKImage/Conversion/ImageFormatConverter.swift /Users/admin/builder/spi-builder-workspace/.dependencies/checkouts/spfk-image/Sources/SPFKImage/Conversion/ImageMetadataCopyScheme.swift /Users/admin/builder/spi-builder-workspace/.dependencies/checkouts/spfk-image/Sources/SPFKImage/Conversion/RGBAPixelBuffer.swift -emit-dependencies-path /Users/admin/builder/spi-builder-workspace/.derivedData/Build/Intermediates.noindex/spfk-image.build/Debug-xros/SPFKImage.build/Objects-normal/arm64/ImageFormatConverter+GainMap.d -emit-const-values-path /Users/admin/builder/spi-builder-workspace/.derivedData/Build/Intermediates.noindex/spfk-image.build/Debug-xros/SPFKImage.build/Objects-normal/arm64/ImageFormatConverter+GainMap.swiftconstvalues -emit-reference-dependencies-path /Users/admin/builder/spi-builder-workspace/.derivedData/Build/Intermediates.noindex/spfk-image.build/Debug-xros/SPFKImage.build/Objects-normal/arm64/ImageFormatConverter+GainMap.swiftdeps -serialize-diagnostics-path /Users/admin/builder/spi-builder-workspace/.derivedData/Build/Intermediates.noindex/spfk-image.build/Debug-xros/SPFKImage.build/Objects-normal/arm64/ImageFormatConverter+GainMap.dia -target arm64-apple-xros1.0 -load-resolved-plugin /Applications/Xcode-26.3.0.app/Contents/Developer/Platforms/XROS.platform/Developer/usr/lib/swift/host/plugins/libFoundationMacros.dylib\#/Applications/Xcode-26.3.0.app/Contents/Developer/Platforms/XROS.platform/Developer/usr/bin/swift-plugin-server\#FoundationMacros -load-resolved-plugin /Applications/Xcode-26.3.0.app/Contents/Developer/Platforms/XROS.platform/Developer/usr/lib/swift/host/plugins/libObservationMacros.dylib\#/Applications/Xcode-26.3.0.app/Contents/Developer/Platforms/XROS.platform/Developer/usr/bin/swift-plugin-server\#ObservationMacros -load-resolved-plugin /Applications/Xcode-26.3.0.app/Contents/Developer/Platforms/XROS.platform/Developer/usr/lib/swift/host/plugins/libPreviewsMacros.dylib\#/Applications/Xcode-26.3.0.app/Contents/Developer/Platforms/XROS.platform/Developer/usr/bin/swift-plugin-server\#PreviewsMacros -load-resolved-plugin /Applications/Xcode-26.3.0.app/Contents/Developer/Platforms/XROS.platform/Developer/usr/lib/swift/host/plugins/libSwiftMacros.dylib\#/Applications/Xcode-26.3.0.app/Contents/Developer/Platforms/XROS.platform/Developer/usr/bin/swift-plugin-server\#SwiftMacros -load-resolved-plugin /Applications/Xcode-26.3.0.app/Contents/Developer/Platforms/XROS.platform/Developer/usr/lib/swift/host/plugins/libSwiftUIMacros.dylib\#/Applications/Xcode-26.3.0.app/Contents/Developer/Platforms/XROS.platform/Developer/usr/bin/swift-plugin-server\#SwiftUIMacros -disable-implicit-swift-modules -Xcc -fno-implicit-modules -Xcc -fno-implicit-module-maps -explicit-swift-module-map-file /Users/admin/builder/spi-builder-workspace/.derivedData/Build/Intermediates.noindex/spfk-image.build/Debug-xros/SPFKImage.build/Objects-normal/arm64/SPFKImage-dependencies-1.json -Xllvm -aarch64-use-tbi -enable-objc-interop -stack-check -sdk /Applications/Xcode-26.3.0.app/Contents/Developer/Platforms/XROS.platform/Developer/SDKs/XROS26.2.sdk -I /Users/admin/builder/spi-builder-workspace/.derivedData/Build/Products/Debug-xros -Isystem /Applications/Xcode-26.3.0.app/Contents/Developer/Platforms/XROS.platform/Developer/usr/lib -F /Users/admin/builder/spi-builder-workspace/.derivedData/Build/Products/Debug-xros/PackageFrameworks -F /Users/admin/builder/spi-builder-workspace/.derivedData/Build/Products/Debug-xros/PackageFrameworks -F /Users/admin/builder/spi-builder-workspace/.derivedData/Build/Products/Debug-xros/PackageFrameworks -F /Users/admin/builder/spi-builder-workspace/.derivedData/Build/Products/Debug-xros/PackageFrameworks -F /Users/admin/builder/spi-builder-workspace/.derivedData/Build/Products/Debug-xros/PackageFrameworks -F /Users/admin/builder/spi-builder-workspace/.derivedData/Build/Products/Debug-xros/PackageFrameworks -F /Users/admin/builder/spi-builder-workspace/.derivedData/Build/Products/Debug-xros/PackageFrameworks -F /Users/admin/builder/spi-builder-workspace/.derivedData/Build/Products/Debug-xros/PackageFrameworks -F /Users/admin/builder/spi-builder-workspace/.derivedData/Build/Products/Debug-xros/PackageFrameworks -F /Users/admin/builder/spi-builder-workspace/.derivedData/Build/Products/Debug-xros/PackageFrameworks -F /Users/admin/builder/spi-builder-workspace/.derivedData/Build/Products/Debug-xros/PackageFrameworks -F /Users/admin/builder/spi-builder-workspace/.derivedData/Build/Products/Debug-xros/PackageFrameworks -F /Users/admin/builder/spi-builder-workspace/.derivedData/Build/Products/Debug-xros/PackageFrameworks -F /Users/admin/builder/spi-builder-workspace/.derivedData/Build/Products/Debug-xros/PackageFrameworks -F /Users/admin/builder/spi-builder-workspace/.derivedData/Build/Products/Debug-xros/PackageFrameworks -F /Users/admin/builder/spi-builder-workspace/.derivedData/Build/Products/Debug-xros/PackageFrameworks -F /Users/admin/builder/spi-builder-workspace/.derivedData/Build/Products/Debug-xros/PackageFrameworks -F /Users/admin/builder/spi-builder-workspace/.derivedData/Build/Products/Debug-xros/PackageFrameworks -F /Users/admin/builder/spi-builder-workspace/.derivedData/Build/Products/Debug-xros/PackageFrameworks -F /Users/admin/builder/spi-builder-workspace/.derivedData/Build/Products/Debug-xros/PackageFrameworks -F /Users/admin/builder/spi-builder-workspace/.derivedData/Build/Products/Debug-xros -F /Applications/Xcode-26.3.0.app/Contents/Developer/Platforms/XROS.platform/Developer/Library/Frameworks -F /Applications/Xcode-26.3.0.app/Contents/Developer/Platforms/XROS.platform/Developer/SDKs/XROS26.2.sdk/Developer/Library/Frameworks -no-color-diagnostics -Xcc -fno-color-diagnostics -enable-testing -g -debug-info-format\=dwarf -dwarf-version\=4 -module-cache-path /Users/admin/builder/spi-builder-workspace/.derivedData/Build/Intermediates.noindex/SwiftExplicitPrecompiledModules -suppress-warnings -profile-generate -profile-coverage-mapping -swift-version 6 -enforce-exclusivity\=checked -Onone -D SWIFT_PACKAGE -D DEBUG -D SWIFT_MODULE_RESOURCE_BUNDLE_UNAVAILABLE -D Xcode -serialize-debugging-options -const-gather-protocols-file /Users/admin/builder/spi-builder-workspace/.derivedData/Build/Intermediates.noindex/spfk-image.build/Debug-xros/SPFKImage.build/Objects-normal/arm64/SPFKImage_const_extract_protocols.json -enable-experimental-feature DebugDescriptionMacro -empty-abi-descriptor -user-module-version 0.3.1 -validate-clang-modules-once -clang-build-session-file /Users/admin/builder/spi-builder-workspace/.derivedData/ModuleCache.noindex/Session.modulevalidation -Xcc -working-directory -Xcc /Users/admin/builder/spi-builder-workspace/.swiftpm/xcode -enable-anonymous-context-mangled-names -file-compilation-dir /Users/admin/builder/spi-builder-workspace/.swiftpm/xcode -Xcc -fmodule-map-file\=/Users/admin/builder/spi-builder-workspace/.derivedData/Build/Intermediates.noindex/GeneratedModuleMaps-xros/SPFKBaseC.modulemap -Xcc -D_LIBCPP_HARDENING_MODE\=_LIBCPP_HARDENING_MODE_DEBUG -Xcc -ivfsstatcache -Xcc /Users/admin/builder/spi-builder-workspace/.derivedData/SDKStatCaches.noindex/xros26.2-23N301-dc75598d0054f22ec865fa860f139d72f5e64962d3ee001da1d77d1957dffdab.sdkstatcache -Xcc -I/Users/admin/builder/spi-builder-workspace/.derivedData/Build/Intermediates.noindex/spfk-image.build/Debug-xros/SPFKImage.build/swift-overrides.hmap -Xcc -I/Users/admin/builder/spi-builder-workspace/.dependencies/checkouts/swift-numerics/Sources/_NumericsShims/include -Xcc -I/Users/admin/builder/spi-builder-workspace/.dependencies/checkouts/spfk-base/Sources/SPFKBaseC/include -Xcc -I/Users/admin/builder/spi-builder-workspace/.derivedData/Build/Products/Debug-xros/include -Xcc -I/Users/admin/builder/spi-builder-workspace/.derivedData/Build/Intermediates.noindex/spfk-image.build/Debug-xros/SPFKImage.build/DerivedSources-normal/arm64 -Xcc -I/Users/admin/builder/spi-builder-workspace/.derivedData/Build/Intermediates.noindex/spfk-image.build/Debug-xros/SPFKImage.build/DerivedSources/arm64 -Xcc -I/Users/admin/builder/spi-builder-workspace/.derivedData/Build/Intermediates.noindex/spfk-image.build/Debug-xros/SPFKImage.build/DerivedSources -Xcc -DSWIFT_PACKAGE -Xcc -DDEBUG\=1 -no-auto-bridging-header-chaining -module-name SPFKImage -package-name spfk_image -frontend-parseable-output -disable-clang-spi -target-sdk-version 26.2 -target-sdk-name xros26.2 -clang-target arm64-apple-xros26.2 -in-process-plugin-server-path /Applications/Xcode-26.3.0.app/Contents/Developer/Toolchains/XcodeDefault.xctoolchain/usr/lib/swift/host/libSwiftInProcPluginServer.dylib -o /Users/admin/builder/spi-builder-workspace/.derivedData/Build/Intermediates.noindex/spfk-image.build/Debug-xros/SPFKImage.build/Objects-normal/arm64/ImageFormatConverter+GainMap.o -index-unit-output-path /spfk-image.build/Debug-xros/SPFKImage.build/Objects-normal/arm64/ImageFormatConverter+GainMap.o -index-store-path /Users/admin/builder/spi-builder-workspace/.derivedData/Index.noindex/DataStore -index-system-modules
SwiftCompile normal arm64 /Users/admin/builder/spi-builder-workspace/.dependencies/checkouts/spfk-image/Sources/SPFKImage/Conversion/ImageFormatConverter+GainMap.swift (in target 'SPFKImage' from project 'spfk-image')
cd /Users/admin/builder/spi-builder-workspace/.swiftpm/xcode
/Users/admin/builder/spi-builder-workspace/.dependencies/checkouts/spfk-image/Sources/SPFKImage/Conversion/ImageFormatConverter+GainMap.swift:14:26: error: 'kCGImageAuxiliaryDataTypeISOGainMap' is only available in visionOS 2.0 or newer
types.append(kCGImageAuxiliaryDataTypeISOGainMap)
^
/Users/admin/builder/spi-builder-workspace/.dependencies/checkouts/spfk-image/Sources/SPFKImage/Conversion/ImageFormatConverter+GainMap.swift:14:26: note: add 'if #available' version check
types.append(kCGImageAuxiliaryDataTypeISOGainMap)
^
/Users/admin/builder/spi-builder-workspace/.dependencies/checkouts/spfk-image/Sources/SPFKImage/Conversion/ImageFormatConverter+GainMap.swift:10:16: note: add '@available' attribute to enclosing static property
static var gainMapAuxiliaryTypes: [CFString] {
^
/Users/admin/builder/spi-builder-workspace/.dependencies/checkouts/spfk-image/Sources/SPFKImage/Conversion/ImageFormatConverter+GainMap.swift:6:1: note: add '@available' attribute to enclosing extension
extension ImageFormatConverter {
^
SwiftCompile normal arm64 Compiling\ ImageFormatConverter+Metadata.swift /Users/admin/builder/spi-builder-workspace/.dependencies/checkouts/spfk-image/Sources/SPFKImage/Conversion/ImageFormatConverter+Metadata.swift (in target 'SPFKImage' from project 'spfk-image')
SwiftCompile normal arm64 /Users/admin/builder/spi-builder-workspace/.dependencies/checkouts/spfk-image/Sources/SPFKImage/Conversion/ImageFormatConverter+Metadata.swift (in target 'SPFKImage' from project 'spfk-image')
cd /Users/admin/builder/spi-builder-workspace/.swiftpm/xcode
SwiftCompile normal arm64 Compiling\ ImageFormatConverter+Render.swift /Users/admin/builder/spi-builder-workspace/.dependencies/checkouts/spfk-image/Sources/SPFKImage/Conversion/ImageFormatConverter+Render.swift (in target 'SPFKImage' from project 'spfk-image')
SwiftCompile normal arm64 /Users/admin/builder/spi-builder-workspace/.dependencies/checkouts/spfk-image/Sources/SPFKImage/Conversion/ImageFormatConverter+Render.swift (in target 'SPFKImage' from project 'spfk-image')
cd /Users/admin/builder/spi-builder-workspace/.swiftpm/xcode
SwiftCompile normal arm64 Compiling\ ImageFormatConverter+Write.swift /Users/admin/builder/spi-builder-workspace/.dependencies/checkouts/spfk-image/Sources/SPFKImage/Conversion/ImageFormatConverter+Write.swift (in target 'SPFKImage' from project 'spfk-image')
SwiftCompile normal arm64 /Users/admin/builder/spi-builder-workspace/.dependencies/checkouts/spfk-image/Sources/SPFKImage/Conversion/ImageFormatConverter+Write.swift (in target 'SPFKImage' from project 'spfk-image')
cd /Users/admin/builder/spi-builder-workspace/.swiftpm/xcode
SwiftCompile normal arm64 Compiling\ ImageFormatConverter.swift /Users/admin/builder/spi-builder-workspace/.dependencies/checkouts/spfk-image/Sources/SPFKImage/Conversion/ImageFormatConverter.swift (in target 'SPFKImage' from project 'spfk-image')
SwiftCompile normal arm64 /Users/admin/builder/spi-builder-workspace/.dependencies/checkouts/spfk-image/Sources/SPFKImage/Conversion/ImageFormatConverter.swift (in target 'SPFKImage' from project 'spfk-image')
cd /Users/admin/builder/spi-builder-workspace/.swiftpm/xcode
SwiftCompile normal arm64 Compiling\ ImageFileEncoder.swift,\ ImageFileEncoderInput.swift /Users/admin/builder/spi-builder-workspace/.dependencies/checkouts/spfk-image/Sources/SPFKImage/Conversion/ImageFileEncoder.swift /Users/admin/builder/spi-builder-workspace/.dependencies/checkouts/spfk-image/Sources/SPFKImage/Conversion/ImageFileEncoderInput.swift (in target 'SPFKImage' from project 'spfk-image')
SwiftCompile normal arm64 /Users/admin/builder/spi-builder-workspace/.dependencies/checkouts/spfk-image/Sources/SPFKImage/Conversion/ImageFileEncoder.swift (in target 'SPFKImage' from project 'spfk-image')
cd /Users/admin/builder/spi-builder-workspace/.swiftpm/xcode
SwiftCompile normal arm64 /Users/admin/builder/spi-builder-workspace/.dependencies/checkouts/spfk-image/Sources/SPFKImage/Conversion/ImageFileEncoderInput.swift (in target 'SPFKImage' from project 'spfk-image')
cd /Users/admin/builder/spi-builder-workspace/.swiftpm/xcode
SwiftEmitModule normal arm64 Emitting\ module\ for\ SPFKUtils (in target 'SPFKUtils' from project 'spfk-utils')
2026-10-15 21:32:16.855 xcodebuild[2005:10253] [MT] IDERunDestination: Supported platforms for the buildables in the current scheme is empty.
** BUILD FAILED **
The following build commands failed:
SwiftCompile normal arm64 Compiling\ ImageFormatConverter+GainMap.swift /Users/admin/builder/spi-builder-workspace/.dependencies/checkouts/spfk-image/Sources/SPFKImage/Conversion/ImageFormatConverter+GainMap.swift (in target 'SPFKImage' from project 'spfk-image')
SwiftCompile normal arm64 /Users/admin/builder/spi-builder-workspace/.dependencies/checkouts/spfk-image/Sources/SPFKImage/Conversion/ImageFormatConverter+GainMap.swift (in target 'SPFKImage' from project 'spfk-image')
Building workspace spi-builder-workspace with scheme spfk-utils
(3 failures)
BUILD FAILURE 6.2 visionOS