The Swift Package Index logo.Swift Package Index

Build Information

Failed to build TelegramBotSDK, reference v2.1.3 (7b1144), with Swift 6.4 for macOS (Xcode) using Xcode 27.0 on 22 Sep 2026 01:38:58 UTC.

Build Command

env DEVELOPER_DIR=/Applications/Xcode-27.0.0-Release.Candidate.app xcrun xcodebuild -IDEClonedSourcePackagesDirPathOverride=$PWD/.dependencies -skipMacroValidation -skipPackagePluginValidation -derivedDataPath $PWD/.derivedData build -scheme TelegramBotSDK-Package -destination platform=macOS,arch=arm64

Build Log

========================================
RunAll
========================================
Builder version: 5.1.0
Interrupt handler set up.
========================================
Checkout
========================================
Clone URL: https://github.com/rapierorg/telegram-bot-swift.git
Reference: v2.1.3
Initialized empty Git repository in /Users/admin/builder/spi-builder-workspace/.git/
From https://github.com/rapierorg/telegram-bot-swift
 * tag               v2.1.3     -> FETCH_HEAD
HEAD is now at 7b1144b Merge pull request #130 from fannur/master
Cloned https://github.com/rapierorg/telegram-bot-swift.git
Revision (git rev-parse @):
7b1144b867ca962e10b1de21c32ab7156e4a83ce
SUCCESS checkout https://github.com/rapierorg/telegram-bot-swift.git at v2.1.3
========================================
Build
========================================
Selected platform:         macosXcodebuild
Swift version:             6.4
Building package at path:  $PWD
https://github.com/rapierorg/telegram-bot-swift.git
Command line invocation:
    /Applications/Xcode-27.0.0-Release.Candidate.app/Contents/Developer/usr/bin/xcodebuild -IDEClonedSourcePackagesDirPathOverride=/Users/admin/builder/spi-builder-workspace/.dependencies -resolvePackageDependencies
Resolve Package Graph
Resolve Package Graph
Resolved source packages:
  TelegramBotSDK: /Users/admin/builder/spi-builder-workspace
resolved source packages: TelegramBotSDK
2026-09-21 21:37:56.944 xcodebuild[563:3083] [MT] IDERunDestination: Supported platforms for the buildables in the current scheme is empty.
{
  "dependencies" : [
  ],
  "manifest_display_name" : "TelegramBotSDK",
  "name" : "TelegramBotSDK",
  "path" : "/Users/admin/builder/spi-builder-workspace",
  "platforms" : [
  ],
  "products" : [
    {
      "name" : "CCurl",
      "targets" : [
        "CCurl"
      ],
      "type" : {
        "library" : [
          "automatic"
        ]
      }
    },
    {
      "name" : "TelegramBotSDK",
      "targets" : [
        "TelegramBotSDK"
      ],
      "type" : {
        "library" : [
          "automatic"
        ]
      }
    }
  ],
  "swift_languages_versions" : [
    "4.2",
    "5"
  ],
  "targets" : [
    {
      "c99name" : "TelegramBotSDKTests",
      "module_type" : "SwiftTarget",
      "name" : "TelegramBotSDKTests",
      "path" : "Tests/TelegramBotSDKTests",
      "sources" : [
        "BlockingServerTests.swift",
        "RequestTests.swift",
        "RouterTests.swift",
        "TelegramBotTests.swift",
        "UrlencodeTests.swift"
      ],
      "target_dependencies" : [
        "TelegramBotSDK"
      ],
      "type" : "test"
    },
    {
      "c99name" : "TelegramBotSDK",
      "module_type" : "SwiftTarget",
      "name" : "TelegramBotSDK",
      "path" : "Sources/TelegramBotSDK",
      "product_memberships" : [
        "TelegramBotSDK"
      ],
      "sources" : [
        "BotName.swift",
        "DataTaskError.swift",
        "DictionaryUtils.swift",
        "Extensions/NSRunLoop+Utils.swift",
        "Extensions/Optional+Unwrap.swift",
        "Extensions/Scanner+Compatibility.swift",
        "Extensions/Scanner+Utils.swift",
        "Extensions/String+ExtractBotCommand.swift",
        "Extensions/String+HTTP.swift",
        "Extensions/String+Trim.swift",
        "Extensions/String+Utils.swift",
        "Generated/Methods.swift",
        "Generated/Types.swift",
        "HTTPUtils.swift",
        "Methods/TelegramBot+getUpdates+Utils.swift",
        "Methods/TelegramBot+sendChatAction+Utils.swift",
        "MimeTypes.swift",
        "Router/Arguments.swift",
        "Router/Command.swift",
        "Router/ContentType.swift",
        "Router/Context.swift",
        "Router/Router+Helpers.swift",
        "Router/Router.swift",
        "TaskAssociatedData.swift",
        "TelegramBot+Requests.swift",
        "TelegramBot+Utils.swift",
        "TelegramBot.swift",
        "Types/ChatId.swift",
        "Types/ChatMember+Status.swift",
        "Types/ChatType.swift",
        "Types/InlineQueryResult.swift",
        "Types/InputFile.swift",
        "Types/InputFileOrString.swift",
        "Types/InputMedia.swift",
        "Types/InputMessageContent.swift",
        "Types/Message+Command.swift",
        "Types/MessageEntity+Utils.swift",
        "Types/MessageOrBool.swift",
        "Types/ParseMode.swift",
        "Types/PollType.swift",
        "Types/ReplyMarkup.swift",
        "Types/Response.swift",
        "Utils.swift",
        "WriteCallbackData.swift"
      ],
      "target_dependencies" : [
        "CCurl"
      ],
      "type" : "library"
    },
    {
      "c99name" : "CCurl",
      "module_type" : "ClangTarget",
      "name" : "CCurl",
      "path" : "Sources/CCurl",
      "product_memberships" : [
        "CCurl",
        "TelegramBotSDK"
      ],
      "sources" : [
        "shim.c"
      ],
      "type" : "library"
    }
  ],
  "tools_version" : "5.0"
}
{
  "workspace" : {
    "name" : "TelegramBotSDK",
    "schemes" : [
      "CCurl",
      "TelegramBotSDK",
      "TelegramBotSDK-Package"
    ]
  }
}
2026-09-21 21:38:38.473 xcodebuild[681:4174] [MT] IDERunDestination: Supported platforms for the buildables in the current scheme is empty.
Running build ...
env DEVELOPER_DIR=/Applications/Xcode-27.0.0-Release.Candidate.app xcrun xcodebuild -IDEClonedSourcePackagesDirPathOverride=$PWD/.dependencies -skipMacroValidation -skipPackagePluginValidation -derivedDataPath $PWD/.derivedData build -scheme TelegramBotSDK-Package -destination platform=macOS,arch=arm64
Command line invocation:
    /Applications/Xcode-27.0.0-Release.Candidate.app/Contents/Developer/usr/bin/xcodebuild -IDEClonedSourcePackagesDirPathOverride=/Users/admin/builder/spi-builder-workspace/.dependencies -skipMacroValidation -skipPackagePluginValidation -derivedDataPath /Users/admin/builder/spi-builder-workspace/.derivedData build -scheme TelegramBotSDK-Package -destination platform=macOS,arch=arm64
Resolve Package Graph
Resolved source packages:
  TelegramBotSDK: /Users/admin/builder/spi-builder-workspace
ComputePackagePrebuildTargetDependencyGraph
Prepare packages
CreateBuildRequest
SendProjectDescription
CreateBuildOperation
ComputeTargetDependencyGraph
note: Building targets in dependency order
note: Target dependency graph (4 targets)
    Target 'TelegramBotSDK-product' in project 'TelegramBotSDK'
        ➜ Explicit dependency on target 'TelegramBotSDK' in project 'TelegramBotSDK'
        ➜ Explicit dependency on target 'CCurl' in project 'TelegramBotSDK'
    Target 'TelegramBotSDK' in project 'TelegramBotSDK'
        ➜ Explicit dependency on target 'CCurl' in project 'TelegramBotSDK'
    Target 'CCurl-product' in project 'TelegramBotSDK'
        ➜ Explicit dependency on target 'CCurl' in project 'TelegramBotSDK'
    Target 'CCurl' in project 'TelegramBotSDK' (no dependencies)
GatherProvisioningInputs
CreateBuildDescription
ExecuteExternalTool /Applications/Xcode-27.0.0-Release.Candidate.app/Contents/Developer/Toolchains/XcodeDefault.xctoolchain/usr/bin/clang -v -E -dM -arch arm64 -isysroot /Applications/Xcode-27.0.0-Release.Candidate.app/Contents/Developer/Platforms/MacOSX.platform/Developer/SDKs/MacOSX27.0.sdk -x c -c /dev/null
ExecuteExternalTool /Applications/Xcode-27.0.0-Release.Candidate.app/Contents/Developer/Toolchains/XcodeDefault.xctoolchain/usr/bin/clang -v -E -dM -isysroot /Applications/Xcode-27.0.0-Release.Candidate.app/Contents/Developer/Platforms/MacOSX.platform/Developer/SDKs/MacOSX27.0.sdk -x c -c /dev/null
ExecuteExternalTool /Applications/Xcode-27.0.0-Release.Candidate.app/Contents/Developer/Toolchains/XcodeDefault.xctoolchain/usr/bin/swiftc --version
ExecuteExternalTool /Applications/Xcode-27.0.0-Release.Candidate.app/Contents/Developer/Toolchains/XcodeDefault.xctoolchain/usr/bin/ld -version_details
Build description signature: f5975bb74fad34a0ac8f810234df2902
Build description path: /Users/admin/builder/spi-builder-workspace/.derivedData/Build/Intermediates.noindex/XCBuildData/f5975bb74fad34a0ac8f810234df2902.xcbuilddata
CreateBuildDirectory /Users/admin/builder/spi-builder-workspace/.derivedData/SDKExplicitPrecompiledModules
    cd /Users/admin/builder/spi-builder-workspace/.swiftpm/xcode
    builtin-create-build-directory /Users/admin/builder/spi-builder-workspace/.derivedData/SDKExplicitPrecompiledModules
CreateBuildDirectory /Users/admin/builder/spi-builder-workspace/.derivedData/ModuleCache.noindex
    cd /Users/admin/builder/spi-builder-workspace/.swiftpm/xcode
    builtin-create-build-directory /Users/admin/builder/spi-builder-workspace/.derivedData/ModuleCache.noindex
CreateBuildDirectory /Users/admin/builder/spi-builder-workspace/.derivedData/CompilationCache.noindex
    cd /Users/admin/builder/spi-builder-workspace/.swiftpm/xcode
    builtin-create-build-directory /Users/admin/builder/spi-builder-workspace/.derivedData/CompilationCache.noindex
ClangStatCache /Applications/Xcode-27.0.0-Release.Candidate.app/Contents/Developer/Toolchains/XcodeDefault.xctoolchain/usr/bin/clang-stat-cache /Applications/Xcode-27.0.0-Release.Candidate.app/Contents/Developer/Platforms/MacOSX.platform/Developer/SDKs/MacOSX27.0.sdk /Users/admin/builder/spi-builder-workspace/.derivedData/SDKStatCaches.noindex/macosx27.0-26A425-e829b21a6f8c9b70876ba0858053c0446a22442a12e9d48fe1a705f55a1adfc4.sdkstatcache
    cd /Users/admin/builder/spi-builder-workspace/.swiftpm/xcode
    /Applications/Xcode-27.0.0-Release.Candidate.app/Contents/Developer/Toolchains/XcodeDefault.xctoolchain/usr/bin/clang-stat-cache /Applications/Xcode-27.0.0-Release.Candidate.app/Contents/Developer/Platforms/MacOSX.platform/Developer/SDKs/MacOSX27.0.sdk -o /Users/admin/builder/spi-builder-workspace/.derivedData/SDKStatCaches.noindex/macosx27.0-26A425-e829b21a6f8c9b70876ba0858053c0446a22442a12e9d48fe1a705f55a1adfc4.sdkstatcache
CreateBuildDirectory /Users/admin/builder/spi-builder-workspace/.derivedData/Build/Intermediates.noindex
    cd /Users/admin/builder/spi-builder-workspace/.swiftpm/xcode
    builtin-create-build-directory /Users/admin/builder/spi-builder-workspace/.derivedData/Build/Intermediates.noindex
CreateBuildDirectory /Users/admin/builder/spi-builder-workspace/.derivedData/Build/Products
    cd /Users/admin/builder/spi-builder-workspace/.swiftpm/xcode
    builtin-create-build-directory /Users/admin/builder/spi-builder-workspace/.derivedData/Build/Products
CreateBuildDirectory /Users/admin/builder/spi-builder-workspace/.derivedData/Build/Intermediates.noindex/SwiftExplicitPrecompiledModules
    cd /Users/admin/builder/spi-builder-workspace/.swiftpm/xcode
    builtin-create-build-directory /Users/admin/builder/spi-builder-workspace/.derivedData/Build/Intermediates.noindex/SwiftExplicitPrecompiledModules
CreateBuildDirectory /Users/admin/builder/spi-builder-workspace/.derivedData/Build/Intermediates.noindex/PrecompiledHeaders
    cd /Users/admin/builder/spi-builder-workspace/.swiftpm/xcode
    builtin-create-build-directory /Users/admin/builder/spi-builder-workspace/.derivedData/Build/Intermediates.noindex/PrecompiledHeaders
CreateBuildDirectory /Users/admin/builder/spi-builder-workspace/.derivedData/Build/Intermediates.noindex/ExplicitPrecompiledModules
    cd /Users/admin/builder/spi-builder-workspace/.swiftpm/xcode
    builtin-create-build-directory /Users/admin/builder/spi-builder-workspace/.derivedData/Build/Intermediates.noindex/ExplicitPrecompiledModules
CreateBuildDirectory /Users/admin/builder/spi-builder-workspace/.derivedData/Build/Intermediates.noindex/EagerLinkingTBDs/Debug
    cd /Users/admin/builder/spi-builder-workspace/.swiftpm/xcode
    builtin-create-build-directory /Users/admin/builder/spi-builder-workspace/.derivedData/Build/Intermediates.noindex/EagerLinkingTBDs/Debug
CreateBuildDirectory /Users/admin/builder/spi-builder-workspace/.derivedData/Build/Products/Debug
    cd /Users/admin/builder/spi-builder-workspace/.swiftpm/xcode
    builtin-create-build-directory /Users/admin/builder/spi-builder-workspace/.derivedData/Build/Products/Debug
CreateBuildDirectory /Users/admin/builder/spi-builder-workspace/.derivedData/Build/Products/Debug/PackageFrameworks
    cd /Users/admin/builder/spi-builder-workspace/.swiftpm/xcode
    builtin-create-build-directory /Users/admin/builder/spi-builder-workspace/.derivedData/Build/Products/Debug/PackageFrameworks
WriteAuxiliaryFile /Users/admin/builder/spi-builder-workspace/.derivedData/Build/Intermediates.noindex/TelegramBotSDK.build/Debug/TelegramBotSDK-t.build/TelegramBotSDK.DependencyMetadataFileList (in target 'TelegramBotSDK' from project 'TelegramBotSDK')
    cd /Users/admin/builder/spi-builder-workspace
    write-file /Users/admin/builder/spi-builder-workspace/.derivedData/Build/Intermediates.noindex/TelegramBotSDK.build/Debug/TelegramBotSDK-t.build/TelegramBotSDK.DependencyMetadataFileList
WriteAuxiliaryFile /Users/admin/builder/spi-builder-workspace/.derivedData/Build/Intermediates.noindex/TelegramBotSDK.build/Debug/TelegramBotSDK-t.build/TelegramBotSDK.modulemap (in target 'TelegramBotSDK' from project 'TelegramBotSDK')
    cd /Users/admin/builder/spi-builder-workspace
    write-file /Users/admin/builder/spi-builder-workspace/.derivedData/Build/Intermediates.noindex/TelegramBotSDK.build/Debug/TelegramBotSDK-t.build/TelegramBotSDK.modulemap
WriteAuxiliaryFile /Users/admin/builder/spi-builder-workspace/.derivedData/Build/Intermediates.noindex/TelegramBotSDK.build/Debug/TelegramBotSDK-t.build/TelegramBotSDK.DependencyStaticMetadataFileList (in target 'TelegramBotSDK' from project 'TelegramBotSDK')
    cd /Users/admin/builder/spi-builder-workspace
    write-file /Users/admin/builder/spi-builder-workspace/.derivedData/Build/Intermediates.noindex/TelegramBotSDK.build/Debug/TelegramBotSDK-t.build/TelegramBotSDK.DependencyStaticMetadataFileList
WriteAuxiliaryFile /Users/admin/builder/spi-builder-workspace/.derivedData/Build/Intermediates.noindex/TelegramBotSDK.build/Debug/TelegramBotSDK-t.build/Objects-normal/arm64/TelegramBotSDK.SwiftConstValuesFileList (in target 'TelegramBotSDK' from project 'TelegramBotSDK')
    cd /Users/admin/builder/spi-builder-workspace
    write-file /Users/admin/builder/spi-builder-workspace/.derivedData/Build/Intermediates.noindex/TelegramBotSDK.build/Debug/TelegramBotSDK-t.build/Objects-normal/arm64/TelegramBotSDK.SwiftConstValuesFileList
WriteAuxiliaryFile /Users/admin/builder/spi-builder-workspace/.derivedData/Build/Intermediates.noindex/TelegramBotSDK.build/Debug/TelegramBotSDK-t.build/Objects-normal/arm64/TelegramBotSDK.LinkFileList (in target 'TelegramBotSDK' from project 'TelegramBotSDK')
    cd /Users/admin/builder/spi-builder-workspace
    write-file /Users/admin/builder/spi-builder-workspace/.derivedData/Build/Intermediates.noindex/TelegramBotSDK.build/Debug/TelegramBotSDK-t.build/Objects-normal/arm64/TelegramBotSDK.LinkFileList
WriteAuxiliaryFile /Users/admin/builder/spi-builder-workspace/.derivedData/Build/Intermediates.noindex/TelegramBotSDK.build/Debug/TelegramBotSDK-t.build/Objects-normal/arm64/TelegramBotSDK-OutputFileMap.json (in target 'TelegramBotSDK' from project 'TelegramBotSDK')
    cd /Users/admin/builder/spi-builder-workspace
    write-file /Users/admin/builder/spi-builder-workspace/.derivedData/Build/Intermediates.noindex/TelegramBotSDK.build/Debug/TelegramBotSDK-t.build/Objects-normal/arm64/TelegramBotSDK-OutputFileMap.json
WriteAuxiliaryFile /Users/admin/builder/spi-builder-workspace/.derivedData/Build/Intermediates.noindex/TelegramBotSDK.build/Debug/TelegramBotSDK-t.build/Objects-normal/arm64/TelegramBotSDK_const_extract_protocols.json (in target 'TelegramBotSDK' from project 'TelegramBotSDK')
    cd /Users/admin/builder/spi-builder-workspace
    write-file /Users/admin/builder/spi-builder-workspace/.derivedData/Build/Intermediates.noindex/TelegramBotSDK.build/Debug/TelegramBotSDK-t.build/Objects-normal/arm64/TelegramBotSDK_const_extract_protocols.json
WriteAuxiliaryFile /Users/admin/builder/spi-builder-workspace/.derivedData/Build/Intermediates.noindex/TelegramBotSDK.build/Debug/TelegramBotSDK-t.build/Objects-normal/arm64/TelegramBotSDK.SwiftFileList (in target 'TelegramBotSDK' from project 'TelegramBotSDK')
    cd /Users/admin/builder/spi-builder-workspace
    write-file /Users/admin/builder/spi-builder-workspace/.derivedData/Build/Intermediates.noindex/TelegramBotSDK.build/Debug/TelegramBotSDK-t.build/Objects-normal/arm64/TelegramBotSDK.SwiftFileList
WriteAuxiliaryFile /Users/admin/builder/spi-builder-workspace/.derivedData/Build/Intermediates.noindex/TelegramBotSDK.build/Debug/CCurl-t.build/Objects-normal/arm64/CCurl.LinkFileList (in target 'CCurl' from project 'TelegramBotSDK')
    cd /Users/admin/builder/spi-builder-workspace
    write-file /Users/admin/builder/spi-builder-workspace/.derivedData/Build/Intermediates.noindex/TelegramBotSDK.build/Debug/CCurl-t.build/Objects-normal/arm64/CCurl.LinkFileList
WriteAuxiliaryFile /Users/admin/builder/spi-builder-workspace/.derivedData/Build/Intermediates.noindex/TelegramBotSDK.build/Debug/CCurl-t.build/Objects-normal/arm64/7187679823f38a2a940e0043cdf9d637-common-args.resp (in target 'CCurl' from project 'TelegramBotSDK')
    cd /Users/admin/builder/spi-builder-workspace
    write-file /Users/admin/builder/spi-builder-workspace/.derivedData/Build/Intermediates.noindex/TelegramBotSDK.build/Debug/CCurl-t.build/Objects-normal/arm64/7187679823f38a2a940e0043cdf9d637-common-args.resp
-fmodules -gmodules '-fmodules-cache-path=/Users/admin/builder/spi-builder-workspace/.derivedData/ModuleCache.noindex' '-fmodule-name=CCurl' -fpascal-strings -O0 -DSWIFT_PACKAGE '-DDEBUG=1' -g -fprofile-instr-generate -fcoverage-mapping -I/Users/admin/builder/spi-builder-workspace/.derivedData/Build/Products/Debug/include -I/Users/admin/builder/spi-builder-workspace/Sources/CCurl/include -I/Users/admin/builder/spi-builder-workspace/.derivedData/Build/Intermediates.noindex/TelegramBotSDK.build/Debug/CCurl-t.build/DerivedSources-normal/arm64 -I/Users/admin/builder/spi-builder-workspace/.derivedData/Build/Intermediates.noindex/TelegramBotSDK.build/Debug/CCurl-t.build/DerivedSources/arm64 -I/Users/admin/builder/spi-builder-workspace/.derivedData/Build/Intermediates.noindex/TelegramBotSDK.build/Debug/CCurl-t.build/DerivedSources -F/Users/admin/builder/spi-builder-workspace/.derivedData/Build/Products/Debug -iframework /Applications/Xcode-27.0.0-Release.Candidate.app/Contents/Developer/Platforms/MacOSX.platform/Developer/Library/Frameworks -DXcode
WriteAuxiliaryFile /Users/admin/builder/spi-builder-workspace/.derivedData/Build/Intermediates.noindex/TelegramBotSDK.build/Debug/CCurl-t.build/CCurl.DependencyStaticMetadataFileList (in target 'CCurl' from project 'TelegramBotSDK')
    cd /Users/admin/builder/spi-builder-workspace
    write-file /Users/admin/builder/spi-builder-workspace/.derivedData/Build/Intermediates.noindex/TelegramBotSDK.build/Debug/CCurl-t.build/CCurl.DependencyStaticMetadataFileList
WriteAuxiliaryFile /Users/admin/builder/spi-builder-workspace/.derivedData/Build/Intermediates.noindex/TelegramBotSDK.build/Debug/CCurl-t.build/CCurl.DependencyMetadataFileList (in target 'CCurl' from project 'TelegramBotSDK')
    cd /Users/admin/builder/spi-builder-workspace
    write-file /Users/admin/builder/spi-builder-workspace/.derivedData/Build/Intermediates.noindex/TelegramBotSDK.build/Debug/CCurl-t.build/CCurl.DependencyMetadataFileList
Copy /Users/admin/builder/spi-builder-workspace/.derivedData/Build/Intermediates.noindex/GeneratedModuleMaps/TelegramBotSDK.modulemap /Users/admin/builder/spi-builder-workspace/.derivedData/Build/Intermediates.noindex/TelegramBotSDK.build/Debug/TelegramBotSDK-t.build/TelegramBotSDK.modulemap (in target 'TelegramBotSDK' from project 'TelegramBotSDK')
    cd /Users/admin/builder/spi-builder-workspace
    builtin-copy -exclude .DS_Store -exclude CVS -exclude .svn -exclude .git -exclude .hg -resolve-src-symlinks /Users/admin/builder/spi-builder-workspace/.derivedData/Build/Intermediates.noindex/TelegramBotSDK.build/Debug/TelegramBotSDK-t.build/TelegramBotSDK.modulemap /Users/admin/builder/spi-builder-workspace/.derivedData/Build/Intermediates.noindex/GeneratedModuleMaps
SwiftDriver TelegramBotSDK normal arm64 com.apple.xcode.tools.swift.compiler (in target 'TelegramBotSDK' from project 'TelegramBotSDK')
    cd /Users/admin/builder/spi-builder-workspace/.swiftpm/xcode
    builtin-SwiftDriver -- /Applications/Xcode-27.0.0-Release.Candidate.app/Contents/Developer/Toolchains/XcodeDefault.xctoolchain/usr/bin/swiftc -parse-as-library -module-name TelegramBotSDK -Onone @/Users/admin/builder/spi-builder-workspace/.derivedData/Build/Intermediates.noindex/TelegramBotSDK.build/Debug/TelegramBotSDK-t.build/Objects-normal/arm64/TelegramBotSDK.SwiftFileList -DSWIFT_PACKAGE -DDEBUG -DSWIFT_MODULE_RESOURCE_BUNDLE_UNAVAILABLE -Xcc -fmodule-map-file\=/Users/admin/builder/spi-builder-workspace/Sources/CCurl/include/module.modulemap -DXcode -plugin-path /Applications/Xcode-27.0.0-Release.Candidate.app/Contents/Developer/Toolchains/XcodeDefault.xctoolchain/usr/lib/swift/host/plugins/testing -enable-experimental-feature DebugDescriptionMacro -sdk /Applications/Xcode-27.0.0-Release.Candidate.app/Contents/Developer/Platforms/MacOSX.platform/Developer/SDKs/MacOSX27.0.sdk -target arm64-apple-macos12.0 -g -module-cache-path /Users/admin/builder/spi-builder-workspace/.derivedData/ModuleCache.noindex -Xfrontend -serialize-debugging-options -profile-coverage-mapping -profile-generate -enable-testing -index-store-path /Users/admin/builder/spi-builder-workspace/.derivedData/Index.noindex/DataStore -Xcc -D_LIBCPP_HARDENING_MODE\=_LIBCPP_HARDENING_MODE_DEBUG -swift-version 5 -I /Users/admin/builder/spi-builder-workspace/.derivedData/Build/Products/Debug -Isystem /Applications/Xcode-27.0.0-Release.Candidate.app/Contents/Developer/Platforms/MacOSX.platform/Developer/usr/lib -F /Users/admin/builder/spi-builder-workspace/.derivedData/Build/Products/Debug/PackageFrameworks -F /Users/admin/builder/spi-builder-workspace/.derivedData/Build/Products/Debug -F /Applications/Xcode-27.0.0-Release.Candidate.app/Contents/Developer/Platforms/MacOSX.platform/Developer/Library/Frameworks -c -j10 -enable-batch-mode -incremental -Xcc -ivfsstatcache -Xcc /Users/admin/builder/spi-builder-workspace/.derivedData/SDKStatCaches.noindex/macosx27.0-26A425-e829b21a6f8c9b70876ba0858053c0446a22442a12e9d48fe1a705f55a1adfc4.sdkstatcache -output-file-map /Users/admin/builder/spi-builder-workspace/.derivedData/Build/Intermediates.noindex/TelegramBotSDK.build/Debug/TelegramBotSDK-t.build/Objects-normal/arm64/TelegramBotSDK-OutputFileMap.json -save-temps -no-color-diagnostics -explicit-module-build -module-cache-path /Users/admin/builder/spi-builder-workspace/.derivedData/Build/Intermediates.noindex/SwiftExplicitPrecompiledModules -clang-scanner-module-cache-path /Users/admin/builder/spi-builder-workspace/.derivedData/ModuleCache.noindex -sdk-module-cache-path /Users/admin/builder/spi-builder-workspace/.derivedData/SDKExplicitPrecompiledModules -emit-dependencies -emit-module -emit-module-path /Users/admin/builder/spi-builder-workspace/.derivedData/Build/Intermediates.noindex/TelegramBotSDK.build/Debug/TelegramBotSDK-t.build/Objects-normal/arm64/TelegramBotSDK.swiftmodule -serialize-diagnostics -dependency-scan-serialize-diagnostics-path /Users/admin/builder/spi-builder-workspace/.derivedData/Build/Intermediates.noindex/TelegramBotSDK.build/Debug/TelegramBotSDK-t.build/Objects-normal/arm64/TelegramBotSDK-dependency-scan.dia -validate-clang-modules-once -clang-build-session-file /Users/admin/builder/spi-builder-workspace/.derivedData/ModuleCache.noindex/Session.modulevalidation -Xcc -fmodules-prune-interval\=86400 -Xcc -fmodules-prune-after\=345600 -emit-const-values -const-gather-protocols-list /Users/admin/builder/spi-builder-workspace/.derivedData/Build/Intermediates.noindex/TelegramBotSDK.build/Debug/TelegramBotSDK-t.build/Objects-normal/arm64/TelegramBotSDK_const_extract_protocols.json -Xcc -I/Users/admin/builder/spi-builder-workspace/Sources/CCurl/include -Xcc -I/Users/admin/builder/spi-builder-workspace/.derivedData/Build/Products/Debug/include -Xcc -I/Users/admin/builder/spi-builder-workspace/.derivedData/Build/Intermediates.noindex/TelegramBotSDK.build/Debug/TelegramBotSDK-t.build/DerivedSources-normal/arm64 -Xcc -I/Users/admin/builder/spi-builder-workspace/.derivedData/Build/Intermediates.noindex/TelegramBotSDK.build/Debug/TelegramBotSDK-t.build/DerivedSources/arm64 -Xcc -I/Users/admin/builder/spi-builder-workspace/.derivedData/Build/Intermediates.noindex/TelegramBotSDK.build/Debug/TelegramBotSDK-t.build/DerivedSources -Xcc -DSWIFT_PACKAGE -Xcc -DDEBUG\=1 -emit-objc-header -emit-objc-header-path /Users/admin/builder/spi-builder-workspace/.derivedData/Build/Intermediates.noindex/TelegramBotSDK.build/Debug/TelegramBotSDK-t.build/Objects-normal/arm64/TelegramBotSDK-Swift.h -working-directory /Users/admin/builder/spi-builder-workspace/.swiftpm/xcode -experimental-emit-module-separately -disable-cmo
ScanDependencies /Users/admin/builder/spi-builder-workspace/.derivedData/Build/Intermediates.noindex/TelegramBotSDK.build/Debug/CCurl-t.build/Objects-normal/arm64/shim.o /Users/admin/builder/spi-builder-workspace/Sources/CCurl/shim.c normal arm64 c com.apple.compilers.llvm.clang.1_0.compiler (in target 'CCurl' from project 'TelegramBotSDK')
    cd /Users/admin/builder/spi-builder-workspace/.swiftpm/xcode

    Using response file: /Users/admin/builder/spi-builder-workspace/.derivedData/Build/Intermediates.noindex/TelegramBotSDK.build/Debug/CCurl-t.build/Objects-normal/arm64/7187679823f38a2a940e0043cdf9d637-common-args.resp

    builtin-ScanDependencies -o /Users/admin/builder/spi-builder-workspace/.derivedData/Build/Intermediates.noindex/TelegramBotSDK.build/Debug/CCurl-t.build/Objects-normal/arm64/shim.o.scan -- /Applications/Xcode-27.0.0-Release.Candidate.app/Contents/Developer/Toolchains/XcodeDefault.xctoolchain/usr/bin/clang -x c -ivfsstatcache /Users/admin/builder/spi-builder-workspace/.derivedData/SDKStatCaches.noindex/macosx27.0-26A425-e829b21a6f8c9b70876ba0858053c0446a22442a12e9d48fe1a705f55a1adfc4.sdkstatcache -target arm64-apple-macos12.0 -fmessage-length\=0 -fdiagnostics-show-note-include-stack -fmacro-backtrace-limit\=0 -fno-color-diagnostics -fmodules-prune-interval\=86400 -fmodules-prune-after\=345600 -fbuild-session-file\=/Users/admin/builder/spi-builder-workspace/.derivedData/ModuleCache.noindex/Session.modulevalidation -fmodules-validate-once-per-build-session -Wnon-modular-include-in-framework-module -Werror\=non-modular-include-in-framework-module -Wno-trigraphs -Wno-missing-field-initializers -Wno-missing-prototypes -Wno-return-type -Wno-missing-braces -Wparentheses -Wswitch -Wno-unused-function -Wno-unused-label -Wno-unused-parameter -Wno-unused-variable -Wunused-value -Wno-empty-body -Wno-uninitialized -Wno-unknown-pragmas -Wno-shadow -Wno-four-char-constants -Wno-conversion -Wno-constant-conversion -Wno-int-conversion -Wno-bool-conversion -Wno-enum-conversion -Wno-float-conversion -Wno-non-literal-null-conversion -Wno-objc-literal-conversion -Wshorten-64-to-32 -Wpointer-sign -Wno-newline-eof -Wno-implicit-fallthrough -isysroot /Applications/Xcode-27.0.0-Release.Candidate.app/Contents/Developer/Platforms/MacOSX.platform/Developer/SDKs/MacOSX27.0.sdk -fstrict-aliasing -Wdeprecated-declarations -Wno-sign-conversion -Wno-infinite-recursion -Wno-comma -Wno-block-capture-autoreleasing -Wno-strict-prototypes -Wno-semicolon-before-method-body -index-store-path /Users/admin/builder/spi-builder-workspace/.derivedData/Index.noindex/DataStore @/Users/admin/builder/spi-builder-workspace/.derivedData/Build/Intermediates.noindex/TelegramBotSDK.build/Debug/CCurl-t.build/Objects-normal/arm64/7187679823f38a2a940e0043cdf9d637-common-args.resp -MMD -MT dependencies -MF /Users/admin/builder/spi-builder-workspace/.derivedData/Build/Intermediates.noindex/TelegramBotSDK.build/Debug/CCurl-t.build/Objects-normal/arm64/shim.d --serialize-diagnostics /Users/admin/builder/spi-builder-workspace/.derivedData/Build/Intermediates.noindex/TelegramBotSDK.build/Debug/CCurl-t.build/Objects-normal/arm64/shim.dia -c /Users/admin/builder/spi-builder-workspace/Sources/CCurl/shim.c -o /Users/admin/builder/spi-builder-workspace/.derivedData/Build/Intermediates.noindex/TelegramBotSDK.build/Debug/CCurl-t.build/Objects-normal/arm64/shim.o -index-unit-output-path /TelegramBotSDK.build/Debug/CCurl-t.build/Objects-normal/arm64/shim.o
CompileC /Users/admin/builder/spi-builder-workspace/.derivedData/Build/Intermediates.noindex/TelegramBotSDK.build/Debug/CCurl-t.build/Objects-normal/arm64/shim.o /Users/admin/builder/spi-builder-workspace/Sources/CCurl/shim.c normal arm64 c com.apple.compilers.llvm.clang.1_0.compiler (in target 'CCurl' from project 'TelegramBotSDK')
    cd /Users/admin/builder/spi-builder-workspace/.swiftpm/xcode

    Using response file: /Users/admin/builder/spi-builder-workspace/.derivedData/Build/Intermediates.noindex/TelegramBotSDK.build/Debug/CCurl-t.build/Objects-normal/arm64/7187679823f38a2a940e0043cdf9d637-common-args.resp

    /Applications/Xcode-27.0.0-Release.Candidate.app/Contents/Developer/Toolchains/XcodeDefault.xctoolchain/usr/bin/clang -x c -ivfsstatcache /Users/admin/builder/spi-builder-workspace/.derivedData/SDKStatCaches.noindex/macosx27.0-26A425-e829b21a6f8c9b70876ba0858053c0446a22442a12e9d48fe1a705f55a1adfc4.sdkstatcache -target arm64-apple-macos12.0 -fmessage-length\=0 -fdiagnostics-show-note-include-stack -fmacro-backtrace-limit\=0 -fno-color-diagnostics -fmodules-prune-interval\=86400 -fmodules-prune-after\=345600 -fbuild-session-file\=/Users/admin/builder/spi-builder-workspace/.derivedData/ModuleCache.noindex/Session.modulevalidation -fmodules-validate-once-per-build-session -Wnon-modular-include-in-framework-module -Werror\=non-modular-include-in-framework-module -Wno-trigraphs -Wno-missing-field-initializers -Wno-missing-prototypes -Wno-return-type -Wno-missing-braces -Wparentheses -Wswitch -Wno-unused-function -Wno-unused-label -Wno-unused-parameter -Wno-unused-variable -Wunused-value -Wno-empty-body -Wno-uninitialized -Wno-unknown-pragmas -Wno-shadow -Wno-four-char-constants -Wno-conversion -Wno-constant-conversion -Wno-int-conversion -Wno-bool-conversion -Wno-enum-conversion -Wno-float-conversion -Wno-non-literal-null-conversion -Wno-objc-literal-conversion -Wshorten-64-to-32 -Wpointer-sign -Wno-newline-eof -Wno-implicit-fallthrough -isysroot /Applications/Xcode-27.0.0-Release.Candidate.app/Contents/Developer/Platforms/MacOSX.platform/Developer/SDKs/MacOSX27.0.sdk -fstrict-aliasing -Wdeprecated-declarations -Wno-sign-conversion -Wno-infinite-recursion -Wno-comma -Wno-block-capture-autoreleasing -Wno-strict-prototypes -Wno-semicolon-before-method-body -index-store-path /Users/admin/builder/spi-builder-workspace/.derivedData/Index.noindex/DataStore @/Users/admin/builder/spi-builder-workspace/.derivedData/Build/Intermediates.noindex/TelegramBotSDK.build/Debug/CCurl-t.build/Objects-normal/arm64/7187679823f38a2a940e0043cdf9d637-common-args.resp -MMD -MT dependencies -MF /Users/admin/builder/spi-builder-workspace/.derivedData/Build/Intermediates.noindex/TelegramBotSDK.build/Debug/CCurl-t.build/Objects-normal/arm64/shim.d --serialize-diagnostics /Users/admin/builder/spi-builder-workspace/.derivedData/Build/Intermediates.noindex/TelegramBotSDK.build/Debug/CCurl-t.build/Objects-normal/arm64/shim.dia -c /Users/admin/builder/spi-builder-workspace/Sources/CCurl/shim.c -o /Users/admin/builder/spi-builder-workspace/.derivedData/Build/Intermediates.noindex/TelegramBotSDK.build/Debug/CCurl-t.build/Objects-normal/arm64/shim.o -index-unit-output-path /TelegramBotSDK.build/Debug/CCurl-t.build/Objects-normal/arm64/shim.o
Ld /Users/admin/builder/spi-builder-workspace/.derivedData/Build/Products/Debug/CCurl.o normal (in target 'CCurl' from project 'TelegramBotSDK')
    cd /Users/admin/builder/spi-builder-workspace
    /Applications/Xcode-27.0.0-Release.Candidate.app/Contents/Developer/Toolchains/XcodeDefault.xctoolchain/usr/bin/clang -Xlinker -reproducible -target arm64-apple-macos12.0 -r -isysroot /Applications/Xcode-27.0.0-Release.Candidate.app/Contents/Developer/Platforms/MacOSX.platform/Developer/SDKs/MacOSX27.0.sdk -O0 -Xlinker -no_warn_duplicate_libraries -F/Users/admin/builder/spi-builder-workspace/.derivedData/Build/Intermediates.noindex/EagerLinkingTBDs/Debug -F/Users/admin/builder/spi-builder-workspace/.derivedData/Build/Products/Debug -iframework /Applications/Xcode-27.0.0-Release.Candidate.app/Contents/Developer/Platforms/MacOSX.platform/Developer/Library/Frameworks -filelist /Users/admin/builder/spi-builder-workspace/.derivedData/Build/Intermediates.noindex/TelegramBotSDK.build/Debug/CCurl-t.build/Objects-normal/arm64/CCurl.LinkFileList -nostdlib -Xlinker -object_path_lto -Xlinker /Users/admin/builder/spi-builder-workspace/.derivedData/Build/Intermediates.noindex/TelegramBotSDK.build/Debug/CCurl-t.build/Objects-normal/arm64/CCurl_lto.o -Xlinker -no_deduplicate -Xlinker -debug_variant -Xlinker -dependency_info -Xlinker /Users/admin/builder/spi-builder-workspace/.derivedData/Build/Intermediates.noindex/TelegramBotSDK.build/Debug/CCurl-t.build/Objects-normal/arm64/CCurl_dependency_info.dat -o /Users/admin/builder/spi-builder-workspace/.derivedData/Build/Products/Debug/CCurl.o
SwiftExplicitDependencyGeneratePcm arm64 /Users/admin/builder/spi-builder-workspace/.derivedData/SDKExplicitPrecompiledModules/_Builtin_stdarg-7CFWA9OSW5N24E7PG4ZOCF1VH.pcm
SwiftExplicitDependencyGeneratePcm arm64 /Users/admin/builder/spi-builder-workspace/.derivedData/SDKExplicitPrecompiledModules/ptrcheck-DHLCBWKPNUZOYTPJ1J3QVTCXK.pcm
SwiftExplicitDependencyGeneratePcm arm64 /Users/admin/builder/spi-builder-workspace/.derivedData/SDKExplicitPrecompiledModules/_AvailabilityInternal-CJTV5E7EL3MWRA437DUFPBVN2.pcm
SwiftExplicitDependencyGeneratePcm arm64 /Users/admin/builder/spi-builder-workspace/.derivedData/SDKExplicitPrecompiledModules/ptrauth-2W92ZJRLNJU99RJUQGGJG3OC3.pcm
SwiftExplicitDependencyGeneratePcm arm64 /Users/admin/builder/spi-builder-workspace/.derivedData/SDKExplicitPrecompiledModules/_SwiftConcurrencyShims-BLUUWKI6AGMD7TJ4RGYS7DP6T.pcm
SwiftExplicitDependencyGeneratePcm arm64 /Users/admin/builder/spi-builder-workspace/.derivedData/SDKExplicitPrecompiledModules/_Builtin_stdbool-KYV2HKP8IKLKMKQS9DGA2GUQ.pcm
SwiftExplicitDependencyGeneratePcm arm64 /Users/admin/builder/spi-builder-workspace/.derivedData/SDKExplicitPrecompiledModules/_Builtin_float-105CRCDRP90FQCQO5ZX1LHV7H.pcm
SwiftExplicitDependencyGeneratePcm arm64 /Users/admin/builder/spi-builder-workspace/.derivedData/SDKExplicitPrecompiledModules/SwiftShims-C4V0DQ62WSTCYBYGILXXGQNO3.pcm
SwiftExplicitDependencyGeneratePcm arm64 /Users/admin/builder/spi-builder-workspace/.derivedData/SDKExplicitPrecompiledModules/_Builtin_stddef-3GI9GOKXSW3QCTFOI1USFLDZO.pcm
SwiftExplicitDependencyGeneratePcm arm64 /Users/admin/builder/spi-builder-workspace/.derivedData/SDKExplicitPrecompiledModules/_DarwinFoundation1-7PRJIG163YE9KSKYA3BS35ZZP.pcm
SwiftExplicitDependencyGeneratePcm arm64 /Users/admin/builder/spi-builder-workspace/.derivedData/SDKExplicitPrecompiledModules/_DarwinFoundation2-94WUUGE4H5R03OWXE0QFZX1DN.pcm
SwiftExplicitDependencyGeneratePcm arm64 /Users/admin/builder/spi-builder-workspace/.derivedData/SDKExplicitPrecompiledModules/_Builtin_limits-AXGUGXBFPC0I7QDLJFB0K341Y.pcm
SwiftExplicitDependencyGeneratePcm arm64 /Users/admin/builder/spi-builder-workspace/.derivedData/SDKExplicitPrecompiledModules/sys_types-F4RNCN6UR5R5OWTLTOUM7TN3E.pcm
SwiftExplicitDependencyGeneratePcm arm64 /Users/admin/builder/spi-builder-workspace/.derivedData/SDKExplicitPrecompiledModules/_Builtin_stdint-22CBBOK8BNSF0UELDCAXSHGB.pcm
SwiftExplicitDependencyGeneratePcm arm64 /Users/admin/builder/spi-builder-workspace/.derivedData/SDKExplicitPrecompiledModules/string_h-10WPXBF3YFYMX5HUAW06LSABR.pcm
SwiftExplicitDependencyGeneratePcm arm64 /Users/admin/builder/spi-builder-workspace/.derivedData/SDKExplicitPrecompiledModules/libDER-5RCYOD0PCUUY2UGMBNE9LI8N9.pcm
SwiftExplicitDependencyGeneratePcm arm64 /Users/admin/builder/spi-builder-workspace/.derivedData/SDKExplicitPrecompiledModules/_DarwinFoundation3-32PO5Q4RCB6WXH5VFO3HA3AVS.pcm
SwiftExplicitDependencyGeneratePcm arm64 /Users/admin/builder/spi-builder-workspace/.derivedData/SDKExplicitPrecompiledModules/_Builtin_inttypes-1U6AP9A8AJ4G9WD98E9RHLGTJ.pcm
SwiftExplicitDependencyGeneratePcm arm64 /Users/admin/builder/spi-builder-workspace/.derivedData/SDKExplicitPrecompiledModules/Darwin-1RAAWNGKQM8YGHV0YJNNN5YDY.pcm
SwiftExplicitDependencyGeneratePcm arm64 /Users/admin/builder/spi-builder-workspace/.derivedData/SDKExplicitPrecompiledModules/launch-2XAORMJNLLVS0OVKC1M0752GY.pcm
SwiftExplicitDependencyGeneratePcm arm64 /Users/admin/builder/spi-builder-workspace/.derivedData/SDKExplicitPrecompiledModules/MachO-AWTJ65TFR7TMST2NUE6ZCC1SL.pcm
SwiftExplicitDependencyGeneratePcm arm64 /Users/admin/builder/spi-builder-workspace/.derivedData/SDKExplicitPrecompiledModules/libkern-22MDXN9G35RPO3OLKX9B2PN16.pcm
SwiftExplicitDependencyGeneratePcm arm64 /Users/admin/builder/spi-builder-workspace/.derivedData/Build/Intermediates.noindex/SwiftExplicitPrecompiledModules/CCurl-359H6UWNRZIHRVCWFAI0CGG7V.pcm
SwiftExplicitDependencyGeneratePcm arm64 /Users/admin/builder/spi-builder-workspace/.derivedData/SDKExplicitPrecompiledModules/ObjectiveC-B89IQP2TC4CFSWOUMTUZRI1VZ.pcm
SwiftExplicitDependencyGeneratePcm arm64 /Users/admin/builder/spi-builder-workspace/.derivedData/SDKExplicitPrecompiledModules/os_object-3KLCCI03OX6OQTLJ92KQH2KIO.pcm
SwiftExplicitDependencyGeneratePcm arm64 /Users/admin/builder/spi-builder-workspace/.derivedData/SDKExplicitPrecompiledModules/os_workgroup-10SJ5M8R2OB4BG1TPFL9SZMKV.pcm
SwiftExplicitDependencyGeneratePcm arm64 /Users/admin/builder/spi-builder-workspace/.derivedData/SDKExplicitPrecompiledModules/Dispatch-NAMWF9KN29KC7Z5OS3TTTAE8.pcm
SwiftExplicitDependencyGeneratePcm arm64 /Users/admin/builder/spi-builder-workspace/.derivedData/SDKExplicitPrecompiledModules/CoreFoundation-4ZIITQ30SOGUQE8KJAB99ZV0Q.pcm
SwiftExplicitDependencyGeneratePcm arm64 /Users/admin/builder/spi-builder-workspace/.derivedData/SDKExplicitPrecompiledModules/XPC-E1MSAZG4ZNL24S2WK6K6Y7GWW.pcm
SwiftExplicitDependencyGeneratePcm arm64 /Users/admin/builder/spi-builder-workspace/.derivedData/SDKExplicitPrecompiledModules/CFNetwork-CVHS5CT20191MFYXQIEDWSRGJ.pcm
SwiftExplicitDependencyGeneratePcm arm64 /Users/admin/builder/spi-builder-workspace/.derivedData/SDKExplicitPrecompiledModules/IOKit-6H3X691EDBH124EYTC2PEOP5T.pcm
SwiftExplicitDependencyGeneratePcm arm64 /Users/admin/builder/spi-builder-workspace/.derivedData/SDKExplicitPrecompiledModules/Security-ESPJ7FP0YAY1EL3VXBGY9MCZ8.pcm
SwiftExplicitDependencyGeneratePcm arm64 /Users/admin/builder/spi-builder-workspace/.derivedData/SDKExplicitPrecompiledModules/DiskArbitration-ZNZZU7T0SYELB0DAR56WQF0R.pcm
SwiftExplicitDependencyGeneratePcm arm64 /Users/admin/builder/spi-builder-workspace/.derivedData/SDKExplicitPrecompiledModules/CoreServices-CGCGY0FOMEQGSNMO3HQSC09XU.pcm
SwiftExplicitDependencyGeneratePcm arm64 /Users/admin/builder/spi-builder-workspace/.derivedData/SDKExplicitPrecompiledModules/Foundation-44WR0NU86C67CV5BW8W1MGKNG.pcm
SwiftCompile normal arm64 Compiling\ InputFileOrString.swift,\ InputMedia.swift,\ InputMessageContent.swift,\ Message+Command.swift /Users/admin/builder/spi-builder-workspace/Sources/TelegramBotSDK/Types/InputFileOrString.swift /Users/admin/builder/spi-builder-workspace/Sources/TelegramBotSDK/Types/InputMedia.swift /Users/admin/builder/spi-builder-workspace/Sources/TelegramBotSDK/Types/InputMessageContent.swift /Users/admin/builder/spi-builder-workspace/Sources/TelegramBotSDK/Types/Message+Command.swift (in target 'TelegramBotSDK' from project 'TelegramBotSDK')
SwiftCompile normal arm64 /Users/admin/builder/spi-builder-workspace/Sources/TelegramBotSDK/Types/InputFileOrString.swift (in target 'TelegramBotSDK' from project 'TelegramBotSDK')
    cd /Users/admin/builder/spi-builder-workspace/.swiftpm/xcode
    builtin-SwiftPerFileCompile InputFileOrString.swift
SwiftCompile normal arm64 /Users/admin/builder/spi-builder-workspace/Sources/TelegramBotSDK/Types/InputMedia.swift (in target 'TelegramBotSDK' from project 'TelegramBotSDK')
    cd /Users/admin/builder/spi-builder-workspace/.swiftpm/xcode
    builtin-SwiftPerFileCompile InputMedia.swift
SwiftCompile normal arm64 /Users/admin/builder/spi-builder-workspace/Sources/TelegramBotSDK/Types/InputMessageContent.swift (in target 'TelegramBotSDK' from project 'TelegramBotSDK')
    cd /Users/admin/builder/spi-builder-workspace/.swiftpm/xcode
    builtin-SwiftPerFileCompile InputMessageContent.swift
SwiftCompile normal arm64 /Users/admin/builder/spi-builder-workspace/Sources/TelegramBotSDK/Types/Message+Command.swift (in target 'TelegramBotSDK' from project 'TelegramBotSDK')
    cd /Users/admin/builder/spi-builder-workspace/.swiftpm/xcode
    builtin-SwiftPerFileCompile Message+Command.swift
SwiftCompile normal arm64 Compiling\ MessageEntity+Utils.swift,\ MessageOrBool.swift,\ ParseMode.swift,\ PollType.swift /Users/admin/builder/spi-builder-workspace/Sources/TelegramBotSDK/Types/MessageEntity+Utils.swift /Users/admin/builder/spi-builder-workspace/Sources/TelegramBotSDK/Types/MessageOrBool.swift /Users/admin/builder/spi-builder-workspace/Sources/TelegramBotSDK/Types/ParseMode.swift /Users/admin/builder/spi-builder-workspace/Sources/TelegramBotSDK/Types/PollType.swift (in target 'TelegramBotSDK' from project 'TelegramBotSDK')
SwiftCompile normal arm64 /Users/admin/builder/spi-builder-workspace/Sources/TelegramBotSDK/Types/MessageEntity+Utils.swift (in target 'TelegramBotSDK' from project 'TelegramBotSDK')
    cd /Users/admin/builder/spi-builder-workspace/.swiftpm/xcode
    builtin-SwiftPerFileCompile MessageEntity+Utils.swift
SwiftCompile normal arm64 /Users/admin/builder/spi-builder-workspace/Sources/TelegramBotSDK/Types/MessageOrBool.swift (in target 'TelegramBotSDK' from project 'TelegramBotSDK')
    cd /Users/admin/builder/spi-builder-workspace/.swiftpm/xcode
    builtin-SwiftPerFileCompile MessageOrBool.swift
SwiftCompile normal arm64 /Users/admin/builder/spi-builder-workspace/Sources/TelegramBotSDK/Types/ParseMode.swift (in target 'TelegramBotSDK' from project 'TelegramBotSDK')
    cd /Users/admin/builder/spi-builder-workspace/.swiftpm/xcode
    builtin-SwiftPerFileCompile ParseMode.swift
SwiftCompile normal arm64 /Users/admin/builder/spi-builder-workspace/Sources/TelegramBotSDK/Types/PollType.swift (in target 'TelegramBotSDK' from project 'TelegramBotSDK')
    cd /Users/admin/builder/spi-builder-workspace/.swiftpm/xcode
    builtin-SwiftPerFileCompile PollType.swift
SwiftEmitModule normal arm64 Emitting\ module\ for\ TelegramBotSDK (in target 'TelegramBotSDK' from project 'TelegramBotSDK')
SwiftCompile normal arm64 (in target 'TelegramBotSDK' from project 'TelegramBotSDK')
    cd /Users/admin/builder/spi-builder-workspace/.swiftpm/xcode

SwiftCompile normal arm64 Compiling\ ChatMember+Status.swift,\ ChatType.swift,\ InlineQueryResult.swift,\ InputFile.swift /Users/admin/builder/spi-builder-workspace/Sources/TelegramBotSDK/Types/ChatMember+Status.swift /Users/admin/builder/spi-builder-workspace/Sources/TelegramBotSDK/Types/ChatType.swift /Users/admin/builder/spi-builder-workspace/Sources/TelegramBotSDK/Types/InlineQueryResult.swift /Users/admin/builder/spi-builder-workspace/Sources/TelegramBotSDK/Types/InputFile.swift (in target 'TelegramBotSDK' from project 'TelegramBotSDK')
SwiftCompile normal arm64 /Users/admin/builder/spi-builder-workspace/Sources/TelegramBotSDK/Types/ChatMember+Status.swift (in target 'TelegramBotSDK' from project 'TelegramBotSDK')
    cd /Users/admin/builder/spi-builder-workspace/.swiftpm/xcode
    builtin-SwiftPerFileCompile ChatMember+Status.swift
SwiftCompile normal arm64 /Users/admin/builder/spi-builder-workspace/Sources/TelegramBotSDK/Types/ChatType.swift (in target 'TelegramBotSDK' from project 'TelegramBotSDK')
    cd /Users/admin/builder/spi-builder-workspace/.swiftpm/xcode
    builtin-SwiftPerFileCompile ChatType.swift
SwiftCompile normal arm64 /Users/admin/builder/spi-builder-workspace/Sources/TelegramBotSDK/Types/InlineQueryResult.swift (in target 'TelegramBotSDK' from project 'TelegramBotSDK')
    cd /Users/admin/builder/spi-builder-workspace/.swiftpm/xcode
    builtin-SwiftPerFileCompile InlineQueryResult.swift
SwiftCompile normal arm64 /Users/admin/builder/spi-builder-workspace/Sources/TelegramBotSDK/Types/InputFile.swift (in target 'TelegramBotSDK' from project 'TelegramBotSDK')
    cd /Users/admin/builder/spi-builder-workspace/.swiftpm/xcode
    builtin-SwiftPerFileCompile InputFile.swift
SwiftCompile normal arm64 Compiling\ String+Utils.swift,\ Methods.swift,\ Types.swift,\ HTTPUtils.swift,\ TelegramBot+getUpdates+Utils.swift /Users/admin/builder/spi-builder-workspace/Sources/TelegramBotSDK/Extensions/String+Utils.swift /Users/admin/builder/spi-builder-workspace/Sources/TelegramBotSDK/Generated/Methods.swift /Users/admin/builder/spi-builder-workspace/Sources/TelegramBotSDK/Generated/Types.swift /Users/admin/builder/spi-builder-workspace/Sources/TelegramBotSDK/HTTPUtils.swift /Users/admin/builder/spi-builder-workspace/Sources/TelegramBotSDK/Methods/TelegramBot+getUpdates+Utils.swift (in target 'TelegramBotSDK' from project 'TelegramBotSDK')
SwiftCompile normal arm64 /Users/admin/builder/spi-builder-workspace/Sources/TelegramBotSDK/Extensions/String+Utils.swift (in target 'TelegramBotSDK' from project 'TelegramBotSDK')
    cd /Users/admin/builder/spi-builder-workspace/.swiftpm/xcode
    builtin-SwiftPerFileCompile String+Utils.swift
SwiftCompile normal arm64 /Users/admin/builder/spi-builder-workspace/Sources/TelegramBotSDK/Generated/Methods.swift (in target 'TelegramBotSDK' from project 'TelegramBotSDK')
    cd /Users/admin/builder/spi-builder-workspace/.swiftpm/xcode
    builtin-SwiftPerFileCompile Methods.swift
SwiftCompile normal arm64 /Users/admin/builder/spi-builder-workspace/Sources/TelegramBotSDK/Generated/Types.swift (in target 'TelegramBotSDK' from project 'TelegramBotSDK')
    cd /Users/admin/builder/spi-builder-workspace/.swiftpm/xcode
    builtin-SwiftPerFileCompile Types.swift
SwiftCompile normal arm64 /Users/admin/builder/spi-builder-workspace/Sources/TelegramBotSDK/HTTPUtils.swift (in target 'TelegramBotSDK' from project 'TelegramBotSDK')
    cd /Users/admin/builder/spi-builder-workspace/.swiftpm/xcode
    builtin-SwiftPerFileCompile HTTPUtils.swift
SwiftCompile normal arm64 /Users/admin/builder/spi-builder-workspace/Sources/TelegramBotSDK/Methods/TelegramBot+getUpdates+Utils.swift (in target 'TelegramBotSDK' from project 'TelegramBotSDK')
    cd /Users/admin/builder/spi-builder-workspace/.swiftpm/xcode
    builtin-SwiftPerFileCompile TelegramBot+getUpdates+Utils.swift
SwiftCompile normal arm64 Compiling\ Scanner+Compatibility.swift,\ Scanner+Utils.swift,\ String+ExtractBotCommand.swift,\ String+HTTP.swift,\ String+Trim.swift /Users/admin/builder/spi-builder-workspace/Sources/TelegramBotSDK/Extensions/Scanner+Compatibility.swift /Users/admin/builder/spi-builder-workspace/Sources/TelegramBotSDK/Extensions/Scanner+Utils.swift /Users/admin/builder/spi-builder-workspace/Sources/TelegramBotSDK/Extensions/String+ExtractBotCommand.swift /Users/admin/builder/spi-builder-workspace/Sources/TelegramBotSDK/Extensions/String+HTTP.swift /Users/admin/builder/spi-builder-workspace/Sources/TelegramBotSDK/Extensions/String+Trim.swift (in target 'TelegramBotSDK' from project 'TelegramBotSDK')
/Users/admin/builder/spi-builder-workspace/Sources/TelegramBotSDK/Extensions/Scanner+Compatibility.swift:14:16: warning: 'scanInt32' was deprecated in macOS 10.15 [#DeprecatedDeclaration]
 12 |     func scanInt32() -> Int32? {
 13 |         var result: Int32 = 0
 14 |         return scanInt32(&result) ? result : nil
    |                `- warning: 'scanInt32' was deprecated in macOS 10.15 [#DeprecatedDeclaration]
 15 |     }
 16 |     #endif
/Users/admin/builder/spi-builder-workspace/Sources/TelegramBotSDK/Extensions/Scanner+Compatibility.swift:31:16: warning: 'scanFloat' was deprecated in macOS 10.15 [#DeprecatedDeclaration]
 29 |     func scanFloat() -> Float? {
 30 |         var result: Float = 0.0
 31 |         return scanFloat(&result) ? result : nil
    |                `- warning: 'scanFloat' was deprecated in macOS 10.15 [#DeprecatedDeclaration]
 32 |     }
 33 |     #endif
/Users/admin/builder/spi-builder-workspace/Sources/TelegramBotSDK/Extensions/Scanner+Compatibility.swift:38:16: warning: 'scanDouble' was deprecated in macOS 10.15 [#DeprecatedDeclaration]
 36 |     func scanDouble() -> Double? {
 37 |         var result: Double = 0.0
 38 |         return scanDouble(&result) ? result : nil
    |                `- warning: 'scanDouble' was deprecated in macOS 10.15 [#DeprecatedDeclaration]
 39 |     }
 40 |     #endif
/Users/admin/builder/spi-builder-workspace/Sources/TelegramBotSDK/Extensions/Scanner+Compatibility.swift:44:16: warning: 'scanHexInt32' was deprecated in macOS 10.15 [#DeprecatedDeclaration]
 42 |     func scanHexUInt32() -> UInt32? {
 43 |         var result: UInt32 = 0
 44 |         return scanHexInt32(&result) ? result : nil
    |                `- warning: 'scanHexInt32' was deprecated in macOS 10.15 [#DeprecatedDeclaration]
 45 |     }
 46 |
/Users/admin/builder/spi-builder-workspace/Sources/TelegramBotSDK/Extensions/Scanner+Compatibility.swift:65:15: warning: 'scanString(_:into:)' was deprecated in macOS 10.15 [#DeprecatedDeclaration]
 63 |     func scanString(_ searchString: String) -> String? {
 64 |         var result: NSString?
 65 |         guard scanString(searchString, into: &result) else { return nil }
    |               `- warning: 'scanString(_:into:)' was deprecated in macOS 10.15 [#DeprecatedDeclaration]
 66 |         return result as String?
 67 |     }
/Users/admin/builder/spi-builder-workspace/Sources/TelegramBotSDK/Extensions/Scanner+Compatibility.swift:77:15: warning: 'scanCharacters(from:into:)' was deprecated in macOS 10.15 [#DeprecatedDeclaration]
 75 |     func scanCharacters(from: CharacterSet) -> String? {
 76 |         var result: NSString?
 77 |         guard scanCharacters(from: from, into: &result) else { return nil }
    |               `- warning: 'scanCharacters(from:into:)' was deprecated in macOS 10.15 [#DeprecatedDeclaration]
 78 |         return result as String?
 79 |     }
/Users/admin/builder/spi-builder-workspace/Sources/TelegramBotSDK/Extensions/Scanner+Compatibility.swift:92:15: warning: 'scanUpTo(_:into:)' was deprecated in macOS 10.15 [#DeprecatedDeclaration]
 90 |     func scanUpTo(_ string: String) -> String? {
 91 |         var result: NSString?
 92 |         guard scanUpTo(string, into: &result) else { return nil }
    |               `- warning: 'scanUpTo(_:into:)' was deprecated in macOS 10.15 [#DeprecatedDeclaration]
 93 |         return result as String?
 94 |     }
/Users/admin/builder/spi-builder-workspace/Sources/TelegramBotSDK/Extensions/Scanner+Compatibility.swift:104:15: warning: 'scanUpToCharacters(from:into:)' was deprecated in macOS 10.15 [#DeprecatedDeclaration]
102 |     func scanUpToCharacters(from set: CharacterSet) -> String? {
103 |         var result: NSString?
104 |         guard scanUpToCharacters(from: set, into: &result) else { return nil }
    |               `- warning: 'scanUpToCharacters(from:into:)' was deprecated in macOS 10.15 [#DeprecatedDeclaration]
105 |         return result as String?
106 |     }
/Users/admin/builder/spi-builder-workspace/Sources/TelegramBotSDK/Extensions/Scanner+Utils.swift:19:20: warning: 'scanInt32' was deprecated in macOS 10.15 [#DeprecatedDeclaration]
 17 |     func skipInt32() -> Bool {
 18 |         #if os(OSX)
 19 |             return scanInt32(nil)
    |                    `- warning: 'scanInt32' was deprecated in macOS 10.15 [#DeprecatedDeclaration]
 20 |         #else
 21 |             return scanInt() != nil
/Users/admin/builder/spi-builder-workspace/Sources/TelegramBotSDK/Extensions/Scanner+Utils.swift:100:36: warning: 'scanLocation' was deprecated in macOS 10.15 [#DeprecatedDeclaration]
 98 |
 99 |     func peekUtf16CodeUnit() -> UTF16.CodeUnit? {
100 |         let originalScanLocation = scanLocation
    |                                    `- warning: 'scanLocation' was deprecated in macOS 10.15 [#DeprecatedDeclaration]
101 |         defer { scanLocation = originalScanLocation }
102 |
/Users/admin/builder/spi-builder-workspace/Sources/TelegramBotSDK/Extensions/Scanner+Utils.swift:101:17: warning: 'scanLocation' was deprecated in macOS 10.15 [#DeprecatedDeclaration]
 99 |     func peekUtf16CodeUnit() -> UTF16.CodeUnit? {
100 |         let originalScanLocation = scanLocation
101 |         defer { scanLocation = originalScanLocation }
    |                 `- warning: 'scanLocation' was deprecated in macOS 10.15 [#DeprecatedDeclaration]
102 |
103 |         let originalCharactersToBeSkipped = charactersToBeSkipped
/Users/admin/builder/spi-builder-workspace/Sources/TelegramBotSDK/Extensions/Scanner+Utils.swift:111:15: warning: 'scanLocation' was deprecated in macOS 10.15 [#DeprecatedDeclaration]
109 |         }
110 |
111 |         guard scanLocation < string.utf16.count else { return nil }
    |               `- warning: 'scanLocation' was deprecated in macOS 10.15 [#DeprecatedDeclaration]
112 |         let index = string.utf16.index(string.utf16.startIndex, offsetBy: scanLocation)
113 |         return string.utf16[index]
/Users/admin/builder/spi-builder-workspace/Sources/TelegramBotSDK/Extensions/Scanner+Utils.swift:112:75: warning: 'scanLocation' was deprecated in macOS 10.15 [#DeprecatedDeclaration]
110 |
111 |         guard scanLocation < string.utf16.count else { return nil }
112 |         let index = string.utf16.index(string.utf16.startIndex, offsetBy: scanLocation)
    |                                                                           `- warning: 'scanLocation' was deprecated in macOS 10.15 [#DeprecatedDeclaration]
113 |         return string.utf16[index]
114 |     }
/Users/admin/builder/spi-builder-workspace/Sources/TelegramBotSDK/Extensions/Scanner+Utils.swift:118:66: warning: 'scanLocation' was deprecated in macOS 10.15 [#DeprecatedDeclaration]
116 |     var scanLocationInCharacters: Int {
117 |         let utf16 = string.utf16
118 |         guard let to16 = utf16.index(utf16.startIndex, offsetBy: scanLocation, limitedBy: utf16.endIndex),
    |                                                                  `- warning: 'scanLocation' was deprecated in macOS 10.15 [#DeprecatedDeclaration]
119 |             let to = String.Index(to16, within: string) else {
120 |                 return 0
/Users/admin/builder/spi-builder-workspace/Sources/TelegramBotSDK/Extensions/Scanner+Utils.swift:127:66: warning: 'scanLocation' was deprecated in macOS 10.15 [#DeprecatedDeclaration]
125 |     private var currentCharacterIndex: String.Index? {
126 |         let utf16 = string.utf16
127 |         guard let to16 = utf16.index(utf16.startIndex, offsetBy: scanLocation, limitedBy: utf16.endIndex),
    |                                                                  `- warning: 'scanLocation' was deprecated in macOS 10.15 [#DeprecatedDeclaration]
128 |             let to = String.Index(to16, within: string) else {
129 |                 return nil
/Users/admin/builder/spi-builder-workspace/Sources/TelegramBotSDK/Extensions/String+ExtractBotCommand.swift:35:46: warning: 'scanLocation' was deprecated in macOS 10.15 [#DeprecatedDeclaration]
33 |         }
34 |
35 |         let usernameSeparatorIndex = scanner.scanLocation
   |                                              `- warning: 'scanLocation' was deprecated in macOS 10.15 [#DeprecatedDeclaration]
36 |
37 |         let usernameSeparator = "@"
/Users/admin/builder/spi-builder-workspace/Sources/TelegramBotSDK/Extensions/String+ExtractBotCommand.swift:59:30: warning: 'scanLocation' was deprecated in macOS 10.15 [#DeprecatedDeclaration]
57 |         let t = NSString(string: self)
58 | 		return t.substring(to: usernameSeparatorIndex) +
59 | 			t.substring(from: scanner.scanLocation)
   |                              `- warning: 'scanLocation' was deprecated in macOS 10.15 [#DeprecatedDeclaration]
60 |     }
61 | }
[#DeprecatedDeclaration]: <https://docs.swift.org/compiler/documentation/diagnostics/deprecated-declaration>
SwiftCompile normal arm64 /Users/admin/builder/spi-builder-workspace/Sources/TelegramBotSDK/Extensions/Scanner+Compatibility.swift (in target 'TelegramBotSDK' from project 'TelegramBotSDK')
    cd /Users/admin/builder/spi-builder-workspace/.swiftpm/xcode
    builtin-SwiftPerFileCompile Scanner+Compatibility.swift
SwiftCompile normal arm64 /Users/admin/builder/spi-builder-workspace/Sources/TelegramBotSDK/Extensions/Scanner+Utils.swift (in target 'TelegramBotSDK' from project 'TelegramBotSDK')
    cd /Users/admin/builder/spi-builder-workspace/.swiftpm/xcode
    builtin-SwiftPerFileCompile Scanner+Utils.swift
SwiftCompile normal arm64 /Users/admin/builder/spi-builder-workspace/Sources/TelegramBotSDK/Extensions/String+ExtractBotCommand.swift (in target 'TelegramBotSDK' from project 'TelegramBotSDK')
    cd /Users/admin/builder/spi-builder-workspace/.swiftpm/xcode
    builtin-SwiftPerFileCompile String+ExtractBotCommand.swift
SwiftCompile normal arm64 /Users/admin/builder/spi-builder-workspace/Sources/TelegramBotSDK/Extensions/String+HTTP.swift (in target 'TelegramBotSDK' from project 'TelegramBotSDK')
    cd /Users/admin/builder/spi-builder-workspace/.swiftpm/xcode
    builtin-SwiftPerFileCompile String+HTTP.swift
SwiftCompile normal arm64 /Users/admin/builder/spi-builder-workspace/Sources/TelegramBotSDK/Extensions/String+Trim.swift (in target 'TelegramBotSDK' from project 'TelegramBotSDK')
    cd /Users/admin/builder/spi-builder-workspace/.swiftpm/xcode
    builtin-SwiftPerFileCompile String+Trim.swift
SwiftCompile normal arm64 Compiling\ TelegramBot+sendChatAction+Utils.swift,\ MimeTypes.swift,\ Arguments.swift,\ Command.swift,\ ContentType.swift /Users/admin/builder/spi-builder-workspace/Sources/TelegramBotSDK/Methods/TelegramBot+sendChatAction+Utils.swift /Users/admin/builder/spi-builder-workspace/Sources/TelegramBotSDK/MimeTypes.swift /Users/admin/builder/spi-builder-workspace/Sources/TelegramBotSDK/Router/Arguments.swift /Users/admin/builder/spi-builder-workspace/Sources/TelegramBotSDK/Router/Command.swift /Users/admin/builder/spi-builder-workspace/Sources/TelegramBotSDK/Router/ContentType.swift (in target 'TelegramBotSDK' from project 'TelegramBotSDK')
SwiftCompile normal arm64 /Users/admin/builder/spi-builder-workspace/Sources/TelegramBotSDK/Methods/TelegramBot+sendChatAction+Utils.swift (in target 'TelegramBotSDK' from project 'TelegramBotSDK')
    cd /Users/admin/builder/spi-builder-workspace/.swiftpm/xcode
    builtin-SwiftPerFileCompile TelegramBot+sendChatAction+Utils.swift
SwiftCompile normal arm64 /Users/admin/builder/spi-builder-workspace/Sources/TelegramBotSDK/MimeTypes.swift (in target 'TelegramBotSDK' from project 'TelegramBotSDK')
    cd /Users/admin/builder/spi-builder-workspace/.swiftpm/xcode
    builtin-SwiftPerFileCompile MimeTypes.swift
SwiftCompile normal arm64 /Users/admin/builder/spi-builder-workspace/Sources/TelegramBotSDK/Router/Arguments.swift (in target 'TelegramBotSDK' from project 'TelegramBotSDK')
    cd /Users/admin/builder/spi-builder-workspace/.swiftpm/xcode
    builtin-SwiftPerFileCompile Arguments.swift
SwiftCompile normal arm64 /Users/admin/builder/spi-builder-workspace/Sources/TelegramBotSDK/Router/Command.swift (in target 'TelegramBotSDK' from project 'TelegramBotSDK')
    cd /Users/admin/builder/spi-builder-workspace/.swiftpm/xcode
    builtin-SwiftPerFileCompile Command.swift
SwiftCompile normal arm64 /Users/admin/builder/spi-builder-workspace/Sources/TelegramBotSDK/Router/ContentType.swift (in target 'TelegramBotSDK' from project 'TelegramBotSDK')
    cd /Users/admin/builder/spi-builder-workspace/.swiftpm/xcode
    builtin-SwiftPerFileCompile ContentType.swift
SwiftCompile normal arm64 Compiling\ BotName.swift,\ DataTaskError.swift,\ DictionaryUtils.swift,\ NSRunLoop+Utils.swift,\ Optional+Unwrap.swift /Users/admin/builder/spi-builder-workspace/Sources/TelegramBotSDK/BotName.swift /Users/admin/builder/spi-builder-workspace/Sources/TelegramBotSDK/DataTaskError.swift /Users/admin/builder/spi-builder-workspace/Sources/TelegramBotSDK/DictionaryUtils.swift /Users/admin/builder/spi-builder-workspace/Sources/TelegramBotSDK/Extensions/NSRunLoop+Utils.swift /Users/admin/builder/spi-builder-workspace/Sources/TelegramBotSDK/Extensions/Optional+Unwrap.swift (in target 'TelegramBotSDK' from project 'TelegramBotSDK')
SwiftCompile normal arm64 /Users/admin/builder/spi-builder-workspace/Sources/TelegramBotSDK/BotName.swift (in target 'TelegramBotSDK' from project 'TelegramBotSDK')
    cd /Users/admin/builder/spi-builder-workspace/.swiftpm/xcode
    builtin-SwiftPerFileCompile BotName.swift
SwiftCompile normal arm64 /Users/admin/builder/spi-builder-workspace/Sources/TelegramBotSDK/DataTaskError.swift (in target 'TelegramBotSDK' from project 'TelegramBotSDK')
    cd /Users/admin/builder/spi-builder-workspace/.swiftpm/xcode
    builtin-SwiftPerFileCompile DataTaskError.swift
SwiftCompile normal arm64 /Users/admin/builder/spi-builder-workspace/Sources/TelegramBotSDK/DictionaryUtils.swift (in target 'TelegramBotSDK' from project 'TelegramBotSDK')
    cd /Users/admin/builder/spi-builder-workspace/.swiftpm/xcode
    builtin-SwiftPerFileCompile DictionaryUtils.swift
SwiftCompile normal arm64 /Users/admin/builder/spi-builder-workspace/Sources/TelegramBotSDK/Extensions/NSRunLoop+Utils.swift (in target 'TelegramBotSDK' from project 'TelegramBotSDK')
    cd /Users/admin/builder/spi-builder-workspace/.swiftpm/xcode
    builtin-SwiftPerFileCompile NSRunLoop+Utils.swift
SwiftCompile normal arm64 /Users/admin/builder/spi-builder-workspace/Sources/TelegramBotSDK/Extensions/Optional+Unwrap.swift (in target 'TelegramBotSDK' from project 'TelegramBotSDK')
    cd /Users/admin/builder/spi-builder-workspace/.swiftpm/xcode
    builtin-SwiftPerFileCompile Optional+Unwrap.swift
SwiftCompile normal arm64 Compiling\ TelegramBot+Requests.swift,\ TelegramBot+Utils.swift,\ TelegramBot.swift,\ ChatId.swift /Users/admin/builder/spi-builder-workspace/Sources/TelegramBotSDK/TelegramBot+Requests.swift /Users/admin/builder/spi-builder-workspace/Sources/TelegramBotSDK/TelegramBot+Utils.swift /Users/admin/builder/spi-builder-workspace/Sources/TelegramBotSDK/TelegramBot.swift /Users/admin/builder/spi-builder-workspace/Sources/TelegramBotSDK/Types/ChatId.swift (in target 'TelegramBotSDK' from project 'TelegramBotSDK')
/Users/admin/builder/spi-builder-workspace/Sources/TelegramBotSDK/TelegramBot.swift:204:105: warning: capture of 'resultType' with non-Sendable type 'T.Type' in a '@Sendable' closure [#SendableClosureCaptures]
202 |             requestData.withUnsafeBytes { (unsafeRawBufferPointer) -> Void in
203 |                 let unsafeBufferPointer = unsafeRawBufferPointer.bindMemory(to: UInt8.self).baseAddress!
204 |                 self.curlPerformRequest(endpointUrl: endpointUrl, contentType: contentType, resultType: resultType, requestBytes: unsafeBufferPointer, byteCount: byteCount, completion: completion)
    |                                                                                                         `- warning: capture of 'resultType' with non-Sendable type 'T.Type' in a '@Sendable' closure [#SendableClosureCaptures]
205 |             }
206 |         }
/Users/admin/builder/spi-builder-workspace/Sources/TelegramBotSDK/TelegramBot.swift:204:105: warning: capture of 'resultType' with non-Sendable type 'T.Type' in an isolated closure
202 |             requestData.withUnsafeBytes { (unsafeRawBufferPointer) -> Void in
203 |                 let unsafeBufferPointer = unsafeRawBufferPointer.bindMemory(to: UInt8.self).baseAddress!
204 |                 self.curlPerformRequest(endpointUrl: endpointUrl, contentType: contentType, resultType: resultType, requestBytes: unsafeBufferPointer, byteCount: byteCount, completion: completion)
    |                                                                                                         `- warning: capture of 'resultType' with non-Sendable type 'T.Type' in an isolated closure
205 |             }
206 |         }
/Users/admin/builder/spi-builder-workspace/Sources/TelegramBotSDK/TelegramBot.swift:241:59: warning: forming 'UnsafeMutableRawPointer' to a variable of type 'WriteCallbackData'; this is likely incorrect because 'WriteCallbackData' may contain an object reference.
239 |         }
240 |         curl_easy_setopt_write_function(curl, CURLOPT_WRITEFUNCTION, writeFunction)
241 |         curl_easy_setopt_pointer(curl, CURLOPT_WRITEDATA, &callbackData)
    |                                                           `- warning: forming 'UnsafeMutableRawPointer' to a variable of type 'WriteCallbackData'; this is likely incorrect because 'WriteCallbackData' may contain an object reference.
242 |         //curl_easy_setopt_int(curl, CURLOPT_VERBOSE, 1)
243 |         let code = curl_easy_perform(curl)
[#SendableClosureCaptures]: <https://docs.swift.org/compiler/documentation/diagnostics/sendable-closure-captures>
SwiftCompile normal arm64 /Users/admin/builder/spi-builder-workspace/Sources/TelegramBotSDK/TelegramBot+Requests.swift (in target 'TelegramBotSDK' from project 'TelegramBotSDK')
    cd /Users/admin/builder/spi-builder-workspace/.swiftpm/xcode
    builtin-SwiftPerFileCompile TelegramBot+Requests.swift
SwiftCompile normal arm64 /Users/admin/builder/spi-builder-workspace/Sources/TelegramBotSDK/TelegramBot+Utils.swift (in target 'TelegramBotSDK' from project 'TelegramBotSDK')
    cd /Users/admin/builder/spi-builder-workspace/.swiftpm/xcode
    builtin-SwiftPerFileCompile TelegramBot+Utils.swift
SwiftCompile normal arm64 /Users/admin/builder/spi-builder-workspace/Sources/TelegramBotSDK/TelegramBot.swift (in target 'TelegramBotSDK' from project 'TelegramBotSDK')
    cd /Users/admin/builder/spi-builder-workspace/.swiftpm/xcode
    builtin-SwiftPerFileCompile TelegramBot.swift
SwiftCompile normal arm64 /Users/admin/builder/spi-builder-workspace/Sources/TelegramBotSDK/Types/ChatId.swift (in target 'TelegramBotSDK' from project 'TelegramBotSDK')
    cd /Users/admin/builder/spi-builder-workspace/.swiftpm/xcode
    builtin-SwiftPerFileCompile ChatId.swift
SwiftCompile normal arm64 Compiling\ Context.swift,\ Router+Helpers.swift,\ Router.swift,\ TaskAssociatedData.swift /Users/admin/builder/spi-builder-workspace/Sources/TelegramBotSDK/Router/Context.swift /Users/admin/builder/spi-builder-workspace/Sources/TelegramBotSDK/Router/Router+Helpers.swift /Users/admin/builder/spi-builder-workspace/Sources/TelegramBotSDK/Router/Router.swift /Users/admin/builder/spi-builder-workspace/Sources/TelegramBotSDK/TaskAssociatedData.swift (in target 'TelegramBotSDK' from project 'TelegramBotSDK')
/Users/admin/builder/spi-builder-workspace/Sources/TelegramBotSDK/Router/Router.swift:80:38: warning: 'scanLocation' was deprecated in macOS 10.15 [#DeprecatedDeclaration]
 78 |         scanner.caseSensitive = caseSensitive
 79 |         scanner.charactersToBeSkipped = charactersToBeSkipped
 80 | 		let originalScanLocation = scanner.scanLocation
    |                                      `- warning: 'scanLocation' was deprecated in macOS 10.15 [#DeprecatedDeclaration]
 81 |
 82 | 		for path in paths {
/Users/admin/builder/spi-builder-workspace/Sources/TelegramBotSDK/Router/Router.swift:86:13: warning: 'scanLocation' was deprecated in macOS 10.15 [#DeprecatedDeclaration]
 84 |             var startsWithSlash = false
 85 |             if !match(contentType: path.contentType, update: update, commandScanner: scanner, userCommand: &command, startsWithSlash: &startsWithSlash) {
 86 | 				scanner.scanLocation = originalScanLocation
    |             `- warning: 'scanLocation' was deprecated in macOS 10.15 [#DeprecatedDeclaration]
 87 | 				continue;
 88 | 			}
/Users/admin/builder/spi-builder-workspace/Sources/TelegramBotSDK/Router/Router.swift:98:12: warning: 'scanLocation' was deprecated in macOS 10.15 [#DeprecatedDeclaration]
 96 | 			}
 97 |
 98 | 			scanner.scanLocation = originalScanLocation
    |            `- warning: 'scanLocation' was deprecated in macOS 10.15 [#DeprecatedDeclaration]
 99 | 		}
100 |
/Users/admin/builder/spi-builder-workspace/Sources/TelegramBotSDK/Router/Router.swift:128:59: warning: 'scanLocation' was deprecated in macOS 10.15 [#DeprecatedDeclaration]
126 |                 return true
127 |             case .commands(let commands):
128 |                 let originalScanLocation = commandScanner.scanLocation
    |                                                           `- warning: 'scanLocation' was deprecated in macOS 10.15 [#DeprecatedDeclaration]
129 |                 for command in commands {
130 |                     guard let result = command.fetchFrom(commandScanner, caseSensitive: caseSensitive) else {
/Users/admin/builder/spi-builder-workspace/Sources/TelegramBotSDK/Router/Router.swift:131:40: warning: 'scanLocation' was deprecated in macOS 10.15 [#DeprecatedDeclaration]
129 |                 for command in commands {
130 |                     guard let result = command.fetchFrom(commandScanner, caseSensitive: caseSensitive) else {
131 |                         commandScanner.scanLocation = originalScanLocation
    |                                        `- warning: 'scanLocation' was deprecated in macOS 10.15 [#DeprecatedDeclaration]
132 |                         continue
133 |                     }
[#DeprecatedDeclaration]: <https://docs.swift.org/compiler/documentation/diagnostics/deprecated-declaration>
SwiftCompile normal arm64 /Users/admin/builder/spi-builder-workspace/Sources/TelegramBotSDK/Router/Context.swift (in target 'TelegramBotSDK' from project 'TelegramBotSDK')
    cd /Users/admin/builder/spi-builder-workspace/.swiftpm/xcode
    builtin-SwiftPerFileCompile Context.swift
SwiftCompile normal arm64 /Users/admin/builder/spi-builder-workspace/Sources/TelegramBotSDK/Router/Router+Helpers.swift (in target 'TelegramBotSDK' from project 'TelegramBotSDK')
    cd /Users/admin/builder/spi-builder-workspace/.swiftpm/xcode
    builtin-SwiftPerFileCompile Router+Helpers.swift
SwiftCompile normal arm64 /Users/admin/builder/spi-builder-workspace/Sources/TelegramBotSDK/Router/Router.swift (in target 'TelegramBotSDK' from project 'TelegramBotSDK')
    cd /Users/admin/builder/spi-builder-workspace/.swiftpm/xcode
    builtin-SwiftPerFileCompile Router.swift
SwiftCompile normal arm64 /Users/admin/builder/spi-builder-workspace/Sources/TelegramBotSDK/TaskAssociatedData.swift (in target 'TelegramBotSDK' from project 'TelegramBotSDK')
    cd /Users/admin/builder/spi-builder-workspace/.swiftpm/xcode
    builtin-SwiftPerFileCompile TaskAssociatedData.swift
SwiftCompile normal arm64 Compiling\ ReplyMarkup.swift,\ Response.swift,\ Utils.swift,\ WriteCallbackData.swift /Users/admin/builder/spi-builder-workspace/Sources/TelegramBotSDK/Types/ReplyMarkup.swift /Users/admin/builder/spi-builder-workspace/Sources/TelegramBotSDK/Types/Response.swift /Users/admin/builder/spi-builder-workspace/Sources/TelegramBotSDK/Utils.swift /Users/admin/builder/spi-builder-workspace/Sources/TelegramBotSDK/WriteCallbackData.swift (in target 'TelegramBotSDK' from project 'TelegramBotSDK')
/Users/admin/builder/spi-builder-workspace/Sources/TelegramBotSDK/Utils.swift:25:46: error: the compiler is unable to type-check this expression in reasonable time; try breaking up the expression into distinct sub-expressions
23 | 			"-----\n" +
24 | 			"Please create either:\n" +
25 | 			"  - an environment variable named \(name)\n" +
   |                                              `- error: the compiler is unable to type-check this expression in reasonable time; try breaking up the expression into distinct sub-expressions
26 | 			"  - a file named \(name)\n" +
27 | 			"containing your bot's token.\n\n")
Failed frontend command:
SwiftCompile normal arm64 /Users/admin/builder/spi-builder-workspace/Sources/TelegramBotSDK/Types/ReplyMarkup.swift (in target 'TelegramBotSDK' from project 'TelegramBotSDK')
    cd /Users/admin/builder/spi-builder-workspace/.swiftpm/xcode
    builtin-SwiftPerFileCompile ReplyMarkup.swift
SwiftCompile normal arm64 /Users/admin/builder/spi-builder-workspace/Sources/TelegramBotSDK/Types/Response.swift (in target 'TelegramBotSDK' from project 'TelegramBotSDK')
    cd /Users/admin/builder/spi-builder-workspace/.swiftpm/xcode
    builtin-SwiftPerFileCompile Response.swift
SwiftCompile normal arm64 /Users/admin/builder/spi-builder-workspace/Sources/TelegramBotSDK/Utils.swift (in target 'TelegramBotSDK' from project 'TelegramBotSDK')
    cd /Users/admin/builder/spi-builder-workspace/.swiftpm/xcode
    builtin-SwiftPerFileCompile Utils.swift
SwiftCompile normal arm64 /Users/admin/builder/spi-builder-workspace/Sources/TelegramBotSDK/WriteCallbackData.swift (in target 'TelegramBotSDK' from project 'TelegramBotSDK')
    cd /Users/admin/builder/spi-builder-workspace/.swiftpm/xcode
    builtin-SwiftPerFileCompile WriteCallbackData.swift
/Applications/Xcode-27.0.0-Release.Candidate.app/Contents/Developer/Toolchains/XcodeDefault.xctoolchain/usr/bin/swift-frontend -frontend -c /Users/admin/builder/spi-builder-workspace/Sources/TelegramBotSDK/BotName.swift /Users/admin/builder/spi-builder-workspace/Sources/TelegramBotSDK/DataTaskError.swift /Users/admin/builder/spi-builder-workspace/Sources/TelegramBotSDK/DictionaryUtils.swift /Users/admin/builder/spi-builder-workspace/Sources/TelegramBotSDK/Extensions/NSRunLoop+Utils.swift /Users/admin/builder/spi-builder-workspace/Sources/TelegramBotSDK/Extensions/Optional+Unwrap.swift /Users/admin/builder/spi-builder-workspace/Sources/TelegramBotSDK/Extensions/Scanner+Compatibility.swift /Users/admin/builder/spi-builder-workspace/Sources/TelegramBotSDK/Extensions/Scanner+Utils.swift /Users/admin/builder/spi-builder-workspace/Sources/TelegramBotSDK/Extensions/String+ExtractBotCommand.swift /Users/admin/builder/spi-builder-workspace/Sources/TelegramBotSDK/Extensions/String+HTTP.swift /Users/admin/builder/spi-builder-workspace/Sources/TelegramBotSDK/Extensions/String+Trim.swift /Users/admin/builder/spi-builder-workspace/Sources/TelegramBotSDK/Extensions/String+Utils.swift /Users/admin/builder/spi-builder-workspace/Sources/TelegramBotSDK/Generated/Methods.swift /Users/admin/builder/spi-builder-workspace/Sources/TelegramBotSDK/Generated/Types.swift /Users/admin/builder/spi-builder-workspace/Sources/TelegramBotSDK/HTTPUtils.swift /Users/admin/builder/spi-builder-workspace/Sources/TelegramBotSDK/Methods/TelegramBot+getUpdates+Utils.swift /Users/admin/builder/spi-builder-workspace/Sources/TelegramBotSDK/Methods/TelegramBot+sendChatAction+Utils.swift /Users/admin/builder/spi-builder-workspace/Sources/TelegramBotSDK/MimeTypes.swift /Users/admin/builder/spi-builder-workspace/Sources/TelegramBotSDK/Router/Arguments.swift /Users/admin/builder/spi-builder-workspace/Sources/TelegramBotSDK/Router/Command.swift /Users/admin/builder/spi-builder-workspace/Sources/TelegramBotSDK/Router/ContentType.swift /Users/admin/builder/spi-builder-workspace/Sources/TelegramBotSDK/Router/Context.swift /Users/admin/builder/spi-builder-workspace/Sources/TelegramBotSDK/Router/Router+Helpers.swift /Users/admin/builder/spi-builder-workspace/Sources/TelegramBotSDK/Router/Router.swift /Users/admin/builder/spi-builder-workspace/Sources/TelegramBotSDK/TaskAssociatedData.swift /Users/admin/builder/spi-builder-workspace/Sources/TelegramBotSDK/TelegramBot+Requests.swift /Users/admin/builder/spi-builder-workspace/Sources/TelegramBotSDK/TelegramBot+Utils.swift /Users/admin/builder/spi-builder-workspace/Sources/TelegramBotSDK/TelegramBot.swift /Users/admin/builder/spi-builder-workspace/Sources/TelegramBotSDK/Types/ChatId.swift /Users/admin/builder/spi-builder-workspace/Sources/TelegramBotSDK/Types/ChatMember+Status.swift /Users/admin/builder/spi-builder-workspace/Sources/TelegramBotSDK/Types/ChatType.swift /Users/admin/builder/spi-builder-workspace/Sources/TelegramBotSDK/Types/InlineQueryResult.swift /Users/admin/builder/spi-builder-workspace/Sources/TelegramBotSDK/Types/InputFile.swift /Users/admin/builder/spi-builder-workspace/Sources/TelegramBotSDK/Types/InputFileOrString.swift /Users/admin/builder/spi-builder-workspace/Sources/TelegramBotSDK/Types/InputMedia.swift /Users/admin/builder/spi-builder-workspace/Sources/TelegramBotSDK/Types/InputMessageContent.swift /Users/admin/builder/spi-builder-workspace/Sources/TelegramBotSDK/Types/Message+Command.swift /Users/admin/builder/spi-builder-workspace/Sources/TelegramBotSDK/Types/MessageEntity+Utils.swift /Users/admin/builder/spi-builder-workspace/Sources/TelegramBotSDK/Types/MessageOrBool.swift /Users/admin/builder/spi-builder-workspace/Sources/TelegramBotSDK/Types/ParseMode.swift /Users/admin/builder/spi-builder-workspace/Sources/TelegramBotSDK/Types/PollType.swift -primary-file /Users/admin/builder/spi-builder-workspace/Sources/TelegramBotSDK/Types/ReplyMarkup.swift -primary-file /Users/admin/builder/spi-builder-workspace/Sources/TelegramBotSDK/Types/Response.swift -primary-file /Users/admin/builder/spi-builder-workspace/Sources/TelegramBotSDK/Utils.swift -primary-file /Users/admin/builder/spi-builder-workspace/Sources/TelegramBotSDK/WriteCallbackData.swift -supplementary-output-file-map /Users/admin/builder/spi-builder-workspace/.derivedData/Build/Intermediates.noindex/TelegramBotSDK.build/Debug/TelegramBotSDK-t.build/Objects-normal/arm64/supplementaryOutputs-10 -target arm64-apple-macos12.0 -disable-cross-import-overlay-search -load-resolved-plugin /Applications/Xcode-27.0.0-Release.Candidate.app/Contents/Developer/Platforms/MacOSX.platform/Developer/usr/lib/swift/host/plugins/libFoundationMacros.dylib\#/Applications/Xcode-27.0.0-Release.Candidate.app/Contents/Developer/Platforms/MacOSX.platform/Developer/usr/bin/swift-plugin-server\#FoundationMacros -load-resolved-plugin /Applications/Xcode-27.0.0-Release.Candidate.app/Contents/Developer/Platforms/MacOSX.platform/Developer/usr/lib/swift/host/plugins/libObservationMacros.dylib\#/Applications/Xcode-27.0.0-Release.Candidate.app/Contents/Developer/Platforms/MacOSX.platform/Developer/usr/bin/swift-plugin-server\#ObservationMacros -load-resolved-plugin /Applications/Xcode-27.0.0-Release.Candidate.app/Contents/Developer/Platforms/MacOSX.platform/Developer/usr/lib/swift/host/plugins/libSwiftMacros.dylib\#/Applications/Xcode-27.0.0-Release.Candidate.app/Contents/Developer/Platforms/MacOSX.platform/Developer/usr/bin/swift-plugin-server\#SwiftMacros -disable-implicit-swift-modules -Xcc -fno-implicit-modules -Xcc -fno-implicit-module-maps -explicit-swift-module-map-file /Users/admin/builder/spi-builder-workspace/.derivedData/Build/Intermediates.noindex/TelegramBotSDK.build/Debug/TelegramBotSDK-t.build/Objects-normal/arm64/TelegramBotSDK-dependencies-1.json -Xllvm -aarch64-use-tbi -enable-objc-interop -stack-check -sdk /Applications/Xcode-27.0.0-Release.Candidate.app/Contents/Developer/Platforms/MacOSX.platform/Developer/SDKs/MacOSX27.0.sdk -I /Users/admin/builder/spi-builder-workspace/.derivedData/Build/Products/Debug -Isystem /Applications/Xcode-27.0.0-Release.Candidate.app/Contents/Developer/Platforms/MacOSX.platform/Developer/usr/lib -F /Users/admin/builder/spi-builder-workspace/.derivedData/Build/Products/Debug/PackageFrameworks -F /Users/admin/builder/spi-builder-workspace/.derivedData/Build/Products/Debug -F /Applications/Xcode-27.0.0-Release.Candidate.app/Contents/Developer/Platforms/MacOSX.platform/Developer/Library/Frameworks -module-cache-path /Users/admin/builder/spi-builder-workspace/.derivedData/Build/Intermediates.noindex/SwiftExplicitPrecompiledModules -no-color-diagnostics -Xcc -fno-color-diagnostics -enable-testing -g -debug-info-format\=dwarf -dwarf-version\=4 -profile-generate -profile-coverage-mapping -swift-version 5 -Onone -D SWIFT_PACKAGE -D DEBUG -D SWIFT_MODULE_RESOURCE_BUNDLE_UNAVAILABLE -D Xcode -serialize-debugging-options -enable-experimental-feature DebugDescriptionMacro -empty-abi-descriptor -validate-clang-modules-once -clang-build-session-file /Users/admin/builder/spi-builder-workspace/.derivedData/ModuleCache.noindex/Session.modulevalidation -Xcc -working-directory -Xcc /Users/admin/builder/spi-builder-workspace/.swiftpm/xcode -enable-anonymous-context-mangled-names -file-compilation-dir /Users/admin/builder/spi-builder-workspace/.swiftpm/xcode -Xcc -fmodule-map-file\=/Users/admin/builder/spi-builder-workspace/Sources/CCurl/include/module.modulemap -Xcc -D_LIBCPP_HARDENING_MODE\=_LIBCPP_HARDENING_MODE_DEBUG -Xcc -ivfsstatcache -Xcc /Users/admin/builder/spi-builder-workspace/.derivedData/SDKStatCaches.noindex/macosx27.0-26A425-e829b21a6f8c9b70876ba0858053c0446a22442a12e9d48fe1a705f55a1adfc4.sdkstatcache -Xcc -fmodules-prune-interval\=86400 -Xcc -fmodules-prune-after\=345600 -Xcc -I/Users/admin/builder/spi-builder-workspace/Sources/CCurl/include -Xcc -I/Users/admin/builder/spi-builder-workspace/.derivedData/Build/Products/Debug/include -Xcc -I/Users/admin/builder/spi-builder-workspace/.derivedData/Build/Intermediates.noindex/TelegramBotSDK.build/Debug/TelegramBotSDK-t.build/DerivedSources-normal/arm64 -Xcc -I/Users/admin/builder/spi-builder-workspace/.derivedData/Build/Intermediates.noindex/TelegramBotSDK.build/Debug/TelegramBotSDK-t.build/DerivedSources/arm64 -Xcc -I/Users/admin/builder/spi-builder-workspace/.derivedData/Build/Intermediates.noindex/TelegramBotSDK.build/Debug/TelegramBotSDK-t.build/DerivedSources -Xcc -DSWIFT_PACKAGE -Xcc -DDEBUG\=1 -no-auto-bridging-header-chaining -module-name TelegramBotSDK -const-gather-protocols-file /Users/admin/builder/spi-builder-workspace/.derivedData/Build/Intermediates.noindex/TelegramBotSDK.build/Debug/TelegramBotSDK-t.build/Objects-normal/arm64/TelegramBotSDK_const_extract_protocols.json -disable-clang-spi -clang-target arm64-apple-macos27.0 -target-sdk-version 27.0 -target-sdk-name macosx27.0 -in-process-plugin-server-path /Applications/Xcode-27.0.0-Release.Candidate.app/Contents/Developer/Toolchains/XcodeDefault.xctoolchain/usr/lib/swift/host/libSwiftInProcPluginServer.dylib -parse-as-library -o /Users/admin/builder/spi-builder-workspace/.derivedData/Build/Intermediates.noindex/TelegramBotSDK.build/Debug/TelegramBotSDK-t.build/Objects-normal/arm64/ReplyMarkup.o -o /Users/admin/builder/spi-builder-workspace/.derivedData/Build/Intermediates.noindex/TelegramBotSDK.build/Debug/TelegramBotSDK-t.build/Objects-normal/arm64/Response.o -o /Users/admin/builder/spi-builder-workspace/.derivedData/Build/Intermediates.noindex/TelegramBotSDK.build/Debug/TelegramBotSDK-t.build/Objects-normal/arm64/Utils.o -o /Users/admin/builder/spi-builder-workspace/.derivedData/Build/Intermediates.noindex/TelegramBotSDK.build/Debug/TelegramBotSDK-t.build/Objects-normal/arm64/WriteCallbackData.o -debug-module-path /Users/admin/builder/spi-builder-workspace/.derivedData/Build/Intermediates.noindex/TelegramBotSDK.build/Debug/TelegramBotSDK-t.build/Objects-normal/arm64/TelegramBotSDK.swiftmodule -index-unit-output-path /TelegramBotSDK.build/Debug/TelegramBotSDK-t.build/Objects-normal/arm64/ReplyMarkup.o -index-unit-output-path /TelegramBotSDK.build/Debug/TelegramBotSDK-t.build/Objects-normal/arm64/Response.o -index-unit-output-path /TelegramBotSDK.build/Debug/TelegramBotSDK-t.build/Objects-normal/arm64/Utils.o -index-unit-output-path /TelegramBotSDK.build/Debug/TelegramBotSDK-t.build/Objects-normal/arm64/WriteCallbackData.o -index-store-path /Users/admin/builder/spi-builder-workspace/.derivedData/Index.noindex/DataStore -index-system-modules
SwiftDriverJobDiscovery normal arm64 Emitting module for TelegramBotSDK (in target 'TelegramBotSDK' from project 'TelegramBotSDK')
SwiftDriver\ Compilation\ Requirements TelegramBotSDK normal arm64 com.apple.xcode.tools.swift.compiler (in target 'TelegramBotSDK' from project 'TelegramBotSDK')
    cd /Users/admin/builder/spi-builder-workspace/.swiftpm/xcode
    builtin-Swift-Compilation-Requirements -- /Applications/Xcode-27.0.0-Release.Candidate.app/Contents/Developer/Toolchains/XcodeDefault.xctoolchain/usr/bin/swiftc -parse-as-library -module-name TelegramBotSDK -Onone @/Users/admin/builder/spi-builder-workspace/.derivedData/Build/Intermediates.noindex/TelegramBotSDK.build/Debug/TelegramBotSDK-t.build/Objects-normal/arm64/TelegramBotSDK.SwiftFileList -DSWIFT_PACKAGE -DDEBUG -DSWIFT_MODULE_RESOURCE_BUNDLE_UNAVAILABLE -Xcc -fmodule-map-file\=/Users/admin/builder/spi-builder-workspace/Sources/CCurl/include/module.modulemap -DXcode -plugin-path /Applications/Xcode-27.0.0-Release.Candidate.app/Contents/Developer/Toolchains/XcodeDefault.xctoolchain/usr/lib/swift/host/plugins/testing -enable-experimental-feature DebugDescriptionMacro -sdk /Applications/Xcode-27.0.0-Release.Candidate.app/Contents/Developer/Platforms/MacOSX.platform/Developer/SDKs/MacOSX27.0.sdk -target arm64-apple-macos12.0 -g -module-cache-path /Users/admin/builder/spi-builder-workspace/.derivedData/ModuleCache.noindex -Xfrontend -serialize-debugging-options -profile-coverage-mapping -profile-generate -enable-testing -index-store-path /Users/admin/builder/spi-builder-workspace/.derivedData/Index.noindex/DataStore -Xcc -D_LIBCPP_HARDENING_MODE\=_LIBCPP_HARDENING_MODE_DEBUG -swift-version 5 -I /Users/admin/builder/spi-builder-workspace/.derivedData/Build/Products/Debug -Isystem /Applications/Xcode-27.0.0-Release.Candidate.app/Contents/Developer/Platforms/MacOSX.platform/Developer/usr/lib -F /Users/admin/builder/spi-builder-workspace/.derivedData/Build/Products/Debug/PackageFrameworks -F /Users/admin/builder/spi-builder-workspace/.derivedData/Build/Products/Debug -F /Applications/Xcode-27.0.0-Release.Candidate.app/Contents/Developer/Platforms/MacOSX.platform/Developer/Library/Frameworks -c -j10 -enable-batch-mode -incremental -Xcc -ivfsstatcache -Xcc /Users/admin/builder/spi-builder-workspace/.derivedData/SDKStatCaches.noindex/macosx27.0-26A425-e829b21a6f8c9b70876ba0858053c0446a22442a12e9d48fe1a705f55a1adfc4.sdkstatcache -output-file-map /Users/admin/builder/spi-builder-workspace/.derivedData/Build/Intermediates.noindex/TelegramBotSDK.build/Debug/TelegramBotSDK-t.build/Objects-normal/arm64/TelegramBotSDK-OutputFileMap.json -save-temps -no-color-diagnostics -explicit-module-build -module-cache-path /Users/admin/builder/spi-builder-workspace/.derivedData/Build/Intermediates.noindex/SwiftExplicitPrecompiledModules -clang-scanner-module-cache-path /Users/admin/builder/spi-builder-workspace/.derivedData/ModuleCache.noindex -sdk-module-cache-path /Users/admin/builder/spi-builder-workspace/.derivedData/SDKExplicitPrecompiledModules -emit-dependencies -emit-module -emit-module-path /Users/admin/builder/spi-builder-workspace/.derivedData/Build/Intermediates.noindex/TelegramBotSDK.build/Debug/TelegramBotSDK-t.build/Objects-normal/arm64/TelegramBotSDK.swiftmodule -serialize-diagnostics -dependency-scan-serialize-diagnostics-path /Users/admin/builder/spi-builder-workspace/.derivedData/Build/Intermediates.noindex/TelegramBotSDK.build/Debug/TelegramBotSDK-t.build/Objects-normal/arm64/TelegramBotSDK-dependency-scan.dia -validate-clang-modules-once -clang-build-session-file /Users/admin/builder/spi-builder-workspace/.derivedData/ModuleCache.noindex/Session.modulevalidation -Xcc -fmodules-prune-interval\=86400 -Xcc -fmodules-prune-after\=345600 -emit-const-values -const-gather-protocols-list /Users/admin/builder/spi-builder-workspace/.derivedData/Build/Intermediates.noindex/TelegramBotSDK.build/Debug/TelegramBotSDK-t.build/Objects-normal/arm64/TelegramBotSDK_const_extract_protocols.json -Xcc -I/Users/admin/builder/spi-builder-workspace/Sources/CCurl/include -Xcc -I/Users/admin/builder/spi-builder-workspace/.derivedData/Build/Products/Debug/include -Xcc -I/Users/admin/builder/spi-builder-workspace/.derivedData/Build/Intermediates.noindex/TelegramBotSDK.build/Debug/TelegramBotSDK-t.build/DerivedSources-normal/arm64 -Xcc -I/Users/admin/builder/spi-builder-workspace/.derivedData/Build/Intermediates.noindex/TelegramBotSDK.build/Debug/TelegramBotSDK-t.build/DerivedSources/arm64 -Xcc -I/Users/admin/builder/spi-builder-workspace/.derivedData/Build/Intermediates.noindex/TelegramBotSDK.build/Debug/TelegramBotSDK-t.build/DerivedSources -Xcc -DSWIFT_PACKAGE -Xcc -DDEBUG\=1 -emit-objc-header -emit-objc-header-path /Users/admin/builder/spi-builder-workspace/.derivedData/Build/Intermediates.noindex/TelegramBotSDK.build/Debug/TelegramBotSDK-t.build/Objects-normal/arm64/TelegramBotSDK-Swift.h -working-directory /Users/admin/builder/spi-builder-workspace/.swiftpm/xcode -experimental-emit-module-separately -disable-cmo
SwiftDriverJobDiscovery normal arm64 Compiling MessageEntity+Utils.swift, MessageOrBool.swift, ParseMode.swift, PollType.swift (in target 'TelegramBotSDK' from project 'TelegramBotSDK')
SwiftMergeGeneratedHeaders /Users/admin/builder/spi-builder-workspace/.derivedData/Build/Intermediates.noindex/GeneratedModuleMaps/TelegramBotSDK-Swift.h /Users/admin/builder/spi-builder-workspace/.derivedData/Build/Intermediates.noindex/TelegramBotSDK.build/Debug/TelegramBotSDK-t.build/Objects-normal/arm64/TelegramBotSDK-Swift.h (in target 'TelegramBotSDK' from project 'TelegramBotSDK')
    cd /Users/admin/builder/spi-builder-workspace
    builtin-swiftHeaderTool -arch arm64 /Users/admin/builder/spi-builder-workspace/.derivedData/Build/Intermediates.noindex/TelegramBotSDK.build/Debug/TelegramBotSDK-t.build/Objects-normal/arm64/TelegramBotSDK-Swift.h -o /Users/admin/builder/spi-builder-workspace/.derivedData/Build/Intermediates.noindex/GeneratedModuleMaps/TelegramBotSDK-Swift.h
Copy /Users/admin/builder/spi-builder-workspace/.derivedData/Build/Products/Debug/TelegramBotSDK.swiftmodule/arm64-apple-macos.swiftmodule /Users/admin/builder/spi-builder-workspace/.derivedData/Build/Intermediates.noindex/TelegramBotSDK.build/Debug/TelegramBotSDK-t.build/Objects-normal/arm64/TelegramBotSDK.swiftmodule (in target 'TelegramBotSDK' from project 'TelegramBotSDK')
    cd /Users/admin/builder/spi-builder-workspace
    builtin-copy -exclude .DS_Store -exclude CVS -exclude .svn -exclude .git -exclude .hg -resolve-src-symlinks -rename /Users/admin/builder/spi-builder-workspace/.derivedData/Build/Intermediates.noindex/TelegramBotSDK.build/Debug/TelegramBotSDK-t.build/Objects-normal/arm64/TelegramBotSDK.swiftmodule /Users/admin/builder/spi-builder-workspace/.derivedData/Build/Products/Debug/TelegramBotSDK.swiftmodule/arm64-apple-macos.swiftmodule
Copy /Users/admin/builder/spi-builder-workspace/.derivedData/Build/Products/Debug/TelegramBotSDK.swiftmodule/arm64-apple-macos.swiftdoc /Users/admin/builder/spi-builder-workspace/.derivedData/Build/Intermediates.noindex/TelegramBotSDK.build/Debug/TelegramBotSDK-t.build/Objects-normal/arm64/TelegramBotSDK.swiftdoc (in target 'TelegramBotSDK' from project 'TelegramBotSDK')
    cd /Users/admin/builder/spi-builder-workspace
    builtin-copy -exclude .DS_Store -exclude CVS -exclude .svn -exclude .git -exclude .hg -resolve-src-symlinks -rename /Users/admin/builder/spi-builder-workspace/.derivedData/Build/Intermediates.noindex/TelegramBotSDK.build/Debug/TelegramBotSDK-t.build/Objects-normal/arm64/TelegramBotSDK.swiftdoc /Users/admin/builder/spi-builder-workspace/.derivedData/Build/Products/Debug/TelegramBotSDK.swiftmodule/arm64-apple-macos.swiftdoc
Copy /Users/admin/builder/spi-builder-workspace/.derivedData/Build/Products/Debug/TelegramBotSDK.swiftmodule/arm64-apple-macos.abi.json /Users/admin/builder/spi-builder-workspace/.derivedData/Build/Intermediates.noindex/TelegramBotSDK.build/Debug/TelegramBotSDK-t.build/Objects-normal/arm64/TelegramBotSDK.abi.json (in target 'TelegramBotSDK' from project 'TelegramBotSDK')
    cd /Users/admin/builder/spi-builder-workspace
    builtin-copy -exclude .DS_Store -exclude CVS -exclude .svn -exclude .git -exclude .hg -resolve-src-symlinks -rename /Users/admin/builder/spi-builder-workspace/.derivedData/Build/Intermediates.noindex/TelegramBotSDK.build/Debug/TelegramBotSDK-t.build/Objects-normal/arm64/TelegramBotSDK.abi.json /Users/admin/builder/spi-builder-workspace/.derivedData/Build/Products/Debug/TelegramBotSDK.swiftmodule/arm64-apple-macos.abi.json
SwiftDriverJobDiscovery normal arm64 Compiling InputFileOrString.swift, InputMedia.swift, InputMessageContent.swift, Message+Command.swift (in target 'TelegramBotSDK' from project 'TelegramBotSDK')
Copy /Users/admin/builder/spi-builder-workspace/.derivedData/Build/Products/Debug/TelegramBotSDK.swiftmodule/Project/arm64-apple-macos.swiftsourceinfo /Users/admin/builder/spi-builder-workspace/.derivedData/Build/Intermediates.noindex/TelegramBotSDK.build/Debug/TelegramBotSDK-t.build/Objects-normal/arm64/TelegramBotSDK.swiftsourceinfo (in target 'TelegramBotSDK' from project 'TelegramBotSDK')
    cd /Users/admin/builder/spi-builder-workspace
    builtin-copy -exclude .DS_Store -exclude CVS -exclude .svn -exclude .git -exclude .hg -resolve-src-symlinks -rename /Users/admin/builder/spi-builder-workspace/.derivedData/Build/Intermediates.noindex/TelegramBotSDK.build/Debug/TelegramBotSDK-t.build/Objects-normal/arm64/TelegramBotSDK.swiftsourceinfo /Users/admin/builder/spi-builder-workspace/.derivedData/Build/Products/Debug/TelegramBotSDK.swiftmodule/Project/arm64-apple-macos.swiftsourceinfo
SwiftDriverJobDiscovery normal arm64 Compiling ChatMember+Status.swift, ChatType.swift, InlineQueryResult.swift, InputFile.swift (in target 'TelegramBotSDK' from project 'TelegramBotSDK')
SwiftDriverJobDiscovery normal arm64 Compiling TelegramBot+sendChatAction+Utils.swift, MimeTypes.swift, Arguments.swift, Command.swift, ContentType.swift (in target 'TelegramBotSDK' from project 'TelegramBotSDK')
SwiftDriverJobDiscovery normal arm64 Compiling Context.swift, Router+Helpers.swift, Router.swift, TaskAssociatedData.swift (in target 'TelegramBotSDK' from project 'TelegramBotSDK')
SwiftDriverJobDiscovery normal arm64 Compiling Scanner+Compatibility.swift, Scanner+Utils.swift, String+ExtractBotCommand.swift, String+HTTP.swift, String+Trim.swift (in target 'TelegramBotSDK' from project 'TelegramBotSDK')
SwiftDriverJobDiscovery normal arm64 Compiling BotName.swift, DataTaskError.swift, DictionaryUtils.swift, NSRunLoop+Utils.swift, Optional+Unwrap.swift (in target 'TelegramBotSDK' from project 'TelegramBotSDK')
SwiftDriverJobDiscovery normal arm64 Compiling TelegramBot+Requests.swift, TelegramBot+Utils.swift, TelegramBot.swift, ChatId.swift (in target 'TelegramBotSDK' from project 'TelegramBotSDK')
SwiftDriverJobDiscovery normal arm64 Compiling String+Utils.swift, Methods.swift, Types.swift, HTTPUtils.swift, TelegramBot+getUpdates+Utils.swift (in target 'TelegramBotSDK' from project 'TelegramBotSDK')
PruneExplicitPrecompiledModules /Users/admin/builder/spi-builder-workspace/.derivedData/Build/Intermediates.noindex/SwiftExplicitPrecompiledModules
PruneExplicitPrecompiledModules /Users/admin/builder/spi-builder-workspace/.derivedData/SDKExplicitPrecompiledModules
PruneExplicitPrecompiledModules /Users/admin/builder/spi-builder-workspace/.derivedData/Build/Intermediates.noindex/ExplicitPrecompiledModules
2026-09-21 21:38:40.010 xcodebuild[682:4214] [MT] IDERunDestination: Supported platforms for the buildables in the current scheme is empty.
--- xcodebuild: WARNING: Using the first of multiple matching destinations:
{ platform:macOS, arch:arm64, id:94f1a5a14f33fa9e272ee6c19b102e01f448de4c, name:My Mac }
{ platform:macOS, arch:arm64, variant:Mac Catalyst, id:94f1a5a14f33fa9e272ee6c19b102e01f448de4c, name:My Mac }
{ platform:macOS, arch:arm64, variant:DriverKit, id:94f1a5a14f33fa9e272ee6c19b102e01f448de4c, name:My Mac }
{ platform:macOS, arch:arm64, variant:Designed for [iPad,iPhone], id:94f1a5a14f33fa9e272ee6c19b102e01f448de4c, name:My Mac }
** BUILD FAILED **
The following build commands failed:
	SwiftCompile normal arm64 /Users/admin/builder/spi-builder-workspace/Sources/TelegramBotSDK/Utils.swift (in target 'TelegramBotSDK' from project 'TelegramBotSDK')
	SwiftCompile normal arm64 Compiling\ ReplyMarkup.swift,\ Response.swift,\ Utils.swift,\ WriteCallbackData.swift /Users/admin/builder/spi-builder-workspace/Sources/TelegramBotSDK/Types/ReplyMarkup.swift /Users/admin/builder/spi-builder-workspace/Sources/TelegramBotSDK/Types/Response.swift /Users/admin/builder/spi-builder-workspace/Sources/TelegramBotSDK/Utils.swift /Users/admin/builder/spi-builder-workspace/Sources/TelegramBotSDK/WriteCallbackData.swift (in target 'TelegramBotSDK' from project 'TelegramBotSDK')
	Building workspace TelegramBotSDK with scheme TelegramBotSDK-Package
(3 failures)
Command line invocation:
    /Applications/Xcode-27.0.0-Release.Candidate.app/Contents/Developer/usr/bin/xcodebuild -IDEClonedSourcePackagesDirPathOverride=/Users/admin/builder/spi-builder-workspace/.dependencies -resolvePackageDependencies
Resolve Package Graph
Resolved source packages:
  TelegramBotSDK: /Users/admin/builder/spi-builder-workspace
resolved source packages: TelegramBotSDK
2026-09-21 21:38:52.087 xcodebuild[748:4559] [MT] IDERunDestination: Supported platforms for the buildables in the current scheme is empty.
{
  "dependencies" : [
  ],
  "manifest_display_name" : "TelegramBotSDK",
  "name" : "TelegramBotSDK",
  "path" : "/Users/admin/builder/spi-builder-workspace",
  "platforms" : [
  ],
  "products" : [
    {
      "name" : "CCurl",
      "targets" : [
        "CCurl"
      ],
      "type" : {
        "library" : [
          "automatic"
        ]
      }
    },
    {
      "name" : "TelegramBotSDK",
      "targets" : [
        "TelegramBotSDK"
      ],
      "type" : {
        "library" : [
          "automatic"
        ]
      }
    }
  ],
  "swift_languages_versions" : [
    "4.2",
    "5"
  ],
  "targets" : [
    {
      "c99name" : "TelegramBotSDKTests",
      "module_type" : "SwiftTarget",
      "name" : "TelegramBotSDKTests",
      "path" : "Tests/TelegramBotSDKTests",
      "sources" : [
        "BlockingServerTests.swift",
        "RequestTests.swift",
        "RouterTests.swift",
        "TelegramBotTests.swift",
        "UrlencodeTests.swift"
      ],
      "target_dependencies" : [
        "TelegramBotSDK"
      ],
      "type" : "test"
    },
    {
      "c99name" : "TelegramBotSDK",
      "module_type" : "SwiftTarget",
      "name" : "TelegramBotSDK",
      "path" : "Sources/TelegramBotSDK",
      "product_memberships" : [
        "TelegramBotSDK"
      ],
      "sources" : [
        "BotName.swift",
        "DataTaskError.swift",
        "DictionaryUtils.swift",
        "Extensions/NSRunLoop+Utils.swift",
        "Extensions/Optional+Unwrap.swift",
        "Extensions/Scanner+Compatibility.swift",
        "Extensions/Scanner+Utils.swift",
        "Extensions/String+ExtractBotCommand.swift",
        "Extensions/String+HTTP.swift",
        "Extensions/String+Trim.swift",
        "Extensions/String+Utils.swift",
        "Generated/Methods.swift",
        "Generated/Types.swift",
        "HTTPUtils.swift",
        "Methods/TelegramBot+getUpdates+Utils.swift",
        "Methods/TelegramBot+sendChatAction+Utils.swift",
        "MimeTypes.swift",
        "Router/Arguments.swift",
        "Router/Command.swift",
        "Router/ContentType.swift",
        "Router/Context.swift",
        "Router/Router+Helpers.swift",
        "Router/Router.swift",
        "TaskAssociatedData.swift",
        "TelegramBot+Requests.swift",
        "TelegramBot+Utils.swift",
        "TelegramBot.swift",
        "Types/ChatId.swift",
        "Types/ChatMember+Status.swift",
        "Types/ChatType.swift",
        "Types/InlineQueryResult.swift",
        "Types/InputFile.swift",
        "Types/InputFileOrString.swift",
        "Types/InputMedia.swift",
        "Types/InputMessageContent.swift",
        "Types/Message+Command.swift",
        "Types/MessageEntity+Utils.swift",
        "Types/MessageOrBool.swift",
        "Types/ParseMode.swift",
        "Types/PollType.swift",
        "Types/ReplyMarkup.swift",
        "Types/Response.swift",
        "Utils.swift",
        "WriteCallbackData.swift"
      ],
      "target_dependencies" : [
        "CCurl"
      ],
      "type" : "library"
    },
    {
      "c99name" : "CCurl",
      "module_type" : "ClangTarget",
      "name" : "CCurl",
      "path" : "Sources/CCurl",
      "product_memberships" : [
        "CCurl",
        "TelegramBotSDK"
      ],
      "sources" : [
        "shim.c"
      ],
      "type" : "library"
    }
  ],
  "tools_version" : "5.0"
}
{
  "workspace" : {
    "name" : "TelegramBotSDK",
    "schemes" : [
      "CCurl",
      "TelegramBotSDK",
      "TelegramBotSDK-Package"
    ]
  }
}
2026-09-21 21:38:53.308 xcodebuild[756:4634] [MT] IDERunDestination: Supported platforms for the buildables in the current scheme is empty.
Running build ...
env DEVELOPER_DIR=/Applications/Xcode-27.0.0-Release.Candidate.app xcrun xcodebuild -IDEClonedSourcePackagesDirPathOverride=$PWD/.dependencies -skipMacroValidation -skipPackagePluginValidation -derivedDataPath $PWD/.derivedData build -scheme TelegramBotSDK-Package -destination platform=macOS,arch=arm64
Command line invocation:
    /Applications/Xcode-27.0.0-Release.Candidate.app/Contents/Developer/usr/bin/xcodebuild -IDEClonedSourcePackagesDirPathOverride=/Users/admin/builder/spi-builder-workspace/.dependencies -skipMacroValidation -skipPackagePluginValidation -derivedDataPath /Users/admin/builder/spi-builder-workspace/.derivedData build -scheme TelegramBotSDK-Package -destination platform=macOS,arch=arm64
Resolve Package Graph
Resolved source packages:
  TelegramBotSDK: /Users/admin/builder/spi-builder-workspace
ComputePackagePrebuildTargetDependencyGraph
Prepare packages
CreateBuildRequest
SendProjectDescription
CreateBuildOperation
ComputeTargetDependencyGraph
note: Building targets in dependency order
note: Target dependency graph (4 targets)
    Target 'TelegramBotSDK-product' in project 'TelegramBotSDK'
        ➜ Explicit dependency on target 'TelegramBotSDK' in project 'TelegramBotSDK'
        ➜ Explicit dependency on target 'CCurl' in project 'TelegramBotSDK'
    Target 'TelegramBotSDK' in project 'TelegramBotSDK'
        ➜ Explicit dependency on target 'CCurl' in project 'TelegramBotSDK'
    Target 'CCurl-product' in project 'TelegramBotSDK'
        ➜ Explicit dependency on target 'CCurl' in project 'TelegramBotSDK'
    Target 'CCurl' in project 'TelegramBotSDK' (no dependencies)
GatherProvisioningInputs
CreateBuildDescription
ClangStatCache /Applications/Xcode-27.0.0-Release.Candidate.app/Contents/Developer/Toolchains/XcodeDefault.xctoolchain/usr/bin/clang-stat-cache /Applications/Xcode-27.0.0-Release.Candidate.app/Contents/Developer/Platforms/MacOSX.platform/Developer/SDKs/MacOSX27.0.sdk /Users/admin/builder/spi-builder-workspace/.derivedData/SDKStatCaches.noindex/macosx27.0-26A425-e829b21a6f8c9b70876ba0858053c0446a22442a12e9d48fe1a705f55a1adfc4.sdkstatcache
    cd /Users/admin/builder/spi-builder-workspace/.swiftpm/xcode
    /Applications/Xcode-27.0.0-Release.Candidate.app/Contents/Developer/Toolchains/XcodeDefault.xctoolchain/usr/bin/clang-stat-cache /Applications/Xcode-27.0.0-Release.Candidate.app/Contents/Developer/Platforms/MacOSX.platform/Developer/SDKs/MacOSX27.0.sdk -o /Users/admin/builder/spi-builder-workspace/.derivedData/SDKStatCaches.noindex/macosx27.0-26A425-e829b21a6f8c9b70876ba0858053c0446a22442a12e9d48fe1a705f55a1adfc4.sdkstatcache
SwiftDriver TelegramBotSDK normal arm64 com.apple.xcode.tools.swift.compiler (in target 'TelegramBotSDK' from project 'TelegramBotSDK')
    cd /Users/admin/builder/spi-builder-workspace/.swiftpm/xcode
    builtin-SwiftDriver -- /Applications/Xcode-27.0.0-Release.Candidate.app/Contents/Developer/Toolchains/XcodeDefault.xctoolchain/usr/bin/swiftc -parse-as-library -module-name TelegramBotSDK -Onone @/Users/admin/builder/spi-builder-workspace/.derivedData/Build/Intermediates.noindex/TelegramBotSDK.build/Debug/TelegramBotSDK-t.build/Objects-normal/arm64/TelegramBotSDK.SwiftFileList -DSWIFT_PACKAGE -DDEBUG -DSWIFT_MODULE_RESOURCE_BUNDLE_UNAVAILABLE -Xcc -fmodule-map-file\=/Users/admin/builder/spi-builder-workspace/Sources/CCurl/include/module.modulemap -DXcode -plugin-path /Applications/Xcode-27.0.0-Release.Candidate.app/Contents/Developer/Toolchains/XcodeDefault.xctoolchain/usr/lib/swift/host/plugins/testing -enable-experimental-feature DebugDescriptionMacro -sdk /Applications/Xcode-27.0.0-Release.Candidate.app/Contents/Developer/Platforms/MacOSX.platform/Developer/SDKs/MacOSX27.0.sdk -target arm64-apple-macos12.0 -g -module-cache-path /Users/admin/builder/spi-builder-workspace/.derivedData/ModuleCache.noindex -Xfrontend -serialize-debugging-options -profile-coverage-mapping -profile-generate -enable-testing -index-store-path /Users/admin/builder/spi-builder-workspace/.derivedData/Index.noindex/DataStore -Xcc -D_LIBCPP_HARDENING_MODE\=_LIBCPP_HARDENING_MODE_DEBUG -swift-version 5 -I /Users/admin/builder/spi-builder-workspace/.derivedData/Build/Products/Debug -Isystem /Applications/Xcode-27.0.0-Release.Candidate.app/Contents/Developer/Platforms/MacOSX.platform/Developer/usr/lib -F /Users/admin/builder/spi-builder-workspace/.derivedData/Build/Products/Debug/PackageFrameworks -F /Users/admin/builder/spi-builder-workspace/.derivedData/Build/Products/Debug -F /Applications/Xcode-27.0.0-Release.Candidate.app/Contents/Developer/Platforms/MacOSX.platform/Developer/Library/Frameworks -c -j10 -enable-batch-mode -incremental -Xcc -ivfsstatcache -Xcc /Users/admin/builder/spi-builder-workspace/.derivedData/SDKStatCaches.noindex/macosx27.0-26A425-e829b21a6f8c9b70876ba0858053c0446a22442a12e9d48fe1a705f55a1adfc4.sdkstatcache -output-file-map /Users/admin/builder/spi-builder-workspace/.derivedData/Build/Intermediates.noindex/TelegramBotSDK.build/Debug/TelegramBotSDK-t.build/Objects-normal/arm64/TelegramBotSDK-OutputFileMap.json -save-temps -no-color-diagnostics -explicit-module-build -module-cache-path /Users/admin/builder/spi-builder-workspace/.derivedData/Build/Intermediates.noindex/SwiftExplicitPrecompiledModules -clang-scanner-module-cache-path /Users/admin/builder/spi-builder-workspace/.derivedData/ModuleCache.noindex -sdk-module-cache-path /Users/admin/builder/spi-builder-workspace/.derivedData/SDKExplicitPrecompiledModules -emit-dependencies -emit-module -emit-module-path /Users/admin/builder/spi-builder-workspace/.derivedData/Build/Intermediates.noindex/TelegramBotSDK.build/Debug/TelegramBotSDK-t.build/Objects-normal/arm64/TelegramBotSDK.swiftmodule -serialize-diagnostics -dependency-scan-serialize-diagnostics-path /Users/admin/builder/spi-builder-workspace/.derivedData/Build/Intermediates.noindex/TelegramBotSDK.build/Debug/TelegramBotSDK-t.build/Objects-normal/arm64/TelegramBotSDK-dependency-scan.dia -validate-clang-modules-once -clang-build-session-file /Users/admin/builder/spi-builder-workspace/.derivedData/ModuleCache.noindex/Session.modulevalidation -Xcc -fmodules-prune-interval\=86400 -Xcc -fmodules-prune-after\=345600 -emit-const-values -const-gather-protocols-list /Users/admin/builder/spi-builder-workspace/.derivedData/Build/Intermediates.noindex/TelegramBotSDK.build/Debug/TelegramBotSDK-t.build/Objects-normal/arm64/TelegramBotSDK_const_extract_protocols.json -Xcc -I/Users/admin/builder/spi-builder-workspace/Sources/CCurl/include -Xcc -I/Users/admin/builder/spi-builder-workspace/.derivedData/Build/Products/Debug/include -Xcc -I/Users/admin/builder/spi-builder-workspace/.derivedData/Build/Intermediates.noindex/TelegramBotSDK.build/Debug/TelegramBotSDK-t.build/DerivedSources-normal/arm64 -Xcc -I/Users/admin/builder/spi-builder-workspace/.derivedData/Build/Intermediates.noindex/TelegramBotSDK.build/Debug/TelegramBotSDK-t.build/DerivedSources/arm64 -Xcc -I/Users/admin/builder/spi-builder-workspace/.derivedData/Build/Intermediates.noindex/TelegramBotSDK.build/Debug/TelegramBotSDK-t.build/DerivedSources -Xcc -DSWIFT_PACKAGE -Xcc -DDEBUG\=1 -emit-objc-header -emit-objc-header-path /Users/admin/builder/spi-builder-workspace/.derivedData/Build/Intermediates.noindex/TelegramBotSDK.build/Debug/TelegramBotSDK-t.build/Objects-normal/arm64/TelegramBotSDK-Swift.h -working-directory /Users/admin/builder/spi-builder-workspace/.swiftpm/xcode -experimental-emit-module-separately -disable-cmo
SwiftCompile normal arm64 Compiling\ Utils.swift /Users/admin/builder/spi-builder-workspace/Sources/TelegramBotSDK/Utils.swift (in target 'TelegramBotSDK' from project 'TelegramBotSDK')
/Users/admin/builder/spi-builder-workspace/Sources/TelegramBotSDK/Utils.swift:25:46: error: the compiler is unable to type-check this expression in reasonable time; try breaking up the expression into distinct sub-expressions
23 | 			"-----\n" +
24 | 			"Please create either:\n" +
25 | 			"  - an environment variable named \(name)\n" +
   |                                              `- error: the compiler is unable to type-check this expression in reasonable time; try breaking up the expression into distinct sub-expressions
26 | 			"  - a file named \(name)\n" +
27 | 			"containing your bot's token.\n\n")
Failed frontend command:
SwiftCompile normal arm64 /Users/admin/builder/spi-builder-workspace/Sources/TelegramBotSDK/Utils.swift (in target 'TelegramBotSDK' from project 'TelegramBotSDK')
    cd /Users/admin/builder/spi-builder-workspace/.swiftpm/xcode
    builtin-SwiftPerFileCompile Utils.swift
/Applications/Xcode-27.0.0-Release.Candidate.app/Contents/Developer/Toolchains/XcodeDefault.xctoolchain/usr/bin/swift-frontend -frontend -c /Users/admin/builder/spi-builder-workspace/Sources/TelegramBotSDK/BotName.swift /Users/admin/builder/spi-builder-workspace/Sources/TelegramBotSDK/DataTaskError.swift /Users/admin/builder/spi-builder-workspace/Sources/TelegramBotSDK/DictionaryUtils.swift /Users/admin/builder/spi-builder-workspace/Sources/TelegramBotSDK/Extensions/NSRunLoop+Utils.swift /Users/admin/builder/spi-builder-workspace/Sources/TelegramBotSDK/Extensions/Optional+Unwrap.swift /Users/admin/builder/spi-builder-workspace/Sources/TelegramBotSDK/Extensions/Scanner+Compatibility.swift /Users/admin/builder/spi-builder-workspace/Sources/TelegramBotSDK/Extensions/Scanner+Utils.swift /Users/admin/builder/spi-builder-workspace/Sources/TelegramBotSDK/Extensions/String+ExtractBotCommand.swift /Users/admin/builder/spi-builder-workspace/Sources/TelegramBotSDK/Extensions/String+HTTP.swift /Users/admin/builder/spi-builder-workspace/Sources/TelegramBotSDK/Extensions/String+Trim.swift /Users/admin/builder/spi-builder-workspace/Sources/TelegramBotSDK/Extensions/String+Utils.swift /Users/admin/builder/spi-builder-workspace/Sources/TelegramBotSDK/Generated/Methods.swift /Users/admin/builder/spi-builder-workspace/Sources/TelegramBotSDK/Generated/Types.swift /Users/admin/builder/spi-builder-workspace/Sources/TelegramBotSDK/HTTPUtils.swift /Users/admin/builder/spi-builder-workspace/Sources/TelegramBotSDK/Methods/TelegramBot+getUpdates+Utils.swift /Users/admin/builder/spi-builder-workspace/Sources/TelegramBotSDK/Methods/TelegramBot+sendChatAction+Utils.swift /Users/admin/builder/spi-builder-workspace/Sources/TelegramBotSDK/MimeTypes.swift /Users/admin/builder/spi-builder-workspace/Sources/TelegramBotSDK/Router/Arguments.swift /Users/admin/builder/spi-builder-workspace/Sources/TelegramBotSDK/Router/Command.swift /Users/admin/builder/spi-builder-workspace/Sources/TelegramBotSDK/Router/ContentType.swift /Users/admin/builder/spi-builder-workspace/Sources/TelegramBotSDK/Router/Context.swift /Users/admin/builder/spi-builder-workspace/Sources/TelegramBotSDK/Router/Router+Helpers.swift /Users/admin/builder/spi-builder-workspace/Sources/TelegramBotSDK/Router/Router.swift /Users/admin/builder/spi-builder-workspace/Sources/TelegramBotSDK/TaskAssociatedData.swift /Users/admin/builder/spi-builder-workspace/Sources/TelegramBotSDK/TelegramBot+Requests.swift /Users/admin/builder/spi-builder-workspace/Sources/TelegramBotSDK/TelegramBot+Utils.swift /Users/admin/builder/spi-builder-workspace/Sources/TelegramBotSDK/TelegramBot.swift /Users/admin/builder/spi-builder-workspace/Sources/TelegramBotSDK/Types/ChatId.swift /Users/admin/builder/spi-builder-workspace/Sources/TelegramBotSDK/Types/ChatMember+Status.swift /Users/admin/builder/spi-builder-workspace/Sources/TelegramBotSDK/Types/ChatType.swift /Users/admin/builder/spi-builder-workspace/Sources/TelegramBotSDK/Types/InlineQueryResult.swift /Users/admin/builder/spi-builder-workspace/Sources/TelegramBotSDK/Types/InputFile.swift /Users/admin/builder/spi-builder-workspace/Sources/TelegramBotSDK/Types/InputFileOrString.swift /Users/admin/builder/spi-builder-workspace/Sources/TelegramBotSDK/Types/InputMedia.swift /Users/admin/builder/spi-builder-workspace/Sources/TelegramBotSDK/Types/InputMessageContent.swift /Users/admin/builder/spi-builder-workspace/Sources/TelegramBotSDK/Types/Message+Command.swift /Users/admin/builder/spi-builder-workspace/Sources/TelegramBotSDK/Types/MessageEntity+Utils.swift /Users/admin/builder/spi-builder-workspace/Sources/TelegramBotSDK/Types/MessageOrBool.swift /Users/admin/builder/spi-builder-workspace/Sources/TelegramBotSDK/Types/ParseMode.swift /Users/admin/builder/spi-builder-workspace/Sources/TelegramBotSDK/Types/PollType.swift /Users/admin/builder/spi-builder-workspace/Sources/TelegramBotSDK/Types/ReplyMarkup.swift /Users/admin/builder/spi-builder-workspace/Sources/TelegramBotSDK/Types/Response.swift -primary-file /Users/admin/builder/spi-builder-workspace/Sources/TelegramBotSDK/Utils.swift /Users/admin/builder/spi-builder-workspace/Sources/TelegramBotSDK/WriteCallbackData.swift -emit-dependencies-path /Users/admin/builder/spi-builder-workspace/.derivedData/Build/Intermediates.noindex/TelegramBotSDK.build/Debug/TelegramBotSDK-t.build/Objects-normal/arm64/Utils.d -emit-const-values-path /Users/admin/builder/spi-builder-workspace/.derivedData/Build/Intermediates.noindex/TelegramBotSDK.build/Debug/TelegramBotSDK-t.build/Objects-normal/arm64/Utils.swiftconstvalues -emit-reference-dependencies-path /Users/admin/builder/spi-builder-workspace/.derivedData/Build/Intermediates.noindex/TelegramBotSDK.build/Debug/TelegramBotSDK-t.build/Objects-normal/arm64/Utils.swiftdeps -serialize-diagnostics-path /Users/admin/builder/spi-builder-workspace/.derivedData/Build/Intermediates.noindex/TelegramBotSDK.build/Debug/TelegramBotSDK-t.build/Objects-normal/arm64/Utils.dia -target arm64-apple-macos12.0 -disable-cross-import-overlay-search -load-resolved-plugin /Applications/Xcode-27.0.0-Release.Candidate.app/Contents/Developer/Platforms/MacOSX.platform/Developer/usr/lib/swift/host/plugins/libFoundationMacros.dylib\#/Applications/Xcode-27.0.0-Release.Candidate.app/Contents/Developer/Platforms/MacOSX.platform/Developer/usr/bin/swift-plugin-server\#FoundationMacros -load-resolved-plugin /Applications/Xcode-27.0.0-Release.Candidate.app/Contents/Developer/Platforms/MacOSX.platform/Developer/usr/lib/swift/host/plugins/libObservationMacros.dylib\#/Applications/Xcode-27.0.0-Release.Candidate.app/Contents/Developer/Platforms/MacOSX.platform/Developer/usr/bin/swift-plugin-server\#ObservationMacros -load-resolved-plugin /Applications/Xcode-27.0.0-Release.Candidate.app/Contents/Developer/Platforms/MacOSX.platform/Developer/usr/lib/swift/host/plugins/libSwiftMacros.dylib\#/Applications/Xcode-27.0.0-Release.Candidate.app/Contents/Developer/Platforms/MacOSX.platform/Developer/usr/bin/swift-plugin-server\#SwiftMacros -disable-implicit-swift-modules -Xcc -fno-implicit-modules -Xcc -fno-implicit-module-maps -explicit-swift-module-map-file /Users/admin/builder/spi-builder-workspace/.derivedData/Build/Intermediates.noindex/TelegramBotSDK.build/Debug/TelegramBotSDK-t.build/Objects-normal/arm64/TelegramBotSDK-dependencies-1.json -Xllvm -aarch64-use-tbi -enable-objc-interop -stack-check -sdk /Applications/Xcode-27.0.0-Release.Candidate.app/Contents/Developer/Platforms/MacOSX.platform/Developer/SDKs/MacOSX27.0.sdk -I /Users/admin/builder/spi-builder-workspace/.derivedData/Build/Products/Debug -Isystem /Applications/Xcode-27.0.0-Release.Candidate.app/Contents/Developer/Platforms/MacOSX.platform/Developer/usr/lib -F /Users/admin/builder/spi-builder-workspace/.derivedData/Build/Products/Debug/PackageFrameworks -F /Users/admin/builder/spi-builder-workspace/.derivedData/Build/Products/Debug -F /Applications/Xcode-27.0.0-Release.Candidate.app/Contents/Developer/Platforms/MacOSX.platform/Developer/Library/Frameworks -module-cache-path /Users/admin/builder/spi-builder-workspace/.derivedData/Build/Intermediates.noindex/SwiftExplicitPrecompiledModules -no-color-diagnostics -Xcc -fno-color-diagnostics -enable-testing -g -debug-info-format\=dwarf -dwarf-version\=4 -profile-generate -profile-coverage-mapping -swift-version 5 -Onone -D SWIFT_PACKAGE -D DEBUG -D SWIFT_MODULE_RESOURCE_BUNDLE_UNAVAILABLE -D Xcode -serialize-debugging-options -enable-experimental-feature DebugDescriptionMacro -empty-abi-descriptor -validate-clang-modules-once -clang-build-session-file /Users/admin/builder/spi-builder-workspace/.derivedData/ModuleCache.noindex/Session.modulevalidation -Xcc -working-directory -Xcc /Users/admin/builder/spi-builder-workspace/.swiftpm/xcode -enable-anonymous-context-mangled-names -file-compilation-dir /Users/admin/builder/spi-builder-workspace/.swiftpm/xcode -Xcc -fmodule-map-file\=/Users/admin/builder/spi-builder-workspace/Sources/CCurl/include/module.modulemap -Xcc -D_LIBCPP_HARDENING_MODE\=_LIBCPP_HARDENING_MODE_DEBUG -Xcc -ivfsstatcache -Xcc /Users/admin/builder/spi-builder-workspace/.derivedData/SDKStatCaches.noindex/macosx27.0-26A425-e829b21a6f8c9b70876ba0858053c0446a22442a12e9d48fe1a705f55a1adfc4.sdkstatcache -Xcc -fmodules-prune-interval\=86400 -Xcc -fmodules-prune-after\=345600 -Xcc -I/Users/admin/builder/spi-builder-workspace/Sources/CCurl/include -Xcc -I/Users/admin/builder/spi-builder-workspace/.derivedData/Build/Products/Debug/include -Xcc -I/Users/admin/builder/spi-builder-workspace/.derivedData/Build/Intermediates.noindex/TelegramBotSDK.build/Debug/TelegramBotSDK-t.build/DerivedSources-normal/arm64 -Xcc -I/Users/admin/builder/spi-builder-workspace/.derivedData/Build/Intermediates.noindex/TelegramBotSDK.build/Debug/TelegramBotSDK-t.build/DerivedSources/arm64 -Xcc -I/Users/admin/builder/spi-builder-workspace/.derivedData/Build/Intermediates.noindex/TelegramBotSDK.build/Debug/TelegramBotSDK-t.build/DerivedSources -Xcc -DSWIFT_PACKAGE -Xcc -DDEBUG\=1 -no-auto-bridging-header-chaining -module-name TelegramBotSDK -const-gather-protocols-file /Users/admin/builder/spi-builder-workspace/.derivedData/Build/Intermediates.noindex/TelegramBotSDK.build/Debug/TelegramBotSDK-t.build/Objects-normal/arm64/TelegramBotSDK_const_extract_protocols.json -disable-clang-spi -clang-target arm64-apple-macos27.0 -target-sdk-version 27.0 -target-sdk-name macosx27.0 -in-process-plugin-server-path /Applications/Xcode-27.0.0-Release.Candidate.app/Contents/Developer/Toolchains/XcodeDefault.xctoolchain/usr/lib/swift/host/libSwiftInProcPluginServer.dylib -parse-as-library -o /Users/admin/builder/spi-builder-workspace/.derivedData/Build/Intermediates.noindex/TelegramBotSDK.build/Debug/TelegramBotSDK-t.build/Objects-normal/arm64/Utils.o -debug-module-path /Users/admin/builder/spi-builder-workspace/.derivedData/Build/Intermediates.noindex/TelegramBotSDK.build/Debug/TelegramBotSDK-t.build/Objects-normal/arm64/TelegramBotSDK.swiftmodule -index-unit-output-path /TelegramBotSDK.build/Debug/TelegramBotSDK-t.build/Objects-normal/arm64/Utils.o -index-store-path /Users/admin/builder/spi-builder-workspace/.derivedData/Index.noindex/DataStore -index-system-modules
SwiftCompile normal arm64 Compiling\ Response.swift /Users/admin/builder/spi-builder-workspace/Sources/TelegramBotSDK/Types/Response.swift (in target 'TelegramBotSDK' from project 'TelegramBotSDK')
SwiftCompile normal arm64 /Users/admin/builder/spi-builder-workspace/Sources/TelegramBotSDK/Types/Response.swift (in target 'TelegramBotSDK' from project 'TelegramBotSDK')
    cd /Users/admin/builder/spi-builder-workspace/.swiftpm/xcode
    builtin-SwiftPerFileCompile Response.swift
SwiftEmitModule normal arm64 Emitting\ module\ for\ TelegramBotSDK (in target 'TelegramBotSDK' from project 'TelegramBotSDK')
SwiftCompile normal arm64 (in target 'TelegramBotSDK' from project 'TelegramBotSDK')
    cd /Users/admin/builder/spi-builder-workspace/.swiftpm/xcode

SwiftCompile normal arm64 Compiling\ ReplyMarkup.swift /Users/admin/builder/spi-builder-workspace/Sources/TelegramBotSDK/Types/ReplyMarkup.swift (in target 'TelegramBotSDK' from project 'TelegramBotSDK')
SwiftCompile normal arm64 /Users/admin/builder/spi-builder-workspace/Sources/TelegramBotSDK/Types/ReplyMarkup.swift (in target 'TelegramBotSDK' from project 'TelegramBotSDK')
    cd /Users/admin/builder/spi-builder-workspace/.swiftpm/xcode
    builtin-SwiftPerFileCompile ReplyMarkup.swift
SwiftCompile normal arm64 Compiling\ WriteCallbackData.swift /Users/admin/builder/spi-builder-workspace/Sources/TelegramBotSDK/WriteCallbackData.swift (in target 'TelegramBotSDK' from project 'TelegramBotSDK')
SwiftCompile normal arm64 /Users/admin/builder/spi-builder-workspace/Sources/TelegramBotSDK/WriteCallbackData.swift (in target 'TelegramBotSDK' from project 'TelegramBotSDK')
    cd /Users/admin/builder/spi-builder-workspace/.swiftpm/xcode
    builtin-SwiftPerFileCompile WriteCallbackData.swift
SwiftDriverJobDiscovery normal arm64 Compiling WriteCallbackData.swift (in target 'TelegramBotSDK' from project 'TelegramBotSDK')
SwiftCompile normal arm64 Compiling\ TelegramBot.swift /Users/admin/builder/spi-builder-workspace/Sources/TelegramBotSDK/TelegramBot.swift (in target 'TelegramBotSDK' from project 'TelegramBotSDK')
/Users/admin/builder/spi-builder-workspace/Sources/TelegramBotSDK/TelegramBot.swift:204:105: warning: capture of 'resultType' with non-Sendable type 'T.Type' in a '@Sendable' closure [#SendableClosureCaptures]
202 |             requestData.withUnsafeBytes { (unsafeRawBufferPointer) -> Void in
203 |                 let unsafeBufferPointer = unsafeRawBufferPointer.bindMemory(to: UInt8.self).baseAddress!
204 |                 self.curlPerformRequest(endpointUrl: endpointUrl, contentType: contentType, resultType: resultType, requestBytes: unsafeBufferPointer, byteCount: byteCount, completion: completion)
    |                                                                                                         `- warning: capture of 'resultType' with non-Sendable type 'T.Type' in a '@Sendable' closure [#SendableClosureCaptures]
205 |             }
206 |         }
/Users/admin/builder/spi-builder-workspace/Sources/TelegramBotSDK/TelegramBot.swift:204:105: warning: capture of 'resultType' with non-Sendable type 'T.Type' in an isolated closure
202 |             requestData.withUnsafeBytes { (unsafeRawBufferPointer) -> Void in
203 |                 let unsafeBufferPointer = unsafeRawBufferPointer.bindMemory(to: UInt8.self).baseAddress!
204 |                 self.curlPerformRequest(endpointUrl: endpointUrl, contentType: contentType, resultType: resultType, requestBytes: unsafeBufferPointer, byteCount: byteCount, completion: completion)
    |                                                                                                         `- warning: capture of 'resultType' with non-Sendable type 'T.Type' in an isolated closure
205 |             }
206 |         }
/Users/admin/builder/spi-builder-workspace/Sources/TelegramBotSDK/TelegramBot.swift:241:59: warning: forming 'UnsafeMutableRawPointer' to a variable of type 'WriteCallbackData'; this is likely incorrect because 'WriteCallbackData' may contain an object reference.
239 |         }
240 |         curl_easy_setopt_write_function(curl, CURLOPT_WRITEFUNCTION, writeFunction)
241 |         curl_easy_setopt_pointer(curl, CURLOPT_WRITEDATA, &callbackData)
    |                                                           `- warning: forming 'UnsafeMutableRawPointer' to a variable of type 'WriteCallbackData'; this is likely incorrect because 'WriteCallbackData' may contain an object reference.
242 |         //curl_easy_setopt_int(curl, CURLOPT_VERBOSE, 1)
243 |         let code = curl_easy_perform(curl)
[#SendableClosureCaptures]: <https://docs.swift.org/compiler/documentation/diagnostics/sendable-closure-captures>
SwiftCompile normal arm64 /Users/admin/builder/spi-builder-workspace/Sources/TelegramBotSDK/TelegramBot.swift (in target 'TelegramBotSDK' from project 'TelegramBotSDK')
    cd /Users/admin/builder/spi-builder-workspace/.swiftpm/xcode
    builtin-SwiftPerFileCompile TelegramBot.swift
SwiftDriverJobDiscovery normal arm64 Compiling ReplyMarkup.swift (in target 'TelegramBotSDK' from project 'TelegramBotSDK')
SwiftCompile normal arm64 Compiling\ Router.swift /Users/admin/builder/spi-builder-workspace/Sources/TelegramBotSDK/Router/Router.swift (in target 'TelegramBotSDK' from project 'TelegramBotSDK')
/Users/admin/builder/spi-builder-workspace/Sources/TelegramBotSDK/Router/Router.swift:80:38: warning: 'scanLocation' was deprecated in macOS 10.15 [#DeprecatedDeclaration]
 78 |         scanner.caseSensitive = caseSensitive
 79 |         scanner.charactersToBeSkipped = charactersToBeSkipped
 80 | 		let originalScanLocation = scanner.scanLocation
    |                                      `- warning: 'scanLocation' was deprecated in macOS 10.15 [#DeprecatedDeclaration]
 81 |
 82 | 		for path in paths {
/Users/admin/builder/spi-builder-workspace/Sources/TelegramBotSDK/Router/Router.swift:86:13: warning: 'scanLocation' was deprecated in macOS 10.15 [#DeprecatedDeclaration]
 84 |             var startsWithSlash = false
 85 |             if !match(contentType: path.contentType, update: update, commandScanner: scanner, userCommand: &command, startsWithSlash: &startsWithSlash) {
 86 | 				scanner.scanLocation = originalScanLocation
    |             `- warning: 'scanLocation' was deprecated in macOS 10.15 [#DeprecatedDeclaration]
 87 | 				continue;
 88 | 			}
/Users/admin/builder/spi-builder-workspace/Sources/TelegramBotSDK/Router/Router.swift:98:12: warning: 'scanLocation' was deprecated in macOS 10.15 [#DeprecatedDeclaration]
 96 | 			}
 97 |
 98 | 			scanner.scanLocation = originalScanLocation
    |            `- warning: 'scanLocation' was deprecated in macOS 10.15 [#DeprecatedDeclaration]
 99 | 		}
100 |
/Users/admin/builder/spi-builder-workspace/Sources/TelegramBotSDK/Router/Router.swift:128:59: warning: 'scanLocation' was deprecated in macOS 10.15 [#DeprecatedDeclaration]
126 |                 return true
127 |             case .commands(let commands):
128 |                 let originalScanLocation = commandScanner.scanLocation
    |                                                           `- warning: 'scanLocation' was deprecated in macOS 10.15 [#DeprecatedDeclaration]
129 |                 for command in commands {
130 |                     guard let result = command.fetchFrom(commandScanner, caseSensitive: caseSensitive) else {
/Users/admin/builder/spi-builder-workspace/Sources/TelegramBotSDK/Router/Router.swift:131:40: warning: 'scanLocation' was deprecated in macOS 10.15 [#DeprecatedDeclaration]
129 |                 for command in commands {
130 |                     guard let result = command.fetchFrom(commandScanner, caseSensitive: caseSensitive) else {
131 |                         commandScanner.scanLocation = originalScanLocation
    |                                        `- warning: 'scanLocation' was deprecated in macOS 10.15 [#DeprecatedDeclaration]
132 |                         continue
133 |                     }
[#DeprecatedDeclaration]: <https://docs.swift.org/compiler/documentation/diagnostics/deprecated-declaration>
SwiftCompile normal arm64 /Users/admin/builder/spi-builder-workspace/Sources/TelegramBotSDK/Router/Router.swift (in target 'TelegramBotSDK' from project 'TelegramBotSDK')
    cd /Users/admin/builder/spi-builder-workspace/.swiftpm/xcode
    builtin-SwiftPerFileCompile Router.swift
SwiftCompile normal arm64 Compiling\ Methods.swift /Users/admin/builder/spi-builder-workspace/Sources/TelegramBotSDK/Generated/Methods.swift (in target 'TelegramBotSDK' from project 'TelegramBotSDK')
SwiftCompile normal arm64 /Users/admin/builder/spi-builder-workspace/Sources/TelegramBotSDK/Generated/Methods.swift (in target 'TelegramBotSDK' from project 'TelegramBotSDK')
    cd /Users/admin/builder/spi-builder-workspace/.swiftpm/xcode
    builtin-SwiftPerFileCompile Methods.swift
SwiftCompile normal arm64 Compiling\ TelegramBot+Utils.swift /Users/admin/builder/spi-builder-workspace/Sources/TelegramBotSDK/TelegramBot+Utils.swift (in target 'TelegramBotSDK' from project 'TelegramBotSDK')
SwiftCompile normal arm64 /Users/admin/builder/spi-builder-workspace/Sources/TelegramBotSDK/TelegramBot+Utils.swift (in target 'TelegramBotSDK' from project 'TelegramBotSDK')
    cd /Users/admin/builder/spi-builder-workspace/.swiftpm/xcode
    builtin-SwiftPerFileCompile TelegramBot+Utils.swift
SwiftCompile normal arm64 Compiling\ Context.swift /Users/admin/builder/spi-builder-workspace/Sources/TelegramBotSDK/Router/Context.swift (in target 'TelegramBotSDK' from project 'TelegramBotSDK')
SwiftCompile normal arm64 /Users/admin/builder/spi-builder-workspace/Sources/TelegramBotSDK/Router/Context.swift (in target 'TelegramBotSDK' from project 'TelegramBotSDK')
    cd /Users/admin/builder/spi-builder-workspace/.swiftpm/xcode
    builtin-SwiftPerFileCompile Context.swift
SwiftDriverJobDiscovery normal arm64 Compiling Response.swift (in target 'TelegramBotSDK' from project 'TelegramBotSDK')
SwiftDriverJobDiscovery normal arm64 Compiling TelegramBot+Utils.swift (in target 'TelegramBotSDK' from project 'TelegramBotSDK')
SwiftDriverJobDiscovery normal arm64 Compiling Context.swift (in target 'TelegramBotSDK' from project 'TelegramBotSDK')
SwiftDriverJobDiscovery normal arm64 Compiling Router.swift (in target 'TelegramBotSDK' from project 'TelegramBotSDK')
SwiftDriverJobDiscovery normal arm64 Compiling TelegramBot.swift (in target 'TelegramBotSDK' from project 'TelegramBotSDK')
SwiftDriverJobDiscovery normal arm64 Compiling Methods.swift (in target 'TelegramBotSDK' from project 'TelegramBotSDK')
PruneExplicitPrecompiledModules /Users/admin/builder/spi-builder-workspace/.derivedData/Build/Intermediates.noindex/SwiftExplicitPrecompiledModules
PruneExplicitPrecompiledModules /Users/admin/builder/spi-builder-workspace/.derivedData/SDKExplicitPrecompiledModules
PruneExplicitPrecompiledModules /Users/admin/builder/spi-builder-workspace/.derivedData/Build/Intermediates.noindex/ExplicitPrecompiledModules
2026-09-21 21:38:54.243 xcodebuild[757:4656] [MT] IDERunDestination: Supported platforms for the buildables in the current scheme is empty.
--- xcodebuild: WARNING: Using the first of multiple matching destinations:
{ platform:macOS, arch:arm64, id:94f1a5a14f33fa9e272ee6c19b102e01f448de4c, name:My Mac }
{ platform:macOS, arch:arm64, variant:Mac Catalyst, id:94f1a5a14f33fa9e272ee6c19b102e01f448de4c, name:My Mac }
{ platform:macOS, arch:arm64, variant:DriverKit, id:94f1a5a14f33fa9e272ee6c19b102e01f448de4c, name:My Mac }
{ platform:macOS, arch:arm64, variant:Designed for [iPad,iPhone], id:94f1a5a14f33fa9e272ee6c19b102e01f448de4c, name:My Mac }
** BUILD FAILED **
The following build commands failed:
	SwiftCompile normal arm64 /Users/admin/builder/spi-builder-workspace/Sources/TelegramBotSDK/Utils.swift (in target 'TelegramBotSDK' from project 'TelegramBotSDK')
	SwiftCompile normal arm64 Compiling\ Utils.swift /Users/admin/builder/spi-builder-workspace/Sources/TelegramBotSDK/Utils.swift (in target 'TelegramBotSDK' from project 'TelegramBotSDK')
	Building workspace TelegramBotSDK with scheme TelegramBotSDK-Package
(3 failures)
BUILD FAILURE 6.4 macosXcodebuild