The Swift Package Index logo.Swift Package Index

Build Information

Failed to build swift-format-plugin, reference v2.0.5 (379a66), with Swift 6.4 for macOS (SPM) on 27 Sep 2026 15:20:14 UTC.

Build Command

env DEVELOPER_DIR=/Applications/Xcode-27.0.0-Release.Candidate.app xcrun swift build --arch arm64

Build Log

========================================
RunAll
========================================
Builder version: 5.1.0
Interrupt handler set up.
========================================
Checkout
========================================
Clone URL: https://github.com/Brent-Tunnicliff/swift-format-plugin.git
Reference: v2.0.5
Initialized empty Git repository in /Users/admin/builder/spi-builder-workspace/.git/
From https://github.com/Brent-Tunnicliff/swift-format-plugin
 * tag               v2.0.5     -> FETCH_HEAD
HEAD is now at 379a66d Merge branch 'misc_fixes'
Cloned https://github.com/Brent-Tunnicliff/swift-format-plugin.git
Revision (git rev-parse @):
379a66d11cff80755e0414f78ed2c4219100af3b
SUCCESS checkout https://github.com/Brent-Tunnicliff/swift-format-plugin.git at v2.0.5
========================================
Build
========================================
Selected platform:         macosSpm
Swift version:             6.4
Building package at path:  $PWD
https://github.com/Brent-Tunnicliff/swift-format-plugin.git
Running build ...
env DEVELOPER_DIR=/Applications/Xcode-27.0.0-Release.Candidate.app xcrun swift build --arch arm64
Building for debugging...
[Planning deferred tasks]
[20 / 24] swift-format-plugin_InternalDebuggingTarget
<unknown>: error: Unable to read configuration for /Users/admin/builder/spi-builder-workspace/Tests/InternalDebuggingTarget/Debugging.swift: missing key `orderedImports.shouldGroupImports`
<unknown>: error: Unable to read configuration for /Users/admin/builder/spi-builder-workspace/Package.swift: missing key `orderedImports.shouldGroupImports`
error: CustomTask Linting\ the\ source\ code:\ /Applications/Xcode-27.0.0-Release.Candidate.app/Contents/Developer/Toolchains/XcodeDefault.xctoolchain/usr/bin/swift\ format\ lint\ --parallel\ /Users/admin/builder/spi-builder-workspace/Tests/InternalDebuggingTarget/Debugging.swift\ /Users/admin/builder/spi-builder-workspace/Package.swift 043c25a7141fcc7b041dbebdde3f7d9b failed with a nonzero exit code. Command line:     cd /Users/admin/builder/spi-builder-workspace
    /usr/bin/sandbox-exec -p \(version\ 1\)'
'\(deny\ default\)'
'\(import\ \"system.sb\"\)'
'\(allow\ file-read\*\)'
'\(allow\ process\*\)'
'\(allow\ mach-lookup\ \(global-name\ \"com.apple.lsd.mapdb\"\)\)'
'\(allow\ mach-lookup\ \(global-name\ \"com.apple.mobileassetd.v2\"\)\)'
'\(allow\ file-write\*'
'\ \ \ \ \(subpath\ \"/private/tmp\"\)'
'\ \ \ \ \(subpath\ \"/private/var/tmp\"\)'
'\ \ \ \ \(subpath\ \"/private/var/folders/xq/y_g06wb113726d38xsyx71_h0000gn/T\"\)'
'\ \ \ \ \(subpath\ \"/private/var/folders/xq/y_g06wb113726d38xsyx71_h0000gn/C\"\)'
'\)'
'\(deny\ file-write\*'
'\ \ \ \ \(subpath\ \"/Users/admin/builder/spi-builder-workspace/Tests/InternalDebuggingTarget/Debugging.swift\"\)'
'\ \ \ \ \(subpath\ \"/Users/admin/builder/spi-builder-workspace/Package.swift\"\)'
'\)'
'\(allow\ file-write\*'
'\ \ \ \ \(subpath\ \"/Users/admin/builder/spi-builder-workspace/.build/plugins/outputs/spi-builder-workspace/InternalDebuggingTarget/destination/LintBuildPlugin\"\)'
'\ \ \ \ \(subpath\ \"/private/var/folders/xq/y_g06wb113726d38xsyx71_h0000gn/T/TemporaryItems\"\)'
'\)'
' /Applications/Xcode-27.0.0-Release.Candidate.app/Contents/Developer/Toolchains/XcodeDefault.xctoolchain/usr/bin/swift format lint --parallel /Users/admin/builder/spi-builder-workspace/Tests/InternalDebuggingTarget/Debugging.swift /Users/admin/builder/spi-builder-workspace/Package.swift
error: Build failed
BUILD FAILURE 6.4 macosSpm