Build Information
Failed to build SwiftPowerAssert, reference master (41899b), with Swift 6.4 for visionOS using Xcode 27.0 on 16 Sep 2026 15:19:16 UTC.
Build Command
No build command. This typically means the build failed at an early stage where we determine the build command.Build Log
========================================
RunAll
========================================
Builder version: 5.1.0
Interrupt handler set up.
========================================
Checkout
========================================
Clone URL: https://github.com/kishikawakatsumi/swiftpowerassert.git
Reference: master
Initialized empty Git repository in /Users/admin/builder/spi-builder-workspace/.git/
From https://github.com/kishikawakatsumi/swiftpowerassert
* branch master -> FETCH_HEAD
* [new branch] master -> origin/master
HEAD is now at 41899b7 Merge pull request #96 from kishikawakatsumi/kishikawakatsumi-patch-1
Cloned https://github.com/kishikawakatsumi/swiftpowerassert.git
Revision (git rev-parse @):
41899b75f73601ebf1edf37e519fe92a8f364d26
SUCCESS checkout https://github.com/kishikawakatsumi/swiftpowerassert.git at master
========================================
Build
========================================
Selected platform: visionOS
Swift version: 6.4
Building package at path: $PWD
https://github.com/kishikawakatsumi/swiftpowerassert.git
Command line invocation:
/Applications/Xcode-27.0.0-Release.Candidate.app/Contents/Developer/usr/bin/xcodebuild -IDEClonedSourcePackagesDirPathOverride=/Users/admin/builder/spi-builder-workspace/.dependencies -resolvePackageDependencies
Resolve Package Graph
Fetching from https://github.com/apple/swift-package-manager.git
Fetching from https://github.com/apple/swift-tools-support-core.git
Fetching from https://github.com/apple/swift-llbuild.git
Creating working copy of package ‘swift-tools-support-core’
Checking out 0.1.0 of package ‘swift-tools-support-core’
Creating working copy of package ‘swift-package-manager’
Checking out 0.6.0 of package ‘swift-package-manager’
Creating working copy of package ‘swift-llbuild’
Checking out 0.3.0 of package ‘swift-llbuild’
ignoring broken symlink /Users/admin/builder/spi-builder-workspace/.dependencies/checkouts/swift-llbuild/lib/llvm/Demangle/include/llvm/Demangle/include/llvm/Demangle/include/llvm/Demangle/include/llvm/Demangle/include/llvm/Demangle/include/llvm/Demangle/include/llvm/Demangle/include/llvm/Demangle/include/llvm/Demangle/include/llvm/Demangle/include/llvm/Demangle/include/llvm/Demangle/include/llvm/Demangle/include/llvm/Demangle/include/llvm/Demangle/include/llvm/Demangle/include/llvm/Demangle/include/llvm/Demangle/include/llvm/Demangle/include/llvm/Demangle/include/llvm/Demangle/include/llvm/Demangle/include/llvm/Demangle/include/llvm/Demangle/include/llvm/Demangle/include/llvm/Demangle/include/llvm/Demangle/include/llvm/Demangle/include/llvm/Demangle/include/llvm/Demangle/include/llvm/Demangle/include/llvm/Demangle/include/llvmproduct 'Utility' required by package 'spi-builder-workspace' target 'SwiftPowerAssert' not found.Resolve Package Graph
ignoring broken symlink /Users/admin/builder/spi-builder-workspace/.dependencies/checkouts/swift-llbuild/lib/llvm/Demangle/include/llvm/Demangle/include/llvm/Demangle/include/llvm/Demangle/include/llvm/Demangle/include/llvm/Demangle/include/llvm/Demangle/include/llvm/Demangle/include/llvm/Demangle/include/llvm/Demangle/include/llvm/Demangle/include/llvm/Demangle/include/llvm/Demangle/include/llvm/Demangle/include/llvm/Demangle/include/llvm/Demangle/include/llvm/Demangle/include/llvm/Demangle/include/llvm/Demangle/include/llvm/Demangle/include/llvm/Demangle/include/llvm/Demangle/include/llvm/Demangle/include/llvm/Demangle/include/llvm/Demangle/include/llvm/Demangle/include/llvm/Demangle/include/llvm/Demangle/include/llvm/Demangle/include/llvm/Demangle/include/llvm/Demangle/include/llvm/Demangle/include/llvm/Demangle/include/llvmproduct 'Utility' required by package 'spi-builder-workspace' target 'SwiftPowerAssert' not found.
Resolved source packages:
spi-builder-workspace: (null)
2026-09-16 11:19:14.530 xcodebuild[563:3079] Writing error result bundle to /var/folders/xq/y_g06wb113726d38xsyx71_h0000gn/T/ResultBundle_2026-16-09_11-19-0014.xcresult
xcodebuild: error: Could not resolve package dependencies:
product 'Utility' required by package 'spi-builder-workspace' target 'SwiftPowerAssert' not found.
Command line invocation:
/Applications/Xcode-27.0.0-Release.Candidate.app/Contents/Developer/usr/bin/xcodebuild -IDEClonedSourcePackagesDirPathOverride=/Users/admin/builder/spi-builder-workspace/.dependencies -resolvePackageDependencies
Resolve Package Graph
ignoring broken symlink /Users/admin/builder/spi-builder-workspace/.dependencies/checkouts/swift-llbuild/lib/llvm/Demangle/include/llvm/Demangle/include/llvm/Demangle/include/llvm/Demangle/include/llvm/Demangle/include/llvm/Demangle/include/llvm/Demangle/include/llvm/Demangle/include/llvm/Demangle/include/llvm/Demangle/include/llvm/Demangle/include/llvm/Demangle/include/llvm/Demangle/include/llvm/Demangle/include/llvm/Demangle/include/llvm/Demangle/include/llvm/Demangle/include/llvm/Demangle/include/llvm/Demangle/include/llvm/Demangle/include/llvm/Demangle/include/llvm/Demangle/include/llvm/Demangle/include/llvm/Demangle/include/llvm/Demangle/include/llvm/Demangle/include/llvm/Demangle/include/llvm/Demangle/include/llvm/Demangle/include/llvm/Demangle/include/llvm/Demangle/include/llvm/Demangle/include/llvm/Demangle/include/llvmproduct 'Utility' required by package 'spi-builder-workspace' target 'SwiftPowerAssert' not found.
Resolved source packages:
spi-builder-workspace: (null)
2026-09-16 11:19:15.989 xcodebuild[765:4508] Writing error result bundle to /var/folders/xq/y_g06wb113726d38xsyx71_h0000gn/T/ResultBundle_2026-16-09_11-19-0015.xcresult
xcodebuild: error: Could not resolve package dependencies:
product 'Utility' required by package 'spi-builder-workspace' target 'SwiftPowerAssert' not found.
BUILD FAILURE 6.4 visionOS