The Swift Package Index logo.Swift Package Index

Build Information

Failed to build ATDECCSwift, reference main (d397a0), with Swift 6.3 for Wasm on 8 Oct 2026 21:30:52 UTC.

Build Command

bash -c docker run --pull=always --rm -v "checkouts-54344845-2":/host -w "$PWD" -e JAVA_HOME="/root/.sdkman/candidates/java/current" -e SPI_BUILD="1" -e SPI_PROCESSING="1" registry.gitlab.com/saguaro1/spi-images:wasm-6.3-latest swift build --swift-sdk swift-6.3.2-RELEASE_wasm 2>&1

Build Log

========================================
RunAll
========================================
Builder version: 5.1.1
Interrupt handler set up.
========================================
Checkout
========================================
Clone URL: https://github.com/PADL/ATDECCSwift.git
Reference: main
Initialized empty Git repository in /host/spi-builder-workspace/.git/
hint: Using 'master' as the name for the initial branch. This default branch name
hint: is subject to change. To configure the initial branch name to use in all
hint: of your new repositories, which will suppress this warning, call:
hint:
hint: 	git config --global init.defaultBranch <name>
hint:
hint: Names commonly chosen instead of 'master' are 'main', 'trunk' and
hint: 'development'. The just-created branch can be renamed via this command:
hint:
hint: 	git branch -m <name>
From https://github.com/PADL/ATDECCSwift
 * branch            main       -> FETCH_HEAD
 * [new branch]      main       -> origin/main
HEAD is now at d397a03 Depend on upstream AsyncExtensions 0.7
Cloned https://github.com/PADL/ATDECCSwift.git
Revision (git rev-parse @):
d397a0339c270d7405b429da3119bc91382ab879
SUCCESS checkout https://github.com/PADL/ATDECCSwift.git at main
========================================
Build
========================================
Selected platform:         wasm
Swift version:             6.3
Building package at path:  $PWD
https://github.com/PADL/ATDECCSwift.git
Running build ...
bash -c docker run --pull=always --rm -v "checkouts-54344845-2":/host -w "$PWD" -e JAVA_HOME="/root/.sdkman/candidates/java/current" -e SPI_BUILD="1" -e SPI_PROCESSING="1" registry.gitlab.com/saguaro1/spi-images:wasm-6.3-latest swift build --swift-sdk swift-6.3.2-RELEASE_wasm 2>&1
wasm-6.3-latest: Pulling from saguaro1/spi-images
Digest: sha256:df2e9038ff906af397ec7b7e13902ccb183f8867606bc33419e44453a9abdb4b
Status: Image is up to date for registry.gitlab.com/saguaro1/spi-images:wasm-6.3-latest
Fetching https://github.com/apple/swift-log
Fetching https://github.com/PADL/IORingSwift
Fetching https://github.com/PADL/SocketAddress
Fetching https://github.com/apple/swift-binary-parsing
Fetching https://github.com/apple/swift-system
Fetching https://github.com/PADL/NetLinkSwift
[1/639] Fetching netlinkswift
[27/965] Fetching netlinkswift, socketaddress
Fetched https://github.com/PADL/SocketAddress from cache (0.41s)
[1/1405] Fetching swift-binary-parsing
Fetching https://github.com/PADL/IEEE802Swift
[226/9662] Fetching swift-binary-parsing, swift-log
[312/12899] Fetching swift-binary-parsing, swift-log, ioringswift
[4209/20140] Fetching swift-binary-parsing, swift-log, ioringswift, swift-system
Fetched https://github.com/PADL/NetLinkSwift from cache (0.73s)
Fetched https://github.com/PADL/IORingSwift from cache (0.73s)
Fetched https://github.com/apple/swift-system from cache (0.73s)
Fetched https://github.com/apple/swift-log from cache (0.73s)
Fetched https://github.com/apple/swift-binary-parsing from cache (0.74s)
[1/64] Fetching ieee802swift
Fetched https://github.com/PADL/IEEE802Swift from cache (0.41s)
Computing version for https://github.com/apple/swift-binary-parsing
Computed https://github.com/apple/swift-binary-parsing at 0.0.2 (1.77s)
Fetching https://github.com/swiftlang/swift-syntax.git
[1/80400] Fetching swift-syntax
Fetched https://github.com/swiftlang/swift-syntax.git from cache (3.32s)
Computing version for https://github.com/PADL/SocketAddress
Computed https://github.com/PADL/SocketAddress at 0.5.2 (3.48s)
Computing version for https://github.com/PADL/NetLinkSwift
Computed https://github.com/PADL/NetLinkSwift at 0.2.2 (0.15s)
Fetching https://github.com/sideeffect-io/AsyncExtensions
Fetching https://github.com/apple/swift-async-algorithms
[1/1213] Fetching asyncextensions
[1214/8019] Fetching asyncextensions, swift-async-algorithms
Fetched https://github.com/sideeffect-io/AsyncExtensions from cache (0.69s)
Fetched https://github.com/apple/swift-async-algorithms from cache (0.69s)
Computing version for https://github.com/PADL/IORingSwift
Computed https://github.com/PADL/IORingSwift at 2.1.3 (0.93s)
Fetching https://github.com/dfed/swift-async-queue
[1/1720] Fetching swift-async-queue
Fetched https://github.com/dfed/swift-async-queue from cache (0.44s)
Computing version for https://github.com/PADL/IEEE802Swift
Computed https://github.com/PADL/IEEE802Swift at 0.2.1 (0.59s)
Computing version for https://github.com/swiftlang/swift-syntax.git
Computed https://github.com/swiftlang/swift-syntax.git at 602.0.0 (0.95s)
Computing version for https://github.com/sideeffect-io/AsyncExtensions
Computed https://github.com/sideeffect-io/AsyncExtensions at 0.7.0 (0.13s)
Fetching https://github.com/apple/swift-collections.git
[1/28545] Fetching swift-collections
Fetched https://github.com/apple/swift-collections.git from cache (1.90s)
Computing version for https://github.com/dfed/swift-async-queue
Computed https://github.com/dfed/swift-async-queue at 1.1.0 (2.04s)
Computing version for https://github.com/apple/swift-async-algorithms
Computed https://github.com/apple/swift-async-algorithms at 1.1.7 (0.18s)
Computing version for https://github.com/apple/swift-collections.git
Computed https://github.com/apple/swift-collections.git at 1.7.2 (0.23s)
Computing version for https://github.com/apple/swift-log
Computed https://github.com/apple/swift-log at 1.16.1 (0.15s)
Computing version for https://github.com/apple/swift-system
Computed https://github.com/apple/swift-system at 1.8.1 (0.17s)
Creating working copy for https://github.com/dfed/swift-async-queue
Working copy of https://github.com/dfed/swift-async-queue resolved at 1.1.0
Creating working copy for https://github.com/PADL/IORingSwift
Working copy of https://github.com/PADL/IORingSwift resolved at 2.1.3
Creating working copy for https://github.com/apple/swift-collections.git
Working copy of https://github.com/apple/swift-collections.git resolved at 1.7.2
Creating working copy for https://github.com/PADL/NetLinkSwift
Working copy of https://github.com/PADL/NetLinkSwift resolved at 0.2.2
Creating working copy for https://github.com/apple/swift-log
Working copy of https://github.com/apple/swift-log resolved at 1.16.1
Creating working copy for https://github.com/apple/swift-system
Working copy of https://github.com/apple/swift-system resolved at 1.8.1
Creating working copy for https://github.com/PADL/IEEE802Swift
Working copy of https://github.com/PADL/IEEE802Swift resolved at 0.2.1
Creating working copy for https://github.com/apple/swift-async-algorithms
Working copy of https://github.com/apple/swift-async-algorithms resolved at 1.1.7
Creating working copy for https://github.com/swiftlang/swift-syntax.git
Working copy of https://github.com/swiftlang/swift-syntax.git resolved at 602.0.0
Creating working copy for https://github.com/apple/swift-binary-parsing
Working copy of https://github.com/apple/swift-binary-parsing resolved at 0.0.2
Creating working copy for https://github.com/sideeffect-io/AsyncExtensions
Working copy of https://github.com/sideeffect-io/AsyncExtensions resolved at 0.7.0
Creating working copy for https://github.com/PADL/SocketAddress
Working copy of https://github.com/PADL/SocketAddress resolved at 0.5.2
Downloading package prebuilt https://download.swift.org/prebuilts/swift-syntax/602.0.0/swift-6.3.2-RELEASE-ubuntu_noble_x86_64-MacroSupport.tar.gz
Downloaded https://download.swift.org/prebuilts/swift-syntax/602.0.0/swift-6.3.2-RELEASE-ubuntu_noble_x86_64-MacroSupport.tar.gz (0.25s)
warning: you may be able to install libmnl using your system-packager:
    apt-get install libmnl-dev
warning: you may be able to install libnl-3.0 using your system-packager:
    apt-get install libnl-3-dev libnl-route-3-dev libnl-nf-3-dev libnl-genl-3-dev
warning: you may be able to install libnl-route-3.0 using your system-packager:
    apt-get install libnl-3-dev libnl-route-3-dev libnl-nf-3-dev libnl-genl-3-dev
warning: you may be able to install libnl-nf-3.0 using your system-packager:
    apt-get install libnl-3-dev libnl-route-3-dev libnl-nf-3-dev libnl-genl-3-dev
warning: you may be able to install libnl-genl-3.0 using your system-packager:
    apt-get install libnl-3-dev libnl-route-3-dev libnl-nf-3-dev libnl-genl-3-dev
warning: you may be able to install libmnl using your system-packager:
    apt-get install libmnl-dev
warning: you may be able to install libnl-3.0 using your system-packager:
    apt-get install libnl-3-dev libnl-route-3-dev libnl-nf-3-dev libnl-genl-3-dev
warning: you may be able to install libnl-route-3.0 using your system-packager:
    apt-get install libnl-3-dev libnl-route-3-dev libnl-nf-3-dev libnl-genl-3-dev
warning: you may be able to install libnl-nf-3.0 using your system-packager:
    apt-get install libnl-3-dev libnl-route-3-dev libnl-nf-3-dev libnl-genl-3-dev
warning: you may be able to install libnl-genl-3.0 using your system-packager:
    apt-get install libnl-3-dev libnl-route-3-dev libnl-nf-3-dev libnl-genl-3-dev
warning: 'socketaddress': found 1 file(s) which are unhandled; explicitly declare them as resources or exclude from the target
    /host/spi-builder-workspace/.build/checkouts/SocketAddress/Sources/SocketAddress/CMakeLists.txt
Building for debugging...
[0/20] Write sources
[7/20] Compiling CSystem shims.c
[8/20] Write swift-version-24593BA9C3E375BF.txt
[10/76] Emitting module Logging
[11/77] Compiling SystemPackage FilePathComponentView.swift
[12/77] Compiling SystemPackage FilePathComponents.swift
[13/77] Compiling SystemPackage FilePathParsing.swift
[14/77] Compiling SystemPackage FilePathString.swift
[15/77] Compiling SystemPackage FilePathSyntax.swift
[16/82] Emitting module SystemPackage
[17/82] Compiling BinaryParsingMacros ParserMacroRewriters.swift
[18/83] Compiling BinaryParsingMacros ParserMacroVisitors.swift
[19/83] Compiling BinaryParsingMacros Plugin.swift
[20/83] Compiling Logging Logger+With.swift
[21/83] Compiling SystemPackage Errno.swift
[22/83] Compiling SystemPackage ErrnoWindows.swift
[23/83] Compiling SystemPackage FileDescriptor.swift
[24/83] Compiling SystemPackage FileHelpers.swift
[25/83] Compiling SystemPackage FileOperations.swift
[26/83] Compiling SystemPackage FilePath.swift
[27/83] Compiling SystemPackage IOCompletion.swift
[28/83] Compiling SystemPackage IORequest.swift
[29/83] Compiling SystemPackage IORing+Util.swift
[30/83] Compiling SystemPackage IORing.swift
[31/83] Compiling SystemPackage RawIORequest.swift
[32/83] Compiling BinaryParsingMacros SyntaxVisitorPredicate.swift
[35/83] Compiling Logging Logger+Attributes.swift
[36/83] Compiling Logging LoggingSystem.swift
[37/83] Compiling Logging Logger.swift
[38/83] Compiling SystemPackage FilePathTemp.swift
[39/83] Compiling SystemPackage FilePathTempPosix.swift
[40/83] Compiling SystemPackage FilePathTempWindows.swift
[41/83] Compiling SystemPackage FilePathWindows.swift
[42/83] Compiling SystemPackage FilePermissions.swift
[43/83] Compiling SystemPackage FileFlags.swift
[44/83] Compiling SystemPackage FileMode.swift
[45/83] Compiling SystemPackage FileType.swift
[46/83] Compiling SystemPackage Identifiers.swift
[47/83] Compiling SystemPackage Stat.swift
[48/83] Compiling SystemPackage RawBuffer.swift
[49/83] Compiling SystemPackage Syscalls.swift
[50/83] Compiling SystemPackage WindowsSyscallAdapters.swift
[51/83] Compiling SystemPackage MachPort.swift
[52/83] Compiling SystemPackage PlatformString.swift
[53/83] Compiling Logging MetadataProvider.swift
[54/83] Compiling SystemPackage Backcompat.swift
[55/83] Compiling SystemPackage CInterop.swift
[56/83] Compiling SystemPackage Constants.swift
[57/83] Compiling SystemPackage Exports.swift
[58/83] Compiling SystemPackage Mocking.swift
[61/83] Compiling SystemPackage SystemString.swift
[62/83] Compiling SystemPackage Util+StringArray.swift
[63/83] Compiling SystemPackage Util.swift
[64/83] Compiling SystemPackage UtilConsumers.swift
[65/83] Compiling SystemPackage WinSDK+Overlay.swift
[66/84] Wrapping AST for SystemPackage for debugging
[70/85] Wrapping AST for Logging for debugging
[72/85] Compiling BinaryParsingMacros ParserMacroRegexes.swift
[73/85] Compiling BinaryParsingMacros Extensions.swift
[74/85] Compiling BinaryParsingMacros ParserMacro.swift
[75/85] Emitting module BinaryParsingMacros
[76/85] Compiling BinaryParsingMacros MagicNumberStringMacro.swift
[77/86] Wrapping AST for BinaryParsingMacros for debugging
[78/86] Write Objects.LinkFileList
[79/86] Linking BinaryParsingMacros-tool
[81/105] Compiling BinaryParsing Optionators.swift
[82/105] Compiling BinaryParsing ThrowingOperations.swift
[83/105] Compiling BinaryParsing Endianness.swift
[84/107] Compiling BinaryParsing Macros.swift
[85/107] Compiling BinaryParsing MagicNumber.swift
[86/107] Compiling BinaryParsing OptionalOperations.swift
[87/107] Compiling BinaryParsing String.swift
[88/107] Compiling BinaryParsing LinuxRNGSupport.swift
[89/107] Compiling BinaryParsing IntegerProtocols.swift
[90/107] Compiling BinaryParsing Range.swift
[91/107] Compiling BinaryParsing Array.swift
[92/107] Compiling BinaryParsing Data.swift
[93/107] Compiling BinaryParsing InlineArray.swift
[94/107] Compiling BinaryParsing Integer.swift
[95/107] Compiling BinaryParsing ParsingError.swift
[96/107] Compiling BinaryParsing Seeking.swift
[97/107] Compiling BinaryParsing Slicing.swift
[98/107] Emitting module BinaryParsing
[99/107] Compiling BinaryParsing ParserRange.swift
[100/107] Compiling BinaryParsing ParserSource.swift
[101/107] Compiling BinaryParsing ParserSpan.swift
[102/108] Wrapping AST for BinaryParsing for debugging
[104/112] Compiling IEEE802 IEEE802Packet.swift
[105/112] Compiling IEEE802 EUI48.swift
[106/112] Compiling IEEE802 SerDes.swift
[107/112] Emitting module IEEE802
[108/113] Wrapping AST for IEEE802 for debugging
[110/134] Compiling ATDECC SerialPort.swift
/host/spi-builder-workspace/Sources/ATDECC/Timer.swift:17:8: error: no such module 'Dispatch'
 15 | //
 16 |
 17 | import Dispatch
    |        `- error: no such module 'Dispatch'
 18 | import Synchronization
 19 |
[111/134] Compiling ATDECC Status.swift
/host/spi-builder-workspace/Sources/ATDECC/Timer.swift:17:8: error: no such module 'Dispatch'
 15 | //
 16 |
 17 | import Dispatch
    |        `- error: no such module 'Dispatch'
 18 | import Synchronization
 19 |
[112/136] Compiling ATDECC Acmpdu.swift
/host/spi-builder-workspace/Sources/ATDECC/Timer.swift:17:8: error: no such module 'Dispatch'
 15 | //
 16 |
 17 | import Dispatch
    |        `- error: no such module 'Dispatch'
 18 | import Synchronization
 19 |
[113/136] Compiling ATDECC Adpdu.swift
/host/spi-builder-workspace/Sources/ATDECC/Timer.swift:17:8: error: no such module 'Dispatch'
 15 | //
 16 |
 17 | import Dispatch
    |        `- error: no such module 'Dispatch'
 18 | import Synchronization
 19 |
[114/136] Compiling ATDECC Aecpdu.swift
/host/spi-builder-workspace/Sources/ATDECC/Timer.swift:17:8: error: no such module 'Dispatch'
 15 | //
 16 |
 17 | import Dispatch
    |        `- error: no such module 'Dispatch'
 18 | import Synchronization
 19 |
error: emit-module command failed with exit code 1 (use -v to see invocation)
[115/136] Emitting module ATDECC
/host/spi-builder-workspace/Sources/ATDECC/Timer.swift:17:8: error: no such module 'Dispatch'
 15 | //
 16 |
 17 | import Dispatch
    |        `- error: no such module 'Dispatch'
 18 | import Synchronization
 19 |
[116/136] Compiling ATDECC Common.swift
/host/spi-builder-workspace/Sources/ATDECC/Timer.swift:17:8: error: no such module 'Dispatch'
 15 | //
 16 |
 17 | import Dispatch
    |        `- error: no such module 'Dispatch'
 18 | import Synchronization
 19 |
[117/136] Compiling ATDECC Controller.swift
/host/spi-builder-workspace/Sources/ATDECC/Timer.swift:17:8: error: no such module 'Dispatch'
 15 | //
 16 |
 17 | import Dispatch
    |        `- error: no such module 'Dispatch'
 18 | import Synchronization
 19 |
[118/136] Compiling ATDECC ControllerEvent.swift
/host/spi-builder-workspace/Sources/ATDECC/Timer.swift:17:8: error: no such module 'Dispatch'
 15 | //
 16 |
 17 | import Dispatch
    |        `- error: no such module 'Dispatch'
 18 | import Synchronization
 19 |
[119/136] Compiling ATDECC Flags.swift
/host/spi-builder-workspace/Sources/ATDECC/Timer.swift:17:8: error: no such module 'Dispatch'
 15 | //
 16 |
 17 | import Dispatch
    |        `- error: no such module 'Dispatch'
 18 | import Synchronization
 19 |
[120/136] Compiling ATDECC Models.swift
/host/spi-builder-workspace/Sources/ATDECC/Timer.swift:17:8: error: no such module 'Dispatch'
 15 | //
 16 |
 17 | import Dispatch
    |        `- error: no such module 'Dispatch'
 18 | import Synchronization
 19 |
[121/136] Compiling ATDECC MvuPayloads.swift
/host/spi-builder-workspace/Sources/ATDECC/Timer.swift:17:8: error: no such module 'Dispatch'
 15 | //
 16 |
 17 | import Dispatch
    |        `- error: no such module 'Dispatch'
 18 | import Synchronization
 19 |
[122/136] Compiling ATDECC AemPayloads.swift
/host/spi-builder-workspace/Sources/ATDECC/Timer.swift:17:8: error: no such module 'Dispatch'
 15 | //
 16 |
 17 | import Dispatch
    |        `- error: no such module 'Dispatch'
 18 | import Synchronization
 19 |
[123/136] Compiling ATDECC Avtpdu.swift
/host/spi-builder-workspace/Sources/ATDECC/Timer.swift:17:8: error: no such module 'Dispatch'
 15 | //
 16 |
 17 | import Dispatch
    |        `- error: no such module 'Dispatch'
 18 | import Synchronization
 19 |
[124/136] Compiling ATDECC Cobs.swift
/host/spi-builder-workspace/Sources/ATDECC/Timer.swift:17:8: error: no such module 'Dispatch'
 15 | //
 16 |
 17 | import Dispatch
    |        `- error: no such module 'Dispatch'
 18 | import Synchronization
 19 |
[125/136] Compiling ATDECC Descriptors.swift
/host/spi-builder-workspace/Sources/ATDECC/Timer.swift:17:8: error: no such module 'Dispatch'
 15 | //
 16 |
 17 | import Dispatch
    |        `- error: no such module 'Dispatch'
 18 | import Synchronization
 19 |
[126/136] Compiling ATDECC DiscoveryStateMachine.swift
/host/spi-builder-workspace/Sources/ATDECC/Timer.swift:17:8: error: no such module 'Dispatch'
 15 | //
 16 |
 17 | import Dispatch
    |        `- error: no such module 'Dispatch'
 18 | import Synchronization
 19 |
[127/136] Compiling ATDECC EndStation.swift
/host/spi-builder-workspace/Sources/ATDECC/Timer.swift:17:8: error: no such module 'Dispatch'
 15 | //
 16 |
 17 | import Dispatch
    |        `- error: no such module 'Dispatch'
 18 | import Synchronization
 19 |
[128/136] Compiling ATDECC NetworkPort.swift
/host/spi-builder-workspace/Sources/ATDECC/Timer.swift:17:8: error: no such module 'Dispatch'
 15 | //
 16 |
 17 | import Dispatch
    |        `- error: no such module 'Dispatch'
 18 | import Synchronization
 19 |
[129/136] Compiling ATDECC Promise.swift
/host/spi-builder-workspace/Sources/ATDECC/Timer.swift:17:8: error: no such module 'Dispatch'
 15 | //
 16 |
 17 | import Dispatch
    |        `- error: no such module 'Dispatch'
 18 | import Synchronization
 19 |
[130/136] Compiling ATDECC PtpModels.swift
/host/spi-builder-workspace/Sources/ATDECC/Timer.swift:17:8: error: no such module 'Dispatch'
 15 | //
 16 |
 17 | import Dispatch
    |        `- error: no such module 'Dispatch'
 18 | import Synchronization
 19 |
[131/136] Compiling ATDECC StreamFormat.swift
/host/spi-builder-workspace/Sources/ATDECC/Timer.swift:17:8: error: no such module 'Dispatch'
 15 | //
 16 |
 17 | import Dispatch
    |        `- error: no such module 'Dispatch'
 18 | import Synchronization
 19 |
[132/136] Compiling ATDECC Timer.swift
/host/spi-builder-workspace/Sources/ATDECC/Timer.swift:17:8: error: no such module 'Dispatch'
 15 | //
 16 |
 17 | import Dispatch
    |        `- error: no such module 'Dispatch'
 18 | import Synchronization
 19 |
BUILD FAILURE 6.3 wasm