Build Information
Failed to build Graphics, reference 0.4.1 (4d15d4), with Swift 6.4 for watchOS using Xcode 27.0 on 17 Sep 2026 04:18:57 UTC.
Build Command
env DEVELOPER_DIR=/Applications/Xcode-27.0.0-Release.Candidate.app xcrun xcodebuild -IDEClonedSourcePackagesDirPathOverride=$PWD/.dependencies -skipMacroValidation -skipPackagePluginValidation -derivedDataPath $PWD/.derivedData build -scheme Graphics-Package -destination generic/platform=watchOSBuild Log
SwiftDriver Rendering normal arm64_32 com.apple.xcode.tools.swift.compiler (in target 'Rendering' from project 'Graphics')
cd /Users/admin/builder/spi-builder-workspace/.swiftpm/xcode
builtin-SwiftDriver -- /Applications/Xcode-27.0.0-Release.Candidate.app/Contents/Developer/Toolchains/XcodeDefault.xctoolchain/usr/bin/swiftc -parse-as-library -module-name Rendering -Onone @/Users/admin/builder/spi-builder-workspace/.derivedData/Build/Intermediates.noindex/Graphics.build/Debug-watchos/Rendering-t.build/Objects-normal/arm64_32/Rendering.SwiftFileList -DSWIFT_PACKAGE -DDEBUG -DSWIFT_MODULE_RESOURCE_BUNDLE_UNAVAILABLE -DXcode -plugin-path /Applications/Xcode-27.0.0-Release.Candidate.app/Contents/Developer/Toolchains/XcodeDefault.xctoolchain/usr/lib/swift/host/plugins/testing -enable-experimental-feature DebugDescriptionMacro -sdk /Applications/Xcode-27.0.0-Release.Candidate.app/Contents/Developer/Platforms/WatchOS.platform/Developer/SDKs/WatchOS27.0.sdk -target arm64_32-apple-watchos9.0 -g -module-cache-path /Users/admin/builder/spi-builder-workspace/.derivedData/ModuleCache.noindex -Xfrontend -serialize-debugging-options -profile-coverage-mapping -profile-generate -enable-testing -index-store-path /Users/admin/builder/spi-builder-workspace/.derivedData/Index.noindex/DataStore -Xcc -D_LIBCPP_HARDENING_MODE\=_LIBCPP_HARDENING_MODE_DEBUG -swift-version 4.2 -I /Users/admin/builder/spi-builder-workspace/.derivedData/Build/Products/Debug-watchos -Isystem /Applications/Xcode-27.0.0-Release.Candidate.app/Contents/Developer/Platforms/WatchOS.platform/Developer/usr/lib -F /Users/admin/builder/spi-builder-workspace/.derivedData/Build/Products/Debug-watchos/PackageFrameworks -F /Users/admin/builder/spi-builder-workspace/.derivedData/Build/Products/Debug-watchos -F /Applications/Xcode-27.0.0-Release.Candidate.app/Contents/Developer/Platforms/WatchOS.platform/Developer/Library/Frameworks -F /Applications/Xcode-27.0.0-Release.Candidate.app/Contents/Developer/Platforms/WatchOS.platform/Developer/SDKs/WatchOS27.0.sdk/Developer/Library/Frameworks -c -j10 -enable-batch-mode -incremental -Xcc -ivfsstatcache -Xcc /Users/admin/builder/spi-builder-workspace/.derivedData/SDKStatCaches.noindex/watchos27.0-24R360-e829b21a6f8c9b70876ba0858053c04477534ef55a1706bf4c1112bbb242f0a2.sdkstatcache -output-file-map /Users/admin/builder/spi-builder-workspace/.derivedData/Build/Intermediates.noindex/Graphics.build/Debug-watchos/Rendering-t.build/Objects-normal/arm64_32/Rendering-OutputFileMap.json -save-temps -no-color-diagnostics -emit-dependencies -emit-module -emit-module-path /Users/admin/builder/spi-builder-workspace/.derivedData/Build/Intermediates.noindex/Graphics.build/Debug-watchos/Rendering-t.build/Objects-normal/arm64_32/Rendering.swiftmodule -serialize-diagnostics -validate-clang-modules-once -clang-build-session-file /Users/admin/builder/spi-builder-workspace/.derivedData/ModuleCache.noindex/Session.modulevalidation -Xcc -fmodules-prune-interval\=86400 -Xcc -fmodules-prune-after\=345600 -emit-const-values -const-gather-protocols-list /Users/admin/builder/spi-builder-workspace/.derivedData/Build/Intermediates.noindex/Graphics.build/Debug-watchos/Rendering-t.build/Objects-normal/arm64_32/Rendering_const_extract_protocols.json -Xcc -I/Users/admin/builder/spi-builder-workspace/.derivedData/Build/Products/Debug-watchos/include -Xcc -I/Users/admin/builder/spi-builder-workspace/.derivedData/Build/Intermediates.noindex/Graphics.build/Debug-watchos/Rendering-t.build/DerivedSources-normal/arm64_32 -Xcc -I/Users/admin/builder/spi-builder-workspace/.derivedData/Build/Intermediates.noindex/Graphics.build/Debug-watchos/Rendering-t.build/DerivedSources/arm64_32 -Xcc -I/Users/admin/builder/spi-builder-workspace/.derivedData/Build/Intermediates.noindex/Graphics.build/Debug-watchos/Rendering-t.build/DerivedSources -Xcc -DSWIFT_PACKAGE -Xcc -DDEBUG\=1 -emit-objc-header -emit-objc-header-path /Users/admin/builder/spi-builder-workspace/.derivedData/Build/Intermediates.noindex/Graphics.build/Debug-watchos/Rendering-t.build/Objects-normal/arm64_32/Rendering-Swift.h -working-directory /Users/admin/builder/spi-builder-workspace/.swiftpm/xcode -experimental-emit-module-separately -disable-cmo
SwiftDriverJobDiscovery normal arm64 Compiling Path.Builder.swift (in target 'Path' from project 'Graphics')
SwiftCompile normal arm64_32 Compiling\ Item.swift /Users/admin/builder/spi-builder-workspace/Sources/Rendering/Item.swift (in target 'Rendering' from project 'Graphics')
SwiftCompile normal arm64_32 /Users/admin/builder/spi-builder-workspace/Sources/Rendering/Item.swift (in target 'Rendering' from project 'Graphics')
cd /Users/admin/builder/spi-builder-workspace/.swiftpm/xcode
builtin-SwiftPerFileCompile Item.swift
SwiftCompile normal arm64_32 Compiling\ StyledPath.swift /Users/admin/builder/spi-builder-workspace/Sources/Rendering/StyledPath.swift (in target 'Rendering' from project 'Graphics')
SwiftCompile normal arm64_32 /Users/admin/builder/spi-builder-workspace/Sources/Rendering/StyledPath.swift (in target 'Rendering' from project 'Graphics')
cd /Users/admin/builder/spi-builder-workspace/.swiftpm/xcode
builtin-SwiftPerFileCompile StyledPath.swift
SwiftEmitModule normal arm64_32 Emitting\ module\ for\ Rendering (in target 'Rendering' from project 'Graphics')
SwiftCompile normal arm64_32 (in target 'Rendering' from project 'Graphics')
cd /Users/admin/builder/spi-builder-workspace/.swiftpm/xcode
SwiftCompile normal arm64_32 Compiling\ Insets.swift /Users/admin/builder/spi-builder-workspace/Sources/Rendering/Insets.swift (in target 'Rendering' from project 'Graphics')
SwiftCompile normal arm64_32 /Users/admin/builder/spi-builder-workspace/Sources/Rendering/Insets.swift (in target 'Rendering' from project 'Graphics')
cd /Users/admin/builder/spi-builder-workspace/.swiftpm/xcode
builtin-SwiftPerFileCompile Insets.swift
SwiftEmitModule normal arm64 Emitting\ module\ for\ Rendering (in target 'Rendering' from project 'Graphics')
SwiftCompile normal arm64 (in target 'Rendering' from project 'Graphics')
cd /Users/admin/builder/spi-builder-workspace/.swiftpm/xcode
SwiftDriverJobDiscovery normal arm64 Compiling Path+Square.swift, Path+Transform.swift (in target 'Path' from project 'Graphics')
SwiftCompile normal arm64 Compiling\ Fill.swift,\ Group.swift /Users/admin/builder/spi-builder-workspace/Sources/Rendering/Fill.swift /Users/admin/builder/spi-builder-workspace/Sources/Rendering/Group.swift (in target 'Rendering' from project 'Graphics')
SwiftCompile normal arm64 /Users/admin/builder/spi-builder-workspace/Sources/Rendering/Fill.swift (in target 'Rendering' from project 'Graphics')
cd /Users/admin/builder/spi-builder-workspace/.swiftpm/xcode
builtin-SwiftPerFileCompile Fill.swift
SwiftCompile normal arm64 /Users/admin/builder/spi-builder-workspace/Sources/Rendering/Group.swift (in target 'Rendering' from project 'Graphics')
cd /Users/admin/builder/spi-builder-workspace/.swiftpm/xcode
builtin-SwiftPerFileCompile Group.swift
SwiftDriverJobDiscovery normal arm64 Compiling Path+Arrowhead.swift, Path+Circle.swift (in target 'Path' from project 'Graphics')
SwiftCompile normal arm64 Compiling\ Item.swift /Users/admin/builder/spi-builder-workspace/Sources/Rendering/Item.swift (in target 'Rendering' from project 'Graphics')
SwiftCompile normal arm64 /Users/admin/builder/spi-builder-workspace/Sources/Rendering/Item.swift (in target 'Rendering' from project 'Graphics')
cd /Users/admin/builder/spi-builder-workspace/.swiftpm/xcode
builtin-SwiftPerFileCompile Item.swift
SwiftCompile normal arm64_32 Compiling\ StyledPath.Composite.swift /Users/admin/builder/spi-builder-workspace/Sources/Rendering/StyledPath.Composite.swift (in target 'Rendering' from project 'Graphics')
SwiftCompile normal arm64_32 /Users/admin/builder/spi-builder-workspace/Sources/Rendering/StyledPath.Composite.swift (in target 'Rendering' from project 'Graphics')
cd /Users/admin/builder/spi-builder-workspace/.swiftpm/xcode
builtin-SwiftPerFileCompile StyledPath.Composite.swift
SwiftCompile normal arm64 Compiling\ Renderable.swift /Users/admin/builder/spi-builder-workspace/Sources/Rendering/Renderable.swift (in target 'Rendering' from project 'Graphics')
SwiftCompile normal arm64 /Users/admin/builder/spi-builder-workspace/Sources/Rendering/Renderable.swift (in target 'Rendering' from project 'Graphics')
cd /Users/admin/builder/spi-builder-workspace/.swiftpm/xcode
builtin-SwiftPerFileCompile Renderable.swift
SwiftDriverJobDiscovery normal arm64 Compiling BezierCurve.swift, CubicBezierCurve.swift (in target 'Path' from project 'Graphics')
SwiftDriverJobDiscovery normal arm64_32 Compiling PathElement.swift (in target 'Path' from project 'Graphics')
SwiftCompile normal arm64 Compiling\ Renderer.swift /Users/admin/builder/spi-builder-workspace/Sources/Rendering/Renderer.swift (in target 'Rendering' from project 'Graphics')
SwiftCompile normal arm64 /Users/admin/builder/spi-builder-workspace/Sources/Rendering/Renderer.swift (in target 'Rendering' from project 'Graphics')
cd /Users/admin/builder/spi-builder-workspace/.swiftpm/xcode
builtin-SwiftPerFileCompile Renderer.swift
SwiftDriverJobDiscovery normal arm64 Compiling Path+Parallelogram.swift, Path+PolygonProtocol.swift (in target 'Path' from project 'Graphics')
SwiftCompile normal arm64_32 Compiling\ Renderer.swift /Users/admin/builder/spi-builder-workspace/Sources/Rendering/Renderer.swift (in target 'Rendering' from project 'Graphics')
SwiftCompile normal arm64_32 /Users/admin/builder/spi-builder-workspace/Sources/Rendering/Renderer.swift (in target 'Rendering' from project 'Graphics')
cd /Users/admin/builder/spi-builder-workspace/.swiftpm/xcode
builtin-SwiftPerFileCompile Renderer.swift
SwiftDriverJobDiscovery normal arm64_32 Compiling Insets.swift (in target 'Rendering' from project 'Graphics')
SwiftCompile normal arm64_32 Compiling\ Styling.swift /Users/admin/builder/spi-builder-workspace/Sources/Rendering/Styling.swift (in target 'Rendering' from project 'Graphics')
SwiftCompile normal arm64_32 /Users/admin/builder/spi-builder-workspace/Sources/Rendering/Styling.swift (in target 'Rendering' from project 'Graphics')
cd /Users/admin/builder/spi-builder-workspace/.swiftpm/xcode
builtin-SwiftPerFileCompile Styling.swift
SwiftDriverJobDiscovery normal arm64_32 Compiling Item.swift (in target 'Rendering' from project 'Graphics')
SwiftCompile normal arm64 Compiling\ StyledPath.Composite.swift /Users/admin/builder/spi-builder-workspace/Sources/Rendering/StyledPath.Composite.swift (in target 'Rendering' from project 'Graphics')
SwiftCompile normal arm64 /Users/admin/builder/spi-builder-workspace/Sources/Rendering/StyledPath.Composite.swift (in target 'Rendering' from project 'Graphics')
cd /Users/admin/builder/spi-builder-workspace/.swiftpm/xcode
builtin-SwiftPerFileCompile StyledPath.Composite.swift
SwiftDriverJobDiscovery normal arm64_32 Compiling StyledPath.swift (in target 'Rendering' from project 'Graphics')
SwiftCompile normal arm64 Compiling\ Alignment.swift,\ Color.swift /Users/admin/builder/spi-builder-workspace/Sources/Rendering/Alignment.swift /Users/admin/builder/spi-builder-workspace/Sources/Rendering/Color.swift (in target 'Rendering' from project 'Graphics')
SwiftCompile normal arm64 /Users/admin/builder/spi-builder-workspace/Sources/Rendering/Alignment.swift (in target 'Rendering' from project 'Graphics')
cd /Users/admin/builder/spi-builder-workspace/.swiftpm/xcode
builtin-SwiftPerFileCompile Alignment.swift
SwiftCompile normal arm64 /Users/admin/builder/spi-builder-workspace/Sources/Rendering/Color.swift (in target 'Rendering' from project 'Graphics')
cd /Users/admin/builder/spi-builder-workspace/.swiftpm/xcode
builtin-SwiftPerFileCompile Color.swift
SwiftDriverJobDiscovery normal arm64 Compiling Item.swift (in target 'Rendering' from project 'Graphics')
SwiftCompile normal arm64 Compiling\ StyledPath.swift /Users/admin/builder/spi-builder-workspace/Sources/Rendering/StyledPath.swift (in target 'Rendering' from project 'Graphics')
SwiftCompile normal arm64 /Users/admin/builder/spi-builder-workspace/Sources/Rendering/StyledPath.swift (in target 'Rendering' from project 'Graphics')
cd /Users/admin/builder/spi-builder-workspace/.swiftpm/xcode
builtin-SwiftPerFileCompile StyledPath.swift
SwiftDriverJobDiscovery normal arm64 Compiling Renderable.swift (in target 'Rendering' from project 'Graphics')
SwiftCompile normal arm64 Compiling\ Insets.swift /Users/admin/builder/spi-builder-workspace/Sources/Rendering/Insets.swift (in target 'Rendering' from project 'Graphics')
SwiftCompile normal arm64 /Users/admin/builder/spi-builder-workspace/Sources/Rendering/Insets.swift (in target 'Rendering' from project 'Graphics')
cd /Users/admin/builder/spi-builder-workspace/.swiftpm/xcode
builtin-SwiftPerFileCompile Insets.swift
SwiftDriverJobDiscovery normal arm64_32 Emitting module for Rendering (in target 'Rendering' from project 'Graphics')
SwiftCompile normal arm64_32 Compiling\ Renderable.swift /Users/admin/builder/spi-builder-workspace/Sources/Rendering/Renderable.swift (in target 'Rendering' from project 'Graphics')
SwiftCompile normal arm64_32 /Users/admin/builder/spi-builder-workspace/Sources/Rendering/Renderable.swift (in target 'Rendering' from project 'Graphics')
cd /Users/admin/builder/spi-builder-workspace/.swiftpm/xcode
builtin-SwiftPerFileCompile Renderable.swift
SwiftDriverJobDiscovery normal arm64 Compiling Renderer.swift (in target 'Rendering' from project 'Graphics')
SwiftDriver\ Compilation\ Requirements Rendering normal arm64_32 com.apple.xcode.tools.swift.compiler (in target 'Rendering' from project 'Graphics')
cd /Users/admin/builder/spi-builder-workspace/.swiftpm/xcode
builtin-Swift-Compilation-Requirements -- /Applications/Xcode-27.0.0-Release.Candidate.app/Contents/Developer/Toolchains/XcodeDefault.xctoolchain/usr/bin/swiftc -parse-as-library -module-name Rendering -Onone @/Users/admin/builder/spi-builder-workspace/.derivedData/Build/Intermediates.noindex/Graphics.build/Debug-watchos/Rendering-t.build/Objects-normal/arm64_32/Rendering.SwiftFileList -DSWIFT_PACKAGE -DDEBUG -DSWIFT_MODULE_RESOURCE_BUNDLE_UNAVAILABLE -DXcode -plugin-path /Applications/Xcode-27.0.0-Release.Candidate.app/Contents/Developer/Toolchains/XcodeDefault.xctoolchain/usr/lib/swift/host/plugins/testing -enable-experimental-feature DebugDescriptionMacro -sdk /Applications/Xcode-27.0.0-Release.Candidate.app/Contents/Developer/Platforms/WatchOS.platform/Developer/SDKs/WatchOS27.0.sdk -target arm64_32-apple-watchos9.0 -g -module-cache-path /Users/admin/builder/spi-builder-workspace/.derivedData/ModuleCache.noindex -Xfrontend -serialize-debugging-options -profile-coverage-mapping -profile-generate -enable-testing -index-store-path /Users/admin/builder/spi-builder-workspace/.derivedData/Index.noindex/DataStore -Xcc -D_LIBCPP_HARDENING_MODE\=_LIBCPP_HARDENING_MODE_DEBUG -swift-version 4.2 -I /Users/admin/builder/spi-builder-workspace/.derivedData/Build/Products/Debug-watchos -Isystem /Applications/Xcode-27.0.0-Release.Candidate.app/Contents/Developer/Platforms/WatchOS.platform/Developer/usr/lib -F /Users/admin/builder/spi-builder-workspace/.derivedData/Build/Products/Debug-watchos/PackageFrameworks -F /Users/admin/builder/spi-builder-workspace/.derivedData/Build/Products/Debug-watchos -F /Applications/Xcode-27.0.0-Release.Candidate.app/Contents/Developer/Platforms/WatchOS.platform/Developer/Library/Frameworks -F /Applications/Xcode-27.0.0-Release.Candidate.app/Contents/Developer/Platforms/WatchOS.platform/Developer/SDKs/WatchOS27.0.sdk/Developer/Library/Frameworks -c -j10 -enable-batch-mode -incremental -Xcc -ivfsstatcache -Xcc /Users/admin/builder/spi-builder-workspace/.derivedData/SDKStatCaches.noindex/watchos27.0-24R360-e829b21a6f8c9b70876ba0858053c04477534ef55a1706bf4c1112bbb242f0a2.sdkstatcache -output-file-map /Users/admin/builder/spi-builder-workspace/.derivedData/Build/Intermediates.noindex/Graphics.build/Debug-watchos/Rendering-t.build/Objects-normal/arm64_32/Rendering-OutputFileMap.json -save-temps -no-color-diagnostics -emit-dependencies -emit-module -emit-module-path /Users/admin/builder/spi-builder-workspace/.derivedData/Build/Intermediates.noindex/Graphics.build/Debug-watchos/Rendering-t.build/Objects-normal/arm64_32/Rendering.swiftmodule -serialize-diagnostics -validate-clang-modules-once -clang-build-session-file /Users/admin/builder/spi-builder-workspace/.derivedData/ModuleCache.noindex/Session.modulevalidation -Xcc -fmodules-prune-interval\=86400 -Xcc -fmodules-prune-after\=345600 -emit-const-values -const-gather-protocols-list /Users/admin/builder/spi-builder-workspace/.derivedData/Build/Intermediates.noindex/Graphics.build/Debug-watchos/Rendering-t.build/Objects-normal/arm64_32/Rendering_const_extract_protocols.json -Xcc -I/Users/admin/builder/spi-builder-workspace/.derivedData/Build/Products/Debug-watchos/include -Xcc -I/Users/admin/builder/spi-builder-workspace/.derivedData/Build/Intermediates.noindex/Graphics.build/Debug-watchos/Rendering-t.build/DerivedSources-normal/arm64_32 -Xcc -I/Users/admin/builder/spi-builder-workspace/.derivedData/Build/Intermediates.noindex/Graphics.build/Debug-watchos/Rendering-t.build/DerivedSources/arm64_32 -Xcc -I/Users/admin/builder/spi-builder-workspace/.derivedData/Build/Intermediates.noindex/Graphics.build/Debug-watchos/Rendering-t.build/DerivedSources -Xcc -DSWIFT_PACKAGE -Xcc -DDEBUG\=1 -emit-objc-header -emit-objc-header-path /Users/admin/builder/spi-builder-workspace/.derivedData/Build/Intermediates.noindex/Graphics.build/Debug-watchos/Rendering-t.build/Objects-normal/arm64_32/Rendering-Swift.h -working-directory /Users/admin/builder/spi-builder-workspace/.swiftpm/xcode -experimental-emit-module-separately -disable-cmo
SwiftCompile normal arm64 Compiling\ Styling.swift /Users/admin/builder/spi-builder-workspace/Sources/Rendering/Styling.swift (in target 'Rendering' from project 'Graphics')
SwiftCompile normal arm64 /Users/admin/builder/spi-builder-workspace/Sources/Rendering/Styling.swift (in target 'Rendering' from project 'Graphics')
cd /Users/admin/builder/spi-builder-workspace/.swiftpm/xcode
builtin-SwiftPerFileCompile Styling.swift
SwiftCompile normal arm64 Compiling\ Stroke.swift /Users/admin/builder/spi-builder-workspace/Sources/Rendering/Stroke.swift (in target 'Rendering' from project 'Graphics')
SwiftCompile normal arm64 /Users/admin/builder/spi-builder-workspace/Sources/Rendering/Stroke.swift (in target 'Rendering' from project 'Graphics')
cd /Users/admin/builder/spi-builder-workspace/.swiftpm/xcode
builtin-SwiftPerFileCompile Stroke.swift
SwiftDriverJobDiscovery normal arm64 Emitting module for Rendering (in target 'Rendering' from project 'Graphics')
SwiftDriverJobDiscovery normal arm64_32 Compiling Renderer.swift (in target 'Rendering' from project 'Graphics')
SwiftDriver\ Compilation\ Requirements Rendering normal arm64 com.apple.xcode.tools.swift.compiler (in target 'Rendering' from project 'Graphics')
cd /Users/admin/builder/spi-builder-workspace/.swiftpm/xcode
builtin-Swift-Compilation-Requirements -- /Applications/Xcode-27.0.0-Release.Candidate.app/Contents/Developer/Toolchains/XcodeDefault.xctoolchain/usr/bin/swiftc -parse-as-library -module-name Rendering -Onone @/Users/admin/builder/spi-builder-workspace/.derivedData/Build/Intermediates.noindex/Graphics.build/Debug-watchos/Rendering-t.build/Objects-normal/arm64/Rendering.SwiftFileList -DSWIFT_PACKAGE -DDEBUG -DSWIFT_MODULE_RESOURCE_BUNDLE_UNAVAILABLE -DXcode -plugin-path /Applications/Xcode-27.0.0-Release.Candidate.app/Contents/Developer/Toolchains/XcodeDefault.xctoolchain/usr/lib/swift/host/plugins/testing -enable-experimental-feature DebugDescriptionMacro -sdk /Applications/Xcode-27.0.0-Release.Candidate.app/Contents/Developer/Platforms/WatchOS.platform/Developer/SDKs/WatchOS27.0.sdk -target arm64-apple-watchos9.0 -g -module-cache-path /Users/admin/builder/spi-builder-workspace/.derivedData/ModuleCache.noindex -Xfrontend -serialize-debugging-options -profile-coverage-mapping -profile-generate -enable-testing -index-store-path /Users/admin/builder/spi-builder-workspace/.derivedData/Index.noindex/DataStore -Xcc -D_LIBCPP_HARDENING_MODE\=_LIBCPP_HARDENING_MODE_DEBUG -swift-version 4.2 -I /Users/admin/builder/spi-builder-workspace/.derivedData/Build/Products/Debug-watchos -Isystem /Applications/Xcode-27.0.0-Release.Candidate.app/Contents/Developer/Platforms/WatchOS.platform/Developer/usr/lib -F /Users/admin/builder/spi-builder-workspace/.derivedData/Build/Products/Debug-watchos/PackageFrameworks -F /Users/admin/builder/spi-builder-workspace/.derivedData/Build/Products/Debug-watchos -F /Applications/Xcode-27.0.0-Release.Candidate.app/Contents/Developer/Platforms/WatchOS.platform/Developer/Library/Frameworks -F /Applications/Xcode-27.0.0-Release.Candidate.app/Contents/Developer/Platforms/WatchOS.platform/Developer/SDKs/WatchOS27.0.sdk/Developer/Library/Frameworks -c -j10 -enable-batch-mode -incremental -Xcc -ivfsstatcache -Xcc /Users/admin/builder/spi-builder-workspace/.derivedData/SDKStatCaches.noindex/watchos27.0-24R360-e829b21a6f8c9b70876ba0858053c04477534ef55a1706bf4c1112bbb242f0a2.sdkstatcache -output-file-map /Users/admin/builder/spi-builder-workspace/.derivedData/Build/Intermediates.noindex/Graphics.build/Debug-watchos/Rendering-t.build/Objects-normal/arm64/Rendering-OutputFileMap.json -save-temps -no-color-diagnostics -emit-dependencies -emit-module -emit-module-path /Users/admin/builder/spi-builder-workspace/.derivedData/Build/Intermediates.noindex/Graphics.build/Debug-watchos/Rendering-t.build/Objects-normal/arm64/Rendering.swiftmodule -serialize-diagnostics -validate-clang-modules-once -clang-build-session-file /Users/admin/builder/spi-builder-workspace/.derivedData/ModuleCache.noindex/Session.modulevalidation -Xcc -fmodules-prune-interval\=86400 -Xcc -fmodules-prune-after\=345600 -emit-const-values -const-gather-protocols-list /Users/admin/builder/spi-builder-workspace/.derivedData/Build/Intermediates.noindex/Graphics.build/Debug-watchos/Rendering-t.build/Objects-normal/arm64/Rendering_const_extract_protocols.json -Xcc -I/Users/admin/builder/spi-builder-workspace/.derivedData/Build/Products/Debug-watchos/include -Xcc -I/Users/admin/builder/spi-builder-workspace/.derivedData/Build/Intermediates.noindex/Graphics.build/Debug-watchos/Rendering-t.build/DerivedSources-normal/arm64 -Xcc -I/Users/admin/builder/spi-builder-workspace/.derivedData/Build/Intermediates.noindex/Graphics.build/Debug-watchos/Rendering-t.build/DerivedSources/arm64 -Xcc -I/Users/admin/builder/spi-builder-workspace/.derivedData/Build/Intermediates.noindex/Graphics.build/Debug-watchos/Rendering-t.build/DerivedSources -Xcc -DSWIFT_PACKAGE -Xcc -DDEBUG\=1 -emit-objc-header -emit-objc-header-path /Users/admin/builder/spi-builder-workspace/.derivedData/Build/Intermediates.noindex/Graphics.build/Debug-watchos/Rendering-t.build/Objects-normal/arm64/Rendering-Swift.h -working-directory /Users/admin/builder/spi-builder-workspace/.swiftpm/xcode -experimental-emit-module-separately -disable-cmo
SwiftDriverJobDiscovery normal arm64 Compiling Fill.swift, Group.swift (in target 'Rendering' from project 'Graphics')
Copy /Users/admin/builder/spi-builder-workspace/.derivedData/Build/Products/Debug-watchos/Rendering.swiftmodule/arm64_32-apple-watchos.swiftmodule /Users/admin/builder/spi-builder-workspace/.derivedData/Build/Intermediates.noindex/Graphics.build/Debug-watchos/Rendering-t.build/Objects-normal/arm64_32/Rendering.swiftmodule (in target 'Rendering' from project 'Graphics')
cd /Users/admin/builder/spi-builder-workspace
builtin-copy -exclude .DS_Store -exclude CVS -exclude .svn -exclude .git -exclude .hg -resolve-src-symlinks -rename /Users/admin/builder/spi-builder-workspace/.derivedData/Build/Intermediates.noindex/Graphics.build/Debug-watchos/Rendering-t.build/Objects-normal/arm64_32/Rendering.swiftmodule /Users/admin/builder/spi-builder-workspace/.derivedData/Build/Products/Debug-watchos/Rendering.swiftmodule/arm64_32-apple-watchos.swiftmodule
Copy /Users/admin/builder/spi-builder-workspace/.derivedData/Build/Products/Debug-watchos/Rendering.swiftmodule/arm64_32-apple-watchos.swiftdoc /Users/admin/builder/spi-builder-workspace/.derivedData/Build/Intermediates.noindex/Graphics.build/Debug-watchos/Rendering-t.build/Objects-normal/arm64_32/Rendering.swiftdoc (in target 'Rendering' from project 'Graphics')
cd /Users/admin/builder/spi-builder-workspace
builtin-copy -exclude .DS_Store -exclude CVS -exclude .svn -exclude .git -exclude .hg -resolve-src-symlinks -rename /Users/admin/builder/spi-builder-workspace/.derivedData/Build/Intermediates.noindex/Graphics.build/Debug-watchos/Rendering-t.build/Objects-normal/arm64_32/Rendering.swiftdoc /Users/admin/builder/spi-builder-workspace/.derivedData/Build/Products/Debug-watchos/Rendering.swiftmodule/arm64_32-apple-watchos.swiftdoc
SwiftMergeGeneratedHeaders /Users/admin/builder/spi-builder-workspace/.derivedData/Build/Intermediates.noindex/GeneratedModuleMaps-watchos/Rendering-Swift.h /Users/admin/builder/spi-builder-workspace/.derivedData/Build/Intermediates.noindex/Graphics.build/Debug-watchos/Rendering-t.build/Objects-normal/arm64/Rendering-Swift.h /Users/admin/builder/spi-builder-workspace/.derivedData/Build/Intermediates.noindex/Graphics.build/Debug-watchos/Rendering-t.build/Objects-normal/arm64_32/Rendering-Swift.h (in target 'Rendering' from project 'Graphics')
cd /Users/admin/builder/spi-builder-workspace
builtin-swiftHeaderTool -arch arm64 /Users/admin/builder/spi-builder-workspace/.derivedData/Build/Intermediates.noindex/Graphics.build/Debug-watchos/Rendering-t.build/Objects-normal/arm64/Rendering-Swift.h -arch arm64_32 /Users/admin/builder/spi-builder-workspace/.derivedData/Build/Intermediates.noindex/Graphics.build/Debug-watchos/Rendering-t.build/Objects-normal/arm64_32/Rendering-Swift.h -o /Users/admin/builder/spi-builder-workspace/.derivedData/Build/Intermediates.noindex/GeneratedModuleMaps-watchos/Rendering-Swift.h
Copy /Users/admin/builder/spi-builder-workspace/.derivedData/Build/Products/Debug-watchos/Rendering.swiftmodule/arm64_32-apple-watchos.abi.json /Users/admin/builder/spi-builder-workspace/.derivedData/Build/Intermediates.noindex/Graphics.build/Debug-watchos/Rendering-t.build/Objects-normal/arm64_32/Rendering.abi.json (in target 'Rendering' from project 'Graphics')
cd /Users/admin/builder/spi-builder-workspace
builtin-copy -exclude .DS_Store -exclude CVS -exclude .svn -exclude .git -exclude .hg -resolve-src-symlinks -rename /Users/admin/builder/spi-builder-workspace/.derivedData/Build/Intermediates.noindex/Graphics.build/Debug-watchos/Rendering-t.build/Objects-normal/arm64_32/Rendering.abi.json /Users/admin/builder/spi-builder-workspace/.derivedData/Build/Products/Debug-watchos/Rendering.swiftmodule/arm64_32-apple-watchos.abi.json
Copy /Users/admin/builder/spi-builder-workspace/.derivedData/Build/Products/Debug-watchos/Rendering.swiftmodule/arm64-apple-watchos.swiftmodule /Users/admin/builder/spi-builder-workspace/.derivedData/Build/Intermediates.noindex/Graphics.build/Debug-watchos/Rendering-t.build/Objects-normal/arm64/Rendering.swiftmodule (in target 'Rendering' from project 'Graphics')
cd /Users/admin/builder/spi-builder-workspace
builtin-copy -exclude .DS_Store -exclude CVS -exclude .svn -exclude .git -exclude .hg -resolve-src-symlinks -rename /Users/admin/builder/spi-builder-workspace/.derivedData/Build/Intermediates.noindex/Graphics.build/Debug-watchos/Rendering-t.build/Objects-normal/arm64/Rendering.swiftmodule /Users/admin/builder/spi-builder-workspace/.derivedData/Build/Products/Debug-watchos/Rendering.swiftmodule/arm64-apple-watchos.swiftmodule
Copy /Users/admin/builder/spi-builder-workspace/.derivedData/Build/Products/Debug-watchos/Rendering.swiftmodule/arm64-apple-watchos.swiftdoc /Users/admin/builder/spi-builder-workspace/.derivedData/Build/Intermediates.noindex/Graphics.build/Debug-watchos/Rendering-t.build/Objects-normal/arm64/Rendering.swiftdoc (in target 'Rendering' from project 'Graphics')
cd /Users/admin/builder/spi-builder-workspace
builtin-copy -exclude .DS_Store -exclude CVS -exclude .svn -exclude .git -exclude .hg -resolve-src-symlinks -rename /Users/admin/builder/spi-builder-workspace/.derivedData/Build/Intermediates.noindex/Graphics.build/Debug-watchos/Rendering-t.build/Objects-normal/arm64/Rendering.swiftdoc /Users/admin/builder/spi-builder-workspace/.derivedData/Build/Products/Debug-watchos/Rendering.swiftmodule/arm64-apple-watchos.swiftdoc
Copy /Users/admin/builder/spi-builder-workspace/.derivedData/Build/Products/Debug-watchos/Rendering.swiftmodule/arm64-apple-watchos.abi.json /Users/admin/builder/spi-builder-workspace/.derivedData/Build/Intermediates.noindex/Graphics.build/Debug-watchos/Rendering-t.build/Objects-normal/arm64/Rendering.abi.json (in target 'Rendering' from project 'Graphics')
cd /Users/admin/builder/spi-builder-workspace
builtin-copy -exclude .DS_Store -exclude CVS -exclude .svn -exclude .git -exclude .hg -resolve-src-symlinks -rename /Users/admin/builder/spi-builder-workspace/.derivedData/Build/Intermediates.noindex/Graphics.build/Debug-watchos/Rendering-t.build/Objects-normal/arm64/Rendering.abi.json /Users/admin/builder/spi-builder-workspace/.derivedData/Build/Products/Debug-watchos/Rendering.swiftmodule/arm64-apple-watchos.abi.json
Copy /Users/admin/builder/spi-builder-workspace/.derivedData/Build/Products/Debug-watchos/Rendering.swiftmodule/Project/arm64_32-apple-watchos.swiftsourceinfo /Users/admin/builder/spi-builder-workspace/.derivedData/Build/Intermediates.noindex/Graphics.build/Debug-watchos/Rendering-t.build/Objects-normal/arm64_32/Rendering.swiftsourceinfo (in target 'Rendering' from project 'Graphics')
cd /Users/admin/builder/spi-builder-workspace
builtin-copy -exclude .DS_Store -exclude CVS -exclude .svn -exclude .git -exclude .hg -resolve-src-symlinks -rename /Users/admin/builder/spi-builder-workspace/.derivedData/Build/Intermediates.noindex/Graphics.build/Debug-watchos/Rendering-t.build/Objects-normal/arm64_32/Rendering.swiftsourceinfo /Users/admin/builder/spi-builder-workspace/.derivedData/Build/Products/Debug-watchos/Rendering.swiftmodule/Project/arm64_32-apple-watchos.swiftsourceinfo
Copy /Users/admin/builder/spi-builder-workspace/.derivedData/Build/Products/Debug-watchos/Rendering.swiftmodule/Project/arm64-apple-watchos.swiftsourceinfo /Users/admin/builder/spi-builder-workspace/.derivedData/Build/Intermediates.noindex/Graphics.build/Debug-watchos/Rendering-t.build/Objects-normal/arm64/Rendering.swiftsourceinfo (in target 'Rendering' from project 'Graphics')
cd /Users/admin/builder/spi-builder-workspace
builtin-copy -exclude .DS_Store -exclude CVS -exclude .svn -exclude .git -exclude .hg -resolve-src-symlinks -rename /Users/admin/builder/spi-builder-workspace/.derivedData/Build/Intermediates.noindex/Graphics.build/Debug-watchos/Rendering-t.build/Objects-normal/arm64/Rendering.swiftsourceinfo /Users/admin/builder/spi-builder-workspace/.derivedData/Build/Products/Debug-watchos/Rendering.swiftmodule/Project/arm64-apple-watchos.swiftsourceinfo
SwiftCompile normal arm64_32 Compiling\ Fill.swift,\ Group.swift /Users/admin/builder/spi-builder-workspace/Sources/Rendering/Fill.swift /Users/admin/builder/spi-builder-workspace/Sources/Rendering/Group.swift (in target 'Rendering' from project 'Graphics')
SwiftCompile normal arm64_32 /Users/admin/builder/spi-builder-workspace/Sources/Rendering/Fill.swift (in target 'Rendering' from project 'Graphics')
cd /Users/admin/builder/spi-builder-workspace/.swiftpm/xcode
builtin-SwiftPerFileCompile Fill.swift
SwiftCompile normal arm64_32 /Users/admin/builder/spi-builder-workspace/Sources/Rendering/Group.swift (in target 'Rendering' from project 'Graphics')
cd /Users/admin/builder/spi-builder-workspace/.swiftpm/xcode
builtin-SwiftPerFileCompile Group.swift
SwiftDriverJobDiscovery normal arm64_32 Compiling StyledPath.Composite.swift (in target 'Rendering' from project 'Graphics')
SwiftCompile normal arm64_32 Compiling\ Stroke.swift /Users/admin/builder/spi-builder-workspace/Sources/Rendering/Stroke.swift (in target 'Rendering' from project 'Graphics')
SwiftCompile normal arm64_32 /Users/admin/builder/spi-builder-workspace/Sources/Rendering/Stroke.swift (in target 'Rendering' from project 'Graphics')
cd /Users/admin/builder/spi-builder-workspace/.swiftpm/xcode
builtin-SwiftPerFileCompile Stroke.swift
SwiftDriverJobDiscovery normal arm64_32 Compiling Styling.swift (in target 'Rendering' from project 'Graphics')
SwiftCompile normal arm64_32 Compiling\ Alignment.swift,\ Color.swift /Users/admin/builder/spi-builder-workspace/Sources/Rendering/Alignment.swift /Users/admin/builder/spi-builder-workspace/Sources/Rendering/Color.swift (in target 'Rendering' from project 'Graphics')
SwiftCompile normal arm64_32 /Users/admin/builder/spi-builder-workspace/Sources/Rendering/Alignment.swift (in target 'Rendering' from project 'Graphics')
cd /Users/admin/builder/spi-builder-workspace/.swiftpm/xcode
builtin-SwiftPerFileCompile Alignment.swift
SwiftCompile normal arm64_32 /Users/admin/builder/spi-builder-workspace/Sources/Rendering/Color.swift (in target 'Rendering' from project 'Graphics')
cd /Users/admin/builder/spi-builder-workspace/.swiftpm/xcode
builtin-SwiftPerFileCompile Color.swift
SwiftDriverJobDiscovery normal arm64_32 Compiling Renderable.swift (in target 'Rendering' from project 'Graphics')
SwiftDriverJobDiscovery normal arm64 Compiling StyledPath.Composite.swift (in target 'Rendering' from project 'Graphics')
SwiftDriver\ Compilation Path normal arm64_32 com.apple.xcode.tools.swift.compiler (in target 'Path' from project 'Graphics')
cd /Users/admin/builder/spi-builder-workspace/.swiftpm/xcode
builtin-Swift-Compilation -- /Applications/Xcode-27.0.0-Release.Candidate.app/Contents/Developer/Toolchains/XcodeDefault.xctoolchain/usr/bin/swiftc -parse-as-library -module-name Path -Onone @/Users/admin/builder/spi-builder-workspace/.derivedData/Build/Intermediates.noindex/Graphics.build/Debug-watchos/Path-t.build/Objects-normal/arm64_32/Path.SwiftFileList -DSWIFT_PACKAGE -DDEBUG -DSWIFT_MODULE_RESOURCE_BUNDLE_UNAVAILABLE -DXcode -plugin-path /Applications/Xcode-27.0.0-Release.Candidate.app/Contents/Developer/Toolchains/XcodeDefault.xctoolchain/usr/lib/swift/host/plugins/testing -enable-experimental-feature DebugDescriptionMacro -sdk /Applications/Xcode-27.0.0-Release.Candidate.app/Contents/Developer/Platforms/WatchOS.platform/Developer/SDKs/WatchOS27.0.sdk -target arm64_32-apple-watchos9.0 -g -module-cache-path /Users/admin/builder/spi-builder-workspace/.derivedData/ModuleCache.noindex -Xfrontend -serialize-debugging-options -profile-coverage-mapping -profile-generate -enable-testing -index-store-path /Users/admin/builder/spi-builder-workspace/.derivedData/Index.noindex/DataStore -Xcc -D_LIBCPP_HARDENING_MODE\=_LIBCPP_HARDENING_MODE_DEBUG -swift-version 4.2 -I /Users/admin/builder/spi-builder-workspace/.derivedData/Build/Products/Debug-watchos -Isystem /Applications/Xcode-27.0.0-Release.Candidate.app/Contents/Developer/Platforms/WatchOS.platform/Developer/usr/lib -F /Users/admin/builder/spi-builder-workspace/.derivedData/Build/Products/Debug-watchos/PackageFrameworks -F /Users/admin/builder/spi-builder-workspace/.derivedData/Build/Products/Debug-watchos -F /Applications/Xcode-27.0.0-Release.Candidate.app/Contents/Developer/Platforms/WatchOS.platform/Developer/Library/Frameworks -F /Applications/Xcode-27.0.0-Release.Candidate.app/Contents/Developer/Platforms/WatchOS.platform/Developer/SDKs/WatchOS27.0.sdk/Developer/Library/Frameworks -c -j10 -enable-batch-mode -incremental -Xcc -ivfsstatcache -Xcc /Users/admin/builder/spi-builder-workspace/.derivedData/SDKStatCaches.noindex/watchos27.0-24R360-e829b21a6f8c9b70876ba0858053c04477534ef55a1706bf4c1112bbb242f0a2.sdkstatcache -output-file-map /Users/admin/builder/spi-builder-workspace/.derivedData/Build/Intermediates.noindex/Graphics.build/Debug-watchos/Path-t.build/Objects-normal/arm64_32/Path-OutputFileMap.json -save-temps -no-color-diagnostics -emit-dependencies -emit-module -emit-module-path /Users/admin/builder/spi-builder-workspace/.derivedData/Build/Intermediates.noindex/Graphics.build/Debug-watchos/Path-t.build/Objects-normal/arm64_32/Path.swiftmodule -serialize-diagnostics -validate-clang-modules-once -clang-build-session-file /Users/admin/builder/spi-builder-workspace/.derivedData/ModuleCache.noindex/Session.modulevalidation -Xcc -fmodules-prune-interval\=86400 -Xcc -fmodules-prune-after\=345600 -emit-const-values -const-gather-protocols-list /Users/admin/builder/spi-builder-workspace/.derivedData/Build/Intermediates.noindex/Graphics.build/Debug-watchos/Path-t.build/Objects-normal/arm64_32/Path_const_extract_protocols.json -Xcc -I/Users/admin/builder/spi-builder-workspace/.derivedData/Build/Products/Debug-watchos/include -Xcc -I/Users/admin/builder/spi-builder-workspace/.derivedData/Build/Intermediates.noindex/Graphics.build/Debug-watchos/Path-t.build/DerivedSources-normal/arm64_32 -Xcc -I/Users/admin/builder/spi-builder-workspace/.derivedData/Build/Intermediates.noindex/Graphics.build/Debug-watchos/Path-t.build/DerivedSources/arm64_32 -Xcc -I/Users/admin/builder/spi-builder-workspace/.derivedData/Build/Intermediates.noindex/Graphics.build/Debug-watchos/Path-t.build/DerivedSources -Xcc -DSWIFT_PACKAGE -Xcc -DDEBUG\=1 -emit-objc-header -emit-objc-header-path /Users/admin/builder/spi-builder-workspace/.derivedData/Build/Intermediates.noindex/Graphics.build/Debug-watchos/Path-t.build/Objects-normal/arm64_32/Path-Swift.h -working-directory /Users/admin/builder/spi-builder-workspace/.swiftpm/xcode -experimental-emit-module-separately -disable-cmo
SwiftDriver\ Compilation Path normal arm64 com.apple.xcode.tools.swift.compiler (in target 'Path' from project 'Graphics')
cd /Users/admin/builder/spi-builder-workspace/.swiftpm/xcode
builtin-Swift-Compilation -- /Applications/Xcode-27.0.0-Release.Candidate.app/Contents/Developer/Toolchains/XcodeDefault.xctoolchain/usr/bin/swiftc -parse-as-library -module-name Path -Onone @/Users/admin/builder/spi-builder-workspace/.derivedData/Build/Intermediates.noindex/Graphics.build/Debug-watchos/Path-t.build/Objects-normal/arm64/Path.SwiftFileList -DSWIFT_PACKAGE -DDEBUG -DSWIFT_MODULE_RESOURCE_BUNDLE_UNAVAILABLE -DXcode -plugin-path /Applications/Xcode-27.0.0-Release.Candidate.app/Contents/Developer/Toolchains/XcodeDefault.xctoolchain/usr/lib/swift/host/plugins/testing -enable-experimental-feature DebugDescriptionMacro -sdk /Applications/Xcode-27.0.0-Release.Candidate.app/Contents/Developer/Platforms/WatchOS.platform/Developer/SDKs/WatchOS27.0.sdk -target arm64-apple-watchos9.0 -g -module-cache-path /Users/admin/builder/spi-builder-workspace/.derivedData/ModuleCache.noindex -Xfrontend -serialize-debugging-options -profile-coverage-mapping -profile-generate -enable-testing -index-store-path /Users/admin/builder/spi-builder-workspace/.derivedData/Index.noindex/DataStore -Xcc -D_LIBCPP_HARDENING_MODE\=_LIBCPP_HARDENING_MODE_DEBUG -swift-version 4.2 -I /Users/admin/builder/spi-builder-workspace/.derivedData/Build/Products/Debug-watchos -Isystem /Applications/Xcode-27.0.0-Release.Candidate.app/Contents/Developer/Platforms/WatchOS.platform/Developer/usr/lib -F /Users/admin/builder/spi-builder-workspace/.derivedData/Build/Products/Debug-watchos/PackageFrameworks -F /Users/admin/builder/spi-builder-workspace/.derivedData/Build/Products/Debug-watchos -F /Applications/Xcode-27.0.0-Release.Candidate.app/Contents/Developer/Platforms/WatchOS.platform/Developer/Library/Frameworks -F /Applications/Xcode-27.0.0-Release.Candidate.app/Contents/Developer/Platforms/WatchOS.platform/Developer/SDKs/WatchOS27.0.sdk/Developer/Library/Frameworks -c -j10 -enable-batch-mode -incremental -Xcc -ivfsstatcache -Xcc /Users/admin/builder/spi-builder-workspace/.derivedData/SDKStatCaches.noindex/watchos27.0-24R360-e829b21a6f8c9b70876ba0858053c04477534ef55a1706bf4c1112bbb242f0a2.sdkstatcache -output-file-map /Users/admin/builder/spi-builder-workspace/.derivedData/Build/Intermediates.noindex/Graphics.build/Debug-watchos/Path-t.build/Objects-normal/arm64/Path-OutputFileMap.json -save-temps -no-color-diagnostics -emit-dependencies -emit-module -emit-module-path /Users/admin/builder/spi-builder-workspace/.derivedData/Build/Intermediates.noindex/Graphics.build/Debug-watchos/Path-t.build/Objects-normal/arm64/Path.swiftmodule -serialize-diagnostics -validate-clang-modules-once -clang-build-session-file /Users/admin/builder/spi-builder-workspace/.derivedData/ModuleCache.noindex/Session.modulevalidation -Xcc -fmodules-prune-interval\=86400 -Xcc -fmodules-prune-after\=345600 -emit-const-values -const-gather-protocols-list /Users/admin/builder/spi-builder-workspace/.derivedData/Build/Intermediates.noindex/Graphics.build/Debug-watchos/Path-t.build/Objects-normal/arm64/Path_const_extract_protocols.json -Xcc -I/Users/admin/builder/spi-builder-workspace/.derivedData/Build/Products/Debug-watchos/include -Xcc -I/Users/admin/builder/spi-builder-workspace/.derivedData/Build/Intermediates.noindex/Graphics.build/Debug-watchos/Path-t.build/DerivedSources-normal/arm64 -Xcc -I/Users/admin/builder/spi-builder-workspace/.derivedData/Build/Intermediates.noindex/Graphics.build/Debug-watchos/Path-t.build/DerivedSources/arm64 -Xcc -I/Users/admin/builder/spi-builder-workspace/.derivedData/Build/Intermediates.noindex/Graphics.build/Debug-watchos/Path-t.build/DerivedSources -Xcc -DSWIFT_PACKAGE -Xcc -DDEBUG\=1 -emit-objc-header -emit-objc-header-path /Users/admin/builder/spi-builder-workspace/.derivedData/Build/Intermediates.noindex/Graphics.build/Debug-watchos/Path-t.build/Objects-normal/arm64/Path-Swift.h -working-directory /Users/admin/builder/spi-builder-workspace/.swiftpm/xcode -experimental-emit-module-separately -disable-cmo
SwiftDriver SVG normal arm64 com.apple.xcode.tools.swift.compiler (in target 'SVG' from project 'Graphics')
cd /Users/admin/builder/spi-builder-workspace/.swiftpm/xcode
builtin-SwiftDriver -- /Applications/Xcode-27.0.0-Release.Candidate.app/Contents/Developer/Toolchains/XcodeDefault.xctoolchain/usr/bin/swiftc -parse-as-library -module-name SVG -Onone @/Users/admin/builder/spi-builder-workspace/.derivedData/Build/Intermediates.noindex/Graphics.build/Debug-watchos/SVG-t.build/Objects-normal/arm64/SVG.SwiftFileList -DSWIFT_PACKAGE -DDEBUG -DSWIFT_MODULE_RESOURCE_BUNDLE_UNAVAILABLE -DXcode -plugin-path /Applications/Xcode-27.0.0-Release.Candidate.app/Contents/Developer/Toolchains/XcodeDefault.xctoolchain/usr/lib/swift/host/plugins/testing -enable-experimental-feature DebugDescriptionMacro -sdk /Applications/Xcode-27.0.0-Release.Candidate.app/Contents/Developer/Platforms/WatchOS.platform/Developer/SDKs/WatchOS27.0.sdk -target arm64-apple-watchos9.0 -g -module-cache-path /Users/admin/builder/spi-builder-workspace/.derivedData/ModuleCache.noindex -Xfrontend -serialize-debugging-options -profile-coverage-mapping -profile-generate -enable-testing -index-store-path /Users/admin/builder/spi-builder-workspace/.derivedData/Index.noindex/DataStore -Xcc -D_LIBCPP_HARDENING_MODE\=_LIBCPP_HARDENING_MODE_DEBUG -swift-version 4.2 -I /Users/admin/builder/spi-builder-workspace/.derivedData/Build/Products/Debug-watchos -Isystem /Applications/Xcode-27.0.0-Release.Candidate.app/Contents/Developer/Platforms/WatchOS.platform/Developer/usr/lib -F /Users/admin/builder/spi-builder-workspace/.derivedData/Build/Products/Debug-watchos/PackageFrameworks -F /Users/admin/builder/spi-builder-workspace/.derivedData/Build/Products/Debug-watchos -F /Applications/Xcode-27.0.0-Release.Candidate.app/Contents/Developer/Platforms/WatchOS.platform/Developer/Library/Frameworks -F /Applications/Xcode-27.0.0-Release.Candidate.app/Contents/Developer/Platforms/WatchOS.platform/Developer/SDKs/WatchOS27.0.sdk/Developer/Library/Frameworks -c -j10 -enable-batch-mode -incremental -Xcc -ivfsstatcache -Xcc /Users/admin/builder/spi-builder-workspace/.derivedData/SDKStatCaches.noindex/watchos27.0-24R360-e829b21a6f8c9b70876ba0858053c04477534ef55a1706bf4c1112bbb242f0a2.sdkstatcache -output-file-map /Users/admin/builder/spi-builder-workspace/.derivedData/Build/Intermediates.noindex/Graphics.build/Debug-watchos/SVG-t.build/Objects-normal/arm64/SVG-OutputFileMap.json -save-temps -no-color-diagnostics -emit-dependencies -emit-module -emit-module-path /Users/admin/builder/spi-builder-workspace/.derivedData/Build/Intermediates.noindex/Graphics.build/Debug-watchos/SVG-t.build/Objects-normal/arm64/SVG.swiftmodule -serialize-diagnostics -validate-clang-modules-once -clang-build-session-file /Users/admin/builder/spi-builder-workspace/.derivedData/ModuleCache.noindex/Session.modulevalidation -Xcc -fmodules-prune-interval\=86400 -Xcc -fmodules-prune-after\=345600 -emit-const-values -const-gather-protocols-list /Users/admin/builder/spi-builder-workspace/.derivedData/Build/Intermediates.noindex/Graphics.build/Debug-watchos/SVG-t.build/Objects-normal/arm64/SVG_const_extract_protocols.json -Xcc -I/Users/admin/builder/spi-builder-workspace/.derivedData/Build/Products/Debug-watchos/include -Xcc -I/Users/admin/builder/spi-builder-workspace/.derivedData/Build/Intermediates.noindex/Graphics.build/Debug-watchos/SVG-t.build/DerivedSources-normal/arm64 -Xcc -I/Users/admin/builder/spi-builder-workspace/.derivedData/Build/Intermediates.noindex/Graphics.build/Debug-watchos/SVG-t.build/DerivedSources/arm64 -Xcc -I/Users/admin/builder/spi-builder-workspace/.derivedData/Build/Intermediates.noindex/Graphics.build/Debug-watchos/SVG-t.build/DerivedSources -Xcc -DSWIFT_PACKAGE -Xcc -DDEBUG\=1 -emit-objc-header -emit-objc-header-path /Users/admin/builder/spi-builder-workspace/.derivedData/Build/Intermediates.noindex/Graphics.build/Debug-watchos/SVG-t.build/Objects-normal/arm64/SVG-Swift.h -working-directory /Users/admin/builder/spi-builder-workspace/.swiftpm/xcode -experimental-emit-module-separately -disable-cmo
SwiftDriver SVG normal arm64_32 com.apple.xcode.tools.swift.compiler (in target 'SVG' from project 'Graphics')
cd /Users/admin/builder/spi-builder-workspace/.swiftpm/xcode
builtin-SwiftDriver -- /Applications/Xcode-27.0.0-Release.Candidate.app/Contents/Developer/Toolchains/XcodeDefault.xctoolchain/usr/bin/swiftc -parse-as-library -module-name SVG -Onone @/Users/admin/builder/spi-builder-workspace/.derivedData/Build/Intermediates.noindex/Graphics.build/Debug-watchos/SVG-t.build/Objects-normal/arm64_32/SVG.SwiftFileList -DSWIFT_PACKAGE -DDEBUG -DSWIFT_MODULE_RESOURCE_BUNDLE_UNAVAILABLE -DXcode -plugin-path /Applications/Xcode-27.0.0-Release.Candidate.app/Contents/Developer/Toolchains/XcodeDefault.xctoolchain/usr/lib/swift/host/plugins/testing -enable-experimental-feature DebugDescriptionMacro -sdk /Applications/Xcode-27.0.0-Release.Candidate.app/Contents/Developer/Platforms/WatchOS.platform/Developer/SDKs/WatchOS27.0.sdk -target arm64_32-apple-watchos9.0 -g -module-cache-path /Users/admin/builder/spi-builder-workspace/.derivedData/ModuleCache.noindex -Xfrontend -serialize-debugging-options -profile-coverage-mapping -profile-generate -enable-testing -index-store-path /Users/admin/builder/spi-builder-workspace/.derivedData/Index.noindex/DataStore -Xcc -D_LIBCPP_HARDENING_MODE\=_LIBCPP_HARDENING_MODE_DEBUG -swift-version 4.2 -I /Users/admin/builder/spi-builder-workspace/.derivedData/Build/Products/Debug-watchos -Isystem /Applications/Xcode-27.0.0-Release.Candidate.app/Contents/Developer/Platforms/WatchOS.platform/Developer/usr/lib -F /Users/admin/builder/spi-builder-workspace/.derivedData/Build/Products/Debug-watchos/PackageFrameworks -F /Users/admin/builder/spi-builder-workspace/.derivedData/Build/Products/Debug-watchos -F /Applications/Xcode-27.0.0-Release.Candidate.app/Contents/Developer/Platforms/WatchOS.platform/Developer/Library/Frameworks -F /Applications/Xcode-27.0.0-Release.Candidate.app/Contents/Developer/Platforms/WatchOS.platform/Developer/SDKs/WatchOS27.0.sdk/Developer/Library/Frameworks -c -j10 -enable-batch-mode -incremental -Xcc -ivfsstatcache -Xcc /Users/admin/builder/spi-builder-workspace/.derivedData/SDKStatCaches.noindex/watchos27.0-24R360-e829b21a6f8c9b70876ba0858053c04477534ef55a1706bf4c1112bbb242f0a2.sdkstatcache -output-file-map /Users/admin/builder/spi-builder-workspace/.derivedData/Build/Intermediates.noindex/Graphics.build/Debug-watchos/SVG-t.build/Objects-normal/arm64_32/SVG-OutputFileMap.json -save-temps -no-color-diagnostics -emit-dependencies -emit-module -emit-module-path /Users/admin/builder/spi-builder-workspace/.derivedData/Build/Intermediates.noindex/Graphics.build/Debug-watchos/SVG-t.build/Objects-normal/arm64_32/SVG.swiftmodule -serialize-diagnostics -validate-clang-modules-once -clang-build-session-file /Users/admin/builder/spi-builder-workspace/.derivedData/ModuleCache.noindex/Session.modulevalidation -Xcc -fmodules-prune-interval\=86400 -Xcc -fmodules-prune-after\=345600 -emit-const-values -const-gather-protocols-list /Users/admin/builder/spi-builder-workspace/.derivedData/Build/Intermediates.noindex/Graphics.build/Debug-watchos/SVG-t.build/Objects-normal/arm64_32/SVG_const_extract_protocols.json -Xcc -I/Users/admin/builder/spi-builder-workspace/.derivedData/Build/Products/Debug-watchos/include -Xcc -I/Users/admin/builder/spi-builder-workspace/.derivedData/Build/Intermediates.noindex/Graphics.build/Debug-watchos/SVG-t.build/DerivedSources-normal/arm64_32 -Xcc -I/Users/admin/builder/spi-builder-workspace/.derivedData/Build/Intermediates.noindex/Graphics.build/Debug-watchos/SVG-t.build/DerivedSources/arm64_32 -Xcc -I/Users/admin/builder/spi-builder-workspace/.derivedData/Build/Intermediates.noindex/Graphics.build/Debug-watchos/SVG-t.build/DerivedSources -Xcc -DSWIFT_PACKAGE -Xcc -DDEBUG\=1 -emit-objc-header -emit-objc-header-path /Users/admin/builder/spi-builder-workspace/.derivedData/Build/Intermediates.noindex/Graphics.build/Debug-watchos/SVG-t.build/Objects-normal/arm64_32/SVG-Swift.h -working-directory /Users/admin/builder/spi-builder-workspace/.swiftpm/xcode -experimental-emit-module-separately -disable-cmo
SwiftDriverJobDiscovery normal arm64 Compiling Insets.swift (in target 'Rendering' from project 'Graphics')
SwiftDriver QuartzAdapter normal arm64_32 com.apple.xcode.tools.swift.compiler (in target 'QuartzAdapter' from project 'Graphics')
cd /Users/admin/builder/spi-builder-workspace/.swiftpm/xcode
builtin-SwiftDriver -- /Applications/Xcode-27.0.0-Release.Candidate.app/Contents/Developer/Toolchains/XcodeDefault.xctoolchain/usr/bin/swiftc -parse-as-library -module-name QuartzAdapter -Onone @/Users/admin/builder/spi-builder-workspace/.derivedData/Build/Intermediates.noindex/Graphics.build/Debug-watchos/QuartzAdapter-t.build/Objects-normal/arm64_32/QuartzAdapter.SwiftFileList -DSWIFT_PACKAGE -DDEBUG -DSWIFT_MODULE_RESOURCE_BUNDLE_UNAVAILABLE -DXcode -plugin-path /Applications/Xcode-27.0.0-Release.Candidate.app/Contents/Developer/Toolchains/XcodeDefault.xctoolchain/usr/lib/swift/host/plugins/testing -enable-experimental-feature DebugDescriptionMacro -sdk /Applications/Xcode-27.0.0-Release.Candidate.app/Contents/Developer/Platforms/WatchOS.platform/Developer/SDKs/WatchOS27.0.sdk -target arm64_32-apple-watchos9.0 -g -module-cache-path /Users/admin/builder/spi-builder-workspace/.derivedData/ModuleCache.noindex -Xfrontend -serialize-debugging-options -profile-coverage-mapping -profile-generate -enable-testing -index-store-path /Users/admin/builder/spi-builder-workspace/.derivedData/Index.noindex/DataStore -Xcc -D_LIBCPP_HARDENING_MODE\=_LIBCPP_HARDENING_MODE_DEBUG -swift-version 4.2 -I /Users/admin/builder/spi-builder-workspace/.derivedData/Build/Products/Debug-watchos -Isystem /Applications/Xcode-27.0.0-Release.Candidate.app/Contents/Developer/Platforms/WatchOS.platform/Developer/usr/lib -F /Users/admin/builder/spi-builder-workspace/.derivedData/Build/Products/Debug-watchos/PackageFrameworks -F /Users/admin/builder/spi-builder-workspace/.derivedData/Build/Products/Debug-watchos -F /Applications/Xcode-27.0.0-Release.Candidate.app/Contents/Developer/Platforms/WatchOS.platform/Developer/Library/Frameworks -F /Applications/Xcode-27.0.0-Release.Candidate.app/Contents/Developer/Platforms/WatchOS.platform/Developer/SDKs/WatchOS27.0.sdk/Developer/Library/Frameworks -c -j10 -enable-batch-mode -incremental -Xcc -ivfsstatcache -Xcc /Users/admin/builder/spi-builder-workspace/.derivedData/SDKStatCaches.noindex/watchos27.0-24R360-e829b21a6f8c9b70876ba0858053c04477534ef55a1706bf4c1112bbb242f0a2.sdkstatcache -output-file-map /Users/admin/builder/spi-builder-workspace/.derivedData/Build/Intermediates.noindex/Graphics.build/Debug-watchos/QuartzAdapter-t.build/Objects-normal/arm64_32/QuartzAdapter-OutputFileMap.json -save-temps -no-color-diagnostics -emit-dependencies -emit-module -emit-module-path /Users/admin/builder/spi-builder-workspace/.derivedData/Build/Intermediates.noindex/Graphics.build/Debug-watchos/QuartzAdapter-t.build/Objects-normal/arm64_32/QuartzAdapter.swiftmodule -serialize-diagnostics -validate-clang-modules-once -clang-build-session-file /Users/admin/builder/spi-builder-workspace/.derivedData/ModuleCache.noindex/Session.modulevalidation -Xcc -fmodules-prune-interval\=86400 -Xcc -fmodules-prune-after\=345600 -emit-const-values -const-gather-protocols-list /Users/admin/builder/spi-builder-workspace/.derivedData/Build/Intermediates.noindex/Graphics.build/Debug-watchos/QuartzAdapter-t.build/Objects-normal/arm64_32/QuartzAdapter_const_extract_protocols.json -Xcc -I/Users/admin/builder/spi-builder-workspace/.derivedData/Build/Products/Debug-watchos/include -Xcc -I/Users/admin/builder/spi-builder-workspace/.derivedData/Build/Intermediates.noindex/Graphics.build/Debug-watchos/QuartzAdapter-t.build/DerivedSources-normal/arm64_32 -Xcc -I/Users/admin/builder/spi-builder-workspace/.derivedData/Build/Intermediates.noindex/Graphics.build/Debug-watchos/QuartzAdapter-t.build/DerivedSources/arm64_32 -Xcc -I/Users/admin/builder/spi-builder-workspace/.derivedData/Build/Intermediates.noindex/Graphics.build/Debug-watchos/QuartzAdapter-t.build/DerivedSources -Xcc -DSWIFT_PACKAGE -Xcc -DDEBUG\=1 -emit-objc-header -emit-objc-header-path /Users/admin/builder/spi-builder-workspace/.derivedData/Build/Intermediates.noindex/Graphics.build/Debug-watchos/QuartzAdapter-t.build/Objects-normal/arm64_32/QuartzAdapter-Swift.h -working-directory /Users/admin/builder/spi-builder-workspace/.swiftpm/xcode -experimental-emit-module-separately -disable-cmo
SwiftDriver QuartzAdapter normal arm64 com.apple.xcode.tools.swift.compiler (in target 'QuartzAdapter' from project 'Graphics')
cd /Users/admin/builder/spi-builder-workspace/.swiftpm/xcode
builtin-SwiftDriver -- /Applications/Xcode-27.0.0-Release.Candidate.app/Contents/Developer/Toolchains/XcodeDefault.xctoolchain/usr/bin/swiftc -parse-as-library -module-name QuartzAdapter -Onone @/Users/admin/builder/spi-builder-workspace/.derivedData/Build/Intermediates.noindex/Graphics.build/Debug-watchos/QuartzAdapter-t.build/Objects-normal/arm64/QuartzAdapter.SwiftFileList -DSWIFT_PACKAGE -DDEBUG -DSWIFT_MODULE_RESOURCE_BUNDLE_UNAVAILABLE -DXcode -plugin-path /Applications/Xcode-27.0.0-Release.Candidate.app/Contents/Developer/Toolchains/XcodeDefault.xctoolchain/usr/lib/swift/host/plugins/testing -enable-experimental-feature DebugDescriptionMacro -sdk /Applications/Xcode-27.0.0-Release.Candidate.app/Contents/Developer/Platforms/WatchOS.platform/Developer/SDKs/WatchOS27.0.sdk -target arm64-apple-watchos9.0 -g -module-cache-path /Users/admin/builder/spi-builder-workspace/.derivedData/ModuleCache.noindex -Xfrontend -serialize-debugging-options -profile-coverage-mapping -profile-generate -enable-testing -index-store-path /Users/admin/builder/spi-builder-workspace/.derivedData/Index.noindex/DataStore -Xcc -D_LIBCPP_HARDENING_MODE\=_LIBCPP_HARDENING_MODE_DEBUG -swift-version 4.2 -I /Users/admin/builder/spi-builder-workspace/.derivedData/Build/Products/Debug-watchos -Isystem /Applications/Xcode-27.0.0-Release.Candidate.app/Contents/Developer/Platforms/WatchOS.platform/Developer/usr/lib -F /Users/admin/builder/spi-builder-workspace/.derivedData/Build/Products/Debug-watchos/PackageFrameworks -F /Users/admin/builder/spi-builder-workspace/.derivedData/Build/Products/Debug-watchos -F /Applications/Xcode-27.0.0-Release.Candidate.app/Contents/Developer/Platforms/WatchOS.platform/Developer/Library/Frameworks -F /Applications/Xcode-27.0.0-Release.Candidate.app/Contents/Developer/Platforms/WatchOS.platform/Developer/SDKs/WatchOS27.0.sdk/Developer/Library/Frameworks -c -j10 -enable-batch-mode -incremental -Xcc -ivfsstatcache -Xcc /Users/admin/builder/spi-builder-workspace/.derivedData/SDKStatCaches.noindex/watchos27.0-24R360-e829b21a6f8c9b70876ba0858053c04477534ef55a1706bf4c1112bbb242f0a2.sdkstatcache -output-file-map /Users/admin/builder/spi-builder-workspace/.derivedData/Build/Intermediates.noindex/Graphics.build/Debug-watchos/QuartzAdapter-t.build/Objects-normal/arm64/QuartzAdapter-OutputFileMap.json -save-temps -no-color-diagnostics -emit-dependencies -emit-module -emit-module-path /Users/admin/builder/spi-builder-workspace/.derivedData/Build/Intermediates.noindex/Graphics.build/Debug-watchos/QuartzAdapter-t.build/Objects-normal/arm64/QuartzAdapter.swiftmodule -serialize-diagnostics -validate-clang-modules-once -clang-build-session-file /Users/admin/builder/spi-builder-workspace/.derivedData/ModuleCache.noindex/Session.modulevalidation -Xcc -fmodules-prune-interval\=86400 -Xcc -fmodules-prune-after\=345600 -emit-const-values -const-gather-protocols-list /Users/admin/builder/spi-builder-workspace/.derivedData/Build/Intermediates.noindex/Graphics.build/Debug-watchos/QuartzAdapter-t.build/Objects-normal/arm64/QuartzAdapter_const_extract_protocols.json -Xcc -I/Users/admin/builder/spi-builder-workspace/.derivedData/Build/Products/Debug-watchos/include -Xcc -I/Users/admin/builder/spi-builder-workspace/.derivedData/Build/Intermediates.noindex/Graphics.build/Debug-watchos/QuartzAdapter-t.build/DerivedSources-normal/arm64 -Xcc -I/Users/admin/builder/spi-builder-workspace/.derivedData/Build/Intermediates.noindex/Graphics.build/Debug-watchos/QuartzAdapter-t.build/DerivedSources/arm64 -Xcc -I/Users/admin/builder/spi-builder-workspace/.derivedData/Build/Intermediates.noindex/Graphics.build/Debug-watchos/QuartzAdapter-t.build/DerivedSources -Xcc -DSWIFT_PACKAGE -Xcc -DDEBUG\=1 -emit-objc-header -emit-objc-header-path /Users/admin/builder/spi-builder-workspace/.derivedData/Build/Intermediates.noindex/Graphics.build/Debug-watchos/QuartzAdapter-t.build/Objects-normal/arm64/QuartzAdapter-Swift.h -working-directory /Users/admin/builder/spi-builder-workspace/.swiftpm/xcode -experimental-emit-module-separately -disable-cmo
SwiftDriverJobDiscovery normal arm64 Compiling StyledPath.swift (in target 'Rendering' from project 'Graphics')
SwiftDriverJobDiscovery normal arm64 Compiling Styling.swift (in target 'Rendering' from project 'Graphics')
Ld /Users/admin/builder/spi-builder-workspace/.derivedData/Build/Intermediates.noindex/Math.build/Debug-watchos/Math-t.build/Objects-normal/arm64_32/Binary/Math.o normal arm64_32 (in target 'Math' from project 'Math')
cd /Users/admin/builder/spi-builder-workspace/.dependencies/checkouts/Math
/Applications/Xcode-27.0.0-Release.Candidate.app/Contents/Developer/Toolchains/XcodeDefault.xctoolchain/usr/bin/clang -Xlinker -reproducible -target arm64_32-apple-watchos9.0 -r -isysroot /Applications/Xcode-27.0.0-Release.Candidate.app/Contents/Developer/Platforms/WatchOS.platform/Developer/SDKs/WatchOS27.0.sdk -O0 -w -Xlinker -no_warn_duplicate_libraries -F/Users/admin/builder/spi-builder-workspace/.derivedData/Build/Intermediates.noindex/EagerLinkingTBDs/Debug-watchos -F/Users/admin/builder/spi-builder-workspace/.derivedData/Build/Products/Debug-watchos/PackageFrameworks -F/Users/admin/builder/spi-builder-workspace/.derivedData/Build/Products/Debug-watchos -iframework /Applications/Xcode-27.0.0-Release.Candidate.app/Contents/Developer/Platforms/WatchOS.platform/Developer/Library/Frameworks -iframework /Applications/Xcode-27.0.0-Release.Candidate.app/Contents/Developer/Platforms/WatchOS.platform/Developer/SDKs/WatchOS27.0.sdk/Developer/Library/Frameworks -filelist /Users/admin/builder/spi-builder-workspace/.derivedData/Build/Intermediates.noindex/Math.build/Debug-watchos/Math-t.build/Objects-normal/arm64_32/Math.LinkFileList -nostdlib -Xlinker -object_path_lto -Xlinker /Users/admin/builder/spi-builder-workspace/.derivedData/Build/Intermediates.noindex/Math.build/Debug-watchos/Math-t.build/Objects-normal/arm64_32/Math_lto.o -Xlinker -no_deduplicate -Xlinker -debug_variant -Xlinker -dependency_info -Xlinker /Users/admin/builder/spi-builder-workspace/.derivedData/Build/Intermediates.noindex/Math.build/Debug-watchos/Math-t.build/Objects-normal/arm64_32/Math_dependency_info.dat -fobjc-link-runtime -L/Applications/Xcode-27.0.0-Release.Candidate.app/Contents/Developer/Toolchains/XcodeDefault.xctoolchain/usr/lib/swift/watchos -L/usr/lib/swift -Xlinker -add_ast_path -Xlinker /Users/admin/builder/spi-builder-workspace/.derivedData/Build/Intermediates.noindex/Math.build/Debug-watchos/Math-t.build/Objects-normal/arm64_32/Math.swiftmodule -o /Users/admin/builder/spi-builder-workspace/.derivedData/Build/Intermediates.noindex/Math.build/Debug-watchos/Math-t.build/Objects-normal/arm64_32/Binary/Math.o
Ld /Users/admin/builder/spi-builder-workspace/.derivedData/Build/Intermediates.noindex/Math.build/Debug-watchos/Math-t.build/Objects-normal/arm64/Binary/Math.o normal arm64 (in target 'Math' from project 'Math')
cd /Users/admin/builder/spi-builder-workspace/.dependencies/checkouts/Math
/Applications/Xcode-27.0.0-Release.Candidate.app/Contents/Developer/Toolchains/XcodeDefault.xctoolchain/usr/bin/clang -Xlinker -reproducible -target arm64-apple-watchos9.0 -r -isysroot /Applications/Xcode-27.0.0-Release.Candidate.app/Contents/Developer/Platforms/WatchOS.platform/Developer/SDKs/WatchOS27.0.sdk -O0 -w -Xlinker -no_warn_duplicate_libraries -F/Users/admin/builder/spi-builder-workspace/.derivedData/Build/Intermediates.noindex/EagerLinkingTBDs/Debug-watchos -F/Users/admin/builder/spi-builder-workspace/.derivedData/Build/Products/Debug-watchos/PackageFrameworks -F/Users/admin/builder/spi-builder-workspace/.derivedData/Build/Products/Debug-watchos -iframework /Applications/Xcode-27.0.0-Release.Candidate.app/Contents/Developer/Platforms/WatchOS.platform/Developer/Library/Frameworks -iframework /Applications/Xcode-27.0.0-Release.Candidate.app/Contents/Developer/Platforms/WatchOS.platform/Developer/SDKs/WatchOS27.0.sdk/Developer/Library/Frameworks -filelist /Users/admin/builder/spi-builder-workspace/.derivedData/Build/Intermediates.noindex/Math.build/Debug-watchos/Math-t.build/Objects-normal/arm64/Math.LinkFileList -nostdlib -Xlinker -object_path_lto -Xlinker /Users/admin/builder/spi-builder-workspace/.derivedData/Build/Intermediates.noindex/Math.build/Debug-watchos/Math-t.build/Objects-normal/arm64/Math_lto.o -Xlinker -no_deduplicate -Xlinker -debug_variant -Xlinker -dependency_info -Xlinker /Users/admin/builder/spi-builder-workspace/.derivedData/Build/Intermediates.noindex/Math.build/Debug-watchos/Math-t.build/Objects-normal/arm64/Math_dependency_info.dat -fobjc-link-runtime -L/Applications/Xcode-27.0.0-Release.Candidate.app/Contents/Developer/Toolchains/XcodeDefault.xctoolchain/usr/lib/swift/watchos -L/usr/lib/swift -Xlinker -add_ast_path -Xlinker /Users/admin/builder/spi-builder-workspace/.derivedData/Build/Intermediates.noindex/Math.build/Debug-watchos/Math-t.build/Objects-normal/arm64/Math.swiftmodule -o /Users/admin/builder/spi-builder-workspace/.derivedData/Build/Intermediates.noindex/Math.build/Debug-watchos/Math-t.build/Objects-normal/arm64/Binary/Math.o
SwiftDriverJobDiscovery normal arm64 Compiling Stroke.swift (in target 'Rendering' from project 'Graphics')
SwiftDriverJobDiscovery normal arm64_32 Compiling Stroke.swift (in target 'Rendering' from project 'Graphics')
SwiftDriverJobDiscovery normal arm64_32 Compiling Fill.swift, Group.swift (in target 'Rendering' from project 'Graphics')
SwiftEmitModule normal arm64_32 Emitting\ module\ for\ QuartzAdapter (in target 'QuartzAdapter' from project 'Graphics')
SwiftCompile normal arm64_32 (in target 'QuartzAdapter' from project 'Graphics')
cd /Users/admin/builder/spi-builder-workspace/.swiftpm/xcode
SwiftCompile normal arm64_32 Compiling\ Path+CAShapeLayer.swift,\ Path+CGPath.swift /Users/admin/builder/spi-builder-workspace/Sources/QuartzAdapter/Path+CAShapeLayer.swift /Users/admin/builder/spi-builder-workspace/Sources/QuartzAdapter/Path+CGPath.swift (in target 'QuartzAdapter' from project 'Graphics')
SwiftCompile normal arm64_32 /Users/admin/builder/spi-builder-workspace/Sources/QuartzAdapter/Path+CAShapeLayer.swift (in target 'QuartzAdapter' from project 'Graphics')
cd /Users/admin/builder/spi-builder-workspace/.swiftpm/xcode
builtin-SwiftPerFileCompile Path+CAShapeLayer.swift
SwiftCompile normal arm64_32 /Users/admin/builder/spi-builder-workspace/Sources/QuartzAdapter/Path+CGPath.swift (in target 'QuartzAdapter' from project 'Graphics')
cd /Users/admin/builder/spi-builder-workspace/.swiftpm/xcode
builtin-SwiftPerFileCompile Path+CGPath.swift
SwiftCompile normal arm64_32 Compiling\ PathElement+CGPathElement.swift,\ Point+CGPoint.swift /Users/admin/builder/spi-builder-workspace/Sources/QuartzAdapter/PathElement+CGPathElement.swift /Users/admin/builder/spi-builder-workspace/Sources/QuartzAdapter/Point+CGPoint.swift (in target 'QuartzAdapter' from project 'Graphics')
SwiftCompile normal arm64_32 /Users/admin/builder/spi-builder-workspace/Sources/QuartzAdapter/PathElement+CGPathElement.swift (in target 'QuartzAdapter' from project 'Graphics')
cd /Users/admin/builder/spi-builder-workspace/.swiftpm/xcode
builtin-SwiftPerFileCompile PathElement+CGPathElement.swift
SwiftCompile normal arm64_32 /Users/admin/builder/spi-builder-workspace/Sources/QuartzAdapter/Point+CGPoint.swift (in target 'QuartzAdapter' from project 'Graphics')
cd /Users/admin/builder/spi-builder-workspace/.swiftpm/xcode
builtin-SwiftPerFileCompile Point+CGPoint.swift
SwiftCompile normal arm64_32 Compiling\ Size+CGSize.swift /Users/admin/builder/spi-builder-workspace/Sources/QuartzAdapter/Size+CGSize.swift (in target 'QuartzAdapter' from project 'Graphics')
SwiftCompile normal arm64_32 /Users/admin/builder/spi-builder-workspace/Sources/QuartzAdapter/Size+CGSize.swift (in target 'QuartzAdapter' from project 'Graphics')
cd /Users/admin/builder/spi-builder-workspace/.swiftpm/xcode
builtin-SwiftPerFileCompile Size+CGSize.swift
SwiftCompile normal arm64_32 Compiling\ StyledPath.Composite+CALayer.swift /Users/admin/builder/spi-builder-workspace/Sources/QuartzAdapter/StyledPath.Composite+CALayer.swift (in target 'QuartzAdapter' from project 'Graphics')
SwiftCompile normal arm64_32 /Users/admin/builder/spi-builder-workspace/Sources/QuartzAdapter/StyledPath.Composite+CALayer.swift (in target 'QuartzAdapter' from project 'Graphics')
cd /Users/admin/builder/spi-builder-workspace/.swiftpm/xcode
builtin-SwiftPerFileCompile StyledPath.Composite+CALayer.swift
SwiftCompile normal arm64 Compiling\ Size+CGSize.swift /Users/admin/builder/spi-builder-workspace/Sources/QuartzAdapter/Size+CGSize.swift (in target 'QuartzAdapter' from project 'Graphics')
SwiftCompile normal arm64 /Users/admin/builder/spi-builder-workspace/Sources/QuartzAdapter/Size+CGSize.swift (in target 'QuartzAdapter' from project 'Graphics')
cd /Users/admin/builder/spi-builder-workspace/.swiftpm/xcode
builtin-SwiftPerFileCompile Size+CGSize.swift
SwiftCompile normal arm64 Compiling\ Path+CAShapeLayer.swift,\ Path+CGPath.swift /Users/admin/builder/spi-builder-workspace/Sources/QuartzAdapter/Path+CAShapeLayer.swift /Users/admin/builder/spi-builder-workspace/Sources/QuartzAdapter/Path+CGPath.swift (in target 'QuartzAdapter' from project 'Graphics')
SwiftCompile normal arm64 /Users/admin/builder/spi-builder-workspace/Sources/QuartzAdapter/Path+CAShapeLayer.swift (in target 'QuartzAdapter' from project 'Graphics')
cd /Users/admin/builder/spi-builder-workspace/.swiftpm/xcode
builtin-SwiftPerFileCompile Path+CAShapeLayer.swift
SwiftCompile normal arm64 /Users/admin/builder/spi-builder-workspace/Sources/QuartzAdapter/Path+CGPath.swift (in target 'QuartzAdapter' from project 'Graphics')
cd /Users/admin/builder/spi-builder-workspace/.swiftpm/xcode
builtin-SwiftPerFileCompile Path+CGPath.swift
SwiftEmitModule normal arm64 Emitting\ module\ for\ QuartzAdapter (in target 'QuartzAdapter' from project 'Graphics')
/Users/admin/builder/spi-builder-workspace/Sources/QuartzAdapter/CALayer+PDF.swift:14:11: error: 'CALayer' is unavailable in watchOS
12 | import Rendering
13 |
14 | extension CALayer {
| `- error: 'CALayer' is unavailable in watchOS
15 |
16 | enum Error: Swift.Error {
/Applications/Xcode-27.0.0-Release.Candidate.app/Contents/Developer/Platforms/WatchOS.platform/Developer/SDKs/WatchOS27.0.sdk/System/Library/Frameworks/QuartzCore.framework/Headers/CALayer.h:117:12: note: 'CALayer' has been explicitly marked unavailable here
115 |
116 | API_AVAILABLE(macos(10.5), ios(2.0), tvos(9.0)) API_UNAVAILABLE(watchos)
117 | @interface CALayer : NSObject <NSSecureCoding, CAMediaTiming>
| `- note: 'CALayer' has been explicitly marked unavailable here
118 |
119 | /** Layer creation and initialization. **/
/Users/admin/builder/spi-builder-workspace/Sources/QuartzAdapter/Path+CAShapeLayer.swift:15:11: error: 'CAShapeLayer' is unavailable in watchOS
13 | import Rendering
14 |
15 | extension CAShapeLayer {
| `- error: 'CAShapeLayer' is unavailable in watchOS
16 |
17 | /// Creates a `CAShapeLayer` with the given `path`.
/Applications/Xcode-27.0.0-Release.Candidate.app/Contents/Developer/Platforms/WatchOS.platform/Developer/SDKs/WatchOS27.0.sdk/System/Library/Frameworks/QuartzCore.framework/Headers/CAShapeLayer.h:40:12: note: 'CAShapeLayer' has been explicitly marked unavailable here
38 |
39 | API_AVAILABLE(macos(10.6), ios(3.0), tvos(9.0)) API_UNAVAILABLE(watchos)
40 | @interface CAShapeLayer : CALayer
| `- note: 'CAShapeLayer' has been explicitly marked unavailable here
41 |
42 | /* The path defining the shape to be rendered. If the path extends
/Users/admin/builder/spi-builder-workspace/Sources/QuartzAdapter/StyledPath+CAShapeLayer.swift:14:11: error: 'CAShapeLayer' is unavailable in watchOS
12 | import Rendering
13 |
14 | extension CAShapeLayer {
| `- error: 'CAShapeLayer' is unavailable in watchOS
15 |
16 | public convenience init (_ styledPath: StyledPath) {
/Applications/Xcode-27.0.0-Release.Candidate.app/Contents/Developer/Platforms/WatchOS.platform/Developer/SDKs/WatchOS27.0.sdk/System/Library/Frameworks/QuartzCore.framework/Headers/CAShapeLayer.h:40:12: note: 'CAShapeLayer' has been explicitly marked unavailable here
38 |
39 | API_AVAILABLE(macos(10.6), ios(3.0), tvos(9.0)) API_UNAVAILABLE(watchos)
40 | @interface CAShapeLayer : CALayer
| `- note: 'CAShapeLayer' has been explicitly marked unavailable here
41 |
42 | /* The path defining the shape to be rendered. If the path extends
/Users/admin/builder/spi-builder-workspace/Sources/QuartzAdapter/StyledPath.Composite+CALayer.swift:15:11: error: 'CALayer' is unavailable in watchOS
13 | import Rendering
14 |
15 | extension CALayer {
| `- error: 'CALayer' is unavailable in watchOS
16 |
17 | public convenience init(_ composite: StyledPath.Composite) {
/Applications/Xcode-27.0.0-Release.Candidate.app/Contents/Developer/Platforms/WatchOS.platform/Developer/SDKs/WatchOS27.0.sdk/System/Library/Frameworks/QuartzCore.framework/Headers/CALayer.h:117:12: note: 'CALayer' has been explicitly marked unavailable here
115 |
116 | API_AVAILABLE(macos(10.5), ios(2.0), tvos(9.0)) API_UNAVAILABLE(watchos)
117 | @interface CALayer : NSObject <NSSecureCoding, CAMediaTiming>
| `- note: 'CALayer' has been explicitly marked unavailable here
118 |
119 | /** Layer creation and initialization. **/
/Users/admin/builder/spi-builder-workspace/Sources/QuartzAdapter/TestFrame.swift:14:11: error: 'CALayer' is unavailable in watchOS
12 | import QuartzCore
13 |
14 | extension CALayer {
| `- error: 'CALayer' is unavailable in watchOS
15 |
16 | public func showTestBorder() {
/Applications/Xcode-27.0.0-Release.Candidate.app/Contents/Developer/Platforms/WatchOS.platform/Developer/SDKs/WatchOS27.0.sdk/System/Library/Frameworks/QuartzCore.framework/Headers/CALayer.h:117:12: note: 'CALayer' has been explicitly marked unavailable here
115 |
116 | API_AVAILABLE(macos(10.5), ios(2.0), tvos(9.0)) API_UNAVAILABLE(watchos)
117 | @interface CALayer : NSObject <NSSecureCoding, CAMediaTiming>
| `- note: 'CALayer' has been explicitly marked unavailable here
118 |
119 | /** Layer creation and initialization. **/
Failed frontend command:
/Applications/Xcode-27.0.0-Release.Candidate.app/Contents/Developer/Toolchains/XcodeDefault.xctoolchain/usr/bin/swift-frontend -frontend -emit-module -experimental-skip-non-inlinable-function-bodies-without-types /Users/admin/builder/spi-builder-workspace/Sources/QuartzAdapter/CALayer+PDF.swift /Users/admin/builder/spi-builder-workspace/Sources/QuartzAdapter/Color+CGColor.swift /Users/admin/builder/spi-builder-workspace/Sources/QuartzAdapter/Path+CAShapeLayer.swift /Users/admin/builder/spi-builder-workspace/Sources/QuartzAdapter/Path+CGPath.swift /Users/admin/builder/spi-builder-workspace/Sources/QuartzAdapter/PathElement+CGPathElement.swift /Users/admin/builder/spi-builder-workspace/Sources/QuartzAdapter/Point+CGPoint.swift /Users/admin/builder/spi-builder-workspace/Sources/QuartzAdapter/Rectangle+CGRect.swift /Users/admin/builder/spi-builder-workspace/Sources/QuartzAdapter/Size+CGSize.swift /Users/admin/builder/spi-builder-workspace/Sources/QuartzAdapter/StyledPath+CAShapeLayer.swift /Users/admin/builder/spi-builder-workspace/Sources/QuartzAdapter/StyledPath.Composite+CALayer.swift /Users/admin/builder/spi-builder-workspace/Sources/QuartzAdapter/TestFrame.swift /Users/admin/builder/spi-builder-workspace/Sources/QuartzAdapter/Text+CATextLayer.swift /Users/admin/builder/spi-builder-workspace/Sources/QuartzAdapter/TextBox+CALayer.swift -target arm64-apple-watchos9.0 -Xllvm -aarch64-use-tbi -enable-objc-interop -stack-check -sdk /Applications/Xcode-27.0.0-Release.Candidate.app/Contents/Developer/Platforms/WatchOS.platform/Developer/SDKs/WatchOS27.0.sdk -I /Users/admin/builder/spi-builder-workspace/.derivedData/Build/Products/Debug-watchos -Isystem /Applications/Xcode-27.0.0-Release.Candidate.app/Contents/Developer/Platforms/WatchOS.platform/Developer/usr/lib -F /Users/admin/builder/spi-builder-workspace/.derivedData/Build/Products/Debug-watchos/PackageFrameworks -F /Users/admin/builder/spi-builder-workspace/.derivedData/Build/Products/Debug-watchos -F /Applications/Xcode-27.0.0-Release.Candidate.app/Contents/Developer/Platforms/WatchOS.platform/Developer/Library/Frameworks -F /Applications/Xcode-27.0.0-Release.Candidate.app/Contents/Developer/Platforms/WatchOS.platform/Developer/SDKs/WatchOS27.0.sdk/Developer/Library/Frameworks -module-cache-path /Users/admin/builder/spi-builder-workspace/.derivedData/ModuleCache.noindex -no-color-diagnostics -Xcc -fno-color-diagnostics -enable-testing -g -debug-info-format\=dwarf -dwarf-version\=4 -profile-generate -profile-coverage-mapping -swift-version 4.2 -Onone -D SWIFT_PACKAGE -D DEBUG -D SWIFT_MODULE_RESOURCE_BUNDLE_UNAVAILABLE -D Xcode -serialize-debugging-options -enable-experimental-feature DebugDescriptionMacro -empty-abi-descriptor -plugin-path /Applications/Xcode-27.0.0-Release.Candidate.app/Contents/Developer/Toolchains/XcodeDefault.xctoolchain/usr/lib/swift/host/plugins/testing -validate-clang-modules-once -clang-build-session-file /Users/admin/builder/spi-builder-workspace/.derivedData/ModuleCache.noindex/Session.modulevalidation -Xcc -working-directory -Xcc /Users/admin/builder/spi-builder-workspace/.swiftpm/xcode -enable-anonymous-context-mangled-names -file-compilation-dir /Users/admin/builder/spi-builder-workspace/.swiftpm/xcode -Xcc -D_LIBCPP_HARDENING_MODE\=_LIBCPP_HARDENING_MODE_DEBUG -Xcc -ivfsstatcache -Xcc /Users/admin/builder/spi-builder-workspace/.derivedData/SDKStatCaches.noindex/watchos27.0-24R360-e829b21a6f8c9b70876ba0858053c04477534ef55a1706bf4c1112bbb242f0a2.sdkstatcache -Xcc -fmodules-prune-interval\=86400 -Xcc -fmodules-prune-after\=345600 -Xcc -I/Users/admin/builder/spi-builder-workspace/.derivedData/Build/Products/Debug-watchos/include -Xcc -I/Users/admin/builder/spi-builder-workspace/.derivedData/Build/Intermediates.noindex/Graphics.build/Debug-watchos/QuartzAdapter-t.build/DerivedSources-normal/arm64 -Xcc -I/Users/admin/builder/spi-builder-workspace/.derivedData/Build/Intermediates.noindex/Graphics.build/Debug-watchos/QuartzAdapter-t.build/DerivedSources/arm64 -Xcc -I/Users/admin/builder/spi-builder-workspace/.derivedData/Build/Intermediates.noindex/Graphics.build/Debug-watchos/QuartzAdapter-t.build/DerivedSources -Xcc -DSWIFT_PACKAGE -Xcc -DDEBUG\=1 -no-auto-bridging-header-chaining -module-name QuartzAdapter -const-gather-protocols-file /Users/admin/builder/spi-builder-workspace/.derivedData/Build/Intermediates.noindex/Graphics.build/Debug-watchos/QuartzAdapter-t.build/Objects-normal/arm64/QuartzAdapter_const_extract_protocols.json -disable-clang-spi -target-sdk-version 27.0 -target-sdk-name watchos27.0 -external-plugin-path /Applications/Xcode-27.0.0-Release.Candidate.app/Contents/Developer/Platforms/WatchOS.platform/Developer/usr/lib/swift/host/plugins\#/Applications/Xcode-27.0.0-Release.Candidate.app/Contents/Developer/Platforms/WatchOS.platform/Developer/usr/bin/swift-plugin-server -external-plugin-path /Applications/Xcode-27.0.0-Release.Candidate.app/Contents/Developer/Platforms/WatchOS.platform/Developer/usr/local/lib/swift/host/plugins\#/Applications/Xcode-27.0.0-Release.Candidate.app/Contents/Developer/Platforms/WatchOS.platform/Developer/usr/bin/swift-plugin-server -in-process-plugin-server-path /Applications/Xcode-27.0.0-Release.Candidate.app/Contents/Developer/Toolchains/XcodeDefault.xctoolchain/usr/lib/swift/host/libSwiftInProcPluginServer.dylib -plugin-path /Applications/Xcode-27.0.0-Release.Candidate.app/Contents/Developer/Toolchains/XcodeDefault.xctoolchain/usr/lib/swift/host/plugins -plugin-path /Applications/Xcode-27.0.0-Release.Candidate.app/Contents/Developer/Toolchains/XcodeDefault.xctoolchain/usr/local/lib/swift/host/plugins -emit-module-doc-path /Users/admin/builder/spi-builder-workspace/.derivedData/Build/Intermediates.noindex/Graphics.build/Debug-watchos/QuartzAdapter-t.build/Objects-normal/arm64/QuartzAdapter.swiftdoc -emit-module-source-info-path /Users/admin/builder/spi-builder-workspace/.derivedData/Build/Intermediates.noindex/Graphics.build/Debug-watchos/QuartzAdapter-t.build/Objects-normal/arm64/QuartzAdapter.swiftsourceinfo -emit-objc-header-path /Users/admin/builder/spi-builder-workspace/.derivedData/Build/Intermediates.noindex/Graphics.build/Debug-watchos/QuartzAdapter-t.build/Objects-normal/arm64/QuartzAdapter-Swift.h -serialize-diagnostics-path /Users/admin/builder/spi-builder-workspace/.derivedData/Build/Intermediates.noindex/Graphics.build/Debug-watchos/QuartzAdapter-t.build/Objects-normal/arm64/QuartzAdapter-primary-emit-module.dia -emit-dependencies-path /Users/admin/builder/spi-builder-workspace/.derivedData/Build/Intermediates.noindex/Graphics.build/Debug-watchos/QuartzAdapter-t.build/Objects-normal/arm64/QuartzAdapter-primary-emit-module.d -parse-as-library -o /Users/admin/builder/spi-builder-workspace/.derivedData/Build/Intermediates.noindex/Graphics.build/Debug-watchos/QuartzAdapter-t.build/Objects-normal/arm64/QuartzAdapter.swiftmodule -emit-abi-descriptor-path /Users/admin/builder/spi-builder-workspace/.derivedData/Build/Intermediates.noindex/Graphics.build/Debug-watchos/QuartzAdapter-t.build/Objects-normal/arm64/QuartzAdapter.abi.json
SwiftCompile normal arm64 (in target 'QuartzAdapter' from project 'Graphics')
cd /Users/admin/builder/spi-builder-workspace/.swiftpm/xcode
SwiftEmitModule normal arm64 Emitting\ module\ for\ SVG (in target 'SVG' from project 'Graphics')
SwiftCompile normal arm64 (in target 'SVG' from project 'Graphics')
cd /Users/admin/builder/spi-builder-workspace/.swiftpm/xcode
SwiftDriverJobDiscovery normal arm64 Compiling Alignment.swift, Color.swift (in target 'Rendering' from project 'Graphics')
SwiftEmitModule normal arm64_32 Emitting\ module\ for\ SVG (in target 'SVG' from project 'Graphics')
/Users/admin/builder/spi-builder-workspace/Sources/SVG/Polygon+SVG.swift:31:1: warning: extension declares a conformance of imported type 'Polygon' to imported protocol 'PathRepresentable'; this will not behave correctly if the owners of 'Geometry' introduce this conformance in the future
29 | }
30 |
31 | extension Polygon: PathRepresentable {
| |- warning: extension declares a conformance of imported type 'Polygon' to imported protocol 'PathRepresentable'; this will not behave correctly if the owners of 'Geometry' introduce this conformance in the future
| `- note: add '@retroactive' to silence this warning
32 |
33 | public var path: Path {
SwiftCompile normal arm64_32 (in target 'SVG' from project 'Graphics')
cd /Users/admin/builder/spi-builder-workspace/.swiftpm/xcode
SwiftDriverJobDiscovery normal arm64_32 Compiling Alignment.swift, Color.swift (in target 'Rendering' from project 'Graphics')
CreateUniversalBinary /Users/admin/builder/spi-builder-workspace/.derivedData/Build/Products/Debug-watchos/Math.o normal arm64\ arm64_32 (in target 'Math' from project 'Math')
cd /Users/admin/builder/spi-builder-workspace/.dependencies/checkouts/Math
/Applications/Xcode-27.0.0-Release.Candidate.app/Contents/Developer/Toolchains/XcodeDefault.xctoolchain/usr/bin/lipo -create /Users/admin/builder/spi-builder-workspace/.derivedData/Build/Intermediates.noindex/Math.build/Debug-watchos/Math-t.build/Objects-normal/arm64/Binary/Math.o /Users/admin/builder/spi-builder-workspace/.derivedData/Build/Intermediates.noindex/Math.build/Debug-watchos/Math-t.build/Objects-normal/arm64_32/Binary/Math.o -output /Users/admin/builder/spi-builder-workspace/.derivedData/Build/Products/Debug-watchos/Math.o
SwiftDriverJobDiscovery normal arm64_32 Emitting module for SVG (in target 'SVG' from project 'Graphics')
SwiftDriver\ Compilation\ Requirements SVG normal arm64_32 com.apple.xcode.tools.swift.compiler (in target 'SVG' from project 'Graphics')
cd /Users/admin/builder/spi-builder-workspace/.swiftpm/xcode
builtin-Swift-Compilation-Requirements -- /Applications/Xcode-27.0.0-Release.Candidate.app/Contents/Developer/Toolchains/XcodeDefault.xctoolchain/usr/bin/swiftc -parse-as-library -module-name SVG -Onone @/Users/admin/builder/spi-builder-workspace/.derivedData/Build/Intermediates.noindex/Graphics.build/Debug-watchos/SVG-t.build/Objects-normal/arm64_32/SVG.SwiftFileList -DSWIFT_PACKAGE -DDEBUG -DSWIFT_MODULE_RESOURCE_BUNDLE_UNAVAILABLE -DXcode -plugin-path /Applications/Xcode-27.0.0-Release.Candidate.app/Contents/Developer/Toolchains/XcodeDefault.xctoolchain/usr/lib/swift/host/plugins/testing -enable-experimental-feature DebugDescriptionMacro -sdk /Applications/Xcode-27.0.0-Release.Candidate.app/Contents/Developer/Platforms/WatchOS.platform/Developer/SDKs/WatchOS27.0.sdk -target arm64_32-apple-watchos9.0 -g -module-cache-path /Users/admin/builder/spi-builder-workspace/.derivedData/ModuleCache.noindex -Xfrontend -serialize-debugging-options -profile-coverage-mapping -profile-generate -enable-testing -index-store-path /Users/admin/builder/spi-builder-workspace/.derivedData/Index.noindex/DataStore -Xcc -D_LIBCPP_HARDENING_MODE\=_LIBCPP_HARDENING_MODE_DEBUG -swift-version 4.2 -I /Users/admin/builder/spi-builder-workspace/.derivedData/Build/Products/Debug-watchos -Isystem /Applications/Xcode-27.0.0-Release.Candidate.app/Contents/Developer/Platforms/WatchOS.platform/Developer/usr/lib -F /Users/admin/builder/spi-builder-workspace/.derivedData/Build/Products/Debug-watchos/PackageFrameworks -F /Users/admin/builder/spi-builder-workspace/.derivedData/Build/Products/Debug-watchos -F /Applications/Xcode-27.0.0-Release.Candidate.app/Contents/Developer/Platforms/WatchOS.platform/Developer/Library/Frameworks -F /Applications/Xcode-27.0.0-Release.Candidate.app/Contents/Developer/Platforms/WatchOS.platform/Developer/SDKs/WatchOS27.0.sdk/Developer/Library/Frameworks -c -j10 -enable-batch-mode -incremental -Xcc -ivfsstatcache -Xcc /Users/admin/builder/spi-builder-workspace/.derivedData/SDKStatCaches.noindex/watchos27.0-24R360-e829b21a6f8c9b70876ba0858053c04477534ef55a1706bf4c1112bbb242f0a2.sdkstatcache -output-file-map /Users/admin/builder/spi-builder-workspace/.derivedData/Build/Intermediates.noindex/Graphics.build/Debug-watchos/SVG-t.build/Objects-normal/arm64_32/SVG-OutputFileMap.json -save-temps -no-color-diagnostics -emit-dependencies -emit-module -emit-module-path /Users/admin/builder/spi-builder-workspace/.derivedData/Build/Intermediates.noindex/Graphics.build/Debug-watchos/SVG-t.build/Objects-normal/arm64_32/SVG.swiftmodule -serialize-diagnostics -validate-clang-modules-once -clang-build-session-file /Users/admin/builder/spi-builder-workspace/.derivedData/ModuleCache.noindex/Session.modulevalidation -Xcc -fmodules-prune-interval\=86400 -Xcc -fmodules-prune-after\=345600 -emit-const-values -const-gather-protocols-list /Users/admin/builder/spi-builder-workspace/.derivedData/Build/Intermediates.noindex/Graphics.build/Debug-watchos/SVG-t.build/Objects-normal/arm64_32/SVG_const_extract_protocols.json -Xcc -I/Users/admin/builder/spi-builder-workspace/.derivedData/Build/Products/Debug-watchos/include -Xcc -I/Users/admin/builder/spi-builder-workspace/.derivedData/Build/Intermediates.noindex/Graphics.build/Debug-watchos/SVG-t.build/DerivedSources-normal/arm64_32 -Xcc -I/Users/admin/builder/spi-builder-workspace/.derivedData/Build/Intermediates.noindex/Graphics.build/Debug-watchos/SVG-t.build/DerivedSources/arm64_32 -Xcc -I/Users/admin/builder/spi-builder-workspace/.derivedData/Build/Intermediates.noindex/Graphics.build/Debug-watchos/SVG-t.build/DerivedSources -Xcc -DSWIFT_PACKAGE -Xcc -DDEBUG\=1 -emit-objc-header -emit-objc-header-path /Users/admin/builder/spi-builder-workspace/.derivedData/Build/Intermediates.noindex/Graphics.build/Debug-watchos/SVG-t.build/Objects-normal/arm64_32/SVG-Swift.h -working-directory /Users/admin/builder/spi-builder-workspace/.swiftpm/xcode -experimental-emit-module-separately -disable-cmo
SwiftCompile normal arm64 Compiling\ Stroke+SVGInitializable.swift,\ StyledPath+SVGInitializable.swift /Users/admin/builder/spi-builder-workspace/Sources/SVG/Stroke+SVGInitializable.swift /Users/admin/builder/spi-builder-workspace/Sources/SVG/StyledPath+SVGInitializable.swift (in target 'SVG' from project 'Graphics')
SwiftCompile normal arm64 /Users/admin/builder/spi-builder-workspace/Sources/SVG/Stroke+SVGInitializable.swift (in target 'SVG' from project 'Graphics')
cd /Users/admin/builder/spi-builder-workspace/.swiftpm/xcode
builtin-SwiftPerFileCompile Stroke+SVGInitializable.swift
SwiftCompile normal arm64 /Users/admin/builder/spi-builder-workspace/Sources/SVG/StyledPath+SVGInitializable.swift (in target 'SVG' from project 'Graphics')
cd /Users/admin/builder/spi-builder-workspace/.swiftpm/xcode
builtin-SwiftPerFileCompile StyledPath+SVGInitializable.swift
PruneExplicitPrecompiledModules /Users/admin/builder/spi-builder-workspace/.derivedData/SDKExplicitPrecompiledModules
PruneExplicitPrecompiledModules /Users/admin/builder/spi-builder-workspace/.derivedData/Build/Intermediates.noindex/ExplicitPrecompiledModules
PruneExplicitPrecompiledModules /Users/admin/builder/spi-builder-workspace/.derivedData/Build/Intermediates.noindex/SwiftExplicitPrecompiledModules
2026-09-17 00:18:43.112 xcodebuild[796:4894] [MT] IDERunDestination: Supported platforms for the buildables in the current scheme is empty.
** BUILD FAILED **
The following build commands failed:
SwiftEmitModule normal arm64 Emitting\ module\ for\ QuartzAdapter (in target 'QuartzAdapter' from project 'Graphics')
SwiftCompile normal arm64 (in target 'QuartzAdapter' from project 'Graphics')
Building workspace Graphics with scheme Graphics-Package
(3 failures)
Command line invocation:
/Applications/Xcode-27.0.0-Release.Candidate.app/Contents/Developer/usr/bin/xcodebuild -IDEClonedSourcePackagesDirPathOverride=/Users/admin/builder/spi-builder-workspace/.dependencies -resolvePackageDependencies
Resolve Package Graph
Resolved source packages:
PerformanceTesting: https://github.com/dn-m/PerformanceTesting @ 0.4.0
Graphics: /Users/admin/builder/spi-builder-workspace
SWXMLHash: https://github.com/drmohundro/SWXMLHash @ 4.9.0
Structure: https://github.com/dn-m/Structure @ 0.25.0
Math: https://github.com/dn-m/Math @ 0.8.0
resolved source packages: PerformanceTesting, Graphics, SWXMLHash, Structure, Math
2026-09-17 00:18:53.364 xcodebuild[1055:6225] [MT] IDERunDestination: Supported platforms for the buildables in the current scheme is empty.
{
"dependencies" : [
{
"identity" : "swxmlhash",
"requirement" : {
"range" : [
{
"lower_bound" : "4.1.1",
"upper_bound" : "5.0.0"
}
]
},
"type" : "sourceControl",
"url" : "https://github.com/drmohundro/SWXMLHash"
},
{
"identity" : "math",
"requirement" : {
"range" : [
{
"lower_bound" : "0.7.0",
"upper_bound" : "1.0.0"
}
]
},
"type" : "sourceControl",
"url" : "https://github.com/dn-m/Math"
},
{
"identity" : "structure",
"requirement" : {
"range" : [
{
"lower_bound" : "0.23.0",
"upper_bound" : "1.0.0"
}
]
},
"type" : "sourceControl",
"url" : "https://github.com/dn-m/Structure"
}
],
"manifest_display_name" : "Graphics",
"name" : "Graphics",
"path" : "/Users/admin/builder/spi-builder-workspace",
"platforms" : [
],
"products" : [
{
"name" : "Geometry",
"targets" : [
"Geometry"
],
"type" : {
"library" : [
"automatic"
]
}
},
{
"name" : "Path",
"targets" : [
"Path"
],
"type" : {
"library" : [
"automatic"
]
}
},
{
"name" : "Rendering",
"targets" : [
"Rendering"
],
"type" : {
"library" : [
"automatic"
]
}
},
{
"name" : "SVG",
"targets" : [
"SVG"
],
"type" : {
"library" : [
"automatic"
]
}
},
{
"name" : "QuartzAdapter",
"targets" : [
"QuartzAdapter"
],
"type" : {
"library" : [
"automatic"
]
}
},
{
"name" : "GraphicsTesting",
"targets" : [
"GraphicsTesting"
],
"type" : {
"library" : [
"automatic"
]
}
}
],
"targets" : [
{
"c99name" : "SVGTests",
"module_type" : "SwiftTarget",
"name" : "SVGTests",
"path" : "Tests/SVGTests",
"sources" : [
"SVGTests.swift"
],
"target_dependencies" : [
"SVG",
"GraphicsTesting"
],
"type" : "test"
},
{
"c99name" : "SVG",
"module_type" : "SwiftTarget",
"name" : "SVG",
"path" : "Sources/SVG",
"product_dependencies" : [
"SWXMLHash"
],
"product_memberships" : [
"SVG"
],
"sources" : [
"Circle+SVG.swift",
"Color+SVG.swift",
"Double+SVG.swift",
"Ellipse+SVG.swift",
"Fill+SVGInitializable.swift",
"Line+SVG.swift",
"Path+SVG.swift",
"PathElement+SVG.swift",
"Point+SVG.swift",
"Polygon+SVG.swift",
"Polyline+SVG.swift",
"Rectangle+SVG.swift",
"SVG.Group.swift",
"SVG.Parser.swift",
"SVG.swift",
"SVGInitializable.swift",
"Stroke+SVGInitializable.swift",
"StyledPath+SVGInitializable.swift",
"StyledPath.Composite+SVG.swift",
"Styling+SVGInitializable.swift"
],
"target_dependencies" : [
"Rendering"
],
"type" : "library"
},
{
"c99name" : "RenderingTests",
"module_type" : "SwiftTarget",
"name" : "RenderingTests",
"path" : "Tests/RenderingTests",
"sources" : [
"ColorTests.swift",
"CompositeTests.swift",
"StyledPathTests.swift",
"TextBoxTests.swift",
"TextTests.swift",
"XCTestManifests.swift"
],
"target_dependencies" : [
"Rendering",
"GraphicsTesting"
],
"type" : "test"
},
{
"c99name" : "Rendering",
"module_type" : "SwiftTarget",
"name" : "Rendering",
"path" : "Sources/Rendering",
"product_memberships" : [
"Rendering",
"SVG",
"QuartzAdapter",
"GraphicsTesting"
],
"sources" : [
"Alignment.swift",
"Color.swift",
"Fill.swift",
"Group.swift",
"Insets.swift",
"Item.swift",
"Renderable.swift",
"Renderer.swift",
"Stroke.swift",
"StyledPath.Composite.swift",
"StyledPath.swift",
"Styling.swift"
],
"target_dependencies" : [
"Path"
],
"type" : "library"
},
{
"c99name" : "QuartzAdapterTests",
"module_type" : "SwiftTarget",
"name" : "QuartzAdapterTests",
"path" : "Tests/QuartzAdapterTests",
"sources" : [
"QuartzAdapterTests.swift"
],
"target_dependencies" : [
"QuartzAdapter",
"GraphicsTesting"
],
"type" : "test"
},
{
"c99name" : "QuartzAdapter",
"module_type" : "SwiftTarget",
"name" : "QuartzAdapter",
"path" : "Sources/QuartzAdapter",
"product_memberships" : [
"QuartzAdapter",
"GraphicsTesting"
],
"sources" : [
"CALayer+PDF.swift",
"Color+CGColor.swift",
"Path+CAShapeLayer.swift",
"Path+CGPath.swift",
"PathElement+CGPathElement.swift",
"Point+CGPoint.swift",
"Rectangle+CGRect.swift",
"Size+CGSize.swift",
"StyledPath+CAShapeLayer.swift",
"StyledPath.Composite+CALayer.swift",
"TestFrame.swift",
"Text+CATextLayer.swift",
"TextBox+CALayer.swift"
],
"target_dependencies" : [
"Rendering"
],
"type" : "library"
},
{
"c99name" : "PathTests",
"module_type" : "SwiftTarget",
"name" : "PathTests",
"path" : "Tests/PathTests",
"sources" : [
"CubicBezierCurveTests.swift",
"EllipseTests.swift",
"LinearBezierCurveTests.swift",
"PathElementTests.swift",
"PathTests.swift",
"QuadraticBezierCurveTests.swift",
"TransformTests.swift",
"XCTestManifests.swift"
],
"target_dependencies" : [
"Path",
"Rendering",
"GraphicsTesting"
],
"type" : "test"
},
{
"c99name" : "Path",
"module_type" : "SwiftTarget",
"name" : "Path",
"path" : "Sources/Path",
"product_dependencies" : [
"Math"
],
"product_memberships" : [
"Path",
"Rendering",
"SVG",
"QuartzAdapter",
"GraphicsTesting"
],
"sources" : [
"BezierCurve.swift",
"CubicBezierCurve.swift",
"Path+Arrowhead.swift",
"Path+Circle.swift",
"Path+Ellipse.swift",
"Path+Line.Segment.swift",
"Path+Parallelogram.swift",
"Path+PolygonProtocol.swift",
"Path+Polyline.swift",
"Path+Rectangle.swift",
"Path+Square.swift",
"Path+Transform.swift",
"Path.Builder.swift",
"Path.swift",
"PathElement.swift",
"PathRepresentable.swift"
],
"target_dependencies" : [
"Geometry"
],
"type" : "library"
},
{
"c99name" : "GraphicsTesting",
"module_type" : "SwiftTarget",
"name" : "GraphicsTesting",
"path" : "Sources/GraphicsTesting",
"product_memberships" : [
"GraphicsTesting"
],
"sources" : [
"GraphicsTesting.swift"
],
"target_dependencies" : [
"QuartzAdapter"
],
"type" : "library"
},
{
"c99name" : "GeometryTests",
"module_type" : "SwiftTarget",
"name" : "GeometryTests",
"path" : "Tests/GeometryTests",
"sources" : [
"AngleTests.swift",
"CollisionDetectionTests.swift",
"LineTests.swift",
"PointTests.swift",
"PolygonTests.swift",
"RectangleTests.swift",
"XCTestManifests.swift"
],
"target_dependencies" : [
"Geometry"
],
"type" : "test"
},
{
"c99name" : "Geometry",
"module_type" : "SwiftTarget",
"name" : "Geometry",
"path" : "Sources/Geometry",
"product_dependencies" : [
"Math",
"DataStructures"
],
"product_memberships" : [
"Geometry",
"Path",
"Rendering",
"SVG",
"QuartzAdapter",
"GraphicsTesting"
],
"sources" : [
"Angle.swift",
"Axis.swift",
"Bound.swift",
"Circle.swift",
"CollisionDetectable.swift",
"CollisionDetection.swift",
"ConvexPolygon.swift",
"ConvexPolygonContainer.swift",
"ConvexPolygonProtocol.swift",
"Ellipse.swift",
"Extremum.swift",
"Line.Ray.swift",
"Line.Segment.swift",
"Line.swift",
"Point.swift",
"Polygon.swift",
"PolygonError.swift",
"PolygonProtocol.swift",
"Polyline.swift",
"Rectangle.swift",
"Rotation.swift",
"Shape.swift",
"Size.swift",
"Triangle.swift",
"Vector2.swift",
"VertexCollection.swift"
],
"type" : "library"
}
],
"tools_version" : "4.2"
}
{
"workspace" : {
"name" : "Graphics",
"schemes" : [
"Geometry",
"Graphics-Package",
"GraphicsTesting",
"Path",
"QuartzAdapter",
"Rendering",
"SVG"
]
}
}
2026-09-17 00:18:54.694 xcodebuild[1063:6295] [MT] IDERunDestination: Supported platforms for the buildables in the current scheme is empty.
Running build ...
env DEVELOPER_DIR=/Applications/Xcode-27.0.0-Release.Candidate.app xcrun xcodebuild -IDEClonedSourcePackagesDirPathOverride=$PWD/.dependencies -skipMacroValidation -skipPackagePluginValidation -derivedDataPath $PWD/.derivedData build -scheme Graphics-Package -destination generic/platform=watchOS
Command line invocation:
/Applications/Xcode-27.0.0-Release.Candidate.app/Contents/Developer/usr/bin/xcodebuild -IDEClonedSourcePackagesDirPathOverride=/Users/admin/builder/spi-builder-workspace/.dependencies -skipMacroValidation -skipPackagePluginValidation -derivedDataPath /Users/admin/builder/spi-builder-workspace/.derivedData build -scheme Graphics-Package -destination generic/platform=watchOS
Resolve Package Graph
Resolved source packages:
Structure: https://github.com/dn-m/Structure @ 0.25.0
PerformanceTesting: https://github.com/dn-m/PerformanceTesting @ 0.4.0
SWXMLHash: https://github.com/drmohundro/SWXMLHash @ 4.9.0
Graphics: /Users/admin/builder/spi-builder-workspace
Math: https://github.com/dn-m/Math @ 0.8.0
ComputePackagePrebuildTargetDependencyGraph
Prepare packages
CreateBuildRequest
SendProjectDescription
CreateBuildOperation
ComputeTargetDependencyGraph
note: Building targets in dependency order
note: Target dependency graph (22 targets)
Target 'GraphicsTesting-product' in project 'Graphics'
➜ Explicit dependency on target 'GraphicsTesting' in project 'Graphics'
➜ Explicit dependency on target 'Geometry' in project 'Graphics'
➜ Explicit dependency on target 'Path' in project 'Graphics'
➜ Explicit dependency on target 'Rendering' in project 'Graphics'
➜ Explicit dependency on target 'QuartzAdapter' in project 'Graphics'
➜ Explicit dependency on target 'Math-product' in project 'Math'
➜ Explicit dependency on target 'DataStructures-product' in project 'Structure'
Target 'GraphicsTesting' in project 'Graphics'
➜ Explicit dependency on target 'Geometry' in project 'Graphics'
➜ Explicit dependency on target 'Path' in project 'Graphics'
➜ Explicit dependency on target 'Rendering' in project 'Graphics'
➜ Explicit dependency on target 'QuartzAdapter' in project 'Graphics'
➜ Explicit dependency on target 'Math-product' in project 'Math'
➜ Explicit dependency on target 'DataStructures-product' in project 'Structure'
Target 'QuartzAdapter-product' in project 'Graphics'
➜ Explicit dependency on target 'QuartzAdapter' in project 'Graphics'
➜ Explicit dependency on target 'Geometry' in project 'Graphics'
➜ Explicit dependency on target 'Path' in project 'Graphics'
➜ Explicit dependency on target 'Rendering' in project 'Graphics'
➜ Explicit dependency on target 'Math-product' in project 'Math'
➜ Explicit dependency on target 'DataStructures-product' in project 'Structure'
Target 'QuartzAdapter' in project 'Graphics'
➜ Explicit dependency on target 'Geometry' in project 'Graphics'
➜ Explicit dependency on target 'Path' in project 'Graphics'
➜ Explicit dependency on target 'Rendering' in project 'Graphics'
➜ Explicit dependency on target 'Math-product' in project 'Math'
➜ Explicit dependency on target 'DataStructures-product' in project 'Structure'
Target 'SVG-product' in project 'Graphics'
➜ Explicit dependency on target 'SVG' in project 'Graphics'
➜ Explicit dependency on target 'Geometry' in project 'Graphics'
➜ Explicit dependency on target 'Path' in project 'Graphics'
➜ Explicit dependency on target 'Rendering' in project 'Graphics'
➜ Explicit dependency on target 'Math-product' in project 'Math'
➜ Explicit dependency on target 'DataStructures-product' in project 'Structure'
➜ Explicit dependency on target 'SWXMLHash-product' in project 'SWXMLHash'
Target 'SVG' in project 'Graphics'
➜ Explicit dependency on target 'Geometry' in project 'Graphics'
➜ Explicit dependency on target 'Path' in project 'Graphics'
➜ Explicit dependency on target 'Rendering' in project 'Graphics'
➜ Explicit dependency on target 'Math-product' in project 'Math'
➜ Explicit dependency on target 'DataStructures-product' in project 'Structure'
➜ Explicit dependency on target 'SWXMLHash-product' in project 'SWXMLHash'
Target 'SWXMLHash-product' in project 'SWXMLHash'
➜ Explicit dependency on target 'SWXMLHash' in project 'SWXMLHash'
Target 'SWXMLHash' in project 'SWXMLHash' (no dependencies)
Target 'Rendering-product' in project 'Graphics'
➜ Explicit dependency on target 'Rendering' in project 'Graphics'
➜ Explicit dependency on target 'Geometry' in project 'Graphics'
➜ Explicit dependency on target 'Path' in project 'Graphics'
➜ Explicit dependency on target 'Math-product' in project 'Math'
➜ Explicit dependency on target 'DataStructures-product' in project 'Structure'
Target 'Rendering' in project 'Graphics'
➜ Explicit dependency on target 'Geometry' in project 'Graphics'
➜ Explicit dependency on target 'Path' in project 'Graphics'
➜ Explicit dependency on target 'Math-product' in project 'Math'
➜ Explicit dependency on target 'DataStructures-product' in project 'Structure'
Target 'Path-product' in project 'Graphics'
➜ Explicit dependency on target 'Path' in project 'Graphics'
➜ Explicit dependency on target 'Geometry' in project 'Graphics'
➜ Explicit dependency on target 'Math-product' in project 'Math'
➜ Explicit dependency on target 'DataStructures-product' in project 'Structure'
Target 'Path' in project 'Graphics'
➜ Explicit dependency on target 'Geometry' in project 'Graphics'
➜ Explicit dependency on target 'Math-product' in project 'Math'
➜ Explicit dependency on target 'DataStructures-product' in project 'Structure'
Target 'Geometry-product' in project 'Graphics'
➜ Explicit dependency on target 'Geometry' in project 'Graphics'
➜ Explicit dependency on target 'Math-product' in project 'Math'
➜ Explicit dependency on target 'DataStructures-product' in project 'Structure'
Target 'Geometry' in project 'Graphics'
➜ Explicit dependency on target 'Math-product' in project 'Math'
➜ Explicit dependency on target 'DataStructures-product' in project 'Structure'
Target 'Math-product' in project 'Math'
➜ Explicit dependency on target 'Math' in project 'Math'
➜ Explicit dependency on target 'Algebra-product' in project 'Structure'
➜ Explicit dependency on target 'DataStructures-product' in project 'Structure'
Target 'Math' in project 'Math'
➜ Explicit dependency on target 'Algebra-product' in project 'Structure'
➜ Explicit dependency on target 'DataStructures-product' in project 'Structure'
Target 'DataStructures-product' in project 'Structure'
➜ Explicit dependency on target 'DataStructures' in project 'Structure'
➜ Explicit dependency on target 'Destructure' in project 'Structure'
➜ Explicit dependency on target 'Algebra' in project 'Structure'
➜ Explicit dependency on target 'Algorithms' in project 'Structure'
Target 'DataStructures' in project 'Structure'
➜ Explicit dependency on target 'Destructure' in project 'Structure'
➜ Explicit dependency on target 'Algebra' in project 'Structure'
➜ Explicit dependency on target 'Algorithms' in project 'Structure'
Target 'Algorithms' in project 'Structure'
➜ Explicit dependency on target 'Destructure' in project 'Structure'
Target 'Algebra-product' in project 'Structure'
➜ Explicit dependency on target 'Algebra' in project 'Structure'
➜ Explicit dependency on target 'Destructure' in project 'Structure'
Target 'Algebra' in project 'Structure'
➜ Explicit dependency on target 'Destructure' in project 'Structure'
Target 'Destructure' in project 'Structure' (no dependencies)
GatherProvisioningInputs
CreateBuildDescription
ClangStatCache /Applications/Xcode-27.0.0-Release.Candidate.app/Contents/Developer/Toolchains/XcodeDefault.xctoolchain/usr/bin/clang-stat-cache /Applications/Xcode-27.0.0-Release.Candidate.app/Contents/Developer/Platforms/WatchOS.platform/Developer/SDKs/WatchOS27.0.sdk /Users/admin/builder/spi-builder-workspace/.derivedData/SDKStatCaches.noindex/watchos27.0-24R360-e829b21a6f8c9b70876ba0858053c04477534ef55a1706bf4c1112bbb242f0a2.sdkstatcache
cd /Users/admin/builder/spi-builder-workspace/.swiftpm/xcode
/Applications/Xcode-27.0.0-Release.Candidate.app/Contents/Developer/Toolchains/XcodeDefault.xctoolchain/usr/bin/clang-stat-cache /Applications/Xcode-27.0.0-Release.Candidate.app/Contents/Developer/Platforms/WatchOS.platform/Developer/SDKs/WatchOS27.0.sdk -o /Users/admin/builder/spi-builder-workspace/.derivedData/SDKStatCaches.noindex/watchos27.0-24R360-e829b21a6f8c9b70876ba0858053c04477534ef55a1706bf4c1112bbb242f0a2.sdkstatcache
Copy /Users/admin/builder/spi-builder-workspace/.derivedData/Build/Products/Debug-watchos/SVG.swiftmodule/arm64_32-apple-watchos.abi.json /Users/admin/builder/spi-builder-workspace/.derivedData/Build/Intermediates.noindex/Graphics.build/Debug-watchos/SVG-t.build/Objects-normal/arm64_32/SVG.abi.json (in target 'SVG' from project 'Graphics')
cd /Users/admin/builder/spi-builder-workspace
builtin-copy -exclude .DS_Store -exclude CVS -exclude .svn -exclude .git -exclude .hg -resolve-src-symlinks -rename /Users/admin/builder/spi-builder-workspace/.derivedData/Build/Intermediates.noindex/Graphics.build/Debug-watchos/SVG-t.build/Objects-normal/arm64_32/SVG.abi.json /Users/admin/builder/spi-builder-workspace/.derivedData/Build/Products/Debug-watchos/SVG.swiftmodule/arm64_32-apple-watchos.abi.json
Copy /Users/admin/builder/spi-builder-workspace/.derivedData/Build/Products/Debug-watchos/SVG.swiftmodule/arm64_32-apple-watchos.swiftdoc /Users/admin/builder/spi-builder-workspace/.derivedData/Build/Intermediates.noindex/Graphics.build/Debug-watchos/SVG-t.build/Objects-normal/arm64_32/SVG.swiftdoc (in target 'SVG' from project 'Graphics')
cd /Users/admin/builder/spi-builder-workspace
builtin-copy -exclude .DS_Store -exclude CVS -exclude .svn -exclude .git -exclude .hg -resolve-src-symlinks -rename /Users/admin/builder/spi-builder-workspace/.derivedData/Build/Intermediates.noindex/Graphics.build/Debug-watchos/SVG-t.build/Objects-normal/arm64_32/SVG.swiftdoc /Users/admin/builder/spi-builder-workspace/.derivedData/Build/Products/Debug-watchos/SVG.swiftmodule/arm64_32-apple-watchos.swiftdoc
Copy /Users/admin/builder/spi-builder-workspace/.derivedData/Build/Products/Debug-watchos/SVG.swiftmodule/arm64_32-apple-watchos.swiftmodule /Users/admin/builder/spi-builder-workspace/.derivedData/Build/Intermediates.noindex/Graphics.build/Debug-watchos/SVG-t.build/Objects-normal/arm64_32/SVG.swiftmodule (in target 'SVG' from project 'Graphics')
cd /Users/admin/builder/spi-builder-workspace
builtin-copy -exclude .DS_Store -exclude CVS -exclude .svn -exclude .git -exclude .hg -resolve-src-symlinks -rename /Users/admin/builder/spi-builder-workspace/.derivedData/Build/Intermediates.noindex/Graphics.build/Debug-watchos/SVG-t.build/Objects-normal/arm64_32/SVG.swiftmodule /Users/admin/builder/spi-builder-workspace/.derivedData/Build/Products/Debug-watchos/SVG.swiftmodule/arm64_32-apple-watchos.swiftmodule
SwiftDriver SVG normal arm64_32 com.apple.xcode.tools.swift.compiler (in target 'SVG' from project 'Graphics')
cd /Users/admin/builder/spi-builder-workspace/.swiftpm/xcode
builtin-SwiftDriver -- /Applications/Xcode-27.0.0-Release.Candidate.app/Contents/Developer/Toolchains/XcodeDefault.xctoolchain/usr/bin/swiftc -parse-as-library -module-name SVG -Onone @/Users/admin/builder/spi-builder-workspace/.derivedData/Build/Intermediates.noindex/Graphics.build/Debug-watchos/SVG-t.build/Objects-normal/arm64_32/SVG.SwiftFileList -DSWIFT_PACKAGE -DDEBUG -DSWIFT_MODULE_RESOURCE_BUNDLE_UNAVAILABLE -DXcode -plugin-path /Applications/Xcode-27.0.0-Release.Candidate.app/Contents/Developer/Toolchains/XcodeDefault.xctoolchain/usr/lib/swift/host/plugins/testing -enable-experimental-feature DebugDescriptionMacro -sdk /Applications/Xcode-27.0.0-Release.Candidate.app/Contents/Developer/Platforms/WatchOS.platform/Developer/SDKs/WatchOS27.0.sdk -target arm64_32-apple-watchos9.0 -g -module-cache-path /Users/admin/builder/spi-builder-workspace/.derivedData/ModuleCache.noindex -Xfrontend -serialize-debugging-options -profile-coverage-mapping -profile-generate -enable-testing -index-store-path /Users/admin/builder/spi-builder-workspace/.derivedData/Index.noindex/DataStore -Xcc -D_LIBCPP_HARDENING_MODE\=_LIBCPP_HARDENING_MODE_DEBUG -swift-version 4.2 -I /Users/admin/builder/spi-builder-workspace/.derivedData/Build/Products/Debug-watchos -Isystem /Applications/Xcode-27.0.0-Release.Candidate.app/Contents/Developer/Platforms/WatchOS.platform/Developer/usr/lib -F /Users/admin/builder/spi-builder-workspace/.derivedData/Build/Products/Debug-watchos/PackageFrameworks -F /Users/admin/builder/spi-builder-workspace/.derivedData/Build/Products/Debug-watchos -F /Applications/Xcode-27.0.0-Release.Candidate.app/Contents/Developer/Platforms/WatchOS.platform/Developer/Library/Frameworks -F /Applications/Xcode-27.0.0-Release.Candidate.app/Contents/Developer/Platforms/WatchOS.platform/Developer/SDKs/WatchOS27.0.sdk/Developer/Library/Frameworks -c -j10 -enable-batch-mode -incremental -Xcc -ivfsstatcache -Xcc /Users/admin/builder/spi-builder-workspace/.derivedData/SDKStatCaches.noindex/watchos27.0-24R360-e829b21a6f8c9b70876ba0858053c04477534ef55a1706bf4c1112bbb242f0a2.sdkstatcache -output-file-map /Users/admin/builder/spi-builder-workspace/.derivedData/Build/Intermediates.noindex/Graphics.build/Debug-watchos/SVG-t.build/Objects-normal/arm64_32/SVG-OutputFileMap.json -save-temps -no-color-diagnostics -emit-dependencies -emit-module -emit-module-path /Users/admin/builder/spi-builder-workspace/.derivedData/Build/Intermediates.noindex/Graphics.build/Debug-watchos/SVG-t.build/Objects-normal/arm64_32/SVG.swiftmodule -serialize-diagnostics -validate-clang-modules-once -clang-build-session-file /Users/admin/builder/spi-builder-workspace/.derivedData/ModuleCache.noindex/Session.modulevalidation -Xcc -fmodules-prune-interval\=86400 -Xcc -fmodules-prune-after\=345600 -emit-const-values -const-gather-protocols-list /Users/admin/builder/spi-builder-workspace/.derivedData/Build/Intermediates.noindex/Graphics.build/Debug-watchos/SVG-t.build/Objects-normal/arm64_32/SVG_const_extract_protocols.json -Xcc -I/Users/admin/builder/spi-builder-workspace/.derivedData/Build/Products/Debug-watchos/include -Xcc -I/Users/admin/builder/spi-builder-workspace/.derivedData/Build/Intermediates.noindex/Graphics.build/Debug-watchos/SVG-t.build/DerivedSources-normal/arm64_32 -Xcc -I/Users/admin/builder/spi-builder-workspace/.derivedData/Build/Intermediates.noindex/Graphics.build/Debug-watchos/SVG-t.build/DerivedSources/arm64_32 -Xcc -I/Users/admin/builder/spi-builder-workspace/.derivedData/Build/Intermediates.noindex/Graphics.build/Debug-watchos/SVG-t.build/DerivedSources -Xcc -DSWIFT_PACKAGE -Xcc -DDEBUG\=1 -emit-objc-header -emit-objc-header-path /Users/admin/builder/spi-builder-workspace/.derivedData/Build/Intermediates.noindex/Graphics.build/Debug-watchos/SVG-t.build/Objects-normal/arm64_32/SVG-Swift.h -working-directory /Users/admin/builder/spi-builder-workspace/.swiftpm/xcode -experimental-emit-module-separately -disable-cmo
SwiftDriver SVG normal arm64 com.apple.xcode.tools.swift.compiler (in target 'SVG' from project 'Graphics')
cd /Users/admin/builder/spi-builder-workspace/.swiftpm/xcode
builtin-SwiftDriver -- /Applications/Xcode-27.0.0-Release.Candidate.app/Contents/Developer/Toolchains/XcodeDefault.xctoolchain/usr/bin/swiftc -parse-as-library -module-name SVG -Onone @/Users/admin/builder/spi-builder-workspace/.derivedData/Build/Intermediates.noindex/Graphics.build/Debug-watchos/SVG-t.build/Objects-normal/arm64/SVG.SwiftFileList -DSWIFT_PACKAGE -DDEBUG -DSWIFT_MODULE_RESOURCE_BUNDLE_UNAVAILABLE -DXcode -plugin-path /Applications/Xcode-27.0.0-Release.Candidate.app/Contents/Developer/Toolchains/XcodeDefault.xctoolchain/usr/lib/swift/host/plugins/testing -enable-experimental-feature DebugDescriptionMacro -sdk /Applications/Xcode-27.0.0-Release.Candidate.app/Contents/Developer/Platforms/WatchOS.platform/Developer/SDKs/WatchOS27.0.sdk -target arm64-apple-watchos9.0 -g -module-cache-path /Users/admin/builder/spi-builder-workspace/.derivedData/ModuleCache.noindex -Xfrontend -serialize-debugging-options -profile-coverage-mapping -profile-generate -enable-testing -index-store-path /Users/admin/builder/spi-builder-workspace/.derivedData/Index.noindex/DataStore -Xcc -D_LIBCPP_HARDENING_MODE\=_LIBCPP_HARDENING_MODE_DEBUG -swift-version 4.2 -I /Users/admin/builder/spi-builder-workspace/.derivedData/Build/Products/Debug-watchos -Isystem /Applications/Xcode-27.0.0-Release.Candidate.app/Contents/Developer/Platforms/WatchOS.platform/Developer/usr/lib -F /Users/admin/builder/spi-builder-workspace/.derivedData/Build/Products/Debug-watchos/PackageFrameworks -F /Users/admin/builder/spi-builder-workspace/.derivedData/Build/Products/Debug-watchos -F /Applications/Xcode-27.0.0-Release.Candidate.app/Contents/Developer/Platforms/WatchOS.platform/Developer/Library/Frameworks -F /Applications/Xcode-27.0.0-Release.Candidate.app/Contents/Developer/Platforms/WatchOS.platform/Developer/SDKs/WatchOS27.0.sdk/Developer/Library/Frameworks -c -j10 -enable-batch-mode -incremental -Xcc -ivfsstatcache -Xcc /Users/admin/builder/spi-builder-workspace/.derivedData/SDKStatCaches.noindex/watchos27.0-24R360-e829b21a6f8c9b70876ba0858053c04477534ef55a1706bf4c1112bbb242f0a2.sdkstatcache -output-file-map /Users/admin/builder/spi-builder-workspace/.derivedData/Build/Intermediates.noindex/Graphics.build/Debug-watchos/SVG-t.build/Objects-normal/arm64/SVG-OutputFileMap.json -save-temps -no-color-diagnostics -emit-dependencies -emit-module -emit-module-path /Users/admin/builder/spi-builder-workspace/.derivedData/Build/Intermediates.noindex/Graphics.build/Debug-watchos/SVG-t.build/Objects-normal/arm64/SVG.swiftmodule -serialize-diagnostics -validate-clang-modules-once -clang-build-session-file /Users/admin/builder/spi-builder-workspace/.derivedData/ModuleCache.noindex/Session.modulevalidation -Xcc -fmodules-prune-interval\=86400 -Xcc -fmodules-prune-after\=345600 -emit-const-values -const-gather-protocols-list /Users/admin/builder/spi-builder-workspace/.derivedData/Build/Intermediates.noindex/Graphics.build/Debug-watchos/SVG-t.build/Objects-normal/arm64/SVG_const_extract_protocols.json -Xcc -I/Users/admin/builder/spi-builder-workspace/.derivedData/Build/Products/Debug-watchos/include -Xcc -I/Users/admin/builder/spi-builder-workspace/.derivedData/Build/Intermediates.noindex/Graphics.build/Debug-watchos/SVG-t.build/DerivedSources-normal/arm64 -Xcc -I/Users/admin/builder/spi-builder-workspace/.derivedData/Build/Intermediates.noindex/Graphics.build/Debug-watchos/SVG-t.build/DerivedSources/arm64 -Xcc -I/Users/admin/builder/spi-builder-workspace/.derivedData/Build/Intermediates.noindex/Graphics.build/Debug-watchos/SVG-t.build/DerivedSources -Xcc -DSWIFT_PACKAGE -Xcc -DDEBUG\=1 -emit-objc-header -emit-objc-header-path /Users/admin/builder/spi-builder-workspace/.derivedData/Build/Intermediates.noindex/Graphics.build/Debug-watchos/SVG-t.build/Objects-normal/arm64/SVG-Swift.h -working-directory /Users/admin/builder/spi-builder-workspace/.swiftpm/xcode -experimental-emit-module-separately -disable-cmo
SwiftDriver QuartzAdapter normal arm64_32 com.apple.xcode.tools.swift.compiler (in target 'QuartzAdapter' from project 'Graphics')
cd /Users/admin/builder/spi-builder-workspace/.swiftpm/xcode
builtin-SwiftDriver -- /Applications/Xcode-27.0.0-Release.Candidate.app/Contents/Developer/Toolchains/XcodeDefault.xctoolchain/usr/bin/swiftc -parse-as-library -module-name QuartzAdapter -Onone @/Users/admin/builder/spi-builder-workspace/.derivedData/Build/Intermediates.noindex/Graphics.build/Debug-watchos/QuartzAdapter-t.build/Objects-normal/arm64_32/QuartzAdapter.SwiftFileList -DSWIFT_PACKAGE -DDEBUG -DSWIFT_MODULE_RESOURCE_BUNDLE_UNAVAILABLE -DXcode -plugin-path /Applications/Xcode-27.0.0-Release.Candidate.app/Contents/Developer/Toolchains/XcodeDefault.xctoolchain/usr/lib/swift/host/plugins/testing -enable-experimental-feature DebugDescriptionMacro -sdk /Applications/Xcode-27.0.0-Release.Candidate.app/Contents/Developer/Platforms/WatchOS.platform/Developer/SDKs/WatchOS27.0.sdk -target arm64_32-apple-watchos9.0 -g -module-cache-path /Users/admin/builder/spi-builder-workspace/.derivedData/ModuleCache.noindex -Xfrontend -serialize-debugging-options -profile-coverage-mapping -profile-generate -enable-testing -index-store-path /Users/admin/builder/spi-builder-workspace/.derivedData/Index.noindex/DataStore -Xcc -D_LIBCPP_HARDENING_MODE\=_LIBCPP_HARDENING_MODE_DEBUG -swift-version 4.2 -I /Users/admin/builder/spi-builder-workspace/.derivedData/Build/Products/Debug-watchos -Isystem /Applications/Xcode-27.0.0-Release.Candidate.app/Contents/Developer/Platforms/WatchOS.platform/Developer/usr/lib -F /Users/admin/builder/spi-builder-workspace/.derivedData/Build/Products/Debug-watchos/PackageFrameworks -F /Users/admin/builder/spi-builder-workspace/.derivedData/Build/Products/Debug-watchos -F /Applications/Xcode-27.0.0-Release.Candidate.app/Contents/Developer/Platforms/WatchOS.platform/Developer/Library/Frameworks -F /Applications/Xcode-27.0.0-Release.Candidate.app/Contents/Developer/Platforms/WatchOS.platform/Developer/SDKs/WatchOS27.0.sdk/Developer/Library/Frameworks -c -j10 -enable-batch-mode -incremental -Xcc -ivfsstatcache -Xcc /Users/admin/builder/spi-builder-workspace/.derivedData/SDKStatCaches.noindex/watchos27.0-24R360-e829b21a6f8c9b70876ba0858053c04477534ef55a1706bf4c1112bbb242f0a2.sdkstatcache -output-file-map /Users/admin/builder/spi-builder-workspace/.derivedData/Build/Intermediates.noindex/Graphics.build/Debug-watchos/QuartzAdapter-t.build/Objects-normal/arm64_32/QuartzAdapter-OutputFileMap.json -save-temps -no-color-diagnostics -emit-dependencies -emit-module -emit-module-path /Users/admin/builder/spi-builder-workspace/.derivedData/Build/Intermediates.noindex/Graphics.build/Debug-watchos/QuartzAdapter-t.build/Objects-normal/arm64_32/QuartzAdapter.swiftmodule -serialize-diagnostics -validate-clang-modules-once -clang-build-session-file /Users/admin/builder/spi-builder-workspace/.derivedData/ModuleCache.noindex/Session.modulevalidation -Xcc -fmodules-prune-interval\=86400 -Xcc -fmodules-prune-after\=345600 -emit-const-values -const-gather-protocols-list /Users/admin/builder/spi-builder-workspace/.derivedData/Build/Intermediates.noindex/Graphics.build/Debug-watchos/QuartzAdapter-t.build/Objects-normal/arm64_32/QuartzAdapter_const_extract_protocols.json -Xcc -I/Users/admin/builder/spi-builder-workspace/.derivedData/Build/Products/Debug-watchos/include -Xcc -I/Users/admin/builder/spi-builder-workspace/.derivedData/Build/Intermediates.noindex/Graphics.build/Debug-watchos/QuartzAdapter-t.build/DerivedSources-normal/arm64_32 -Xcc -I/Users/admin/builder/spi-builder-workspace/.derivedData/Build/Intermediates.noindex/Graphics.build/Debug-watchos/QuartzAdapter-t.build/DerivedSources/arm64_32 -Xcc -I/Users/admin/builder/spi-builder-workspace/.derivedData/Build/Intermediates.noindex/Graphics.build/Debug-watchos/QuartzAdapter-t.build/DerivedSources -Xcc -DSWIFT_PACKAGE -Xcc -DDEBUG\=1 -emit-objc-header -emit-objc-header-path /Users/admin/builder/spi-builder-workspace/.derivedData/Build/Intermediates.noindex/Graphics.build/Debug-watchos/QuartzAdapter-t.build/Objects-normal/arm64_32/QuartzAdapter-Swift.h -working-directory /Users/admin/builder/spi-builder-workspace/.swiftpm/xcode -experimental-emit-module-separately -disable-cmo
SwiftDriver QuartzAdapter normal arm64 com.apple.xcode.tools.swift.compiler (in target 'QuartzAdapter' from project 'Graphics')
cd /Users/admin/builder/spi-builder-workspace/.swiftpm/xcode
builtin-SwiftDriver -- /Applications/Xcode-27.0.0-Release.Candidate.app/Contents/Developer/Toolchains/XcodeDefault.xctoolchain/usr/bin/swiftc -parse-as-library -module-name QuartzAdapter -Onone @/Users/admin/builder/spi-builder-workspace/.derivedData/Build/Intermediates.noindex/Graphics.build/Debug-watchos/QuartzAdapter-t.build/Objects-normal/arm64/QuartzAdapter.SwiftFileList -DSWIFT_PACKAGE -DDEBUG -DSWIFT_MODULE_RESOURCE_BUNDLE_UNAVAILABLE -DXcode -plugin-path /Applications/Xcode-27.0.0-Release.Candidate.app/Contents/Developer/Toolchains/XcodeDefault.xctoolchain/usr/lib/swift/host/plugins/testing -enable-experimental-feature DebugDescriptionMacro -sdk /Applications/Xcode-27.0.0-Release.Candidate.app/Contents/Developer/Platforms/WatchOS.platform/Developer/SDKs/WatchOS27.0.sdk -target arm64-apple-watchos9.0 -g -module-cache-path /Users/admin/builder/spi-builder-workspace/.derivedData/ModuleCache.noindex -Xfrontend -serialize-debugging-options -profile-coverage-mapping -profile-generate -enable-testing -index-store-path /Users/admin/builder/spi-builder-workspace/.derivedData/Index.noindex/DataStore -Xcc -D_LIBCPP_HARDENING_MODE\=_LIBCPP_HARDENING_MODE_DEBUG -swift-version 4.2 -I /Users/admin/builder/spi-builder-workspace/.derivedData/Build/Products/Debug-watchos -Isystem /Applications/Xcode-27.0.0-Release.Candidate.app/Contents/Developer/Platforms/WatchOS.platform/Developer/usr/lib -F /Users/admin/builder/spi-builder-workspace/.derivedData/Build/Products/Debug-watchos/PackageFrameworks -F /Users/admin/builder/spi-builder-workspace/.derivedData/Build/Products/Debug-watchos -F /Applications/Xcode-27.0.0-Release.Candidate.app/Contents/Developer/Platforms/WatchOS.platform/Developer/Library/Frameworks -F /Applications/Xcode-27.0.0-Release.Candidate.app/Contents/Developer/Platforms/WatchOS.platform/Developer/SDKs/WatchOS27.0.sdk/Developer/Library/Frameworks -c -j10 -enable-batch-mode -incremental -Xcc -ivfsstatcache -Xcc /Users/admin/builder/spi-builder-workspace/.derivedData/SDKStatCaches.noindex/watchos27.0-24R360-e829b21a6f8c9b70876ba0858053c04477534ef55a1706bf4c1112bbb242f0a2.sdkstatcache -output-file-map /Users/admin/builder/spi-builder-workspace/.derivedData/Build/Intermediates.noindex/Graphics.build/Debug-watchos/QuartzAdapter-t.build/Objects-normal/arm64/QuartzAdapter-OutputFileMap.json -save-temps -no-color-diagnostics -emit-dependencies -emit-module -emit-module-path /Users/admin/builder/spi-builder-workspace/.derivedData/Build/Intermediates.noindex/Graphics.build/Debug-watchos/QuartzAdapter-t.build/Objects-normal/arm64/QuartzAdapter.swiftmodule -serialize-diagnostics -validate-clang-modules-once -clang-build-session-file /Users/admin/builder/spi-builder-workspace/.derivedData/ModuleCache.noindex/Session.modulevalidation -Xcc -fmodules-prune-interval\=86400 -Xcc -fmodules-prune-after\=345600 -emit-const-values -const-gather-protocols-list /Users/admin/builder/spi-builder-workspace/.derivedData/Build/Intermediates.noindex/Graphics.build/Debug-watchos/QuartzAdapter-t.build/Objects-normal/arm64/QuartzAdapter_const_extract_protocols.json -Xcc -I/Users/admin/builder/spi-builder-workspace/.derivedData/Build/Products/Debug-watchos/include -Xcc -I/Users/admin/builder/spi-builder-workspace/.derivedData/Build/Intermediates.noindex/Graphics.build/Debug-watchos/QuartzAdapter-t.build/DerivedSources-normal/arm64 -Xcc -I/Users/admin/builder/spi-builder-workspace/.derivedData/Build/Intermediates.noindex/Graphics.build/Debug-watchos/QuartzAdapter-t.build/DerivedSources/arm64 -Xcc -I/Users/admin/builder/spi-builder-workspace/.derivedData/Build/Intermediates.noindex/Graphics.build/Debug-watchos/QuartzAdapter-t.build/DerivedSources -Xcc -DSWIFT_PACKAGE -Xcc -DDEBUG\=1 -emit-objc-header -emit-objc-header-path /Users/admin/builder/spi-builder-workspace/.derivedData/Build/Intermediates.noindex/Graphics.build/Debug-watchos/QuartzAdapter-t.build/Objects-normal/arm64/QuartzAdapter-Swift.h -working-directory /Users/admin/builder/spi-builder-workspace/.swiftpm/xcode -experimental-emit-module-separately -disable-cmo
Copy /Users/admin/builder/spi-builder-workspace/.derivedData/Build/Products/Debug-watchos/SVG.swiftmodule/Project/arm64_32-apple-watchos.swiftsourceinfo /Users/admin/builder/spi-builder-workspace/.derivedData/Build/Intermediates.noindex/Graphics.build/Debug-watchos/SVG-t.build/Objects-normal/arm64_32/SVG.swiftsourceinfo (in target 'SVG' from project 'Graphics')
cd /Users/admin/builder/spi-builder-workspace
builtin-copy -exclude .DS_Store -exclude CVS -exclude .svn -exclude .git -exclude .hg -resolve-src-symlinks -rename /Users/admin/builder/spi-builder-workspace/.derivedData/Build/Intermediates.noindex/Graphics.build/Debug-watchos/SVG-t.build/Objects-normal/arm64_32/SVG.swiftsourceinfo /Users/admin/builder/spi-builder-workspace/.derivedData/Build/Products/Debug-watchos/SVG.swiftmodule/Project/arm64_32-apple-watchos.swiftsourceinfo
SwiftDriver Rendering normal arm64_32 com.apple.xcode.tools.swift.compiler (in target 'Rendering' from project 'Graphics')
cd /Users/admin/builder/spi-builder-workspace/.swiftpm/xcode
builtin-SwiftDriver -- /Applications/Xcode-27.0.0-Release.Candidate.app/Contents/Developer/Toolchains/XcodeDefault.xctoolchain/usr/bin/swiftc -parse-as-library -module-name Rendering -Onone @/Users/admin/builder/spi-builder-workspace/.derivedData/Build/Intermediates.noindex/Graphics.build/Debug-watchos/Rendering-t.build/Objects-normal/arm64_32/Rendering.SwiftFileList -DSWIFT_PACKAGE -DDEBUG -DSWIFT_MODULE_RESOURCE_BUNDLE_UNAVAILABLE -DXcode -plugin-path /Applications/Xcode-27.0.0-Release.Candidate.app/Contents/Developer/Toolchains/XcodeDefault.xctoolchain/usr/lib/swift/host/plugins/testing -enable-experimental-feature DebugDescriptionMacro -sdk /Applications/Xcode-27.0.0-Release.Candidate.app/Contents/Developer/Platforms/WatchOS.platform/Developer/SDKs/WatchOS27.0.sdk -target arm64_32-apple-watchos9.0 -g -module-cache-path /Users/admin/builder/spi-builder-workspace/.derivedData/ModuleCache.noindex -Xfrontend -serialize-debugging-options -profile-coverage-mapping -profile-generate -enable-testing -index-store-path /Users/admin/builder/spi-builder-workspace/.derivedData/Index.noindex/DataStore -Xcc -D_LIBCPP_HARDENING_MODE\=_LIBCPP_HARDENING_MODE_DEBUG -swift-version 4.2 -I /Users/admin/builder/spi-builder-workspace/.derivedData/Build/Products/Debug-watchos -Isystem /Applications/Xcode-27.0.0-Release.Candidate.app/Contents/Developer/Platforms/WatchOS.platform/Developer/usr/lib -F /Users/admin/builder/spi-builder-workspace/.derivedData/Build/Products/Debug-watchos/PackageFrameworks -F /Users/admin/builder/spi-builder-workspace/.derivedData/Build/Products/Debug-watchos -F /Applications/Xcode-27.0.0-Release.Candidate.app/Contents/Developer/Platforms/WatchOS.platform/Developer/Library/Frameworks -F /Applications/Xcode-27.0.0-Release.Candidate.app/Contents/Developer/Platforms/WatchOS.platform/Developer/SDKs/WatchOS27.0.sdk/Developer/Library/Frameworks -c -j10 -enable-batch-mode -incremental -Xcc -ivfsstatcache -Xcc /Users/admin/builder/spi-builder-workspace/.derivedData/SDKStatCaches.noindex/watchos27.0-24R360-e829b21a6f8c9b70876ba0858053c04477534ef55a1706bf4c1112bbb242f0a2.sdkstatcache -output-file-map /Users/admin/builder/spi-builder-workspace/.derivedData/Build/Intermediates.noindex/Graphics.build/Debug-watchos/Rendering-t.build/Objects-normal/arm64_32/Rendering-OutputFileMap.json -save-temps -no-color-diagnostics -emit-dependencies -emit-module -emit-module-path /Users/admin/builder/spi-builder-workspace/.derivedData/Build/Intermediates.noindex/Graphics.build/Debug-watchos/Rendering-t.build/Objects-normal/arm64_32/Rendering.swiftmodule -serialize-diagnostics -validate-clang-modules-once -clang-build-session-file /Users/admin/builder/spi-builder-workspace/.derivedData/ModuleCache.noindex/Session.modulevalidation -Xcc -fmodules-prune-interval\=86400 -Xcc -fmodules-prune-after\=345600 -emit-const-values -const-gather-protocols-list /Users/admin/builder/spi-builder-workspace/.derivedData/Build/Intermediates.noindex/Graphics.build/Debug-watchos/Rendering-t.build/Objects-normal/arm64_32/Rendering_const_extract_protocols.json -Xcc -I/Users/admin/builder/spi-builder-workspace/.derivedData/Build/Products/Debug-watchos/include -Xcc -I/Users/admin/builder/spi-builder-workspace/.derivedData/Build/Intermediates.noindex/Graphics.build/Debug-watchos/Rendering-t.build/DerivedSources-normal/arm64_32 -Xcc -I/Users/admin/builder/spi-builder-workspace/.derivedData/Build/Intermediates.noindex/Graphics.build/Debug-watchos/Rendering-t.build/DerivedSources/arm64_32 -Xcc -I/Users/admin/builder/spi-builder-workspace/.derivedData/Build/Intermediates.noindex/Graphics.build/Debug-watchos/Rendering-t.build/DerivedSources -Xcc -DSWIFT_PACKAGE -Xcc -DDEBUG\=1 -emit-objc-header -emit-objc-header-path /Users/admin/builder/spi-builder-workspace/.derivedData/Build/Intermediates.noindex/Graphics.build/Debug-watchos/Rendering-t.build/Objects-normal/arm64_32/Rendering-Swift.h -working-directory /Users/admin/builder/spi-builder-workspace/.swiftpm/xcode -experimental-emit-module-separately -disable-cmo
SwiftDriver Rendering normal arm64 com.apple.xcode.tools.swift.compiler (in target 'Rendering' from project 'Graphics')
cd /Users/admin/builder/spi-builder-workspace/.swiftpm/xcode
builtin-SwiftDriver -- /Applications/Xcode-27.0.0-Release.Candidate.app/Contents/Developer/Toolchains/XcodeDefault.xctoolchain/usr/bin/swiftc -parse-as-library -module-name Rendering -Onone @/Users/admin/builder/spi-builder-workspace/.derivedData/Build/Intermediates.noindex/Graphics.build/Debug-watchos/Rendering-t.build/Objects-normal/arm64/Rendering.SwiftFileList -DSWIFT_PACKAGE -DDEBUG -DSWIFT_MODULE_RESOURCE_BUNDLE_UNAVAILABLE -DXcode -plugin-path /Applications/Xcode-27.0.0-Release.Candidate.app/Contents/Developer/Toolchains/XcodeDefault.xctoolchain/usr/lib/swift/host/plugins/testing -enable-experimental-feature DebugDescriptionMacro -sdk /Applications/Xcode-27.0.0-Release.Candidate.app/Contents/Developer/Platforms/WatchOS.platform/Developer/SDKs/WatchOS27.0.sdk -target arm64-apple-watchos9.0 -g -module-cache-path /Users/admin/builder/spi-builder-workspace/.derivedData/ModuleCache.noindex -Xfrontend -serialize-debugging-options -profile-coverage-mapping -profile-generate -enable-testing -index-store-path /Users/admin/builder/spi-builder-workspace/.derivedData/Index.noindex/DataStore -Xcc -D_LIBCPP_HARDENING_MODE\=_LIBCPP_HARDENING_MODE_DEBUG -swift-version 4.2 -I /Users/admin/builder/spi-builder-workspace/.derivedData/Build/Products/Debug-watchos -Isystem /Applications/Xcode-27.0.0-Release.Candidate.app/Contents/Developer/Platforms/WatchOS.platform/Developer/usr/lib -F /Users/admin/builder/spi-builder-workspace/.derivedData/Build/Products/Debug-watchos/PackageFrameworks -F /Users/admin/builder/spi-builder-workspace/.derivedData/Build/Products/Debug-watchos -F /Applications/Xcode-27.0.0-Release.Candidate.app/Contents/Developer/Platforms/WatchOS.platform/Developer/Library/Frameworks -F /Applications/Xcode-27.0.0-Release.Candidate.app/Contents/Developer/Platforms/WatchOS.platform/Developer/SDKs/WatchOS27.0.sdk/Developer/Library/Frameworks -c -j10 -enable-batch-mode -incremental -Xcc -ivfsstatcache -Xcc /Users/admin/builder/spi-builder-workspace/.derivedData/SDKStatCaches.noindex/watchos27.0-24R360-e829b21a6f8c9b70876ba0858053c04477534ef55a1706bf4c1112bbb242f0a2.sdkstatcache -output-file-map /Users/admin/builder/spi-builder-workspace/.derivedData/Build/Intermediates.noindex/Graphics.build/Debug-watchos/Rendering-t.build/Objects-normal/arm64/Rendering-OutputFileMap.json -save-temps -no-color-diagnostics -emit-dependencies -emit-module -emit-module-path /Users/admin/builder/spi-builder-workspace/.derivedData/Build/Intermediates.noindex/Graphics.build/Debug-watchos/Rendering-t.build/Objects-normal/arm64/Rendering.swiftmodule -serialize-diagnostics -validate-clang-modules-once -clang-build-session-file /Users/admin/builder/spi-builder-workspace/.derivedData/ModuleCache.noindex/Session.modulevalidation -Xcc -fmodules-prune-interval\=86400 -Xcc -fmodules-prune-after\=345600 -emit-const-values -const-gather-protocols-list /Users/admin/builder/spi-builder-workspace/.derivedData/Build/Intermediates.noindex/Graphics.build/Debug-watchos/Rendering-t.build/Objects-normal/arm64/Rendering_const_extract_protocols.json -Xcc -I/Users/admin/builder/spi-builder-workspace/.derivedData/Build/Products/Debug-watchos/include -Xcc -I/Users/admin/builder/spi-builder-workspace/.derivedData/Build/Intermediates.noindex/Graphics.build/Debug-watchos/Rendering-t.build/DerivedSources-normal/arm64 -Xcc -I/Users/admin/builder/spi-builder-workspace/.derivedData/Build/Intermediates.noindex/Graphics.build/Debug-watchos/Rendering-t.build/DerivedSources/arm64 -Xcc -I/Users/admin/builder/spi-builder-workspace/.derivedData/Build/Intermediates.noindex/Graphics.build/Debug-watchos/Rendering-t.build/DerivedSources -Xcc -DSWIFT_PACKAGE -Xcc -DDEBUG\=1 -emit-objc-header -emit-objc-header-path /Users/admin/builder/spi-builder-workspace/.derivedData/Build/Intermediates.noindex/Graphics.build/Debug-watchos/Rendering-t.build/Objects-normal/arm64/Rendering-Swift.h -working-directory /Users/admin/builder/spi-builder-workspace/.swiftpm/xcode -experimental-emit-module-separately -disable-cmo
ExtractAppIntentsMetadata (in target 'Math' from project 'Math')
cd /Users/admin/builder/spi-builder-workspace/.dependencies/checkouts/Math
/Applications/Xcode-27.0.0-Release.Candidate.app/Contents/Developer/Toolchains/XcodeDefault.xctoolchain/usr/bin/appintentsmetadataprocessor --toolchain-dir /var/run/com.apple.security.cryptexd/mnt/com.apple.MobileAsset.MetalToolchain-v27.1.266.1.QraJBT/Metal.xctoolchain --module-name Math --sdk-root /Applications/Xcode-27.0.0-Release.Candidate.app/Contents/Developer/Platforms/WatchOS.platform/Developer/SDKs/WatchOS27.0.sdk --xcode-version 27A266a --platform-family watchOS --deployment-target 9.0 --bundle-identifier math.Math --output /Users/admin/builder/spi-builder-workspace/.derivedData/Build/Products/Debug-watchos/Math.appintents --target-triple arm64-apple-watchos9.0 --target-triple arm64_32-apple-watchos9.0 --binary-file /Users/admin/builder/spi-builder-workspace/.derivedData/Build/Products/Debug-watchos/Math.o --dependency-file /Users/admin/builder/spi-builder-workspace/.derivedData/Build/Intermediates.noindex/Math.build/Debug-watchos/Math-t.build/Objects-normal/arm64/Math_dependency_info.dat --dependency-file /Users/admin/builder/spi-builder-workspace/.derivedData/Build/Intermediates.noindex/Math.build/Debug-watchos/Math-t.build/Objects-normal/arm64_32/Math_dependency_info.dat --stringsdata-file /Users/admin/builder/spi-builder-workspace/.derivedData/Build/Intermediates.noindex/Math.build/Debug-watchos/Math-t.build/Objects-normal/arm64/ExtractedAppShortcutsMetadata.stringsdata --stringsdata-file /Users/admin/builder/spi-builder-workspace/.derivedData/Build/Intermediates.noindex/Math.build/Debug-watchos/Math-t.build/Objects-normal/arm64_32/ExtractedAppShortcutsMetadata.stringsdata --source-file-list /Users/admin/builder/spi-builder-workspace/.derivedData/Build/Intermediates.noindex/Math.build/Debug-watchos/Math-t.build/Objects-normal/arm64/Math.SwiftFileList --source-file-list /Users/admin/builder/spi-builder-workspace/.derivedData/Build/Intermediates.noindex/Math.build/Debug-watchos/Math-t.build/Objects-normal/arm64_32/Math.SwiftFileList --metadata-file-list /Users/admin/builder/spi-builder-workspace/.derivedData/Build/Intermediates.noindex/Math.build/Debug-watchos/Math-t.build/Math.DependencyMetadataFileList --static-metadata-file-list /Users/admin/builder/spi-builder-workspace/.derivedData/Build/Intermediates.noindex/Math.build/Debug-watchos/Math-t.build/Math.DependencyStaticMetadataFileList --swift-const-vals-list /Users/admin/builder/spi-builder-workspace/.derivedData/Build/Intermediates.noindex/Math.build/Debug-watchos/Math-t.build/Objects-normal/arm64/Math.SwiftConstValuesFileList --swift-const-vals-list /Users/admin/builder/spi-builder-workspace/.derivedData/Build/Intermediates.noindex/Math.build/Debug-watchos/Math-t.build/Objects-normal/arm64_32/Math.SwiftConstValuesFileList --force --compile-time-extraction --deployment-aware-processing --no-app-shortcuts-localization
2026-09-17 00:18:57.094 appintentsmetadataprocessor[1067:6367] Starting appintentsmetadataprocessor export
2026-09-17 00:18:57.158 appintentsmetadataprocessor[1067:6367] Extracted no relevant App Intents symbols, skipping writing output
Ld /Users/admin/builder/spi-builder-workspace/.derivedData/Build/Intermediates.noindex/Graphics.build/Debug-watchos/Geometry-t.build/Objects-normal/arm64/Binary/Geometry.o normal arm64 (in target 'Geometry' from project 'Graphics')
cd /Users/admin/builder/spi-builder-workspace
/Applications/Xcode-27.0.0-Release.Candidate.app/Contents/Developer/Toolchains/XcodeDefault.xctoolchain/usr/bin/clang -Xlinker -reproducible -target arm64-apple-watchos9.0 -r -isysroot /Applications/Xcode-27.0.0-Release.Candidate.app/Contents/Developer/Platforms/WatchOS.platform/Developer/SDKs/WatchOS27.0.sdk -O0 -Xlinker -no_warn_duplicate_libraries -F/Users/admin/builder/spi-builder-workspace/.derivedData/Build/Intermediates.noindex/EagerLinkingTBDs/Debug-watchos -F/Users/admin/builder/spi-builder-workspace/.derivedData/Build/Products/Debug-watchos/PackageFrameworks -F/Users/admin/builder/spi-builder-workspace/.derivedData/Build/Products/Debug-watchos -iframework /Applications/Xcode-27.0.0-Release.Candidate.app/Contents/Developer/Platforms/WatchOS.platform/Developer/Library/Frameworks -iframework /Applications/Xcode-27.0.0-Release.Candidate.app/Contents/Developer/Platforms/WatchOS.platform/Developer/SDKs/WatchOS27.0.sdk/Developer/Library/Frameworks -filelist /Users/admin/builder/spi-builder-workspace/.derivedData/Build/Intermediates.noindex/Graphics.build/Debug-watchos/Geometry-t.build/Objects-normal/arm64/Geometry.LinkFileList -nostdlib -Xlinker -object_path_lto -Xlinker /Users/admin/builder/spi-builder-workspace/.derivedData/Build/Intermediates.noindex/Graphics.build/Debug-watchos/Geometry-t.build/Objects-normal/arm64/Geometry_lto.o -Xlinker -no_deduplicate -Xlinker -debug_variant -Xlinker -dependency_info -Xlinker /Users/admin/builder/spi-builder-workspace/.derivedData/Build/Intermediates.noindex/Graphics.build/Debug-watchos/Geometry-t.build/Objects-normal/arm64/Geometry_dependency_info.dat -fobjc-link-runtime -L/Applications/Xcode-27.0.0-Release.Candidate.app/Contents/Developer/Toolchains/XcodeDefault.xctoolchain/usr/lib/swift/watchos -L/usr/lib/swift -Xlinker -add_ast_path -Xlinker /Users/admin/builder/spi-builder-workspace/.derivedData/Build/Intermediates.noindex/Graphics.build/Debug-watchos/Geometry-t.build/Objects-normal/arm64/Geometry.swiftmodule -o /Users/admin/builder/spi-builder-workspace/.derivedData/Build/Intermediates.noindex/Graphics.build/Debug-watchos/Geometry-t.build/Objects-normal/arm64/Binary/Geometry.o
Ld /Users/admin/builder/spi-builder-workspace/.derivedData/Build/Intermediates.noindex/Graphics.build/Debug-watchos/Geometry-t.build/Objects-normal/arm64_32/Binary/Geometry.o normal arm64_32 (in target 'Geometry' from project 'Graphics')
cd /Users/admin/builder/spi-builder-workspace
/Applications/Xcode-27.0.0-Release.Candidate.app/Contents/Developer/Toolchains/XcodeDefault.xctoolchain/usr/bin/clang -Xlinker -reproducible -target arm64_32-apple-watchos9.0 -r -isysroot /Applications/Xcode-27.0.0-Release.Candidate.app/Contents/Developer/Platforms/WatchOS.platform/Developer/SDKs/WatchOS27.0.sdk -O0 -Xlinker -no_warn_duplicate_libraries -F/Users/admin/builder/spi-builder-workspace/.derivedData/Build/Intermediates.noindex/EagerLinkingTBDs/Debug-watchos -F/Users/admin/builder/spi-builder-workspace/.derivedData/Build/Products/Debug-watchos/PackageFrameworks -F/Users/admin/builder/spi-builder-workspace/.derivedData/Build/Products/Debug-watchos -iframework /Applications/Xcode-27.0.0-Release.Candidate.app/Contents/Developer/Platforms/WatchOS.platform/Developer/Library/Frameworks -iframework /Applications/Xcode-27.0.0-Release.Candidate.app/Contents/Developer/Platforms/WatchOS.platform/Developer/SDKs/WatchOS27.0.sdk/Developer/Library/Frameworks -filelist /Users/admin/builder/spi-builder-workspace/.derivedData/Build/Intermediates.noindex/Graphics.build/Debug-watchos/Geometry-t.build/Objects-normal/arm64_32/Geometry.LinkFileList -nostdlib -Xlinker -object_path_lto -Xlinker /Users/admin/builder/spi-builder-workspace/.derivedData/Build/Intermediates.noindex/Graphics.build/Debug-watchos/Geometry-t.build/Objects-normal/arm64_32/Geometry_lto.o -Xlinker -no_deduplicate -Xlinker -debug_variant -Xlinker -dependency_info -Xlinker /Users/admin/builder/spi-builder-workspace/.derivedData/Build/Intermediates.noindex/Graphics.build/Debug-watchos/Geometry-t.build/Objects-normal/arm64_32/Geometry_dependency_info.dat -fobjc-link-runtime -L/Applications/Xcode-27.0.0-Release.Candidate.app/Contents/Developer/Toolchains/XcodeDefault.xctoolchain/usr/lib/swift/watchos -L/usr/lib/swift -Xlinker -add_ast_path -Xlinker /Users/admin/builder/spi-builder-workspace/.derivedData/Build/Intermediates.noindex/Graphics.build/Debug-watchos/Geometry-t.build/Objects-normal/arm64_32/Geometry.swiftmodule -o /Users/admin/builder/spi-builder-workspace/.derivedData/Build/Intermediates.noindex/Graphics.build/Debug-watchos/Geometry-t.build/Objects-normal/arm64_32/Binary/Geometry.o
CreateUniversalBinary /Users/admin/builder/spi-builder-workspace/.derivedData/Build/Products/Debug-watchos/Geometry.o normal arm64\ arm64_32 (in target 'Geometry' from project 'Graphics')
cd /Users/admin/builder/spi-builder-workspace
/Applications/Xcode-27.0.0-Release.Candidate.app/Contents/Developer/Toolchains/XcodeDefault.xctoolchain/usr/bin/lipo -create /Users/admin/builder/spi-builder-workspace/.derivedData/Build/Intermediates.noindex/Graphics.build/Debug-watchos/Geometry-t.build/Objects-normal/arm64/Binary/Geometry.o /Users/admin/builder/spi-builder-workspace/.derivedData/Build/Intermediates.noindex/Graphics.build/Debug-watchos/Geometry-t.build/Objects-normal/arm64_32/Binary/Geometry.o -output /Users/admin/builder/spi-builder-workspace/.derivedData/Build/Products/Debug-watchos/Geometry.o
ExtractAppIntentsMetadata (in target 'Geometry' from project 'Graphics')
cd /Users/admin/builder/spi-builder-workspace
/Applications/Xcode-27.0.0-Release.Candidate.app/Contents/Developer/Toolchains/XcodeDefault.xctoolchain/usr/bin/appintentsmetadataprocessor --toolchain-dir /var/run/com.apple.security.cryptexd/mnt/com.apple.MobileAsset.MetalToolchain-v27.1.266.1.QraJBT/Metal.xctoolchain --module-name Geometry --sdk-root /Applications/Xcode-27.0.0-Release.Candidate.app/Contents/Developer/Platforms/WatchOS.platform/Developer/SDKs/WatchOS27.0.sdk --xcode-version 27A266a --platform-family watchOS --deployment-target 9.0 --bundle-identifier spi-builder-workspace.Geometry --output /Users/admin/builder/spi-builder-workspace/.derivedData/Build/Products/Debug-watchos/Geometry.appintents --target-triple arm64-apple-watchos9.0 --target-triple arm64_32-apple-watchos9.0 --binary-file /Users/admin/builder/spi-builder-workspace/.derivedData/Build/Products/Debug-watchos/Geometry.o --dependency-file /Users/admin/builder/spi-builder-workspace/.derivedData/Build/Intermediates.noindex/Graphics.build/Debug-watchos/Geometry-t.build/Objects-normal/arm64/Geometry_dependency_info.dat --dependency-file /Users/admin/builder/spi-builder-workspace/.derivedData/Build/Intermediates.noindex/Graphics.build/Debug-watchos/Geometry-t.build/Objects-normal/arm64_32/Geometry_dependency_info.dat --stringsdata-file /Users/admin/builder/spi-builder-workspace/.derivedData/Build/Intermediates.noindex/Graphics.build/Debug-watchos/Geometry-t.build/Objects-normal/arm64/ExtractedAppShortcutsMetadata.stringsdata --stringsdata-file /Users/admin/builder/spi-builder-workspace/.derivedData/Build/Intermediates.noindex/Graphics.build/Debug-watchos/Geometry-t.build/Objects-normal/arm64_32/ExtractedAppShortcutsMetadata.stringsdata --source-file-list /Users/admin/builder/spi-builder-workspace/.derivedData/Build/Intermediates.noindex/Graphics.build/Debug-watchos/Geometry-t.build/Objects-normal/arm64/Geometry.SwiftFileList --source-file-list /Users/admin/builder/spi-builder-workspace/.derivedData/Build/Intermediates.noindex/Graphics.build/Debug-watchos/Geometry-t.build/Objects-normal/arm64_32/Geometry.SwiftFileList --metadata-file-list /Users/admin/builder/spi-builder-workspace/.derivedData/Build/Intermediates.noindex/Graphics.build/Debug-watchos/Geometry-t.build/Geometry.DependencyMetadataFileList --static-metadata-file-list /Users/admin/builder/spi-builder-workspace/.derivedData/Build/Intermediates.noindex/Graphics.build/Debug-watchos/Geometry-t.build/Geometry.DependencyStaticMetadataFileList --swift-const-vals-list /Users/admin/builder/spi-builder-workspace/.derivedData/Build/Intermediates.noindex/Graphics.build/Debug-watchos/Geometry-t.build/Objects-normal/arm64/Geometry.SwiftConstValuesFileList --swift-const-vals-list /Users/admin/builder/spi-builder-workspace/.derivedData/Build/Intermediates.noindex/Graphics.build/Debug-watchos/Geometry-t.build/Objects-normal/arm64_32/Geometry.SwiftConstValuesFileList --force --compile-time-extraction --deployment-aware-processing --no-app-shortcuts-localization
2026-09-17 00:18:57.215 appintentsmetadataprocessor[1073:6394] Starting appintentsmetadataprocessor export
2026-09-17 00:18:57.280 appintentsmetadataprocessor[1073:6394] Extracted no relevant App Intents symbols, skipping writing output
SwiftCompile normal arm64_32 Compiling\ TextBox+CALayer.swift /Users/admin/builder/spi-builder-workspace/Sources/QuartzAdapter/TextBox+CALayer.swift (in target 'QuartzAdapter' from project 'Graphics')
SwiftCompile normal arm64_32 /Users/admin/builder/spi-builder-workspace/Sources/QuartzAdapter/TextBox+CALayer.swift (in target 'QuartzAdapter' from project 'Graphics')
cd /Users/admin/builder/spi-builder-workspace/.swiftpm/xcode
builtin-SwiftPerFileCompile TextBox+CALayer.swift
SwiftEmitModule normal arm64_32 Emitting\ module\ for\ QuartzAdapter (in target 'QuartzAdapter' from project 'Graphics')
/Users/admin/builder/spi-builder-workspace/Sources/QuartzAdapter/CALayer+PDF.swift:14:11: error: 'CALayer' is unavailable in watchOS
12 | import Rendering
13 |
14 | extension CALayer {
| `- error: 'CALayer' is unavailable in watchOS
15 |
16 | enum Error: Swift.Error {
/Applications/Xcode-27.0.0-Release.Candidate.app/Contents/Developer/Platforms/WatchOS.platform/Developer/SDKs/WatchOS27.0.sdk/System/Library/Frameworks/QuartzCore.framework/Headers/CALayer.h:117:12: note: 'CALayer' has been explicitly marked unavailable here
115 |
116 | API_AVAILABLE(macos(10.5), ios(2.0), tvos(9.0)) API_UNAVAILABLE(watchos)
117 | @interface CALayer : NSObject <NSSecureCoding, CAMediaTiming>
| `- note: 'CALayer' has been explicitly marked unavailable here
118 |
119 | /** Layer creation and initialization. **/
/Users/admin/builder/spi-builder-workspace/Sources/QuartzAdapter/Path+CAShapeLayer.swift:15:11: error: 'CAShapeLayer' is unavailable in watchOS
13 | import Rendering
14 |
15 | extension CAShapeLayer {
| `- error: 'CAShapeLayer' is unavailable in watchOS
16 |
17 | /// Creates a `CAShapeLayer` with the given `path`.
/Applications/Xcode-27.0.0-Release.Candidate.app/Contents/Developer/Platforms/WatchOS.platform/Developer/SDKs/WatchOS27.0.sdk/System/Library/Frameworks/QuartzCore.framework/Headers/CAShapeLayer.h:40:12: note: 'CAShapeLayer' has been explicitly marked unavailable here
38 |
39 | API_AVAILABLE(macos(10.6), ios(3.0), tvos(9.0)) API_UNAVAILABLE(watchos)
40 | @interface CAShapeLayer : CALayer
| `- note: 'CAShapeLayer' has been explicitly marked unavailable here
41 |
42 | /* The path defining the shape to be rendered. If the path extends
/Users/admin/builder/spi-builder-workspace/Sources/QuartzAdapter/StyledPath+CAShapeLayer.swift:14:11: error: 'CAShapeLayer' is unavailable in watchOS
12 | import Rendering
13 |
14 | extension CAShapeLayer {
| `- error: 'CAShapeLayer' is unavailable in watchOS
15 |
16 | public convenience init (_ styledPath: StyledPath) {
/Applications/Xcode-27.0.0-Release.Candidate.app/Contents/Developer/Platforms/WatchOS.platform/Developer/SDKs/WatchOS27.0.sdk/System/Library/Frameworks/QuartzCore.framework/Headers/CAShapeLayer.h:40:12: note: 'CAShapeLayer' has been explicitly marked unavailable here
38 |
39 | API_AVAILABLE(macos(10.6), ios(3.0), tvos(9.0)) API_UNAVAILABLE(watchos)
40 | @interface CAShapeLayer : CALayer
| `- note: 'CAShapeLayer' has been explicitly marked unavailable here
41 |
42 | /* The path defining the shape to be rendered. If the path extends
/Users/admin/builder/spi-builder-workspace/Sources/QuartzAdapter/StyledPath.Composite+CALayer.swift:15:11: error: 'CALayer' is unavailable in watchOS
13 | import Rendering
14 |
15 | extension CALayer {
| `- error: 'CALayer' is unavailable in watchOS
16 |
17 | public convenience init(_ composite: StyledPath.Composite) {
/Applications/Xcode-27.0.0-Release.Candidate.app/Contents/Developer/Platforms/WatchOS.platform/Developer/SDKs/WatchOS27.0.sdk/System/Library/Frameworks/QuartzCore.framework/Headers/CALayer.h:117:12: note: 'CALayer' has been explicitly marked unavailable here
115 |
116 | API_AVAILABLE(macos(10.5), ios(2.0), tvos(9.0)) API_UNAVAILABLE(watchos)
117 | @interface CALayer : NSObject <NSSecureCoding, CAMediaTiming>
| `- note: 'CALayer' has been explicitly marked unavailable here
118 |
119 | /** Layer creation and initialization. **/
/Users/admin/builder/spi-builder-workspace/Sources/QuartzAdapter/TestFrame.swift:14:11: error: 'CALayer' is unavailable in watchOS
12 | import QuartzCore
13 |
14 | extension CALayer {
| `- error: 'CALayer' is unavailable in watchOS
15 |
16 | public func showTestBorder() {
/Applications/Xcode-27.0.0-Release.Candidate.app/Contents/Developer/Platforms/WatchOS.platform/Developer/SDKs/WatchOS27.0.sdk/System/Library/Frameworks/QuartzCore.framework/Headers/CALayer.h:117:12: note: 'CALayer' has been explicitly marked unavailable here
115 |
116 | API_AVAILABLE(macos(10.5), ios(2.0), tvos(9.0)) API_UNAVAILABLE(watchos)
117 | @interface CALayer : NSObject <NSSecureCoding, CAMediaTiming>
| `- note: 'CALayer' has been explicitly marked unavailable here
118 |
119 | /** Layer creation and initialization. **/
Failed frontend command:
/Applications/Xcode-27.0.0-Release.Candidate.app/Contents/Developer/Toolchains/XcodeDefault.xctoolchain/usr/bin/swift-frontend -frontend -emit-module -experimental-skip-non-inlinable-function-bodies-without-types /Users/admin/builder/spi-builder-workspace/Sources/QuartzAdapter/CALayer+PDF.swift /Users/admin/builder/spi-builder-workspace/Sources/QuartzAdapter/Color+CGColor.swift /Users/admin/builder/spi-builder-workspace/Sources/QuartzAdapter/Path+CAShapeLayer.swift /Users/admin/builder/spi-builder-workspace/Sources/QuartzAdapter/Path+CGPath.swift /Users/admin/builder/spi-builder-workspace/Sources/QuartzAdapter/PathElement+CGPathElement.swift /Users/admin/builder/spi-builder-workspace/Sources/QuartzAdapter/Point+CGPoint.swift /Users/admin/builder/spi-builder-workspace/Sources/QuartzAdapter/Rectangle+CGRect.swift /Users/admin/builder/spi-builder-workspace/Sources/QuartzAdapter/Size+CGSize.swift /Users/admin/builder/spi-builder-workspace/Sources/QuartzAdapter/StyledPath+CAShapeLayer.swift /Users/admin/builder/spi-builder-workspace/Sources/QuartzAdapter/StyledPath.Composite+CALayer.swift /Users/admin/builder/spi-builder-workspace/Sources/QuartzAdapter/TestFrame.swift /Users/admin/builder/spi-builder-workspace/Sources/QuartzAdapter/Text+CATextLayer.swift /Users/admin/builder/spi-builder-workspace/Sources/QuartzAdapter/TextBox+CALayer.swift -target arm64_32-apple-watchos9.0 -enable-objc-interop -sdk /Applications/Xcode-27.0.0-Release.Candidate.app/Contents/Developer/Platforms/WatchOS.platform/Developer/SDKs/WatchOS27.0.sdk -I /Users/admin/builder/spi-builder-workspace/.derivedData/Build/Products/Debug-watchos -Isystem /Applications/Xcode-27.0.0-Release.Candidate.app/Contents/Developer/Platforms/WatchOS.platform/Developer/usr/lib -F /Users/admin/builder/spi-builder-workspace/.derivedData/Build/Products/Debug-watchos/PackageFrameworks -F /Users/admin/builder/spi-builder-workspace/.derivedData/Build/Products/Debug-watchos -F /Applications/Xcode-27.0.0-Release.Candidate.app/Contents/Developer/Platforms/WatchOS.platform/Developer/Library/Frameworks -F /Applications/Xcode-27.0.0-Release.Candidate.app/Contents/Developer/Platforms/WatchOS.platform/Developer/SDKs/WatchOS27.0.sdk/Developer/Library/Frameworks -module-cache-path /Users/admin/builder/spi-builder-workspace/.derivedData/ModuleCache.noindex -no-color-diagnostics -Xcc -fno-color-diagnostics -enable-testing -g -debug-info-format\=dwarf -dwarf-version\=4 -profile-generate -profile-coverage-mapping -swift-version 4.2 -Onone -D SWIFT_PACKAGE -D DEBUG -D SWIFT_MODULE_RESOURCE_BUNDLE_UNAVAILABLE -D Xcode -serialize-debugging-options -enable-experimental-feature DebugDescriptionMacro -empty-abi-descriptor -plugin-path /Applications/Xcode-27.0.0-Release.Candidate.app/Contents/Developer/Toolchains/XcodeDefault.xctoolchain/usr/lib/swift/host/plugins/testing -validate-clang-modules-once -clang-build-session-file /Users/admin/builder/spi-builder-workspace/.derivedData/ModuleCache.noindex/Session.modulevalidation -Xcc -working-directory -Xcc /Users/admin/builder/spi-builder-workspace/.swiftpm/xcode -enable-anonymous-context-mangled-names -file-compilation-dir /Users/admin/builder/spi-builder-workspace/.swiftpm/xcode -Xcc -D_LIBCPP_HARDENING_MODE\=_LIBCPP_HARDENING_MODE_DEBUG -Xcc -ivfsstatcache -Xcc /Users/admin/builder/spi-builder-workspace/.derivedData/SDKStatCaches.noindex/watchos27.0-24R360-e829b21a6f8c9b70876ba0858053c04477534ef55a1706bf4c1112bbb242f0a2.sdkstatcache -Xcc -fmodules-prune-interval\=86400 -Xcc -fmodules-prune-after\=345600 -Xcc -I/Users/admin/builder/spi-builder-workspace/.derivedData/Build/Products/Debug-watchos/include -Xcc -I/Users/admin/builder/spi-builder-workspace/.derivedData/Build/Intermediates.noindex/Graphics.build/Debug-watchos/QuartzAdapter-t.build/DerivedSources-normal/arm64_32 -Xcc -I/Users/admin/builder/spi-builder-workspace/.derivedData/Build/Intermediates.noindex/Graphics.build/Debug-watchos/QuartzAdapter-t.build/DerivedSources/arm64_32 -Xcc -I/Users/admin/builder/spi-builder-workspace/.derivedData/Build/Intermediates.noindex/Graphics.build/Debug-watchos/QuartzAdapter-t.build/DerivedSources -Xcc -DSWIFT_PACKAGE -Xcc -DDEBUG\=1 -no-auto-bridging-header-chaining -module-name QuartzAdapter -const-gather-protocols-file /Users/admin/builder/spi-builder-workspace/.derivedData/Build/Intermediates.noindex/Graphics.build/Debug-watchos/QuartzAdapter-t.build/Objects-normal/arm64_32/QuartzAdapter_const_extract_protocols.json -disable-clang-spi -target-sdk-version 27.0 -target-sdk-name watchos27.0 -external-plugin-path /Applications/Xcode-27.0.0-Release.Candidate.app/Contents/Developer/Platforms/WatchOS.platform/Developer/usr/lib/swift/host/plugins\#/Applications/Xcode-27.0.0-Release.Candidate.app/Contents/Developer/Platforms/WatchOS.platform/Developer/usr/bin/swift-plugin-server -external-plugin-path /Applications/Xcode-27.0.0-Release.Candidate.app/Contents/Developer/Platforms/WatchOS.platform/Developer/usr/local/lib/swift/host/plugins\#/Applications/Xcode-27.0.0-Release.Candidate.app/Contents/Developer/Platforms/WatchOS.platform/Developer/usr/bin/swift-plugin-server -in-process-plugin-server-path /Applications/Xcode-27.0.0-Release.Candidate.app/Contents/Developer/Toolchains/XcodeDefault.xctoolchain/usr/lib/swift/host/libSwiftInProcPluginServer.dylib -plugin-path /Applications/Xcode-27.0.0-Release.Candidate.app/Contents/Developer/Toolchains/XcodeDefault.xctoolchain/usr/lib/swift/host/plugins -plugin-path /Applications/Xcode-27.0.0-Release.Candidate.app/Contents/Developer/Toolchains/XcodeDefault.xctoolchain/usr/local/lib/swift/host/plugins -emit-module-doc-path /Users/admin/builder/spi-builder-workspace/.derivedData/Build/Intermediates.noindex/Graphics.build/Debug-watchos/QuartzAdapter-t.build/Objects-normal/arm64_32/QuartzAdapter.swiftdoc -emit-module-source-info-path /Users/admin/builder/spi-builder-workspace/.derivedData/Build/Intermediates.noindex/Graphics.build/Debug-watchos/QuartzAdapter-t.build/Objects-normal/arm64_32/QuartzAdapter.swiftsourceinfo -emit-objc-header-path /Users/admin/builder/spi-builder-workspace/.derivedData/Build/Intermediates.noindex/Graphics.build/Debug-watchos/QuartzAdapter-t.build/Objects-normal/arm64_32/QuartzAdapter-Swift.h -serialize-diagnostics-path /Users/admin/builder/spi-builder-workspace/.derivedData/Build/Intermediates.noindex/Graphics.build/Debug-watchos/QuartzAdapter-t.build/Objects-normal/arm64_32/QuartzAdapter-primary-emit-module.dia -emit-dependencies-path /Users/admin/builder/spi-builder-workspace/.derivedData/Build/Intermediates.noindex/Graphics.build/Debug-watchos/QuartzAdapter-t.build/Objects-normal/arm64_32/QuartzAdapter-primary-emit-module.d -parse-as-library -o /Users/admin/builder/spi-builder-workspace/.derivedData/Build/Intermediates.noindex/Graphics.build/Debug-watchos/QuartzAdapter-t.build/Objects-normal/arm64_32/QuartzAdapter.swiftmodule -emit-abi-descriptor-path /Users/admin/builder/spi-builder-workspace/.derivedData/Build/Intermediates.noindex/Graphics.build/Debug-watchos/QuartzAdapter-t.build/Objects-normal/arm64_32/QuartzAdapter.abi.json
SwiftCompile normal arm64_32 (in target 'QuartzAdapter' from project 'Graphics')
cd /Users/admin/builder/spi-builder-workspace/.swiftpm/xcode
SwiftCompile normal arm64_32 Compiling\ CALayer+PDF.swift,\ Color+CGColor.swift /Users/admin/builder/spi-builder-workspace/Sources/QuartzAdapter/CALayer+PDF.swift /Users/admin/builder/spi-builder-workspace/Sources/QuartzAdapter/Color+CGColor.swift (in target 'QuartzAdapter' from project 'Graphics')
SwiftCompile normal arm64_32 /Users/admin/builder/spi-builder-workspace/Sources/QuartzAdapter/CALayer+PDF.swift (in target 'QuartzAdapter' from project 'Graphics')
cd /Users/admin/builder/spi-builder-workspace/.swiftpm/xcode
builtin-SwiftPerFileCompile CALayer+PDF.swift
SwiftCompile normal arm64_32 /Users/admin/builder/spi-builder-workspace/Sources/QuartzAdapter/Color+CGColor.swift (in target 'QuartzAdapter' from project 'Graphics')
cd /Users/admin/builder/spi-builder-workspace/.swiftpm/xcode
builtin-SwiftPerFileCompile Color+CGColor.swift
SwiftCompile normal arm64_32 Compiling\ StyledPath+CAShapeLayer.swift /Users/admin/builder/spi-builder-workspace/Sources/QuartzAdapter/StyledPath+CAShapeLayer.swift (in target 'QuartzAdapter' from project 'Graphics')
/Users/admin/builder/spi-builder-workspace/Sources/QuartzAdapter/StyledPath+CAShapeLayer.swift:14:11: error: 'CAShapeLayer' is unavailable in watchOS
12 | import Rendering
13 |
14 | extension CAShapeLayer {
| `- error: 'CAShapeLayer' is unavailable in watchOS
15 |
16 | public convenience init (_ styledPath: StyledPath) {
/Applications/Xcode-27.0.0-Release.Candidate.app/Contents/Developer/Platforms/WatchOS.platform/Developer/SDKs/WatchOS27.0.sdk/System/Library/Frameworks/QuartzCore.framework/Headers/CAShapeLayer.h:40:12: note: 'CAShapeLayer' has been explicitly marked unavailable here
38 |
39 | API_AVAILABLE(macos(10.6), ios(3.0), tvos(9.0)) API_UNAVAILABLE(watchos)
40 | @interface CAShapeLayer : CALayer
| `- note: 'CAShapeLayer' has been explicitly marked unavailable here
41 |
42 | /* The path defining the shape to be rendered. If the path extends
/Users/admin/builder/spi-builder-workspace/Sources/QuartzAdapter/StyledPath+CAShapeLayer.swift:37:29: error: 'nonZero' is unavailable in watchOS
35 | switch styledPath.styling.fill.rule {
36 | case .nonZero:
37 | return .nonZero
| `- error: 'nonZero' is unavailable in watchOS
38 | case .evenOdd:
39 | return .evenOdd
/Applications/Xcode-27.0.0-Release.Candidate.app/Contents/Developer/Platforms/WatchOS.platform/Developer/SDKs/WatchOS27.0.sdk/System/Library/Frameworks/QuartzCore.framework/Headers/CAShapeLayer.h:110:38: note: 'nonZero' has been explicitly marked unavailable here
108 | /* `fillRule' values. */
109 |
110 | CA_EXTERN CAShapeLayerFillRule const kCAFillRuleNonZero
| `- note: 'nonZero' has been explicitly marked unavailable here
111 | API_AVAILABLE(macos(10.6), ios(3.0), tvos(9.0)) API_UNAVAILABLE(watchos);
112 | CA_EXTERN CAShapeLayerFillRule const kCAFillRuleEvenOdd
/Users/admin/builder/spi-builder-workspace/Sources/QuartzAdapter/StyledPath+CAShapeLayer.swift:39:29: error: 'evenOdd' is unavailable in watchOS
37 | return .nonZero
38 | case .evenOdd:
39 | return .evenOdd
| `- error: 'evenOdd' is unavailable in watchOS
40 | }
41 | }
/Applications/Xcode-27.0.0-Release.Candidate.app/Contents/Developer/Platforms/WatchOS.platform/Developer/SDKs/WatchOS27.0.sdk/System/Library/Frameworks/QuartzCore.framework/Headers/CAShapeLayer.h:112:38: note: 'evenOdd' has been explicitly marked unavailable here
110 | CA_EXTERN CAShapeLayerFillRule const kCAFillRuleNonZero
111 | API_AVAILABLE(macos(10.6), ios(3.0), tvos(9.0)) API_UNAVAILABLE(watchos);
112 | CA_EXTERN CAShapeLayerFillRule const kCAFillRuleEvenOdd
| `- note: 'evenOdd' has been explicitly marked unavailable here
113 | API_AVAILABLE(macos(10.6), ios(3.0), tvos(9.0)) API_UNAVAILABLE(watchos);
114 |
/Users/admin/builder/spi-builder-workspace/Sources/QuartzAdapter/StyledPath+CAShapeLayer.swift:34:29: error: 'CAShapeLayerFillRule' is unavailable in watchOS
32 |
33 | if #available(macOS 10.14, iOS 12.0, tvOS 12.0, *) {
34 | var cgFillRule: CAShapeLayerFillRule {
| `- error: 'CAShapeLayerFillRule' is unavailable in watchOS
35 | switch styledPath.styling.fill.rule {
36 | case .nonZero:
/Applications/Xcode-27.0.0-Release.Candidate.app/Contents/Developer/Platforms/WatchOS.platform/Developer/SDKs/WatchOS27.0.sdk/System/Library/Frameworks/QuartzCore.framework/Headers/CAShapeLayer.h:12:20: note: 'CAShapeLayerFillRule' has been explicitly marked unavailable here
10 | NS_HEADER_AUDIT_BEGIN(nullability, sendability)
11 |
12 | typedef NSString * CAShapeLayerFillRule NS_TYPED_ENUM API_AVAILABLE(macos(10.6), ios(3.0), tvos(9.0)) API_UNAVAILABLE(watchos);
| `- note: 'CAShapeLayerFillRule' has been explicitly marked unavailable here
13 | typedef NSString * CAShapeLayerLineJoin NS_TYPED_ENUM API_AVAILABLE(macos(10.6), ios(3.0), tvos(9.0)) API_UNAVAILABLE(watchos);
14 | typedef NSString * CAShapeLayerLineCap NS_TYPED_ENUM API_AVAILABLE(macos(10.6), ios(3.0), tvos(9.0)) API_UNAVAILABLE(watchos);
/Users/admin/builder/spi-builder-workspace/Sources/QuartzAdapter/StyledPath+CAShapeLayer.swift:46:29: error: 'butt' is unavailable in watchOS
44 | switch styledPath.styling.stroke.cap {
45 | case .butt:
46 | return .butt
| `- error: 'butt' is unavailable in watchOS
47 | case .round:
48 | return .round
/Applications/Xcode-27.0.0-Release.Candidate.app/Contents/Developer/Platforms/WatchOS.platform/Developer/SDKs/WatchOS27.0.sdk/System/Library/Frameworks/QuartzCore.framework/Headers/CAShapeLayer.h:126:37: note: 'butt' has been explicitly marked unavailable here
124 | /* `lineCap' values. */
125 |
126 | CA_EXTERN CAShapeLayerLineCap const kCALineCapButt
| `- note: 'butt' has been explicitly marked unavailable here
127 | API_AVAILABLE(macos(10.6), ios(3.0), tvos(9.0)) API_UNAVAILABLE(watchos);
128 | CA_EXTERN CAShapeLayerLineCap const kCALineCapRound
/Users/admin/builder/spi-builder-workspace/Sources/QuartzAdapter/StyledPath+CAShapeLayer.swift:48:29: error: 'round' is unavailable in watchOS
46 | return .butt
47 | case .round:
48 | return .round
| `- error: 'round' is unavailable in watchOS
49 | case .square:
50 | return .square
/Applications/Xcode-27.0.0-Release.Candidate.app/Contents/Developer/Platforms/WatchOS.platform/Developer/SDKs/WatchOS27.0.sdk/System/Library/Frameworks/QuartzCore.framework/Headers/CAShapeLayer.h:128:37: note: 'round' has been explicitly marked unavailable here
126 | CA_EXTERN CAShapeLayerLineCap const kCALineCapButt
127 | API_AVAILABLE(macos(10.6), ios(3.0), tvos(9.0)) API_UNAVAILABLE(watchos);
128 | CA_EXTERN CAShapeLayerLineCap const kCALineCapRound
| `- note: 'round' has been explicitly marked unavailable here
129 | API_AVAILABLE(macos(10.6), ios(3.0), tvos(9.0)) API_UNAVAILABLE(watchos);
130 | CA_EXTERN CAShapeLayerLineCap const kCALineCapSquare
/Users/admin/builder/spi-builder-workspace/Sources/QuartzAdapter/StyledPath+CAShapeLayer.swift:50:29: error: 'square' is unavailable in watchOS
48 | return .round
49 | case .square:
50 | return .square
| `- error: 'square' is unavailable in watchOS
51 | }
52 | }
/Applications/Xcode-27.0.0-Release.Candidate.app/Contents/Developer/Platforms/WatchOS.platform/Developer/SDKs/WatchOS27.0.sdk/System/Library/Frameworks/QuartzCore.framework/Headers/CAShapeLayer.h:130:37: note: 'square' has been explicitly marked unavailable here
128 | CA_EXTERN CAShapeLayerLineCap const kCALineCapRound
129 | API_AVAILABLE(macos(10.6), ios(3.0), tvos(9.0)) API_UNAVAILABLE(watchos);
130 | CA_EXTERN CAShapeLayerLineCap const kCALineCapSquare
| `- note: 'square' has been explicitly marked unavailable here
131 | API_AVAILABLE(macos(10.6), ios(3.0), tvos(9.0)) API_UNAVAILABLE(watchos);
132 |
/Users/admin/builder/spi-builder-workspace/Sources/QuartzAdapter/StyledPath+CAShapeLayer.swift:43:24: error: 'CAShapeLayerLineCap' is unavailable in watchOS
41 | }
42 |
43 | var cgCap: CAShapeLayerLineCap {
| `- error: 'CAShapeLayerLineCap' is unavailable in watchOS
44 | switch styledPath.styling.stroke.cap {
45 | case .butt:
/Applications/Xcode-27.0.0-Release.Candidate.app/Contents/Developer/Platforms/WatchOS.platform/Developer/SDKs/WatchOS27.0.sdk/System/Library/Frameworks/QuartzCore.framework/Headers/CAShapeLayer.h:14:20: note: 'CAShapeLayerLineCap' has been explicitly marked unavailable here
12 | typedef NSString * CAShapeLayerFillRule NS_TYPED_ENUM API_AVAILABLE(macos(10.6), ios(3.0), tvos(9.0)) API_UNAVAILABLE(watchos);
13 | typedef NSString * CAShapeLayerLineJoin NS_TYPED_ENUM API_AVAILABLE(macos(10.6), ios(3.0), tvos(9.0)) API_UNAVAILABLE(watchos);
14 | typedef NSString * CAShapeLayerLineCap NS_TYPED_ENUM API_AVAILABLE(macos(10.6), ios(3.0), tvos(9.0)) API_UNAVAILABLE(watchos);
| `- note: 'CAShapeLayerLineCap' has been explicitly marked unavailable here
15 |
16 | /* The shape layer draws a cubic Bezier spline in its coordinate space.
/Users/admin/builder/spi-builder-workspace/Sources/QuartzAdapter/StyledPath+CAShapeLayer.swift:57:29: error: 'miter' is unavailable in watchOS
55 | switch styledPath.styling.stroke.join {
56 | case .miter:
57 | return .miter
| `- error: 'miter' is unavailable in watchOS
58 | case .bevel:
59 | return .bevel
/Applications/Xcode-27.0.0-Release.Candidate.app/Contents/Developer/Platforms/WatchOS.platform/Developer/SDKs/WatchOS27.0.sdk/System/Library/Frameworks/QuartzCore.framework/Headers/CAShapeLayer.h:117:38: note: 'miter' has been explicitly marked unavailable here
115 | /* `lineJoin' values. */
116 |
117 | CA_EXTERN CAShapeLayerLineJoin const kCALineJoinMiter
| `- note: 'miter' has been explicitly marked unavailable here
118 | API_AVAILABLE(macos(10.6), ios(3.0), tvos(9.0)) API_UNAVAILABLE(watchos);
119 | CA_EXTERN CAShapeLayerLineJoin const kCALineJoinRound
/Users/admin/builder/spi-builder-workspace/Sources/QuartzAdapter/StyledPath+CAShapeLayer.swift:59:29: error: 'bevel' is unavailable in watchOS
57 | return .miter
58 | case .bevel:
59 | return .bevel
| `- error: 'bevel' is unavailable in watchOS
60 | case .round:
61 | return .round
/Applications/Xcode-27.0.0-Release.Candidate.app/Contents/Developer/Platforms/WatchOS.platform/Developer/SDKs/WatchOS27.0.sdk/System/Library/Frameworks/QuartzCore.framework/Headers/CAShapeLayer.h:121:38: note: 'bevel' has been explicitly marked unavailable here
119 | CA_EXTERN CAShapeLayerLineJoin const kCALineJoinRound
120 | API_AVAILABLE(macos(10.6), ios(3.0), tvos(9.0)) API_UNAVAILABLE(watchos);
121 | CA_EXTERN CAShapeLayerLineJoin const kCALineJoinBevel
| `- note: 'bevel' has been explicitly marked unavailable here
122 | API_AVAILABLE(macos(10.6), ios(3.0), tvos(9.0)) API_UNAVAILABLE(watchos);
123 |
/Users/admin/builder/spi-builder-workspace/Sources/QuartzAdapter/StyledPath+CAShapeLayer.swift:61:29: error: 'round' is unavailable in watchOS
59 | return .bevel
60 | case .round:
61 | return .round
| `- error: 'round' is unavailable in watchOS
62 | }
63 | }
/Applications/Xcode-27.0.0-Release.Candidate.app/Contents/Developer/Platforms/WatchOS.platform/Developer/SDKs/WatchOS27.0.sdk/System/Library/Frameworks/QuartzCore.framework/Headers/CAShapeLayer.h:119:38: note: 'round' has been explicitly marked unavailable here
117 | CA_EXTERN CAShapeLayerLineJoin const kCALineJoinMiter
118 | API_AVAILABLE(macos(10.6), ios(3.0), tvos(9.0)) API_UNAVAILABLE(watchos);
119 | CA_EXTERN CAShapeLayerLineJoin const kCALineJoinRound
| `- note: 'round' has been explicitly marked unavailable here
120 | API_AVAILABLE(macos(10.6), ios(3.0), tvos(9.0)) API_UNAVAILABLE(watchos);
121 | CA_EXTERN CAShapeLayerLineJoin const kCALineJoinBevel
SwiftCompile normal arm64_32 /Users/admin/builder/spi-builder-workspace/Sources/QuartzAdapter/StyledPath+CAShapeLayer.swift (in target 'QuartzAdapter' from project 'Graphics')
cd /Users/admin/builder/spi-builder-workspace/.swiftpm/xcode
builtin-SwiftPerFileCompile StyledPath+CAShapeLayer.swift
SwiftCompile normal arm64_32 Compiling\ StyledPath.Composite+CALayer.swift /Users/admin/builder/spi-builder-workspace/Sources/QuartzAdapter/StyledPath.Composite+CALayer.swift (in target 'QuartzAdapter' from project 'Graphics')
/Users/admin/builder/spi-builder-workspace/Sources/QuartzAdapter/StyledPath.Composite+CALayer.swift:15:11: error: 'CALayer' is unavailable in watchOS
13 | import Rendering
14 |
15 | extension CALayer {
| `- error: 'CALayer' is unavailable in watchOS
16 |
17 | public convenience init(_ composite: StyledPath.Composite) {
/Applications/Xcode-27.0.0-Release.Candidate.app/Contents/Developer/Platforms/WatchOS.platform/Developer/SDKs/WatchOS27.0.sdk/System/Library/Frameworks/QuartzCore.framework/Headers/CALayer.h:117:12: note: 'CALayer' has been explicitly marked unavailable here
115 |
116 | API_AVAILABLE(macos(10.5), ios(2.0), tvos(9.0)) API_UNAVAILABLE(watchos)
117 | @interface CALayer : NSObject <NSSecureCoding, CAMediaTiming>
| `- note: 'CALayer' has been explicitly marked unavailable here
118 |
119 | /** Layer creation and initialization. **/
/Users/admin/builder/spi-builder-workspace/Sources/QuartzAdapter/StyledPath.Composite+CALayer.swift:19:78: error: 'CALayer' is unavailable in watchOS
17 | public convenience init(_ composite: StyledPath.Composite) {
18 |
19 | func traverse(_ composite: StyledPath.Composite, building container: CALayer) {
| `- error: 'CALayer' is unavailable in watchOS
20 | switch composite {
21 |
/Applications/Xcode-27.0.0-Release.Candidate.app/Contents/Developer/Platforms/WatchOS.platform/Developer/SDKs/WatchOS27.0.sdk/System/Library/Frameworks/QuartzCore.framework/Headers/CALayer.h:117:12: note: 'CALayer' has been explicitly marked unavailable here
115 |
116 | API_AVAILABLE(macos(10.5), ios(2.0), tvos(9.0)) API_UNAVAILABLE(watchos)
117 | @interface CALayer : NSObject <NSSecureCoding, CAMediaTiming>
| `- note: 'CALayer' has been explicitly marked unavailable here
118 |
119 | /** Layer creation and initialization. **/
/Users/admin/builder/spi-builder-workspace/Sources/QuartzAdapter/StyledPath.Composite+CALayer.swift:26:33: error: 'CAShapeLayer' is unavailable in watchOS
24 | switch item {
25 | case .path(let renderedPath):
26 | let layer = CAShapeLayer(renderedPath)
| `- error: 'CAShapeLayer' is unavailable in watchOS
27 | container.addSublayer(layer)
28 | }
/Applications/Xcode-27.0.0-Release.Candidate.app/Contents/Developer/Platforms/WatchOS.platform/Developer/SDKs/WatchOS27.0.sdk/System/Library/Frameworks/QuartzCore.framework/Headers/CAShapeLayer.h:40:12: note: 'CAShapeLayer' has been explicitly marked unavailable here
38 |
39 | API_AVAILABLE(macos(10.6), ios(3.0), tvos(9.0)) API_UNAVAILABLE(watchos)
40 | @interface CAShapeLayer : CALayer
| `- note: 'CAShapeLayer' has been explicitly marked unavailable here
41 |
42 | /* The path defining the shape to be rendered. If the path extends
/Users/admin/builder/spi-builder-workspace/Sources/QuartzAdapter/StyledPath.Composite+CALayer.swift:31:29: error: 'CALayer' is unavailable in watchOS
29 |
30 | case .branch(let group, let trees):
31 | let layer = CALayer()
| `- error: 'CALayer' is unavailable in watchOS
32 | layer.frame = CGRect(group.frame)
33 | trees.forEach { traverse($0, building: layer) }
/Applications/Xcode-27.0.0-Release.Candidate.app/Contents/Developer/Platforms/WatchOS.platform/Developer/SDKs/WatchOS27.0.sdk/System/Library/Frameworks/QuartzCore.framework/Headers/CALayer.h:117:12: note: 'CALayer' has been explicitly marked unavailable here
115 |
116 | API_AVAILABLE(macos(10.5), ios(2.0), tvos(9.0)) API_UNAVAILABLE(watchos)
117 | @interface CALayer : NSObject <NSSecureCoding, CAMediaTiming>
| `- note: 'CALayer' has been explicitly marked unavailable here
118 |
119 | /** Layer creation and initialization. **/
SwiftCompile normal arm64_32 /Users/admin/builder/spi-builder-workspace/Sources/QuartzAdapter/StyledPath.Composite+CALayer.swift (in target 'QuartzAdapter' from project 'Graphics')
cd /Users/admin/builder/spi-builder-workspace/.swiftpm/xcode
builtin-SwiftPerFileCompile StyledPath.Composite+CALayer.swift
SwiftEmitModule normal arm64 Emitting\ module\ for\ QuartzAdapter (in target 'QuartzAdapter' from project 'Graphics')
/Users/admin/builder/spi-builder-workspace/Sources/QuartzAdapter/CALayer+PDF.swift:14:11: error: 'CALayer' is unavailable in watchOS
12 | import Rendering
13 |
14 | extension CALayer {
| `- error: 'CALayer' is unavailable in watchOS
15 |
16 | enum Error: Swift.Error {
/Applications/Xcode-27.0.0-Release.Candidate.app/Contents/Developer/Platforms/WatchOS.platform/Developer/SDKs/WatchOS27.0.sdk/System/Library/Frameworks/QuartzCore.framework/Headers/CALayer.h:117:12: note: 'CALayer' has been explicitly marked unavailable here
115 |
116 | API_AVAILABLE(macos(10.5), ios(2.0), tvos(9.0)) API_UNAVAILABLE(watchos)
117 | @interface CALayer : NSObject <NSSecureCoding, CAMediaTiming>
| `- note: 'CALayer' has been explicitly marked unavailable here
118 |
119 | /** Layer creation and initialization. **/
/Users/admin/builder/spi-builder-workspace/Sources/QuartzAdapter/Path+CAShapeLayer.swift:15:11: error: 'CAShapeLayer' is unavailable in watchOS
13 | import Rendering
14 |
15 | extension CAShapeLayer {
| `- error: 'CAShapeLayer' is unavailable in watchOS
16 |
17 | /// Creates a `CAShapeLayer` with the given `path`.
/Applications/Xcode-27.0.0-Release.Candidate.app/Contents/Developer/Platforms/WatchOS.platform/Developer/SDKs/WatchOS27.0.sdk/System/Library/Frameworks/QuartzCore.framework/Headers/CAShapeLayer.h:40:12: note: 'CAShapeLayer' has been explicitly marked unavailable here
38 |
39 | API_AVAILABLE(macos(10.6), ios(3.0), tvos(9.0)) API_UNAVAILABLE(watchos)
40 | @interface CAShapeLayer : CALayer
| `- note: 'CAShapeLayer' has been explicitly marked unavailable here
41 |
42 | /* The path defining the shape to be rendered. If the path extends
/Users/admin/builder/spi-builder-workspace/Sources/QuartzAdapter/StyledPath+CAShapeLayer.swift:14:11: error: 'CAShapeLayer' is unavailable in watchOS
12 | import Rendering
13 |
14 | extension CAShapeLayer {
| `- error: 'CAShapeLayer' is unavailable in watchOS
15 |
16 | public convenience init (_ styledPath: StyledPath) {
/Applications/Xcode-27.0.0-Release.Candidate.app/Contents/Developer/Platforms/WatchOS.platform/Developer/SDKs/WatchOS27.0.sdk/System/Library/Frameworks/QuartzCore.framework/Headers/CAShapeLayer.h:40:12: note: 'CAShapeLayer' has been explicitly marked unavailable here
38 |
39 | API_AVAILABLE(macos(10.6), ios(3.0), tvos(9.0)) API_UNAVAILABLE(watchos)
40 | @interface CAShapeLayer : CALayer
| `- note: 'CAShapeLayer' has been explicitly marked unavailable here
41 |
42 | /* The path defining the shape to be rendered. If the path extends
/Users/admin/builder/spi-builder-workspace/Sources/QuartzAdapter/StyledPath.Composite+CALayer.swift:15:11: error: 'CALayer' is unavailable in watchOS
13 | import Rendering
14 |
15 | extension CALayer {
| `- error: 'CALayer' is unavailable in watchOS
16 |
17 | public convenience init(_ composite: StyledPath.Composite) {
/Applications/Xcode-27.0.0-Release.Candidate.app/Contents/Developer/Platforms/WatchOS.platform/Developer/SDKs/WatchOS27.0.sdk/System/Library/Frameworks/QuartzCore.framework/Headers/CALayer.h:117:12: note: 'CALayer' has been explicitly marked unavailable here
115 |
116 | API_AVAILABLE(macos(10.5), ios(2.0), tvos(9.0)) API_UNAVAILABLE(watchos)
117 | @interface CALayer : NSObject <NSSecureCoding, CAMediaTiming>
| `- note: 'CALayer' has been explicitly marked unavailable here
118 |
119 | /** Layer creation and initialization. **/
/Users/admin/builder/spi-builder-workspace/Sources/QuartzAdapter/TestFrame.swift:14:11: error: 'CALayer' is unavailable in watchOS
12 | import QuartzCore
13 |
14 | extension CALayer {
| `- error: 'CALayer' is unavailable in watchOS
15 |
16 | public func showTestBorder() {
/Applications/Xcode-27.0.0-Release.Candidate.app/Contents/Developer/Platforms/WatchOS.platform/Developer/SDKs/WatchOS27.0.sdk/System/Library/Frameworks/QuartzCore.framework/Headers/CALayer.h:117:12: note: 'CALayer' has been explicitly marked unavailable here
115 |
116 | API_AVAILABLE(macos(10.5), ios(2.0), tvos(9.0)) API_UNAVAILABLE(watchos)
117 | @interface CALayer : NSObject <NSSecureCoding, CAMediaTiming>
| `- note: 'CALayer' has been explicitly marked unavailable here
118 |
119 | /** Layer creation and initialization. **/
Failed frontend command:
/Applications/Xcode-27.0.0-Release.Candidate.app/Contents/Developer/Toolchains/XcodeDefault.xctoolchain/usr/bin/swift-frontend -frontend -emit-module -experimental-skip-non-inlinable-function-bodies-without-types /Users/admin/builder/spi-builder-workspace/Sources/QuartzAdapter/CALayer+PDF.swift /Users/admin/builder/spi-builder-workspace/Sources/QuartzAdapter/Color+CGColor.swift /Users/admin/builder/spi-builder-workspace/Sources/QuartzAdapter/Path+CAShapeLayer.swift /Users/admin/builder/spi-builder-workspace/Sources/QuartzAdapter/Path+CGPath.swift /Users/admin/builder/spi-builder-workspace/Sources/QuartzAdapter/PathElement+CGPathElement.swift /Users/admin/builder/spi-builder-workspace/Sources/QuartzAdapter/Point+CGPoint.swift /Users/admin/builder/spi-builder-workspace/Sources/QuartzAdapter/Rectangle+CGRect.swift /Users/admin/builder/spi-builder-workspace/Sources/QuartzAdapter/Size+CGSize.swift /Users/admin/builder/spi-builder-workspace/Sources/QuartzAdapter/StyledPath+CAShapeLayer.swift /Users/admin/builder/spi-builder-workspace/Sources/QuartzAdapter/StyledPath.Composite+CALayer.swift /Users/admin/builder/spi-builder-workspace/Sources/QuartzAdapter/TestFrame.swift /Users/admin/builder/spi-builder-workspace/Sources/QuartzAdapter/Text+CATextLayer.swift /Users/admin/builder/spi-builder-workspace/Sources/QuartzAdapter/TextBox+CALayer.swift -target arm64-apple-watchos9.0 -Xllvm -aarch64-use-tbi -enable-objc-interop -stack-check -sdk /Applications/Xcode-27.0.0-Release.Candidate.app/Contents/Developer/Platforms/WatchOS.platform/Developer/SDKs/WatchOS27.0.sdk -I /Users/admin/builder/spi-builder-workspace/.derivedData/Build/Products/Debug-watchos -Isystem /Applications/Xcode-27.0.0-Release.Candidate.app/Contents/Developer/Platforms/WatchOS.platform/Developer/usr/lib -F /Users/admin/builder/spi-builder-workspace/.derivedData/Build/Products/Debug-watchos/PackageFrameworks -F /Users/admin/builder/spi-builder-workspace/.derivedData/Build/Products/Debug-watchos -F /Applications/Xcode-27.0.0-Release.Candidate.app/Contents/Developer/Platforms/WatchOS.platform/Developer/Library/Frameworks -F /Applications/Xcode-27.0.0-Release.Candidate.app/Contents/Developer/Platforms/WatchOS.platform/Developer/SDKs/WatchOS27.0.sdk/Developer/Library/Frameworks -module-cache-path /Users/admin/builder/spi-builder-workspace/.derivedData/ModuleCache.noindex -no-color-diagnostics -Xcc -fno-color-diagnostics -enable-testing -g -debug-info-format\=dwarf -dwarf-version\=4 -profile-generate -profile-coverage-mapping -swift-version 4.2 -Onone -D SWIFT_PACKAGE -D DEBUG -D SWIFT_MODULE_RESOURCE_BUNDLE_UNAVAILABLE -D Xcode -serialize-debugging-options -enable-experimental-feature DebugDescriptionMacro -empty-abi-descriptor -plugin-path /Applications/Xcode-27.0.0-Release.Candidate.app/Contents/Developer/Toolchains/XcodeDefault.xctoolchain/usr/lib/swift/host/plugins/testing -validate-clang-modules-once -clang-build-session-file /Users/admin/builder/spi-builder-workspace/.derivedData/ModuleCache.noindex/Session.modulevalidation -Xcc -working-directory -Xcc /Users/admin/builder/spi-builder-workspace/.swiftpm/xcode -enable-anonymous-context-mangled-names -file-compilation-dir /Users/admin/builder/spi-builder-workspace/.swiftpm/xcode -Xcc -D_LIBCPP_HARDENING_MODE\=_LIBCPP_HARDENING_MODE_DEBUG -Xcc -ivfsstatcache -Xcc /Users/admin/builder/spi-builder-workspace/.derivedData/SDKStatCaches.noindex/watchos27.0-24R360-e829b21a6f8c9b70876ba0858053c04477534ef55a1706bf4c1112bbb242f0a2.sdkstatcache -Xcc -fmodules-prune-interval\=86400 -Xcc -fmodules-prune-after\=345600 -Xcc -I/Users/admin/builder/spi-builder-workspace/.derivedData/Build/Products/Debug-watchos/include -Xcc -I/Users/admin/builder/spi-builder-workspace/.derivedData/Build/Intermediates.noindex/Graphics.build/Debug-watchos/QuartzAdapter-t.build/DerivedSources-normal/arm64 -Xcc -I/Users/admin/builder/spi-builder-workspace/.derivedData/Build/Intermediates.noindex/Graphics.build/Debug-watchos/QuartzAdapter-t.build/DerivedSources/arm64 -Xcc -I/Users/admin/builder/spi-builder-workspace/.derivedData/Build/Intermediates.noindex/Graphics.build/Debug-watchos/QuartzAdapter-t.build/DerivedSources -Xcc -DSWIFT_PACKAGE -Xcc -DDEBUG\=1 -no-auto-bridging-header-chaining -module-name QuartzAdapter -const-gather-protocols-file /Users/admin/builder/spi-builder-workspace/.derivedData/Build/Intermediates.noindex/Graphics.build/Debug-watchos/QuartzAdapter-t.build/Objects-normal/arm64/QuartzAdapter_const_extract_protocols.json -disable-clang-spi -target-sdk-version 27.0 -target-sdk-name watchos27.0 -external-plugin-path /Applications/Xcode-27.0.0-Release.Candidate.app/Contents/Developer/Platforms/WatchOS.platform/Developer/usr/lib/swift/host/plugins\#/Applications/Xcode-27.0.0-Release.Candidate.app/Contents/Developer/Platforms/WatchOS.platform/Developer/usr/bin/swift-plugin-server -external-plugin-path /Applications/Xcode-27.0.0-Release.Candidate.app/Contents/Developer/Platforms/WatchOS.platform/Developer/usr/local/lib/swift/host/plugins\#/Applications/Xcode-27.0.0-Release.Candidate.app/Contents/Developer/Platforms/WatchOS.platform/Developer/usr/bin/swift-plugin-server -in-process-plugin-server-path /Applications/Xcode-27.0.0-Release.Candidate.app/Contents/Developer/Toolchains/XcodeDefault.xctoolchain/usr/lib/swift/host/libSwiftInProcPluginServer.dylib -plugin-path /Applications/Xcode-27.0.0-Release.Candidate.app/Contents/Developer/Toolchains/XcodeDefault.xctoolchain/usr/lib/swift/host/plugins -plugin-path /Applications/Xcode-27.0.0-Release.Candidate.app/Contents/Developer/Toolchains/XcodeDefault.xctoolchain/usr/local/lib/swift/host/plugins -emit-module-doc-path /Users/admin/builder/spi-builder-workspace/.derivedData/Build/Intermediates.noindex/Graphics.build/Debug-watchos/QuartzAdapter-t.build/Objects-normal/arm64/QuartzAdapter.swiftdoc -emit-module-source-info-path /Users/admin/builder/spi-builder-workspace/.derivedData/Build/Intermediates.noindex/Graphics.build/Debug-watchos/QuartzAdapter-t.build/Objects-normal/arm64/QuartzAdapter.swiftsourceinfo -emit-objc-header-path /Users/admin/builder/spi-builder-workspace/.derivedData/Build/Intermediates.noindex/Graphics.build/Debug-watchos/QuartzAdapter-t.build/Objects-normal/arm64/QuartzAdapter-Swift.h -serialize-diagnostics-path /Users/admin/builder/spi-builder-workspace/.derivedData/Build/Intermediates.noindex/Graphics.build/Debug-watchos/QuartzAdapter-t.build/Objects-normal/arm64/QuartzAdapter-primary-emit-module.dia -emit-dependencies-path /Users/admin/builder/spi-builder-workspace/.derivedData/Build/Intermediates.noindex/Graphics.build/Debug-watchos/QuartzAdapter-t.build/Objects-normal/arm64/QuartzAdapter-primary-emit-module.d -parse-as-library -o /Users/admin/builder/spi-builder-workspace/.derivedData/Build/Intermediates.noindex/Graphics.build/Debug-watchos/QuartzAdapter-t.build/Objects-normal/arm64/QuartzAdapter.swiftmodule -emit-abi-descriptor-path /Users/admin/builder/spi-builder-workspace/.derivedData/Build/Intermediates.noindex/Graphics.build/Debug-watchos/QuartzAdapter-t.build/Objects-normal/arm64/QuartzAdapter.abi.json
SwiftCompile normal arm64 (in target 'QuartzAdapter' from project 'Graphics')
cd /Users/admin/builder/spi-builder-workspace/.swiftpm/xcode
SwiftCompile normal arm64 Compiling\ StyledPath.Composite+CALayer.swift /Users/admin/builder/spi-builder-workspace/Sources/QuartzAdapter/StyledPath.Composite+CALayer.swift (in target 'QuartzAdapter' from project 'Graphics')
/Users/admin/builder/spi-builder-workspace/Sources/QuartzAdapter/StyledPath.Composite+CALayer.swift:15:11: error: 'CALayer' is unavailable in watchOS
13 | import Rendering
14 |
15 | extension CALayer {
| `- error: 'CALayer' is unavailable in watchOS
16 |
17 | public convenience init(_ composite: StyledPath.Composite) {
/Applications/Xcode-27.0.0-Release.Candidate.app/Contents/Developer/Platforms/WatchOS.platform/Developer/SDKs/WatchOS27.0.sdk/System/Library/Frameworks/QuartzCore.framework/Headers/CALayer.h:117:12: note: 'CALayer' has been explicitly marked unavailable here
115 |
116 | API_AVAILABLE(macos(10.5), ios(2.0), tvos(9.0)) API_UNAVAILABLE(watchos)
117 | @interface CALayer : NSObject <NSSecureCoding, CAMediaTiming>
| `- note: 'CALayer' has been explicitly marked unavailable here
118 |
119 | /** Layer creation and initialization. **/
/Users/admin/builder/spi-builder-workspace/Sources/QuartzAdapter/StyledPath.Composite+CALayer.swift:19:78: error: 'CALayer' is unavailable in watchOS
17 | public convenience init(_ composite: StyledPath.Composite) {
18 |
19 | func traverse(_ composite: StyledPath.Composite, building container: CALayer) {
| `- error: 'CALayer' is unavailable in watchOS
20 | switch composite {
21 |
/Applications/Xcode-27.0.0-Release.Candidate.app/Contents/Developer/Platforms/WatchOS.platform/Developer/SDKs/WatchOS27.0.sdk/System/Library/Frameworks/QuartzCore.framework/Headers/CALayer.h:117:12: note: 'CALayer' has been explicitly marked unavailable here
115 |
116 | API_AVAILABLE(macos(10.5), ios(2.0), tvos(9.0)) API_UNAVAILABLE(watchos)
117 | @interface CALayer : NSObject <NSSecureCoding, CAMediaTiming>
| `- note: 'CALayer' has been explicitly marked unavailable here
118 |
119 | /** Layer creation and initialization. **/
/Users/admin/builder/spi-builder-workspace/Sources/QuartzAdapter/StyledPath.Composite+CALayer.swift:26:33: error: 'CAShapeLayer' is unavailable in watchOS
24 | switch item {
25 | case .path(let renderedPath):
26 | let layer = CAShapeLayer(renderedPath)
| `- error: 'CAShapeLayer' is unavailable in watchOS
27 | container.addSublayer(layer)
28 | }
/Applications/Xcode-27.0.0-Release.Candidate.app/Contents/Developer/Platforms/WatchOS.platform/Developer/SDKs/WatchOS27.0.sdk/System/Library/Frameworks/QuartzCore.framework/Headers/CAShapeLayer.h:40:12: note: 'CAShapeLayer' has been explicitly marked unavailable here
38 |
39 | API_AVAILABLE(macos(10.6), ios(3.0), tvos(9.0)) API_UNAVAILABLE(watchos)
40 | @interface CAShapeLayer : CALayer
| `- note: 'CAShapeLayer' has been explicitly marked unavailable here
41 |
42 | /* The path defining the shape to be rendered. If the path extends
/Users/admin/builder/spi-builder-workspace/Sources/QuartzAdapter/StyledPath.Composite+CALayer.swift:31:29: error: 'CALayer' is unavailable in watchOS
29 |
30 | case .branch(let group, let trees):
31 | let layer = CALayer()
| `- error: 'CALayer' is unavailable in watchOS
32 | layer.frame = CGRect(group.frame)
33 | trees.forEach { traverse($0, building: layer) }
/Applications/Xcode-27.0.0-Release.Candidate.app/Contents/Developer/Platforms/WatchOS.platform/Developer/SDKs/WatchOS27.0.sdk/System/Library/Frameworks/QuartzCore.framework/Headers/CALayer.h:117:12: note: 'CALayer' has been explicitly marked unavailable here
115 |
116 | API_AVAILABLE(macos(10.5), ios(2.0), tvos(9.0)) API_UNAVAILABLE(watchos)
117 | @interface CALayer : NSObject <NSSecureCoding, CAMediaTiming>
| `- note: 'CALayer' has been explicitly marked unavailable here
118 |
119 | /** Layer creation and initialization. **/
SwiftCompile normal arm64 /Users/admin/builder/spi-builder-workspace/Sources/QuartzAdapter/StyledPath.Composite+CALayer.swift (in target 'QuartzAdapter' from project 'Graphics')
cd /Users/admin/builder/spi-builder-workspace/.swiftpm/xcode
builtin-SwiftPerFileCompile StyledPath.Composite+CALayer.swift
SwiftCompile normal arm64 Compiling\ CALayer+PDF.swift,\ Color+CGColor.swift /Users/admin/builder/spi-builder-workspace/Sources/QuartzAdapter/CALayer+PDF.swift /Users/admin/builder/spi-builder-workspace/Sources/QuartzAdapter/Color+CGColor.swift (in target 'QuartzAdapter' from project 'Graphics')
SwiftCompile normal arm64 /Users/admin/builder/spi-builder-workspace/Sources/QuartzAdapter/CALayer+PDF.swift (in target 'QuartzAdapter' from project 'Graphics')
cd /Users/admin/builder/spi-builder-workspace/.swiftpm/xcode
builtin-SwiftPerFileCompile CALayer+PDF.swift
SwiftCompile normal arm64 /Users/admin/builder/spi-builder-workspace/Sources/QuartzAdapter/Color+CGColor.swift (in target 'QuartzAdapter' from project 'Graphics')
cd /Users/admin/builder/spi-builder-workspace/.swiftpm/xcode
builtin-SwiftPerFileCompile Color+CGColor.swift
SwiftEmitModule normal arm64_32 Emitting\ module\ for\ SVG (in target 'SVG' from project 'Graphics')
SwiftCompile normal arm64_32 (in target 'SVG' from project 'Graphics')
cd /Users/admin/builder/spi-builder-workspace/.swiftpm/xcode
SwiftEmitModule normal arm64 Emitting\ module\ for\ SVG (in target 'SVG' from project 'Graphics')
SwiftCompile normal arm64 (in target 'SVG' from project 'Graphics')
cd /Users/admin/builder/spi-builder-workspace/.swiftpm/xcode
SwiftCompile normal arm64 Compiling\ Double+SVG.swift,\ Ellipse+SVG.swift /Users/admin/builder/spi-builder-workspace/Sources/SVG/Double+SVG.swift /Users/admin/builder/spi-builder-workspace/Sources/SVG/Ellipse+SVG.swift (in target 'SVG' from project 'Graphics')
SwiftCompile normal arm64 /Users/admin/builder/spi-builder-workspace/Sources/SVG/Double+SVG.swift (in target 'SVG' from project 'Graphics')
cd /Users/admin/builder/spi-builder-workspace/.swiftpm/xcode
builtin-SwiftPerFileCompile Double+SVG.swift
SwiftCompile normal arm64 /Users/admin/builder/spi-builder-workspace/Sources/SVG/Ellipse+SVG.swift (in target 'SVG' from project 'Graphics')
cd /Users/admin/builder/spi-builder-workspace/.swiftpm/xcode
builtin-SwiftPerFileCompile Ellipse+SVG.swift
PruneExplicitPrecompiledModules /Users/admin/builder/spi-builder-workspace/.derivedData/SDKExplicitPrecompiledModules
PruneExplicitPrecompiledModules /Users/admin/builder/spi-builder-workspace/.derivedData/Build/Intermediates.noindex/ExplicitPrecompiledModules
PruneExplicitPrecompiledModules /Users/admin/builder/spi-builder-workspace/.derivedData/Build/Intermediates.noindex/SwiftExplicitPrecompiledModules
2026-09-17 00:18:55.736 xcodebuild[1064:6322] [MT] IDERunDestination: Supported platforms for the buildables in the current scheme is empty.
** BUILD FAILED **
The following build commands failed:
SwiftEmitModule normal arm64_32 Emitting\ module\ for\ QuartzAdapter (in target 'QuartzAdapter' from project 'Graphics')
SwiftCompile normal arm64_32 (in target 'QuartzAdapter' from project 'Graphics')
SwiftEmitModule normal arm64 Emitting\ module\ for\ QuartzAdapter (in target 'QuartzAdapter' from project 'Graphics')
SwiftCompile normal arm64 (in target 'QuartzAdapter' from project 'Graphics')
Building workspace Graphics with scheme Graphics-Package
(5 failures)
BUILD FAILURE 6.4 watchOS