The Swift Package Index logo.Swift Package Index

Build Information

Failed to build PortOneSdk, reference 0.2.2 (77697e), with Swift 6.3 for macOS (SPM) on 14 Jul 2026 22:01:47 UTC.

Build Command

env DEVELOPER_DIR=/Applications/Xcode-26.4.0.app xcrun swift build --arch arm64

Build Log

========================================
RunAll
========================================
Builder version: undefined version: run 'make version' to update
Interrupt handler set up.
========================================
Checkout
========================================
Clone URL: https://github.com/portone-io/ios-sdk.git
Reference: 0.2.2
Initialized empty Git repository in /Users/admin/builder/spi-builder-workspace/.git/
From https://github.com/portone-io/ios-sdk
 * tag               0.2.2      -> FETCH_HEAD
HEAD is now at 77697e3 Version Packages (#20)
Cloned https://github.com/portone-io/ios-sdk.git
Revision (git rev-parse @):
77697e3d8c2382699d413f354f6a72d45cc6c707
SUCCESS checkout https://github.com/portone-io/ios-sdk.git at 0.2.2
========================================
ResolveProductDependencies
========================================
Resolving dependencies ...
{
  "identity": ".resolve-product-dependencies",
  "name": "resolve-dependencies",
  "url": "/Users/admin/builder/spi-builder-workspace/.resolve-product-dependencies",
  "version": "unspecified",
  "path": "/Users/admin/builder/spi-builder-workspace/.resolve-product-dependencies",
  "traits": [
    "default"
  ],
  "dependencies": [
    {
      "identity": "ios-sdk",
      "name": "PortOneSdk",
      "url": "https://github.com/portone-io/ios-sdk.git",
      "version": "unspecified",
      "path": "/Users/admin/builder/spi-builder-workspace/.resolve-product-dependencies/.build/checkouts/ios-sdk",
      "traits": [
        "default"
      ],
      "dependencies": [
      ]
    }
  ]
}
Fetching https://github.com/portone-io/ios-sdk.git
[1/821] Fetching ios-sdk
Fetched https://github.com/portone-io/ios-sdk.git from cache (1.15s)
Creating working copy for https://github.com/portone-io/ios-sdk.git
Working copy of https://github.com/portone-io/ios-sdk.git resolved at 0.2.2 (77697e3)
warning: '.resolve-product-dependencies': dependency 'ios-sdk' is not used by any target
Found 0 product dependencies
========================================
Build
========================================
Selected platform:         macosSpm
Swift version:             6.3
Building package at path:  $PWD
https://github.com/portone-io/ios-sdk.git
Running build ...
env DEVELOPER_DIR=/Applications/Xcode-26.4.0.app xcrun swift build --arch arm64
Building for debugging...
[0/2] Write sources
[1/2] Write swift-version--6988338F2F200930.txt
error: emit-module command failed with exit code 1 (use -v to see invocation)
[3/182] Emitting module PortOneSdk
/Users/admin/builder/spi-builder-workspace/Sources/PortOneSdk/IdentityVerificationViewController.swift:2:8: error: no such module 'UIKit'
 1 | import SwiftUI
 2 | import UIKit
   |        `- error: no such module 'UIKit'
 3 |
 4 | @available(iOS 14.0, *)
[4/182] Compiling PortOneSdk EximbayV2IssueBillingKeyAndPayBypass.swift
/Users/admin/builder/spi-builder-workspace/Sources/PortOneSdk/IdentityVerificationViewController.swift:2:8: error: no such module 'UIKit'
 1 | import SwiftUI
 2 | import UIKit
   |        `- error: no such module 'UIKit'
 3 |
 4 | @available(iOS 14.0, *)
[5/182] Compiling PortOneSdk GalaxiaIssueBillingKeyAndPayBypass.swift
/Users/admin/builder/spi-builder-workspace/Sources/PortOneSdk/IdentityVerificationViewController.swift:2:8: error: no such module 'UIKit'
 1 | import SwiftUI
 2 | import UIKit
   |        `- error: no such module 'UIKit'
 3 |
 4 | @available(iOS 14.0, *)
[6/182] Compiling PortOneSdk IssueBillingKeyAndPayEximbayV2BillTo.swift
/Users/admin/builder/spi-builder-workspace/Sources/PortOneSdk/IdentityVerificationViewController.swift:2:8: error: no such module 'UIKit'
 1 | import SwiftUI
 2 | import UIKit
   |        `- error: no such module 'UIKit'
 3 |
 4 | @available(iOS 14.0, *)
[7/182] Compiling PortOneSdk IssueBillingKeyAndPayEximbayV2Merchant.swift
/Users/admin/builder/spi-builder-workspace/Sources/PortOneSdk/IdentityVerificationViewController.swift:2:8: error: no such module 'UIKit'
 1 | import SwiftUI
 2 | import UIKit
   |        `- error: no such module 'UIKit'
 3 |
 4 | @available(iOS 14.0, *)
[8/182] Compiling PortOneSdk IssueBillingKeyAndPayEximbayV2Payment.swift
/Users/admin/builder/spi-builder-workspace/Sources/PortOneSdk/IdentityVerificationViewController.swift:2:8: error: no such module 'UIKit'
 1 | import SwiftUI
 2 | import UIKit
   |        `- error: no such module 'UIKit'
 3 |
 4 | @available(iOS 14.0, *)
[9/182] Compiling PortOneSdk IssueBillingKeyAndPayEximbayV2ShipTo.swift
/Users/admin/builder/spi-builder-workspace/Sources/PortOneSdk/IdentityVerificationViewController.swift:2:8: error: no such module 'UIKit'
 1 | import SwiftUI
 2 | import UIKit
   |        `- error: no such module 'UIKit'
 3 |
 4 | @available(iOS 14.0, *)
[10/182] Compiling PortOneSdk IssueBillingKeyAndPayEximbayV2Surcharge.swift
/Users/admin/builder/spi-builder-workspace/Sources/PortOneSdk/IdentityVerificationViewController.swift:2:8: error: no such module 'UIKit'
 1 | import SwiftUI
 2 | import UIKit
   |        `- error: no such module 'UIKit'
 3 |
 4 | @available(iOS 14.0, *)
[11/182] Compiling PortOneSdk PayletterGlobalIssueBillingKeyAndPayBypass.swift
/Users/admin/builder/spi-builder-workspace/Sources/PortOneSdk/IdentityVerificationViewController.swift:2:8: error: no such module 'UIKit'
 1 | import SwiftUI
 2 | import UIKit
   |        `- error: no such module 'UIKit'
 3 |
 4 | @available(iOS 14.0, *)
[12/182] Compiling PortOneSdk WelcomeIssueBillingKeyAndPayBypass.swift
/Users/admin/builder/spi-builder-workspace/Sources/PortOneSdk/IdentityVerificationViewController.swift:2:8: error: no such module 'UIKit'
 1 | import SwiftUI
 2 | import UIKit
   |        `- error: no such module 'UIKit'
 3 |
 4 | @available(iOS 14.0, *)
[13/182] Compiling PortOneSdk LoadIssueBillingKeyUiPaypalV2AdditionalData.swift
/Users/admin/builder/spi-builder-workspace/Sources/PortOneSdk/IdentityVerificationViewController.swift:2:8: error: no such module 'UIKit'
 1 | import SwiftUI
 2 | import UIKit
   |        `- error: no such module 'UIKit'
 3 |
 4 | @available(iOS 14.0, *)
[14/182] Compiling PortOneSdk LoadIssueBillingKeyUiPaypalV2Style.swift
/Users/admin/builder/spi-builder-workspace/Sources/PortOneSdk/IdentityVerificationViewController.swift:2:8: error: no such module 'UIKit'
 1 | import SwiftUI
 2 | import UIKit
   |        `- error: no such module 'UIKit'
 3 |
 4 | @available(iOS 14.0, *)
[15/182] Compiling PortOneSdk LoadIssueBillingKeyUiPaypalV2StyleColor.swift
/Users/admin/builder/spi-builder-workspace/Sources/PortOneSdk/IdentityVerificationViewController.swift:2:8: error: no such module 'UIKit'
 1 | import SwiftUI
 2 | import UIKit
   |        `- error: no such module 'UIKit'
 3 |
 4 | @available(iOS 14.0, *)
[16/182] Compiling PortOneSdk LoadIssueBillingKeyUiPaypalV2StyleLabel.swift
/Users/admin/builder/spi-builder-workspace/Sources/PortOneSdk/IdentityVerificationViewController.swift:2:8: error: no such module 'UIKit'
 1 | import SwiftUI
 2 | import UIKit
   |        `- error: no such module 'UIKit'
 3 |
 4 | @available(iOS 14.0, *)
[17/182] Compiling PortOneSdk LoadIssueBillingKeyUiPaypalV2StyleLayout.swift
/Users/admin/builder/spi-builder-workspace/Sources/PortOneSdk/IdentityVerificationViewController.swift:2:8: error: no such module 'UIKit'
 1 | import SwiftUI
 2 | import UIKit
   |        `- error: no such module 'UIKit'
 3 |
 4 | @available(iOS 14.0, *)
[18/182] Compiling PortOneSdk LoadIssueBillingKeyUiPaypalV2StyleShape.swift
/Users/admin/builder/spi-builder-workspace/Sources/PortOneSdk/IdentityVerificationViewController.swift:2:8: error: no such module 'UIKit'
 1 | import SwiftUI
 2 | import UIKit
   |        `- error: no such module 'UIKit'
 3 |
 4 | @available(iOS 14.0, *)
[19/182] Compiling PortOneSdk PaypalV2Country.swift
/Users/admin/builder/spi-builder-workspace/Sources/PortOneSdk/IdentityVerificationViewController.swift:2:8: error: no such module 'UIKit'
 1 | import SwiftUI
 2 | import UIKit
   |        `- error: no such module 'UIKit'
 3 |
 4 | @available(iOS 14.0, *)
[20/182] Compiling PortOneSdk PaypalV2LoadIssueBillingKeyUIBypass.swift
/Users/admin/builder/spi-builder-workspace/Sources/PortOneSdk/IdentityVerificationViewController.swift:2:8: error: no such module 'UIKit'
 1 | import SwiftUI
 2 | import UIKit
   |        `- error: no such module 'UIKit'
 3 |
 4 | @available(iOS 14.0, *)
[21/182] Compiling PortOneSdk PaypalV2ShippingAddress.swift
/Users/admin/builder/spi-builder-workspace/Sources/PortOneSdk/IdentityVerificationViewController.swift:2:8: error: no such module 'UIKit'
 1 | import SwiftUI
 2 | import UIKit
   |        `- error: no such module 'UIKit'
 3 |
 4 | @available(iOS 14.0, *)
[22/182] Compiling PortOneSdk LoadPaymentUiPaypalV2AdditionalData.swift
/Users/admin/builder/spi-builder-workspace/Sources/PortOneSdk/IdentityVerificationViewController.swift:2:8: error: no such module 'UIKit'
 1 | import SwiftUI
 2 | import UIKit
   |        `- error: no such module 'UIKit'
 3 |
 4 | @available(iOS 14.0, *)
[23/182] Compiling PortOneSdk LoadPaymentUiPaypalV2Style.swift
/Users/admin/builder/spi-builder-workspace/Sources/PortOneSdk/IdentityVerificationViewController.swift:2:8: error: no such module 'UIKit'
 1 | import SwiftUI
 2 | import UIKit
   |        `- error: no such module 'UIKit'
 3 |
 4 | @available(iOS 14.0, *)
[24/201] Compiling PortOneSdk InicisV2Bypass.swift
/Users/admin/builder/spi-builder-workspace/Sources/PortOneSdk/IdentityVerificationViewController.swift:2:8: error: no such module 'UIKit'
 1 | import SwiftUI
 2 | import UIKit
   |        `- error: no such module 'UIKit'
 3 |
 4 | @available(iOS 14.0, *)
[25/201] Compiling PortOneSdk KakaopayPaymentBypass.swift
/Users/admin/builder/spi-builder-workspace/Sources/PortOneSdk/IdentityVerificationViewController.swift:2:8: error: no such module 'UIKit'
 1 | import SwiftUI
 2 | import UIKit
   |        `- error: no such module 'UIKit'
 3 |
 4 | @available(iOS 14.0, *)
[26/201] Compiling PortOneSdk KcpV2Bypass.swift
/Users/admin/builder/spi-builder-workspace/Sources/PortOneSdk/IdentityVerificationViewController.swift:2:8: error: no such module 'UIKit'
 1 | import SwiftUI
 2 | import UIKit
   |        `- error: no such module 'UIKit'
 3 |
 4 | @available(iOS 14.0, *)
[27/201] Compiling PortOneSdk KcpV2ComplexPnt.swift
/Users/admin/builder/spi-builder-workspace/Sources/PortOneSdk/IdentityVerificationViewController.swift:2:8: error: no such module 'UIKit'
 1 | import SwiftUI
 2 | import UIKit
   |        `- error: no such module 'UIKit'
 3 |
 4 | @available(iOS 14.0, *)
[28/201] Compiling PortOneSdk KcpV2DispTax.swift
/Users/admin/builder/spi-builder-workspace/Sources/PortOneSdk/IdentityVerificationViewController.swift:2:8: error: no such module 'UIKit'
 1 | import SwiftUI
 2 | import UIKit
   |        `- error: no such module 'UIKit'
 3 |
 4 | @available(iOS 14.0, *)
[29/201] Compiling PortOneSdk KpnBypass.swift
/Users/admin/builder/spi-builder-workspace/Sources/PortOneSdk/IdentityVerificationViewController.swift:2:8: error: no such module 'UIKit'
 1 | import SwiftUI
 2 | import UIKit
   |        `- error: no such module 'UIKit'
 3 |
 4 | @available(iOS 14.0, *)
[30/201] Compiling PortOneSdk KpnCardSelect.swift
/Users/admin/builder/spi-builder-workspace/Sources/PortOneSdk/IdentityVerificationViewController.swift:2:8: error: no such module 'UIKit'
 1 | import SwiftUI
 2 | import UIKit
   |        `- error: no such module 'UIKit'
 3 |
 4 | @available(iOS 14.0, *)
[31/201] Compiling PortOneSdk KsnetPaymentBypass.swift
/Users/admin/builder/spi-builder-workspace/Sources/PortOneSdk/IdentityVerificationViewController.swift:2:8: error: no such module 'UIKit'
 1 | import SwiftUI
 2 | import UIKit
   |        `- error: no such module 'UIKit'
 3 |
 4 | @available(iOS 14.0, *)
[32/201] Compiling PortOneSdk KsnetSndKakaopayType.swift
/Users/admin/builder/spi-builder-workspace/Sources/PortOneSdk/IdentityVerificationViewController.swift:2:8: error: no such module 'UIKit'
 1 | import SwiftUI
 2 | import UIKit
   |        `- error: no such module 'UIKit'
 3 |
 4 | @available(iOS 14.0, *)
[33/201] Compiling PortOneSdk KsnetSndQpayType.swift
/Users/admin/builder/spi-builder-workspace/Sources/PortOneSdk/IdentityVerificationViewController.swift:2:8: error: no such module 'UIKit'
 1 | import SwiftUI
 2 | import UIKit
   |        `- error: no such module 'UIKit'
 3 |
 4 | @available(iOS 14.0, *)
[34/201] Compiling PortOneSdk MobiliansV2Bypass.swift
/Users/admin/builder/spi-builder-workspace/Sources/PortOneSdk/IdentityVerificationViewController.swift:2:8: error: no such module 'UIKit'
 1 | import SwiftUI
 2 | import UIKit
   |        `- error: no such module 'UIKit'
 3 |
 4 | @available(iOS 14.0, *)
[35/201] Compiling PortOneSdk MobiliansV2HiddenOptions.swift
/Users/admin/builder/spi-builder-workspace/Sources/PortOneSdk/IdentityVerificationViewController.swift:2:8: error: no such module 'UIKit'
 1 | import SwiftUI
 2 | import UIKit
   |        `- error: no such module 'UIKit'
 3 |
 4 | @available(iOS 14.0, *)
[36/201] Compiling PortOneSdk MobiliansV2PayOptions.swift
/Users/admin/builder/spi-builder-workspace/Sources/PortOneSdk/IdentityVerificationViewController.swift:2:8: error: no such module 'UIKit'
 1 | import SwiftUI
 2 | import UIKit
   |        `- error: no such module 'UIKit'
 3 |
 4 | @available(iOS 14.0, *)
[37/201] Compiling PortOneSdk NaverpayPaymentBypass.swift
/Users/admin/builder/spi-builder-workspace/Sources/PortOneSdk/IdentityVerificationViewController.swift:2:8: error: no such module 'UIKit'
 1 | import SwiftUI
 2 | import UIKit
   |        `- error: no such module 'UIKit'
 3 |
 4 | @available(iOS 14.0, *)
[38/201] Compiling PortOneSdk NaverpayProductItem.swift
/Users/admin/builder/spi-builder-workspace/Sources/PortOneSdk/IdentityVerificationViewController.swift:2:8: error: no such module 'UIKit'
 1 | import SwiftUI
 2 | import UIKit
   |        `- error: no such module 'UIKit'
 3 |
 4 | @available(iOS 14.0, *)
[39/201] Compiling PortOneSdk NaverpayProductItemPayReferrer.swift
/Users/admin/builder/spi-builder-workspace/Sources/PortOneSdk/IdentityVerificationViewController.swift:2:8: error: no such module 'UIKit'
 1 | import SwiftUI
 2 | import UIKit
   |        `- error: no such module 'UIKit'
 3 |
 4 | @available(iOS 14.0, *)
[40/201] Compiling PortOneSdk NaverpaySubMerchantInfo.swift
/Users/admin/builder/spi-builder-workspace/Sources/PortOneSdk/IdentityVerificationViewController.swift:2:8: error: no such module 'UIKit'
 1 | import SwiftUI
 2 | import UIKit
   |        `- error: no such module 'UIKit'
 3 |
 4 | @available(iOS 14.0, *)
[41/201] Compiling PortOneSdk NiceV2DirectCoupon.swift
/Users/admin/builder/spi-builder-workspace/Sources/PortOneSdk/IdentityVerificationViewController.swift:2:8: error: no such module 'UIKit'
 1 | import SwiftUI
 2 | import UIKit
   |        `- error: no such module 'UIKit'
 3 |
 4 | @available(iOS 14.0, *)
[42/201] Compiling PortOneSdk NiceV2DirectShow.swift
/Users/admin/builder/spi-builder-workspace/Sources/PortOneSdk/IdentityVerificationViewController.swift:2:8: error: no such module 'UIKit'
 1 | import SwiftUI
 2 | import UIKit
   |        `- error: no such module 'UIKit'
 3 |
 4 | @available(iOS 14.0, *)
[43/201] Compiling PortOneSdk NiceV2DisableScroll.swift
/Users/admin/builder/spi-builder-workspace/Sources/PortOneSdk/IdentityVerificationViewController.swift:2:8: error: no such module 'UIKit'
 1 | import SwiftUI
 2 | import UIKit
   |        `- error: no such module 'UIKit'
 3 |
 4 | @available(iOS 14.0, *)
[44/201] Compiling PortOneSdk IdentityVerificationRequest.swift
/Users/admin/builder/spi-builder-workspace/Sources/PortOneSdk/IdentityVerificationViewController.swift:2:8: error: no such module 'UIKit'
 1 | import SwiftUI
 2 | import UIKit
   |        `- error: no such module 'UIKit'
 3 |
 4 | @available(iOS 14.0, *)
[45/201] Compiling PortOneSdk IssueBillingKeyAndPayRequest.swift
/Users/admin/builder/spi-builder-workspace/Sources/PortOneSdk/IdentityVerificationViewController.swift:2:8: error: no such module 'UIKit'
 1 | import SwiftUI
 2 | import UIKit
   |        `- error: no such module 'UIKit'
 3 |
 4 | @available(iOS 14.0, *)
[46/201] Compiling PortOneSdk IssueBillingKeyAndPayRequestUnionMobile.swift
/Users/admin/builder/spi-builder-workspace/Sources/PortOneSdk/IdentityVerificationViewController.swift:2:8: error: no such module 'UIKit'
 1 | import SwiftUI
 2 | import UIKit
   |        `- error: no such module 'UIKit'
 3 |
 4 | @available(iOS 14.0, *)
[47/201] Compiling PortOneSdk IssueBillingKeyRequest.swift
/Users/admin/builder/spi-builder-workspace/Sources/PortOneSdk/IdentityVerificationViewController.swift:2:8: error: no such module 'UIKit'
 1 | import SwiftUI
 2 | import UIKit
   |        `- error: no such module 'UIKit'
 3 |
 4 | @available(iOS 14.0, *)
[48/201] Compiling PortOneSdk IssueBillingKeyRequestUnionCard.swift
/Users/admin/builder/spi-builder-workspace/Sources/PortOneSdk/IdentityVerificationViewController.swift:2:8: error: no such module 'UIKit'
 1 | import SwiftUI
 2 | import UIKit
   |        `- error: no such module 'UIKit'
 3 |
 4 | @available(iOS 14.0, *)
[49/201] Compiling PortOneSdk IssueBillingKeyRequestUnionEasyPay.swift
/Users/admin/builder/spi-builder-workspace/Sources/PortOneSdk/IdentityVerificationViewController.swift:2:8: error: no such module 'UIKit'
 1 | import SwiftUI
 2 | import UIKit
   |        `- error: no such module 'UIKit'
 3 |
 4 | @available(iOS 14.0, *)
[50/201] Compiling PortOneSdk IssueBillingKeyRequestUnionMobile.swift
/Users/admin/builder/spi-builder-workspace/Sources/PortOneSdk/IdentityVerificationViewController.swift:2:8: error: no such module 'UIKit'
 1 | import SwiftUI
 2 | import UIKit
   |        `- error: no such module 'UIKit'
 3 |
 4 | @available(iOS 14.0, *)
[51/201] Compiling PortOneSdk IssueBillingKeyRequestUnionPaypal.swift
/Users/admin/builder/spi-builder-workspace/Sources/PortOneSdk/IdentityVerificationViewController.swift:2:8: error: no such module 'UIKit'
 1 | import SwiftUI
 2 | import UIKit
   |        `- error: no such module 'UIKit'
 3 |
 4 | @available(iOS 14.0, *)
[52/201] Compiling PortOneSdk LoadIssueBillingKeyUIRequest.swift
/Users/admin/builder/spi-builder-workspace/Sources/PortOneSdk/IdentityVerificationViewController.swift:2:8: error: no such module 'UIKit'
 1 | import SwiftUI
 2 | import UIKit
   |        `- error: no such module 'UIKit'
 3 |
 4 | @available(iOS 14.0, *)
[53/201] Compiling PortOneSdk LoadPaymentUIRequest.swift
/Users/admin/builder/spi-builder-workspace/Sources/PortOneSdk/IdentityVerificationViewController.swift:2:8: error: no such module 'UIKit'
 1 | import SwiftUI
 2 | import UIKit
   |        `- error: no such module 'UIKit'
 3 |
 4 | @available(iOS 14.0, *)
[54/201] Compiling PortOneSdk PaymentRequest.swift
/Users/admin/builder/spi-builder-workspace/Sources/PortOneSdk/IdentityVerificationViewController.swift:2:8: error: no such module 'UIKit'
 1 | import SwiftUI
 2 | import UIKit
   |        `- error: no such module 'UIKit'
 3 |
 4 | @available(iOS 14.0, *)
[55/201] Compiling PortOneSdk PaymentRequestUnionAlipay.swift
/Users/admin/builder/spi-builder-workspace/Sources/PortOneSdk/IdentityVerificationViewController.swift:2:8: error: no such module 'UIKit'
 1 | import SwiftUI
 2 | import UIKit
   |        `- error: no such module 'UIKit'
 3 |
 4 | @available(iOS 14.0, *)
[56/201] Compiling PortOneSdk PaymentRequestUnionAlipayPlus.swift
/Users/admin/builder/spi-builder-workspace/Sources/PortOneSdk/IdentityVerificationViewController.swift:2:8: error: no such module 'UIKit'
 1 | import SwiftUI
 2 | import UIKit
   |        `- error: no such module 'UIKit'
 3 |
 4 | @available(iOS 14.0, *)
[57/201] Compiling PortOneSdk PaymentRequestUnionCard.swift
/Users/admin/builder/spi-builder-workspace/Sources/PortOneSdk/IdentityVerificationViewController.swift:2:8: error: no such module 'UIKit'
 1 | import SwiftUI
 2 | import UIKit
   |        `- error: no such module 'UIKit'
 3 |
 4 | @available(iOS 14.0, *)
[58/201] Compiling PortOneSdk PaymentRequestUnionConvenienceStore.swift
/Users/admin/builder/spi-builder-workspace/Sources/PortOneSdk/IdentityVerificationViewController.swift:2:8: error: no such module 'UIKit'
 1 | import SwiftUI
 2 | import UIKit
   |        `- error: no such module 'UIKit'
 3 |
 4 | @available(iOS 14.0, *)
[59/201] Compiling PortOneSdk PaymentRequestUnionConvenienceStorePaymentDeadline.swift
/Users/admin/builder/spi-builder-workspace/Sources/PortOneSdk/IdentityVerificationViewController.swift:2:8: error: no such module 'UIKit'
 1 | import SwiftUI
 2 | import UIKit
   |        `- error: no such module 'UIKit'
 3 |
 4 | @available(iOS 14.0, *)
[60/201] Compiling PortOneSdk PaymentRequestUnionEasyPay.swift
/Users/admin/builder/spi-builder-workspace/Sources/PortOneSdk/IdentityVerificationViewController.swift:2:8: error: no such module 'UIKit'
 1 | import SwiftUI
 2 | import UIKit
   |        `- error: no such module 'UIKit'
 3 |
 4 | @available(iOS 14.0, *)
[61/201] Compiling PortOneSdk PaymentRequestUnionGiftCertificate.swift
/Users/admin/builder/spi-builder-workspace/Sources/PortOneSdk/IdentityVerificationViewController.swift:2:8: error: no such module 'UIKit'
 1 | import SwiftUI
 2 | import UIKit
   |        `- error: no such module 'UIKit'
 3 |
 4 | @available(iOS 14.0, *)
[62/201] Compiling PortOneSdk PaymentRequestUnionMobile.swift
/Users/admin/builder/spi-builder-workspace/Sources/PortOneSdk/IdentityVerificationViewController.swift:2:8: error: no such module 'UIKit'
 1 | import SwiftUI
 2 | import UIKit
   |        `- error: no such module 'UIKit'
 3 |
 4 | @available(iOS 14.0, *)
[63/201] Compiling PortOneSdk IssueBillingKeyBypass.swift
/Users/admin/builder/spi-builder-workspace/Sources/PortOneSdk/IdentityVerificationViewController.swift:2:8: error: no such module 'UIKit'
 1 | import SwiftUI
 2 | import UIKit
   |        `- error: no such module 'UIKit'
 3 |
 4 | @available(iOS 14.0, *)
[64/201] Compiling PortOneSdk LoadIssueBillingKeyUIBypass.swift
/Users/admin/builder/spi-builder-workspace/Sources/PortOneSdk/IdentityVerificationViewController.swift:2:8: error: no such module 'UIKit'
 1 | import SwiftUI
 2 | import UIKit
   |        `- error: no such module 'UIKit'
 3 |
 4 | @available(iOS 14.0, *)
[65/201] Compiling PortOneSdk LoadPaymentUIBypass.swift
/Users/admin/builder/spi-builder-workspace/Sources/PortOneSdk/IdentityVerificationViewController.swift:2:8: error: no such module 'UIKit'
 1 | import SwiftUI
 2 | import UIKit
   |        `- error: no such module 'UIKit'
 3 |
 4 | @available(iOS 14.0, *)
[66/201] Compiling PortOneSdk PaymentBypass.swift
/Users/admin/builder/spi-builder-workspace/Sources/PortOneSdk/IdentityVerificationViewController.swift:2:8: error: no such module 'UIKit'
 1 | import SwiftUI
 2 | import UIKit
   |        `- error: no such module 'UIKit'
 3 |
 4 | @available(iOS 14.0, *)
[67/201] Compiling PortOneSdk DanalIdentityVerificationBypass.swift
/Users/admin/builder/spi-builder-workspace/Sources/PortOneSdk/IdentityVerificationViewController.swift:2:8: error: no such module 'UIKit'
 1 | import SwiftUI
 2 | import UIKit
   |        `- error: no such module 'UIKit'
 3 |
 4 | @available(iOS 14.0, *)
[68/201] Compiling PortOneSdk InicisUnifiedDirectAgency.swift
/Users/admin/builder/spi-builder-workspace/Sources/PortOneSdk/IdentityVerificationViewController.swift:2:8: error: no such module 'UIKit'
 1 | import SwiftUI
 2 | import UIKit
   |        `- error: no such module 'UIKit'
 3 |
 4 | @available(iOS 14.0, *)
[69/201] Compiling PortOneSdk InicisUnifiedFlgFixedUser.swift
/Users/admin/builder/spi-builder-workspace/Sources/PortOneSdk/IdentityVerificationViewController.swift:2:8: error: no such module 'UIKit'
 1 | import SwiftUI
 2 | import UIKit
   |        `- error: no such module 'UIKit'
 3 |
 4 | @available(iOS 14.0, *)
[70/201] Compiling PortOneSdk InicisUnifiedIdentityVerificationBypass.swift
/Users/admin/builder/spi-builder-workspace/Sources/PortOneSdk/IdentityVerificationViewController.swift:2:8: error: no such module 'UIKit'
 1 | import SwiftUI
 2 | import UIKit
   |        `- error: no such module 'UIKit'
 3 |
 4 | @available(iOS 14.0, *)
[71/201] Compiling PortOneSdk KcpV2IdentityVerificationBypass.swift
/Users/admin/builder/spi-builder-workspace/Sources/PortOneSdk/IdentityVerificationViewController.swift:2:8: error: no such module 'UIKit'
 1 | import SwiftUI
 2 | import UIKit
   |        `- error: no such module 'UIKit'
 3 |
 4 | @available(iOS 14.0, *)
[72/201] Compiling PortOneSdk GalaxiaIssueBillingKeyBypass.swift
/Users/admin/builder/spi-builder-workspace/Sources/PortOneSdk/IdentityVerificationViewController.swift:2:8: error: no such module 'UIKit'
 1 | import SwiftUI
 2 | import UIKit
   |        `- error: no such module 'UIKit'
 3 |
 4 | @available(iOS 14.0, *)
[73/201] Compiling PortOneSdk InicisV2CardUse.swift
/Users/admin/builder/spi-builder-workspace/Sources/PortOneSdk/IdentityVerificationViewController.swift:2:8: error: no such module 'UIKit'
 1 | import SwiftUI
 2 | import UIKit
   |        `- error: no such module 'UIKit'
 3 |
 4 | @available(iOS 14.0, *)
[74/201] Compiling PortOneSdk InicisV2IssueBillingKeyBypass.swift
/Users/admin/builder/spi-builder-workspace/Sources/PortOneSdk/IdentityVerificationViewController.swift:2:8: error: no such module 'UIKit'
 1 | import SwiftUI
 2 | import UIKit
   |        `- error: no such module 'UIKit'
 3 |
 4 | @available(iOS 14.0, *)
[75/201] Compiling PortOneSdk IssueBillingKeySmartroV2SkinColor.swift
/Users/admin/builder/spi-builder-workspace/Sources/PortOneSdk/IdentityVerificationViewController.swift:2:8: error: no such module 'UIKit'
 1 | import SwiftUI
 2 | import UIKit
   |        `- error: no such module 'UIKit'
 3 |
 4 | @available(iOS 14.0, *)
[76/201] Compiling PortOneSdk KcpV2BatchSocChoice.swift
/Users/admin/builder/spi-builder-workspace/Sources/PortOneSdk/IdentityVerificationViewController.swift:2:8: error: no such module 'UIKit'
 1 | import SwiftUI
 2 | import UIKit
   |        `- error: no such module 'UIKit'
 3 |
 4 | @available(iOS 14.0, *)
[77/201] Compiling PortOneSdk KcpV2IssueBillingKeyBypass.swift
/Users/admin/builder/spi-builder-workspace/Sources/PortOneSdk/IdentityVerificationViewController.swift:2:8: error: no such module 'UIKit'
 1 | import SwiftUI
 2 | import UIKit
   |        `- error: no such module 'UIKit'
 3 |
 4 | @available(iOS 14.0, *)
[78/201] Compiling PortOneSdk NaverpayIssueBillingKeyBypass.swift
/Users/admin/builder/spi-builder-workspace/Sources/PortOneSdk/IdentityVerificationViewController.swift:2:8: error: no such module 'UIKit'
 1 | import SwiftUI
 2 | import UIKit
   |        `- error: no such module 'UIKit'
 3 |
 4 | @available(iOS 14.0, *)
[79/201] Compiling PortOneSdk SmartroV2IsPwdPass.swift
/Users/admin/builder/spi-builder-workspace/Sources/PortOneSdk/IdentityVerificationViewController.swift:2:8: error: no such module 'UIKit'
 1 | import SwiftUI
 2 | import UIKit
   |        `- error: no such module 'UIKit'
 3 |
 4 | @available(iOS 14.0, *)
[80/201] Compiling PortOneSdk SmartroV2IssueBillingKeyBypass.swift
/Users/admin/builder/spi-builder-workspace/Sources/PortOneSdk/IdentityVerificationViewController.swift:2:8: error: no such module 'UIKit'
 1 | import SwiftUI
 2 | import UIKit
   |        `- error: no such module 'UIKit'
 3 |
 4 | @available(iOS 14.0, *)
[81/201] Compiling PortOneSdk TosspayV2IssueBillingKeyBypass.swift
/Users/admin/builder/spi-builder-workspace/Sources/PortOneSdk/IdentityVerificationViewController.swift:2:8: error: no such module 'UIKit'
 1 | import SwiftUI
 2 | import UIKit
   |        `- error: no such module 'UIKit'
 3 |
 4 | @available(iOS 14.0, *)
[82/201] Compiling PortOneSdk WelcomeIssueBillingKeyBypass.swift
/Users/admin/builder/spi-builder-workspace/Sources/PortOneSdk/IdentityVerificationViewController.swift:2:8: error: no such module 'UIKit'
 1 | import SwiftUI
 2 | import UIKit
   |        `- error: no such module 'UIKit'
 3 |
 4 | @available(iOS 14.0, *)
[83/201] Compiling PortOneSdk NiceV2PaymentBypass.swift
/Users/admin/builder/spi-builder-workspace/Sources/PortOneSdk/IdentityVerificationViewController.swift:2:8: error: no such module 'UIKit'
 1 | import SwiftUI
 2 | import UIKit
   |        `- error: no such module 'UIKit'
 3 |
 4 | @available(iOS 14.0, *)
[84/201] Compiling PortOneSdk NiceV2SamPayMallType.swift
/Users/admin/builder/spi-builder-workspace/Sources/PortOneSdk/IdentityVerificationViewController.swift:2:8: error: no such module 'UIKit'
 1 | import SwiftUI
 2 | import UIKit
   |        `- error: no such module 'UIKit'
 3 |
 4 | @available(iOS 14.0, *)
[85/201] Compiling PortOneSdk NiceV2SkinType.swift
/Users/admin/builder/spi-builder-workspace/Sources/PortOneSdk/IdentityVerificationViewController.swift:2:8: error: no such module 'UIKit'
 1 | import SwiftUI
 2 | import UIKit
   |        `- error: no such module 'UIKit'
 3 |
 4 | @available(iOS 14.0, *)
[86/201] Compiling PortOneSdk PayletterGlobalBypass.swift
/Users/admin/builder/spi-builder-workspace/Sources/PortOneSdk/IdentityVerificationViewController.swift:2:8: error: no such module 'UIKit'
 1 | import SwiftUI
 2 | import UIKit
   |        `- error: no such module 'UIKit'
 3 |
 4 | @available(iOS 14.0, *)
[87/201] Compiling PortOneSdk PaymentEximbayV2BillTo.swift
/Users/admin/builder/spi-builder-workspace/Sources/PortOneSdk/IdentityVerificationViewController.swift:2:8: error: no such module 'UIKit'
 1 | import SwiftUI
 2 | import UIKit
   |        `- error: no such module 'UIKit'
 3 |
 4 | @available(iOS 14.0, *)
[88/201] Compiling PortOneSdk PaymentEximbayV2Merchant.swift
/Users/admin/builder/spi-builder-workspace/Sources/PortOneSdk/IdentityVerificationViewController.swift:2:8: error: no such module 'UIKit'
 1 | import SwiftUI
 2 | import UIKit
   |        `- error: no such module 'UIKit'
 3 |
 4 | @available(iOS 14.0, *)
[89/201] Compiling PortOneSdk PaymentEximbayV2Payment.swift
/Users/admin/builder/spi-builder-workspace/Sources/PortOneSdk/IdentityVerificationViewController.swift:2:8: error: no such module 'UIKit'
 1 | import SwiftUI
 2 | import UIKit
   |        `- error: no such module 'UIKit'
 3 |
 4 | @available(iOS 14.0, *)
[90/201] Compiling PortOneSdk PaymentEximbayV2ShipTo.swift
/Users/admin/builder/spi-builder-workspace/Sources/PortOneSdk/IdentityVerificationViewController.swift:2:8: error: no such module 'UIKit'
 1 | import SwiftUI
 2 | import UIKit
   |        `- error: no such module 'UIKit'
 3 |
 4 | @available(iOS 14.0, *)
[91/201] Compiling PortOneSdk PaymentEximbayV2Surcharge.swift
/Users/admin/builder/spi-builder-workspace/Sources/PortOneSdk/IdentityVerificationViewController.swift:2:8: error: no such module 'UIKit'
 1 | import SwiftUI
 2 | import UIKit
   |        `- error: no such module 'UIKit'
 3 |
 4 | @available(iOS 14.0, *)
[92/201] Compiling PortOneSdk PaymentSmartroV2SkinColor.swift
/Users/admin/builder/spi-builder-workspace/Sources/PortOneSdk/IdentityVerificationViewController.swift:2:8: error: no such module 'UIKit'
 1 | import SwiftUI
 2 | import UIKit
   |        `- error: no such module 'UIKit'
 3 |
 4 | @available(iOS 14.0, *)
[93/201] Compiling PortOneSdk PaymentwallBypass.swift
/Users/admin/builder/spi-builder-workspace/Sources/PortOneSdk/IdentityVerificationViewController.swift:2:8: error: no such module 'UIKit'
 1 | import SwiftUI
 2 | import UIKit
   |        `- error: no such module 'UIKit'
 3 |
 4 | @available(iOS 14.0, *)
[94/201] Compiling PortOneSdk PaypalV2PaymentBypass.swift
/Users/admin/builder/spi-builder-workspace/Sources/PortOneSdk/IdentityVerificationViewController.swift:2:8: error: no such module 'UIKit'
 1 | import SwiftUI
 2 | import UIKit
   |        `- error: no such module 'UIKit'
 3 |
 4 | @available(iOS 14.0, *)
[95/201] Compiling PortOneSdk PaypalV2PaymentSource.swift
/Users/admin/builder/spi-builder-workspace/Sources/PortOneSdk/IdentityVerificationViewController.swift:2:8: error: no such module 'UIKit'
 1 | import SwiftUI
 2 | import UIKit
   |        `- error: no such module 'UIKit'
 3 |
 4 | @available(iOS 14.0, *)
[96/201] Compiling PortOneSdk PaypalV2PaymentSourcePaypal.swift
/Users/admin/builder/spi-builder-workspace/Sources/PortOneSdk/IdentityVerificationViewController.swift:2:8: error: no such module 'UIKit'
 1 | import SwiftUI
 2 | import UIKit
   |        `- error: no such module 'UIKit'
 3 |
 4 | @available(iOS 14.0, *)
[97/201] Compiling PortOneSdk PaypalV2PaymentSourcePaypalExperienceContext.swift
/Users/admin/builder/spi-builder-workspace/Sources/PortOneSdk/IdentityVerificationViewController.swift:2:8: error: no such module 'UIKit'
 1 | import SwiftUI
 2 | import UIKit
   |        `- error: no such module 'UIKit'
 3 |
 4 | @available(iOS 14.0, *)
[98/201] Compiling PortOneSdk PaypalV2PaymentSourcePaypalExperienceContextLandingPage.swift
/Users/admin/builder/spi-builder-workspace/Sources/PortOneSdk/IdentityVerificationViewController.swift:2:8: error: no such module 'UIKit'
 1 | import SwiftUI
 2 | import UIKit
   |        `- error: no such module 'UIKit'
 3 |
 4 | @available(iOS 14.0, *)
[99/201] Compiling PortOneSdk PaypalV2PaymentSourcePaypalExperienceContextPaymentMethodPreference.swift
/Users/admin/builder/spi-builder-workspace/Sources/PortOneSdk/IdentityVerificationViewController.swift:2:8: error: no such module 'UIKit'
 1 | import SwiftUI
 2 | import UIKit
   |        `- error: no such module 'UIKit'
 3 |
 4 | @available(iOS 14.0, *)
[100/201] Compiling PortOneSdk PaypalV2PaymentSourcePaypalExperienceContextShippingPreference.swift
/Users/admin/builder/spi-builder-workspace/Sources/PortOneSdk/IdentityVerificationViewController.swift:2:8: error: no such module 'UIKit'
 1 | import SwiftUI
 2 | import UIKit
   |        `- error: no such module 'UIKit'
 3 |
 4 | @available(iOS 14.0, *)
[101/201] Compiling PortOneSdk SmartroV2OpenType.swift
/Users/admin/builder/spi-builder-workspace/Sources/PortOneSdk/IdentityVerificationViewController.swift:2:8: error: no such module 'UIKit'
 1 | import SwiftUI
 2 | import UIKit
   |        `- error: no such module 'UIKit'
 3 |
 4 | @available(iOS 14.0, *)
[102/201] Compiling PortOneSdk SmartroV2PaymentBypass.swift
/Users/admin/builder/spi-builder-workspace/Sources/PortOneSdk/IdentityVerificationViewController.swift:2:8: error: no such module 'UIKit'
 1 | import SwiftUI
 2 | import UIKit
   |        `- error: no such module 'UIKit'
 3 |
 4 | @available(iOS 14.0, *)
[103/201] Compiling PortOneSdk IssueBillingKeyUIType.swift
/Users/admin/builder/spi-builder-workspace/Sources/PortOneSdk/IdentityVerificationViewController.swift:2:8: error: no such module 'UIKit'
 1 | import SwiftUI
 2 | import UIKit
   |        `- error: no such module 'UIKit'
 3 |
 4 | @available(iOS 14.0, *)
[104/201] Compiling PortOneSdk LoadableUIType.swift
/Users/admin/builder/spi-builder-workspace/Sources/PortOneSdk/IdentityVerificationViewController.swift:2:8: error: no such module 'UIKit'
 1 | import SwiftUI
 2 | import UIKit
   |        `- error: no such module 'UIKit'
 3 |
 4 | @available(iOS 14.0, *)
[105/201] Compiling PortOneSdk OfferPeriod.swift
/Users/admin/builder/spi-builder-workspace/Sources/PortOneSdk/IdentityVerificationViewController.swift:2:8: error: no such module 'UIKit'
 1 | import SwiftUI
 2 | import UIKit
   |        `- error: no such module 'UIKit'
 3 |
 4 | @available(iOS 14.0, *)
[106/201] Compiling PortOneSdk OfferPeriodRange.swift
/Users/admin/builder/spi-builder-workspace/Sources/PortOneSdk/IdentityVerificationViewController.swift:2:8: error: no such module 'UIKit'
 1 | import SwiftUI
 2 | import UIKit
   |        `- error: no such module 'UIKit'
 3 |
 4 | @available(iOS 14.0, *)
[107/201] Compiling PortOneSdk OfferPeriodRangeFrom.swift
/Users/admin/builder/spi-builder-workspace/Sources/PortOneSdk/IdentityVerificationViewController.swift:2:8: error: no such module 'UIKit'
 1 | import SwiftUI
 2 | import UIKit
   |        `- error: no such module 'UIKit'
 3 |
 4 | @available(iOS 14.0, *)
[108/201] Compiling PortOneSdk OfferPeriodRangeFromTo.swift
/Users/admin/builder/spi-builder-workspace/Sources/PortOneSdk/IdentityVerificationViewController.swift:2:8: error: no such module 'UIKit'
 1 | import SwiftUI
 2 | import UIKit
   |        `- error: no such module 'UIKit'
 3 |
 4 | @available(iOS 14.0, *)
[109/201] Compiling PortOneSdk OfferPeriodRangeTo.swift
/Users/admin/builder/spi-builder-workspace/Sources/PortOneSdk/IdentityVerificationViewController.swift:2:8: error: no such module 'UIKit'
 1 | import SwiftUI
 2 | import UIKit
   |        `- error: no such module 'UIKit'
 3 |
 4 | @available(iOS 14.0, *)
[110/201] Compiling PortOneSdk PaymentPayMethod.swift
/Users/admin/builder/spi-builder-workspace/Sources/PortOneSdk/IdentityVerificationViewController.swift:2:8: error: no such module 'UIKit'
 1 | import SwiftUI
 2 | import UIKit
   |        `- error: no such module 'UIKit'
 3 |
 4 | @available(iOS 14.0, *)
[111/201] Compiling PortOneSdk PaymentUIType.swift
/Users/admin/builder/spi-builder-workspace/Sources/PortOneSdk/IdentityVerificationViewController.swift:2:8: error: no such module 'UIKit'
 1 | import SwiftUI
 2 | import UIKit
   |        `- error: no such module 'UIKit'
 3 |
 4 | @available(iOS 14.0, *)
[112/201] Compiling PortOneSdk Popup.swift
/Users/admin/builder/spi-builder-workspace/Sources/PortOneSdk/IdentityVerificationViewController.swift:2:8: error: no such module 'UIKit'
 1 | import SwiftUI
 2 | import UIKit
   |        `- error: no such module 'UIKit'
 3 |
 4 | @available(iOS 14.0, *)
[113/201] Compiling PortOneSdk PortOneLocale.swift
/Users/admin/builder/spi-builder-workspace/Sources/PortOneSdk/IdentityVerificationViewController.swift:2:8: error: no such module 'UIKit'
 1 | import SwiftUI
 2 | import UIKit
   |        `- error: no such module 'UIKit'
 3 |
 4 | @available(iOS 14.0, *)
[114/201] Compiling PortOneSdk Product.swift
/Users/admin/builder/spi-builder-workspace/Sources/PortOneSdk/IdentityVerificationViewController.swift:2:8: error: no such module 'UIKit'
 1 | import SwiftUI
 2 | import UIKit
   |        `- error: no such module 'UIKit'
 3 |
 4 | @available(iOS 14.0, *)
[115/201] Compiling PortOneSdk ProductType.swift
/Users/admin/builder/spi-builder-workspace/Sources/PortOneSdk/IdentityVerificationViewController.swift:2:8: error: no such module 'UIKit'
 1 | import SwiftUI
 2 | import UIKit
   |        `- error: no such module 'UIKit'
 3 |
 4 | @available(iOS 14.0, *)
[116/201] Compiling PortOneSdk StoreDetails.swift
/Users/admin/builder/spi-builder-workspace/Sources/PortOneSdk/IdentityVerificationViewController.swift:2:8: error: no such module 'UIKit'
 1 | import SwiftUI
 2 | import UIKit
   |        `- error: no such module 'UIKit'
 3 |
 4 | @available(iOS 14.0, *)
[117/201] Compiling PortOneSdk StoreDetailsOpeningHours.swift
/Users/admin/builder/spi-builder-workspace/Sources/PortOneSdk/IdentityVerificationViewController.swift:2:8: error: no such module 'UIKit'
 1 | import SwiftUI
 2 | import UIKit
   |        `- error: no such module 'UIKit'
 3 |
 4 | @available(iOS 14.0, *)
[118/201] Compiling PortOneSdk TransactionType.swift
/Users/admin/builder/spi-builder-workspace/Sources/PortOneSdk/IdentityVerificationViewController.swift:2:8: error: no such module 'UIKit'
 1 | import SwiftUI
 2 | import UIKit
   |        `- error: no such module 'UIKit'
 3 |
 4 | @available(iOS 14.0, *)
[119/201] Compiling PortOneSdk WindowType.swift
/Users/admin/builder/spi-builder-workspace/Sources/PortOneSdk/IdentityVerificationViewController.swift:2:8: error: no such module 'UIKit'
 1 | import SwiftUI
 2 | import UIKit
   |        `- error: no such module 'UIKit'
 3 |
 4 | @available(iOS 14.0, *)
[120/201] Compiling PortOneSdk WindowTypes.swift
/Users/admin/builder/spi-builder-workspace/Sources/PortOneSdk/IdentityVerificationViewController.swift:2:8: error: no such module 'UIKit'
 1 | import SwiftUI
 2 | import UIKit
   |        `- error: no such module 'UIKit'
 3 |
 4 | @available(iOS 14.0, *)
[121/201] Compiling PortOneSdk IdentityVerificationBypass.swift
/Users/admin/builder/spi-builder-workspace/Sources/PortOneSdk/IdentityVerificationViewController.swift:2:8: error: no such module 'UIKit'
 1 | import SwiftUI
 2 | import UIKit
   |        `- error: no such module 'UIKit'
 3 |
 4 | @available(iOS 14.0, *)
[122/201] Compiling PortOneSdk IssueBillingKeyAndPayBypass.swift
/Users/admin/builder/spi-builder-workspace/Sources/PortOneSdk/IdentityVerificationViewController.swift:2:8: error: no such module 'UIKit'
 1 | import SwiftUI
 2 | import UIKit
   |        `- error: no such module 'UIKit'
 3 |
 4 | @available(iOS 14.0, *)
[123/201] Compiling PortOneSdk LoadPaymentUiPaypalV2StyleColor.swift
/Users/admin/builder/spi-builder-workspace/Sources/PortOneSdk/IdentityVerificationViewController.swift:2:8: error: no such module 'UIKit'
 1 | import SwiftUI
 2 | import UIKit
   |        `- error: no such module 'UIKit'
 3 |
 4 | @available(iOS 14.0, *)
[124/201] Compiling PortOneSdk LoadPaymentUiPaypalV2StyleLabel.swift
/Users/admin/builder/spi-builder-workspace/Sources/PortOneSdk/IdentityVerificationViewController.swift:2:8: error: no such module 'UIKit'
 1 | import SwiftUI
 2 | import UIKit
   |        `- error: no such module 'UIKit'
 3 |
 4 | @available(iOS 14.0, *)
[125/201] Compiling PortOneSdk LoadPaymentUiPaypalV2StyleLayout.swift
/Users/admin/builder/spi-builder-workspace/Sources/PortOneSdk/IdentityVerificationViewController.swift:2:8: error: no such module 'UIKit'
 1 | import SwiftUI
 2 | import UIKit
   |        `- error: no such module 'UIKit'
 3 |
 4 | @available(iOS 14.0, *)
[126/201] Compiling PortOneSdk LoadPaymentUiPaypalV2StyleShape.swift
/Users/admin/builder/spi-builder-workspace/Sources/PortOneSdk/IdentityVerificationViewController.swift:2:8: error: no such module 'UIKit'
 1 | import SwiftUI
 2 | import UIKit
   |        `- error: no such module 'UIKit'
 3 |
 4 | @available(iOS 14.0, *)
[127/201] Compiling PortOneSdk PaypalV2LoadPaymentUIBypass.swift
/Users/admin/builder/spi-builder-workspace/Sources/PortOneSdk/IdentityVerificationViewController.swift:2:8: error: no such module 'UIKit'
 1 | import SwiftUI
 2 | import UIKit
   |        `- error: no such module 'UIKit'
 3 |
 4 | @available(iOS 14.0, *)
[128/201] Compiling PortOneSdk PaypalV2Payer.swift
/Users/admin/builder/spi-builder-workspace/Sources/PortOneSdk/IdentityVerificationViewController.swift:2:8: error: no such module 'UIKit'
 1 | import SwiftUI
 2 | import UIKit
   |        `- error: no such module 'UIKit'
 3 |
 4 | @available(iOS 14.0, *)
[129/201] Compiling PortOneSdk PaypalV2PayerAddress.swift
/Users/admin/builder/spi-builder-workspace/Sources/PortOneSdk/IdentityVerificationViewController.swift:2:8: error: no such module 'UIKit'
 1 | import SwiftUI
 2 | import UIKit
   |        `- error: no such module 'UIKit'
 3 |
 4 | @available(iOS 14.0, *)
[130/201] Compiling PortOneSdk PaypalV2PayerTaxInfo.swift
/Users/admin/builder/spi-builder-workspace/Sources/PortOneSdk/IdentityVerificationViewController.swift:2:8: error: no such module 'UIKit'
 1 | import SwiftUI
 2 | import UIKit
   |        `- error: no such module 'UIKit'
 3 |
 4 | @available(iOS 14.0, *)
[131/201] Compiling PortOneSdk PaypalV2PurchaseUnit.swift
/Users/admin/builder/spi-builder-workspace/Sources/PortOneSdk/IdentityVerificationViewController.swift:2:8: error: no such module 'UIKit'
 1 | import SwiftUI
 2 | import UIKit
   |        `- error: no such module 'UIKit'
 3 |
 4 | @available(iOS 14.0, *)
[132/201] Compiling PortOneSdk PaypalV2PurchaseUnitShipping.swift
/Users/admin/builder/spi-builder-workspace/Sources/PortOneSdk/IdentityVerificationViewController.swift:2:8: error: no such module 'UIKit'
 1 | import SwiftUI
 2 | import UIKit
   |        `- error: no such module 'UIKit'
 3 |
 4 | @available(iOS 14.0, *)
[133/201] Compiling PortOneSdk PaypalV2PurchaseUnitShippingAddress.swift
/Users/admin/builder/spi-builder-workspace/Sources/PortOneSdk/IdentityVerificationViewController.swift:2:8: error: no such module 'UIKit'
 1 | import SwiftUI
 2 | import UIKit
   |        `- error: no such module 'UIKit'
 3 |
 4 | @available(iOS 14.0, *)
[134/201] Compiling PortOneSdk EximbayV2Bypass.swift
/Users/admin/builder/spi-builder-workspace/Sources/PortOneSdk/IdentityVerificationViewController.swift:2:8: error: no such module 'UIKit'
 1 | import SwiftUI
 2 | import UIKit
   |        `- error: no such module 'UIKit'
 3 |
 4 | @available(iOS 14.0, *)
[135/201] Compiling PortOneSdk EximbayV2Settings.swift
/Users/admin/builder/spi-builder-workspace/Sources/PortOneSdk/IdentityVerificationViewController.swift:2:8: error: no such module 'UIKit'
 1 | import SwiftUI
 2 | import UIKit
   |        `- error: no such module 'UIKit'
 3 |
 4 | @available(iOS 14.0, *)
[136/201] Compiling PortOneSdk EximbayV2SettingsCallFromApp.swift
/Users/admin/builder/spi-builder-workspace/Sources/PortOneSdk/IdentityVerificationViewController.swift:2:8: error: no such module 'UIKit'
 1 | import SwiftUI
 2 | import UIKit
   |        `- error: no such module 'UIKit'
 3 |
 4 | @available(iOS 14.0, *)
[137/201] Compiling PortOneSdk EximbayV2Tax.swift
/Users/admin/builder/spi-builder-workspace/Sources/PortOneSdk/IdentityVerificationViewController.swift:2:8: error: no such module 'UIKit'
 1 | import SwiftUI
 2 | import UIKit
   |        `- error: no such module 'UIKit'
 3 |
 4 | @available(iOS 14.0, *)
[138/201] Compiling PortOneSdk EximbayV2TaxReceiptStatus.swift
/Users/admin/builder/spi-builder-workspace/Sources/PortOneSdk/IdentityVerificationViewController.swift:2:8: error: no such module 'UIKit'
 1 | import SwiftUI
 2 | import UIKit
   |        `- error: no such module 'UIKit'
 3 |
 4 | @available(iOS 14.0, *)
[139/201] Compiling PortOneSdk GalaxiaPaymentBypass.swift
/Users/admin/builder/spi-builder-workspace/Sources/PortOneSdk/IdentityVerificationViewController.swift:2:8: error: no such module 'UIKit'
 1 | import SwiftUI
 2 | import UIKit
   |        `- error: no such module 'UIKit'
 3 |
 4 | @available(iOS 14.0, *)
[140/201] Compiling PortOneSdk HyphenBypass.swift
/Users/admin/builder/spi-builder-workspace/Sources/PortOneSdk/IdentityVerificationViewController.swift:2:8: error: no such module 'UIKit'
 1 | import SwiftUI
 2 | import UIKit
   |        `- error: no such module 'UIKit'
 3 |
 4 | @available(iOS 14.0, *)
[141/201] Compiling PortOneSdk InicisJpBypass.swift
/Users/admin/builder/spi-builder-workspace/Sources/PortOneSdk/IdentityVerificationViewController.swift:2:8: error: no such module 'UIKit'
 1 | import SwiftUI
 2 | import UIKit
   |        `- error: no such module 'UIKit'
 3 |
 4 | @available(iOS 14.0, *)
[142/201] Compiling PortOneSdk InicisJpPaymentUI.swift
/Users/admin/builder/spi-builder-workspace/Sources/PortOneSdk/IdentityVerificationViewController.swift:2:8: error: no such module 'UIKit'
 1 | import SwiftUI
 2 | import UIKit
   |        `- error: no such module 'UIKit'
 3 |
 4 | @available(iOS 14.0, *)
[143/201] Compiling PortOneSdk JSONValue.swift
/Users/admin/builder/spi-builder-workspace/Sources/PortOneSdk/IdentityVerificationViewController.swift:2:8: error: no such module 'UIKit'
 1 | import SwiftUI
 2 | import UIKit
   |        `- error: no such module 'UIKit'
 3 |
 4 | @available(iOS 14.0, *)
[144/201] Compiling PortOneSdk Address.swift
/Users/admin/builder/spi-builder-workspace/Sources/PortOneSdk/IdentityVerificationViewController.swift:2:8: error: no such module 'UIKit'
 1 | import SwiftUI
 2 | import UIKit
   |        `- error: no such module 'UIKit'
 3 |
 4 | @available(iOS 14.0, *)
[145/201] Compiling PortOneSdk Bank.swift
/Users/admin/builder/spi-builder-workspace/Sources/PortOneSdk/IdentityVerificationViewController.swift:2:8: error: no such module 'UIKit'
 1 | import SwiftUI
 2 | import UIKit
   |        `- error: no such module 'UIKit'
 3 |
 4 | @available(iOS 14.0, *)
[146/201] Compiling PortOneSdk BillingKeyAndPayMethod.swift
/Users/admin/builder/spi-builder-workspace/Sources/PortOneSdk/IdentityVerificationViewController.swift:2:8: error: no such module 'UIKit'
 1 | import SwiftUI
 2 | import UIKit
   |        `- error: no such module 'UIKit'
 3 |
 4 | @available(iOS 14.0, *)
[147/201] Compiling PortOneSdk BillingKeyMethod.swift
/Users/admin/builder/spi-builder-workspace/Sources/PortOneSdk/IdentityVerificationViewController.swift:2:8: error: no such module 'UIKit'
 1 | import SwiftUI
 2 | import UIKit
   |        `- error: no such module 'UIKit'
 3 |
 4 | @available(iOS 14.0, *)
[148/201] Compiling PortOneSdk CardCompany.swift
/Users/admin/builder/spi-builder-workspace/Sources/PortOneSdk/IdentityVerificationViewController.swift:2:8: error: no such module 'UIKit'
 1 | import SwiftUI
 2 | import UIKit
   |        `- error: no such module 'UIKit'
 3 |
 4 | @available(iOS 14.0, *)
[149/201] Compiling PortOneSdk CardPromotion.swift
/Users/admin/builder/spi-builder-workspace/Sources/PortOneSdk/IdentityVerificationViewController.swift:2:8: error: no such module 'UIKit'
 1 | import SwiftUI
 2 | import UIKit
   |        `- error: no such module 'UIKit'
 3 |
 4 | @available(iOS 14.0, *)
[150/201] Compiling PortOneSdk Carrier.swift
/Users/admin/builder/spi-builder-workspace/Sources/PortOneSdk/IdentityVerificationViewController.swift:2:8: error: no such module 'UIKit'
 1 | import SwiftUI
 2 | import UIKit
   |        `- error: no such module 'UIKit'
 3 |
 4 | @available(iOS 14.0, *)
[151/201] Compiling PortOneSdk CashReceiptType.swift
/Users/admin/builder/spi-builder-workspace/Sources/PortOneSdk/IdentityVerificationViewController.swift:2:8: error: no such module 'UIKit'
 1 | import SwiftUI
 2 | import UIKit
   |        `- error: no such module 'UIKit'
 3 |
 4 | @available(iOS 14.0, *)
[152/201] Compiling PortOneSdk Country.swift
/Users/admin/builder/spi-builder-workspace/Sources/PortOneSdk/IdentityVerificationViewController.swift:2:8: error: no such module 'UIKit'
 1 | import SwiftUI
 2 | import UIKit
   |        `- error: no such module 'UIKit'
 3 |
 4 | @available(iOS 14.0, *)
[153/201] Compiling PortOneSdk Currency.swift
/Users/admin/builder/spi-builder-workspace/Sources/PortOneSdk/IdentityVerificationViewController.swift:2:8: error: no such module 'UIKit'
 1 | import SwiftUI
 2 | import UIKit
   |        `- error: no such module 'UIKit'
 3 |
 4 | @available(iOS 14.0, *)
[154/201] Compiling PortOneSdk Customer.swift
/Users/admin/builder/spi-builder-workspace/Sources/PortOneSdk/IdentityVerificationViewController.swift:2:8: error: no such module 'UIKit'
 1 | import SwiftUI
 2 | import UIKit
   |        `- error: no such module 'UIKit'
 3 |
 4 | @available(iOS 14.0, *)
[155/201] Compiling PortOneSdk EasyPayPaymentMethod.swift
/Users/admin/builder/spi-builder-workspace/Sources/PortOneSdk/IdentityVerificationViewController.swift:2:8: error: no such module 'UIKit'
 1 | import SwiftUI
 2 | import UIKit
   |        `- error: no such module 'UIKit'
 3 |
 4 | @available(iOS 14.0, *)
[156/201] Compiling PortOneSdk EasyPayProvider.swift
/Users/admin/builder/spi-builder-workspace/Sources/PortOneSdk/IdentityVerificationViewController.swift:2:8: error: no such module 'UIKit'
 1 | import SwiftUI
 2 | import UIKit
   |        `- error: no such module 'UIKit'
 3 |
 4 | @available(iOS 14.0, *)
[157/201] Compiling PortOneSdk FreeInstallmentPlan.swift
/Users/admin/builder/spi-builder-workspace/Sources/PortOneSdk/IdentityVerificationViewController.swift:2:8: error: no such module 'UIKit'
 1 | import SwiftUI
 2 | import UIKit
   |        `- error: no such module 'UIKit'
 3 |
 4 | @available(iOS 14.0, *)
[158/201] Compiling PortOneSdk Gender.swift
/Users/admin/builder/spi-builder-workspace/Sources/PortOneSdk/IdentityVerificationViewController.swift:2:8: error: no such module 'UIKit'
 1 | import SwiftUI
 2 | import UIKit
   |        `- error: no such module 'UIKit'
 3 |
 4 | @available(iOS 14.0, *)
[159/201] Compiling PortOneSdk GiftCertificateType.swift
/Users/admin/builder/spi-builder-workspace/Sources/PortOneSdk/IdentityVerificationViewController.swift:2:8: error: no such module 'UIKit'
 1 | import SwiftUI
 2 | import UIKit
   |        `- error: no such module 'UIKit'
 3 |
 4 | @available(iOS 14.0, *)
[160/201] Compiling PortOneSdk Iframe.swift
/Users/admin/builder/spi-builder-workspace/Sources/PortOneSdk/IdentityVerificationViewController.swift:2:8: error: no such module 'UIKit'
 1 | import SwiftUI
 2 | import UIKit
   |        `- error: no such module 'UIKit'
 3 |
 4 | @available(iOS 14.0, *)
[161/201] Compiling PortOneSdk Installment.swift
/Users/admin/builder/spi-builder-workspace/Sources/PortOneSdk/IdentityVerificationViewController.swift:2:8: error: no such module 'UIKit'
 1 | import SwiftUI
 2 | import UIKit
   |        `- error: no such module 'UIKit'
 3 |
 4 | @available(iOS 14.0, *)
[162/201] Compiling PortOneSdk InstallmentMonthOption.swift
/Users/admin/builder/spi-builder-workspace/Sources/PortOneSdk/IdentityVerificationViewController.swift:2:8: error: no such module 'UIKit'
 1 | import SwiftUI
 2 | import UIKit
   |        `- error: no such module 'UIKit'
 3 |
 4 | @available(iOS 14.0, *)
[163/201] Compiling PortOneSdk TossBrandpayBrandpayOptions.swift
/Users/admin/builder/spi-builder-workspace/Sources/PortOneSdk/IdentityVerificationViewController.swift:2:8: error: no such module 'UIKit'
 1 | import SwiftUI
 2 | import UIKit
   |        `- error: no such module 'UIKit'
 3 |
 4 | @available(iOS 14.0, *)
[164/201] Compiling PortOneSdk TossBrandpayBrandpayOptionsUi.swift
/Users/admin/builder/spi-builder-workspace/Sources/PortOneSdk/IdentityVerificationViewController.swift:2:8: error: no such module 'UIKit'
 1 | import SwiftUI
 2 | import UIKit
   |        `- error: no such module 'UIKit'
 3 |
 4 | @available(iOS 14.0, *)
[165/201] Compiling PortOneSdk TossBrandpayBrandpayOptionsUiButtonStyle.swift
/Users/admin/builder/spi-builder-workspace/Sources/PortOneSdk/IdentityVerificationViewController.swift:2:8: error: no such module 'UIKit'
 1 | import SwiftUI
 2 | import UIKit
   |        `- error: no such module 'UIKit'
 3 |
 4 | @available(iOS 14.0, *)
[166/201] Compiling PortOneSdk TossBrandpayBrandpayOptionsUiLabels.swift
/Users/admin/builder/spi-builder-workspace/Sources/PortOneSdk/IdentityVerificationViewController.swift:2:8: error: no such module 'UIKit'
 1 | import SwiftUI
 2 | import UIKit
   |        `- error: no such module 'UIKit'
 3 |
 4 | @available(iOS 14.0, *)
[167/201] Compiling PortOneSdk TossBrandpayBrandpayOptionsUiNavigationBar.swift
/Users/admin/builder/spi-builder-workspace/Sources/PortOneSdk/IdentityVerificationViewController.swift:2:8: error: no such module 'UIKit'
 1 | import SwiftUI
 2 | import UIKit
   |        `- error: no such module 'UIKit'
 3 |
 4 | @available(iOS 14.0, *)
[168/201] Compiling PortOneSdk TossBrandpayPaymentBypass.swift
/Users/admin/builder/spi-builder-workspace/Sources/PortOneSdk/IdentityVerificationViewController.swift:2:8: error: no such module 'UIKit'
 1 | import SwiftUI
 2 | import UIKit
   |        `- error: no such module 'UIKit'
 3 |
 4 | @available(iOS 14.0, *)
[169/201] Compiling PortOneSdk TossBrandpayWidgetOptions.swift
/Users/admin/builder/spi-builder-workspace/Sources/PortOneSdk/IdentityVerificationViewController.swift:2:8: error: no such module 'UIKit'
 1 | import SwiftUI
 2 | import UIKit
   |        `- error: no such module 'UIKit'
 3 |
 4 | @available(iOS 14.0, *)
[170/201] Compiling PortOneSdk TossBrandpayWidgetOptionsMethodType.swift
/Users/admin/builder/spi-builder-workspace/Sources/PortOneSdk/IdentityVerificationViewController.swift:2:8: error: no such module 'UIKit'
 1 | import SwiftUI
 2 | import UIKit
   |        `- error: no such module 'UIKit'
 3 |
 4 | @available(iOS 14.0, *)
[171/201] Compiling PortOneSdk TossBrandpayWidgetOptionsUi.swift
/Users/admin/builder/spi-builder-workspace/Sources/PortOneSdk/IdentityVerificationViewController.swift:2:8: error: no such module 'UIKit'
 1 | import SwiftUI
 2 | import UIKit
   |        `- error: no such module 'UIKit'
 3 |
 4 | @available(iOS 14.0, *)
[172/201] Compiling PortOneSdk TossBrandpayWidgetOptionsUiPromotionSection.swift
/Users/admin/builder/spi-builder-workspace/Sources/PortOneSdk/IdentityVerificationViewController.swift:2:8: error: no such module 'UIKit'
 1 | import SwiftUI
 2 | import UIKit
   |        `- error: no such module 'UIKit'
 3 |
 4 | @available(iOS 14.0, *)
[173/201] Compiling PortOneSdk TossBrandpayWidgetOptionsUiPromotionSectionDescription.swift
/Users/admin/builder/spi-builder-workspace/Sources/PortOneSdk/IdentityVerificationViewController.swift:2:8: error: no such module 'UIKit'
 1 | import SwiftUI
 2 | import UIKit
   |        `- error: no such module 'UIKit'
 3 |
 4 | @available(iOS 14.0, *)
[174/201] Compiling PortOneSdk TossBrandpayWidgetOptionsUiPromotionSectionSummary.swift
/Users/admin/builder/spi-builder-workspace/Sources/PortOneSdk/IdentityVerificationViewController.swift:2:8: error: no such module 'UIKit'
 1 | import SwiftUI
 2 | import UIKit
   |        `- error: no such module 'UIKit'
 3 |
 4 | @available(iOS 14.0, *)
[175/201] Compiling PortOneSdk TosspayV2CashReceiptTradeOption.swift
/Users/admin/builder/spi-builder-workspace/Sources/PortOneSdk/IdentityVerificationViewController.swift:2:8: error: no such module 'UIKit'
 1 | import SwiftUI
 2 | import UIKit
   |        `- error: no such module 'UIKit'
 3 |
 4 | @available(iOS 14.0, *)
[176/201] Compiling PortOneSdk TosspayV2PaymentBypass.swift
/Users/admin/builder/spi-builder-workspace/Sources/PortOneSdk/IdentityVerificationViewController.swift:2:8: error: no such module 'UIKit'
 1 | import SwiftUI
 2 | import UIKit
   |        `- error: no such module 'UIKit'
 3 |
 4 | @available(iOS 14.0, *)
[177/201] Compiling PortOneSdk TosspaymentsPaymentBypass.swift
/Users/admin/builder/spi-builder-workspace/Sources/PortOneSdk/IdentityVerificationViewController.swift:2:8: error: no such module 'UIKit'
 1 | import SwiftUI
 2 | import UIKit
   |        `- error: no such module 'UIKit'
 3 |
 4 | @available(iOS 14.0, *)
[178/201] Compiling PortOneSdk TosspaymentsPaypal.swift
/Users/admin/builder/spi-builder-workspace/Sources/PortOneSdk/IdentityVerificationViewController.swift:2:8: error: no such module 'UIKit'
 1 | import SwiftUI
 2 | import UIKit
   |        `- error: no such module 'UIKit'
 3 |
 4 | @available(iOS 14.0, *)
[179/201] Compiling PortOneSdk TosspaymentsPaypalShipping.swift
/Users/admin/builder/spi-builder-workspace/Sources/PortOneSdk/IdentityVerificationViewController.swift:2:8: error: no such module 'UIKit'
 1 | import SwiftUI
 2 | import UIKit
   |        `- error: no such module 'UIKit'
 3 |
 4 | @available(iOS 14.0, *)
[180/201] Compiling PortOneSdk TosspaymentsPaypalShippingAddress.swift
/Users/admin/builder/spi-builder-workspace/Sources/PortOneSdk/IdentityVerificationViewController.swift:2:8: error: no such module 'UIKit'
 1 | import SwiftUI
 2 | import UIKit
   |        `- error: no such module 'UIKit'
 3 |
 4 | @available(iOS 14.0, *)
[181/201] Compiling PortOneSdk TripleABypass.swift
/Users/admin/builder/spi-builder-workspace/Sources/PortOneSdk/IdentityVerificationViewController.swift:2:8: error: no such module 'UIKit'
 1 | import SwiftUI
 2 | import UIKit
   |        `- error: no such module 'UIKit'
 3 |
 4 | @available(iOS 14.0, *)
[182/201] Compiling PortOneSdk WelcomePaymentBypass.swift
/Users/admin/builder/spi-builder-workspace/Sources/PortOneSdk/IdentityVerificationViewController.swift:2:8: error: no such module 'UIKit'
 1 | import SwiftUI
 2 | import UIKit
   |        `- error: no such module 'UIKit'
 3 |
 4 | @available(iOS 14.0, *)
[183/201] Compiling PortOneSdk PaymentRequestUnionPaypal.swift
/Users/admin/builder/spi-builder-workspace/Sources/PortOneSdk/IdentityVerificationViewController.swift:2:8: error: no such module 'UIKit'
 1 | import SwiftUI
 2 | import UIKit
   |        `- error: no such module 'UIKit'
 3 |
 4 | @available(iOS 14.0, *)
[184/201] Compiling PortOneSdk PaymentRequestUnionTransfer.swift
/Users/admin/builder/spi-builder-workspace/Sources/PortOneSdk/IdentityVerificationViewController.swift:2:8: error: no such module 'UIKit'
 1 | import SwiftUI
 2 | import UIKit
   |        `- error: no such module 'UIKit'
 3 |
 4 | @available(iOS 14.0, *)
[185/201] Compiling PortOneSdk PaymentRequestUnionVirtualAccount.swift
/Users/admin/builder/spi-builder-workspace/Sources/PortOneSdk/IdentityVerificationViewController.swift:2:8: error: no such module 'UIKit'
 1 | import SwiftUI
 2 | import UIKit
   |        `- error: no such module 'UIKit'
 3 |
 4 | @available(iOS 14.0, *)
[186/201] Compiling PortOneSdk PaymentRequestUnionVirtualAccountAccountExpiry.swift
/Users/admin/builder/spi-builder-workspace/Sources/PortOneSdk/IdentityVerificationViewController.swift:2:8: error: no such module 'UIKit'
 1 | import SwiftUI
 2 | import UIKit
   |        `- error: no such module 'UIKit'
 3 |
 4 | @available(iOS 14.0, *)
[187/201] Compiling PortOneSdk PaymentRequestUnionVirtualAccountFixedOption.swift
/Users/admin/builder/spi-builder-workspace/Sources/PortOneSdk/IdentityVerificationViewController.swift:2:8: error: no such module 'UIKit'
 1 | import SwiftUI
 2 | import UIKit
   |        `- error: no such module 'UIKit'
 3 |
 4 | @available(iOS 14.0, *)
[188/201] Compiling PortOneSdk IdentityVerificationResponse.swift
/Users/admin/builder/spi-builder-workspace/Sources/PortOneSdk/IdentityVerificationViewController.swift:2:8: error: no such module 'UIKit'
 1 | import SwiftUI
 2 | import UIKit
   |        `- error: no such module 'UIKit'
 3 |
 4 | @available(iOS 14.0, *)
[189/201] Compiling PortOneSdk IssueBillingKeyAndPayResponse.swift
/Users/admin/builder/spi-builder-workspace/Sources/PortOneSdk/IdentityVerificationViewController.swift:2:8: error: no such module 'UIKit'
 1 | import SwiftUI
 2 | import UIKit
   |        `- error: no such module 'UIKit'
 3 |
 4 | @available(iOS 14.0, *)
[190/201] Compiling PortOneSdk IssueBillingKeyResponse.swift
/Users/admin/builder/spi-builder-workspace/Sources/PortOneSdk/IdentityVerificationViewController.swift:2:8: error: no such module 'UIKit'
 1 | import SwiftUI
 2 | import UIKit
   |        `- error: no such module 'UIKit'
 3 |
 4 | @available(iOS 14.0, *)
[191/201] Compiling PortOneSdk PaymentResponse.swift
/Users/admin/builder/spi-builder-workspace/Sources/PortOneSdk/IdentityVerificationViewController.swift:2:8: error: no such module 'UIKit'
 1 | import SwiftUI
 2 | import UIKit
   |        `- error: no such module 'UIKit'
 3 |
 4 | @available(iOS 14.0, *)
[192/201] Compiling PortOneSdk IdentityVerificationResult.swift
/Users/admin/builder/spi-builder-workspace/Sources/PortOneSdk/IdentityVerificationViewController.swift:2:8: error: no such module 'UIKit'
 1 | import SwiftUI
 2 | import UIKit
   |        `- error: no such module 'UIKit'
 3 |
 4 | @available(iOS 14.0, *)
[193/201] Compiling PortOneSdk IdentityVerificationViewController.swift
/Users/admin/builder/spi-builder-workspace/Sources/PortOneSdk/IdentityVerificationViewController.swift:2:8: error: no such module 'UIKit'
 1 | import SwiftUI
 2 | import UIKit
   |        `- error: no such module 'UIKit'
 3 |
 4 | @available(iOS 14.0, *)
[194/201] Compiling PortOneSdk IdentityVerificationWebView.swift
/Users/admin/builder/spi-builder-workspace/Sources/PortOneSdk/IdentityVerificationViewController.swift:2:8: error: no such module 'UIKit'
 1 | import SwiftUI
 2 | import UIKit
   |        `- error: no such module 'UIKit'
 3 |
 4 | @available(iOS 14.0, *)
[195/201] Compiling PortOneSdk IssueBillingKeyResult.swift
/Users/admin/builder/spi-builder-workspace/Sources/PortOneSdk/IdentityVerificationViewController.swift:2:8: error: no such module 'UIKit'
 1 | import SwiftUI
 2 | import UIKit
   |        `- error: no such module 'UIKit'
 3 |
 4 | @available(iOS 14.0, *)
[196/201] Compiling PortOneSdk IssueBillingKeyViewController.swift
/Users/admin/builder/spi-builder-workspace/Sources/PortOneSdk/IdentityVerificationViewController.swift:2:8: error: no such module 'UIKit'
 1 | import SwiftUI
 2 | import UIKit
   |        `- error: no such module 'UIKit'
 3 |
 4 | @available(iOS 14.0, *)
[197/201] Compiling PortOneSdk IssueBillingKeyWebView.swift
/Users/admin/builder/spi-builder-workspace/Sources/PortOneSdk/IdentityVerificationViewController.swift:2:8: error: no such module 'UIKit'
 1 | import SwiftUI
 2 | import UIKit
   |        `- error: no such module 'UIKit'
 3 |
 4 | @available(iOS 14.0, *)
[198/201] Compiling PortOneSdk PaymentResult.swift
/Users/admin/builder/spi-builder-workspace/Sources/PortOneSdk/IdentityVerificationViewController.swift:2:8: error: no such module 'UIKit'
 1 | import SwiftUI
 2 | import UIKit
   |        `- error: no such module 'UIKit'
 3 |
 4 | @available(iOS 14.0, *)
[199/201] Compiling PortOneSdk PaymentViewController.swift
/Users/admin/builder/spi-builder-workspace/Sources/PortOneSdk/IdentityVerificationViewController.swift:2:8: error: no such module 'UIKit'
 1 | import SwiftUI
 2 | import UIKit
   |        `- error: no such module 'UIKit'
 3 |
 4 | @available(iOS 14.0, *)
[200/201] Compiling PortOneSdk PaymentWebView.swift
/Users/admin/builder/spi-builder-workspace/Sources/PortOneSdk/IdentityVerificationViewController.swift:2:8: error: no such module 'UIKit'
 1 | import SwiftUI
 2 | import UIKit
   |        `- error: no such module 'UIKit'
 3 |
 4 | @available(iOS 14.0, *)
[201/201] Compiling PortOneSdk WebViewAlertDelegate.swift
/Users/admin/builder/spi-builder-workspace/Sources/PortOneSdk/IdentityVerificationViewController.swift:2:8: error: no such module 'UIKit'
 1 | import SwiftUI
 2 | import UIKit
   |        `- error: no such module 'UIKit'
 3 |
 4 | @available(iOS 14.0, *)
BUILD FAILURE 6.3 macosSpm