The Swift Package Index logo.Swift Package Index

Build Information

Failed to build OCCTSwiftTools, reference v1.6.4 (d48a7c), with Swift 6.1 for Linux on 19 Aug 2026 17:03:34 UTC.

Build Command

bash -c docker run --pull=always --rm -v "checkouts-54344844-0":/host -w "$PWD" -e JAVA_HOME="/root/.sdkman/candidates/java/current" -e SPI_BUILD="1" -e SPI_PROCESSING="1" registry.gitlab.com/saguaro1/spi-images:basic-6.1-latest swift build --triple x86_64-unknown-linux-gnu 2>&1

Build Log

========================================
RunAll
========================================
Builder version: 5.0.2
Interrupt handler set up.
========================================
Checkout
========================================
Clone URL: https://github.com/SecondMouseAU/OCCTSwiftTools.git
Reference: v1.6.4
Initialized empty Git repository in /host/spi-builder-workspace/.git/
hint: Using 'master' as the name for the initial branch. This default branch name
hint: is subject to change. To configure the initial branch name to use in all
hint: of your new repositories, which will suppress this warning, call:
hint:
hint: 	git config --global init.defaultBranch <name>
hint:
hint: Names commonly chosen instead of 'master' are 'main', 'trunk' and
hint: 'development'. The just-created branch can be renamed via this command:
hint:
hint: 	git branch -m <name>
From https://github.com/SecondMouseAU/OCCTSwiftTools
 * tag               v1.6.4     -> FETCH_HEAD
HEAD is now at d48a7c2 Merge pull request #56 from SecondMouseAU/repin/occtswift-3.0.0
Cloned https://github.com/SecondMouseAU/OCCTSwiftTools.git
Revision (git rev-parse @):
d48a7c297eb6dcc0255da48a814698a292b47384
SPI manifest file found: $PWD/.spi.yml
SUCCESS checkout https://github.com/SecondMouseAU/OCCTSwiftTools.git at v1.6.4
========================================
Build
========================================
Selected platform:         linux
Swift version:             6.1
Building package at path:  $PWD
https://github.com/SecondMouseAU/OCCTSwiftTools.git
https://github.com/SecondMouseAU/OCCTSwiftTools.git
WARNING: environment variable SUPPRESS_SWIFT_6_FLAGS is not set
Running build ...
bash -c docker run --pull=always --rm -v "checkouts-54344844-0":/host -w "$PWD" -e JAVA_HOME="/root/.sdkman/candidates/java/current" -e SPI_BUILD="1" -e SPI_PROCESSING="1" registry.gitlab.com/saguaro1/spi-images:basic-6.1-latest swift build --triple x86_64-unknown-linux-gnu -Xswiftc -Xfrontend -Xswiftc -stats-output-dir -Xswiftc -Xfrontend -Xswiftc .stats -Xswiftc -strict-concurrency=complete -Xswiftc -enable-upcoming-feature -Xswiftc StrictConcurrency -Xswiftc -enable-upcoming-feature -Xswiftc DisableOutwardActorInference -Xswiftc -enable-upcoming-feature -Xswiftc GlobalActorIsolatedTypesUsability -Xswiftc -enable-upcoming-feature -Xswiftc InferSendableFromCaptures 2>&1
basic-6.1-latest: Pulling from saguaro1/spi-images
Digest: sha256:dff62030f4387a2d827d2b365d39a91716bd1d13650763ccbcbfe23419000563
Status: Image is up to date for registry.gitlab.com/saguaro1/spi-images:basic-6.1-latest
Fetching https://github.com/SecondMouseAU/OCCTSwiftIO.git
Fetching https://github.com/SecondMouseAU/OCCTSwiftViewport.git
Fetching https://github.com/SecondMouseAU/OCCTSwift.git
[1/2169] Fetching occtswiftviewport
Fetched https://github.com/SecondMouseAU/OCCTSwiftViewport.git from cache (0.64s)
[1/424] Fetching occtswiftio
[421/16900] Fetching occtswiftio, occtswift
Fetched https://github.com/SecondMouseAU/OCCTSwiftIO.git from cache (2.56s)
Fetched https://github.com/SecondMouseAU/OCCTSwift.git from cache (2.58s)
Computing version for https://github.com/SecondMouseAU/OCCTSwift.git
Computed https://github.com/SecondMouseAU/OCCTSwift.git at 3.0.0 (2.92s)
Computing version for https://github.com/SecondMouseAU/OCCTSwiftViewport.git
Computed https://github.com/SecondMouseAU/OCCTSwiftViewport.git at 1.1.27 (0.31s)
Computing version for https://github.com/SecondMouseAU/OCCTSwiftIO.git
Computed https://github.com/SecondMouseAU/OCCTSwiftIO.git at 1.7.8 (0.40s)
Fetching https://github.com/SecondMouseAU/SwiftJWW.git
Fetching https://github.com/SecondMouseAU/SwiftPMX.git
Fetching https://github.com/schwa/SwiftGLTF.git
Fetching https://github.com/SecondMouseAU/SwiftDXF.git
Fetching https://github.com/tomasf/ThreeMF.git
Fetching https://github.com/SecondMouseAU/SwiftX.git
[1/143] Fetching swiftpmx
[14/298] Fetching swiftpmx, swiftjww
[299/665] Fetching swiftpmx, swiftjww, swiftgltf
[307/1338] Fetching swiftpmx, swiftjww, swiftgltf, threemf
[882/1488] Fetching swiftpmx, swiftjww, swiftgltf, threemf, swiftdxf
[1053/1602] Fetching swiftpmx, swiftjww, swiftgltf, threemf, swiftdxf, swiftx
Fetched https://github.com/SecondMouseAU/SwiftX.git from cache (0.50s)
Fetched https://github.com/SecondMouseAU/SwiftDXF.git from cache (0.50s)
[975/1338] Fetching swiftpmx, swiftjww, swiftgltf, threemf
Fetched https://github.com/SecondMouseAU/SwiftJWW.git from cache (0.71s)
Fetched https://github.com/SecondMouseAU/SwiftPMX.git from cache (0.71s)
[1034/1040] Fetching swiftgltf, threemf
Fetched https://github.com/schwa/SwiftGLTF.git from cache (0.72s)
Fetched https://github.com/tomasf/ThreeMF.git from cache (0.74s)
Computing version for https://github.com/schwa/SwiftGLTF.git
Computed https://github.com/schwa/SwiftGLTF.git at 1.0.2 (1.71s)
Computing version for https://github.com/SecondMouseAU/SwiftDXF.git
Computed https://github.com/SecondMouseAU/SwiftDXF.git at 0.2.1 (0.21s)
Computing version for https://github.com/SecondMouseAU/SwiftJWW.git
Computed https://github.com/SecondMouseAU/SwiftJWW.git at 1.2.2 (0.21s)
Computing version for https://github.com/SecondMouseAU/SwiftX.git
Computed https://github.com/SecondMouseAU/SwiftX.git at 1.0.1 (0.21s)
Computing version for https://github.com/SecondMouseAU/SwiftPMX.git
Computed https://github.com/SecondMouseAU/SwiftPMX.git at 1.1.1 (0.21s)
Computing version for https://github.com/tomasf/ThreeMF.git
Computed https://github.com/tomasf/ThreeMF.git at 0.2.5 (0.22s)
Fetching https://github.com/tomasf/Nodal.git
Fetching https://github.com/tomasf/Zip.git
[1/216] Fetching zip
[38/1089] Fetching zip, nodal
Fetched https://github.com/tomasf/Zip.git from cache (0.47s)
Fetched https://github.com/tomasf/Nodal.git from cache (0.47s)
Computing version for https://github.com/tomasf/Nodal.git
Computed https://github.com/tomasf/Nodal.git at 1.0.2 (0.69s)
Computing version for https://github.com/tomasf/Zip.git
Computed https://github.com/tomasf/Zip.git at 2.1.2 (0.22s)
Creating working copy for https://github.com/SecondMouseAU/OCCTSwiftViewport.git
Working copy of https://github.com/SecondMouseAU/OCCTSwiftViewport.git resolved at 1.1.27
Creating working copy for https://github.com/SecondMouseAU/SwiftPMX.git
Working copy of https://github.com/SecondMouseAU/SwiftPMX.git resolved at 1.1.1
Creating working copy for https://github.com/SecondMouseAU/SwiftDXF.git
Working copy of https://github.com/SecondMouseAU/SwiftDXF.git resolved at 0.2.1
Creating working copy for https://github.com/tomasf/Nodal.git
Working copy of https://github.com/tomasf/Nodal.git resolved at 1.0.2
Creating working copy for https://github.com/tomasf/ThreeMF.git
Working copy of https://github.com/tomasf/ThreeMF.git resolved at 0.2.5
Creating working copy for https://github.com/SecondMouseAU/OCCTSwift.git
Working copy of https://github.com/SecondMouseAU/OCCTSwift.git resolved at 3.0.0
Creating working copy for https://github.com/tomasf/Zip.git
Working copy of https://github.com/tomasf/Zip.git resolved at 2.1.2
Creating working copy for https://github.com/SecondMouseAU/SwiftJWW.git
Working copy of https://github.com/SecondMouseAU/SwiftJWW.git resolved at 1.2.2
Creating working copy for https://github.com/SecondMouseAU/SwiftX.git
Working copy of https://github.com/SecondMouseAU/SwiftX.git resolved at 1.0.1
Creating working copy for https://github.com/schwa/SwiftGLTF.git
Working copy of https://github.com/schwa/SwiftGLTF.git resolved at 1.0.2
Creating working copy for https://github.com/SecondMouseAU/OCCTSwiftIO.git
Working copy of https://github.com/SecondMouseAU/OCCTSwiftIO.git resolved at 1.7.8
Downloading binary artifact https://github.com/SecondMouseAU/OCCTSwift/releases/download/v3.0.0/OCCT.xcframework.zip
[16375/149067826] Downloading https://github.com/SecondMouseAU/OCCTSwift/releases/download/v3.0.0/OCCT.xcframework.zip
Downloaded https://github.com/SecondMouseAU/OCCTSwift/releases/download/v3.0.0/OCCT.xcframework.zip (10.05s)
Building for debugging...
[0/34] Write sources
[10/34] Copying Shaders.metal
[11/34] Write sources
[12/34] Write swift-version-24593BA9C3E375BF.txt
In file included from /host/spi-builder-workspace/.build/checkouts/OCCTSwift/Sources/OCCTBridge/src/OCCTBridge_Visualization.mm:30:
/host/spi-builder-workspace/.build/checkouts/OCCTSwift/Sources/OCCTBridge/src/../include/OCCTBridge.h:17:9: fatal error: 'Foundation/Foundation.h' file not found
   17 | #import <Foundation/Foundation.h>
      |         ^~~~~~~~~~~~~~~~~~~~~~~~~
1 error generated.
[13/34] Compiling OCCTBridge_Visualization.mm
In file included from /host/spi-builder-workspace/.build/checkouts/OCCTSwift/Sources/OCCTBridge/src/OCCTBridge_Properties.mm:23:
/host/spi-builder-workspace/.build/checkouts/OCCTSwift/Sources/OCCTBridge/src/../include/OCCTBridge.h:17:9: fatal error: 'Foundation/Foundation.h' file not found
   17 | #import <Foundation/Foundation.h>
      |         ^~~~~~~~~~~~~~~~~~~~~~~~~
1 error generated.
[13/34] Compiling OCCTBridge_Properties.mm
[13/34] Compiling pugixml.cpp
In file included from /host/spi-builder-workspace/.build/checkouts/OCCTSwift/Sources/OCCTBridge/src/OCCTBridge_Spatial.mm:14:
/host/spi-builder-workspace/.build/checkouts/OCCTSwift/Sources/OCCTBridge/src/../include/OCCTBridge.h:17:9: fatal error: 'Foundation/Foundation.h' file not found
   17 | #import <Foundation/Foundation.h>
      |         ^~~~~~~~~~~~~~~~~~~~~~~~~
[13/34] Compiling OCCTBridge_Spatial.mm
In file included from /host/spi-builder-workspace/.build/checkouts/OCCTSwift/Sources/OCCTBridge/src/OCCTBridge_ProjLib_NLPlate.mm:20:
/host/spi-builder-workspace/.build/checkouts/OCCTSwift/Sources/OCCTBridge/src/../include/OCCTBridge.h:17:9: fatal error: 'Foundation/Foundation.h' file not found
   17 | #import <Foundation/Foundation.h>
      |         ^~~~~~~~~~~~~~~~~~~~~~~~~
1 error generated.
[13/34] Compiling OCCTBridge_ProjLib_NLPlate.mm
In file included from /host/spi-builder-workspace/.build/checkouts/OCCTSwift/Sources/OCCTBridge/src/OCCTBridge_Modeling.mm:25:
/host/spi-builder-workspace/.build/checkouts/OCCTSwift/Sources/OCCTBridge/src/../include/OCCTBridge.h:17:9: fatal error: 'Foundation/Foundation.h' file not found
   17 | #import <Foundation/Foundation.h>
      |         ^~~~~~~~~~~~~~~~~~~~~~~~~
[13/34] Compiling OCCTBridge_Modeling.mm
In file included from /host/spi-builder-workspace/.build/checkouts/OCCTSwift/Sources/OCCTBridge/src/OCCTBridge_Surface.mm:25:
/host/spi-builder-workspace/.build/checkouts/OCCTSwift/Sources/OCCTBridge/src/../include/OCCTBridge.h:17:9: fatal error: 'Foundation/Foundation.h' file not found
   17 | #import <Foundation/Foundation.h>
      |         ^~~~~~~~~~~~~~~~~~~~~~~~~
[13/34] Compiling OCCTBridge_Surface.mm
In file included from /host/spi-builder-workspace/.build/checkouts/OCCTSwift/Sources/OCCTBridge/src/OCCTBridge_Topology.mm:19:
/host/spi-builder-workspace/.build/checkouts/OCCTSwift/Sources/OCCTBridge/src/../include/OCCTBridge.h:17:9: fatal error: 'Foundation/Foundation.h' file not found
   17 | #import <Foundation/Foundation.h>
      |         ^~~~~~~~~~~~~~~~~~~~~~~~~
[13/34] Compiling OCCTBridge_Topology.mm
Running build ...
bash -c docker run --pull=always --rm -v "checkouts-54344844-0":/host -w "$PWD" -e JAVA_HOME="/root/.sdkman/candidates/java/current" -e SPI_BUILD="1" -e SPI_PROCESSING="1" registry.gitlab.com/saguaro1/spi-images:basic-6.1-latest swift build --triple x86_64-unknown-linux-gnu 2>&1
basic-6.1-latest: Pulling from saguaro1/spi-images
Digest: sha256:dff62030f4387a2d827d2b365d39a91716bd1d13650763ccbcbfe23419000563
Status: Image is up to date for registry.gitlab.com/saguaro1/spi-images:basic-6.1-latest
[0/1] Planning build
Building for debugging...
In file included from /host/spi-builder-workspace/.build/checkouts/OCCTSwift/Sources/OCCTBridge/src/OCCTBridge_Spatial.mm:14:
/host/spi-builder-workspace/.build/checkouts/OCCTSwift/Sources/OCCTBridge/src/../include/OCCTBridge.h:17:9: fatal error: 'Foundation/Foundation.h' file not found
   17 | #import <Foundation/Foundation.h>
      |         ^~~~~~~~~~~~~~~~~~~~~~~~~
1 error generated.
[0/22] Compiling OCCTBridge_Spatial.mm
In file included from /host/spi-builder-workspace/.build/checkouts/OCCTSwift/Sources/OCCTBridge/src/OCCTBridge_Visualization.mm:30:
/host/spi-builder-workspace/.build/checkouts/OCCTSwift/Sources/OCCTBridge/src/../include/OCCTBridge.h:17:9: fatal error: 'Foundation/Foundation.h' file not found
   17 | #import <Foundation/Foundation.h>
      |         ^~~~~~~~~~~~~~~~~~~~~~~~~
[0/22] Compiling OCCTBridge_Visualization.mm
In file included from /host/spi-builder-workspace/.build/checkouts/OCCTSwift/Sources/OCCTBridge/src/OCCTBridge_Modeling.mm:25:
/host/spi-builder-workspace/.build/checkouts/OCCTSwift/Sources/OCCTBridge/src/../include/OCCTBridge.h:17:9: fatal error: 'Foundation/Foundation.h' file not found
   17 | #import <Foundation/Foundation.h>
      |         ^~~~~~~~~~~~~~~~~~~~~~~~~
[0/22] Compiling OCCTBridge_Modeling.mm
In file included from /host/spi-builder-workspace/.build/checkouts/OCCTSwift/Sources/OCCTBridge/src/OCCTBridge_Properties.mm:23:
/host/spi-builder-workspace/.build/checkouts/OCCTSwift/Sources/OCCTBridge/src/../include/OCCTBridge.h:17:9: fatal error: 'Foundation/Foundation.h' file not found
   17 | #import <Foundation/Foundation.h>
      |         ^~~~~~~~~~~~~~~~~~~~~~~~~
[0/22] Compiling OCCTBridge_Properties.mm
In file included from /host/spi-builder-workspace/.build/checkouts/OCCTSwift/Sources/OCCTBridge/src/OCCTBridge_ProjLib_NLPlate.mm:20:
/host/spi-builder-workspace/.build/checkouts/OCCTSwift/Sources/OCCTBridge/src/../include/OCCTBridge.h:17:9: fatal error: 'Foundation/Foundation.h' file not found
   17 | #import <Foundation/Foundation.h>
      |         ^~~~~~~~~~~~~~~~~~~~~~~~~
[0/22] Compiling pugixml.cpp
[0/22] Compiling OCCTBridge_ProjLib_NLPlate.mm
In file included from /host/spi-builder-workspace/.build/checkouts/OCCTSwift/Sources/OCCTBridge/src/OCCTBridge_Surface.mm:25:
/host/spi-builder-workspace/.build/checkouts/OCCTSwift/Sources/OCCTBridge/src/../include/OCCTBridge.h:17:9: fatal error: 'Foundation/Foundation.h' file not found
   17 | #import <Foundation/Foundation.h>
      |         ^~~~~~~~~~~~~~~~~~~~~~~~~
In file included from /host/spi-builder-workspace/.build/checkouts/OCCTSwift/Sources/OCCTBridge/src/OCCTBridge_Topology.mm:19:
/host/spi-builder-workspace/.build/checkouts/OCCTSwift/Sources/OCCTBridge/src/../include/OCCTBridge.h:17:9: fatal error: 'Foundation/Foundation.h' file not found
   17 | #import <Foundation/Foundation.h>
      |         ^~~~~~~~~~~~~~~~~~~~~~~~~
[0/22] Compiling OCCTBridge_Topology.mm
[0/22] Compiling OCCTBridge_Surface.mm
BUILD FAILURE 6.1 linux