Build Information
Failed to build SwiftBrotli, reference 0.1.0 (101ced), with Swift 6.4 for tvOS using Xcode 27.0 on 24 Sep 2026 07:59:41 UTC.
Build Command
env DEVELOPER_DIR=/Applications/Xcode-27.0.0-Release.Candidate.app xcrun xcodebuild -IDEClonedSourcePackagesDirPathOverride=$PWD/.dependencies -skipMacroValidation -skipPackagePluginValidation -derivedDataPath $PWD/.derivedData build -scheme SwiftBrotli-Package -destination generic/platform=tvOSBuild Log
========================================
RunAll
========================================
Builder version: 5.1.0
Interrupt handler set up.
========================================
Checkout
========================================
Clone URL: https://github.com/f-meloni/SwiftBrotli.git
Reference: 0.1.0
Initialized empty Git repository in /Users/admin/builder/spi-builder-workspace/.git/
From https://github.com/f-meloni/SwiftBrotli
* tag 0.1.0 -> FETCH_HEAD
HEAD is now at 101cedf Merge pull request #2 from f-meloni/license
Cloned https://github.com/f-meloni/SwiftBrotli.git
Revision (git rev-parse @):
101cedff527d7177c0f93a40b664f1f1475839f0
SUCCESS checkout https://github.com/f-meloni/SwiftBrotli.git at 0.1.0
========================================
Build
========================================
Selected platform: tvOS
Swift version: 6.4
Building package at path: $PWD
https://github.com/f-meloni/SwiftBrotli.git
Command line invocation:
/Applications/Xcode-27.0.0-Release.Candidate.app/Contents/Developer/usr/bin/xcodebuild -IDEClonedSourcePackagesDirPathOverride=/Users/admin/builder/spi-builder-workspace/.dependencies -resolvePackageDependencies
resolved source packages:
{
"dependencies" : [
],
"manifest_display_name" : "SwiftBrotli",
"name" : "SwiftBrotli",
"path" : "/Users/admin/builder/spi-builder-workspace",
"platforms" : [
],
"products" : [
{
"name" : "SwiftBrotli",
"targets" : [
"SwiftBrotli"
],
"type" : {
"library" : [
"automatic"
]
}
}
],
"targets" : [
{
"c99name" : "SwiftBrotliTests",
"module_type" : "SwiftTarget",
"name" : "SwiftBrotliTests",
"path" : "Tests/SwiftBrotliTests",
"sources" : [
"BrotliJSONDecoderTests.swift",
"BrotliJSONEncoderTests.swift",
"Resources/BrotliDecodedModel.swift",
"Resources/BrotliDecompressedData.swift",
"Resources/BrotliGenericCompressedData.swift",
"Resources/BrotliTextCompressedData.swift",
"SwiftBrotliTests.swift",
"XCTestManifests.swift"
],
"target_dependencies" : [
"SwiftBrotli"
],
"type" : "test"
},
{
"c99name" : "SwiftBrotli",
"module_type" : "SwiftTarget",
"name" : "SwiftBrotli",
"path" : "Sources/SwiftBrotli",
"product_memberships" : [
"SwiftBrotli"
],
"sources" : [
"BrotliJSONDecoder.swift",
"BrotliJSONEncoder.swift",
"SwiftBrotli.swift"
],
"target_dependencies" : [
"CBrotli"
],
"type" : "library"
},
{
"c99name" : "CBrotli",
"module_type" : "ClangTarget",
"name" : "CBrotli",
"path" : "Sources/CBrotli",
"product_memberships" : [
"SwiftBrotli"
],
"sources" : [
"common/dictionary.c",
"common/transform.c",
"dec/bit_reader.c",
"dec/decode.c",
"dec/huffman.c",
"dec/state.c",
"enc/backward_references.c",
"enc/backward_references_hq.c",
"enc/bit_cost.c",
"enc/block_splitter.c",
"enc/brotli_bit_stream.c",
"enc/cluster.c",
"enc/compress_fragment.c",
"enc/compress_fragment_two_pass.c",
"enc/dictionary_hash.c",
"enc/encode.c",
"enc/encoder_dict.c",
"enc/entropy_encode.c",
"enc/histogram.c",
"enc/literal_cost.c",
"enc/memory.c",
"enc/metablock.c",
"enc/static_dict.c",
"enc/utf8_util.c"
],
"type" : "library"
}
],
"tools_version" : "5.1"
}
{
"project" : {
"configurations" : [
"Debug",
"Release"
],
"name" : "SwiftBrotli",
"schemes" : [
"SwiftBrotli-Package"
],
"targets" : [
"CBrotli",
"SwiftBrotli",
"SwiftBrotliPackageDescription",
"SwiftBrotliPackageTests",
"SwiftBrotliTests"
]
}
}
Running build ...
env DEVELOPER_DIR=/Applications/Xcode-27.0.0-Release.Candidate.app xcrun xcodebuild -IDEClonedSourcePackagesDirPathOverride=$PWD/.dependencies -skipMacroValidation -skipPackagePluginValidation -derivedDataPath $PWD/.derivedData build -scheme SwiftBrotli-Package -destination generic/platform=tvOS
Command line invocation:
/Applications/Xcode-27.0.0-Release.Candidate.app/Contents/Developer/usr/bin/xcodebuild -IDEClonedSourcePackagesDirPathOverride=/Users/admin/builder/spi-builder-workspace/.dependencies -skipMacroValidation -skipPackagePluginValidation -derivedDataPath /Users/admin/builder/spi-builder-workspace/.derivedData build -scheme SwiftBrotli-Package -destination generic/platform=tvOS
ComputePackagePrebuildTargetDependencyGraph
Prepare packages
CreateBuildRequest
SendProjectDescription
CreateBuildOperation
ComputeTargetDependencyGraph
note: Building targets in dependency order
note: Target dependency graph (2 targets)
Target 'SwiftBrotli' in project 'SwiftBrotli'
➜ Explicit dependency on target 'CBrotli' in project 'SwiftBrotli'
Target 'CBrotli' in project 'SwiftBrotli' (no dependencies)
GatherProvisioningInputs
CreateBuildDescription
ExecuteExternalTool /Applications/Xcode-27.0.0-Release.Candidate.app/Contents/Developer/Toolchains/XcodeDefault.xctoolchain/usr/bin/clang -v -E -dM -isysroot /Applications/Xcode-27.0.0-Release.Candidate.app/Contents/Developer/Platforms/AppleTVOS.platform/Developer/SDKs/AppleTVOS27.0.sdk -x c -c /dev/null
ExecuteExternalTool /Applications/Xcode-27.0.0-Release.Candidate.app/Contents/Developer/Toolchains/XcodeDefault.xctoolchain/usr/bin/swiftc --version
ExecuteExternalTool /Applications/Xcode-27.0.0-Release.Candidate.app/Contents/Developer/Toolchains/XcodeDefault.xctoolchain/usr/bin/clang -v -E -dM -arch arm64 -isysroot /Applications/Xcode-27.0.0-Release.Candidate.app/Contents/Developer/Platforms/AppleTVOS.platform/Developer/SDKs/AppleTVOS27.0.sdk -x c -c /dev/null
ExecuteExternalTool /Applications/Xcode-27.0.0-Release.Candidate.app/Contents/Developer/Toolchains/XcodeDefault.xctoolchain/usr/bin/ld -version_details
Build description signature: 057dd2d0a092c9a1edc4d2983a63c98c
Build description path: /Users/admin/builder/spi-builder-workspace/.derivedData/Build/Intermediates.noindex/XCBuildData/057dd2d0a092c9a1edc4d2983a63c98c.xcbuilddata
/Users/admin/builder/spi-builder-workspace/SwiftBrotli.xcodeproj: error: The tvOS deployment target 'TVOS_DEPLOYMENT_TARGET' is set to 9.0, but the range of supported deployment target versions is 15.0 to 27.0.x. (in target 'CBrotli' from project 'SwiftBrotli')
/Users/admin/builder/spi-builder-workspace/SwiftBrotli.xcodeproj: error: The tvOS deployment target 'TVOS_DEPLOYMENT_TARGET' is set to 9.0, but the range of supported deployment target versions is 15.0 to 27.0.x. (in target 'SwiftBrotli' from project 'SwiftBrotli')
** BUILD FAILED **
The following build commands failed:
Building project SwiftBrotli with scheme SwiftBrotli-Package
(1 failure)
Command line invocation:
/Applications/Xcode-27.0.0-Release.Candidate.app/Contents/Developer/usr/bin/xcodebuild -IDEClonedSourcePackagesDirPathOverride=/Users/admin/builder/spi-builder-workspace/.dependencies -resolvePackageDependencies
resolved source packages:
{
"dependencies" : [
],
"manifest_display_name" : "SwiftBrotli",
"name" : "SwiftBrotli",
"path" : "/Users/admin/builder/spi-builder-workspace",
"platforms" : [
],
"products" : [
{
"name" : "SwiftBrotli",
"targets" : [
"SwiftBrotli"
],
"type" : {
"library" : [
"automatic"
]
}
}
],
"targets" : [
{
"c99name" : "SwiftBrotliTests",
"module_type" : "SwiftTarget",
"name" : "SwiftBrotliTests",
"path" : "Tests/SwiftBrotliTests",
"sources" : [
"BrotliJSONDecoderTests.swift",
"BrotliJSONEncoderTests.swift",
"Resources/BrotliDecodedModel.swift",
"Resources/BrotliDecompressedData.swift",
"Resources/BrotliGenericCompressedData.swift",
"Resources/BrotliTextCompressedData.swift",
"SwiftBrotliTests.swift",
"XCTestManifests.swift"
],
"target_dependencies" : [
"SwiftBrotli"
],
"type" : "test"
},
{
"c99name" : "SwiftBrotli",
"module_type" : "SwiftTarget",
"name" : "SwiftBrotli",
"path" : "Sources/SwiftBrotli",
"product_memberships" : [
"SwiftBrotli"
],
"sources" : [
"BrotliJSONDecoder.swift",
"BrotliJSONEncoder.swift",
"SwiftBrotli.swift"
],
"target_dependencies" : [
"CBrotli"
],
"type" : "library"
},
{
"c99name" : "CBrotli",
"module_type" : "ClangTarget",
"name" : "CBrotli",
"path" : "Sources/CBrotli",
"product_memberships" : [
"SwiftBrotli"
],
"sources" : [
"common/dictionary.c",
"common/transform.c",
"dec/bit_reader.c",
"dec/decode.c",
"dec/huffman.c",
"dec/state.c",
"enc/backward_references.c",
"enc/backward_references_hq.c",
"enc/bit_cost.c",
"enc/block_splitter.c",
"enc/brotli_bit_stream.c",
"enc/cluster.c",
"enc/compress_fragment.c",
"enc/compress_fragment_two_pass.c",
"enc/dictionary_hash.c",
"enc/encode.c",
"enc/encoder_dict.c",
"enc/entropy_encode.c",
"enc/histogram.c",
"enc/literal_cost.c",
"enc/memory.c",
"enc/metablock.c",
"enc/static_dict.c",
"enc/utf8_util.c"
],
"type" : "library"
}
],
"tools_version" : "5.1"
}
{
"project" : {
"configurations" : [
"Debug",
"Release"
],
"name" : "SwiftBrotli",
"schemes" : [
"SwiftBrotli-Package"
],
"targets" : [
"CBrotli",
"SwiftBrotli",
"SwiftBrotliPackageDescription",
"SwiftBrotliPackageTests",
"SwiftBrotliTests"
]
}
}
Running build ...
env DEVELOPER_DIR=/Applications/Xcode-27.0.0-Release.Candidate.app xcrun xcodebuild -IDEClonedSourcePackagesDirPathOverride=$PWD/.dependencies -skipMacroValidation -skipPackagePluginValidation -derivedDataPath $PWD/.derivedData build -scheme SwiftBrotli-Package -destination generic/platform=tvOS
Command line invocation:
/Applications/Xcode-27.0.0-Release.Candidate.app/Contents/Developer/usr/bin/xcodebuild -IDEClonedSourcePackagesDirPathOverride=/Users/admin/builder/spi-builder-workspace/.dependencies -skipMacroValidation -skipPackagePluginValidation -derivedDataPath /Users/admin/builder/spi-builder-workspace/.derivedData build -scheme SwiftBrotli-Package -destination generic/platform=tvOS
ComputePackagePrebuildTargetDependencyGraph
Prepare packages
CreateBuildRequest
SendProjectDescription
CreateBuildOperation
ComputeTargetDependencyGraph
note: Building targets in dependency order
note: Target dependency graph (2 targets)
Target 'SwiftBrotli' in project 'SwiftBrotli'
➜ Explicit dependency on target 'CBrotli' in project 'SwiftBrotli'
Target 'CBrotli' in project 'SwiftBrotli' (no dependencies)
GatherProvisioningInputs
CreateBuildDescription
/Users/admin/builder/spi-builder-workspace/SwiftBrotli.xcodeproj: error: The tvOS deployment target 'TVOS_DEPLOYMENT_TARGET' is set to 9.0, but the range of supported deployment target versions is 15.0 to 27.0.x. (in target 'CBrotli' from project 'SwiftBrotli')
/Users/admin/builder/spi-builder-workspace/SwiftBrotli.xcodeproj: error: The tvOS deployment target 'TVOS_DEPLOYMENT_TARGET' is set to 9.0, but the range of supported deployment target versions is 15.0 to 27.0.x. (in target 'SwiftBrotli' from project 'SwiftBrotli')
** BUILD FAILED **
The following build commands failed:
Building project SwiftBrotli with scheme SwiftBrotli-Package
(1 failure)
BUILD FAILURE 6.4 tvOS