The Swift Package Index logo.Swift Package Index

Build Information

Failed to build HandShadows, reference main (cfbf92), with Swift 6.4 for watchOS using Xcode 27.0 on 25 Sep 2026 08:25:58 UTC.

Build Command

env DEVELOPER_DIR=/Applications/Xcode-27.0.0-Release.Candidate.app xcrun xcodebuild -IDEClonedSourcePackagesDirPathOverride=$PWD/.dependencies -skipMacroValidation -skipPackagePluginValidation -derivedDataPath $PWD/.derivedData build -scheme HandShadows -destination generic/platform=watchOS

Build Log

========================================
RunAll
========================================
Builder version: 5.1.0
Interrupt handler set up.
========================================
Checkout
========================================
Clone URL: https://github.com/adamwulf/HandShadows.git
Reference: main
Initialized empty Git repository in /Users/admin/builder/spi-builder-workspace/.git/
From https://github.com/adamwulf/HandShadows
 * branch            main       -> FETCH_HEAD
 * [new branch]      main       -> origin/main
HEAD is now at cfbf925 Merge agent agent-9b5de18d work
Cloned https://github.com/adamwulf/HandShadows.git
Revision (git rev-parse @):
cfbf925bcffc3da65cb90898d8affa1273614fd2
SUCCESS checkout https://github.com/adamwulf/HandShadows.git at main
========================================
Build
========================================
Selected platform:         watchOS
Swift version:             6.4
Building package at path:  $PWD
https://github.com/adamwulf/HandShadows.git
Command line invocation:
    /Applications/Xcode-27.0.0-Release.Candidate.app/Contents/Developer/usr/bin/xcodebuild -IDEClonedSourcePackagesDirPathOverride=/Users/admin/builder/spi-builder-workspace/.dependencies -resolvePackageDependencies
Resolve Package Graph
Fetching from https://github.com/adamwulf/SwiftToolbox
Fetching from https://github.com/adamwulf/PerformanceBezier
Creating working copy of package ‘SwiftToolbox’
Checking out main (48432fc) of package ‘SwiftToolbox’
Creating working copy of package ‘PerformanceBezier’
Checking out main (6184169) of package ‘PerformanceBezier’
Resolve Package Graph
Resolved source packages:
  SwiftToolbox: https://github.com/adamwulf/SwiftToolbox @ main (48432fc)
  HandShadows: /Users/admin/builder/spi-builder-workspace
  PerformanceBezier: https://github.com/adamwulf/PerformanceBezier @ main (6184169)
resolved source packages: SwiftToolbox, HandShadows, PerformanceBezier
2026-09-25 04:25:03.219 xcodebuild[529:3035] [MT] IDERunDestination: Supported platforms for the buildables in the current scheme is empty.
{
  "dependencies" : [
    {
      "identity" : "swifttoolbox",
      "requirement" : {
        "branch" : [
          "main"
        ]
      },
      "type" : "sourceControl",
      "url" : "https://github.com/adamwulf/SwiftToolbox"
    },
    {
      "identity" : "performancebezier",
      "requirement" : {
        "branch" : [
          "main"
        ]
      },
      "type" : "sourceControl",
      "url" : "https://github.com/adamwulf/PerformanceBezier"
    }
  ],
  "manifest_display_name" : "HandShadows",
  "name" : "HandShadows",
  "path" : "/Users/admin/builder/spi-builder-workspace",
  "platforms" : [
    {
      "name" : "ios",
      "version" : "14.0"
    },
    {
      "name" : "maccatalyst",
      "version" : "14.0"
    }
  ],
  "products" : [
    {
      "name" : "HandShadows",
      "targets" : [
        "HandShadows"
      ],
      "type" : {
        "library" : [
          "automatic"
        ]
      }
    }
  ],
  "targets" : [
    {
      "c99name" : "HandShadowsTests",
      "module_type" : "SwiftTarget",
      "name" : "HandShadowsTests",
      "path" : "Tests/HandShadowsTests",
      "sources" : [
        "HandShadowsTests.swift"
      ],
      "target_dependencies" : [
        "HandShadows"
      ],
      "type" : "test"
    },
    {
      "c99name" : "HandShadows",
      "module_type" : "SwiftTarget",
      "name" : "HandShadows",
      "path" : "Sources/HandShadows",
      "product_dependencies" : [
        "SwiftToolbox",
        "PerformanceBezier"
      ],
      "product_memberships" : [
        "HandShadows"
      ],
      "sources" : [
        "Extensions/CATransaction+Extensions.swift",
        "Extensions/CGPoint+Extensions.swift",
        "Extensions/CGRect+Extensions.swift",
        "HandShadowView.swift",
        "HandType.swift",
        "Helpers/HandShadow.swift",
        "Helpers/IndexFingerShadow.swift",
        "Helpers/IndexMiddleFingerShadow.swift",
        "Helpers/ThumbAndIndexShadow.swift"
      ],
      "type" : "library"
    }
  ],
  "tools_version" : "5.7"
}
{
  "workspace" : {
    "name" : "HandShadows",
    "schemes" : [
      "HandShadows",
      "MMSwiftToolbox"
    ]
  }
}
2026-09-25 04:25:45.459 xcodebuild[718:4478] [MT] IDERunDestination: Supported platforms for the buildables in the current scheme is empty.
{
  "workspace" : {
    "name" : "HandShadows",
    "schemes" : [
      "HandShadows",
      "MMSwiftToolbox"
    ]
  }
}
2026-09-25 04:25:46.573 xcodebuild[720:4530] [MT] IDERunDestination: Supported platforms for the buildables in the current scheme is empty.
Running build ...
env DEVELOPER_DIR=/Applications/Xcode-27.0.0-Release.Candidate.app xcrun xcodebuild -IDEClonedSourcePackagesDirPathOverride=$PWD/.dependencies -skipMacroValidation -skipPackagePluginValidation -derivedDataPath $PWD/.derivedData build -scheme HandShadows -destination generic/platform=watchOS
Command line invocation:
    /Applications/Xcode-27.0.0-Release.Candidate.app/Contents/Developer/usr/bin/xcodebuild -IDEClonedSourcePackagesDirPathOverride=/Users/admin/builder/spi-builder-workspace/.dependencies -skipMacroValidation -skipPackagePluginValidation -derivedDataPath /Users/admin/builder/spi-builder-workspace/.derivedData build -scheme HandShadows -destination generic/platform=watchOS
Resolve Package Graph
Resolve Package Graph
Resolved source packages:
  PerformanceBezier: https://github.com/adamwulf/PerformanceBezier @ main (6184169)
  HandShadows: /Users/admin/builder/spi-builder-workspace
  SwiftToolbox: https://github.com/adamwulf/SwiftToolbox @ main (48432fc)
ComputePackagePrebuildTargetDependencyGraph
Prepare packages
CreateBuildRequest
SendProjectDescription
CreateBuildOperation
ComputeTargetDependencyGraph
note: Building targets in dependency order
note: Target dependency graph (6 targets)
    Target 'HandShadows-product' in project 'HandShadows'
        ➜ Explicit dependency on target 'HandShadows' in project 'HandShadows'
        ➜ Explicit dependency on target 'SwiftToolbox-product' in project 'SwiftToolbox'
        ➜ Explicit dependency on target 'PerformanceBezier-product' in project 'PerformanceBezier'
    Target 'HandShadows' in project 'HandShadows'
        ➜ Explicit dependency on target 'SwiftToolbox-product' in project 'SwiftToolbox'
        ➜ Explicit dependency on target 'PerformanceBezier-product' in project 'PerformanceBezier'
    Target 'PerformanceBezier-product' in project 'PerformanceBezier'
        ➜ Explicit dependency on target 'PerformanceBezier' in project 'PerformanceBezier'
    Target 'PerformanceBezier' in project 'PerformanceBezier' (no dependencies)
    Target 'SwiftToolbox-product' in project 'SwiftToolbox'
        ➜ Explicit dependency on target 'SwiftToolbox' in project 'SwiftToolbox'
    Target 'SwiftToolbox' in project 'SwiftToolbox' (no dependencies)
GatherProvisioningInputs
CreateBuildDescription
ExecuteExternalTool /Applications/Xcode-27.0.0-Release.Candidate.app/Contents/Developer/Toolchains/XcodeDefault.xctoolchain/usr/bin/clang -v -E -dM -isysroot /Applications/Xcode-27.0.0-Release.Candidate.app/Contents/Developer/Platforms/WatchOS.platform/Developer/SDKs/WatchOS27.0.sdk -x c -c /dev/null
ExecuteExternalTool /Applications/Xcode-27.0.0-Release.Candidate.app/Contents/Developer/Toolchains/XcodeDefault.xctoolchain/usr/bin/swiftc --version
ExecuteExternalTool /Applications/Xcode-27.0.0-Release.Candidate.app/Contents/Developer/Toolchains/XcodeDefault.xctoolchain/usr/bin/clang -v -E -dM -arch arm64 -isysroot /Applications/Xcode-27.0.0-Release.Candidate.app/Contents/Developer/Platforms/WatchOS.platform/Developer/SDKs/WatchOS27.0.sdk -x objective-c -c /dev/null
ExecuteExternalTool /Applications/Xcode-27.0.0-Release.Candidate.app/Contents/Developer/Toolchains/XcodeDefault.xctoolchain/usr/bin/clang -v -E -dM -arch arm64 -isysroot /Applications/Xcode-27.0.0-Release.Candidate.app/Contents/Developer/Platforms/WatchOS.platform/Developer/SDKs/WatchOS27.0.sdk -x c -c /dev/null
ExecuteExternalTool /Applications/Xcode-27.0.0-Release.Candidate.app/Contents/Developer/Toolchains/XcodeDefault.xctoolchain/usr/bin/ld -version_details
ExecuteExternalTool /Applications/Xcode-27.0.0-Release.Candidate.app/Contents/Developer/Toolchains/XcodeDefault.xctoolchain/usr/bin/clang -v -E -dM -arch arm64_32 -isysroot /Applications/Xcode-27.0.0-Release.Candidate.app/Contents/Developer/Platforms/WatchOS.platform/Developer/SDKs/WatchOS27.0.sdk -x objective-c -c /dev/null
ExecuteExternalTool /Applications/Xcode-27.0.0-Release.Candidate.app/Contents/Developer/Toolchains/XcodeDefault.xctoolchain/usr/bin/clang -v -E -dM -arch arm64_32 -isysroot /Applications/Xcode-27.0.0-Release.Candidate.app/Contents/Developer/Platforms/WatchOS.platform/Developer/SDKs/WatchOS27.0.sdk -x c -c /dev/null
ReadFileContents /Applications/Xcode-27.0.0-Release.Candidate.app/Contents/Developer/Toolchains/XcodeDefault.xctoolchain/usr/share/docc/features.json
Build description signature: 5cc81d8d7f09af415d4465f2d0837aa3
Build description path: /Users/admin/builder/spi-builder-workspace/.derivedData/Build/Intermediates.noindex/XCBuildData/5cc81d8d7f09af415d4465f2d0837aa3.xcbuilddata
CreateBuildDirectory /Users/admin/builder/spi-builder-workspace/.derivedData/SDKExplicitPrecompiledModules
    cd /Users/admin/builder/spi-builder-workspace/.swiftpm/xcode
    builtin-create-build-directory /Users/admin/builder/spi-builder-workspace/.derivedData/SDKExplicitPrecompiledModules
CreateBuildDirectory /Users/admin/builder/spi-builder-workspace/.derivedData/ModuleCache.noindex
    cd /Users/admin/builder/spi-builder-workspace/.swiftpm/xcode
    builtin-create-build-directory /Users/admin/builder/spi-builder-workspace/.derivedData/ModuleCache.noindex
CreateBuildDirectory /Users/admin/builder/spi-builder-workspace/.derivedData/CompilationCache.noindex
    cd /Users/admin/builder/spi-builder-workspace/.swiftpm/xcode
    builtin-create-build-directory /Users/admin/builder/spi-builder-workspace/.derivedData/CompilationCache.noindex
ClangStatCache /Applications/Xcode-27.0.0-Release.Candidate.app/Contents/Developer/Toolchains/XcodeDefault.xctoolchain/usr/bin/clang-stat-cache /Applications/Xcode-27.0.0-Release.Candidate.app/Contents/Developer/Platforms/WatchOS.platform/Developer/SDKs/WatchOS27.0.sdk /Users/admin/builder/spi-builder-workspace/.derivedData/SDKStatCaches.noindex/watchos27.0-24R360-e829b21a6f8c9b70876ba0858053c04477534ef55a1706bf4c1112bbb242f0a2.sdkstatcache
    cd /Users/admin/builder/spi-builder-workspace/.swiftpm/xcode
    /Applications/Xcode-27.0.0-Release.Candidate.app/Contents/Developer/Toolchains/XcodeDefault.xctoolchain/usr/bin/clang-stat-cache /Applications/Xcode-27.0.0-Release.Candidate.app/Contents/Developer/Platforms/WatchOS.platform/Developer/SDKs/WatchOS27.0.sdk -o /Users/admin/builder/spi-builder-workspace/.derivedData/SDKStatCaches.noindex/watchos27.0-24R360-e829b21a6f8c9b70876ba0858053c04477534ef55a1706bf4c1112bbb242f0a2.sdkstatcache
CreateBuildDirectory /Users/admin/builder/spi-builder-workspace/.derivedData/Build/Intermediates.noindex
    cd /Users/admin/builder/spi-builder-workspace/.swiftpm/xcode
    builtin-create-build-directory /Users/admin/builder/spi-builder-workspace/.derivedData/Build/Intermediates.noindex
CreateBuildDirectory /Users/admin/builder/spi-builder-workspace/.derivedData/Build/Products
    cd /Users/admin/builder/spi-builder-workspace/.swiftpm/xcode
    builtin-create-build-directory /Users/admin/builder/spi-builder-workspace/.derivedData/Build/Products
CreateBuildDirectory /Users/admin/builder/spi-builder-workspace/.derivedData/Build/Intermediates.noindex/SwiftExplicitPrecompiledModules
    cd /Users/admin/builder/spi-builder-workspace/.swiftpm/xcode
    builtin-create-build-directory /Users/admin/builder/spi-builder-workspace/.derivedData/Build/Intermediates.noindex/SwiftExplicitPrecompiledModules
CreateBuildDirectory /Users/admin/builder/spi-builder-workspace/.derivedData/Build/Intermediates.noindex/ExplicitPrecompiledModules
    cd /Users/admin/builder/spi-builder-workspace/.swiftpm/xcode
    builtin-create-build-directory /Users/admin/builder/spi-builder-workspace/.derivedData/Build/Intermediates.noindex/ExplicitPrecompiledModules
CreateBuildDirectory /Users/admin/builder/spi-builder-workspace/.derivedData/Build/Intermediates.noindex/PrecompiledHeaders
    cd /Users/admin/builder/spi-builder-workspace/.swiftpm/xcode
    builtin-create-build-directory /Users/admin/builder/spi-builder-workspace/.derivedData/Build/Intermediates.noindex/PrecompiledHeaders
CreateBuildDirectory /Users/admin/builder/spi-builder-workspace/.derivedData/Build/Intermediates.noindex/EagerLinkingTBDs/Debug-watchos
    cd /Users/admin/builder/spi-builder-workspace/.swiftpm/xcode
    builtin-create-build-directory /Users/admin/builder/spi-builder-workspace/.derivedData/Build/Intermediates.noindex/EagerLinkingTBDs/Debug-watchos
CreateBuildDirectory /Users/admin/builder/spi-builder-workspace/.derivedData/Build/Products/Debug-watchos
    cd /Users/admin/builder/spi-builder-workspace/.swiftpm/xcode
    builtin-create-build-directory /Users/admin/builder/spi-builder-workspace/.derivedData/Build/Products/Debug-watchos
CreateBuildDirectory /Users/admin/builder/spi-builder-workspace/.derivedData/Build/Products/Debug-watchos/PackageFrameworks
    cd /Users/admin/builder/spi-builder-workspace/.swiftpm/xcode
    builtin-create-build-directory /Users/admin/builder/spi-builder-workspace/.derivedData/Build/Products/Debug-watchos/PackageFrameworks
WriteAuxiliaryFile /Users/admin/builder/spi-builder-workspace/.derivedData/Build/Intermediates.noindex/SwiftToolbox.build/Debug-watchos/SwiftToolbox-t.build/SwiftToolbox.DependencyMetadataFileList (in target 'SwiftToolbox' from project 'SwiftToolbox')
    cd /Users/admin/builder/spi-builder-workspace/.dependencies/checkouts/SwiftToolbox
    write-file /Users/admin/builder/spi-builder-workspace/.derivedData/Build/Intermediates.noindex/SwiftToolbox.build/Debug-watchos/SwiftToolbox-t.build/SwiftToolbox.DependencyMetadataFileList
WriteAuxiliaryFile /Users/admin/builder/spi-builder-workspace/.derivedData/Build/Intermediates.noindex/SwiftToolbox.build/Debug-watchos/SwiftToolbox-t.build/SwiftToolbox.modulemap (in target 'SwiftToolbox' from project 'SwiftToolbox')
    cd /Users/admin/builder/spi-builder-workspace/.dependencies/checkouts/SwiftToolbox
    write-file /Users/admin/builder/spi-builder-workspace/.derivedData/Build/Intermediates.noindex/SwiftToolbox.build/Debug-watchos/SwiftToolbox-t.build/SwiftToolbox.modulemap
WriteAuxiliaryFile /Users/admin/builder/spi-builder-workspace/.derivedData/Build/Intermediates.noindex/SwiftToolbox.build/Debug-watchos/SwiftToolbox-t.build/SwiftToolbox.DependencyStaticMetadataFileList (in target 'SwiftToolbox' from project 'SwiftToolbox')
    cd /Users/admin/builder/spi-builder-workspace/.dependencies/checkouts/SwiftToolbox
    write-file /Users/admin/builder/spi-builder-workspace/.derivedData/Build/Intermediates.noindex/SwiftToolbox.build/Debug-watchos/SwiftToolbox-t.build/SwiftToolbox.DependencyStaticMetadataFileList
WriteAuxiliaryFile /Users/admin/builder/spi-builder-workspace/.derivedData/Build/Intermediates.noindex/SwiftToolbox.build/Debug-watchos/SwiftToolbox-t.build/Objects-normal/arm64_32/SwiftToolbox.LinkFileList (in target 'SwiftToolbox' from project 'SwiftToolbox')
    cd /Users/admin/builder/spi-builder-workspace/.dependencies/checkouts/SwiftToolbox
    write-file /Users/admin/builder/spi-builder-workspace/.derivedData/Build/Intermediates.noindex/SwiftToolbox.build/Debug-watchos/SwiftToolbox-t.build/Objects-normal/arm64_32/SwiftToolbox.LinkFileList
WriteAuxiliaryFile /Users/admin/builder/spi-builder-workspace/.derivedData/Build/Intermediates.noindex/SwiftToolbox.build/Debug-watchos/SwiftToolbox-t.build/Objects-normal/arm64_32/SwiftToolbox_const_extract_protocols.json (in target 'SwiftToolbox' from project 'SwiftToolbox')
    cd /Users/admin/builder/spi-builder-workspace/.dependencies/checkouts/SwiftToolbox
    write-file /Users/admin/builder/spi-builder-workspace/.derivedData/Build/Intermediates.noindex/SwiftToolbox.build/Debug-watchos/SwiftToolbox-t.build/Objects-normal/arm64_32/SwiftToolbox_const_extract_protocols.json
WriteAuxiliaryFile /Users/admin/builder/spi-builder-workspace/.derivedData/Build/Intermediates.noindex/SwiftToolbox.build/Debug-watchos/SwiftToolbox-t.build/Objects-normal/arm64_32/SwiftToolbox.SwiftFileList (in target 'SwiftToolbox' from project 'SwiftToolbox')
    cd /Users/admin/builder/spi-builder-workspace/.dependencies/checkouts/SwiftToolbox
    write-file /Users/admin/builder/spi-builder-workspace/.derivedData/Build/Intermediates.noindex/SwiftToolbox.build/Debug-watchos/SwiftToolbox-t.build/Objects-normal/arm64_32/SwiftToolbox.SwiftFileList
WriteAuxiliaryFile /Users/admin/builder/spi-builder-workspace/.derivedData/Build/Intermediates.noindex/SwiftToolbox.build/Debug-watchos/SwiftToolbox-t.build/Objects-normal/arm64_32/SwiftToolbox-OutputFileMap.json (in target 'SwiftToolbox' from project 'SwiftToolbox')
    cd /Users/admin/builder/spi-builder-workspace/.dependencies/checkouts/SwiftToolbox
    write-file /Users/admin/builder/spi-builder-workspace/.derivedData/Build/Intermediates.noindex/SwiftToolbox.build/Debug-watchos/SwiftToolbox-t.build/Objects-normal/arm64_32/SwiftToolbox-OutputFileMap.json
WriteAuxiliaryFile /Users/admin/builder/spi-builder-workspace/.derivedData/Build/Intermediates.noindex/SwiftToolbox.build/Debug-watchos/SwiftToolbox-t.build/Objects-normal/arm64_32/SwiftToolbox.SwiftConstValuesFileList (in target 'SwiftToolbox' from project 'SwiftToolbox')
    cd /Users/admin/builder/spi-builder-workspace/.dependencies/checkouts/SwiftToolbox
    write-file /Users/admin/builder/spi-builder-workspace/.derivedData/Build/Intermediates.noindex/SwiftToolbox.build/Debug-watchos/SwiftToolbox-t.build/Objects-normal/arm64_32/SwiftToolbox.SwiftConstValuesFileList
WriteAuxiliaryFile /Users/admin/builder/spi-builder-workspace/.derivedData/Build/Intermediates.noindex/SwiftToolbox.build/Debug-watchos/SwiftToolbox-t.build/Objects-normal/arm64/SwiftToolbox_const_extract_protocols.json (in target 'SwiftToolbox' from project 'SwiftToolbox')
    cd /Users/admin/builder/spi-builder-workspace/.dependencies/checkouts/SwiftToolbox
    write-file /Users/admin/builder/spi-builder-workspace/.derivedData/Build/Intermediates.noindex/SwiftToolbox.build/Debug-watchos/SwiftToolbox-t.build/Objects-normal/arm64/SwiftToolbox_const_extract_protocols.json
WriteAuxiliaryFile /Users/admin/builder/spi-builder-workspace/.derivedData/Build/Intermediates.noindex/SwiftToolbox.build/Debug-watchos/SwiftToolbox-t.build/Objects-normal/arm64/SwiftToolbox.SwiftFileList (in target 'SwiftToolbox' from project 'SwiftToolbox')
    cd /Users/admin/builder/spi-builder-workspace/.dependencies/checkouts/SwiftToolbox
    write-file /Users/admin/builder/spi-builder-workspace/.derivedData/Build/Intermediates.noindex/SwiftToolbox.build/Debug-watchos/SwiftToolbox-t.build/Objects-normal/arm64/SwiftToolbox.SwiftFileList
WriteAuxiliaryFile /Users/admin/builder/spi-builder-workspace/.derivedData/Build/Intermediates.noindex/SwiftToolbox.build/Debug-watchos/SwiftToolbox-t.build/Objects-normal/arm64/SwiftToolbox.SwiftConstValuesFileList (in target 'SwiftToolbox' from project 'SwiftToolbox')
    cd /Users/admin/builder/spi-builder-workspace/.dependencies/checkouts/SwiftToolbox
    write-file /Users/admin/builder/spi-builder-workspace/.derivedData/Build/Intermediates.noindex/SwiftToolbox.build/Debug-watchos/SwiftToolbox-t.build/Objects-normal/arm64/SwiftToolbox.SwiftConstValuesFileList
WriteAuxiliaryFile /Users/admin/builder/spi-builder-workspace/.derivedData/Build/Intermediates.noindex/SwiftToolbox.build/Debug-watchos/SwiftToolbox-t.build/Objects-normal/arm64/SwiftToolbox.LinkFileList (in target 'SwiftToolbox' from project 'SwiftToolbox')
    cd /Users/admin/builder/spi-builder-workspace/.dependencies/checkouts/SwiftToolbox
    write-file /Users/admin/builder/spi-builder-workspace/.derivedData/Build/Intermediates.noindex/SwiftToolbox.build/Debug-watchos/SwiftToolbox-t.build/Objects-normal/arm64/SwiftToolbox.LinkFileList
WriteAuxiliaryFile /Users/admin/builder/spi-builder-workspace/.derivedData/Build/Intermediates.noindex/SwiftToolbox.build/Debug-watchos/SwiftToolbox-t.build/Objects-normal/arm64/SwiftToolbox-OutputFileMap.json (in target 'SwiftToolbox' from project 'SwiftToolbox')
    cd /Users/admin/builder/spi-builder-workspace/.dependencies/checkouts/SwiftToolbox
    write-file /Users/admin/builder/spi-builder-workspace/.derivedData/Build/Intermediates.noindex/SwiftToolbox.build/Debug-watchos/SwiftToolbox-t.build/Objects-normal/arm64/SwiftToolbox-OutputFileMap.json
Copy /Users/admin/builder/spi-builder-workspace/.derivedData/Build/Intermediates.noindex/GeneratedModuleMaps-watchos/SwiftToolbox.modulemap /Users/admin/builder/spi-builder-workspace/.derivedData/Build/Intermediates.noindex/SwiftToolbox.build/Debug-watchos/SwiftToolbox-t.build/SwiftToolbox.modulemap (in target 'SwiftToolbox' from project 'SwiftToolbox')
    cd /Users/admin/builder/spi-builder-workspace/.dependencies/checkouts/SwiftToolbox
    builtin-copy -exclude .DS_Store -exclude CVS -exclude .svn -exclude .git -exclude .hg -resolve-src-symlinks /Users/admin/builder/spi-builder-workspace/.derivedData/Build/Intermediates.noindex/SwiftToolbox.build/Debug-watchos/SwiftToolbox-t.build/SwiftToolbox.modulemap /Users/admin/builder/spi-builder-workspace/.derivedData/Build/Intermediates.noindex/GeneratedModuleMaps-watchos
WriteAuxiliaryFile /Users/admin/builder/spi-builder-workspace/.derivedData/Build/Intermediates.noindex/PerformanceBezier.build/Debug-watchos/PerformanceBezier-t.build/PerformanceBezier.DependencyMetadataFileList (in target 'PerformanceBezier' from project 'PerformanceBezier')
    cd /Users/admin/builder/spi-builder-workspace/.dependencies/checkouts/PerformanceBezier
    write-file /Users/admin/builder/spi-builder-workspace/.derivedData/Build/Intermediates.noindex/PerformanceBezier.build/Debug-watchos/PerformanceBezier-t.build/PerformanceBezier.DependencyMetadataFileList
WriteAuxiliaryFile /Users/admin/builder/spi-builder-workspace/.derivedData/Build/Intermediates.noindex/PerformanceBezier.build/Debug-watchos/PerformanceBezier-t.build/PerformanceBezier.DependencyStaticMetadataFileList (in target 'PerformanceBezier' from project 'PerformanceBezier')
    cd /Users/admin/builder/spi-builder-workspace/.dependencies/checkouts/PerformanceBezier
    write-file /Users/admin/builder/spi-builder-workspace/.derivedData/Build/Intermediates.noindex/PerformanceBezier.build/Debug-watchos/PerformanceBezier-t.build/PerformanceBezier.DependencyStaticMetadataFileList
WriteAuxiliaryFile /Users/admin/builder/spi-builder-workspace/.derivedData/Build/Intermediates.noindex/PerformanceBezier.build/Debug-watchos/PerformanceBezier-t.build/Objects-normal/arm64/e6072d4f65d7061329687fe24e3d63a7-common-args.resp (in target 'PerformanceBezier' from project 'PerformanceBezier')
    cd /Users/admin/builder/spi-builder-workspace/.dependencies/checkouts/PerformanceBezier
    write-file /Users/admin/builder/spi-builder-workspace/.derivedData/Build/Intermediates.noindex/PerformanceBezier.build/Debug-watchos/PerformanceBezier-t.build/Objects-normal/arm64/e6072d4f65d7061329687fe24e3d63a7-common-args.resp
-fobjc-arc -fmodules -gmodules '-fmodules-cache-path=/Users/admin/builder/spi-builder-workspace/.derivedData/ModuleCache.noindex' '-fmodule-name=PerformanceBezier' -fpascal-strings -O0 -DSWIFT_PACKAGE '-DDEBUG=1' '-DOBJC_OLD_DISPATCH_PROTOTYPES=1' -g -fprofile-instr-generate -fcoverage-mapping -I/Users/admin/builder/spi-builder-workspace/.derivedData/Build/Products/Debug-watchos/include -I/Users/admin/builder/spi-builder-workspace/.dependencies/checkouts/PerformanceBezier/PerformanceBezier -I/Users/admin/builder/spi-builder-workspace/.derivedData/Build/Intermediates.noindex/PerformanceBezier.build/Debug-watchos/PerformanceBezier-t.build/DerivedSources-normal/arm64 -I/Users/admin/builder/spi-builder-workspace/.derivedData/Build/Intermediates.noindex/PerformanceBezier.build/Debug-watchos/PerformanceBezier-t.build/DerivedSources/arm64 -I/Users/admin/builder/spi-builder-workspace/.derivedData/Build/Intermediates.noindex/PerformanceBezier.build/Debug-watchos/PerformanceBezier-t.build/DerivedSources -F/Users/admin/builder/spi-builder-workspace/.derivedData/Build/Products/Debug-watchos -iframework /Applications/Xcode-27.0.0-Release.Candidate.app/Contents/Developer/Platforms/WatchOS.platform/Developer/Library/Frameworks -iframework /Applications/Xcode-27.0.0-Release.Candidate.app/Contents/Developer/Platforms/WatchOS.platform/Developer/SDKs/WatchOS27.0.sdk/Developer/Library/Frameworks -DXcode
WriteAuxiliaryFile /Users/admin/builder/spi-builder-workspace/.derivedData/Build/Intermediates.noindex/PerformanceBezier.build/Debug-watchos/PerformanceBezier-t.build/Objects-normal/arm64_32/PerformanceBezier.LinkFileList (in target 'PerformanceBezier' from project 'PerformanceBezier')
    cd /Users/admin/builder/spi-builder-workspace/.dependencies/checkouts/PerformanceBezier
    write-file /Users/admin/builder/spi-builder-workspace/.derivedData/Build/Intermediates.noindex/PerformanceBezier.build/Debug-watchos/PerformanceBezier-t.build/Objects-normal/arm64_32/PerformanceBezier.LinkFileList
WriteAuxiliaryFile /Users/admin/builder/spi-builder-workspace/.derivedData/Build/Intermediates.noindex/PerformanceBezier.build/Debug-watchos/PerformanceBezier-t.build/Objects-normal/arm64_32/e6072d4f65d7061329687fe24e3d63a7-common-args.resp (in target 'PerformanceBezier' from project 'PerformanceBezier')
    cd /Users/admin/builder/spi-builder-workspace/.dependencies/checkouts/PerformanceBezier
    write-file /Users/admin/builder/spi-builder-workspace/.derivedData/Build/Intermediates.noindex/PerformanceBezier.build/Debug-watchos/PerformanceBezier-t.build/Objects-normal/arm64_32/e6072d4f65d7061329687fe24e3d63a7-common-args.resp
-fobjc-arc -fmodules -gmodules '-fmodules-cache-path=/Users/admin/builder/spi-builder-workspace/.derivedData/ModuleCache.noindex' '-fmodule-name=PerformanceBezier' -fpascal-strings -O0 -DSWIFT_PACKAGE '-DDEBUG=1' '-DOBJC_OLD_DISPATCH_PROTOTYPES=1' -g -fprofile-instr-generate -fcoverage-mapping -I/Users/admin/builder/spi-builder-workspace/.derivedData/Build/Products/Debug-watchos/include -I/Users/admin/builder/spi-builder-workspace/.dependencies/checkouts/PerformanceBezier/PerformanceBezier -I/Users/admin/builder/spi-builder-workspace/.derivedData/Build/Intermediates.noindex/PerformanceBezier.build/Debug-watchos/PerformanceBezier-t.build/DerivedSources-normal/arm64_32 -I/Users/admin/builder/spi-builder-workspace/.derivedData/Build/Intermediates.noindex/PerformanceBezier.build/Debug-watchos/PerformanceBezier-t.build/DerivedSources/arm64_32 -I/Users/admin/builder/spi-builder-workspace/.derivedData/Build/Intermediates.noindex/PerformanceBezier.build/Debug-watchos/PerformanceBezier-t.build/DerivedSources -F/Users/admin/builder/spi-builder-workspace/.derivedData/Build/Products/Debug-watchos -iframework /Applications/Xcode-27.0.0-Release.Candidate.app/Contents/Developer/Platforms/WatchOS.platform/Developer/Library/Frameworks -iframework /Applications/Xcode-27.0.0-Release.Candidate.app/Contents/Developer/Platforms/WatchOS.platform/Developer/SDKs/WatchOS27.0.sdk/Developer/Library/Frameworks -DXcode
WriteAuxiliaryFile /Users/admin/builder/spi-builder-workspace/.derivedData/Build/Intermediates.noindex/PerformanceBezier.build/Debug-watchos/PerformanceBezier-t.build/Objects-normal/arm64/PerformanceBezier.LinkFileList (in target 'PerformanceBezier' from project 'PerformanceBezier')
    cd /Users/admin/builder/spi-builder-workspace/.dependencies/checkouts/PerformanceBezier
    write-file /Users/admin/builder/spi-builder-workspace/.derivedData/Build/Intermediates.noindex/PerformanceBezier.build/Debug-watchos/PerformanceBezier-t.build/Objects-normal/arm64/PerformanceBezier.LinkFileList
WriteAuxiliaryFile /Users/admin/builder/spi-builder-workspace/.derivedData/Build/Intermediates.noindex/HandShadows.build/Debug-watchos/HandShadows-t.build/Objects-normal/arm64_32/HandShadows_const_extract_protocols.json (in target 'HandShadows' from project 'HandShadows')
    cd /Users/admin/builder/spi-builder-workspace
    write-file /Users/admin/builder/spi-builder-workspace/.derivedData/Build/Intermediates.noindex/HandShadows.build/Debug-watchos/HandShadows-t.build/Objects-normal/arm64_32/HandShadows_const_extract_protocols.json
WriteAuxiliaryFile /Users/admin/builder/spi-builder-workspace/.derivedData/Build/Intermediates.noindex/HandShadows.build/Debug-watchos/HandShadows-t.build/Objects-normal/arm64_32/HandShadows.SwiftFileList (in target 'HandShadows' from project 'HandShadows')
    cd /Users/admin/builder/spi-builder-workspace
    write-file /Users/admin/builder/spi-builder-workspace/.derivedData/Build/Intermediates.noindex/HandShadows.build/Debug-watchos/HandShadows-t.build/Objects-normal/arm64_32/HandShadows.SwiftFileList
WriteAuxiliaryFile /Users/admin/builder/spi-builder-workspace/.derivedData/Build/Intermediates.noindex/HandShadows.build/Debug-watchos/HandShadows-t.build/Objects-normal/arm64_32/HandShadows.SwiftConstValuesFileList (in target 'HandShadows' from project 'HandShadows')
    cd /Users/admin/builder/spi-builder-workspace
    write-file /Users/admin/builder/spi-builder-workspace/.derivedData/Build/Intermediates.noindex/HandShadows.build/Debug-watchos/HandShadows-t.build/Objects-normal/arm64_32/HandShadows.SwiftConstValuesFileList
WriteAuxiliaryFile /Users/admin/builder/spi-builder-workspace/.derivedData/Build/Intermediates.noindex/HandShadows.build/Debug-watchos/HandShadows-t.build/Objects-normal/arm64_32/HandShadows.LinkFileList (in target 'HandShadows' from project 'HandShadows')
    cd /Users/admin/builder/spi-builder-workspace
    write-file /Users/admin/builder/spi-builder-workspace/.derivedData/Build/Intermediates.noindex/HandShadows.build/Debug-watchos/HandShadows-t.build/Objects-normal/arm64_32/HandShadows.LinkFileList
WriteAuxiliaryFile /Users/admin/builder/spi-builder-workspace/.derivedData/Build/Intermediates.noindex/HandShadows.build/Debug-watchos/HandShadows-t.build/Objects-normal/arm64_32/HandShadows-OutputFileMap.json (in target 'HandShadows' from project 'HandShadows')
    cd /Users/admin/builder/spi-builder-workspace
    write-file /Users/admin/builder/spi-builder-workspace/.derivedData/Build/Intermediates.noindex/HandShadows.build/Debug-watchos/HandShadows-t.build/Objects-normal/arm64_32/HandShadows-OutputFileMap.json
WriteAuxiliaryFile /Users/admin/builder/spi-builder-workspace/.derivedData/Build/Intermediates.noindex/HandShadows.build/Debug-watchos/HandShadows-t.build/Objects-normal/arm64/HandShadows.SwiftFileList (in target 'HandShadows' from project 'HandShadows')
    cd /Users/admin/builder/spi-builder-workspace
    write-file /Users/admin/builder/spi-builder-workspace/.derivedData/Build/Intermediates.noindex/HandShadows.build/Debug-watchos/HandShadows-t.build/Objects-normal/arm64/HandShadows.SwiftFileList
WriteAuxiliaryFile /Users/admin/builder/spi-builder-workspace/.derivedData/Build/Intermediates.noindex/HandShadows.build/Debug-watchos/HandShadows-t.build/Objects-normal/arm64/HandShadows_const_extract_protocols.json (in target 'HandShadows' from project 'HandShadows')
    cd /Users/admin/builder/spi-builder-workspace
    write-file /Users/admin/builder/spi-builder-workspace/.derivedData/Build/Intermediates.noindex/HandShadows.build/Debug-watchos/HandShadows-t.build/Objects-normal/arm64/HandShadows_const_extract_protocols.json
WriteAuxiliaryFile /Users/admin/builder/spi-builder-workspace/.derivedData/Build/Intermediates.noindex/HandShadows.build/Debug-watchos/HandShadows-t.build/Objects-normal/arm64/HandShadows.SwiftConstValuesFileList (in target 'HandShadows' from project 'HandShadows')
    cd /Users/admin/builder/spi-builder-workspace
    write-file /Users/admin/builder/spi-builder-workspace/.derivedData/Build/Intermediates.noindex/HandShadows.build/Debug-watchos/HandShadows-t.build/Objects-normal/arm64/HandShadows.SwiftConstValuesFileList
WriteAuxiliaryFile /Users/admin/builder/spi-builder-workspace/.derivedData/Build/Intermediates.noindex/HandShadows.build/Debug-watchos/HandShadows-t.build/Objects-normal/arm64/HandShadows.LinkFileList (in target 'HandShadows' from project 'HandShadows')
    cd /Users/admin/builder/spi-builder-workspace
    write-file /Users/admin/builder/spi-builder-workspace/.derivedData/Build/Intermediates.noindex/HandShadows.build/Debug-watchos/HandShadows-t.build/Objects-normal/arm64/HandShadows.LinkFileList
WriteAuxiliaryFile /Users/admin/builder/spi-builder-workspace/.derivedData/Build/Intermediates.noindex/HandShadows.build/Debug-watchos/HandShadows-t.build/Objects-normal/arm64/HandShadows-OutputFileMap.json (in target 'HandShadows' from project 'HandShadows')
    cd /Users/admin/builder/spi-builder-workspace
    write-file /Users/admin/builder/spi-builder-workspace/.derivedData/Build/Intermediates.noindex/HandShadows.build/Debug-watchos/HandShadows-t.build/Objects-normal/arm64/HandShadows-OutputFileMap.json
WriteAuxiliaryFile /Users/admin/builder/spi-builder-workspace/.derivedData/Build/Intermediates.noindex/HandShadows.build/Debug-watchos/HandShadows-t.build/HandShadows.modulemap (in target 'HandShadows' from project 'HandShadows')
    cd /Users/admin/builder/spi-builder-workspace
    write-file /Users/admin/builder/spi-builder-workspace/.derivedData/Build/Intermediates.noindex/HandShadows.build/Debug-watchos/HandShadows-t.build/HandShadows.modulemap
WriteAuxiliaryFile /Users/admin/builder/spi-builder-workspace/.derivedData/Build/Intermediates.noindex/HandShadows.build/Debug-watchos/HandShadows-t.build/HandShadows.DependencyStaticMetadataFileList (in target 'HandShadows' from project 'HandShadows')
    cd /Users/admin/builder/spi-builder-workspace
    write-file /Users/admin/builder/spi-builder-workspace/.derivedData/Build/Intermediates.noindex/HandShadows.build/Debug-watchos/HandShadows-t.build/HandShadows.DependencyStaticMetadataFileList
WriteAuxiliaryFile /Users/admin/builder/spi-builder-workspace/.derivedData/Build/Intermediates.noindex/HandShadows.build/Debug-watchos/HandShadows-t.build/HandShadows.DependencyMetadataFileList (in target 'HandShadows' from project 'HandShadows')
    cd /Users/admin/builder/spi-builder-workspace
    write-file /Users/admin/builder/spi-builder-workspace/.derivedData/Build/Intermediates.noindex/HandShadows.build/Debug-watchos/HandShadows-t.build/HandShadows.DependencyMetadataFileList
Copy /Users/admin/builder/spi-builder-workspace/.derivedData/Build/Intermediates.noindex/GeneratedModuleMaps-watchos/HandShadows.modulemap /Users/admin/builder/spi-builder-workspace/.derivedData/Build/Intermediates.noindex/HandShadows.build/Debug-watchos/HandShadows-t.build/HandShadows.modulemap (in target 'HandShadows' from project 'HandShadows')
    cd /Users/admin/builder/spi-builder-workspace
    builtin-copy -exclude .DS_Store -exclude CVS -exclude .svn -exclude .git -exclude .hg -resolve-src-symlinks /Users/admin/builder/spi-builder-workspace/.derivedData/Build/Intermediates.noindex/HandShadows.build/Debug-watchos/HandShadows-t.build/HandShadows.modulemap /Users/admin/builder/spi-builder-workspace/.derivedData/Build/Intermediates.noindex/GeneratedModuleMaps-watchos
ScanDependencies /Users/admin/builder/spi-builder-workspace/.derivedData/Build/Intermediates.noindex/PerformanceBezier.build/Debug-watchos/PerformanceBezier-t.build/Objects-normal/arm64_32/UIBezierPathProperties.o /Users/admin/builder/spi-builder-workspace/.dependencies/checkouts/PerformanceBezier/PerformanceBezier/UIBezierPathProperties.m normal arm64_32 objective-c com.apple.compilers.llvm.clang.1_0.compiler (in target 'PerformanceBezier' from project 'PerformanceBezier')
    cd /Users/admin/builder/spi-builder-workspace/.swiftpm/xcode

    Using response file: /Users/admin/builder/spi-builder-workspace/.derivedData/Build/Intermediates.noindex/PerformanceBezier.build/Debug-watchos/PerformanceBezier-t.build/Objects-normal/arm64_32/e6072d4f65d7061329687fe24e3d63a7-common-args.resp

    builtin-ScanDependencies -o /Users/admin/builder/spi-builder-workspace/.derivedData/Build/Intermediates.noindex/PerformanceBezier.build/Debug-watchos/PerformanceBezier-t.build/Objects-normal/arm64_32/UIBezierPathProperties.o.scan -- /Applications/Xcode-27.0.0-Release.Candidate.app/Contents/Developer/Toolchains/XcodeDefault.xctoolchain/usr/bin/clang -x objective-c -ivfsstatcache /Users/admin/builder/spi-builder-workspace/.derivedData/SDKStatCaches.noindex/watchos27.0-24R360-e829b21a6f8c9b70876ba0858053c04477534ef55a1706bf4c1112bbb242f0a2.sdkstatcache -target arm64_32-apple-watchos9.0 -fmessage-length\=0 -fdiagnostics-show-note-include-stack -fmacro-backtrace-limit\=0 -fno-color-diagnostics -fmodules-prune-interval\=86400 -fmodules-prune-after\=345600 -fbuild-session-file\=/Users/admin/builder/spi-builder-workspace/.derivedData/ModuleCache.noindex/Session.modulevalidation -fmodules-validate-once-per-build-session -Wnon-modular-include-in-framework-module -Werror\=non-modular-include-in-framework-module -Wno-trigraphs -Wno-missing-field-initializers -Wno-missing-prototypes -Wno-return-type -Wno-implicit-atomic-properties -Wno-objc-interface-ivars -Wno-arc-repeated-use-of-weak -Wno-missing-braces -Wparentheses -Wswitch -Wno-unused-function -Wno-unused-label -Wno-unused-parameter -Wno-unused-variable -Wunused-value -Wno-empty-body -Wno-uninitialized -Wno-unknown-pragmas -w -Wno-shadow -Wno-four-char-constants -Wno-conversion -Wno-constant-conversion -Wno-int-conversion -Wno-bool-conversion -Wno-enum-conversion -Wno-float-conversion -Wno-non-literal-null-conversion -Wno-objc-literal-conversion -Wno-shorten-64-to-32 -Wpointer-sign -Wno-newline-eof -Wno-selector -Wno-strict-selector-match -Wno-undeclared-selector -Wno-deprecated-implementations -Wno-implicit-fallthrough -isysroot /Applications/Xcode-27.0.0-Release.Candidate.app/Contents/Developer/Platforms/WatchOS.platform/Developer/SDKs/WatchOS27.0.sdk -fstrict-aliasing -Wprotocol -Wdeprecated-declarations -Wno-sign-conversion -Wno-infinite-recursion -Wno-comma -Wno-block-capture-autoreleasing -Wno-strict-prototypes -Wno-semicolon-before-method-body -index-store-path /Users/admin/builder/spi-builder-workspace/.derivedData/Index.noindex/DataStore @/Users/admin/builder/spi-builder-workspace/.derivedData/Build/Intermediates.noindex/PerformanceBezier.build/Debug-watchos/PerformanceBezier-t.build/Objects-normal/arm64_32/e6072d4f65d7061329687fe24e3d63a7-common-args.resp -MMD -MT dependencies -MF /Users/admin/builder/spi-builder-workspace/.derivedData/Build/Intermediates.noindex/PerformanceBezier.build/Debug-watchos/PerformanceBezier-t.build/Objects-normal/arm64_32/UIBezierPathProperties.d --serialize-diagnostics /Users/admin/builder/spi-builder-workspace/.derivedData/Build/Intermediates.noindex/PerformanceBezier.build/Debug-watchos/PerformanceBezier-t.build/Objects-normal/arm64_32/UIBezierPathProperties.dia -c /Users/admin/builder/spi-builder-workspace/.dependencies/checkouts/PerformanceBezier/PerformanceBezier/UIBezierPathProperties.m -o /Users/admin/builder/spi-builder-workspace/.derivedData/Build/Intermediates.noindex/PerformanceBezier.build/Debug-watchos/PerformanceBezier-t.build/Objects-normal/arm64_32/UIBezierPathProperties.o -index-unit-output-path /PerformanceBezier.build/Debug-watchos/PerformanceBezier-t.build/Objects-normal/arm64_32/UIBezierPathProperties.o
ScanDependencies /Users/admin/builder/spi-builder-workspace/.derivedData/Build/Intermediates.noindex/PerformanceBezier.build/Debug-watchos/PerformanceBezier-t.build/Objects-normal/arm64_32/UIBezierPath+Util.o /Users/admin/builder/spi-builder-workspace/.dependencies/checkouts/PerformanceBezier/PerformanceBezier/UIBezierPath+Util.m normal arm64_32 objective-c com.apple.compilers.llvm.clang.1_0.compiler (in target 'PerformanceBezier' from project 'PerformanceBezier')
    cd /Users/admin/builder/spi-builder-workspace/.swiftpm/xcode

    Using response file: /Users/admin/builder/spi-builder-workspace/.derivedData/Build/Intermediates.noindex/PerformanceBezier.build/Debug-watchos/PerformanceBezier-t.build/Objects-normal/arm64_32/e6072d4f65d7061329687fe24e3d63a7-common-args.resp

    builtin-ScanDependencies -o /Users/admin/builder/spi-builder-workspace/.derivedData/Build/Intermediates.noindex/PerformanceBezier.build/Debug-watchos/PerformanceBezier-t.build/Objects-normal/arm64_32/UIBezierPath+Util.o.scan -- /Applications/Xcode-27.0.0-Release.Candidate.app/Contents/Developer/Toolchains/XcodeDefault.xctoolchain/usr/bin/clang -x objective-c -ivfsstatcache /Users/admin/builder/spi-builder-workspace/.derivedData/SDKStatCaches.noindex/watchos27.0-24R360-e829b21a6f8c9b70876ba0858053c04477534ef55a1706bf4c1112bbb242f0a2.sdkstatcache -target arm64_32-apple-watchos9.0 -fmessage-length\=0 -fdiagnostics-show-note-include-stack -fmacro-backtrace-limit\=0 -fno-color-diagnostics -fmodules-prune-interval\=86400 -fmodules-prune-after\=345600 -fbuild-session-file\=/Users/admin/builder/spi-builder-workspace/.derivedData/ModuleCache.noindex/Session.modulevalidation -fmodules-validate-once-per-build-session -Wnon-modular-include-in-framework-module -Werror\=non-modular-include-in-framework-module -Wno-trigraphs -Wno-missing-field-initializers -Wno-missing-prototypes -Wno-return-type -Wno-implicit-atomic-properties -Wno-objc-interface-ivars -Wno-arc-repeated-use-of-weak -Wno-missing-braces -Wparentheses -Wswitch -Wno-unused-function -Wno-unused-label -Wno-unused-parameter -Wno-unused-variable -Wunused-value -Wno-empty-body -Wno-uninitialized -Wno-unknown-pragmas -w -Wno-shadow -Wno-four-char-constants -Wno-conversion -Wno-constant-conversion -Wno-int-conversion -Wno-bool-conversion -Wno-enum-conversion -Wno-float-conversion -Wno-non-literal-null-conversion -Wno-objc-literal-conversion -Wno-shorten-64-to-32 -Wpointer-sign -Wno-newline-eof -Wno-selector -Wno-strict-selector-match -Wno-undeclared-selector -Wno-deprecated-implementations -Wno-implicit-fallthrough -isysroot /Applications/Xcode-27.0.0-Release.Candidate.app/Contents/Developer/Platforms/WatchOS.platform/Developer/SDKs/WatchOS27.0.sdk -fstrict-aliasing -Wprotocol -Wdeprecated-declarations -Wno-sign-conversion -Wno-infinite-recursion -Wno-comma -Wno-block-capture-autoreleasing -Wno-strict-prototypes -Wno-semicolon-before-method-body -index-store-path /Users/admin/builder/spi-builder-workspace/.derivedData/Index.noindex/DataStore @/Users/admin/builder/spi-builder-workspace/.derivedData/Build/Intermediates.noindex/PerformanceBezier.build/Debug-watchos/PerformanceBezier-t.build/Objects-normal/arm64_32/e6072d4f65d7061329687fe24e3d63a7-common-args.resp -MMD -MT dependencies -MF /Users/admin/builder/spi-builder-workspace/.derivedData/Build/Intermediates.noindex/PerformanceBezier.build/Debug-watchos/PerformanceBezier-t.build/Objects-normal/arm64_32/UIBezierPath+Util.d --serialize-diagnostics /Users/admin/builder/spi-builder-workspace/.derivedData/Build/Intermediates.noindex/PerformanceBezier.build/Debug-watchos/PerformanceBezier-t.build/Objects-normal/arm64_32/UIBezierPath+Util.dia -c /Users/admin/builder/spi-builder-workspace/.dependencies/checkouts/PerformanceBezier/PerformanceBezier/UIBezierPath+Util.m -o /Users/admin/builder/spi-builder-workspace/.derivedData/Build/Intermediates.noindex/PerformanceBezier.build/Debug-watchos/PerformanceBezier-t.build/Objects-normal/arm64_32/UIBezierPath+Util.o -index-unit-output-path /PerformanceBezier.build/Debug-watchos/PerformanceBezier-t.build/Objects-normal/arm64_32/UIBezierPath+Util.o
ScanDependencies /Users/admin/builder/spi-builder-workspace/.derivedData/Build/Intermediates.noindex/PerformanceBezier.build/Debug-watchos/PerformanceBezier-t.build/Objects-normal/arm64_32/UIBezierPath+Uncached.o /Users/admin/builder/spi-builder-workspace/.dependencies/checkouts/PerformanceBezier/PerformanceBezier/UIBezierPath+Uncached.m normal arm64_32 objective-c com.apple.compilers.llvm.clang.1_0.compiler (in target 'PerformanceBezier' from project 'PerformanceBezier')
    cd /Users/admin/builder/spi-builder-workspace/.swiftpm/xcode

    Using response file: /Users/admin/builder/spi-builder-workspace/.derivedData/Build/Intermediates.noindex/PerformanceBezier.build/Debug-watchos/PerformanceBezier-t.build/Objects-normal/arm64_32/e6072d4f65d7061329687fe24e3d63a7-common-args.resp

    builtin-ScanDependencies -o /Users/admin/builder/spi-builder-workspace/.derivedData/Build/Intermediates.noindex/PerformanceBezier.build/Debug-watchos/PerformanceBezier-t.build/Objects-normal/arm64_32/UIBezierPath+Uncached.o.scan -- /Applications/Xcode-27.0.0-Release.Candidate.app/Contents/Developer/Toolchains/XcodeDefault.xctoolchain/usr/bin/clang -x objective-c -ivfsstatcache /Users/admin/builder/spi-builder-workspace/.derivedData/SDKStatCaches.noindex/watchos27.0-24R360-e829b21a6f8c9b70876ba0858053c04477534ef55a1706bf4c1112bbb242f0a2.sdkstatcache -target arm64_32-apple-watchos9.0 -fmessage-length\=0 -fdiagnostics-show-note-include-stack -fmacro-backtrace-limit\=0 -fno-color-diagnostics -fmodules-prune-interval\=86400 -fmodules-prune-after\=345600 -fbuild-session-file\=/Users/admin/builder/spi-builder-workspace/.derivedData/ModuleCache.noindex/Session.modulevalidation -fmodules-validate-once-per-build-session -Wnon-modular-include-in-framework-module -Werror\=non-modular-include-in-framework-module -Wno-trigraphs -Wno-missing-field-initializers -Wno-missing-prototypes -Wno-return-type -Wno-implicit-atomic-properties -Wno-objc-interface-ivars -Wno-arc-repeated-use-of-weak -Wno-missing-braces -Wparentheses -Wswitch -Wno-unused-function -Wno-unused-label -Wno-unused-parameter -Wno-unused-variable -Wunused-value -Wno-empty-body -Wno-uninitialized -Wno-unknown-pragmas -w -Wno-shadow -Wno-four-char-constants -Wno-conversion -Wno-constant-conversion -Wno-int-conversion -Wno-bool-conversion -Wno-enum-conversion -Wno-float-conversion -Wno-non-literal-null-conversion -Wno-objc-literal-conversion -Wno-shorten-64-to-32 -Wpointer-sign -Wno-newline-eof -Wno-selector -Wno-strict-selector-match -Wno-undeclared-selector -Wno-deprecated-implementations -Wno-implicit-fallthrough -isysroot /Applications/Xcode-27.0.0-Release.Candidate.app/Contents/Developer/Platforms/WatchOS.platform/Developer/SDKs/WatchOS27.0.sdk -fstrict-aliasing -Wprotocol -Wdeprecated-declarations -Wno-sign-conversion -Wno-infinite-recursion -Wno-comma -Wno-block-capture-autoreleasing -Wno-strict-prototypes -Wno-semicolon-before-method-body -index-store-path /Users/admin/builder/spi-builder-workspace/.derivedData/Index.noindex/DataStore @/Users/admin/builder/spi-builder-workspace/.derivedData/Build/Intermediates.noindex/PerformanceBezier.build/Debug-watchos/PerformanceBezier-t.build/Objects-normal/arm64_32/e6072d4f65d7061329687fe24e3d63a7-common-args.resp -MMD -MT dependencies -MF /Users/admin/builder/spi-builder-workspace/.derivedData/Build/Intermediates.noindex/PerformanceBezier.build/Debug-watchos/PerformanceBezier-t.build/Objects-normal/arm64_32/UIBezierPath+Uncached.d --serialize-diagnostics /Users/admin/builder/spi-builder-workspace/.derivedData/Build/Intermediates.noindex/PerformanceBezier.build/Debug-watchos/PerformanceBezier-t.build/Objects-normal/arm64_32/UIBezierPath+Uncached.dia -c /Users/admin/builder/spi-builder-workspace/.dependencies/checkouts/PerformanceBezier/PerformanceBezier/UIBezierPath+Uncached.m -o /Users/admin/builder/spi-builder-workspace/.derivedData/Build/Intermediates.noindex/PerformanceBezier.build/Debug-watchos/PerformanceBezier-t.build/Objects-normal/arm64_32/UIBezierPath+Uncached.o -index-unit-output-path /PerformanceBezier.build/Debug-watchos/PerformanceBezier-t.build/Objects-normal/arm64_32/UIBezierPath+Uncached.o
ScanDependencies /Users/admin/builder/spi-builder-workspace/.derivedData/Build/Intermediates.noindex/PerformanceBezier.build/Debug-watchos/PerformanceBezier-t.build/Objects-normal/arm64_32/UIBezierPath+Trim.o /Users/admin/builder/spi-builder-workspace/.dependencies/checkouts/PerformanceBezier/PerformanceBezier/UIBezierPath+Trim.m normal arm64_32 objective-c com.apple.compilers.llvm.clang.1_0.compiler (in target 'PerformanceBezier' from project 'PerformanceBezier')
    cd /Users/admin/builder/spi-builder-workspace/.swiftpm/xcode

    Using response file: /Users/admin/builder/spi-builder-workspace/.derivedData/Build/Intermediates.noindex/PerformanceBezier.build/Debug-watchos/PerformanceBezier-t.build/Objects-normal/arm64_32/e6072d4f65d7061329687fe24e3d63a7-common-args.resp

    builtin-ScanDependencies -o /Users/admin/builder/spi-builder-workspace/.derivedData/Build/Intermediates.noindex/PerformanceBezier.build/Debug-watchos/PerformanceBezier-t.build/Objects-normal/arm64_32/UIBezierPath+Trim.o.scan -- /Applications/Xcode-27.0.0-Release.Candidate.app/Contents/Developer/Toolchains/XcodeDefault.xctoolchain/usr/bin/clang -x objective-c -ivfsstatcache /Users/admin/builder/spi-builder-workspace/.derivedData/SDKStatCaches.noindex/watchos27.0-24R360-e829b21a6f8c9b70876ba0858053c04477534ef55a1706bf4c1112bbb242f0a2.sdkstatcache -target arm64_32-apple-watchos9.0 -fmessage-length\=0 -fdiagnostics-show-note-include-stack -fmacro-backtrace-limit\=0 -fno-color-diagnostics -fmodules-prune-interval\=86400 -fmodules-prune-after\=345600 -fbuild-session-file\=/Users/admin/builder/spi-builder-workspace/.derivedData/ModuleCache.noindex/Session.modulevalidation -fmodules-validate-once-per-build-session -Wnon-modular-include-in-framework-module -Werror\=non-modular-include-in-framework-module -Wno-trigraphs -Wno-missing-field-initializers -Wno-missing-prototypes -Wno-return-type -Wno-implicit-atomic-properties -Wno-objc-interface-ivars -Wno-arc-repeated-use-of-weak -Wno-missing-braces -Wparentheses -Wswitch -Wno-unused-function -Wno-unused-label -Wno-unused-parameter -Wno-unused-variable -Wunused-value -Wno-empty-body -Wno-uninitialized -Wno-unknown-pragmas -w -Wno-shadow -Wno-four-char-constants -Wno-conversion -Wno-constant-conversion -Wno-int-conversion -Wno-bool-conversion -Wno-enum-conversion -Wno-float-conversion -Wno-non-literal-null-conversion -Wno-objc-literal-conversion -Wno-shorten-64-to-32 -Wpointer-sign -Wno-newline-eof -Wno-selector -Wno-strict-selector-match -Wno-undeclared-selector -Wno-deprecated-implementations -Wno-implicit-fallthrough -isysroot /Applications/Xcode-27.0.0-Release.Candidate.app/Contents/Developer/Platforms/WatchOS.platform/Developer/SDKs/WatchOS27.0.sdk -fstrict-aliasing -Wprotocol -Wdeprecated-declarations -Wno-sign-conversion -Wno-infinite-recursion -Wno-comma -Wno-block-capture-autoreleasing -Wno-strict-prototypes -Wno-semicolon-before-method-body -index-store-path /Users/admin/builder/spi-builder-workspace/.derivedData/Index.noindex/DataStore @/Users/admin/builder/spi-builder-workspace/.derivedData/Build/Intermediates.noindex/PerformanceBezier.build/Debug-watchos/PerformanceBezier-t.build/Objects-normal/arm64_32/e6072d4f65d7061329687fe24e3d63a7-common-args.resp -MMD -MT dependencies -MF /Users/admin/builder/spi-builder-workspace/.derivedData/Build/Intermediates.noindex/PerformanceBezier.build/Debug-watchos/PerformanceBezier-t.build/Objects-normal/arm64_32/UIBezierPath+Trim.d --serialize-diagnostics /Users/admin/builder/spi-builder-workspace/.derivedData/Build/Intermediates.noindex/PerformanceBezier.build/Debug-watchos/PerformanceBezier-t.build/Objects-normal/arm64_32/UIBezierPath+Trim.dia -c /Users/admin/builder/spi-builder-workspace/.dependencies/checkouts/PerformanceBezier/PerformanceBezier/UIBezierPath+Trim.m -o /Users/admin/builder/spi-builder-workspace/.derivedData/Build/Intermediates.noindex/PerformanceBezier.build/Debug-watchos/PerformanceBezier-t.build/Objects-normal/arm64_32/UIBezierPath+Trim.o -index-unit-output-path /PerformanceBezier.build/Debug-watchos/PerformanceBezier-t.build/Objects-normal/arm64_32/UIBezierPath+Trim.o
ScanDependencies /Users/admin/builder/spi-builder-workspace/.derivedData/Build/Intermediates.noindex/PerformanceBezier.build/Debug-watchos/PerformanceBezier-t.build/Objects-normal/arm64_32/UIBezierPath+NSOSX.o /Users/admin/builder/spi-builder-workspace/.dependencies/checkouts/PerformanceBezier/PerformanceBezier/UIBezierPath+NSOSX.m normal arm64_32 objective-c com.apple.compilers.llvm.clang.1_0.compiler (in target 'PerformanceBezier' from project 'PerformanceBezier')
    cd /Users/admin/builder/spi-builder-workspace/.swiftpm/xcode

    Using response file: /Users/admin/builder/spi-builder-workspace/.derivedData/Build/Intermediates.noindex/PerformanceBezier.build/Debug-watchos/PerformanceBezier-t.build/Objects-normal/arm64_32/e6072d4f65d7061329687fe24e3d63a7-common-args.resp

    builtin-ScanDependencies -o /Users/admin/builder/spi-builder-workspace/.derivedData/Build/Intermediates.noindex/PerformanceBezier.build/Debug-watchos/PerformanceBezier-t.build/Objects-normal/arm64_32/UIBezierPath+NSOSX.o.scan -- /Applications/Xcode-27.0.0-Release.Candidate.app/Contents/Developer/Toolchains/XcodeDefault.xctoolchain/usr/bin/clang -x objective-c -ivfsstatcache /Users/admin/builder/spi-builder-workspace/.derivedData/SDKStatCaches.noindex/watchos27.0-24R360-e829b21a6f8c9b70876ba0858053c04477534ef55a1706bf4c1112bbb242f0a2.sdkstatcache -target arm64_32-apple-watchos9.0 -fmessage-length\=0 -fdiagnostics-show-note-include-stack -fmacro-backtrace-limit\=0 -fno-color-diagnostics -fmodules-prune-interval\=86400 -fmodules-prune-after\=345600 -fbuild-session-file\=/Users/admin/builder/spi-builder-workspace/.derivedData/ModuleCache.noindex/Session.modulevalidation -fmodules-validate-once-per-build-session -Wnon-modular-include-in-framework-module -Werror\=non-modular-include-in-framework-module -Wno-trigraphs -Wno-missing-field-initializers -Wno-missing-prototypes -Wno-return-type -Wno-implicit-atomic-properties -Wno-objc-interface-ivars -Wno-arc-repeated-use-of-weak -Wno-missing-braces -Wparentheses -Wswitch -Wno-unused-function -Wno-unused-label -Wno-unused-parameter -Wno-unused-variable -Wunused-value -Wno-empty-body -Wno-uninitialized -Wno-unknown-pragmas -w -Wno-shadow -Wno-four-char-constants -Wno-conversion -Wno-constant-conversion -Wno-int-conversion -Wno-bool-conversion -Wno-enum-conversion -Wno-float-conversion -Wno-non-literal-null-conversion -Wno-objc-literal-conversion -Wno-shorten-64-to-32 -Wpointer-sign -Wno-newline-eof -Wno-selector -Wno-strict-selector-match -Wno-undeclared-selector -Wno-deprecated-implementations -Wno-implicit-fallthrough -isysroot /Applications/Xcode-27.0.0-Release.Candidate.app/Contents/Developer/Platforms/WatchOS.platform/Developer/SDKs/WatchOS27.0.sdk -fstrict-aliasing -Wprotocol -Wdeprecated-declarations -Wno-sign-conversion -Wno-infinite-recursion -Wno-comma -Wno-block-capture-autoreleasing -Wno-strict-prototypes -Wno-semicolon-before-method-body -index-store-path /Users/admin/builder/spi-builder-workspace/.derivedData/Index.noindex/DataStore @/Users/admin/builder/spi-builder-workspace/.derivedData/Build/Intermediates.noindex/PerformanceBezier.build/Debug-watchos/PerformanceBezier-t.build/Objects-normal/arm64_32/e6072d4f65d7061329687fe24e3d63a7-common-args.resp -MMD -MT dependencies -MF /Users/admin/builder/spi-builder-workspace/.derivedData/Build/Intermediates.noindex/PerformanceBezier.build/Debug-watchos/PerformanceBezier-t.build/Objects-normal/arm64_32/UIBezierPath+NSOSX.d --serialize-diagnostics /Users/admin/builder/spi-builder-workspace/.derivedData/Build/Intermediates.noindex/PerformanceBezier.build/Debug-watchos/PerformanceBezier-t.build/Objects-normal/arm64_32/UIBezierPath+NSOSX.dia -c /Users/admin/builder/spi-builder-workspace/.dependencies/checkouts/PerformanceBezier/PerformanceBezier/UIBezierPath+NSOSX.m -o /Users/admin/builder/spi-builder-workspace/.derivedData/Build/Intermediates.noindex/PerformanceBezier.build/Debug-watchos/PerformanceBezier-t.build/Objects-normal/arm64_32/UIBezierPath+NSOSX.o -index-unit-output-path /PerformanceBezier.build/Debug-watchos/PerformanceBezier-t.build/Objects-normal/arm64_32/UIBezierPath+NSOSX.o
ScanDependencies /Users/admin/builder/spi-builder-workspace/.derivedData/Build/Intermediates.noindex/PerformanceBezier.build/Debug-watchos/PerformanceBezier-t.build/Objects-normal/arm64_32/UIBezierPath+Performance.o /Users/admin/builder/spi-builder-workspace/.dependencies/checkouts/PerformanceBezier/PerformanceBezier/UIBezierPath+Performance.m normal arm64_32 objective-c com.apple.compilers.llvm.clang.1_0.compiler (in target 'PerformanceBezier' from project 'PerformanceBezier')
    cd /Users/admin/builder/spi-builder-workspace/.swiftpm/xcode

    Using response file: /Users/admin/builder/spi-builder-workspace/.derivedData/Build/Intermediates.noindex/PerformanceBezier.build/Debug-watchos/PerformanceBezier-t.build/Objects-normal/arm64_32/e6072d4f65d7061329687fe24e3d63a7-common-args.resp

    builtin-ScanDependencies -o /Users/admin/builder/spi-builder-workspace/.derivedData/Build/Intermediates.noindex/PerformanceBezier.build/Debug-watchos/PerformanceBezier-t.build/Objects-normal/arm64_32/UIBezierPath+Performance.o.scan -- /Applications/Xcode-27.0.0-Release.Candidate.app/Contents/Developer/Toolchains/XcodeDefault.xctoolchain/usr/bin/clang -x objective-c -ivfsstatcache /Users/admin/builder/spi-builder-workspace/.derivedData/SDKStatCaches.noindex/watchos27.0-24R360-e829b21a6f8c9b70876ba0858053c04477534ef55a1706bf4c1112bbb242f0a2.sdkstatcache -target arm64_32-apple-watchos9.0 -fmessage-length\=0 -fdiagnostics-show-note-include-stack -fmacro-backtrace-limit\=0 -fno-color-diagnostics -fmodules-prune-interval\=86400 -fmodules-prune-after\=345600 -fbuild-session-file\=/Users/admin/builder/spi-builder-workspace/.derivedData/ModuleCache.noindex/Session.modulevalidation -fmodules-validate-once-per-build-session -Wnon-modular-include-in-framework-module -Werror\=non-modular-include-in-framework-module -Wno-trigraphs -Wno-missing-field-initializers -Wno-missing-prototypes -Wno-return-type -Wno-implicit-atomic-properties -Wno-objc-interface-ivars -Wno-arc-repeated-use-of-weak -Wno-missing-braces -Wparentheses -Wswitch -Wno-unused-function -Wno-unused-label -Wno-unused-parameter -Wno-unused-variable -Wunused-value -Wno-empty-body -Wno-uninitialized -Wno-unknown-pragmas -w -Wno-shadow -Wno-four-char-constants -Wno-conversion -Wno-constant-conversion -Wno-int-conversion -Wno-bool-conversion -Wno-enum-conversion -Wno-float-conversion -Wno-non-literal-null-conversion -Wno-objc-literal-conversion -Wno-shorten-64-to-32 -Wpointer-sign -Wno-newline-eof -Wno-selector -Wno-strict-selector-match -Wno-undeclared-selector -Wno-deprecated-implementations -Wno-implicit-fallthrough -isysroot /Applications/Xcode-27.0.0-Release.Candidate.app/Contents/Developer/Platforms/WatchOS.platform/Developer/SDKs/WatchOS27.0.sdk -fstrict-aliasing -Wprotocol -Wdeprecated-declarations -Wno-sign-conversion -Wno-infinite-recursion -Wno-comma -Wno-block-capture-autoreleasing -Wno-strict-prototypes -Wno-semicolon-before-method-body -index-store-path /Users/admin/builder/spi-builder-workspace/.derivedData/Index.noindex/DataStore @/Users/admin/builder/spi-builder-workspace/.derivedData/Build/Intermediates.noindex/PerformanceBezier.build/Debug-watchos/PerformanceBezier-t.build/Objects-normal/arm64_32/e6072d4f65d7061329687fe24e3d63a7-common-args.resp -MMD -MT dependencies -MF /Users/admin/builder/spi-builder-workspace/.derivedData/Build/Intermediates.noindex/PerformanceBezier.build/Debug-watchos/PerformanceBezier-t.build/Objects-normal/arm64_32/UIBezierPath+Performance.d --serialize-diagnostics /Users/admin/builder/spi-builder-workspace/.derivedData/Build/Intermediates.noindex/PerformanceBezier.build/Debug-watchos/PerformanceBezier-t.build/Objects-normal/arm64_32/UIBezierPath+Performance.dia -c /Users/admin/builder/spi-builder-workspace/.dependencies/checkouts/PerformanceBezier/PerformanceBezier/UIBezierPath+Performance.m -o /Users/admin/builder/spi-builder-workspace/.derivedData/Build/Intermediates.noindex/PerformanceBezier.build/Debug-watchos/PerformanceBezier-t.build/Objects-normal/arm64_32/UIBezierPath+Performance.o -index-unit-output-path /PerformanceBezier.build/Debug-watchos/PerformanceBezier-t.build/Objects-normal/arm64_32/UIBezierPath+Performance.o
ScanDependencies /Users/admin/builder/spi-builder-workspace/.derivedData/Build/Intermediates.noindex/PerformanceBezier.build/Debug-watchos/PerformanceBezier-t.build/Objects-normal/arm64_32/UIBezierPath+FirstLast.o /Users/admin/builder/spi-builder-workspace/.dependencies/checkouts/PerformanceBezier/PerformanceBezier/UIBezierPath+FirstLast.m normal arm64_32 objective-c com.apple.compilers.llvm.clang.1_0.compiler (in target 'PerformanceBezier' from project 'PerformanceBezier')
    cd /Users/admin/builder/spi-builder-workspace/.swiftpm/xcode

    Using response file: /Users/admin/builder/spi-builder-workspace/.derivedData/Build/Intermediates.noindex/PerformanceBezier.build/Debug-watchos/PerformanceBezier-t.build/Objects-normal/arm64_32/e6072d4f65d7061329687fe24e3d63a7-common-args.resp

    builtin-ScanDependencies -o /Users/admin/builder/spi-builder-workspace/.derivedData/Build/Intermediates.noindex/PerformanceBezier.build/Debug-watchos/PerformanceBezier-t.build/Objects-normal/arm64_32/UIBezierPath+FirstLast.o.scan -- /Applications/Xcode-27.0.0-Release.Candidate.app/Contents/Developer/Toolchains/XcodeDefault.xctoolchain/usr/bin/clang -x objective-c -ivfsstatcache /Users/admin/builder/spi-builder-workspace/.derivedData/SDKStatCaches.noindex/watchos27.0-24R360-e829b21a6f8c9b70876ba0858053c04477534ef55a1706bf4c1112bbb242f0a2.sdkstatcache -target arm64_32-apple-watchos9.0 -fmessage-length\=0 -fdiagnostics-show-note-include-stack -fmacro-backtrace-limit\=0 -fno-color-diagnostics -fmodules-prune-interval\=86400 -fmodules-prune-after\=345600 -fbuild-session-file\=/Users/admin/builder/spi-builder-workspace/.derivedData/ModuleCache.noindex/Session.modulevalidation -fmodules-validate-once-per-build-session -Wnon-modular-include-in-framework-module -Werror\=non-modular-include-in-framework-module -Wno-trigraphs -Wno-missing-field-initializers -Wno-missing-prototypes -Wno-return-type -Wno-implicit-atomic-properties -Wno-objc-interface-ivars -Wno-arc-repeated-use-of-weak -Wno-missing-braces -Wparentheses -Wswitch -Wno-unused-function -Wno-unused-label -Wno-unused-parameter -Wno-unused-variable -Wunused-value -Wno-empty-body -Wno-uninitialized -Wno-unknown-pragmas -w -Wno-shadow -Wno-four-char-constants -Wno-conversion -Wno-constant-conversion -Wno-int-conversion -Wno-bool-conversion -Wno-enum-conversion -Wno-float-conversion -Wno-non-literal-null-conversion -Wno-objc-literal-conversion -Wno-shorten-64-to-32 -Wpointer-sign -Wno-newline-eof -Wno-selector -Wno-strict-selector-match -Wno-undeclared-selector -Wno-deprecated-implementations -Wno-implicit-fallthrough -isysroot /Applications/Xcode-27.0.0-Release.Candidate.app/Contents/Developer/Platforms/WatchOS.platform/Developer/SDKs/WatchOS27.0.sdk -fstrict-aliasing -Wprotocol -Wdeprecated-declarations -Wno-sign-conversion -Wno-infinite-recursion -Wno-comma -Wno-block-capture-autoreleasing -Wno-strict-prototypes -Wno-semicolon-before-method-body -index-store-path /Users/admin/builder/spi-builder-workspace/.derivedData/Index.noindex/DataStore @/Users/admin/builder/spi-builder-workspace/.derivedData/Build/Intermediates.noindex/PerformanceBezier.build/Debug-watchos/PerformanceBezier-t.build/Objects-normal/arm64_32/e6072d4f65d7061329687fe24e3d63a7-common-args.resp -MMD -MT dependencies -MF /Users/admin/builder/spi-builder-workspace/.derivedData/Build/Intermediates.noindex/PerformanceBezier.build/Debug-watchos/PerformanceBezier-t.build/Objects-normal/arm64_32/UIBezierPath+FirstLast.d --serialize-diagnostics /Users/admin/builder/spi-builder-workspace/.derivedData/Build/Intermediates.noindex/PerformanceBezier.build/Debug-watchos/PerformanceBezier-t.build/Objects-normal/arm64_32/UIBezierPath+FirstLast.dia -c /Users/admin/builder/spi-builder-workspace/.dependencies/checkouts/PerformanceBezier/PerformanceBezier/UIBezierPath+FirstLast.m -o /Users/admin/builder/spi-builder-workspace/.derivedData/Build/Intermediates.noindex/PerformanceBezier.build/Debug-watchos/PerformanceBezier-t.build/Objects-normal/arm64_32/UIBezierPath+FirstLast.o -index-unit-output-path /PerformanceBezier.build/Debug-watchos/PerformanceBezier-t.build/Objects-normal/arm64_32/UIBezierPath+FirstLast.o
ScanDependencies /Users/admin/builder/spi-builder-workspace/.derivedData/Build/Intermediates.noindex/PerformanceBezier.build/Debug-watchos/PerformanceBezier-t.build/Objects-normal/arm64_32/UIBezierPath+Equals.o /Users/admin/builder/spi-builder-workspace/.dependencies/checkouts/PerformanceBezier/PerformanceBezier/UIBezierPath+Equals.m normal arm64_32 objective-c com.apple.compilers.llvm.clang.1_0.compiler (in target 'PerformanceBezier' from project 'PerformanceBezier')
    cd /Users/admin/builder/spi-builder-workspace/.swiftpm/xcode

    Using response file: /Users/admin/builder/spi-builder-workspace/.derivedData/Build/Intermediates.noindex/PerformanceBezier.build/Debug-watchos/PerformanceBezier-t.build/Objects-normal/arm64_32/e6072d4f65d7061329687fe24e3d63a7-common-args.resp

    builtin-ScanDependencies -o /Users/admin/builder/spi-builder-workspace/.derivedData/Build/Intermediates.noindex/PerformanceBezier.build/Debug-watchos/PerformanceBezier-t.build/Objects-normal/arm64_32/UIBezierPath+Equals.o.scan -- /Applications/Xcode-27.0.0-Release.Candidate.app/Contents/Developer/Toolchains/XcodeDefault.xctoolchain/usr/bin/clang -x objective-c -ivfsstatcache /Users/admin/builder/spi-builder-workspace/.derivedData/SDKStatCaches.noindex/watchos27.0-24R360-e829b21a6f8c9b70876ba0858053c04477534ef55a1706bf4c1112bbb242f0a2.sdkstatcache -target arm64_32-apple-watchos9.0 -fmessage-length\=0 -fdiagnostics-show-note-include-stack -fmacro-backtrace-limit\=0 -fno-color-diagnostics -fmodules-prune-interval\=86400 -fmodules-prune-after\=345600 -fbuild-session-file\=/Users/admin/builder/spi-builder-workspace/.derivedData/ModuleCache.noindex/Session.modulevalidation -fmodules-validate-once-per-build-session -Wnon-modular-include-in-framework-module -Werror\=non-modular-include-in-framework-module -Wno-trigraphs -Wno-missing-field-initializers -Wno-missing-prototypes -Wno-return-type -Wno-implicit-atomic-properties -Wno-objc-interface-ivars -Wno-arc-repeated-use-of-weak -Wno-missing-braces -Wparentheses -Wswitch -Wno-unused-function -Wno-unused-label -Wno-unused-parameter -Wno-unused-variable -Wunused-value -Wno-empty-body -Wno-uninitialized -Wno-unknown-pragmas -w -Wno-shadow -Wno-four-char-constants -Wno-conversion -Wno-constant-conversion -Wno-int-conversion -Wno-bool-conversion -Wno-enum-conversion -Wno-float-conversion -Wno-non-literal-null-conversion -Wno-objc-literal-conversion -Wno-shorten-64-to-32 -Wpointer-sign -Wno-newline-eof -Wno-selector -Wno-strict-selector-match -Wno-undeclared-selector -Wno-deprecated-implementations -Wno-implicit-fallthrough -isysroot /Applications/Xcode-27.0.0-Release.Candidate.app/Contents/Developer/Platforms/WatchOS.platform/Developer/SDKs/WatchOS27.0.sdk -fstrict-aliasing -Wprotocol -Wdeprecated-declarations -Wno-sign-conversion -Wno-infinite-recursion -Wno-comma -Wno-block-capture-autoreleasing -Wno-strict-prototypes -Wno-semicolon-before-method-body -index-store-path /Users/admin/builder/spi-builder-workspace/.derivedData/Index.noindex/DataStore @/Users/admin/builder/spi-builder-workspace/.derivedData/Build/Intermediates.noindex/PerformanceBezier.build/Debug-watchos/PerformanceBezier-t.build/Objects-normal/arm64_32/e6072d4f65d7061329687fe24e3d63a7-common-args.resp -MMD -MT dependencies -MF /Users/admin/builder/spi-builder-workspace/.derivedData/Build/Intermediates.noindex/PerformanceBezier.build/Debug-watchos/PerformanceBezier-t.build/Objects-normal/arm64_32/UIBezierPath+Equals.d --serialize-diagnostics /Users/admin/builder/spi-builder-workspace/.derivedData/Build/Intermediates.noindex/PerformanceBezier.build/Debug-watchos/PerformanceBezier-t.build/Objects-normal/arm64_32/UIBezierPath+Equals.dia -c /Users/admin/builder/spi-builder-workspace/.dependencies/checkouts/PerformanceBezier/PerformanceBezier/UIBezierPath+Equals.m -o /Users/admin/builder/spi-builder-workspace/.derivedData/Build/Intermediates.noindex/PerformanceBezier.build/Debug-watchos/PerformanceBezier-t.build/Objects-normal/arm64_32/UIBezierPath+Equals.o -index-unit-output-path /PerformanceBezier.build/Debug-watchos/PerformanceBezier-t.build/Objects-normal/arm64_32/UIBezierPath+Equals.o
ScanDependencies /Users/admin/builder/spi-builder-workspace/.derivedData/Build/Intermediates.noindex/PerformanceBezier.build/Debug-watchos/PerformanceBezier-t.build/Objects-normal/arm64_32/UIBezierPath+Description.o /Users/admin/builder/spi-builder-workspace/.dependencies/checkouts/PerformanceBezier/PerformanceBezier/UIBezierPath+Description.m normal arm64_32 objective-c com.apple.compilers.llvm.clang.1_0.compiler (in target 'PerformanceBezier' from project 'PerformanceBezier')
    cd /Users/admin/builder/spi-builder-workspace/.swiftpm/xcode

    Using response file: /Users/admin/builder/spi-builder-workspace/.derivedData/Build/Intermediates.noindex/PerformanceBezier.build/Debug-watchos/PerformanceBezier-t.build/Objects-normal/arm64_32/e6072d4f65d7061329687fe24e3d63a7-common-args.resp

    builtin-ScanDependencies -o /Users/admin/builder/spi-builder-workspace/.derivedData/Build/Intermediates.noindex/PerformanceBezier.build/Debug-watchos/PerformanceBezier-t.build/Objects-normal/arm64_32/UIBezierPath+Description.o.scan -- /Applications/Xcode-27.0.0-Release.Candidate.app/Contents/Developer/Toolchains/XcodeDefault.xctoolchain/usr/bin/clang -x objective-c -ivfsstatcache /Users/admin/builder/spi-builder-workspace/.derivedData/SDKStatCaches.noindex/watchos27.0-24R360-e829b21a6f8c9b70876ba0858053c04477534ef55a1706bf4c1112bbb242f0a2.sdkstatcache -target arm64_32-apple-watchos9.0 -fmessage-length\=0 -fdiagnostics-show-note-include-stack -fmacro-backtrace-limit\=0 -fno-color-diagnostics -fmodules-prune-interval\=86400 -fmodules-prune-after\=345600 -fbuild-session-file\=/Users/admin/builder/spi-builder-workspace/.derivedData/ModuleCache.noindex/Session.modulevalidation -fmodules-validate-once-per-build-session -Wnon-modular-include-in-framework-module -Werror\=non-modular-include-in-framework-module -Wno-trigraphs -Wno-missing-field-initializers -Wno-missing-prototypes -Wno-return-type -Wno-implicit-atomic-properties -Wno-objc-interface-ivars -Wno-arc-repeated-use-of-weak -Wno-missing-braces -Wparentheses -Wswitch -Wno-unused-function -Wno-unused-label -Wno-unused-parameter -Wno-unused-variable -Wunused-value -Wno-empty-body -Wno-uninitialized -Wno-unknown-pragmas -w -Wno-shadow -Wno-four-char-constants -Wno-conversion -Wno-constant-conversion -Wno-int-conversion -Wno-bool-conversion -Wno-enum-conversion -Wno-float-conversion -Wno-non-literal-null-conversion -Wno-objc-literal-conversion -Wno-shorten-64-to-32 -Wpointer-sign -Wno-newline-eof -Wno-selector -Wno-strict-selector-match -Wno-undeclared-selector -Wno-deprecated-implementations -Wno-implicit-fallthrough -isysroot /Applications/Xcode-27.0.0-Release.Candidate.app/Contents/Developer/Platforms/WatchOS.platform/Developer/SDKs/WatchOS27.0.sdk -fstrict-aliasing -Wprotocol -Wdeprecated-declarations -Wno-sign-conversion -Wno-infinite-recursion -Wno-comma -Wno-block-capture-autoreleasing -Wno-strict-prototypes -Wno-semicolon-before-method-body -index-store-path /Users/admin/builder/spi-builder-workspace/.derivedData/Index.noindex/DataStore @/Users/admin/builder/spi-builder-workspace/.derivedData/Build/Intermediates.noindex/PerformanceBezier.build/Debug-watchos/PerformanceBezier-t.build/Objects-normal/arm64_32/e6072d4f65d7061329687fe24e3d63a7-common-args.resp -MMD -MT dependencies -MF /Users/admin/builder/spi-builder-workspace/.derivedData/Build/Intermediates.noindex/PerformanceBezier.build/Debug-watchos/PerformanceBezier-t.build/Objects-normal/arm64_32/UIBezierPath+Description.d --serialize-diagnostics /Users/admin/builder/spi-builder-workspace/.derivedData/Build/Intermediates.noindex/PerformanceBezier.build/Debug-watchos/PerformanceBezier-t.build/Objects-normal/arm64_32/UIBezierPath+Description.dia -c /Users/admin/builder/spi-builder-workspace/.dependencies/checkouts/PerformanceBezier/PerformanceBezier/UIBezierPath+Description.m -o /Users/admin/builder/spi-builder-workspace/.derivedData/Build/Intermediates.noindex/PerformanceBezier.build/Debug-watchos/PerformanceBezier-t.build/Objects-normal/arm64_32/UIBezierPath+Description.o -index-unit-output-path /PerformanceBezier.build/Debug-watchos/PerformanceBezier-t.build/Objects-normal/arm64_32/UIBezierPath+Description.o
ScanDependencies /Users/admin/builder/spi-builder-workspace/.derivedData/Build/Intermediates.noindex/PerformanceBezier.build/Debug-watchos/PerformanceBezier-t.build/Objects-normal/arm64_32/UIBezierPath+Clockwise.o /Users/admin/builder/spi-builder-workspace/.dependencies/checkouts/PerformanceBezier/PerformanceBezier/UIBezierPath+Clockwise.m normal arm64_32 objective-c com.apple.compilers.llvm.clang.1_0.compiler (in target 'PerformanceBezier' from project 'PerformanceBezier')
    cd /Users/admin/builder/spi-builder-workspace/.swiftpm/xcode

    Using response file: /Users/admin/builder/spi-builder-workspace/.derivedData/Build/Intermediates.noindex/PerformanceBezier.build/Debug-watchos/PerformanceBezier-t.build/Objects-normal/arm64_32/e6072d4f65d7061329687fe24e3d63a7-common-args.resp

    builtin-ScanDependencies -o /Users/admin/builder/spi-builder-workspace/.derivedData/Build/Intermediates.noindex/PerformanceBezier.build/Debug-watchos/PerformanceBezier-t.build/Objects-normal/arm64_32/UIBezierPath+Clockwise.o.scan -- /Applications/Xcode-27.0.0-Release.Candidate.app/Contents/Developer/Toolchains/XcodeDefault.xctoolchain/usr/bin/clang -x objective-c -ivfsstatcache /Users/admin/builder/spi-builder-workspace/.derivedData/SDKStatCaches.noindex/watchos27.0-24R360-e829b21a6f8c9b70876ba0858053c04477534ef55a1706bf4c1112bbb242f0a2.sdkstatcache -target arm64_32-apple-watchos9.0 -fmessage-length\=0 -fdiagnostics-show-note-include-stack -fmacro-backtrace-limit\=0 -fno-color-diagnostics -fmodules-prune-interval\=86400 -fmodules-prune-after\=345600 -fbuild-session-file\=/Users/admin/builder/spi-builder-workspace/.derivedData/ModuleCache.noindex/Session.modulevalidation -fmodules-validate-once-per-build-session -Wnon-modular-include-in-framework-module -Werror\=non-modular-include-in-framework-module -Wno-trigraphs -Wno-missing-field-initializers -Wno-missing-prototypes -Wno-return-type -Wno-implicit-atomic-properties -Wno-objc-interface-ivars -Wno-arc-repeated-use-of-weak -Wno-missing-braces -Wparentheses -Wswitch -Wno-unused-function -Wno-unused-label -Wno-unused-parameter -Wno-unused-variable -Wunused-value -Wno-empty-body -Wno-uninitialized -Wno-unknown-pragmas -w -Wno-shadow -Wno-four-char-constants -Wno-conversion -Wno-constant-conversion -Wno-int-conversion -Wno-bool-conversion -Wno-enum-conversion -Wno-float-conversion -Wno-non-literal-null-conversion -Wno-objc-literal-conversion -Wno-shorten-64-to-32 -Wpointer-sign -Wno-newline-eof -Wno-selector -Wno-strict-selector-match -Wno-undeclared-selector -Wno-deprecated-implementations -Wno-implicit-fallthrough -isysroot /Applications/Xcode-27.0.0-Release.Candidate.app/Contents/Developer/Platforms/WatchOS.platform/Developer/SDKs/WatchOS27.0.sdk -fstrict-aliasing -Wprotocol -Wdeprecated-declarations -Wno-sign-conversion -Wno-infinite-recursion -Wno-comma -Wno-block-capture-autoreleasing -Wno-strict-prototypes -Wno-semicolon-before-method-body -index-store-path /Users/admin/builder/spi-builder-workspace/.derivedData/Index.noindex/DataStore @/Users/admin/builder/spi-builder-workspace/.derivedData/Build/Intermediates.noindex/PerformanceBezier.build/Debug-watchos/PerformanceBezier-t.build/Objects-normal/arm64_32/e6072d4f65d7061329687fe24e3d63a7-common-args.resp -MMD -MT dependencies -MF /Users/admin/builder/spi-builder-workspace/.derivedData/Build/Intermediates.noindex/PerformanceBezier.build/Debug-watchos/PerformanceBezier-t.build/Objects-normal/arm64_32/UIBezierPath+Clockwise.d --serialize-diagnostics /Users/admin/builder/spi-builder-workspace/.derivedData/Build/Intermediates.noindex/PerformanceBezier.build/Debug-watchos/PerformanceBezier-t.build/Objects-normal/arm64_32/UIBezierPath+Clockwise.dia -c /Users/admin/builder/spi-builder-workspace/.dependencies/checkouts/PerformanceBezier/PerformanceBezier/UIBezierPath+Clockwise.m -o /Users/admin/builder/spi-builder-workspace/.derivedData/Build/Intermediates.noindex/PerformanceBezier.build/Debug-watchos/PerformanceBezier-t.build/Objects-normal/arm64_32/UIBezierPath+Clockwise.o -index-unit-output-path /PerformanceBezier.build/Debug-watchos/PerformanceBezier-t.build/Objects-normal/arm64_32/UIBezierPath+Clockwise.o
SwiftDriver SwiftToolbox normal arm64 com.apple.xcode.tools.swift.compiler (in target 'SwiftToolbox' from project 'SwiftToolbox')
    cd /Users/admin/builder/spi-builder-workspace/.swiftpm/xcode
    builtin-SwiftDriver -- /Applications/Xcode-27.0.0-Release.Candidate.app/Contents/Developer/Toolchains/XcodeDefault.xctoolchain/usr/bin/swiftc -parse-as-library -module-name SwiftToolbox -Onone @/Users/admin/builder/spi-builder-workspace/.derivedData/Build/Intermediates.noindex/SwiftToolbox.build/Debug-watchos/SwiftToolbox-t.build/Objects-normal/arm64/SwiftToolbox.SwiftFileList -DSWIFT_PACKAGE -DDEBUG -DSWIFT_MODULE_RESOURCE_BUNDLE_UNAVAILABLE -DXcode -plugin-path /Applications/Xcode-27.0.0-Release.Candidate.app/Contents/Developer/Toolchains/XcodeDefault.xctoolchain/usr/lib/swift/host/plugins/testing -enable-experimental-feature DebugDescriptionMacro -sdk /Applications/Xcode-27.0.0-Release.Candidate.app/Contents/Developer/Platforms/WatchOS.platform/Developer/SDKs/WatchOS27.0.sdk -target arm64-apple-watchos9.0 -g -module-cache-path /Users/admin/builder/spi-builder-workspace/.derivedData/ModuleCache.noindex -Xfrontend -serialize-debugging-options -profile-coverage-mapping -profile-generate -enable-testing -suppress-warnings -index-store-path /Users/admin/builder/spi-builder-workspace/.derivedData/Index.noindex/DataStore -Xcc -D_LIBCPP_HARDENING_MODE\=_LIBCPP_HARDENING_MODE_DEBUG -swift-version 5 -I /Users/admin/builder/spi-builder-workspace/.derivedData/Build/Products/Debug-watchos -Isystem /Applications/Xcode-27.0.0-Release.Candidate.app/Contents/Developer/Platforms/WatchOS.platform/Developer/usr/lib -F /Users/admin/builder/spi-builder-workspace/.derivedData/Build/Products/Debug-watchos -F /Applications/Xcode-27.0.0-Release.Candidate.app/Contents/Developer/Platforms/WatchOS.platform/Developer/Library/Frameworks -F /Applications/Xcode-27.0.0-Release.Candidate.app/Contents/Developer/Platforms/WatchOS.platform/Developer/SDKs/WatchOS27.0.sdk/Developer/Library/Frameworks -c -j10 -enable-batch-mode -incremental -Xcc -ivfsstatcache -Xcc /Users/admin/builder/spi-builder-workspace/.derivedData/SDKStatCaches.noindex/watchos27.0-24R360-e829b21a6f8c9b70876ba0858053c04477534ef55a1706bf4c1112bbb242f0a2.sdkstatcache -output-file-map /Users/admin/builder/spi-builder-workspace/.derivedData/Build/Intermediates.noindex/SwiftToolbox.build/Debug-watchos/SwiftToolbox-t.build/Objects-normal/arm64/SwiftToolbox-OutputFileMap.json -save-temps -no-color-diagnostics -explicit-module-build -module-cache-path /Users/admin/builder/spi-builder-workspace/.derivedData/Build/Intermediates.noindex/SwiftExplicitPrecompiledModules -clang-scanner-module-cache-path /Users/admin/builder/spi-builder-workspace/.derivedData/ModuleCache.noindex -sdk-module-cache-path /Users/admin/builder/spi-builder-workspace/.derivedData/SDKExplicitPrecompiledModules -emit-dependencies -emit-module -emit-module-path /Users/admin/builder/spi-builder-workspace/.derivedData/Build/Intermediates.noindex/SwiftToolbox.build/Debug-watchos/SwiftToolbox-t.build/Objects-normal/arm64/SwiftToolbox.swiftmodule -serialize-diagnostics -dependency-scan-serialize-diagnostics-path /Users/admin/builder/spi-builder-workspace/.derivedData/Build/Intermediates.noindex/SwiftToolbox.build/Debug-watchos/SwiftToolbox-t.build/Objects-normal/arm64/SwiftToolbox-dependency-scan.dia -validate-clang-modules-once -clang-build-session-file /Users/admin/builder/spi-builder-workspace/.derivedData/ModuleCache.noindex/Session.modulevalidation -Xcc -fmodules-prune-interval\=86400 -Xcc -fmodules-prune-after\=345600 -emit-const-values -const-gather-protocols-list /Users/admin/builder/spi-builder-workspace/.derivedData/Build/Intermediates.noindex/SwiftToolbox.build/Debug-watchos/SwiftToolbox-t.build/Objects-normal/arm64/SwiftToolbox_const_extract_protocols.json -Xcc -I/Users/admin/builder/spi-builder-workspace/.derivedData/Build/Products/Debug-watchos/include -Xcc -I/Users/admin/builder/spi-builder-workspace/.derivedData/Build/Intermediates.noindex/SwiftToolbox.build/Debug-watchos/SwiftToolbox-t.build/DerivedSources-normal/arm64 -Xcc -I/Users/admin/builder/spi-builder-workspace/.derivedData/Build/Intermediates.noindex/SwiftToolbox.build/Debug-watchos/SwiftToolbox-t.build/DerivedSources/arm64 -Xcc -I/Users/admin/builder/spi-builder-workspace/.derivedData/Build/Intermediates.noindex/SwiftToolbox.build/Debug-watchos/SwiftToolbox-t.build/DerivedSources -Xcc -DSWIFT_PACKAGE -Xcc -DDEBUG\=1 -emit-objc-header -emit-objc-header-path /Users/admin/builder/spi-builder-workspace/.derivedData/Build/Intermediates.noindex/SwiftToolbox.build/Debug-watchos/SwiftToolbox-t.build/Objects-normal/arm64/SwiftToolbox-Swift.h -working-directory /Users/admin/builder/spi-builder-workspace/.swiftpm/xcode -experimental-emit-module-separately -disable-cmo
/Users/admin/builder/spi-builder-workspace/.dependencies/checkouts/SwiftToolbox/Sources/SwiftToolbox/PDFDocument+Extensions.swift:8:8: error: Unable to resolve module dependency: 'PDFKit' (in target 'SwiftToolbox' from project 'SwiftToolbox')
    note: A dependency of main module 'SwiftToolbox'
/Users/admin/builder/spi-builder-workspace/.dependencies/checkouts/SwiftToolbox/Sources/SwiftToolbox/PDFDocument+Extensions.swift:8:8: note: A dependency of main module 'SwiftToolbox'
import PDFKit
       ^ (in target 'SwiftToolbox' from project 'SwiftToolbox')
SwiftDriver SwiftToolbox normal arm64_32 com.apple.xcode.tools.swift.compiler (in target 'SwiftToolbox' from project 'SwiftToolbox')
    cd /Users/admin/builder/spi-builder-workspace/.swiftpm/xcode
    builtin-SwiftDriver -- /Applications/Xcode-27.0.0-Release.Candidate.app/Contents/Developer/Toolchains/XcodeDefault.xctoolchain/usr/bin/swiftc -parse-as-library -module-name SwiftToolbox -Onone @/Users/admin/builder/spi-builder-workspace/.derivedData/Build/Intermediates.noindex/SwiftToolbox.build/Debug-watchos/SwiftToolbox-t.build/Objects-normal/arm64_32/SwiftToolbox.SwiftFileList -DSWIFT_PACKAGE -DDEBUG -DSWIFT_MODULE_RESOURCE_BUNDLE_UNAVAILABLE -DXcode -plugin-path /Applications/Xcode-27.0.0-Release.Candidate.app/Contents/Developer/Toolchains/XcodeDefault.xctoolchain/usr/lib/swift/host/plugins/testing -enable-experimental-feature DebugDescriptionMacro -sdk /Applications/Xcode-27.0.0-Release.Candidate.app/Contents/Developer/Platforms/WatchOS.platform/Developer/SDKs/WatchOS27.0.sdk -target arm64_32-apple-watchos9.0 -g -module-cache-path /Users/admin/builder/spi-builder-workspace/.derivedData/ModuleCache.noindex -Xfrontend -serialize-debugging-options -profile-coverage-mapping -profile-generate -enable-testing -suppress-warnings -index-store-path /Users/admin/builder/spi-builder-workspace/.derivedData/Index.noindex/DataStore -Xcc -D_LIBCPP_HARDENING_MODE\=_LIBCPP_HARDENING_MODE_DEBUG -swift-version 5 -I /Users/admin/builder/spi-builder-workspace/.derivedData/Build/Products/Debug-watchos -Isystem /Applications/Xcode-27.0.0-Release.Candidate.app/Contents/Developer/Platforms/WatchOS.platform/Developer/usr/lib -F /Users/admin/builder/spi-builder-workspace/.derivedData/Build/Products/Debug-watchos -F /Applications/Xcode-27.0.0-Release.Candidate.app/Contents/Developer/Platforms/WatchOS.platform/Developer/Library/Frameworks -F /Applications/Xcode-27.0.0-Release.Candidate.app/Contents/Developer/Platforms/WatchOS.platform/Developer/SDKs/WatchOS27.0.sdk/Developer/Library/Frameworks -c -j10 -enable-batch-mode -incremental -Xcc -ivfsstatcache -Xcc /Users/admin/builder/spi-builder-workspace/.derivedData/SDKStatCaches.noindex/watchos27.0-24R360-e829b21a6f8c9b70876ba0858053c04477534ef55a1706bf4c1112bbb242f0a2.sdkstatcache -output-file-map /Users/admin/builder/spi-builder-workspace/.derivedData/Build/Intermediates.noindex/SwiftToolbox.build/Debug-watchos/SwiftToolbox-t.build/Objects-normal/arm64_32/SwiftToolbox-OutputFileMap.json -save-temps -no-color-diagnostics -explicit-module-build -module-cache-path /Users/admin/builder/spi-builder-workspace/.derivedData/Build/Intermediates.noindex/SwiftExplicitPrecompiledModules -clang-scanner-module-cache-path /Users/admin/builder/spi-builder-workspace/.derivedData/ModuleCache.noindex -sdk-module-cache-path /Users/admin/builder/spi-builder-workspace/.derivedData/SDKExplicitPrecompiledModules -emit-dependencies -emit-module -emit-module-path /Users/admin/builder/spi-builder-workspace/.derivedData/Build/Intermediates.noindex/SwiftToolbox.build/Debug-watchos/SwiftToolbox-t.build/Objects-normal/arm64_32/SwiftToolbox.swiftmodule -serialize-diagnostics -dependency-scan-serialize-diagnostics-path /Users/admin/builder/spi-builder-workspace/.derivedData/Build/Intermediates.noindex/SwiftToolbox.build/Debug-watchos/SwiftToolbox-t.build/Objects-normal/arm64_32/SwiftToolbox-dependency-scan.dia -validate-clang-modules-once -clang-build-session-file /Users/admin/builder/spi-builder-workspace/.derivedData/ModuleCache.noindex/Session.modulevalidation -Xcc -fmodules-prune-interval\=86400 -Xcc -fmodules-prune-after\=345600 -emit-const-values -const-gather-protocols-list /Users/admin/builder/spi-builder-workspace/.derivedData/Build/Intermediates.noindex/SwiftToolbox.build/Debug-watchos/SwiftToolbox-t.build/Objects-normal/arm64_32/SwiftToolbox_const_extract_protocols.json -Xcc -I/Users/admin/builder/spi-builder-workspace/.derivedData/Build/Products/Debug-watchos/include -Xcc -I/Users/admin/builder/spi-builder-workspace/.derivedData/Build/Intermediates.noindex/SwiftToolbox.build/Debug-watchos/SwiftToolbox-t.build/DerivedSources-normal/arm64_32 -Xcc -I/Users/admin/builder/spi-builder-workspace/.derivedData/Build/Intermediates.noindex/SwiftToolbox.build/Debug-watchos/SwiftToolbox-t.build/DerivedSources/arm64_32 -Xcc -I/Users/admin/builder/spi-builder-workspace/.derivedData/Build/Intermediates.noindex/SwiftToolbox.build/Debug-watchos/SwiftToolbox-t.build/DerivedSources -Xcc -DSWIFT_PACKAGE -Xcc -DDEBUG\=1 -emit-objc-header -emit-objc-header-path /Users/admin/builder/spi-builder-workspace/.derivedData/Build/Intermediates.noindex/SwiftToolbox.build/Debug-watchos/SwiftToolbox-t.build/Objects-normal/arm64_32/SwiftToolbox-Swift.h -working-directory /Users/admin/builder/spi-builder-workspace/.swiftpm/xcode -experimental-emit-module-separately -disable-cmo
/Users/admin/builder/spi-builder-workspace/.dependencies/checkouts/SwiftToolbox/Sources/SwiftToolbox/PDFDocument+Extensions.swift:8:8: error: Unable to resolve module dependency: 'PDFKit' (in target 'SwiftToolbox' from project 'SwiftToolbox')
    note: A dependency of main module 'SwiftToolbox'
/Users/admin/builder/spi-builder-workspace/.dependencies/checkouts/SwiftToolbox/Sources/SwiftToolbox/PDFDocument+Extensions.swift:8:8: note: A dependency of main module 'SwiftToolbox'
import PDFKit
       ^ (in target 'SwiftToolbox' from project 'SwiftToolbox')
ScanDependencies /Users/admin/builder/spi-builder-workspace/.derivedData/Build/Intermediates.noindex/PerformanceBezier.build/Debug-watchos/PerformanceBezier-t.build/Objects-normal/arm64_32/UIBezierPath+Center.o /Users/admin/builder/spi-builder-workspace/.dependencies/checkouts/PerformanceBezier/PerformanceBezier/UIBezierPath+Center.m normal arm64_32 objective-c com.apple.compilers.llvm.clang.1_0.compiler (in target 'PerformanceBezier' from project 'PerformanceBezier')
    cd /Users/admin/builder/spi-builder-workspace/.swiftpm/xcode

    Using response file: /Users/admin/builder/spi-builder-workspace/.derivedData/Build/Intermediates.noindex/PerformanceBezier.build/Debug-watchos/PerformanceBezier-t.build/Objects-normal/arm64_32/e6072d4f65d7061329687fe24e3d63a7-common-args.resp

    builtin-ScanDependencies -o /Users/admin/builder/spi-builder-workspace/.derivedData/Build/Intermediates.noindex/PerformanceBezier.build/Debug-watchos/PerformanceBezier-t.build/Objects-normal/arm64_32/UIBezierPath+Center.o.scan -- /Applications/Xcode-27.0.0-Release.Candidate.app/Contents/Developer/Toolchains/XcodeDefault.xctoolchain/usr/bin/clang -x objective-c -ivfsstatcache /Users/admin/builder/spi-builder-workspace/.derivedData/SDKStatCaches.noindex/watchos27.0-24R360-e829b21a6f8c9b70876ba0858053c04477534ef55a1706bf4c1112bbb242f0a2.sdkstatcache -target arm64_32-apple-watchos9.0 -fmessage-length\=0 -fdiagnostics-show-note-include-stack -fmacro-backtrace-limit\=0 -fno-color-diagnostics -fmodules-prune-interval\=86400 -fmodules-prune-after\=345600 -fbuild-session-file\=/Users/admin/builder/spi-builder-workspace/.derivedData/ModuleCache.noindex/Session.modulevalidation -fmodules-validate-once-per-build-session -Wnon-modular-include-in-framework-module -Werror\=non-modular-include-in-framework-module -Wno-trigraphs -Wno-missing-field-initializers -Wno-missing-prototypes -Wno-return-type -Wno-implicit-atomic-properties -Wno-objc-interface-ivars -Wno-arc-repeated-use-of-weak -Wno-missing-braces -Wparentheses -Wswitch -Wno-unused-function -Wno-unused-label -Wno-unused-parameter -Wno-unused-variable -Wunused-value -Wno-empty-body -Wno-uninitialized -Wno-unknown-pragmas -w -Wno-shadow -Wno-four-char-constants -Wno-conversion -Wno-constant-conversion -Wno-int-conversion -Wno-bool-conversion -Wno-enum-conversion -Wno-float-conversion -Wno-non-literal-null-conversion -Wno-objc-literal-conversion -Wno-shorten-64-to-32 -Wpointer-sign -Wno-newline-eof -Wno-selector -Wno-strict-selector-match -Wno-undeclared-selector -Wno-deprecated-implementations -Wno-implicit-fallthrough -isysroot /Applications/Xcode-27.0.0-Release.Candidate.app/Contents/Developer/Platforms/WatchOS.platform/Developer/SDKs/WatchOS27.0.sdk -fstrict-aliasing -Wprotocol -Wdeprecated-declarations -Wno-sign-conversion -Wno-infinite-recursion -Wno-comma -Wno-block-capture-autoreleasing -Wno-strict-prototypes -Wno-semicolon-before-method-body -index-store-path /Users/admin/builder/spi-builder-workspace/.derivedData/Index.noindex/DataStore @/Users/admin/builder/spi-builder-workspace/.derivedData/Build/Intermediates.noindex/PerformanceBezier.build/Debug-watchos/PerformanceBezier-t.build/Objects-normal/arm64_32/e6072d4f65d7061329687fe24e3d63a7-common-args.resp -MMD -MT dependencies -MF /Users/admin/builder/spi-builder-workspace/.derivedData/Build/Intermediates.noindex/PerformanceBezier.build/Debug-watchos/PerformanceBezier-t.build/Objects-normal/arm64_32/UIBezierPath+Center.d --serialize-diagnostics /Users/admin/builder/spi-builder-workspace/.derivedData/Build/Intermediates.noindex/PerformanceBezier.build/Debug-watchos/PerformanceBezier-t.build/Objects-normal/arm64_32/UIBezierPath+Center.dia -c /Users/admin/builder/spi-builder-workspace/.dependencies/checkouts/PerformanceBezier/PerformanceBezier/UIBezierPath+Center.m -o /Users/admin/builder/spi-builder-workspace/.derivedData/Build/Intermediates.noindex/PerformanceBezier.build/Debug-watchos/PerformanceBezier-t.build/Objects-normal/arm64_32/UIBezierPath+Center.o -index-unit-output-path /PerformanceBezier.build/Debug-watchos/PerformanceBezier-t.build/Objects-normal/arm64_32/UIBezierPath+Center.o
ScanDependencies /Users/admin/builder/spi-builder-workspace/.derivedData/Build/Intermediates.noindex/PerformanceBezier.build/Debug-watchos/PerformanceBezier-t.build/Objects-normal/arm64_32/UIBezierPath+Ahmed.o /Users/admin/builder/spi-builder-workspace/.dependencies/checkouts/PerformanceBezier/PerformanceBezier/UIBezierPath+Ahmed.m normal arm64_32 objective-c com.apple.compilers.llvm.clang.1_0.compiler (in target 'PerformanceBezier' from project 'PerformanceBezier')
    cd /Users/admin/builder/spi-builder-workspace/.swiftpm/xcode

    Using response file: /Users/admin/builder/spi-builder-workspace/.derivedData/Build/Intermediates.noindex/PerformanceBezier.build/Debug-watchos/PerformanceBezier-t.build/Objects-normal/arm64_32/e6072d4f65d7061329687fe24e3d63a7-common-args.resp

    builtin-ScanDependencies -o /Users/admin/builder/spi-builder-workspace/.derivedData/Build/Intermediates.noindex/PerformanceBezier.build/Debug-watchos/PerformanceBezier-t.build/Objects-normal/arm64_32/UIBezierPath+Ahmed.o.scan -- /Applications/Xcode-27.0.0-Release.Candidate.app/Contents/Developer/Toolchains/XcodeDefault.xctoolchain/usr/bin/clang -x objective-c -ivfsstatcache /Users/admin/builder/spi-builder-workspace/.derivedData/SDKStatCaches.noindex/watchos27.0-24R360-e829b21a6f8c9b70876ba0858053c04477534ef55a1706bf4c1112bbb242f0a2.sdkstatcache -target arm64_32-apple-watchos9.0 -fmessage-length\=0 -fdiagnostics-show-note-include-stack -fmacro-backtrace-limit\=0 -fno-color-diagnostics -fmodules-prune-interval\=86400 -fmodules-prune-after\=345600 -fbuild-session-file\=/Users/admin/builder/spi-builder-workspace/.derivedData/ModuleCache.noindex/Session.modulevalidation -fmodules-validate-once-per-build-session -Wnon-modular-include-in-framework-module -Werror\=non-modular-include-in-framework-module -Wno-trigraphs -Wno-missing-field-initializers -Wno-missing-prototypes -Wno-return-type -Wno-implicit-atomic-properties -Wno-objc-interface-ivars -Wno-arc-repeated-use-of-weak -Wno-missing-braces -Wparentheses -Wswitch -Wno-unused-function -Wno-unused-label -Wno-unused-parameter -Wno-unused-variable -Wunused-value -Wno-empty-body -Wno-uninitialized -Wno-unknown-pragmas -w -Wno-shadow -Wno-four-char-constants -Wno-conversion -Wno-constant-conversion -Wno-int-conversion -Wno-bool-conversion -Wno-enum-conversion -Wno-float-conversion -Wno-non-literal-null-conversion -Wno-objc-literal-conversion -Wno-shorten-64-to-32 -Wpointer-sign -Wno-newline-eof -Wno-selector -Wno-strict-selector-match -Wno-undeclared-selector -Wno-deprecated-implementations -Wno-implicit-fallthrough -isysroot /Applications/Xcode-27.0.0-Release.Candidate.app/Contents/Developer/Platforms/WatchOS.platform/Developer/SDKs/WatchOS27.0.sdk -fstrict-aliasing -Wprotocol -Wdeprecated-declarations -Wno-sign-conversion -Wno-infinite-recursion -Wno-comma -Wno-block-capture-autoreleasing -Wno-strict-prototypes -Wno-semicolon-before-method-body -index-store-path /Users/admin/builder/spi-builder-workspace/.derivedData/Index.noindex/DataStore @/Users/admin/builder/spi-builder-workspace/.derivedData/Build/Intermediates.noindex/PerformanceBezier.build/Debug-watchos/PerformanceBezier-t.build/Objects-normal/arm64_32/e6072d4f65d7061329687fe24e3d63a7-common-args.resp -MMD -MT dependencies -MF /Users/admin/builder/spi-builder-workspace/.derivedData/Build/Intermediates.noindex/PerformanceBezier.build/Debug-watchos/PerformanceBezier-t.build/Objects-normal/arm64_32/UIBezierPath+Ahmed.d --serialize-diagnostics /Users/admin/builder/spi-builder-workspace/.derivedData/Build/Intermediates.noindex/PerformanceBezier.build/Debug-watchos/PerformanceBezier-t.build/Objects-normal/arm64_32/UIBezierPath+Ahmed.dia -c /Users/admin/builder/spi-builder-workspace/.dependencies/checkouts/PerformanceBezier/PerformanceBezier/UIBezierPath+Ahmed.m -o /Users/admin/builder/spi-builder-workspace/.derivedData/Build/Intermediates.noindex/PerformanceBezier.build/Debug-watchos/PerformanceBezier-t.build/Objects-normal/arm64_32/UIBezierPath+Ahmed.o -index-unit-output-path /PerformanceBezier.build/Debug-watchos/PerformanceBezier-t.build/Objects-normal/arm64_32/UIBezierPath+Ahmed.o
ScanDependencies /Users/admin/builder/spi-builder-workspace/.derivedData/Build/Intermediates.noindex/PerformanceBezier.build/Debug-watchos/PerformanceBezier-t.build/Objects-normal/arm64_32/JRSwizzle.o /Users/admin/builder/spi-builder-workspace/.dependencies/checkouts/PerformanceBezier/PerformanceBezier/JRSwizzle.m normal arm64_32 objective-c com.apple.compilers.llvm.clang.1_0.compiler (in target 'PerformanceBezier' from project 'PerformanceBezier')
    cd /Users/admin/builder/spi-builder-workspace/.swiftpm/xcode

    Using response file: /Users/admin/builder/spi-builder-workspace/.derivedData/Build/Intermediates.noindex/PerformanceBezier.build/Debug-watchos/PerformanceBezier-t.build/Objects-normal/arm64_32/e6072d4f65d7061329687fe24e3d63a7-common-args.resp

    builtin-ScanDependencies -o /Users/admin/builder/spi-builder-workspace/.derivedData/Build/Intermediates.noindex/PerformanceBezier.build/Debug-watchos/PerformanceBezier-t.build/Objects-normal/arm64_32/JRSwizzle.o.scan -- /Applications/Xcode-27.0.0-Release.Candidate.app/Contents/Developer/Toolchains/XcodeDefault.xctoolchain/usr/bin/clang -x objective-c -ivfsstatcache /Users/admin/builder/spi-builder-workspace/.derivedData/SDKStatCaches.noindex/watchos27.0-24R360-e829b21a6f8c9b70876ba0858053c04477534ef55a1706bf4c1112bbb242f0a2.sdkstatcache -target arm64_32-apple-watchos9.0 -fmessage-length\=0 -fdiagnostics-show-note-include-stack -fmacro-backtrace-limit\=0 -fno-color-diagnostics -fmodules-prune-interval\=86400 -fmodules-prune-after\=345600 -fbuild-session-file\=/Users/admin/builder/spi-builder-workspace/.derivedData/ModuleCache.noindex/Session.modulevalidation -fmodules-validate-once-per-build-session -Wnon-modular-include-in-framework-module -Werror\=non-modular-include-in-framework-module -Wno-trigraphs -Wno-missing-field-initializers -Wno-missing-prototypes -Wno-return-type -Wno-implicit-atomic-properties -Wno-objc-interface-ivars -Wno-arc-repeated-use-of-weak -Wno-missing-braces -Wparentheses -Wswitch -Wno-unused-function -Wno-unused-label -Wno-unused-parameter -Wno-unused-variable -Wunused-value -Wno-empty-body -Wno-uninitialized -Wno-unknown-pragmas -w -Wno-shadow -Wno-four-char-constants -Wno-conversion -Wno-constant-conversion -Wno-int-conversion -Wno-bool-conversion -Wno-enum-conversion -Wno-float-conversion -Wno-non-literal-null-conversion -Wno-objc-literal-conversion -Wno-shorten-64-to-32 -Wpointer-sign -Wno-newline-eof -Wno-selector -Wno-strict-selector-match -Wno-undeclared-selector -Wno-deprecated-implementations -Wno-implicit-fallthrough -isysroot /Applications/Xcode-27.0.0-Release.Candidate.app/Contents/Developer/Platforms/WatchOS.platform/Developer/SDKs/WatchOS27.0.sdk -fstrict-aliasing -Wprotocol -Wdeprecated-declarations -Wno-sign-conversion -Wno-infinite-recursion -Wno-comma -Wno-block-capture-autoreleasing -Wno-strict-prototypes -Wno-semicolon-before-method-body -index-store-path /Users/admin/builder/spi-builder-workspace/.derivedData/Index.noindex/DataStore @/Users/admin/builder/spi-builder-workspace/.derivedData/Build/Intermediates.noindex/PerformanceBezier.build/Debug-watchos/PerformanceBezier-t.build/Objects-normal/arm64_32/e6072d4f65d7061329687fe24e3d63a7-common-args.resp -MMD -MT dependencies -MF /Users/admin/builder/spi-builder-workspace/.derivedData/Build/Intermediates.noindex/PerformanceBezier.build/Debug-watchos/PerformanceBezier-t.build/Objects-normal/arm64_32/JRSwizzle.d --serialize-diagnostics /Users/admin/builder/spi-builder-workspace/.derivedData/Build/Intermediates.noindex/PerformanceBezier.build/Debug-watchos/PerformanceBezier-t.build/Objects-normal/arm64_32/JRSwizzle.dia -c /Users/admin/builder/spi-builder-workspace/.dependencies/checkouts/PerformanceBezier/PerformanceBezier/JRSwizzle.m -o /Users/admin/builder/spi-builder-workspace/.derivedData/Build/Intermediates.noindex/PerformanceBezier.build/Debug-watchos/PerformanceBezier-t.build/Objects-normal/arm64_32/JRSwizzle.o -index-unit-output-path /PerformanceBezier.build/Debug-watchos/PerformanceBezier-t.build/Objects-normal/arm64_32/JRSwizzle.o
ScanDependencies /Users/admin/builder/spi-builder-workspace/.derivedData/Build/Intermediates.noindex/PerformanceBezier.build/Debug-watchos/PerformanceBezier-t.build/Objects-normal/arm64/UIBezierPathProperties.o /Users/admin/builder/spi-builder-workspace/.dependencies/checkouts/PerformanceBezier/PerformanceBezier/UIBezierPathProperties.m normal arm64 objective-c com.apple.compilers.llvm.clang.1_0.compiler (in target 'PerformanceBezier' from project 'PerformanceBezier')
    cd /Users/admin/builder/spi-builder-workspace/.swiftpm/xcode

    Using response file: /Users/admin/builder/spi-builder-workspace/.derivedData/Build/Intermediates.noindex/PerformanceBezier.build/Debug-watchos/PerformanceBezier-t.build/Objects-normal/arm64/e6072d4f65d7061329687fe24e3d63a7-common-args.resp

    builtin-ScanDependencies -o /Users/admin/builder/spi-builder-workspace/.derivedData/Build/Intermediates.noindex/PerformanceBezier.build/Debug-watchos/PerformanceBezier-t.build/Objects-normal/arm64/UIBezierPathProperties.o.scan -- /Applications/Xcode-27.0.0-Release.Candidate.app/Contents/Developer/Toolchains/XcodeDefault.xctoolchain/usr/bin/clang -x objective-c -ivfsstatcache /Users/admin/builder/spi-builder-workspace/.derivedData/SDKStatCaches.noindex/watchos27.0-24R360-e829b21a6f8c9b70876ba0858053c04477534ef55a1706bf4c1112bbb242f0a2.sdkstatcache -target arm64-apple-watchos9.0 -fmessage-length\=0 -fdiagnostics-show-note-include-stack -fmacro-backtrace-limit\=0 -fno-color-diagnostics -fmodules-prune-interval\=86400 -fmodules-prune-after\=345600 -fbuild-session-file\=/Users/admin/builder/spi-builder-workspace/.derivedData/ModuleCache.noindex/Session.modulevalidation -fmodules-validate-once-per-build-session -Wnon-modular-include-in-framework-module -Werror\=non-modular-include-in-framework-module -Wno-trigraphs -Wno-missing-field-initializers -Wno-missing-prototypes -Wno-return-type -Wno-implicit-atomic-properties -Wno-objc-interface-ivars -Wno-arc-repeated-use-of-weak -Wno-missing-braces -Wparentheses -Wswitch -Wno-unused-function -Wno-unused-label -Wno-unused-parameter -Wno-unused-variable -Wunused-value -Wno-empty-body -Wno-uninitialized -Wno-unknown-pragmas -w -Wno-shadow -Wno-four-char-constants -Wno-conversion -Wno-constant-conversion -Wno-int-conversion -Wno-bool-conversion -Wno-enum-conversion -Wno-float-conversion -Wno-non-literal-null-conversion -Wno-objc-literal-conversion -Wshorten-64-to-32 -Wpointer-sign -Wno-newline-eof -Wno-selector -Wno-strict-selector-match -Wno-undeclared-selector -Wno-deprecated-implementations -Wno-implicit-fallthrough -isysroot /Applications/Xcode-27.0.0-Release.Candidate.app/Contents/Developer/Platforms/WatchOS.platform/Developer/SDKs/WatchOS27.0.sdk -fstrict-aliasing -Wprotocol -Wdeprecated-declarations -Wno-sign-conversion -Wno-infinite-recursion -Wno-comma -Wno-block-capture-autoreleasing -Wno-strict-prototypes -Wno-semicolon-before-method-body -index-store-path /Users/admin/builder/spi-builder-workspace/.derivedData/Index.noindex/DataStore @/Users/admin/builder/spi-builder-workspace/.derivedData/Build/Intermediates.noindex/PerformanceBezier.build/Debug-watchos/PerformanceBezier-t.build/Objects-normal/arm64/e6072d4f65d7061329687fe24e3d63a7-common-args.resp -MMD -MT dependencies -MF /Users/admin/builder/spi-builder-workspace/.derivedData/Build/Intermediates.noindex/PerformanceBezier.build/Debug-watchos/PerformanceBezier-t.build/Objects-normal/arm64/UIBezierPathProperties.d --serialize-diagnostics /Users/admin/builder/spi-builder-workspace/.derivedData/Build/Intermediates.noindex/PerformanceBezier.build/Debug-watchos/PerformanceBezier-t.build/Objects-normal/arm64/UIBezierPathProperties.dia -c /Users/admin/builder/spi-builder-workspace/.dependencies/checkouts/PerformanceBezier/PerformanceBezier/UIBezierPathProperties.m -o /Users/admin/builder/spi-builder-workspace/.derivedData/Build/Intermediates.noindex/PerformanceBezier.build/Debug-watchos/PerformanceBezier-t.build/Objects-normal/arm64/UIBezierPathProperties.o -index-unit-output-path /PerformanceBezier.build/Debug-watchos/PerformanceBezier-t.build/Objects-normal/arm64/UIBezierPathProperties.o
ScanDependencies /Users/admin/builder/spi-builder-workspace/.derivedData/Build/Intermediates.noindex/PerformanceBezier.build/Debug-watchos/PerformanceBezier-t.build/Objects-normal/arm64/UIBezierPath+Uncached.o /Users/admin/builder/spi-builder-workspace/.dependencies/checkouts/PerformanceBezier/PerformanceBezier/UIBezierPath+Uncached.m normal arm64 objective-c com.apple.compilers.llvm.clang.1_0.compiler (in target 'PerformanceBezier' from project 'PerformanceBezier')
    cd /Users/admin/builder/spi-builder-workspace/.swiftpm/xcode

    Using response file: /Users/admin/builder/spi-builder-workspace/.derivedData/Build/Intermediates.noindex/PerformanceBezier.build/Debug-watchos/PerformanceBezier-t.build/Objects-normal/arm64/e6072d4f65d7061329687fe24e3d63a7-common-args.resp

    builtin-ScanDependencies -o /Users/admin/builder/spi-builder-workspace/.derivedData/Build/Intermediates.noindex/PerformanceBezier.build/Debug-watchos/PerformanceBezier-t.build/Objects-normal/arm64/UIBezierPath+Uncached.o.scan -- /Applications/Xcode-27.0.0-Release.Candidate.app/Contents/Developer/Toolchains/XcodeDefault.xctoolchain/usr/bin/clang -x objective-c -ivfsstatcache /Users/admin/builder/spi-builder-workspace/.derivedData/SDKStatCaches.noindex/watchos27.0-24R360-e829b21a6f8c9b70876ba0858053c04477534ef55a1706bf4c1112bbb242f0a2.sdkstatcache -target arm64-apple-watchos9.0 -fmessage-length\=0 -fdiagnostics-show-note-include-stack -fmacro-backtrace-limit\=0 -fno-color-diagnostics -fmodules-prune-interval\=86400 -fmodules-prune-after\=345600 -fbuild-session-file\=/Users/admin/builder/spi-builder-workspace/.derivedData/ModuleCache.noindex/Session.modulevalidation -fmodules-validate-once-per-build-session -Wnon-modular-include-in-framework-module -Werror\=non-modular-include-in-framework-module -Wno-trigraphs -Wno-missing-field-initializers -Wno-missing-prototypes -Wno-return-type -Wno-implicit-atomic-properties -Wno-objc-interface-ivars -Wno-arc-repeated-use-of-weak -Wno-missing-braces -Wparentheses -Wswitch -Wno-unused-function -Wno-unused-label -Wno-unused-parameter -Wno-unused-variable -Wunused-value -Wno-empty-body -Wno-uninitialized -Wno-unknown-pragmas -w -Wno-shadow -Wno-four-char-constants -Wno-conversion -Wno-constant-conversion -Wno-int-conversion -Wno-bool-conversion -Wno-enum-conversion -Wno-float-conversion -Wno-non-literal-null-conversion -Wno-objc-literal-conversion -Wshorten-64-to-32 -Wpointer-sign -Wno-newline-eof -Wno-selector -Wno-strict-selector-match -Wno-undeclared-selector -Wno-deprecated-implementations -Wno-implicit-fallthrough -isysroot /Applications/Xcode-27.0.0-Release.Candidate.app/Contents/Developer/Platforms/WatchOS.platform/Developer/SDKs/WatchOS27.0.sdk -fstrict-aliasing -Wprotocol -Wdeprecated-declarations -Wno-sign-conversion -Wno-infinite-recursion -Wno-comma -Wno-block-capture-autoreleasing -Wno-strict-prototypes -Wno-semicolon-before-method-body -index-store-path /Users/admin/builder/spi-builder-workspace/.derivedData/Index.noindex/DataStore @/Users/admin/builder/spi-builder-workspace/.derivedData/Build/Intermediates.noindex/PerformanceBezier.build/Debug-watchos/PerformanceBezier-t.build/Objects-normal/arm64/e6072d4f65d7061329687fe24e3d63a7-common-args.resp -MMD -MT dependencies -MF /Users/admin/builder/spi-builder-workspace/.derivedData/Build/Intermediates.noindex/PerformanceBezier.build/Debug-watchos/PerformanceBezier-t.build/Objects-normal/arm64/UIBezierPath+Uncached.d --serialize-diagnostics /Users/admin/builder/spi-builder-workspace/.derivedData/Build/Intermediates.noindex/PerformanceBezier.build/Debug-watchos/PerformanceBezier-t.build/Objects-normal/arm64/UIBezierPath+Uncached.dia -c /Users/admin/builder/spi-builder-workspace/.dependencies/checkouts/PerformanceBezier/PerformanceBezier/UIBezierPath+Uncached.m -o /Users/admin/builder/spi-builder-workspace/.derivedData/Build/Intermediates.noindex/PerformanceBezier.build/Debug-watchos/PerformanceBezier-t.build/Objects-normal/arm64/UIBezierPath+Uncached.o -index-unit-output-path /PerformanceBezier.build/Debug-watchos/PerformanceBezier-t.build/Objects-normal/arm64/UIBezierPath+Uncached.o
ScanDependencies /Users/admin/builder/spi-builder-workspace/.derivedData/Build/Intermediates.noindex/PerformanceBezier.build/Debug-watchos/PerformanceBezier-t.build/Objects-normal/arm64/UIBezierPath+Util.o /Users/admin/builder/spi-builder-workspace/.dependencies/checkouts/PerformanceBezier/PerformanceBezier/UIBezierPath+Util.m normal arm64 objective-c com.apple.compilers.llvm.clang.1_0.compiler (in target 'PerformanceBezier' from project 'PerformanceBezier')
    cd /Users/admin/builder/spi-builder-workspace/.swiftpm/xcode

    Using response file: /Users/admin/builder/spi-builder-workspace/.derivedData/Build/Intermediates.noindex/PerformanceBezier.build/Debug-watchos/PerformanceBezier-t.build/Objects-normal/arm64/e6072d4f65d7061329687fe24e3d63a7-common-args.resp

    builtin-ScanDependencies -o /Users/admin/builder/spi-builder-workspace/.derivedData/Build/Intermediates.noindex/PerformanceBezier.build/Debug-watchos/PerformanceBezier-t.build/Objects-normal/arm64/UIBezierPath+Util.o.scan -- /Applications/Xcode-27.0.0-Release.Candidate.app/Contents/Developer/Toolchains/XcodeDefault.xctoolchain/usr/bin/clang -x objective-c -ivfsstatcache /Users/admin/builder/spi-builder-workspace/.derivedData/SDKStatCaches.noindex/watchos27.0-24R360-e829b21a6f8c9b70876ba0858053c04477534ef55a1706bf4c1112bbb242f0a2.sdkstatcache -target arm64-apple-watchos9.0 -fmessage-length\=0 -fdiagnostics-show-note-include-stack -fmacro-backtrace-limit\=0 -fno-color-diagnostics -fmodules-prune-interval\=86400 -fmodules-prune-after\=345600 -fbuild-session-file\=/Users/admin/builder/spi-builder-workspace/.derivedData/ModuleCache.noindex/Session.modulevalidation -fmodules-validate-once-per-build-session -Wnon-modular-include-in-framework-module -Werror\=non-modular-include-in-framework-module -Wno-trigraphs -Wno-missing-field-initializers -Wno-missing-prototypes -Wno-return-type -Wno-implicit-atomic-properties -Wno-objc-interface-ivars -Wno-arc-repeated-use-of-weak -Wno-missing-braces -Wparentheses -Wswitch -Wno-unused-function -Wno-unused-label -Wno-unused-parameter -Wno-unused-variable -Wunused-value -Wno-empty-body -Wno-uninitialized -Wno-unknown-pragmas -w -Wno-shadow -Wno-four-char-constants -Wno-conversion -Wno-constant-conversion -Wno-int-conversion -Wno-bool-conversion -Wno-enum-conversion -Wno-float-conversion -Wno-non-literal-null-conversion -Wno-objc-literal-conversion -Wshorten-64-to-32 -Wpointer-sign -Wno-newline-eof -Wno-selector -Wno-strict-selector-match -Wno-undeclared-selector -Wno-deprecated-implementations -Wno-implicit-fallthrough -isysroot /Applications/Xcode-27.0.0-Release.Candidate.app/Contents/Developer/Platforms/WatchOS.platform/Developer/SDKs/WatchOS27.0.sdk -fstrict-aliasing -Wprotocol -Wdeprecated-declarations -Wno-sign-conversion -Wno-infinite-recursion -Wno-comma -Wno-block-capture-autoreleasing -Wno-strict-prototypes -Wno-semicolon-before-method-body -index-store-path /Users/admin/builder/spi-builder-workspace/.derivedData/Index.noindex/DataStore @/Users/admin/builder/spi-builder-workspace/.derivedData/Build/Intermediates.noindex/PerformanceBezier.build/Debug-watchos/PerformanceBezier-t.build/Objects-normal/arm64/e6072d4f65d7061329687fe24e3d63a7-common-args.resp -MMD -MT dependencies -MF /Users/admin/builder/spi-builder-workspace/.derivedData/Build/Intermediates.noindex/PerformanceBezier.build/Debug-watchos/PerformanceBezier-t.build/Objects-normal/arm64/UIBezierPath+Util.d --serialize-diagnostics /Users/admin/builder/spi-builder-workspace/.derivedData/Build/Intermediates.noindex/PerformanceBezier.build/Debug-watchos/PerformanceBezier-t.build/Objects-normal/arm64/UIBezierPath+Util.dia -c /Users/admin/builder/spi-builder-workspace/.dependencies/checkouts/PerformanceBezier/PerformanceBezier/UIBezierPath+Util.m -o /Users/admin/builder/spi-builder-workspace/.derivedData/Build/Intermediates.noindex/PerformanceBezier.build/Debug-watchos/PerformanceBezier-t.build/Objects-normal/arm64/UIBezierPath+Util.o -index-unit-output-path /PerformanceBezier.build/Debug-watchos/PerformanceBezier-t.build/Objects-normal/arm64/UIBezierPath+Util.o
ScanDependencies /Users/admin/builder/spi-builder-workspace/.derivedData/Build/Intermediates.noindex/PerformanceBezier.build/Debug-watchos/PerformanceBezier-t.build/Objects-normal/arm64/UIBezierPath+Performance.o /Users/admin/builder/spi-builder-workspace/.dependencies/checkouts/PerformanceBezier/PerformanceBezier/UIBezierPath+Performance.m normal arm64 objective-c com.apple.compilers.llvm.clang.1_0.compiler (in target 'PerformanceBezier' from project 'PerformanceBezier')
    cd /Users/admin/builder/spi-builder-workspace/.swiftpm/xcode

    Using response file: /Users/admin/builder/spi-builder-workspace/.derivedData/Build/Intermediates.noindex/PerformanceBezier.build/Debug-watchos/PerformanceBezier-t.build/Objects-normal/arm64/e6072d4f65d7061329687fe24e3d63a7-common-args.resp

    builtin-ScanDependencies -o /Users/admin/builder/spi-builder-workspace/.derivedData/Build/Intermediates.noindex/PerformanceBezier.build/Debug-watchos/PerformanceBezier-t.build/Objects-normal/arm64/UIBezierPath+Performance.o.scan -- /Applications/Xcode-27.0.0-Release.Candidate.app/Contents/Developer/Toolchains/XcodeDefault.xctoolchain/usr/bin/clang -x objective-c -ivfsstatcache /Users/admin/builder/spi-builder-workspace/.derivedData/SDKStatCaches.noindex/watchos27.0-24R360-e829b21a6f8c9b70876ba0858053c04477534ef55a1706bf4c1112bbb242f0a2.sdkstatcache -target arm64-apple-watchos9.0 -fmessage-length\=0 -fdiagnostics-show-note-include-stack -fmacro-backtrace-limit\=0 -fno-color-diagnostics -fmodules-prune-interval\=86400 -fmodules-prune-after\=345600 -fbuild-session-file\=/Users/admin/builder/spi-builder-workspace/.derivedData/ModuleCache.noindex/Session.modulevalidation -fmodules-validate-once-per-build-session -Wnon-modular-include-in-framework-module -Werror\=non-modular-include-in-framework-module -Wno-trigraphs -Wno-missing-field-initializers -Wno-missing-prototypes -Wno-return-type -Wno-implicit-atomic-properties -Wno-objc-interface-ivars -Wno-arc-repeated-use-of-weak -Wno-missing-braces -Wparentheses -Wswitch -Wno-unused-function -Wno-unused-label -Wno-unused-parameter -Wno-unused-variable -Wunused-value -Wno-empty-body -Wno-uninitialized -Wno-unknown-pragmas -w -Wno-shadow -Wno-four-char-constants -Wno-conversion -Wno-constant-conversion -Wno-int-conversion -Wno-bool-conversion -Wno-enum-conversion -Wno-float-conversion -Wno-non-literal-null-conversion -Wno-objc-literal-conversion -Wshorten-64-to-32 -Wpointer-sign -Wno-newline-eof -Wno-selector -Wno-strict-selector-match -Wno-undeclared-selector -Wno-deprecated-implementations -Wno-implicit-fallthrough -isysroot /Applications/Xcode-27.0.0-Release.Candidate.app/Contents/Developer/Platforms/WatchOS.platform/Developer/SDKs/WatchOS27.0.sdk -fstrict-aliasing -Wprotocol -Wdeprecated-declarations -Wno-sign-conversion -Wno-infinite-recursion -Wno-comma -Wno-block-capture-autoreleasing -Wno-strict-prototypes -Wno-semicolon-before-method-body -index-store-path /Users/admin/builder/spi-builder-workspace/.derivedData/Index.noindex/DataStore @/Users/admin/builder/spi-builder-workspace/.derivedData/Build/Intermediates.noindex/PerformanceBezier.build/Debug-watchos/PerformanceBezier-t.build/Objects-normal/arm64/e6072d4f65d7061329687fe24e3d63a7-common-args.resp -MMD -MT dependencies -MF /Users/admin/builder/spi-builder-workspace/.derivedData/Build/Intermediates.noindex/PerformanceBezier.build/Debug-watchos/PerformanceBezier-t.build/Objects-normal/arm64/UIBezierPath+Performance.d --serialize-diagnostics /Users/admin/builder/spi-builder-workspace/.derivedData/Build/Intermediates.noindex/PerformanceBezier.build/Debug-watchos/PerformanceBezier-t.build/Objects-normal/arm64/UIBezierPath+Performance.dia -c /Users/admin/builder/spi-builder-workspace/.dependencies/checkouts/PerformanceBezier/PerformanceBezier/UIBezierPath+Performance.m -o /Users/admin/builder/spi-builder-workspace/.derivedData/Build/Intermediates.noindex/PerformanceBezier.build/Debug-watchos/PerformanceBezier-t.build/Objects-normal/arm64/UIBezierPath+Performance.o -index-unit-output-path /PerformanceBezier.build/Debug-watchos/PerformanceBezier-t.build/Objects-normal/arm64/UIBezierPath+Performance.o
ScanDependencies /Users/admin/builder/spi-builder-workspace/.derivedData/Build/Intermediates.noindex/PerformanceBezier.build/Debug-watchos/PerformanceBezier-t.build/Objects-normal/arm64/UIBezierPath+Trim.o /Users/admin/builder/spi-builder-workspace/.dependencies/checkouts/PerformanceBezier/PerformanceBezier/UIBezierPath+Trim.m normal arm64 objective-c com.apple.compilers.llvm.clang.1_0.compiler (in target 'PerformanceBezier' from project 'PerformanceBezier')
    cd /Users/admin/builder/spi-builder-workspace/.swiftpm/xcode

    Using response file: /Users/admin/builder/spi-builder-workspace/.derivedData/Build/Intermediates.noindex/PerformanceBezier.build/Debug-watchos/PerformanceBezier-t.build/Objects-normal/arm64/e6072d4f65d7061329687fe24e3d63a7-common-args.resp

    builtin-ScanDependencies -o /Users/admin/builder/spi-builder-workspace/.derivedData/Build/Intermediates.noindex/PerformanceBezier.build/Debug-watchos/PerformanceBezier-t.build/Objects-normal/arm64/UIBezierPath+Trim.o.scan -- /Applications/Xcode-27.0.0-Release.Candidate.app/Contents/Developer/Toolchains/XcodeDefault.xctoolchain/usr/bin/clang -x objective-c -ivfsstatcache /Users/admin/builder/spi-builder-workspace/.derivedData/SDKStatCaches.noindex/watchos27.0-24R360-e829b21a6f8c9b70876ba0858053c04477534ef55a1706bf4c1112bbb242f0a2.sdkstatcache -target arm64-apple-watchos9.0 -fmessage-length\=0 -fdiagnostics-show-note-include-stack -fmacro-backtrace-limit\=0 -fno-color-diagnostics -fmodules-prune-interval\=86400 -fmodules-prune-after\=345600 -fbuild-session-file\=/Users/admin/builder/spi-builder-workspace/.derivedData/ModuleCache.noindex/Session.modulevalidation -fmodules-validate-once-per-build-session -Wnon-modular-include-in-framework-module -Werror\=non-modular-include-in-framework-module -Wno-trigraphs -Wno-missing-field-initializers -Wno-missing-prototypes -Wno-return-type -Wno-implicit-atomic-properties -Wno-objc-interface-ivars -Wno-arc-repeated-use-of-weak -Wno-missing-braces -Wparentheses -Wswitch -Wno-unused-function -Wno-unused-label -Wno-unused-parameter -Wno-unused-variable -Wunused-value -Wno-empty-body -Wno-uninitialized -Wno-unknown-pragmas -w -Wno-shadow -Wno-four-char-constants -Wno-conversion -Wno-constant-conversion -Wno-int-conversion -Wno-bool-conversion -Wno-enum-conversion -Wno-float-conversion -Wno-non-literal-null-conversion -Wno-objc-literal-conversion -Wshorten-64-to-32 -Wpointer-sign -Wno-newline-eof -Wno-selector -Wno-strict-selector-match -Wno-undeclared-selector -Wno-deprecated-implementations -Wno-implicit-fallthrough -isysroot /Applications/Xcode-27.0.0-Release.Candidate.app/Contents/Developer/Platforms/WatchOS.platform/Developer/SDKs/WatchOS27.0.sdk -fstrict-aliasing -Wprotocol -Wdeprecated-declarations -Wno-sign-conversion -Wno-infinite-recursion -Wno-comma -Wno-block-capture-autoreleasing -Wno-strict-prototypes -Wno-semicolon-before-method-body -index-store-path /Users/admin/builder/spi-builder-workspace/.derivedData/Index.noindex/DataStore @/Users/admin/builder/spi-builder-workspace/.derivedData/Build/Intermediates.noindex/PerformanceBezier.build/Debug-watchos/PerformanceBezier-t.build/Objects-normal/arm64/e6072d4f65d7061329687fe24e3d63a7-common-args.resp -MMD -MT dependencies -MF /Users/admin/builder/spi-builder-workspace/.derivedData/Build/Intermediates.noindex/PerformanceBezier.build/Debug-watchos/PerformanceBezier-t.build/Objects-normal/arm64/UIBezierPath+Trim.d --serialize-diagnostics /Users/admin/builder/spi-builder-workspace/.derivedData/Build/Intermediates.noindex/PerformanceBezier.build/Debug-watchos/PerformanceBezier-t.build/Objects-normal/arm64/UIBezierPath+Trim.dia -c /Users/admin/builder/spi-builder-workspace/.dependencies/checkouts/PerformanceBezier/PerformanceBezier/UIBezierPath+Trim.m -o /Users/admin/builder/spi-builder-workspace/.derivedData/Build/Intermediates.noindex/PerformanceBezier.build/Debug-watchos/PerformanceBezier-t.build/Objects-normal/arm64/UIBezierPath+Trim.o -index-unit-output-path /PerformanceBezier.build/Debug-watchos/PerformanceBezier-t.build/Objects-normal/arm64/UIBezierPath+Trim.o
PrecompileModule /Users/admin/builder/spi-builder-workspace/.derivedData/Build/Intermediates.noindex/ExplicitPrecompiledModules/ptrauth-4D8Q4TMKE8JOXSMYG487BR03K.scan
    cd /
    builtin-precompileModule /Users/admin/builder/spi-builder-workspace/.derivedData/Build/Intermediates.noindex/ExplicitPrecompiledModules/ptrauth-4D8Q4TMKE8JOXSMYG487BR03K.scan
PrecompileModule /Users/admin/builder/spi-builder-workspace/.derivedData/Build/Intermediates.noindex/ExplicitPrecompiledModules/_Builtin_stdbool-OJ6VF5UK3AGWA2IVVCVL1MUW.scan
    cd /
    builtin-precompileModule /Users/admin/builder/spi-builder-workspace/.derivedData/Build/Intermediates.noindex/ExplicitPrecompiledModules/_Builtin_stdbool-OJ6VF5UK3AGWA2IVVCVL1MUW.scan
PrecompileModule /Users/admin/builder/spi-builder-workspace/.derivedData/Build/Intermediates.noindex/ExplicitPrecompiledModules/_Builtin_float-5123OC4JVG7RSACJF4W0918K.scan
    cd /
    builtin-precompileModule /Users/admin/builder/spi-builder-workspace/.derivedData/Build/Intermediates.noindex/ExplicitPrecompiledModules/_Builtin_float-5123OC4JVG7RSACJF4W0918K.scan
PrecompileModule /Users/admin/builder/spi-builder-workspace/.derivedData/Build/Intermediates.noindex/ExplicitPrecompiledModules/_AvailabilityInternal-5KHWJAEPIAF4VLDF9WCW8MI6R.scan
    cd /
    builtin-precompileModule /Users/admin/builder/spi-builder-workspace/.derivedData/Build/Intermediates.noindex/ExplicitPrecompiledModules/_AvailabilityInternal-5KHWJAEPIAF4VLDF9WCW8MI6R.scan
PrecompileModule /Users/admin/builder/spi-builder-workspace/.derivedData/Build/Intermediates.noindex/ExplicitPrecompiledModules/_Builtin_stddef-32J0TCP5HN4NIVMG7XHGJZ64T.scan
    cd /
    builtin-precompileModule /Users/admin/builder/spi-builder-workspace/.derivedData/Build/Intermediates.noindex/ExplicitPrecompiledModules/_Builtin_stddef-32J0TCP5HN4NIVMG7XHGJZ64T.scan
PrecompileModule /Users/admin/builder/spi-builder-workspace/.derivedData/Build/Intermediates.noindex/ExplicitPrecompiledModules/ptrcheck-5ZD62F9H2SV76Z4J23TUIOQSP.scan
    cd /
    builtin-precompileModule /Users/admin/builder/spi-builder-workspace/.derivedData/Build/Intermediates.noindex/ExplicitPrecompiledModules/ptrcheck-5ZD62F9H2SV76Z4J23TUIOQSP.scan
PrecompileModule /Users/admin/builder/spi-builder-workspace/.derivedData/Build/Intermediates.noindex/ExplicitPrecompiledModules/_Builtin_stdarg-D5AX20Z9XO3QDRMDRRLUBP87P.scan
    cd /
    builtin-precompileModule /Users/admin/builder/spi-builder-workspace/.derivedData/Build/Intermediates.noindex/ExplicitPrecompiledModules/_Builtin_stdarg-D5AX20Z9XO3QDRMDRRLUBP87P.scan
ScanDependencies /Users/admin/builder/spi-builder-workspace/.derivedData/Build/Intermediates.noindex/PerformanceBezier.build/Debug-watchos/PerformanceBezier-t.build/Objects-normal/arm64/UIBezierPath+NSOSX.o /Users/admin/builder/spi-builder-workspace/.dependencies/checkouts/PerformanceBezier/PerformanceBezier/UIBezierPath+NSOSX.m normal arm64 objective-c com.apple.compilers.llvm.clang.1_0.compiler (in target 'PerformanceBezier' from project 'PerformanceBezier')
    cd /Users/admin/builder/spi-builder-workspace/.swiftpm/xcode

    Using response file: /Users/admin/builder/spi-builder-workspace/.derivedData/Build/Intermediates.noindex/PerformanceBezier.build/Debug-watchos/PerformanceBezier-t.build/Objects-normal/arm64/e6072d4f65d7061329687fe24e3d63a7-common-args.resp

    builtin-ScanDependencies -o /Users/admin/builder/spi-builder-workspace/.derivedData/Build/Intermediates.noindex/PerformanceBezier.build/Debug-watchos/PerformanceBezier-t.build/Objects-normal/arm64/UIBezierPath+NSOSX.o.scan -- /Applications/Xcode-27.0.0-Release.Candidate.app/Contents/Developer/Toolchains/XcodeDefault.xctoolchain/usr/bin/clang -x objective-c -ivfsstatcache /Users/admin/builder/spi-builder-workspace/.derivedData/SDKStatCaches.noindex/watchos27.0-24R360-e829b21a6f8c9b70876ba0858053c04477534ef55a1706bf4c1112bbb242f0a2.sdkstatcache -target arm64-apple-watchos9.0 -fmessage-length\=0 -fdiagnostics-show-note-include-stack -fmacro-backtrace-limit\=0 -fno-color-diagnostics -fmodules-prune-interval\=86400 -fmodules-prune-after\=345600 -fbuild-session-file\=/Users/admin/builder/spi-builder-workspace/.derivedData/ModuleCache.noindex/Session.modulevalidation -fmodules-validate-once-per-build-session -Wnon-modular-include-in-framework-module -Werror\=non-modular-include-in-framework-module -Wno-trigraphs -Wno-missing-field-initializers -Wno-missing-prototypes -Wno-return-type -Wno-implicit-atomic-properties -Wno-objc-interface-ivars -Wno-arc-repeated-use-of-weak -Wno-missing-braces -Wparentheses -Wswitch -Wno-unused-function -Wno-unused-label -Wno-unused-parameter -Wno-unused-variable -Wunused-value -Wno-empty-body -Wno-uninitialized -Wno-unknown-pragmas -w -Wno-shadow -Wno-four-char-constants -Wno-conversion -Wno-constant-conversion -Wno-int-conversion -Wno-bool-conversion -Wno-enum-conversion -Wno-float-conversion -Wno-non-literal-null-conversion -Wno-objc-literal-conversion -Wshorten-64-to-32 -Wpointer-sign -Wno-newline-eof -Wno-selector -Wno-strict-selector-match -Wno-undeclared-selector -Wno-deprecated-implementations -Wno-implicit-fallthrough -isysroot /Applications/Xcode-27.0.0-Release.Candidate.app/Contents/Developer/Platforms/WatchOS.platform/Developer/SDKs/WatchOS27.0.sdk -fstrict-aliasing -Wprotocol -Wdeprecated-declarations -Wno-sign-conversion -Wno-infinite-recursion -Wno-comma -Wno-block-capture-autoreleasing -Wno-strict-prototypes -Wno-semicolon-before-method-body -index-store-path /Users/admin/builder/spi-builder-workspace/.derivedData/Index.noindex/DataStore @/Users/admin/builder/spi-builder-workspace/.derivedData/Build/Intermediates.noindex/PerformanceBezier.build/Debug-watchos/PerformanceBezier-t.build/Objects-normal/arm64/e6072d4f65d7061329687fe24e3d63a7-common-args.resp -MMD -MT dependencies -MF /Users/admin/builder/spi-builder-workspace/.derivedData/Build/Intermediates.noindex/PerformanceBezier.build/Debug-watchos/PerformanceBezier-t.build/Objects-normal/arm64/UIBezierPath+NSOSX.d --serialize-diagnostics /Users/admin/builder/spi-builder-workspace/.derivedData/Build/Intermediates.noindex/PerformanceBezier.build/Debug-watchos/PerformanceBezier-t.build/Objects-normal/arm64/UIBezierPath+NSOSX.dia -c /Users/admin/builder/spi-builder-workspace/.dependencies/checkouts/PerformanceBezier/PerformanceBezier/UIBezierPath+NSOSX.m -o /Users/admin/builder/spi-builder-workspace/.derivedData/Build/Intermediates.noindex/PerformanceBezier.build/Debug-watchos/PerformanceBezier-t.build/Objects-normal/arm64/UIBezierPath+NSOSX.o -index-unit-output-path /PerformanceBezier.build/Debug-watchos/PerformanceBezier-t.build/Objects-normal/arm64/UIBezierPath+NSOSX.o
ScanDependencies /Users/admin/builder/spi-builder-workspace/.derivedData/Build/Intermediates.noindex/PerformanceBezier.build/Debug-watchos/PerformanceBezier-t.build/Objects-normal/arm64/UIBezierPath+FirstLast.o /Users/admin/builder/spi-builder-workspace/.dependencies/checkouts/PerformanceBezier/PerformanceBezier/UIBezierPath+FirstLast.m normal arm64 objective-c com.apple.compilers.llvm.clang.1_0.compiler (in target 'PerformanceBezier' from project 'PerformanceBezier')
    cd /Users/admin/builder/spi-builder-workspace/.swiftpm/xcode

    Using response file: /Users/admin/builder/spi-builder-workspace/.derivedData/Build/Intermediates.noindex/PerformanceBezier.build/Debug-watchos/PerformanceBezier-t.build/Objects-normal/arm64/e6072d4f65d7061329687fe24e3d63a7-common-args.resp

    builtin-ScanDependencies -o /Users/admin/builder/spi-builder-workspace/.derivedData/Build/Intermediates.noindex/PerformanceBezier.build/Debug-watchos/PerformanceBezier-t.build/Objects-normal/arm64/UIBezierPath+FirstLast.o.scan -- /Applications/Xcode-27.0.0-Release.Candidate.app/Contents/Developer/Toolchains/XcodeDefault.xctoolchain/usr/bin/clang -x objective-c -ivfsstatcache /Users/admin/builder/spi-builder-workspace/.derivedData/SDKStatCaches.noindex/watchos27.0-24R360-e829b21a6f8c9b70876ba0858053c04477534ef55a1706bf4c1112bbb242f0a2.sdkstatcache -target arm64-apple-watchos9.0 -fmessage-length\=0 -fdiagnostics-show-note-include-stack -fmacro-backtrace-limit\=0 -fno-color-diagnostics -fmodules-prune-interval\=86400 -fmodules-prune-after\=345600 -fbuild-session-file\=/Users/admin/builder/spi-builder-workspace/.derivedData/ModuleCache.noindex/Session.modulevalidation -fmodules-validate-once-per-build-session -Wnon-modular-include-in-framework-module -Werror\=non-modular-include-in-framework-module -Wno-trigraphs -Wno-missing-field-initializers -Wno-missing-prototypes -Wno-return-type -Wno-implicit-atomic-properties -Wno-objc-interface-ivars -Wno-arc-repeated-use-of-weak -Wno-missing-braces -Wparentheses -Wswitch -Wno-unused-function -Wno-unused-label -Wno-unused-parameter -Wno-unused-variable -Wunused-value -Wno-empty-body -Wno-uninitialized -Wno-unknown-pragmas -w -Wno-shadow -Wno-four-char-constants -Wno-conversion -Wno-constant-conversion -Wno-int-conversion -Wno-bool-conversion -Wno-enum-conversion -Wno-float-conversion -Wno-non-literal-null-conversion -Wno-objc-literal-conversion -Wshorten-64-to-32 -Wpointer-sign -Wno-newline-eof -Wno-selector -Wno-strict-selector-match -Wno-undeclared-selector -Wno-deprecated-implementations -Wno-implicit-fallthrough -isysroot /Applications/Xcode-27.0.0-Release.Candidate.app/Contents/Developer/Platforms/WatchOS.platform/Developer/SDKs/WatchOS27.0.sdk -fstrict-aliasing -Wprotocol -Wdeprecated-declarations -Wno-sign-conversion -Wno-infinite-recursion -Wno-comma -Wno-block-capture-autoreleasing -Wno-strict-prototypes -Wno-semicolon-before-method-body -index-store-path /Users/admin/builder/spi-builder-workspace/.derivedData/Index.noindex/DataStore @/Users/admin/builder/spi-builder-workspace/.derivedData/Build/Intermediates.noindex/PerformanceBezier.build/Debug-watchos/PerformanceBezier-t.build/Objects-normal/arm64/e6072d4f65d7061329687fe24e3d63a7-common-args.resp -MMD -MT dependencies -MF /Users/admin/builder/spi-builder-workspace/.derivedData/Build/Intermediates.noindex/PerformanceBezier.build/Debug-watchos/PerformanceBezier-t.build/Objects-normal/arm64/UIBezierPath+FirstLast.d --serialize-diagnostics /Users/admin/builder/spi-builder-workspace/.derivedData/Build/Intermediates.noindex/PerformanceBezier.build/Debug-watchos/PerformanceBezier-t.build/Objects-normal/arm64/UIBezierPath+FirstLast.dia -c /Users/admin/builder/spi-builder-workspace/.dependencies/checkouts/PerformanceBezier/PerformanceBezier/UIBezierPath+FirstLast.m -o /Users/admin/builder/spi-builder-workspace/.derivedData/Build/Intermediates.noindex/PerformanceBezier.build/Debug-watchos/PerformanceBezier-t.build/Objects-normal/arm64/UIBezierPath+FirstLast.o -index-unit-output-path /PerformanceBezier.build/Debug-watchos/PerformanceBezier-t.build/Objects-normal/arm64/UIBezierPath+FirstLast.o
PrecompileModule /Users/admin/builder/spi-builder-workspace/.derivedData/Build/Intermediates.noindex/ExplicitPrecompiledModules/_DarwinFoundation1-CB5CLVQHNLSW4CWC91U6XKBZC.scan
    cd /
    builtin-precompileModule /Users/admin/builder/spi-builder-workspace/.derivedData/Build/Intermediates.noindex/ExplicitPrecompiledModules/_DarwinFoundation1-CB5CLVQHNLSW4CWC91U6XKBZC.scan
ScanDependencies /Users/admin/builder/spi-builder-workspace/.derivedData/Build/Intermediates.noindex/PerformanceBezier.build/Debug-watchos/PerformanceBezier-t.build/Objects-normal/arm64/UIBezierPath+Equals.o /Users/admin/builder/spi-builder-workspace/.dependencies/checkouts/PerformanceBezier/PerformanceBezier/UIBezierPath+Equals.m normal arm64 objective-c com.apple.compilers.llvm.clang.1_0.compiler (in target 'PerformanceBezier' from project 'PerformanceBezier')
    cd /Users/admin/builder/spi-builder-workspace/.swiftpm/xcode

    Using response file: /Users/admin/builder/spi-builder-workspace/.derivedData/Build/Intermediates.noindex/PerformanceBezier.build/Debug-watchos/PerformanceBezier-t.build/Objects-normal/arm64/e6072d4f65d7061329687fe24e3d63a7-common-args.resp

    builtin-ScanDependencies -o /Users/admin/builder/spi-builder-workspace/.derivedData/Build/Intermediates.noindex/PerformanceBezier.build/Debug-watchos/PerformanceBezier-t.build/Objects-normal/arm64/UIBezierPath+Equals.o.scan -- /Applications/Xcode-27.0.0-Release.Candidate.app/Contents/Developer/Toolchains/XcodeDefault.xctoolchain/usr/bin/clang -x objective-c -ivfsstatcache /Users/admin/builder/spi-builder-workspace/.derivedData/SDKStatCaches.noindex/watchos27.0-24R360-e829b21a6f8c9b70876ba0858053c04477534ef55a1706bf4c1112bbb242f0a2.sdkstatcache -target arm64-apple-watchos9.0 -fmessage-length\=0 -fdiagnostics-show-note-include-stack -fmacro-backtrace-limit\=0 -fno-color-diagnostics -fmodules-prune-interval\=86400 -fmodules-prune-after\=345600 -fbuild-session-file\=/Users/admin/builder/spi-builder-workspace/.derivedData/ModuleCache.noindex/Session.modulevalidation -fmodules-validate-once-per-build-session -Wnon-modular-include-in-framework-module -Werror\=non-modular-include-in-framework-module -Wno-trigraphs -Wno-missing-field-initializers -Wno-missing-prototypes -Wno-return-type -Wno-implicit-atomic-properties -Wno-objc-interface-ivars -Wno-arc-repeated-use-of-weak -Wno-missing-braces -Wparentheses -Wswitch -Wno-unused-function -Wno-unused-label -Wno-unused-parameter -Wno-unused-variable -Wunused-value -Wno-empty-body -Wno-uninitialized -Wno-unknown-pragmas -w -Wno-shadow -Wno-four-char-constants -Wno-conversion -Wno-constant-conversion -Wno-int-conversion -Wno-bool-conversion -Wno-enum-conversion -Wno-float-conversion -Wno-non-literal-null-conversion -Wno-objc-literal-conversion -Wshorten-64-to-32 -Wpointer-sign -Wno-newline-eof -Wno-selector -Wno-strict-selector-match -Wno-undeclared-selector -Wno-deprecated-implementations -Wno-implicit-fallthrough -isysroot /Applications/Xcode-27.0.0-Release.Candidate.app/Contents/Developer/Platforms/WatchOS.platform/Developer/SDKs/WatchOS27.0.sdk -fstrict-aliasing -Wprotocol -Wdeprecated-declarations -Wno-sign-conversion -Wno-infinite-recursion -Wno-comma -Wno-block-capture-autoreleasing -Wno-strict-prototypes -Wno-semicolon-before-method-body -index-store-path /Users/admin/builder/spi-builder-workspace/.derivedData/Index.noindex/DataStore @/Users/admin/builder/spi-builder-workspace/.derivedData/Build/Intermediates.noindex/PerformanceBezier.build/Debug-watchos/PerformanceBezier-t.build/Objects-normal/arm64/e6072d4f65d7061329687fe24e3d63a7-common-args.resp -MMD -MT dependencies -MF /Users/admin/builder/spi-builder-workspace/.derivedData/Build/Intermediates.noindex/PerformanceBezier.build/Debug-watchos/PerformanceBezier-t.build/Objects-normal/arm64/UIBezierPath+Equals.d --serialize-diagnostics /Users/admin/builder/spi-builder-workspace/.derivedData/Build/Intermediates.noindex/PerformanceBezier.build/Debug-watchos/PerformanceBezier-t.build/Objects-normal/arm64/UIBezierPath+Equals.dia -c /Users/admin/builder/spi-builder-workspace/.dependencies/checkouts/PerformanceBezier/PerformanceBezier/UIBezierPath+Equals.m -o /Users/admin/builder/spi-builder-workspace/.derivedData/Build/Intermediates.noindex/PerformanceBezier.build/Debug-watchos/PerformanceBezier-t.build/Objects-normal/arm64/UIBezierPath+Equals.o -index-unit-output-path /PerformanceBezier.build/Debug-watchos/PerformanceBezier-t.build/Objects-normal/arm64/UIBezierPath+Equals.o
PrecompileModule /Users/admin/builder/spi-builder-workspace/.derivedData/Build/Intermediates.noindex/ExplicitPrecompiledModules/_DarwinFoundation2-DV29VFFMWW4YXVD6R34COO3X6.scan
    cd /
    builtin-precompileModule /Users/admin/builder/spi-builder-workspace/.derivedData/Build/Intermediates.noindex/ExplicitPrecompiledModules/_DarwinFoundation2-DV29VFFMWW4YXVD6R34COO3X6.scan
PrecompileModule /Users/admin/builder/spi-builder-workspace/.derivedData/Build/Intermediates.noindex/ExplicitPrecompiledModules/_Builtin_limits-7J1YEYEHS7W2EL1SNW7TGO5KY.scan
    cd /
    builtin-precompileModule /Users/admin/builder/spi-builder-workspace/.derivedData/Build/Intermediates.noindex/ExplicitPrecompiledModules/_Builtin_limits-7J1YEYEHS7W2EL1SNW7TGO5KY.scan
ScanDependencies /Users/admin/builder/spi-builder-workspace/.derivedData/Build/Intermediates.noindex/PerformanceBezier.build/Debug-watchos/PerformanceBezier-t.build/Objects-normal/arm64/UIBezierPath+Description.o /Users/admin/builder/spi-builder-workspace/.dependencies/checkouts/PerformanceBezier/PerformanceBezier/UIBezierPath+Description.m normal arm64 objective-c com.apple.compilers.llvm.clang.1_0.compiler (in target 'PerformanceBezier' from project 'PerformanceBezier')
    cd /Users/admin/builder/spi-builder-workspace/.swiftpm/xcode

    Using response file: /Users/admin/builder/spi-builder-workspace/.derivedData/Build/Intermediates.noindex/PerformanceBezier.build/Debug-watchos/PerformanceBezier-t.build/Objects-normal/arm64/e6072d4f65d7061329687fe24e3d63a7-common-args.resp

    builtin-ScanDependencies -o /Users/admin/builder/spi-builder-workspace/.derivedData/Build/Intermediates.noindex/PerformanceBezier.build/Debug-watchos/PerformanceBezier-t.build/Objects-normal/arm64/UIBezierPath+Description.o.scan -- /Applications/Xcode-27.0.0-Release.Candidate.app/Contents/Developer/Toolchains/XcodeDefault.xctoolchain/usr/bin/clang -x objective-c -ivfsstatcache /Users/admin/builder/spi-builder-workspace/.derivedData/SDKStatCaches.noindex/watchos27.0-24R360-e829b21a6f8c9b70876ba0858053c04477534ef55a1706bf4c1112bbb242f0a2.sdkstatcache -target arm64-apple-watchos9.0 -fmessage-length\=0 -fdiagnostics-show-note-include-stack -fmacro-backtrace-limit\=0 -fno-color-diagnostics -fmodules-prune-interval\=86400 -fmodules-prune-after\=345600 -fbuild-session-file\=/Users/admin/builder/spi-builder-workspace/.derivedData/ModuleCache.noindex/Session.modulevalidation -fmodules-validate-once-per-build-session -Wnon-modular-include-in-framework-module -Werror\=non-modular-include-in-framework-module -Wno-trigraphs -Wno-missing-field-initializers -Wno-missing-prototypes -Wno-return-type -Wno-implicit-atomic-properties -Wno-objc-interface-ivars -Wno-arc-repeated-use-of-weak -Wno-missing-braces -Wparentheses -Wswitch -Wno-unused-function -Wno-unused-label -Wno-unused-parameter -Wno-unused-variable -Wunused-value -Wno-empty-body -Wno-uninitialized -Wno-unknown-pragmas -w -Wno-shadow -Wno-four-char-constants -Wno-conversion -Wno-constant-conversion -Wno-int-conversion -Wno-bool-conversion -Wno-enum-conversion -Wno-float-conversion -Wno-non-literal-null-conversion -Wno-objc-literal-conversion -Wshorten-64-to-32 -Wpointer-sign -Wno-newline-eof -Wno-selector -Wno-strict-selector-match -Wno-undeclared-selector -Wno-deprecated-implementations -Wno-implicit-fallthrough -isysroot /Applications/Xcode-27.0.0-Release.Candidate.app/Contents/Developer/Platforms/WatchOS.platform/Developer/SDKs/WatchOS27.0.sdk -fstrict-aliasing -Wprotocol -Wdeprecated-declarations -Wno-sign-conversion -Wno-infinite-recursion -Wno-comma -Wno-block-capture-autoreleasing -Wno-strict-prototypes -Wno-semicolon-before-method-body -index-store-path /Users/admin/builder/spi-builder-workspace/.derivedData/Index.noindex/DataStore @/Users/admin/builder/spi-builder-workspace/.derivedData/Build/Intermediates.noindex/PerformanceBezier.build/Debug-watchos/PerformanceBezier-t.build/Objects-normal/arm64/e6072d4f65d7061329687fe24e3d63a7-common-args.resp -MMD -MT dependencies -MF /Users/admin/builder/spi-builder-workspace/.derivedData/Build/Intermediates.noindex/PerformanceBezier.build/Debug-watchos/PerformanceBezier-t.build/Objects-normal/arm64/UIBezierPath+Description.d --serialize-diagnostics /Users/admin/builder/spi-builder-workspace/.derivedData/Build/Intermediates.noindex/PerformanceBezier.build/Debug-watchos/PerformanceBezier-t.build/Objects-normal/arm64/UIBezierPath+Description.dia -c /Users/admin/builder/spi-builder-workspace/.dependencies/checkouts/PerformanceBezier/PerformanceBezier/UIBezierPath+Description.m -o /Users/admin/builder/spi-builder-workspace/.derivedData/Build/Intermediates.noindex/PerformanceBezier.build/Debug-watchos/PerformanceBezier-t.build/Objects-normal/arm64/UIBezierPath+Description.o -index-unit-output-path /PerformanceBezier.build/Debug-watchos/PerformanceBezier-t.build/Objects-normal/arm64/UIBezierPath+Description.o
ScanDependencies /Users/admin/builder/spi-builder-workspace/.derivedData/Build/Intermediates.noindex/PerformanceBezier.build/Debug-watchos/PerformanceBezier-t.build/Objects-normal/arm64/UIBezierPath+Clockwise.o /Users/admin/builder/spi-builder-workspace/.dependencies/checkouts/PerformanceBezier/PerformanceBezier/UIBezierPath+Clockwise.m normal arm64 objective-c com.apple.compilers.llvm.clang.1_0.compiler (in target 'PerformanceBezier' from project 'PerformanceBezier')
    cd /Users/admin/builder/spi-builder-workspace/.swiftpm/xcode

    Using response file: /Users/admin/builder/spi-builder-workspace/.derivedData/Build/Intermediates.noindex/PerformanceBezier.build/Debug-watchos/PerformanceBezier-t.build/Objects-normal/arm64/e6072d4f65d7061329687fe24e3d63a7-common-args.resp

    builtin-ScanDependencies -o /Users/admin/builder/spi-builder-workspace/.derivedData/Build/Intermediates.noindex/PerformanceBezier.build/Debug-watchos/PerformanceBezier-t.build/Objects-normal/arm64/UIBezierPath+Clockwise.o.scan -- /Applications/Xcode-27.0.0-Release.Candidate.app/Contents/Developer/Toolchains/XcodeDefault.xctoolchain/usr/bin/clang -x objective-c -ivfsstatcache /Users/admin/builder/spi-builder-workspace/.derivedData/SDKStatCaches.noindex/watchos27.0-24R360-e829b21a6f8c9b70876ba0858053c04477534ef55a1706bf4c1112bbb242f0a2.sdkstatcache -target arm64-apple-watchos9.0 -fmessage-length\=0 -fdiagnostics-show-note-include-stack -fmacro-backtrace-limit\=0 -fno-color-diagnostics -fmodules-prune-interval\=86400 -fmodules-prune-after\=345600 -fbuild-session-file\=/Users/admin/builder/spi-builder-workspace/.derivedData/ModuleCache.noindex/Session.modulevalidation -fmodules-validate-once-per-build-session -Wnon-modular-include-in-framework-module -Werror\=non-modular-include-in-framework-module -Wno-trigraphs -Wno-missing-field-initializers -Wno-missing-prototypes -Wno-return-type -Wno-implicit-atomic-properties -Wno-objc-interface-ivars -Wno-arc-repeated-use-of-weak -Wno-missing-braces -Wparentheses -Wswitch -Wno-unused-function -Wno-unused-label -Wno-unused-parameter -Wno-unused-variable -Wunused-value -Wno-empty-body -Wno-uninitialized -Wno-unknown-pragmas -w -Wno-shadow -Wno-four-char-constants -Wno-conversion -Wno-constant-conversion -Wno-int-conversion -Wno-bool-conversion -Wno-enum-conversion -Wno-float-conversion -Wno-non-literal-null-conversion -Wno-objc-literal-conversion -Wshorten-64-to-32 -Wpointer-sign -Wno-newline-eof -Wno-selector -Wno-strict-selector-match -Wno-undeclared-selector -Wno-deprecated-implementations -Wno-implicit-fallthrough -isysroot /Applications/Xcode-27.0.0-Release.Candidate.app/Contents/Developer/Platforms/WatchOS.platform/Developer/SDKs/WatchOS27.0.sdk -fstrict-aliasing -Wprotocol -Wdeprecated-declarations -Wno-sign-conversion -Wno-infinite-recursion -Wno-comma -Wno-block-capture-autoreleasing -Wno-strict-prototypes -Wno-semicolon-before-method-body -index-store-path /Users/admin/builder/spi-builder-workspace/.derivedData/Index.noindex/DataStore @/Users/admin/builder/spi-builder-workspace/.derivedData/Build/Intermediates.noindex/PerformanceBezier.build/Debug-watchos/PerformanceBezier-t.build/Objects-normal/arm64/e6072d4f65d7061329687fe24e3d63a7-common-args.resp -MMD -MT dependencies -MF /Users/admin/builder/spi-builder-workspace/.derivedData/Build/Intermediates.noindex/PerformanceBezier.build/Debug-watchos/PerformanceBezier-t.build/Objects-normal/arm64/UIBezierPath+Clockwise.d --serialize-diagnostics /Users/admin/builder/spi-builder-workspace/.derivedData/Build/Intermediates.noindex/PerformanceBezier.build/Debug-watchos/PerformanceBezier-t.build/Objects-normal/arm64/UIBezierPath+Clockwise.dia -c /Users/admin/builder/spi-builder-workspace/.dependencies/checkouts/PerformanceBezier/PerformanceBezier/UIBezierPath+Clockwise.m -o /Users/admin/builder/spi-builder-workspace/.derivedData/Build/Intermediates.noindex/PerformanceBezier.build/Debug-watchos/PerformanceBezier-t.build/Objects-normal/arm64/UIBezierPath+Clockwise.o -index-unit-output-path /PerformanceBezier.build/Debug-watchos/PerformanceBezier-t.build/Objects-normal/arm64/UIBezierPath+Clockwise.o
ScanDependencies /Users/admin/builder/spi-builder-workspace/.derivedData/Build/Intermediates.noindex/PerformanceBezier.build/Debug-watchos/PerformanceBezier-t.build/Objects-normal/arm64/UIBezierPath+Center.o /Users/admin/builder/spi-builder-workspace/.dependencies/checkouts/PerformanceBezier/PerformanceBezier/UIBezierPath+Center.m normal arm64 objective-c com.apple.compilers.llvm.clang.1_0.compiler (in target 'PerformanceBezier' from project 'PerformanceBezier')
    cd /Users/admin/builder/spi-builder-workspace/.swiftpm/xcode

    Using response file: /Users/admin/builder/spi-builder-workspace/.derivedData/Build/Intermediates.noindex/PerformanceBezier.build/Debug-watchos/PerformanceBezier-t.build/Objects-normal/arm64/e6072d4f65d7061329687fe24e3d63a7-common-args.resp

    builtin-ScanDependencies -o /Users/admin/builder/spi-builder-workspace/.derivedData/Build/Intermediates.noindex/PerformanceBezier.build/Debug-watchos/PerformanceBezier-t.build/Objects-normal/arm64/UIBezierPath+Center.o.scan -- /Applications/Xcode-27.0.0-Release.Candidate.app/Contents/Developer/Toolchains/XcodeDefault.xctoolchain/usr/bin/clang -x objective-c -ivfsstatcache /Users/admin/builder/spi-builder-workspace/.derivedData/SDKStatCaches.noindex/watchos27.0-24R360-e829b21a6f8c9b70876ba0858053c04477534ef55a1706bf4c1112bbb242f0a2.sdkstatcache -target arm64-apple-watchos9.0 -fmessage-length\=0 -fdiagnostics-show-note-include-stack -fmacro-backtrace-limit\=0 -fno-color-diagnostics -fmodules-prune-interval\=86400 -fmodules-prune-after\=345600 -fbuild-session-file\=/Users/admin/builder/spi-builder-workspace/.derivedData/ModuleCache.noindex/Session.modulevalidation -fmodules-validate-once-per-build-session -Wnon-modular-include-in-framework-module -Werror\=non-modular-include-in-framework-module -Wno-trigraphs -Wno-missing-field-initializers -Wno-missing-prototypes -Wno-return-type -Wno-implicit-atomic-properties -Wno-objc-interface-ivars -Wno-arc-repeated-use-of-weak -Wno-missing-braces -Wparentheses -Wswitch -Wno-unused-function -Wno-unused-label -Wno-unused-parameter -Wno-unused-variable -Wunused-value -Wno-empty-body -Wno-uninitialized -Wno-unknown-pragmas -w -Wno-shadow -Wno-four-char-constants -Wno-conversion -Wno-constant-conversion -Wno-int-conversion -Wno-bool-conversion -Wno-enum-conversion -Wno-float-conversion -Wno-non-literal-null-conversion -Wno-objc-literal-conversion -Wshorten-64-to-32 -Wpointer-sign -Wno-newline-eof -Wno-selector -Wno-strict-selector-match -Wno-undeclared-selector -Wno-deprecated-implementations -Wno-implicit-fallthrough -isysroot /Applications/Xcode-27.0.0-Release.Candidate.app/Contents/Developer/Platforms/WatchOS.platform/Developer/SDKs/WatchOS27.0.sdk -fstrict-aliasing -Wprotocol -Wdeprecated-declarations -Wno-sign-conversion -Wno-infinite-recursion -Wno-comma -Wno-block-capture-autoreleasing -Wno-strict-prototypes -Wno-semicolon-before-method-body -index-store-path /Users/admin/builder/spi-builder-workspace/.derivedData/Index.noindex/DataStore @/Users/admin/builder/spi-builder-workspace/.derivedData/Build/Intermediates.noindex/PerformanceBezier.build/Debug-watchos/PerformanceBezier-t.build/Objects-normal/arm64/e6072d4f65d7061329687fe24e3d63a7-common-args.resp -MMD -MT dependencies -MF /Users/admin/builder/spi-builder-workspace/.derivedData/Build/Intermediates.noindex/PerformanceBezier.build/Debug-watchos/PerformanceBezier-t.build/Objects-normal/arm64/UIBezierPath+Center.d --serialize-diagnostics /Users/admin/builder/spi-builder-workspace/.derivedData/Build/Intermediates.noindex/PerformanceBezier.build/Debug-watchos/PerformanceBezier-t.build/Objects-normal/arm64/UIBezierPath+Center.dia -c /Users/admin/builder/spi-builder-workspace/.dependencies/checkouts/PerformanceBezier/PerformanceBezier/UIBezierPath+Center.m -o /Users/admin/builder/spi-builder-workspace/.derivedData/Build/Intermediates.noindex/PerformanceBezier.build/Debug-watchos/PerformanceBezier-t.build/Objects-normal/arm64/UIBezierPath+Center.o -index-unit-output-path /PerformanceBezier.build/Debug-watchos/PerformanceBezier-t.build/Objects-normal/arm64/UIBezierPath+Center.o
ScanDependencies /Users/admin/builder/spi-builder-workspace/.derivedData/Build/Intermediates.noindex/PerformanceBezier.build/Debug-watchos/PerformanceBezier-t.build/Objects-normal/arm64/UIBezierPath+Ahmed.o /Users/admin/builder/spi-builder-workspace/.dependencies/checkouts/PerformanceBezier/PerformanceBezier/UIBezierPath+Ahmed.m normal arm64 objective-c com.apple.compilers.llvm.clang.1_0.compiler (in target 'PerformanceBezier' from project 'PerformanceBezier')
    cd /Users/admin/builder/spi-builder-workspace/.swiftpm/xcode

    Using response file: /Users/admin/builder/spi-builder-workspace/.derivedData/Build/Intermediates.noindex/PerformanceBezier.build/Debug-watchos/PerformanceBezier-t.build/Objects-normal/arm64/e6072d4f65d7061329687fe24e3d63a7-common-args.resp

    builtin-ScanDependencies -o /Users/admin/builder/spi-builder-workspace/.derivedData/Build/Intermediates.noindex/PerformanceBezier.build/Debug-watchos/PerformanceBezier-t.build/Objects-normal/arm64/UIBezierPath+Ahmed.o.scan -- /Applications/Xcode-27.0.0-Release.Candidate.app/Contents/Developer/Toolchains/XcodeDefault.xctoolchain/usr/bin/clang -x objective-c -ivfsstatcache /Users/admin/builder/spi-builder-workspace/.derivedData/SDKStatCaches.noindex/watchos27.0-24R360-e829b21a6f8c9b70876ba0858053c04477534ef55a1706bf4c1112bbb242f0a2.sdkstatcache -target arm64-apple-watchos9.0 -fmessage-length\=0 -fdiagnostics-show-note-include-stack -fmacro-backtrace-limit\=0 -fno-color-diagnostics -fmodules-prune-interval\=86400 -fmodules-prune-after\=345600 -fbuild-session-file\=/Users/admin/builder/spi-builder-workspace/.derivedData/ModuleCache.noindex/Session.modulevalidation -fmodules-validate-once-per-build-session -Wnon-modular-include-in-framework-module -Werror\=non-modular-include-in-framework-module -Wno-trigraphs -Wno-missing-field-initializers -Wno-missing-prototypes -Wno-return-type -Wno-implicit-atomic-properties -Wno-objc-interface-ivars -Wno-arc-repeated-use-of-weak -Wno-missing-braces -Wparentheses -Wswitch -Wno-unused-function -Wno-unused-label -Wno-unused-parameter -Wno-unused-variable -Wunused-value -Wno-empty-body -Wno-uninitialized -Wno-unknown-pragmas -w -Wno-shadow -Wno-four-char-constants -Wno-conversion -Wno-constant-conversion -Wno-int-conversion -Wno-bool-conversion -Wno-enum-conversion -Wno-float-conversion -Wno-non-literal-null-conversion -Wno-objc-literal-conversion -Wshorten-64-to-32 -Wpointer-sign -Wno-newline-eof -Wno-selector -Wno-strict-selector-match -Wno-undeclared-selector -Wno-deprecated-implementations -Wno-implicit-fallthrough -isysroot /Applications/Xcode-27.0.0-Release.Candidate.app/Contents/Developer/Platforms/WatchOS.platform/Developer/SDKs/WatchOS27.0.sdk -fstrict-aliasing -Wprotocol -Wdeprecated-declarations -Wno-sign-conversion -Wno-infinite-recursion -Wno-comma -Wno-block-capture-autoreleasing -Wno-strict-prototypes -Wno-semicolon-before-method-body -index-store-path /Users/admin/builder/spi-builder-workspace/.derivedData/Index.noindex/DataStore @/Users/admin/builder/spi-builder-workspace/.derivedData/Build/Intermediates.noindex/PerformanceBezier.build/Debug-watchos/PerformanceBezier-t.build/Objects-normal/arm64/e6072d4f65d7061329687fe24e3d63a7-common-args.resp -MMD -MT dependencies -MF /Users/admin/builder/spi-builder-workspace/.derivedData/Build/Intermediates.noindex/PerformanceBezier.build/Debug-watchos/PerformanceBezier-t.build/Objects-normal/arm64/UIBezierPath+Ahmed.d --serialize-diagnostics /Users/admin/builder/spi-builder-workspace/.derivedData/Build/Intermediates.noindex/PerformanceBezier.build/Debug-watchos/PerformanceBezier-t.build/Objects-normal/arm64/UIBezierPath+Ahmed.dia -c /Users/admin/builder/spi-builder-workspace/.dependencies/checkouts/PerformanceBezier/PerformanceBezier/UIBezierPath+Ahmed.m -o /Users/admin/builder/spi-builder-workspace/.derivedData/Build/Intermediates.noindex/PerformanceBezier.build/Debug-watchos/PerformanceBezier-t.build/Objects-normal/arm64/UIBezierPath+Ahmed.o -index-unit-output-path /PerformanceBezier.build/Debug-watchos/PerformanceBezier-t.build/Objects-normal/arm64/UIBezierPath+Ahmed.o
ScanDependencies /Users/admin/builder/spi-builder-workspace/.derivedData/Build/Intermediates.noindex/PerformanceBezier.build/Debug-watchos/PerformanceBezier-t.build/Objects-normal/arm64/JRSwizzle.o /Users/admin/builder/spi-builder-workspace/.dependencies/checkouts/PerformanceBezier/PerformanceBezier/JRSwizzle.m normal arm64 objective-c com.apple.compilers.llvm.clang.1_0.compiler (in target 'PerformanceBezier' from project 'PerformanceBezier')
    cd /Users/admin/builder/spi-builder-workspace/.swiftpm/xcode

    Using response file: /Users/admin/builder/spi-builder-workspace/.derivedData/Build/Intermediates.noindex/PerformanceBezier.build/Debug-watchos/PerformanceBezier-t.build/Objects-normal/arm64/e6072d4f65d7061329687fe24e3d63a7-common-args.resp

    builtin-ScanDependencies -o /Users/admin/builder/spi-builder-workspace/.derivedData/Build/Intermediates.noindex/PerformanceBezier.build/Debug-watchos/PerformanceBezier-t.build/Objects-normal/arm64/JRSwizzle.o.scan -- /Applications/Xcode-27.0.0-Release.Candidate.app/Contents/Developer/Toolchains/XcodeDefault.xctoolchain/usr/bin/clang -x objective-c -ivfsstatcache /Users/admin/builder/spi-builder-workspace/.derivedData/SDKStatCaches.noindex/watchos27.0-24R360-e829b21a6f8c9b70876ba0858053c04477534ef55a1706bf4c1112bbb242f0a2.sdkstatcache -target arm64-apple-watchos9.0 -fmessage-length\=0 -fdiagnostics-show-note-include-stack -fmacro-backtrace-limit\=0 -fno-color-diagnostics -fmodules-prune-interval\=86400 -fmodules-prune-after\=345600 -fbuild-session-file\=/Users/admin/builder/spi-builder-workspace/.derivedData/ModuleCache.noindex/Session.modulevalidation -fmodules-validate-once-per-build-session -Wnon-modular-include-in-framework-module -Werror\=non-modular-include-in-framework-module -Wno-trigraphs -Wno-missing-field-initializers -Wno-missing-prototypes -Wno-return-type -Wno-implicit-atomic-properties -Wno-objc-interface-ivars -Wno-arc-repeated-use-of-weak -Wno-missing-braces -Wparentheses -Wswitch -Wno-unused-function -Wno-unused-label -Wno-unused-parameter -Wno-unused-variable -Wunused-value -Wno-empty-body -Wno-uninitialized -Wno-unknown-pragmas -w -Wno-shadow -Wno-four-char-constants -Wno-conversion -Wno-constant-conversion -Wno-int-conversion -Wno-bool-conversion -Wno-enum-conversion -Wno-float-conversion -Wno-non-literal-null-conversion -Wno-objc-literal-conversion -Wshorten-64-to-32 -Wpointer-sign -Wno-newline-eof -Wno-selector -Wno-strict-selector-match -Wno-undeclared-selector -Wno-deprecated-implementations -Wno-implicit-fallthrough -isysroot /Applications/Xcode-27.0.0-Release.Candidate.app/Contents/Developer/Platforms/WatchOS.platform/Developer/SDKs/WatchOS27.0.sdk -fstrict-aliasing -Wprotocol -Wdeprecated-declarations -Wno-sign-conversion -Wno-infinite-recursion -Wno-comma -Wno-block-capture-autoreleasing -Wno-strict-prototypes -Wno-semicolon-before-method-body -index-store-path /Users/admin/builder/spi-builder-workspace/.derivedData/Index.noindex/DataStore @/Users/admin/builder/spi-builder-workspace/.derivedData/Build/Intermediates.noindex/PerformanceBezier.build/Debug-watchos/PerformanceBezier-t.build/Objects-normal/arm64/e6072d4f65d7061329687fe24e3d63a7-common-args.resp -MMD -MT dependencies -MF /Users/admin/builder/spi-builder-workspace/.derivedData/Build/Intermediates.noindex/PerformanceBezier.build/Debug-watchos/PerformanceBezier-t.build/Objects-normal/arm64/JRSwizzle.d --serialize-diagnostics /Users/admin/builder/spi-builder-workspace/.derivedData/Build/Intermediates.noindex/PerformanceBezier.build/Debug-watchos/PerformanceBezier-t.build/Objects-normal/arm64/JRSwizzle.dia -c /Users/admin/builder/spi-builder-workspace/.dependencies/checkouts/PerformanceBezier/PerformanceBezier/JRSwizzle.m -o /Users/admin/builder/spi-builder-workspace/.derivedData/Build/Intermediates.noindex/PerformanceBezier.build/Debug-watchos/PerformanceBezier-t.build/Objects-normal/arm64/JRSwizzle.o -index-unit-output-path /PerformanceBezier.build/Debug-watchos/PerformanceBezier-t.build/Objects-normal/arm64/JRSwizzle.o
PrecompileModule /Users/admin/builder/spi-builder-workspace/.derivedData/Build/Intermediates.noindex/ExplicitPrecompiledModules/_Builtin_stdbool-4FRMTPV81H51QCAVL92ATFHY2.scan
    cd /
    builtin-precompileModule /Users/admin/builder/spi-builder-workspace/.derivedData/Build/Intermediates.noindex/ExplicitPrecompiledModules/_Builtin_stdbool-4FRMTPV81H51QCAVL92ATFHY2.scan
PrecompileModule /Users/admin/builder/spi-builder-workspace/.derivedData/Build/Intermediates.noindex/ExplicitPrecompiledModules/ptrcheck-AG7POCMG9CLBF0ZSF80OK7JD1.scan
    cd /
    builtin-precompileModule /Users/admin/builder/spi-builder-workspace/.derivedData/Build/Intermediates.noindex/ExplicitPrecompiledModules/ptrcheck-AG7POCMG9CLBF0ZSF80OK7JD1.scan
PrecompileModule /Users/admin/builder/spi-builder-workspace/.derivedData/Build/Intermediates.noindex/ExplicitPrecompiledModules/_Builtin_stddef-3PTFC0TI8ST8RQ327R0ES200M.scan
    cd /
    builtin-precompileModule /Users/admin/builder/spi-builder-workspace/.derivedData/Build/Intermediates.noindex/ExplicitPrecompiledModules/_Builtin_stddef-3PTFC0TI8ST8RQ327R0ES200M.scan
PrecompileModule /Users/admin/builder/spi-builder-workspace/.derivedData/Build/Intermediates.noindex/ExplicitPrecompiledModules/_Builtin_float-8FQTUSWX0EIXIHN62LPGVPUGD.scan
    cd /
    builtin-precompileModule /Users/admin/builder/spi-builder-workspace/.derivedData/Build/Intermediates.noindex/ExplicitPrecompiledModules/_Builtin_float-8FQTUSWX0EIXIHN62LPGVPUGD.scan
PrecompileModule /Users/admin/builder/spi-builder-workspace/.derivedData/Build/Intermediates.noindex/ExplicitPrecompiledModules/ptrauth-BKO8BMM8EMA0CLEKAZP13VXWS.scan
    cd /
    builtin-precompileModule /Users/admin/builder/spi-builder-workspace/.derivedData/Build/Intermediates.noindex/ExplicitPrecompiledModules/ptrauth-BKO8BMM8EMA0CLEKAZP13VXWS.scan
PrecompileModule /Users/admin/builder/spi-builder-workspace/.derivedData/Build/Intermediates.noindex/ExplicitPrecompiledModules/_Builtin_stdarg-2SWSTXEVT17GJOVBI1YJW9RDK.scan
    cd /
    builtin-precompileModule /Users/admin/builder/spi-builder-workspace/.derivedData/Build/Intermediates.noindex/ExplicitPrecompiledModules/_Builtin_stdarg-2SWSTXEVT17GJOVBI1YJW9RDK.scan
PrecompileModule /Users/admin/builder/spi-builder-workspace/.derivedData/Build/Intermediates.noindex/ExplicitPrecompiledModules/_AvailabilityInternal-DGWS1AKVM7ZT0APMUPL00BO97.scan
    cd /
    builtin-precompileModule /Users/admin/builder/spi-builder-workspace/.derivedData/Build/Intermediates.noindex/ExplicitPrecompiledModules/_AvailabilityInternal-DGWS1AKVM7ZT0APMUPL00BO97.scan
PrecompileModule /Users/admin/builder/spi-builder-workspace/.derivedData/Build/Intermediates.noindex/ExplicitPrecompiledModules/_DarwinFoundation1-BSFTAH7FLKWQ3UY3PT7EWIGBW.scan
    cd /
    builtin-precompileModule /Users/admin/builder/spi-builder-workspace/.derivedData/Build/Intermediates.noindex/ExplicitPrecompiledModules/_DarwinFoundation1-BSFTAH7FLKWQ3UY3PT7EWIGBW.scan
PrecompileModule /Users/admin/builder/spi-builder-workspace/.derivedData/Build/Intermediates.noindex/ExplicitPrecompiledModules/_Builtin_limits-10OBQ90G83LQBBTN4Q2S7QXC.scan
    cd /
    builtin-precompileModule /Users/admin/builder/spi-builder-workspace/.derivedData/Build/Intermediates.noindex/ExplicitPrecompiledModules/_Builtin_limits-10OBQ90G83LQBBTN4Q2S7QXC.scan
PrecompileModule /Users/admin/builder/spi-builder-workspace/.derivedData/Build/Intermediates.noindex/ExplicitPrecompiledModules/_DarwinFoundation2-AK040SVJDDOV6L5TPPQRW12S9.scan
    cd /
    builtin-precompileModule /Users/admin/builder/spi-builder-workspace/.derivedData/Build/Intermediates.noindex/ExplicitPrecompiledModules/_DarwinFoundation2-AK040SVJDDOV6L5TPPQRW12S9.scan
PrecompileModule /Users/admin/builder/spi-builder-workspace/.derivedData/Build/Intermediates.noindex/ExplicitPrecompiledModules/_Builtin_stdint-61DBY1OPUMSQTI3GB2MXHOOX9.scan
    cd /
    builtin-precompileModule /Users/admin/builder/spi-builder-workspace/.derivedData/Build/Intermediates.noindex/ExplicitPrecompiledModules/_Builtin_stdint-61DBY1OPUMSQTI3GB2MXHOOX9.scan
PrecompileModule /Users/admin/builder/spi-builder-workspace/.derivedData/Build/Intermediates.noindex/ExplicitPrecompiledModules/_DarwinFoundation3-AI769PFXZYEQFCHXEV0Z7SRDK.scan
    cd /
    builtin-precompileModule /Users/admin/builder/spi-builder-workspace/.derivedData/Build/Intermediates.noindex/ExplicitPrecompiledModules/_DarwinFoundation3-AI769PFXZYEQFCHXEV0Z7SRDK.scan
PrecompileModule /Users/admin/builder/spi-builder-workspace/.derivedData/Build/Intermediates.noindex/ExplicitPrecompiledModules/_Builtin_stdint-1DN2VCUJUAL2YWWVYVJ65C52R.scan
    cd /
    builtin-precompileModule /Users/admin/builder/spi-builder-workspace/.derivedData/Build/Intermediates.noindex/ExplicitPrecompiledModules/_Builtin_stdint-1DN2VCUJUAL2YWWVYVJ65C52R.scan
PrecompileModule /Users/admin/builder/spi-builder-workspace/.derivedData/Build/Intermediates.noindex/ExplicitPrecompiledModules/_DarwinFoundation3-4OJ47XYDMFR3WB1E29TTJV59R.scan
    cd /
    builtin-precompileModule /Users/admin/builder/spi-builder-workspace/.derivedData/Build/Intermediates.noindex/ExplicitPrecompiledModules/_DarwinFoundation3-4OJ47XYDMFR3WB1E29TTJV59R.scan
PrecompileModule /Users/admin/builder/spi-builder-workspace/.derivedData/Build/Intermediates.noindex/ExplicitPrecompiledModules/_Builtin_inttypes-DNPLEQ3C6ZIORX23PRCHF6MDR.scan
    cd /
    builtin-precompileModule /Users/admin/builder/spi-builder-workspace/.derivedData/Build/Intermediates.noindex/ExplicitPrecompiledModules/_Builtin_inttypes-DNPLEQ3C6ZIORX23PRCHF6MDR.scan
PrecompileModule /Users/admin/builder/spi-builder-workspace/.derivedData/Build/Intermediates.noindex/ExplicitPrecompiledModules/Darwin-DTLKT4AI9OMTC3X6G5MCOVFM6.scan
    cd /
    builtin-precompileModule /Users/admin/builder/spi-builder-workspace/.derivedData/Build/Intermediates.noindex/ExplicitPrecompiledModules/Darwin-DTLKT4AI9OMTC3X6G5MCOVFM6.scan
PrecompileModule /Users/admin/builder/spi-builder-workspace/.derivedData/Build/Intermediates.noindex/ExplicitPrecompiledModules/_Builtin_inttypes-7IWSIB5A64UX7RGYFDVUN4MLV.scan
    cd /
    builtin-precompileModule /Users/admin/builder/spi-builder-workspace/.derivedData/Build/Intermediates.noindex/ExplicitPrecompiledModules/_Builtin_inttypes-7IWSIB5A64UX7RGYFDVUN4MLV.scan
PrecompileModule /Users/admin/builder/spi-builder-workspace/.derivedData/Build/Intermediates.noindex/ExplicitPrecompiledModules/Darwin-8ABAJUDPXABCA6LV3MTOFU6N2.scan
    cd /
    builtin-precompileModule /Users/admin/builder/spi-builder-workspace/.derivedData/Build/Intermediates.noindex/ExplicitPrecompiledModules/Darwin-8ABAJUDPXABCA6LV3MTOFU6N2.scan
PrecompileModule /Users/admin/builder/spi-builder-workspace/.derivedData/Build/Intermediates.noindex/ExplicitPrecompiledModules/ObjectiveC-676UZX8FZB1QZZPKNUIVD1Z6F.scan
    cd /
    builtin-precompileModule /Users/admin/builder/spi-builder-workspace/.derivedData/Build/Intermediates.noindex/ExplicitPrecompiledModules/ObjectiveC-676UZX8FZB1QZZPKNUIVD1Z6F.scan
PrecompileModule /Users/admin/builder/spi-builder-workspace/.derivedData/Build/Intermediates.noindex/ExplicitPrecompiledModules/ObjectiveC-CA45MPA12DT4YZOS3NE4HJ1N8.scan
    cd /
    builtin-precompileModule /Users/admin/builder/spi-builder-workspace/.derivedData/Build/Intermediates.noindex/ExplicitPrecompiledModules/ObjectiveC-CA45MPA12DT4YZOS3NE4HJ1N8.scan
PrecompileModule /Users/admin/builder/spi-builder-workspace/.derivedData/Build/Intermediates.noindex/ExplicitPrecompiledModules/os_object-5PEWSQRABJSEO85A520BYG4ZA.scan
    cd /
    builtin-precompileModule /Users/admin/builder/spi-builder-workspace/.derivedData/Build/Intermediates.noindex/ExplicitPrecompiledModules/os_object-5PEWSQRABJSEO85A520BYG4ZA.scan
PrecompileModule /Users/admin/builder/spi-builder-workspace/.derivedData/Build/Intermediates.noindex/ExplicitPrecompiledModules/os_object-8YR65MDD54F31WYVQG30NAH22.scan
    cd /
    builtin-precompileModule /Users/admin/builder/spi-builder-workspace/.derivedData/Build/Intermediates.noindex/ExplicitPrecompiledModules/os_object-8YR65MDD54F31WYVQG30NAH22.scan
PrecompileModule /Users/admin/builder/spi-builder-workspace/.derivedData/Build/Intermediates.noindex/ExplicitPrecompiledModules/os_workgroup-PZRQ751DN54HYI158OXH8D7R.scan
    cd /
    builtin-precompileModule /Users/admin/builder/spi-builder-workspace/.derivedData/Build/Intermediates.noindex/ExplicitPrecompiledModules/os_workgroup-PZRQ751DN54HYI158OXH8D7R.scan
PrecompileModule /Users/admin/builder/spi-builder-workspace/.derivedData/Build/Intermediates.noindex/ExplicitPrecompiledModules/os_workgroup-9B39Z9AFNS04YLTX29WI6B9AE.scan
    cd /
    builtin-precompileModule /Users/admin/builder/spi-builder-workspace/.derivedData/Build/Intermediates.noindex/ExplicitPrecompiledModules/os_workgroup-9B39Z9AFNS04YLTX29WI6B9AE.scan
PrecompileModule /Users/admin/builder/spi-builder-workspace/.derivedData/Build/Intermediates.noindex/ExplicitPrecompiledModules/Dispatch-2EF87MRUD9MKLK9G71SRXZS5V.scan
    cd /
    builtin-precompileModule /Users/admin/builder/spi-builder-workspace/.derivedData/Build/Intermediates.noindex/ExplicitPrecompiledModules/Dispatch-2EF87MRUD9MKLK9G71SRXZS5V.scan
PrecompileModule /Users/admin/builder/spi-builder-workspace/.derivedData/Build/Intermediates.noindex/ExplicitPrecompiledModules/Dispatch-CR1PS97023ZM1NG6DJGSHYM9T.scan
    cd /
    builtin-precompileModule /Users/admin/builder/spi-builder-workspace/.derivedData/Build/Intermediates.noindex/ExplicitPrecompiledModules/Dispatch-CR1PS97023ZM1NG6DJGSHYM9T.scan
PrecompileModule /Users/admin/builder/spi-builder-workspace/.derivedData/Build/Intermediates.noindex/ExplicitPrecompiledModules/CoreFoundation-9AO6XIBF54JIFKH8N5WYTPRZE.scan
    cd /
    builtin-precompileModule /Users/admin/builder/spi-builder-workspace/.derivedData/Build/Intermediates.noindex/ExplicitPrecompiledModules/CoreFoundation-9AO6XIBF54JIFKH8N5WYTPRZE.scan
PrecompileModule /Users/admin/builder/spi-builder-workspace/.derivedData/Build/Intermediates.noindex/ExplicitPrecompiledModules/XPC-NDTS862OMKO1CNFE31MHWDUK.scan
    cd /
    builtin-precompileModule /Users/admin/builder/spi-builder-workspace/.derivedData/Build/Intermediates.noindex/ExplicitPrecompiledModules/XPC-NDTS862OMKO1CNFE31MHWDUK.scan
PrecompileModule /Users/admin/builder/spi-builder-workspace/.derivedData/Build/Intermediates.noindex/ExplicitPrecompiledModules/XPC-17RI9C0699LD7YW9EB1OEJQGT.scan
    cd /
    builtin-precompileModule /Users/admin/builder/spi-builder-workspace/.derivedData/Build/Intermediates.noindex/ExplicitPrecompiledModules/XPC-17RI9C0699LD7YW9EB1OEJQGT.scan
PrecompileModule /Users/admin/builder/spi-builder-workspace/.derivedData/Build/Intermediates.noindex/ExplicitPrecompiledModules/CoreFoundation-SX798GSUGO9I1O8CLKZ2OTHK.scan
    cd /
    builtin-precompileModule /Users/admin/builder/spi-builder-workspace/.derivedData/Build/Intermediates.noindex/ExplicitPrecompiledModules/CoreFoundation-SX798GSUGO9I1O8CLKZ2OTHK.scan
PruneExplicitPrecompiledModules /Users/admin/builder/spi-builder-workspace/.derivedData/Build/Intermediates.noindex/SwiftExplicitPrecompiledModules
PruneExplicitPrecompiledModules /Users/admin/builder/spi-builder-workspace/.derivedData/Build/Intermediates.noindex/ExplicitPrecompiledModules
PruneExplicitPrecompiledModules /Users/admin/builder/spi-builder-workspace/.derivedData/SDKExplicitPrecompiledModules
2026-09-25 04:25:49.142 xcodebuild[721:4558] [MT] IDERunDestination: Supported platforms for the buildables in the current scheme is empty.
** BUILD FAILED **
The following build commands failed:
	SwiftDriver SwiftToolbox normal arm64 com.apple.xcode.tools.swift.compiler (in target 'SwiftToolbox' from project 'SwiftToolbox')
	SwiftDriver SwiftToolbox normal arm64_32 com.apple.xcode.tools.swift.compiler (in target 'SwiftToolbox' from project 'SwiftToolbox')
	Building workspace HandShadows with scheme HandShadows
(3 failures)
Command line invocation:
    /Applications/Xcode-27.0.0-Release.Candidate.app/Contents/Developer/usr/bin/xcodebuild -IDEClonedSourcePackagesDirPathOverride=/Users/admin/builder/spi-builder-workspace/.dependencies -resolvePackageDependencies
Resolve Package Graph
Resolved source packages:
  PerformanceBezier: https://github.com/adamwulf/PerformanceBezier @ main (6184169)
  HandShadows: /Users/admin/builder/spi-builder-workspace
  SwiftToolbox: https://github.com/adamwulf/SwiftToolbox @ main (48432fc)
resolved source packages: PerformanceBezier, HandShadows, SwiftToolbox
2026-09-25 04:25:53.433 xcodebuild[800:5054] [MT] IDERunDestination: Supported platforms for the buildables in the current scheme is empty.
{
  "dependencies" : [
    {
      "identity" : "swifttoolbox",
      "requirement" : {
        "branch" : [
          "main"
        ]
      },
      "type" : "sourceControl",
      "url" : "https://github.com/adamwulf/SwiftToolbox"
    },
    {
      "identity" : "performancebezier",
      "requirement" : {
        "branch" : [
          "main"
        ]
      },
      "type" : "sourceControl",
      "url" : "https://github.com/adamwulf/PerformanceBezier"
    }
  ],
  "manifest_display_name" : "HandShadows",
  "name" : "HandShadows",
  "path" : "/Users/admin/builder/spi-builder-workspace",
  "platforms" : [
    {
      "name" : "ios",
      "version" : "14.0"
    },
    {
      "name" : "maccatalyst",
      "version" : "14.0"
    }
  ],
  "products" : [
    {
      "name" : "HandShadows",
      "targets" : [
        "HandShadows"
      ],
      "type" : {
        "library" : [
          "automatic"
        ]
      }
    }
  ],
  "targets" : [
    {
      "c99name" : "HandShadowsTests",
      "module_type" : "SwiftTarget",
      "name" : "HandShadowsTests",
      "path" : "Tests/HandShadowsTests",
      "sources" : [
        "HandShadowsTests.swift"
      ],
      "target_dependencies" : [
        "HandShadows"
      ],
      "type" : "test"
    },
    {
      "c99name" : "HandShadows",
      "module_type" : "SwiftTarget",
      "name" : "HandShadows",
      "path" : "Sources/HandShadows",
      "product_dependencies" : [
        "SwiftToolbox",
        "PerformanceBezier"
      ],
      "product_memberships" : [
        "HandShadows"
      ],
      "sources" : [
        "Extensions/CATransaction+Extensions.swift",
        "Extensions/CGPoint+Extensions.swift",
        "Extensions/CGRect+Extensions.swift",
        "HandShadowView.swift",
        "HandType.swift",
        "Helpers/HandShadow.swift",
        "Helpers/IndexFingerShadow.swift",
        "Helpers/IndexMiddleFingerShadow.swift",
        "Helpers/ThumbAndIndexShadow.swift"
      ],
      "type" : "library"
    }
  ],
  "tools_version" : "5.7"
}
{
  "workspace" : {
    "name" : "HandShadows",
    "schemes" : [
      "HandShadows",
      "MMSwiftToolbox"
    ]
  }
}
2026-09-25 04:25:54.782 xcodebuild[808:5118] [MT] IDERunDestination: Supported platforms for the buildables in the current scheme is empty.
{
  "workspace" : {
    "name" : "HandShadows",
    "schemes" : [
      "HandShadows",
      "MMSwiftToolbox"
    ]
  }
}
2026-09-25 04:25:55.878 xcodebuild[810:5154] [MT] IDERunDestination: Supported platforms for the buildables in the current scheme is empty.
Running build ...
env DEVELOPER_DIR=/Applications/Xcode-27.0.0-Release.Candidate.app xcrun xcodebuild -IDEClonedSourcePackagesDirPathOverride=$PWD/.dependencies -skipMacroValidation -skipPackagePluginValidation -derivedDataPath $PWD/.derivedData build -scheme HandShadows -destination generic/platform=watchOS
Command line invocation:
    /Applications/Xcode-27.0.0-Release.Candidate.app/Contents/Developer/usr/bin/xcodebuild -IDEClonedSourcePackagesDirPathOverride=/Users/admin/builder/spi-builder-workspace/.dependencies -skipMacroValidation -skipPackagePluginValidation -derivedDataPath /Users/admin/builder/spi-builder-workspace/.derivedData build -scheme HandShadows -destination generic/platform=watchOS
Resolve Package Graph
Resolved source packages:
  SwiftToolbox: https://github.com/adamwulf/SwiftToolbox @ main (48432fc)
  PerformanceBezier: https://github.com/adamwulf/PerformanceBezier @ main (6184169)
  HandShadows: /Users/admin/builder/spi-builder-workspace
ComputePackagePrebuildTargetDependencyGraph
Prepare packages
CreateBuildRequest
SendProjectDescription
CreateBuildOperation
ComputeTargetDependencyGraph
note: Building targets in dependency order
note: Target dependency graph (6 targets)
    Target 'HandShadows-product' in project 'HandShadows'
        ➜ Explicit dependency on target 'HandShadows' in project 'HandShadows'
        ➜ Explicit dependency on target 'SwiftToolbox-product' in project 'SwiftToolbox'
        ➜ Explicit dependency on target 'PerformanceBezier-product' in project 'PerformanceBezier'
    Target 'HandShadows' in project 'HandShadows'
        ➜ Explicit dependency on target 'SwiftToolbox-product' in project 'SwiftToolbox'
        ➜ Explicit dependency on target 'PerformanceBezier-product' in project 'PerformanceBezier'
    Target 'PerformanceBezier-product' in project 'PerformanceBezier'
        ➜ Explicit dependency on target 'PerformanceBezier' in project 'PerformanceBezier'
    Target 'PerformanceBezier' in project 'PerformanceBezier' (no dependencies)
    Target 'SwiftToolbox-product' in project 'SwiftToolbox'
        ➜ Explicit dependency on target 'SwiftToolbox' in project 'SwiftToolbox'
    Target 'SwiftToolbox' in project 'SwiftToolbox' (no dependencies)
GatherProvisioningInputs
CreateBuildDescription
ClangStatCache /Applications/Xcode-27.0.0-Release.Candidate.app/Contents/Developer/Toolchains/XcodeDefault.xctoolchain/usr/bin/clang-stat-cache /Applications/Xcode-27.0.0-Release.Candidate.app/Contents/Developer/Platforms/WatchOS.platform/Developer/SDKs/WatchOS27.0.sdk /Users/admin/builder/spi-builder-workspace/.derivedData/SDKStatCaches.noindex/watchos27.0-24R360-e829b21a6f8c9b70876ba0858053c04477534ef55a1706bf4c1112bbb242f0a2.sdkstatcache
    cd /Users/admin/builder/spi-builder-workspace/.swiftpm/xcode
    /Applications/Xcode-27.0.0-Release.Candidate.app/Contents/Developer/Toolchains/XcodeDefault.xctoolchain/usr/bin/clang-stat-cache /Applications/Xcode-27.0.0-Release.Candidate.app/Contents/Developer/Platforms/WatchOS.platform/Developer/SDKs/WatchOS27.0.sdk -o /Users/admin/builder/spi-builder-workspace/.derivedData/SDKStatCaches.noindex/watchos27.0-24R360-e829b21a6f8c9b70876ba0858053c04477534ef55a1706bf4c1112bbb242f0a2.sdkstatcache
SwiftDriver SwiftToolbox normal arm64 com.apple.xcode.tools.swift.compiler (in target 'SwiftToolbox' from project 'SwiftToolbox')
    cd /Users/admin/builder/spi-builder-workspace/.swiftpm/xcode
    builtin-SwiftDriver -- /Applications/Xcode-27.0.0-Release.Candidate.app/Contents/Developer/Toolchains/XcodeDefault.xctoolchain/usr/bin/swiftc -parse-as-library -module-name SwiftToolbox -Onone @/Users/admin/builder/spi-builder-workspace/.derivedData/Build/Intermediates.noindex/SwiftToolbox.build/Debug-watchos/SwiftToolbox-t.build/Objects-normal/arm64/SwiftToolbox.SwiftFileList -DSWIFT_PACKAGE -DDEBUG -DSWIFT_MODULE_RESOURCE_BUNDLE_UNAVAILABLE -DXcode -plugin-path /Applications/Xcode-27.0.0-Release.Candidate.app/Contents/Developer/Toolchains/XcodeDefault.xctoolchain/usr/lib/swift/host/plugins/testing -enable-experimental-feature DebugDescriptionMacro -sdk /Applications/Xcode-27.0.0-Release.Candidate.app/Contents/Developer/Platforms/WatchOS.platform/Developer/SDKs/WatchOS27.0.sdk -target arm64-apple-watchos9.0 -g -module-cache-path /Users/admin/builder/spi-builder-workspace/.derivedData/ModuleCache.noindex -Xfrontend -serialize-debugging-options -profile-coverage-mapping -profile-generate -enable-testing -suppress-warnings -index-store-path /Users/admin/builder/spi-builder-workspace/.derivedData/Index.noindex/DataStore -Xcc -D_LIBCPP_HARDENING_MODE\=_LIBCPP_HARDENING_MODE_DEBUG -swift-version 5 -I /Users/admin/builder/spi-builder-workspace/.derivedData/Build/Products/Debug-watchos -Isystem /Applications/Xcode-27.0.0-Release.Candidate.app/Contents/Developer/Platforms/WatchOS.platform/Developer/usr/lib -F /Users/admin/builder/spi-builder-workspace/.derivedData/Build/Products/Debug-watchos -F /Applications/Xcode-27.0.0-Release.Candidate.app/Contents/Developer/Platforms/WatchOS.platform/Developer/Library/Frameworks -F /Applications/Xcode-27.0.0-Release.Candidate.app/Contents/Developer/Platforms/WatchOS.platform/Developer/SDKs/WatchOS27.0.sdk/Developer/Library/Frameworks -c -j10 -enable-batch-mode -incremental -Xcc -ivfsstatcache -Xcc /Users/admin/builder/spi-builder-workspace/.derivedData/SDKStatCaches.noindex/watchos27.0-24R360-e829b21a6f8c9b70876ba0858053c04477534ef55a1706bf4c1112bbb242f0a2.sdkstatcache -output-file-map /Users/admin/builder/spi-builder-workspace/.derivedData/Build/Intermediates.noindex/SwiftToolbox.build/Debug-watchos/SwiftToolbox-t.build/Objects-normal/arm64/SwiftToolbox-OutputFileMap.json -save-temps -no-color-diagnostics -explicit-module-build -module-cache-path /Users/admin/builder/spi-builder-workspace/.derivedData/Build/Intermediates.noindex/SwiftExplicitPrecompiledModules -clang-scanner-module-cache-path /Users/admin/builder/spi-builder-workspace/.derivedData/ModuleCache.noindex -sdk-module-cache-path /Users/admin/builder/spi-builder-workspace/.derivedData/SDKExplicitPrecompiledModules -emit-dependencies -emit-module -emit-module-path /Users/admin/builder/spi-builder-workspace/.derivedData/Build/Intermediates.noindex/SwiftToolbox.build/Debug-watchos/SwiftToolbox-t.build/Objects-normal/arm64/SwiftToolbox.swiftmodule -serialize-diagnostics -dependency-scan-serialize-diagnostics-path /Users/admin/builder/spi-builder-workspace/.derivedData/Build/Intermediates.noindex/SwiftToolbox.build/Debug-watchos/SwiftToolbox-t.build/Objects-normal/arm64/SwiftToolbox-dependency-scan.dia -validate-clang-modules-once -clang-build-session-file /Users/admin/builder/spi-builder-workspace/.derivedData/ModuleCache.noindex/Session.modulevalidation -Xcc -fmodules-prune-interval\=86400 -Xcc -fmodules-prune-after\=345600 -emit-const-values -const-gather-protocols-list /Users/admin/builder/spi-builder-workspace/.derivedData/Build/Intermediates.noindex/SwiftToolbox.build/Debug-watchos/SwiftToolbox-t.build/Objects-normal/arm64/SwiftToolbox_const_extract_protocols.json -Xcc -I/Users/admin/builder/spi-builder-workspace/.derivedData/Build/Products/Debug-watchos/include -Xcc -I/Users/admin/builder/spi-builder-workspace/.derivedData/Build/Intermediates.noindex/SwiftToolbox.build/Debug-watchos/SwiftToolbox-t.build/DerivedSources-normal/arm64 -Xcc -I/Users/admin/builder/spi-builder-workspace/.derivedData/Build/Intermediates.noindex/SwiftToolbox.build/Debug-watchos/SwiftToolbox-t.build/DerivedSources/arm64 -Xcc -I/Users/admin/builder/spi-builder-workspace/.derivedData/Build/Intermediates.noindex/SwiftToolbox.build/Debug-watchos/SwiftToolbox-t.build/DerivedSources -Xcc -DSWIFT_PACKAGE -Xcc -DDEBUG\=1 -emit-objc-header -emit-objc-header-path /Users/admin/builder/spi-builder-workspace/.derivedData/Build/Intermediates.noindex/SwiftToolbox.build/Debug-watchos/SwiftToolbox-t.build/Objects-normal/arm64/SwiftToolbox-Swift.h -working-directory /Users/admin/builder/spi-builder-workspace/.swiftpm/xcode -experimental-emit-module-separately -disable-cmo
/Users/admin/builder/spi-builder-workspace/.dependencies/checkouts/SwiftToolbox/Sources/SwiftToolbox/PDFDocument+Extensions.swift:8:8: error: Unable to resolve module dependency: 'PDFKit' (in target 'SwiftToolbox' from project 'SwiftToolbox')
    note: A dependency of main module 'SwiftToolbox'
/Users/admin/builder/spi-builder-workspace/.dependencies/checkouts/SwiftToolbox/Sources/SwiftToolbox/PDFDocument+Extensions.swift:8:8: note: A dependency of main module 'SwiftToolbox'
import PDFKit
       ^ (in target 'SwiftToolbox' from project 'SwiftToolbox')
SwiftDriver SwiftToolbox normal arm64_32 com.apple.xcode.tools.swift.compiler (in target 'SwiftToolbox' from project 'SwiftToolbox')
    cd /Users/admin/builder/spi-builder-workspace/.swiftpm/xcode
    builtin-SwiftDriver -- /Applications/Xcode-27.0.0-Release.Candidate.app/Contents/Developer/Toolchains/XcodeDefault.xctoolchain/usr/bin/swiftc -parse-as-library -module-name SwiftToolbox -Onone @/Users/admin/builder/spi-builder-workspace/.derivedData/Build/Intermediates.noindex/SwiftToolbox.build/Debug-watchos/SwiftToolbox-t.build/Objects-normal/arm64_32/SwiftToolbox.SwiftFileList -DSWIFT_PACKAGE -DDEBUG -DSWIFT_MODULE_RESOURCE_BUNDLE_UNAVAILABLE -DXcode -plugin-path /Applications/Xcode-27.0.0-Release.Candidate.app/Contents/Developer/Toolchains/XcodeDefault.xctoolchain/usr/lib/swift/host/plugins/testing -enable-experimental-feature DebugDescriptionMacro -sdk /Applications/Xcode-27.0.0-Release.Candidate.app/Contents/Developer/Platforms/WatchOS.platform/Developer/SDKs/WatchOS27.0.sdk -target arm64_32-apple-watchos9.0 -g -module-cache-path /Users/admin/builder/spi-builder-workspace/.derivedData/ModuleCache.noindex -Xfrontend -serialize-debugging-options -profile-coverage-mapping -profile-generate -enable-testing -suppress-warnings -index-store-path /Users/admin/builder/spi-builder-workspace/.derivedData/Index.noindex/DataStore -Xcc -D_LIBCPP_HARDENING_MODE\=_LIBCPP_HARDENING_MODE_DEBUG -swift-version 5 -I /Users/admin/builder/spi-builder-workspace/.derivedData/Build/Products/Debug-watchos -Isystem /Applications/Xcode-27.0.0-Release.Candidate.app/Contents/Developer/Platforms/WatchOS.platform/Developer/usr/lib -F /Users/admin/builder/spi-builder-workspace/.derivedData/Build/Products/Debug-watchos -F /Applications/Xcode-27.0.0-Release.Candidate.app/Contents/Developer/Platforms/WatchOS.platform/Developer/Library/Frameworks -F /Applications/Xcode-27.0.0-Release.Candidate.app/Contents/Developer/Platforms/WatchOS.platform/Developer/SDKs/WatchOS27.0.sdk/Developer/Library/Frameworks -c -j10 -enable-batch-mode -incremental -Xcc -ivfsstatcache -Xcc /Users/admin/builder/spi-builder-workspace/.derivedData/SDKStatCaches.noindex/watchos27.0-24R360-e829b21a6f8c9b70876ba0858053c04477534ef55a1706bf4c1112bbb242f0a2.sdkstatcache -output-file-map /Users/admin/builder/spi-builder-workspace/.derivedData/Build/Intermediates.noindex/SwiftToolbox.build/Debug-watchos/SwiftToolbox-t.build/Objects-normal/arm64_32/SwiftToolbox-OutputFileMap.json -save-temps -no-color-diagnostics -explicit-module-build -module-cache-path /Users/admin/builder/spi-builder-workspace/.derivedData/Build/Intermediates.noindex/SwiftExplicitPrecompiledModules -clang-scanner-module-cache-path /Users/admin/builder/spi-builder-workspace/.derivedData/ModuleCache.noindex -sdk-module-cache-path /Users/admin/builder/spi-builder-workspace/.derivedData/SDKExplicitPrecompiledModules -emit-dependencies -emit-module -emit-module-path /Users/admin/builder/spi-builder-workspace/.derivedData/Build/Intermediates.noindex/SwiftToolbox.build/Debug-watchos/SwiftToolbox-t.build/Objects-normal/arm64_32/SwiftToolbox.swiftmodule -serialize-diagnostics -dependency-scan-serialize-diagnostics-path /Users/admin/builder/spi-builder-workspace/.derivedData/Build/Intermediates.noindex/SwiftToolbox.build/Debug-watchos/SwiftToolbox-t.build/Objects-normal/arm64_32/SwiftToolbox-dependency-scan.dia -validate-clang-modules-once -clang-build-session-file /Users/admin/builder/spi-builder-workspace/.derivedData/ModuleCache.noindex/Session.modulevalidation -Xcc -fmodules-prune-interval\=86400 -Xcc -fmodules-prune-after\=345600 -emit-const-values -const-gather-protocols-list /Users/admin/builder/spi-builder-workspace/.derivedData/Build/Intermediates.noindex/SwiftToolbox.build/Debug-watchos/SwiftToolbox-t.build/Objects-normal/arm64_32/SwiftToolbox_const_extract_protocols.json -Xcc -I/Users/admin/builder/spi-builder-workspace/.derivedData/Build/Products/Debug-watchos/include -Xcc -I/Users/admin/builder/spi-builder-workspace/.derivedData/Build/Intermediates.noindex/SwiftToolbox.build/Debug-watchos/SwiftToolbox-t.build/DerivedSources-normal/arm64_32 -Xcc -I/Users/admin/builder/spi-builder-workspace/.derivedData/Build/Intermediates.noindex/SwiftToolbox.build/Debug-watchos/SwiftToolbox-t.build/DerivedSources/arm64_32 -Xcc -I/Users/admin/builder/spi-builder-workspace/.derivedData/Build/Intermediates.noindex/SwiftToolbox.build/Debug-watchos/SwiftToolbox-t.build/DerivedSources -Xcc -DSWIFT_PACKAGE -Xcc -DDEBUG\=1 -emit-objc-header -emit-objc-header-path /Users/admin/builder/spi-builder-workspace/.derivedData/Build/Intermediates.noindex/SwiftToolbox.build/Debug-watchos/SwiftToolbox-t.build/Objects-normal/arm64_32/SwiftToolbox-Swift.h -working-directory /Users/admin/builder/spi-builder-workspace/.swiftpm/xcode -experimental-emit-module-separately -disable-cmo
/Users/admin/builder/spi-builder-workspace/.dependencies/checkouts/SwiftToolbox/Sources/SwiftToolbox/PDFDocument+Extensions.swift:8:8: error: Unable to resolve module dependency: 'PDFKit' (in target 'SwiftToolbox' from project 'SwiftToolbox')
    note: A dependency of main module 'SwiftToolbox'
/Users/admin/builder/spi-builder-workspace/.dependencies/checkouts/SwiftToolbox/Sources/SwiftToolbox/PDFDocument+Extensions.swift:8:8: note: A dependency of main module 'SwiftToolbox'
import PDFKit
       ^ (in target 'SwiftToolbox' from project 'SwiftToolbox')
PrecompileModule /Users/admin/builder/spi-builder-workspace/.derivedData/Build/Intermediates.noindex/ExplicitPrecompiledModules/CoreFoundation-SX798GSUGO9I1O8CLKZ2OTHK.scan
    cd /
    builtin-precompileModule /Users/admin/builder/spi-builder-workspace/.derivedData/Build/Intermediates.noindex/ExplicitPrecompiledModules/CoreFoundation-SX798GSUGO9I1O8CLKZ2OTHK.scan
PrecompileModule /Users/admin/builder/spi-builder-workspace/.derivedData/Build/Intermediates.noindex/ExplicitPrecompiledModules/CoreFoundation-9AO6XIBF54JIFKH8N5WYTPRZE.scan
    cd /
    builtin-precompileModule /Users/admin/builder/spi-builder-workspace/.derivedData/Build/Intermediates.noindex/ExplicitPrecompiledModules/CoreFoundation-9AO6XIBF54JIFKH8N5WYTPRZE.scan
PrecompileModule /Users/admin/builder/spi-builder-workspace/.derivedData/Build/Intermediates.noindex/ExplicitPrecompiledModules/CoreGraphics-6M6QDDD3QC29559K6M23IJZXH.scan
    cd /
    builtin-precompileModule /Users/admin/builder/spi-builder-workspace/.derivedData/Build/Intermediates.noindex/ExplicitPrecompiledModules/CoreGraphics-6M6QDDD3QC29559K6M23IJZXH.scan
PrecompileModule /Users/admin/builder/spi-builder-workspace/.derivedData/Build/Intermediates.noindex/ExplicitPrecompiledModules/CoreGraphics-36RLR164NB4ZUKQXCJJGKAMKA.scan
    cd /
    builtin-precompileModule /Users/admin/builder/spi-builder-workspace/.derivedData/Build/Intermediates.noindex/ExplicitPrecompiledModules/CoreGraphics-36RLR164NB4ZUKQXCJJGKAMKA.scan
PrecompileModule /Users/admin/builder/spi-builder-workspace/.derivedData/Build/Intermediates.noindex/ExplicitPrecompiledModules/Security-5TBBR4YSZDAEQMQ0HH98IP5X8.scan
    cd /
    builtin-precompileModule /Users/admin/builder/spi-builder-workspace/.derivedData/Build/Intermediates.noindex/ExplicitPrecompiledModules/Security-5TBBR4YSZDAEQMQ0HH98IP5X8.scan
PrecompileModule /Users/admin/builder/spi-builder-workspace/.derivedData/Build/Intermediates.noindex/ExplicitPrecompiledModules/Security-EW5R5LNPUJP0PDDEAKCJKN2ET.scan
    cd /
    builtin-precompileModule /Users/admin/builder/spi-builder-workspace/.derivedData/Build/Intermediates.noindex/ExplicitPrecompiledModules/Security-EW5R5LNPUJP0PDDEAKCJKN2ET.scan
PrecompileModule /Users/admin/builder/spi-builder-workspace/.derivedData/Build/Intermediates.noindex/ExplicitPrecompiledModules/Foundation-CM7PM8B51D9FDUGY7I5Z1R43I.scan
    cd /
    builtin-precompileModule /Users/admin/builder/spi-builder-workspace/.derivedData/Build/Intermediates.noindex/ExplicitPrecompiledModules/Foundation-CM7PM8B51D9FDUGY7I5Z1R43I.scan
PrecompileModule /Users/admin/builder/spi-builder-workspace/.derivedData/Build/Intermediates.noindex/ExplicitPrecompiledModules/Foundation-B8UX3D1BLDKLUFDO97GHFWJBB.scan
    cd /
    builtin-precompileModule /Users/admin/builder/spi-builder-workspace/.derivedData/Build/Intermediates.noindex/ExplicitPrecompiledModules/Foundation-B8UX3D1BLDKLUFDO97GHFWJBB.scan
PrecompileModule /Users/admin/builder/spi-builder-workspace/.derivedData/Build/Intermediates.noindex/ExplicitPrecompiledModules/CoreText-PRLL6BKG1KO07M6N7RQEKUJA.scan
    cd /
    builtin-precompileModule /Users/admin/builder/spi-builder-workspace/.derivedData/Build/Intermediates.noindex/ExplicitPrecompiledModules/CoreText-PRLL6BKG1KO07M6N7RQEKUJA.scan
PrecompileModule /Users/admin/builder/spi-builder-workspace/.derivedData/Build/Intermediates.noindex/ExplicitPrecompiledModules/CoreVideo-COVXYATTU5BWLDTZD77JWBBLO.scan
    cd /
    builtin-precompileModule /Users/admin/builder/spi-builder-workspace/.derivedData/Build/Intermediates.noindex/ExplicitPrecompiledModules/CoreVideo-COVXYATTU5BWLDTZD77JWBBLO.scan
PrecompileModule /Users/admin/builder/spi-builder-workspace/.derivedData/Build/Intermediates.noindex/ExplicitPrecompiledModules/CoreVideo-3XCKW5777DDX0NM6VIRC6PNWV.scan
    cd /
    builtin-precompileModule /Users/admin/builder/spi-builder-workspace/.derivedData/Build/Intermediates.noindex/ExplicitPrecompiledModules/CoreVideo-3XCKW5777DDX0NM6VIRC6PNWV.scan
PrecompileModule /Users/admin/builder/spi-builder-workspace/.derivedData/Build/Intermediates.noindex/ExplicitPrecompiledModules/CoreText-4XV8X93KUWH64J3DKWPT969BO.scan
    cd /
    builtin-precompileModule /Users/admin/builder/spi-builder-workspace/.derivedData/Build/Intermediates.noindex/ExplicitPrecompiledModules/CoreText-4XV8X93KUWH64J3DKWPT969BO.scan
PruneExplicitPrecompiledModules /Users/admin/builder/spi-builder-workspace/.derivedData/SDKExplicitPrecompiledModules
PruneExplicitPrecompiledModules /Users/admin/builder/spi-builder-workspace/.derivedData/Build/Intermediates.noindex/ExplicitPrecompiledModules
PruneExplicitPrecompiledModules /Users/admin/builder/spi-builder-workspace/.derivedData/Build/Intermediates.noindex/SwiftExplicitPrecompiledModules
2026-09-25 04:25:56.960 xcodebuild[811:5177] [MT] IDERunDestination: Supported platforms for the buildables in the current scheme is empty.
** BUILD FAILED **
The following build commands failed:
	SwiftDriver SwiftToolbox normal arm64 com.apple.xcode.tools.swift.compiler (in target 'SwiftToolbox' from project 'SwiftToolbox')
	SwiftDriver SwiftToolbox normal arm64_32 com.apple.xcode.tools.swift.compiler (in target 'SwiftToolbox' from project 'SwiftToolbox')
	Building workspace HandShadows with scheme HandShadows
(3 failures)
BUILD FAILURE 6.4 watchOS