The Swift Package Index logo.Swift Package Index

Build Information

Failed to build StoryUI, reference main (eb1344), with Swift 6.4 for tvOS using Xcode 27.0 on 22 Sep 2026 04:26:27 UTC.

Build Command

env DEVELOPER_DIR=/Applications/Xcode-27.0.0-Release.Candidate.app xcrun xcodebuild -IDEClonedSourcePackagesDirPathOverride=$PWD/.dependencies -skipMacroValidation -skipPackagePluginValidation -derivedDataPath $PWD/.derivedData build -scheme StoryUI -destination generic/platform=tvOS

Build Log

========================================
RunAll
========================================
Builder version: 5.1.0
Interrupt handler set up.
========================================
Checkout
========================================
Clone URL: https://github.com/tiskender2/StoryUI.git
Reference: main
Initialized empty Git repository in /Users/admin/builder/spi-builder-workspace/.git/
From https://github.com/tiskender2/StoryUI
 * branch            main       -> FETCH_HEAD
 * [new branch]      main       -> origin/main
HEAD is now at eb1344f Update README.md
Cloned https://github.com/tiskender2/StoryUI.git
Revision (git rev-parse @):
eb1344fe3c32be64a78ad3082c4a3708ac79f4cd
SUCCESS checkout https://github.com/tiskender2/StoryUI.git at main
========================================
Build
========================================
Selected platform:         tvOS
Swift version:             6.4
Building package at path:  $PWD
https://github.com/tiskender2/StoryUI.git
Command line invocation:
    /Applications/Xcode-27.0.0-Release.Candidate.app/Contents/Developer/usr/bin/xcodebuild -IDEClonedSourcePackagesDirPathOverride=/Users/admin/builder/spi-builder-workspace/.dependencies -resolvePackageDependencies
Resolve Package Graph
Resolve Package Graph
Resolved source packages:
  StoryUI: /Users/admin/builder/spi-builder-workspace
resolved source packages: StoryUI
2026-09-22 00:25:24.850 xcodebuild[563:3073] [MT] IDERunDestination: Supported platforms for the buildables in the current scheme is empty.
2026-09-22 00:25:25.010 xcodebuild[563:3073] [MT] IDERunDestination: Supported platforms for the buildables in the current scheme is empty.
2026-09-22 00:25:26.798 xcodebuild[563:3073] [MT] IDERunDestination: Supported platforms for the buildables in the current scheme is empty.
{
  "dependencies" : [
  ],
  "manifest_display_name" : "StoryUI",
  "name" : "StoryUI",
  "path" : "/Users/admin/builder/spi-builder-workspace",
  "platforms" : [
    {
      "name" : "ios",
      "version" : "14.0"
    }
  ],
  "products" : [
    {
      "name" : "StoryUI",
      "targets" : [
        "StoryUI"
      ],
      "type" : {
        "library" : [
          "automatic"
        ]
      }
    }
  ],
  "targets" : [
    {
      "c99name" : "StoryUITests",
      "module_type" : "SwiftTarget",
      "name" : "StoryUITests",
      "path" : "Tests/StoryUITests",
      "sources" : [
        "StoryUITests.swift"
      ],
      "target_dependencies" : [
        "StoryUI"
      ],
      "type" : "test"
    },
    {
      "c99name" : "StoryUI",
      "module_type" : "SwiftTarget",
      "name" : "StoryUI",
      "path" : "Sources/StoryUI",
      "product_memberships" : [
        "StoryUI"
      ],
      "sources" : [
        "Configuration/StoryConfiguration.swift",
        "Configuration/StoryInteractionConfig.swift",
        "Configuration/Typealias.swift",
        "Helper/Component/CacheAsyncImage/CacheAsyncImage.swift",
        "Helper/Component/Image/ImageLoader.swift",
        "Helper/Component/Image/ImageView.swift",
        "Helper/Component/Video/VideoLoader.swift",
        "Helper/Component/Video/VideoView.swift",
        "Helper/Constant/Constant.swift",
        "Helper/Enum/Enums.swift",
        "Helper/Extension/NSNotification-Extension.swift",
        "Helper/Extension/TextField+Extension.swift",
        "Helper/Extension/UIApplication+Extension.swift",
        "Helper/Managers/CacheManager.swift",
        "Helper/Managers/KeyboardManager.swift",
        "Model/Story.swift",
        "Model/StoryUIModel.swift",
        "Model/StoryUIUser.swift",
        "View/PrivateView/EmojiReactionView.swift",
        "View/PrivateView/EmojiView.swift",
        "View/PrivateView/MessageView.swift",
        "View/PrivateView/ProgressBarView.swift",
        "View/PrivateView/StoryDetailView.swift",
        "View/PrivateView/UserView.swift",
        "View/StoryView.swift",
        "ViewModel/StoryViewModel.swift"
      ],
      "type" : "library"
    }
  ],
  "tools_version" : "5.6"
}
{
  "workspace" : {
    "name" : "StoryUI",
    "schemes" : [
      "StoryUI"
    ]
  }
}
2026-09-22 00:26:12.672 xcodebuild[681:4200] [MT] IDERunDestination: Supported platforms for the buildables in the current scheme is empty.
2026-09-22 00:26:12.816 xcodebuild[681:4200] [MT] IDERunDestination: Supported platforms for the buildables in the current scheme is empty.
Running build ...
env DEVELOPER_DIR=/Applications/Xcode-27.0.0-Release.Candidate.app xcrun xcodebuild -IDEClonedSourcePackagesDirPathOverride=$PWD/.dependencies -skipMacroValidation -skipPackagePluginValidation -derivedDataPath $PWD/.derivedData build -scheme StoryUI -destination generic/platform=tvOS
Command line invocation:
    /Applications/Xcode-27.0.0-Release.Candidate.app/Contents/Developer/usr/bin/xcodebuild -IDEClonedSourcePackagesDirPathOverride=/Users/admin/builder/spi-builder-workspace/.dependencies -skipMacroValidation -skipPackagePluginValidation -derivedDataPath /Users/admin/builder/spi-builder-workspace/.derivedData build -scheme StoryUI -destination generic/platform=tvOS
Resolve Package Graph
Resolved source packages:
  StoryUI: /Users/admin/builder/spi-builder-workspace
ComputePackagePrebuildTargetDependencyGraph
Prepare packages
CreateBuildRequest
SendProjectDescription
CreateBuildOperation
ComputeTargetDependencyGraph
note: Building targets in dependency order
note: Target dependency graph (2 targets)
    Target 'StoryUI-product' in project 'StoryUI'
        ➜ Explicit dependency on target 'StoryUI' in project 'StoryUI'
    Target 'StoryUI' in project 'StoryUI' (no dependencies)
GatherProvisioningInputs
CreateBuildDescription
ExecuteExternalTool /Applications/Xcode-27.0.0-Release.Candidate.app/Contents/Developer/Toolchains/XcodeDefault.xctoolchain/usr/bin/clang -v -E -dM -isysroot /Applications/Xcode-27.0.0-Release.Candidate.app/Contents/Developer/Platforms/AppleTVOS.platform/Developer/SDKs/AppleTVOS27.0.sdk -x c -c /dev/null
ExecuteExternalTool /Applications/Xcode-27.0.0-Release.Candidate.app/Contents/Developer/Toolchains/XcodeDefault.xctoolchain/usr/bin/swiftc --version
ExecuteExternalTool /Applications/Xcode-27.0.0-Release.Candidate.app/Contents/Developer/Toolchains/XcodeDefault.xctoolchain/usr/bin/ld -version_details
Build description signature: 52dbf69eb38f35e0f4df692a47b1acac
Build description path: /Users/admin/builder/spi-builder-workspace/.derivedData/Build/Intermediates.noindex/XCBuildData/52dbf69eb38f35e0f4df692a47b1acac.xcbuilddata
CreateBuildDirectory /Users/admin/builder/spi-builder-workspace/.derivedData/SDKExplicitPrecompiledModules
    cd /Users/admin/builder/spi-builder-workspace/.swiftpm/xcode
    builtin-create-build-directory /Users/admin/builder/spi-builder-workspace/.derivedData/SDKExplicitPrecompiledModules
CreateBuildDirectory /Users/admin/builder/spi-builder-workspace/.derivedData/ModuleCache.noindex
    cd /Users/admin/builder/spi-builder-workspace/.swiftpm/xcode
    builtin-create-build-directory /Users/admin/builder/spi-builder-workspace/.derivedData/ModuleCache.noindex
CreateBuildDirectory /Users/admin/builder/spi-builder-workspace/.derivedData/CompilationCache.noindex
    cd /Users/admin/builder/spi-builder-workspace/.swiftpm/xcode
    builtin-create-build-directory /Users/admin/builder/spi-builder-workspace/.derivedData/CompilationCache.noindex
ClangStatCache /Applications/Xcode-27.0.0-Release.Candidate.app/Contents/Developer/Toolchains/XcodeDefault.xctoolchain/usr/bin/clang-stat-cache /Applications/Xcode-27.0.0-Release.Candidate.app/Contents/Developer/Platforms/AppleTVOS.platform/Developer/SDKs/AppleTVOS27.0.sdk /Users/admin/builder/spi-builder-workspace/.derivedData/SDKStatCaches.noindex/appletvos27.0-24J360-e829b21a6f8c9b70876ba0858053c044b32bfd8d43560033f8d89884cdb90028.sdkstatcache
    cd /Users/admin/builder/spi-builder-workspace/.swiftpm/xcode
    /Applications/Xcode-27.0.0-Release.Candidate.app/Contents/Developer/Toolchains/XcodeDefault.xctoolchain/usr/bin/clang-stat-cache /Applications/Xcode-27.0.0-Release.Candidate.app/Contents/Developer/Platforms/AppleTVOS.platform/Developer/SDKs/AppleTVOS27.0.sdk -o /Users/admin/builder/spi-builder-workspace/.derivedData/SDKStatCaches.noindex/appletvos27.0-24J360-e829b21a6f8c9b70876ba0858053c044b32bfd8d43560033f8d89884cdb90028.sdkstatcache
CreateBuildDirectory /Users/admin/builder/spi-builder-workspace/.derivedData/Build/Products
    cd /Users/admin/builder/spi-builder-workspace/.swiftpm/xcode
    builtin-create-build-directory /Users/admin/builder/spi-builder-workspace/.derivedData/Build/Products
CreateBuildDirectory /Users/admin/builder/spi-builder-workspace/.derivedData/Build/Intermediates.noindex
    cd /Users/admin/builder/spi-builder-workspace/.swiftpm/xcode
    builtin-create-build-directory /Users/admin/builder/spi-builder-workspace/.derivedData/Build/Intermediates.noindex
CreateBuildDirectory /Users/admin/builder/spi-builder-workspace/.derivedData/Build/Intermediates.noindex/SwiftExplicitPrecompiledModules
    cd /Users/admin/builder/spi-builder-workspace/.swiftpm/xcode
    builtin-create-build-directory /Users/admin/builder/spi-builder-workspace/.derivedData/Build/Intermediates.noindex/SwiftExplicitPrecompiledModules
CreateBuildDirectory /Users/admin/builder/spi-builder-workspace/.derivedData/Build/Intermediates.noindex/PrecompiledHeaders
    cd /Users/admin/builder/spi-builder-workspace/.swiftpm/xcode
    builtin-create-build-directory /Users/admin/builder/spi-builder-workspace/.derivedData/Build/Intermediates.noindex/PrecompiledHeaders
CreateBuildDirectory /Users/admin/builder/spi-builder-workspace/.derivedData/Build/Intermediates.noindex/ExplicitPrecompiledModules
    cd /Users/admin/builder/spi-builder-workspace/.swiftpm/xcode
    builtin-create-build-directory /Users/admin/builder/spi-builder-workspace/.derivedData/Build/Intermediates.noindex/ExplicitPrecompiledModules
CreateBuildDirectory /Users/admin/builder/spi-builder-workspace/.derivedData/Build/Intermediates.noindex/EagerLinkingTBDs/Debug-appletvos
    cd /Users/admin/builder/spi-builder-workspace/.swiftpm/xcode
    builtin-create-build-directory /Users/admin/builder/spi-builder-workspace/.derivedData/Build/Intermediates.noindex/EagerLinkingTBDs/Debug-appletvos
CreateBuildDirectory /Users/admin/builder/spi-builder-workspace/.derivedData/Build/Products/Debug-appletvos
    cd /Users/admin/builder/spi-builder-workspace/.swiftpm/xcode
    builtin-create-build-directory /Users/admin/builder/spi-builder-workspace/.derivedData/Build/Products/Debug-appletvos
CreateBuildDirectory /Users/admin/builder/spi-builder-workspace/.derivedData/Build/Products/Debug-appletvos/PackageFrameworks
    cd /Users/admin/builder/spi-builder-workspace/.swiftpm/xcode
    builtin-create-build-directory /Users/admin/builder/spi-builder-workspace/.derivedData/Build/Products/Debug-appletvos/PackageFrameworks
WriteAuxiliaryFile /Users/admin/builder/spi-builder-workspace/.derivedData/Build/Intermediates.noindex/StoryUI.build/Debug-appletvos/StoryUI-t.build/StoryUI.modulemap (in target 'StoryUI' from project 'StoryUI')
    cd /Users/admin/builder/spi-builder-workspace
    write-file /Users/admin/builder/spi-builder-workspace/.derivedData/Build/Intermediates.noindex/StoryUI.build/Debug-appletvos/StoryUI-t.build/StoryUI.modulemap
WriteAuxiliaryFile /Users/admin/builder/spi-builder-workspace/.derivedData/Build/Intermediates.noindex/StoryUI.build/Debug-appletvos/StoryUI-t.build/StoryUI.DependencyStaticMetadataFileList (in target 'StoryUI' from project 'StoryUI')
    cd /Users/admin/builder/spi-builder-workspace
    write-file /Users/admin/builder/spi-builder-workspace/.derivedData/Build/Intermediates.noindex/StoryUI.build/Debug-appletvos/StoryUI-t.build/StoryUI.DependencyStaticMetadataFileList
WriteAuxiliaryFile /Users/admin/builder/spi-builder-workspace/.derivedData/Build/Intermediates.noindex/StoryUI.build/Debug-appletvos/StoryUI-t.build/StoryUI.DependencyMetadataFileList (in target 'StoryUI' from project 'StoryUI')
    cd /Users/admin/builder/spi-builder-workspace
    write-file /Users/admin/builder/spi-builder-workspace/.derivedData/Build/Intermediates.noindex/StoryUI.build/Debug-appletvos/StoryUI-t.build/StoryUI.DependencyMetadataFileList
WriteAuxiliaryFile /Users/admin/builder/spi-builder-workspace/.derivedData/Build/Intermediates.noindex/StoryUI.build/Debug-appletvos/StoryUI-t.build/Objects-normal/arm64/StoryUI.LinkFileList (in target 'StoryUI' from project 'StoryUI')
    cd /Users/admin/builder/spi-builder-workspace
    write-file /Users/admin/builder/spi-builder-workspace/.derivedData/Build/Intermediates.noindex/StoryUI.build/Debug-appletvos/StoryUI-t.build/Objects-normal/arm64/StoryUI.LinkFileList
WriteAuxiliaryFile /Users/admin/builder/spi-builder-workspace/.derivedData/Build/Intermediates.noindex/StoryUI.build/Debug-appletvos/StoryUI-t.build/Objects-normal/arm64/StoryUI_const_extract_protocols.json (in target 'StoryUI' from project 'StoryUI')
    cd /Users/admin/builder/spi-builder-workspace
    write-file /Users/admin/builder/spi-builder-workspace/.derivedData/Build/Intermediates.noindex/StoryUI.build/Debug-appletvos/StoryUI-t.build/Objects-normal/arm64/StoryUI_const_extract_protocols.json
WriteAuxiliaryFile /Users/admin/builder/spi-builder-workspace/.derivedData/Build/Intermediates.noindex/StoryUI.build/Debug-appletvos/StoryUI-t.build/Objects-normal/arm64/StoryUI.SwiftConstValuesFileList (in target 'StoryUI' from project 'StoryUI')
    cd /Users/admin/builder/spi-builder-workspace
    write-file /Users/admin/builder/spi-builder-workspace/.derivedData/Build/Intermediates.noindex/StoryUI.build/Debug-appletvos/StoryUI-t.build/Objects-normal/arm64/StoryUI.SwiftConstValuesFileList
WriteAuxiliaryFile /Users/admin/builder/spi-builder-workspace/.derivedData/Build/Intermediates.noindex/StoryUI.build/Debug-appletvos/StoryUI-t.build/Objects-normal/arm64/StoryUI.SwiftFileList (in target 'StoryUI' from project 'StoryUI')
    cd /Users/admin/builder/spi-builder-workspace
    write-file /Users/admin/builder/spi-builder-workspace/.derivedData/Build/Intermediates.noindex/StoryUI.build/Debug-appletvos/StoryUI-t.build/Objects-normal/arm64/StoryUI.SwiftFileList
WriteAuxiliaryFile /Users/admin/builder/spi-builder-workspace/.derivedData/Build/Intermediates.noindex/StoryUI.build/Debug-appletvos/StoryUI-t.build/Objects-normal/arm64/StoryUI-OutputFileMap.json (in target 'StoryUI' from project 'StoryUI')
    cd /Users/admin/builder/spi-builder-workspace
    write-file /Users/admin/builder/spi-builder-workspace/.derivedData/Build/Intermediates.noindex/StoryUI.build/Debug-appletvos/StoryUI-t.build/Objects-normal/arm64/StoryUI-OutputFileMap.json
Copy /Users/admin/builder/spi-builder-workspace/.derivedData/Build/Intermediates.noindex/GeneratedModuleMaps-appletvos/StoryUI.modulemap /Users/admin/builder/spi-builder-workspace/.derivedData/Build/Intermediates.noindex/StoryUI.build/Debug-appletvos/StoryUI-t.build/StoryUI.modulemap (in target 'StoryUI' from project 'StoryUI')
    cd /Users/admin/builder/spi-builder-workspace
    builtin-copy -exclude .DS_Store -exclude CVS -exclude .svn -exclude .git -exclude .hg -resolve-src-symlinks /Users/admin/builder/spi-builder-workspace/.derivedData/Build/Intermediates.noindex/StoryUI.build/Debug-appletvos/StoryUI-t.build/StoryUI.modulemap /Users/admin/builder/spi-builder-workspace/.derivedData/Build/Intermediates.noindex/GeneratedModuleMaps-appletvos
SwiftDriver StoryUI normal arm64 com.apple.xcode.tools.swift.compiler (in target 'StoryUI' from project 'StoryUI')
    cd /Users/admin/builder/spi-builder-workspace/.swiftpm/xcode
    builtin-SwiftDriver -- /Applications/Xcode-27.0.0-Release.Candidate.app/Contents/Developer/Toolchains/XcodeDefault.xctoolchain/usr/bin/swiftc -parse-as-library -module-name StoryUI -Onone @/Users/admin/builder/spi-builder-workspace/.derivedData/Build/Intermediates.noindex/StoryUI.build/Debug-appletvos/StoryUI-t.build/Objects-normal/arm64/StoryUI.SwiftFileList -DSWIFT_PACKAGE -DDEBUG -DSWIFT_MODULE_RESOURCE_BUNDLE_UNAVAILABLE -DXcode -plugin-path /Applications/Xcode-27.0.0-Release.Candidate.app/Contents/Developer/Toolchains/XcodeDefault.xctoolchain/usr/lib/swift/host/plugins/testing -enable-experimental-feature DebugDescriptionMacro -sdk /Applications/Xcode-27.0.0-Release.Candidate.app/Contents/Developer/Platforms/AppleTVOS.platform/Developer/SDKs/AppleTVOS27.0.sdk -target arm64-apple-tvos15.0 -g -module-cache-path /Users/admin/builder/spi-builder-workspace/.derivedData/ModuleCache.noindex -Xfrontend -serialize-debugging-options -profile-coverage-mapping -profile-generate -enable-testing -index-store-path /Users/admin/builder/spi-builder-workspace/.derivedData/Index.noindex/DataStore -Xcc -D_LIBCPP_HARDENING_MODE\=_LIBCPP_HARDENING_MODE_DEBUG -swift-version 5 -I /Users/admin/builder/spi-builder-workspace/.derivedData/Build/Products/Debug-appletvos -Isystem /Applications/Xcode-27.0.0-Release.Candidate.app/Contents/Developer/Platforms/AppleTVOS.platform/Developer/usr/lib -F /Users/admin/builder/spi-builder-workspace/.derivedData/Build/Products/Debug-appletvos -F /Applications/Xcode-27.0.0-Release.Candidate.app/Contents/Developer/Platforms/AppleTVOS.platform/Developer/Library/Frameworks -F /Applications/Xcode-27.0.0-Release.Candidate.app/Contents/Developer/Platforms/AppleTVOS.platform/Developer/SDKs/AppleTVOS27.0.sdk/Developer/Library/Frameworks -c -j10 -enable-batch-mode -incremental -Xcc -ivfsstatcache -Xcc /Users/admin/builder/spi-builder-workspace/.derivedData/SDKStatCaches.noindex/appletvos27.0-24J360-e829b21a6f8c9b70876ba0858053c044b32bfd8d43560033f8d89884cdb90028.sdkstatcache -output-file-map /Users/admin/builder/spi-builder-workspace/.derivedData/Build/Intermediates.noindex/StoryUI.build/Debug-appletvos/StoryUI-t.build/Objects-normal/arm64/StoryUI-OutputFileMap.json -save-temps -no-color-diagnostics -explicit-module-build -module-cache-path /Users/admin/builder/spi-builder-workspace/.derivedData/Build/Intermediates.noindex/SwiftExplicitPrecompiledModules -clang-scanner-module-cache-path /Users/admin/builder/spi-builder-workspace/.derivedData/ModuleCache.noindex -sdk-module-cache-path /Users/admin/builder/spi-builder-workspace/.derivedData/SDKExplicitPrecompiledModules -emit-dependencies -emit-module -emit-module-path /Users/admin/builder/spi-builder-workspace/.derivedData/Build/Intermediates.noindex/StoryUI.build/Debug-appletvos/StoryUI-t.build/Objects-normal/arm64/StoryUI.swiftmodule -serialize-diagnostics -dependency-scan-serialize-diagnostics-path /Users/admin/builder/spi-builder-workspace/.derivedData/Build/Intermediates.noindex/StoryUI.build/Debug-appletvos/StoryUI-t.build/Objects-normal/arm64/StoryUI-dependency-scan.dia -validate-clang-modules-once -clang-build-session-file /Users/admin/builder/spi-builder-workspace/.derivedData/ModuleCache.noindex/Session.modulevalidation -Xcc -fmodules-prune-interval\=86400 -Xcc -fmodules-prune-after\=345600 -emit-const-values -const-gather-protocols-list /Users/admin/builder/spi-builder-workspace/.derivedData/Build/Intermediates.noindex/StoryUI.build/Debug-appletvos/StoryUI-t.build/Objects-normal/arm64/StoryUI_const_extract_protocols.json -Xcc -I/Users/admin/builder/spi-builder-workspace/.derivedData/Build/Products/Debug-appletvos/include -Xcc -I/Users/admin/builder/spi-builder-workspace/.derivedData/Build/Intermediates.noindex/StoryUI.build/Debug-appletvos/StoryUI-t.build/DerivedSources-normal/arm64 -Xcc -I/Users/admin/builder/spi-builder-workspace/.derivedData/Build/Intermediates.noindex/StoryUI.build/Debug-appletvos/StoryUI-t.build/DerivedSources/arm64 -Xcc -I/Users/admin/builder/spi-builder-workspace/.derivedData/Build/Intermediates.noindex/StoryUI.build/Debug-appletvos/StoryUI-t.build/DerivedSources -Xcc -DSWIFT_PACKAGE -Xcc -DDEBUG\=1 -emit-objc-header -emit-objc-header-path /Users/admin/builder/spi-builder-workspace/.derivedData/Build/Intermediates.noindex/StoryUI.build/Debug-appletvos/StoryUI-t.build/Objects-normal/arm64/StoryUI-Swift.h -working-directory /Users/admin/builder/spi-builder-workspace/.swiftpm/xcode -experimental-emit-module-separately -disable-cmo
SwiftExplicitDependencyGeneratePcm arm64 /Users/admin/builder/spi-builder-workspace/.derivedData/SDKExplicitPrecompiledModules/ptrauth-8X2KEPL7CTRPS40TUB9APHPK6.pcm
SwiftExplicitDependencyGeneratePcm arm64 /Users/admin/builder/spi-builder-workspace/.derivedData/SDKExplicitPrecompiledModules/SwiftShims-8N4EXJ4RUJTR8K9OO3CMOH1EP.pcm
SwiftExplicitDependencyGeneratePcm arm64 /Users/admin/builder/spi-builder-workspace/.derivedData/SDKExplicitPrecompiledModules/ptrcheck-2AZ6B5IBYD3RRRTFWN2ONASY3.pcm
SwiftExplicitDependencyGeneratePcm arm64 /Users/admin/builder/spi-builder-workspace/.derivedData/SDKExplicitPrecompiledModules/_Builtin_stddef-9ZJZ6FDEZNKTZU8YLPMFT9RAQ.pcm
SwiftExplicitDependencyGeneratePcm arm64 /Users/admin/builder/spi-builder-workspace/.derivedData/SDKExplicitPrecompiledModules/_SwiftConcurrencyShims-BY5PD8KF1L5KF6F4Q69HE3TJ4.pcm
SwiftExplicitDependencyGeneratePcm arm64 /Users/admin/builder/spi-builder-workspace/.derivedData/SDKExplicitPrecompiledModules/_Builtin_stdarg-BO2OCAUYVAXDRVQWQ8ISKGNUQ.pcm
SwiftExplicitDependencyGeneratePcm arm64 /Users/admin/builder/spi-builder-workspace/.derivedData/SDKExplicitPrecompiledModules/_Builtin_float-8ZJAYZ85YBOAOP52Y9H6IUNP3.pcm
SwiftExplicitDependencyGeneratePcm arm64 /Users/admin/builder/spi-builder-workspace/.derivedData/SDKExplicitPrecompiledModules/_Builtin_stdbool-AHRDH5EKLY6D04C5E42F3VCQI.pcm
SwiftExplicitDependencyGeneratePcm arm64 /Users/admin/builder/spi-builder-workspace/.derivedData/SDKExplicitPrecompiledModules/DeveloperToolsSupport-B1X8RI63V48AJRTH2RK6JAARV.pcm
SwiftExplicitDependencyGeneratePcm arm64 /Users/admin/builder/spi-builder-workspace/.derivedData/SDKExplicitPrecompiledModules/_AvailabilityInternal-BV2EDDP0MI5QJDDPEEV4D9D3V.pcm
SwiftExplicitDependencyGeneratePcm arm64 /Users/admin/builder/spi-builder-workspace/.derivedData/SDKExplicitPrecompiledModules/_DarwinFoundation1-JOTYMOA1YZCIJ2NON6FQ848O.pcm
SwiftExplicitDependencyGeneratePcm arm64 /Users/admin/builder/spi-builder-workspace/.derivedData/SDKExplicitPrecompiledModules/_DarwinFoundation2-AOGAN1O02NKXRJN5V73AV3V3M.pcm
SwiftExplicitDependencyGeneratePcm arm64 /Users/admin/builder/spi-builder-workspace/.derivedData/SDKExplicitPrecompiledModules/_Builtin_limits-7JU2HP127LIT1X9E2V3D8WZ1.pcm
SwiftExplicitDependencyGeneratePcm arm64 /Users/admin/builder/spi-builder-workspace/.derivedData/SDKExplicitPrecompiledModules/string_h-6EVHP7A717OUS5DMC78F79HWO.pcm
SwiftExplicitDependencyGeneratePcm arm64 /Users/admin/builder/spi-builder-workspace/.derivedData/SDKExplicitPrecompiledModules/_Builtin_stdint-6NFTB6IBKS143IVPGT1EKB7HO.pcm
SwiftExplicitDependencyGeneratePcm arm64 /Users/admin/builder/spi-builder-workspace/.derivedData/SDKExplicitPrecompiledModules/sys_types-8GCAV1YMG5UUGHUID3CA20TCH.pcm
SwiftExplicitDependencyGeneratePcm arm64 /Users/admin/builder/spi-builder-workspace/.derivedData/SDKExplicitPrecompiledModules/_Builtin_tgmath-7ULT1EUHDHW4OZPSTT33H6QGE.pcm
SwiftExplicitDependencyGeneratePcm arm64 /Users/admin/builder/spi-builder-workspace/.derivedData/SDKExplicitPrecompiledModules/_Builtin_intrinsics-437O2R2NID4WAQVENR63GR82C.pcm
SwiftExplicitDependencyGeneratePcm arm64 /Users/admin/builder/spi-builder-workspace/.derivedData/SDKExplicitPrecompiledModules/_DarwinFoundation3-8SR3855WDFHQPR6G9GHOI2C07.pcm
SwiftExplicitDependencyGeneratePcm arm64 /Users/admin/builder/spi-builder-workspace/.derivedData/SDKExplicitPrecompiledModules/_Builtin_stdatomic-3YXHN678NGYM3NL9POJ2HVEIF.pcm
SwiftExplicitDependencyGeneratePcm arm64 /Users/admin/builder/spi-builder-workspace/.derivedData/SDKExplicitPrecompiledModules/_Builtin_inttypes-6X1IQ3QK9KEVKXOK9Y79EW7J3.pcm
SwiftExplicitDependencyGeneratePcm arm64 /Users/admin/builder/spi-builder-workspace/.derivedData/SDKExplicitPrecompiledModules/Darwin-DBSQAVBBPC3D2OMU5ZI2RXMST.pcm
SwiftExplicitDependencyGeneratePcm arm64 /Users/admin/builder/spi-builder-workspace/.derivedData/SDKExplicitPrecompiledModules/simd-117QUXEUT3Z7UQCUYWV2UA228.pcm
SwiftExplicitDependencyGeneratePcm arm64 /Users/admin/builder/spi-builder-workspace/.derivedData/SDKExplicitPrecompiledModules/MachO-EH3F5PJCIZG05NO51CEFSZYPW.pcm
SwiftExplicitDependencyGeneratePcm arm64 /Users/admin/builder/spi-builder-workspace/.derivedData/SDKExplicitPrecompiledModules/ObjectiveC-5250FDCE56N8508OR6XUYDKZM.pcm
SwiftExplicitDependencyGeneratePcm arm64 /Users/admin/builder/spi-builder-workspace/.derivedData/SDKExplicitPrecompiledModules/os_object-E2DGZ0SX0TULQHULZRPO6OKNW.pcm
SwiftExplicitDependencyGeneratePcm arm64 /Users/admin/builder/spi-builder-workspace/.derivedData/SDKExplicitPrecompiledModules/os_workgroup-DBUFF7811DKMX7VPBOJPGGF1U.pcm
SwiftExplicitDependencyGeneratePcm arm64 /Users/admin/builder/spi-builder-workspace/.derivedData/SDKExplicitPrecompiledModules/Dispatch-1QL58A0V50C39KVAIC6C38SHL.pcm
SwiftExplicitDependencyGeneratePcm arm64 /Users/admin/builder/spi-builder-workspace/.derivedData/SDKExplicitPrecompiledModules/Spatial-7U8NLEFXSB8BR7PJQGVMF5A4Q.pcm
SwiftExplicitDependencyGeneratePcm arm64 /Users/admin/builder/spi-builder-workspace/.derivedData/SDKExplicitPrecompiledModules/XPC-6O2DJFT3QUJ7QKTD3SNUB6PCR.pcm
SwiftExplicitDependencyGeneratePcm arm64 /Users/admin/builder/spi-builder-workspace/.derivedData/SDKExplicitPrecompiledModules/CoreFoundation-7TPJ7ENDC4L1A1ESHYI9TXS0D.pcm
SwiftExplicitDependencyGeneratePcm arm64 /Users/admin/builder/spi-builder-workspace/.derivedData/SDKExplicitPrecompiledModules/os-3GJI8H0BNAEZPQPQ1V0VVY3FY.pcm
SwiftExplicitDependencyGeneratePcm arm64 /Users/admin/builder/spi-builder-workspace/.derivedData/SDKExplicitPrecompiledModules/CoreGraphics-CWSP3J98S2658BYCVL6RP99T3.pcm
SwiftExplicitDependencyGeneratePcm arm64 /Users/admin/builder/spi-builder-workspace/.derivedData/SDKExplicitPrecompiledModules/Security-8VMXEKVDA3MHUH9AOTP905DID.pcm
SwiftExplicitDependencyGeneratePcm arm64 /Users/admin/builder/spi-builder-workspace/.derivedData/SDKExplicitPrecompiledModules/CFNetwork-2CUR2VK9S3S3WPFXPNXNUWYGN.pcm
SwiftExplicitDependencyGeneratePcm arm64 /Users/admin/builder/spi-builder-workspace/.derivedData/SDKExplicitPrecompiledModules/CoreAudioTypes-E7EH96HAL3G83QSWLT7VWYIP4.pcm
SwiftExplicitDependencyGeneratePcm arm64 /Users/admin/builder/spi-builder-workspace/.derivedData/SDKExplicitPrecompiledModules/CoreAudio-6IR1XRM0Q9YQZMFW89F3H4V3X.pcm
SwiftExplicitDependencyGeneratePcm arm64 /Users/admin/builder/spi-builder-workspace/.derivedData/SDKExplicitPrecompiledModules/Foundation-BSSIP64DIGUKMAYJOG1WPQ78X.pcm
SwiftExplicitDependencyGeneratePcm arm64 /Users/admin/builder/spi-builder-workspace/.derivedData/SDKExplicitPrecompiledModules/CoreText-59NY7PABM0I4V978161FOC04A.pcm
SwiftExplicitDependencyGeneratePcm arm64 /Users/admin/builder/spi-builder-workspace/.derivedData/SDKExplicitPrecompiledModules/ImageIO-88D4CLEBD4CLWQKT78PZ6H1O8.pcm
SwiftExplicitDependencyGeneratePcm arm64 /Users/admin/builder/spi-builder-workspace/.derivedData/SDKExplicitPrecompiledModules/UniformTypeIdentifiers-95CC8U42ZA9STP5K6GP9ZVJS5.pcm
SwiftExplicitDependencyGeneratePcm arm64 /Users/admin/builder/spi-builder-workspace/.derivedData/SDKExplicitPrecompiledModules/_LocationEssentials-ETSJ65FELPWR8WH8G49R1DF2E.pcm
SwiftExplicitDependencyGeneratePcm arm64 /Users/admin/builder/spi-builder-workspace/.derivedData/SDKExplicitPrecompiledModules/CoreData-DYMPHH3PH8AX9I1FHA4VFJ675.pcm
SwiftExplicitDependencyGeneratePcm arm64 /Users/admin/builder/spi-builder-workspace/.derivedData/SDKExplicitPrecompiledModules/IOSurface-38FJ1CKX9FV2RD97O64Z7QB17.pcm
SwiftExplicitDependencyGeneratePcm arm64 /Users/admin/builder/spi-builder-workspace/.derivedData/SDKExplicitPrecompiledModules/UserNotifications-E9ZW5TH066WIJWH9080RC5NG4.pcm
SwiftExplicitDependencyGeneratePcm arm64 /Users/admin/builder/spi-builder-workspace/.derivedData/SDKExplicitPrecompiledModules/DataDetection-37JIYZ2GWDA1L166PP1D9JKAF.pcm
SwiftExplicitDependencyGeneratePcm arm64 /Users/admin/builder/spi-builder-workspace/.derivedData/SDKExplicitPrecompiledModules/UIUtilities-6ZFJ1AK4H8IBGEBMYQBWGBYLK.pcm
SwiftExplicitDependencyGeneratePcm arm64 /Users/admin/builder/spi-builder-workspace/.derivedData/SDKExplicitPrecompiledModules/AVRouting-53KTSRU06N7KHZMUFWVUAHAVC.pcm
SwiftExplicitDependencyGeneratePcm arm64 /Users/admin/builder/spi-builder-workspace/.derivedData/SDKExplicitPrecompiledModules/Symbols-B5AU9VM9Y7NU79RLMH13Z4IFM.pcm
SwiftExplicitDependencyGeneratePcm arm64 /Users/admin/builder/spi-builder-workspace/.derivedData/SDKExplicitPrecompiledModules/Accessibility-B6BODGZ4MQQTY0PBC4SHRP009.pcm
SwiftExplicitDependencyGeneratePcm arm64 /Users/admin/builder/spi-builder-workspace/.derivedData/SDKExplicitPrecompiledModules/CoreMIDI-23HL6T8YUJM8DF3NKDJAU0CM7.pcm
SwiftExplicitDependencyGeneratePcm arm64 /Users/admin/builder/spi-builder-workspace/.derivedData/SDKExplicitPrecompiledModules/OSLog-7OT6HHTMY0ZFEQJ095LJZ6NLC.pcm
SwiftExplicitDependencyGeneratePcm arm64 /Users/admin/builder/spi-builder-workspace/.derivedData/SDKExplicitPrecompiledModules/CoreLocation-YVXXAOMVX0JH2KO1XTTKTY51.pcm
SwiftExplicitDependencyGeneratePcm arm64 /Users/admin/builder/spi-builder-workspace/.derivedData/SDKExplicitPrecompiledModules/CoreTransferable-7V4O8DATEQ9F7SDNTCW8YWLG3.pcm
SwiftExplicitDependencyGeneratePcm arm64 /Users/admin/builder/spi-builder-workspace/.derivedData/SDKExplicitPrecompiledModules/Metal-2KYBS7IML1SD788M91YV7Q0CC.pcm
SwiftExplicitDependencyGeneratePcm arm64 /Users/admin/builder/spi-builder-workspace/.derivedData/SDKExplicitPrecompiledModules/OpenGLES-4NY99CNDU9WUNUYEIXSS1QFGE.pcm
SwiftExplicitDependencyGeneratePcm arm64 /Users/admin/builder/spi-builder-workspace/.derivedData/SDKExplicitPrecompiledModules/AudioToolbox-BFZSY3NS10U8E5FG2JHTQ7SO8.pcm
SwiftExplicitDependencyGeneratePcm arm64 /Users/admin/builder/spi-builder-workspace/.derivedData/SDKExplicitPrecompiledModules/CoreVideo-DPU0PB5X0XLSVA2ETRGI6FJBM.pcm
SwiftExplicitDependencyGeneratePcm arm64 /Users/admin/builder/spi-builder-workspace/.derivedData/SDKExplicitPrecompiledModules/QuartzCore-DJSYAWKXFGVSAK5CQMOB3JSR.pcm
SwiftExplicitDependencyGeneratePcm arm64 /Users/admin/builder/spi-builder-workspace/.derivedData/SDKExplicitPrecompiledModules/CoreMedia-4OUKVT03LV547KZJDPPJRJ4F8.pcm
SwiftExplicitDependencyGeneratePcm arm64 /Users/admin/builder/spi-builder-workspace/.derivedData/SDKExplicitPrecompiledModules/CoreImage-7S2AFJ8EIY3DUFYLEAX1JR1QV.pcm
SwiftExplicitDependencyGeneratePcm arm64 /Users/admin/builder/spi-builder-workspace/.derivedData/SDKExplicitPrecompiledModules/SwiftUICore-543QU5V2NHKUFCYFJDKUJ7NYG.pcm
SwiftExplicitDependencyGeneratePcm arm64 /Users/admin/builder/spi-builder-workspace/.derivedData/SDKExplicitPrecompiledModules/MediaToolbox-4OQJAKJ1UOGLVUHH8TJFAFUX8.pcm
SwiftExplicitDependencyGeneratePcm arm64 /Users/admin/builder/spi-builder-workspace/.derivedData/SDKExplicitPrecompiledModules/AVFAudio-I2OUXVW3JAJP9H9YYQSK67OC.pcm
SwiftExplicitDependencyGeneratePcm arm64 /Users/admin/builder/spi-builder-workspace/.derivedData/SDKExplicitPrecompiledModules/VideoToolbox-9D68N9ZVOUSE0ZFYNU39RYT33.pcm
SwiftExplicitDependencyGeneratePcm arm64 /Users/admin/builder/spi-builder-workspace/.derivedData/SDKExplicitPrecompiledModules/UIKit-1TKWN7VC2X6N3ITMRVA2G0EB2.pcm
SwiftExplicitDependencyGeneratePcm arm64 /Users/admin/builder/spi-builder-workspace/.derivedData/SDKExplicitPrecompiledModules/AVFoundation-4DKPNMYIKC5WBJ7VZILY1MMIU.pcm
SwiftExplicitDependencyGeneratePcm arm64 /Users/admin/builder/spi-builder-workspace/.derivedData/SDKExplicitPrecompiledModules/AVKit-8YHAYUBVXSDQLKPM335MM8YBV.pcm
SwiftExplicitDependencyGeneratePcm arm64 /Users/admin/builder/spi-builder-workspace/.derivedData/SDKExplicitPrecompiledModules/SwiftUI-7BV1YDT6IZWW6B8OC6ENV0Y0F.pcm
SwiftEmitModule normal arm64 Emitting\ module\ for\ StoryUI (in target 'StoryUI' from project 'StoryUI')
SwiftCompile normal arm64 (in target 'StoryUI' from project 'StoryUI')
    cd /Users/admin/builder/spi-builder-workspace/.swiftpm/xcode

macro expansion @State:1:13: warning: cannot use generic class 'Autoconnect' in a property declaration member of a type not marked '@_implementationOnly'; 'Combine' was not imported by this file
`- /Users/admin/builder/spi-builder-workspace/Sources/StoryUI/View/PrivateView/StoryDetailView.swift:18:87: note: expanded code originates here
 16 |     @Binding var isPresented: Bool
 17 |
 18 |     @State var timer = Timer.publish(every: 0.1, on: .main, in: .common).autoconnect()
    |     `- note: in expansion of macro 'State' on property 'timer' here
    +--- macro expansion @State ----------------------------------------
    |1 | private var _timer = SwiftUICore.State(initialValue: Timer.publish(every: 0.1, on: .main, in: .common).autoconnect())
    |  |             `- warning: cannot use generic class 'Autoconnect' in a property declaration member of a type not marked '@_implementationOnly'; 'Combine' was not imported by this file
    |2 |
    |3 | @SwiftUICore._PropertyWrapperProjectedValue
    +-------------------------------------------------------------------
 19 |     @State var timerProgress: CGFloat = 0
 20 |
Combine.Publishers.Autoconnect:2:14: note: generic class declared here
 1 | enum Publishers {
 2 | public class Autoconnect<Upstream> : Publisher where Upstream : ConnectablePublisher {
   |              `- note: generic class declared here
 3 |     public typealias Output = Upstream.Output
 4 |     public typealias Failure = Upstream.Failure
macro expansion @State:1:13: warning: cannot use enum 'Publishers' in a property declaration member of a type not marked '@_implementationOnly'; 'Combine' was not imported by this file
`- /Users/admin/builder/spi-builder-workspace/Sources/StoryUI/View/PrivateView/StoryDetailView.swift:18:87: note: expanded code originates here
 16 |     @Binding var isPresented: Bool
 17 |
 18 |     @State var timer = Timer.publish(every: 0.1, on: .main, in: .common).autoconnect()
    |     `- note: in expansion of macro 'State' on property 'timer' here
    +--- macro expansion @State ----------------------------------------
    |1 | private var _timer = SwiftUICore.State(initialValue: Timer.publish(every: 0.1, on: .main, in: .common).autoconnect())
    |  |             `- warning: cannot use enum 'Publishers' in a property declaration member of a type not marked '@_implementationOnly'; 'Combine' was not imported by this file
    |2 |
    |3 | @SwiftUICore._PropertyWrapperProjectedValue
    +-------------------------------------------------------------------
 19 |     @State var timerProgress: CGFloat = 0
 20 |
Combine.Publishers:2:13: note: enum declared here
1 | @available(macOS 10.15, iOS 13.0, tvOS 13.0, watchOS 6.0, *)
2 | public enum Publishers {
  |             `- note: enum declared here
3 | }
SwiftCompile normal arm64 Compiling\ StoryView.swift,\ StoryViewModel.swift /Users/admin/builder/spi-builder-workspace/Sources/StoryUI/View/StoryView.swift /Users/admin/builder/spi-builder-workspace/Sources/StoryUI/ViewModel/StoryViewModel.swift (in target 'StoryUI' from project 'StoryUI')
SwiftCompile normal arm64 /Users/admin/builder/spi-builder-workspace/Sources/StoryUI/View/StoryView.swift (in target 'StoryUI' from project 'StoryUI')
    cd /Users/admin/builder/spi-builder-workspace/.swiftpm/xcode
    builtin-SwiftPerFileCompile StoryView.swift
SwiftCompile normal arm64 /Users/admin/builder/spi-builder-workspace/Sources/StoryUI/ViewModel/StoryViewModel.swift (in target 'StoryUI' from project 'StoryUI')
    cd /Users/admin/builder/spi-builder-workspace/.swiftpm/xcode
    builtin-SwiftPerFileCompile StoryViewModel.swift
SwiftCompile normal arm64 Compiling\ EmojiReactionView.swift,\ EmojiView.swift /Users/admin/builder/spi-builder-workspace/Sources/StoryUI/View/PrivateView/EmojiReactionView.swift /Users/admin/builder/spi-builder-workspace/Sources/StoryUI/View/PrivateView/EmojiView.swift (in target 'StoryUI' from project 'StoryUI')
/Users/admin/builder/spi-builder-workspace/Sources/StoryUI/View/PrivateView/EmojiView.swift:37:41: warning: non-constant range: not an integer range
35 |         if let emojiArray {
36 |             VStack(spacing: spacing) {
37 |                 ForEach(emojiArray.lazy.indices) { index in
   |                                         `- warning: non-constant range: not an integer range
38 |                     HStack(spacing: spacing) {
39 |                         ForEach(emojiArray[index].lazy.indices) { icon in
/Users/admin/builder/spi-builder-workspace/Sources/StoryUI/View/PrivateView/EmojiView.swift:39:56: warning: non-constant range: not an integer range
37 |                 ForEach(emojiArray.lazy.indices) { index in
38 |                     HStack(spacing: spacing) {
39 |                         ForEach(emojiArray[index].lazy.indices) { icon in
   |                                                        `- warning: non-constant range: not an integer range
40 |                             Button(emojiArray[index][icon]) {
41 |                                 let emoji = emojiArray[index][icon]
/Users/admin/builder/spi-builder-workspace/Sources/StoryUI/View/PrivateView/EmojiView.swift:57:30: warning: 'windows' was deprecated in tvOS 15.0: Use UIWindowScene.windows on a relevant window scene instead [#DeprecatedDeclaration]
55 |
56 |     private func dismissKeyboard() {
57 |         UIApplication.shared.windows.filter {$0.isKeyWindow}.first?.endEditing(true)
   |                              `- warning: 'windows' was deprecated in tvOS 15.0: Use UIWindowScene.windows on a relevant window scene instead [#DeprecatedDeclaration]
58 |     }
59 |
[#DeprecatedDeclaration]: <https://docs.swift.org/compiler/documentation/diagnostics/deprecated-declaration>
SwiftCompile normal arm64 /Users/admin/builder/spi-builder-workspace/Sources/StoryUI/View/PrivateView/EmojiReactionView.swift (in target 'StoryUI' from project 'StoryUI')
    cd /Users/admin/builder/spi-builder-workspace/.swiftpm/xcode
    builtin-SwiftPerFileCompile EmojiReactionView.swift
SwiftCompile normal arm64 /Users/admin/builder/spi-builder-workspace/Sources/StoryUI/View/PrivateView/EmojiView.swift (in target 'StoryUI' from project 'StoryUI')
    cd /Users/admin/builder/spi-builder-workspace/.swiftpm/xcode
    builtin-SwiftPerFileCompile EmojiView.swift
SwiftCompile normal arm64 Compiling\ CacheAsyncImage.swift,\ ImageLoader.swift,\ ImageView.swift /Users/admin/builder/spi-builder-workspace/Sources/StoryUI/Helper/Component/CacheAsyncImage/CacheAsyncImage.swift /Users/admin/builder/spi-builder-workspace/Sources/StoryUI/Helper/Component/Image/ImageLoader.swift /Users/admin/builder/spi-builder-workspace/Sources/StoryUI/Helper/Component/Image/ImageView.swift (in target 'StoryUI' from project 'StoryUI')
SwiftCompile normal arm64 /Users/admin/builder/spi-builder-workspace/Sources/StoryUI/Helper/Component/CacheAsyncImage/CacheAsyncImage.swift (in target 'StoryUI' from project 'StoryUI')
    cd /Users/admin/builder/spi-builder-workspace/.swiftpm/xcode
    builtin-SwiftPerFileCompile CacheAsyncImage.swift
SwiftCompile normal arm64 /Users/admin/builder/spi-builder-workspace/Sources/StoryUI/Helper/Component/Image/ImageLoader.swift (in target 'StoryUI' from project 'StoryUI')
    cd /Users/admin/builder/spi-builder-workspace/.swiftpm/xcode
    builtin-SwiftPerFileCompile ImageLoader.swift
SwiftCompile normal arm64 /Users/admin/builder/spi-builder-workspace/Sources/StoryUI/Helper/Component/Image/ImageView.swift (in target 'StoryUI' from project 'StoryUI')
    cd /Users/admin/builder/spi-builder-workspace/.swiftpm/xcode
    builtin-SwiftPerFileCompile ImageView.swift
SwiftCompile normal arm64 Compiling\ Enums.swift,\ NSNotification-Extension.swift,\ TextField+Extension.swift /Users/admin/builder/spi-builder-workspace/Sources/StoryUI/Helper/Enum/Enums.swift /Users/admin/builder/spi-builder-workspace/Sources/StoryUI/Helper/Extension/NSNotification-Extension.swift /Users/admin/builder/spi-builder-workspace/Sources/StoryUI/Helper/Extension/TextField+Extension.swift (in target 'StoryUI' from project 'StoryUI')
SwiftCompile normal arm64 /Users/admin/builder/spi-builder-workspace/Sources/StoryUI/Helper/Enum/Enums.swift (in target 'StoryUI' from project 'StoryUI')
    cd /Users/admin/builder/spi-builder-workspace/.swiftpm/xcode
    builtin-SwiftPerFileCompile Enums.swift
SwiftCompile normal arm64 /Users/admin/builder/spi-builder-workspace/Sources/StoryUI/Helper/Extension/NSNotification-Extension.swift (in target 'StoryUI' from project 'StoryUI')
    cd /Users/admin/builder/spi-builder-workspace/.swiftpm/xcode
    builtin-SwiftPerFileCompile NSNotification-Extension.swift
SwiftCompile normal arm64 /Users/admin/builder/spi-builder-workspace/Sources/StoryUI/Helper/Extension/TextField+Extension.swift (in target 'StoryUI' from project 'StoryUI')
    cd /Users/admin/builder/spi-builder-workspace/.swiftpm/xcode
    builtin-SwiftPerFileCompile TextField+Extension.swift
SwiftCompile normal arm64 Compiling\ VideoLoader.swift,\ VideoView.swift,\ Constant.swift /Users/admin/builder/spi-builder-workspace/Sources/StoryUI/Helper/Component/Video/VideoLoader.swift /Users/admin/builder/spi-builder-workspace/Sources/StoryUI/Helper/Component/Video/VideoView.swift /Users/admin/builder/spi-builder-workspace/Sources/StoryUI/Helper/Constant/Constant.swift (in target 'StoryUI' from project 'StoryUI')
SwiftCompile normal arm64 /Users/admin/builder/spi-builder-workspace/Sources/StoryUI/Helper/Component/Video/VideoLoader.swift (in target 'StoryUI' from project 'StoryUI')
    cd /Users/admin/builder/spi-builder-workspace/.swiftpm/xcode
    builtin-SwiftPerFileCompile VideoLoader.swift
SwiftCompile normal arm64 /Users/admin/builder/spi-builder-workspace/Sources/StoryUI/Helper/Component/Video/VideoView.swift (in target 'StoryUI' from project 'StoryUI')
    cd /Users/admin/builder/spi-builder-workspace/.swiftpm/xcode
    builtin-SwiftPerFileCompile VideoView.swift
SwiftCompile normal arm64 /Users/admin/builder/spi-builder-workspace/Sources/StoryUI/Helper/Constant/Constant.swift (in target 'StoryUI' from project 'StoryUI')
    cd /Users/admin/builder/spi-builder-workspace/.swiftpm/xcode
    builtin-SwiftPerFileCompile Constant.swift
SwiftCompile normal arm64 Compiling\ StoryConfiguration.swift,\ StoryInteractionConfig.swift,\ Typealias.swift /Users/admin/builder/spi-builder-workspace/Sources/StoryUI/Configuration/StoryConfiguration.swift /Users/admin/builder/spi-builder-workspace/Sources/StoryUI/Configuration/StoryInteractionConfig.swift /Users/admin/builder/spi-builder-workspace/Sources/StoryUI/Configuration/Typealias.swift (in target 'StoryUI' from project 'StoryUI')
SwiftCompile normal arm64 /Users/admin/builder/spi-builder-workspace/Sources/StoryUI/Configuration/StoryConfiguration.swift (in target 'StoryUI' from project 'StoryUI')
    cd /Users/admin/builder/spi-builder-workspace/.swiftpm/xcode
    builtin-SwiftPerFileCompile StoryConfiguration.swift
SwiftCompile normal arm64 /Users/admin/builder/spi-builder-workspace/Sources/StoryUI/Configuration/StoryInteractionConfig.swift (in target 'StoryUI' from project 'StoryUI')
    cd /Users/admin/builder/spi-builder-workspace/.swiftpm/xcode
    builtin-SwiftPerFileCompile StoryInteractionConfig.swift
SwiftCompile normal arm64 /Users/admin/builder/spi-builder-workspace/Sources/StoryUI/Configuration/Typealias.swift (in target 'StoryUI' from project 'StoryUI')
    cd /Users/admin/builder/spi-builder-workspace/.swiftpm/xcode
    builtin-SwiftPerFileCompile Typealias.swift
SwiftCompile normal arm64 Compiling\ UIApplication+Extension.swift,\ CacheManager.swift,\ KeyboardManager.swift /Users/admin/builder/spi-builder-workspace/Sources/StoryUI/Helper/Extension/UIApplication+Extension.swift /Users/admin/builder/spi-builder-workspace/Sources/StoryUI/Helper/Managers/CacheManager.swift /Users/admin/builder/spi-builder-workspace/Sources/StoryUI/Helper/Managers/KeyboardManager.swift (in target 'StoryUI' from project 'StoryUI')
/Users/admin/builder/spi-builder-workspace/Sources/StoryUI/Helper/Extension/UIApplication+Extension.swift:14:28: warning: 'windows' was deprecated in tvOS 15.0: Use UIWindowScene.windows on a relevant window scene instead [#DeprecatedDeclaration]
12 |
13 |     static var topSafeAreaHeight: CGFloat {
14 |         return self.shared.windows.first?.safeAreaInsets.top ?? 0
   |                            `- warning: 'windows' was deprecated in tvOS 15.0: Use UIWindowScene.windows on a relevant window scene instead [#DeprecatedDeclaration]
15 |     }
16 |
/Users/admin/builder/spi-builder-workspace/Sources/StoryUI/Helper/Extension/UIApplication+Extension.swift:18:27: warning: 'windows' was deprecated in tvOS 15.0: Use UIWindowScene.windows on a relevant window scene instead [#DeprecatedDeclaration]
16 |
17 |     static var bottomSafeAreaHeight: CGFloat {
18 |        return self.shared.windows.first?.safeAreaInsets.bottom ?? 0
   |                           `- warning: 'windows' was deprecated in tvOS 15.0: Use UIWindowScene.windows on a relevant window scene instead [#DeprecatedDeclaration]
19 |     }
20 |
/Users/admin/builder/spi-builder-workspace/Sources/StoryUI/Helper/Managers/KeyboardManager.swift:23:31: error: 'keyboardWillShowNotification' is unavailable in tvOS
21 |             self,
22 |             selector: #selector(keyBoardWillShow(notification:)),
23 |             name: UIResponder.keyboardWillShowNotification,
   |                               `- error: 'keyboardWillShowNotification' is unavailable in tvOS
24 |             object: nil
25 |         )
/Applications/Xcode-27.0.0-Release.Candidate.app/Contents/Developer/Platforms/AppleTVOS.platform/Developer/SDKs/AppleTVOS27.0.sdk/System/Library/Frameworks/UIKit.framework/Headers/UIWindow.h:132:39: note: 'keyboardWillShowNotification' has been explicitly marked unavailable here
130 | // Use the various UICoordinateSpace convertRect facilities to get the frame in the desired coordinate system.
131 | // Animation key/value pairs are only available for the "will" family of notification.
132 | UIKIT_EXTERN NSNotificationName const UIKeyboardWillShowNotification API_UNAVAILABLE(tvos, watchos) NS_SWIFT_NONISOLATED;
    |                                       `- note: 'keyboardWillShowNotification' has been explicitly marked unavailable here
133 | UIKIT_EXTERN NSNotificationName const UIKeyboardDidShowNotification API_UNAVAILABLE(tvos, watchos) NS_SWIFT_NONISOLATED;
134 | UIKIT_EXTERN NSNotificationName const UIKeyboardWillHideNotification API_UNAVAILABLE(tvos, watchos) NS_SWIFT_NONISOLATED;
/Users/admin/builder/spi-builder-workspace/Sources/StoryUI/Helper/Managers/KeyboardManager.swift:29:31: error: 'keyboardWillHideNotification' is unavailable in tvOS
27 |             self,
28 |             selector: #selector(keyBoardWillHide(notification:)),
29 |             name: UIResponder.keyboardWillHideNotification,
   |                               `- error: 'keyboardWillHideNotification' is unavailable in tvOS
30 |             object: nil
31 |         )
/Applications/Xcode-27.0.0-Release.Candidate.app/Contents/Developer/Platforms/AppleTVOS.platform/Developer/SDKs/AppleTVOS27.0.sdk/System/Library/Frameworks/UIKit.framework/Headers/UIWindow.h:134:39: note: 'keyboardWillHideNotification' has been explicitly marked unavailable here
132 | UIKIT_EXTERN NSNotificationName const UIKeyboardWillShowNotification API_UNAVAILABLE(tvos, watchos) NS_SWIFT_NONISOLATED;
133 | UIKIT_EXTERN NSNotificationName const UIKeyboardDidShowNotification API_UNAVAILABLE(tvos, watchos) NS_SWIFT_NONISOLATED;
134 | UIKIT_EXTERN NSNotificationName const UIKeyboardWillHideNotification API_UNAVAILABLE(tvos, watchos) NS_SWIFT_NONISOLATED;
    |                                       `- note: 'keyboardWillHideNotification' has been explicitly marked unavailable here
135 | UIKIT_EXTERN NSNotificationName const UIKeyboardDidHideNotification API_UNAVAILABLE(tvos, watchos) NS_SWIFT_NONISOLATED;
136 |
/Users/admin/builder/spi-builder-workspace/Sources/StoryUI/Helper/Managers/KeyboardManager.swift:48:67: error: 'keyboardFrameEndUserInfoKey' is unavailable in tvOS
46 |
47 |     @objc func keyBoardWillShow(notification: Notification) {
48 |         if let keyboardSize = (notification.userInfo?[UIResponder.keyboardFrameEndUserInfoKey] as? NSValue)?.cgRectValue {
   |                                                                   `- error: 'keyboardFrameEndUserInfoKey' is unavailable in tvOS
49 |             currentHeight = keyboardSize.height - UIApplication.bottomSafeAreaHeight
50 |             isKeyboardOpen = true
/Applications/Xcode-27.0.0-Release.Candidate.app/Contents/Developer/Platforms/AppleTVOS.platform/Developer/SDKs/AppleTVOS27.0.sdk/System/Library/Frameworks/UIKit.framework/Headers/UIWindow.h:138:30: note: 'keyboardFrameEndUserInfoKey' has been explicitly marked unavailable here
136 |
137 | UIKIT_EXTERN NSString *const UIKeyboardFrameBeginUserInfoKey        API_AVAILABLE(ios(3.2)) API_UNAVAILABLE(tvos, watchos) NS_SWIFT_NONISOLATED; // NSValue of CGRect
138 | UIKIT_EXTERN NSString *const UIKeyboardFrameEndUserInfoKey          API_AVAILABLE(ios(3.2)) API_UNAVAILABLE(tvos, watchos) NS_SWIFT_NONISOLATED; // NSValue of CGRect
    |                              `- note: 'keyboardFrameEndUserInfoKey' has been explicitly marked unavailable here
139 | UIKIT_EXTERN NSString *const UIKeyboardAnimationDurationUserInfoKey API_AVAILABLE(ios(3.0)) API_UNAVAILABLE(tvos, watchos) NS_SWIFT_NONISOLATED; // NSNumber of double
140 | UIKIT_EXTERN NSString *const UIKeyboardAnimationCurveUserInfoKey    API_AVAILABLE(ios(3.0)) API_UNAVAILABLE(tvos, watchos) NS_SWIFT_NONISOLATED; // NSNumber of NSUInteger (UIViewAnimationCurve)
[#DeprecatedDeclaration]: <https://docs.swift.org/compiler/documentation/diagnostics/deprecated-declaration>
Failed frontend command:
/Applications/Xcode-27.0.0-Release.Candidate.app/Contents/Developer/Toolchains/XcodeDefault.xctoolchain/usr/bin/swift-frontend -frontend -c /Users/admin/builder/spi-builder-workspace/Sources/StoryUI/Configuration/StoryConfiguration.swift /Users/admin/builder/spi-builder-workspace/Sources/StoryUI/Configuration/StoryInteractionConfig.swift /Users/admin/builder/spi-builder-workspace/Sources/StoryUI/Configuration/Typealias.swift /Users/admin/builder/spi-builder-workspace/Sources/StoryUI/Helper/Component/CacheAsyncImage/CacheAsyncImage.swift /Users/admin/builder/spi-builder-workspace/Sources/StoryUI/Helper/Component/Image/ImageLoader.swift /Users/admin/builder/spi-builder-workspace/Sources/StoryUI/Helper/Component/Image/ImageView.swift /Users/admin/builder/spi-builder-workspace/Sources/StoryUI/Helper/Component/Video/VideoLoader.swift /Users/admin/builder/spi-builder-workspace/Sources/StoryUI/Helper/Component/Video/VideoView.swift /Users/admin/builder/spi-builder-workspace/Sources/StoryUI/Helper/Constant/Constant.swift /Users/admin/builder/spi-builder-workspace/Sources/StoryUI/Helper/Enum/Enums.swift /Users/admin/builder/spi-builder-workspace/Sources/StoryUI/Helper/Extension/NSNotification-Extension.swift /Users/admin/builder/spi-builder-workspace/Sources/StoryUI/Helper/Extension/TextField+Extension.swift -primary-file /Users/admin/builder/spi-builder-workspace/Sources/StoryUI/Helper/Extension/UIApplication+Extension.swift -primary-file /Users/admin/builder/spi-builder-workspace/Sources/StoryUI/Helper/Managers/CacheManager.swift -primary-file /Users/admin/builder/spi-builder-workspace/Sources/StoryUI/Helper/Managers/KeyboardManager.swift /Users/admin/builder/spi-builder-workspace/Sources/StoryUI/Model/Story.swift /Users/admin/builder/spi-builder-workspace/Sources/StoryUI/Model/StoryUIModel.swift /Users/admin/builder/spi-builder-workspace/Sources/StoryUI/Model/StoryUIUser.swift /Users/admin/builder/spi-builder-workspace/Sources/StoryUI/View/PrivateView/EmojiReactionView.swift /Users/admin/builder/spi-builder-workspace/Sources/StoryUI/View/PrivateView/EmojiView.swift /Users/admin/builder/spi-builder-workspace/Sources/StoryUI/View/PrivateView/MessageView.swift /Users/admin/builder/spi-builder-workspace/Sources/StoryUI/View/PrivateView/ProgressBarView.swift /Users/admin/builder/spi-builder-workspace/Sources/StoryUI/View/PrivateView/StoryDetailView.swift /Users/admin/builder/spi-builder-workspace/Sources/StoryUI/View/PrivateView/UserView.swift /Users/admin/builder/spi-builder-workspace/Sources/StoryUI/View/StoryView.swift /Users/admin/builder/spi-builder-workspace/Sources/StoryUI/ViewModel/StoryViewModel.swift -supplementary-output-file-map /Users/admin/builder/spi-builder-workspace/.derivedData/Build/Intermediates.noindex/StoryUI.build/Debug-appletvos/StoryUI-t.build/Objects-normal/arm64/supplementaryOutputs-5 -target arm64-apple-tvos15.0 -disable-cross-import-overlay-search -swift-module-cross-import AVKit /Applications/Xcode-27.0.0-Release.Candidate.app/Contents/Developer/Platforms/AppleTVOS.platform/Developer/SDKs/AppleTVOS.sdk/System/Library/Frameworks/AVKit.framework/Modules/AVKit.swiftcrossimport/SwiftUI.swiftoverlay -swift-module-cross-import AVKit /Applications/Xcode-27.0.0-Release.Candidate.app/Contents/Developer/Platforms/AppleTVOS.platform/Developer/SDKs/AppleTVOS27.0.sdk/System/Library/Frameworks/AVKit.framework/Modules/AVKit.swiftcrossimport/SwiftUI.swiftoverlay -load-resolved-plugin /Applications/Xcode-27.0.0-Release.Candidate.app/Contents/Developer/Platforms/AppleTVOS.platform/Developer/usr/lib/swift/host/plugins/libFoundationMacros.dylib\#/Applications/Xcode-27.0.0-Release.Candidate.app/Contents/Developer/Platforms/AppleTVOS.platform/Developer/usr/bin/swift-plugin-server\#FoundationMacros -load-resolved-plugin /Applications/Xcode-27.0.0-Release.Candidate.app/Contents/Developer/Platforms/AppleTVOS.platform/Developer/usr/lib/swift/host/plugins/libObservationMacros.dylib\#/Applications/Xcode-27.0.0-Release.Candidate.app/Contents/Developer/Platforms/AppleTVOS.platform/Developer/usr/bin/swift-plugin-server\#ObservationMacros -load-resolved-plugin /Applications/Xcode-27.0.0-Release.Candidate.app/Contents/Developer/Platforms/AppleTVOS.platform/Developer/usr/lib/swift/host/plugins/libPreviewsMacros.dylib\#/Applications/Xcode-27.0.0-Release.Candidate.app/Contents/Developer/Platforms/AppleTVOS.platform/Developer/usr/bin/swift-plugin-server\#PreviewsMacros -load-resolved-plugin /Applications/Xcode-27.0.0-Release.Candidate.app/Contents/Developer/Platforms/AppleTVOS.platform/Developer/usr/lib/swift/host/plugins/libSwiftMacros.dylib\#/Applications/Xcode-27.0.0-Release.Candidate.app/Contents/Developer/Platforms/AppleTVOS.platform/Developer/usr/bin/swift-plugin-server\#SwiftMacros -load-resolved-plugin /Applications/Xcode-27.0.0-Release.Candidate.app/Contents/Developer/Platforms/AppleTVOS.platform/Developer/usr/lib/swift/host/plugins/libSwiftUIMacros.dylib\#/Applications/Xcode-27.0.0-Release.Candidate.app/Contents/Developer/Platforms/AppleTVOS.platform/Developer/usr/bin/swift-plugin-server\#SwiftUIMacros -load-resolved-plugin /Applications/Xcode-27.0.0-Release.Candidate.app/Contents/Developer/Platforms/AppleTVOS.platform/Developer/usr/lib/swift/host/plugins/libTipKitMacros.dylib\#/Applications/Xcode-27.0.0-Release.Candidate.app/Contents/Developer/Platforms/AppleTVOS.platform/Developer/usr/bin/swift-plugin-server\#TipKitMacros -disable-implicit-swift-modules -Xcc -fno-implicit-modules -Xcc -fno-implicit-module-maps -explicit-swift-module-map-file /Users/admin/builder/spi-builder-workspace/.derivedData/Build/Intermediates.noindex/StoryUI.build/Debug-appletvos/StoryUI-t.build/Objects-normal/arm64/StoryUI-dependencies-1.json -Xllvm -aarch64-use-tbi -enable-objc-interop -stack-check -sdk /Applications/Xcode-27.0.0-Release.Candidate.app/Contents/Developer/Platforms/AppleTVOS.platform/Developer/SDKs/AppleTVOS27.0.sdk -I /Users/admin/builder/spi-builder-workspace/.derivedData/Build/Products/Debug-appletvos -Isystem /Applications/Xcode-27.0.0-Release.Candidate.app/Contents/Developer/Platforms/AppleTVOS.platform/Developer/usr/lib -F /Users/admin/builder/spi-builder-workspace/.derivedData/Build/Products/Debug-appletvos -F /Applications/Xcode-27.0.0-Release.Candidate.app/Contents/Developer/Platforms/AppleTVOS.platform/Developer/Library/Frameworks -F /Applications/Xcode-27.0.0-Release.Candidate.app/Contents/Developer/Platforms/AppleTVOS.platform/Developer/SDKs/AppleTVOS27.0.sdk/Developer/Library/Frameworks -module-cache-path /Users/admin/builder/spi-builder-workspace/.derivedData/Build/Intermediates.noindex/SwiftExplicitPrecompiledModules -no-color-diagnostics -Xcc -fno-color-diagnostics -enable-testing -g -debug-info-format\=dwarf -dwarf-version\=4 -profile-generate -profile-coverage-mapping -swift-version 5 -Onone -D SWIFT_PACKAGE -D DEBUG -D SWIFT_MODULE_RESOURCE_BUNDLE_UNAVAILABLE -D Xcode -serialize-debugging-options -enable-experimental-feature DebugDescriptionMacro -empty-abi-descriptor -validate-clang-modules-once -clang-build-session-file /Users/admin/builder/spi-builder-workspace/.derivedData/ModuleCache.noindex/Session.modulevalidation -Xcc -working-directory -Xcc /Users/admin/builder/spi-builder-workspace/.swiftpm/xcode -enable-anonymous-context-mangled-names -file-compilation-dir /Users/admin/builder/spi-builder-workspace/.swiftpm/xcode -Xcc -D_LIBCPP_HARDENING_MODE\=_LIBCPP_HARDENING_MODE_DEBUG -Xcc -ivfsstatcache -Xcc /Users/admin/builder/spi-builder-workspace/.derivedData/SDKStatCaches.noindex/appletvos27.0-24J360-e829b21a6f8c9b70876ba0858053c044b32bfd8d43560033f8d89884cdb90028.sdkstatcache -Xcc -fmodules-prune-interval\=86400 -Xcc -fmodules-prune-after\=345600 -Xcc -I/Users/admin/builder/spi-builder-workspace/.derivedData/Build/Products/Debug-appletvos/include -Xcc -I/Users/admin/builder/spi-builder-workspace/.derivedData/Build/Intermediates.noindex/StoryUI.build/Debug-appletvos/StoryUI-t.build/DerivedSources-normal/arm64 -Xcc -I/Users/admin/builder/spi-builder-workspace/.derivedData/Build/Intermediates.noindex/StoryUI.build/Debug-appletvos/StoryUI-t.build/DerivedSources/arm64 -Xcc -I/Users/admin/builder/spi-builder-workspace/.derivedData/Build/Intermediates.noindex/StoryUI.build/Debug-appletvos/StoryUI-t.build/DerivedSources -Xcc -DSWIFT_PACKAGE -Xcc -DDEBUG\=1 -no-auto-bridging-header-chaining -module-name StoryUI -const-gather-protocols-file /Users/admin/builder/spi-builder-workspace/.derivedData/Build/Intermediates.noindex/StoryUI.build/Debug-appletvos/StoryUI-t.build/Objects-normal/arm64/StoryUI_const_extract_protocols.json -disable-clang-spi -clang-target arm64-apple-tvos27.0 -target-sdk-version 27.0 -target-sdk-name appletvos27.0 -in-process-plugin-server-path /Applications/Xcode-27.0.0-Release.Candidate.app/Contents/Developer/Toolchains/XcodeDefault.xctoolchain/usr/lib/swift/host/libSwiftInProcPluginServer.dylib -parse-as-library -o /Users/admin/builder/spi-builder-workspace/.derivedData/Build/Intermediates.noindex/StoryUI.build/Debug-appletvos/StoryUI-t.build/Objects-normal/arm64/UIApplication+Extension.o -o /Users/admin/builder/spi-builder-workspace/.derivedData/Build/Intermediates.noindex/StoryUI.build/Debug-appletvos/StoryUI-t.build/Objects-normal/arm64/CacheManager.o -o /Users/admin/builder/spi-builder-workspace/.derivedData/Build/Intermediates.noindex/StoryUI.build/Debug-appletvos/StoryUI-t.build/Objects-normal/arm64/KeyboardManager.o -debug-module-path /Users/admin/builder/spi-builder-workspace/.derivedData/Build/Intermediates.noindex/StoryUI.build/Debug-appletvos/StoryUI-t.build/Objects-normal/arm64/StoryUI.swiftmodule -index-unit-output-path /StoryUI.build/Debug-appletvos/StoryUI-t.build/Objects-normal/arm64/UIApplication+Extension.o -index-unit-output-path /StoryUI.build/Debug-appletvos/StoryUI-t.build/Objects-normal/arm64/CacheManager.o -index-unit-output-path /StoryUI.build/Debug-appletvos/StoryUI-t.build/Objects-normal/arm64/KeyboardManager.o -index-store-path /Users/admin/builder/spi-builder-workspace/.derivedData/Index.noindex/DataStore -index-system-modules
SwiftCompile normal arm64 /Users/admin/builder/spi-builder-workspace/Sources/StoryUI/Helper/Extension/UIApplication+Extension.swift (in target 'StoryUI' from project 'StoryUI')
    cd /Users/admin/builder/spi-builder-workspace/.swiftpm/xcode
    builtin-SwiftPerFileCompile UIApplication+Extension.swift
SwiftCompile normal arm64 /Users/admin/builder/spi-builder-workspace/Sources/StoryUI/Helper/Managers/CacheManager.swift (in target 'StoryUI' from project 'StoryUI')
    cd /Users/admin/builder/spi-builder-workspace/.swiftpm/xcode
    builtin-SwiftPerFileCompile CacheManager.swift
SwiftCompile normal arm64 /Users/admin/builder/spi-builder-workspace/Sources/StoryUI/Helper/Managers/KeyboardManager.swift (in target 'StoryUI' from project 'StoryUI')
    cd /Users/admin/builder/spi-builder-workspace/.swiftpm/xcode
    builtin-SwiftPerFileCompile KeyboardManager.swift
SwiftCompile normal arm64 Compiling\ MessageView.swift,\ ProgressBarView.swift /Users/admin/builder/spi-builder-workspace/Sources/StoryUI/View/PrivateView/MessageView.swift /Users/admin/builder/spi-builder-workspace/Sources/StoryUI/View/PrivateView/ProgressBarView.swift (in target 'StoryUI' from project 'StoryUI')
SwiftCompile normal arm64 /Users/admin/builder/spi-builder-workspace/Sources/StoryUI/View/PrivateView/MessageView.swift (in target 'StoryUI' from project 'StoryUI')
    cd /Users/admin/builder/spi-builder-workspace/.swiftpm/xcode
    builtin-SwiftPerFileCompile MessageView.swift
SwiftCompile normal arm64 /Users/admin/builder/spi-builder-workspace/Sources/StoryUI/View/PrivateView/ProgressBarView.swift (in target 'StoryUI' from project 'StoryUI')
    cd /Users/admin/builder/spi-builder-workspace/.swiftpm/xcode
    builtin-SwiftPerFileCompile ProgressBarView.swift
SwiftCompile normal arm64 Compiling\ Story.swift,\ StoryUIModel.swift,\ StoryUIUser.swift /Users/admin/builder/spi-builder-workspace/Sources/StoryUI/Model/Story.swift /Users/admin/builder/spi-builder-workspace/Sources/StoryUI/Model/StoryUIModel.swift /Users/admin/builder/spi-builder-workspace/Sources/StoryUI/Model/StoryUIUser.swift (in target 'StoryUI' from project 'StoryUI')
SwiftCompile normal arm64 /Users/admin/builder/spi-builder-workspace/Sources/StoryUI/Model/Story.swift (in target 'StoryUI' from project 'StoryUI')
    cd /Users/admin/builder/spi-builder-workspace/.swiftpm/xcode
    builtin-SwiftPerFileCompile Story.swift
SwiftCompile normal arm64 /Users/admin/builder/spi-builder-workspace/Sources/StoryUI/Model/StoryUIModel.swift (in target 'StoryUI' from project 'StoryUI')
    cd /Users/admin/builder/spi-builder-workspace/.swiftpm/xcode
    builtin-SwiftPerFileCompile StoryUIModel.swift
SwiftCompile normal arm64 /Users/admin/builder/spi-builder-workspace/Sources/StoryUI/Model/StoryUIUser.swift (in target 'StoryUI' from project 'StoryUI')
    cd /Users/admin/builder/spi-builder-workspace/.swiftpm/xcode
    builtin-SwiftPerFileCompile StoryUIUser.swift
SwiftCompile normal arm64 Compiling\ StoryDetailView.swift,\ UserView.swift /Users/admin/builder/spi-builder-workspace/Sources/StoryUI/View/PrivateView/StoryDetailView.swift /Users/admin/builder/spi-builder-workspace/Sources/StoryUI/View/PrivateView/UserView.swift (in target 'StoryUI' from project 'StoryUI')
macro expansion @State:1:13: warning: cannot use generic class 'Autoconnect' in a property declaration member of a type not marked '@_implementationOnly'; 'Combine' was not imported by this file
`- /Users/admin/builder/spi-builder-workspace/Sources/StoryUI/View/PrivateView/StoryDetailView.swift:18:87: note: expanded code originates here
 16 |     @Binding var isPresented: Bool
 17 |
 18 |     @State var timer = Timer.publish(every: 0.1, on: .main, in: .common).autoconnect()
    |     `- note: in expansion of macro 'State' on property 'timer' here
    +--- macro expansion @State ----------------------------------------
    |1 | private var _timer = SwiftUICore.State(initialValue: Timer.publish(every: 0.1, on: .main, in: .common).autoconnect())
    |  |             `- warning: cannot use generic class 'Autoconnect' in a property declaration member of a type not marked '@_implementationOnly'; 'Combine' was not imported by this file
    |2 |
    |3 | @SwiftUICore._PropertyWrapperProjectedValue
    +-------------------------------------------------------------------
 19 |     @State var timerProgress: CGFloat = 0
 20 |
Combine.Publishers.Autoconnect:2:14: note: generic class declared here
 1 | enum Publishers {
 2 | public class Autoconnect<Upstream> : Publisher where Upstream : ConnectablePublisher {
   |              `- note: generic class declared here
 3 |     public typealias Output = Upstream.Output
 4 |     public typealias Failure = Upstream.Failure
macro expansion @State:1:13: warning: cannot use enum 'Publishers' in a property declaration member of a type not marked '@_implementationOnly'; 'Combine' was not imported by this file
`- /Users/admin/builder/spi-builder-workspace/Sources/StoryUI/View/PrivateView/StoryDetailView.swift:18:87: note: expanded code originates here
 16 |     @Binding var isPresented: Bool
 17 |
 18 |     @State var timer = Timer.publish(every: 0.1, on: .main, in: .common).autoconnect()
    |     `- note: in expansion of macro 'State' on property 'timer' here
    +--- macro expansion @State ----------------------------------------
    |1 | private var _timer = SwiftUICore.State(initialValue: Timer.publish(every: 0.1, on: .main, in: .common).autoconnect())
    |  |             `- warning: cannot use enum 'Publishers' in a property declaration member of a type not marked '@_implementationOnly'; 'Combine' was not imported by this file
    |2 |
    |3 | @SwiftUICore._PropertyWrapperProjectedValue
    +-------------------------------------------------------------------
 19 |     @State var timerProgress: CGFloat = 0
 20 |
Combine.Publishers:2:13: note: enum declared here
1 | @available(macOS 10.15, iOS 13.0, tvOS 13.0, watchOS 6.0, *)
2 | public enum Publishers {
  |             `- note: enum declared here
3 | }
/Users/admin/builder/spi-builder-workspace/Sources/StoryUI/View/PrivateView/StoryDetailView.swift:136:22: warning: 'animation' was deprecated in tvOS 15.0: Use withAnimation or animation(_:value:) instead. [#DeprecatedDeclaration]
134 |                         userClosure: userClosure
135 |                     )
136 |                     .animation(messageViewPosition == 0 ? .none : .easeOut)
    |                      `- warning: 'animation' was deprecated in tvOS 15.0: Use withAnimation or animation(_:value:) instead. [#DeprecatedDeclaration]
137 |                     .offset(y: emojiViewPosition)
138 |                     .opacity(messageViewPosition == 0 ? 0 : 1)
/Users/admin/builder/spi-builder-workspace/Sources/StoryUI/View/PrivateView/StoryDetailView.swift:162:39: warning: non-constant range: not an integer range
160 |         VStack {
161 |             HStack(spacing: Constant.progressBarSpacing) {
162 |                 ForEach(model.stories.indices) { index in
    |                                       `- warning: non-constant range: not an integer range
163 |                     ProgressBarView(
164 |                         timerProgress: timerProgress,
/Users/admin/builder/spi-builder-workspace/Sources/StoryUI/View/PrivateView/StoryDetailView.swift:190:10: warning: 'animation' was deprecated in tvOS 15.0: Use withAnimation or animation(_:value:) instead. [#DeprecatedDeclaration]
188 |         )
189 |         .padding()
190 |         .animation(messageViewPosition == 0 ? .none : .easeOut)
    |          `- warning: 'animation' was deprecated in tvOS 15.0: Use withAnimation or animation(_:value:) instead. [#DeprecatedDeclaration]
191 |         .offset(y: messageViewPosition)
192 |     }
/Users/admin/builder/spi-builder-workspace/Sources/StoryUI/View/PrivateView/StoryDetailView.swift:199:18: error: 'onTapGesture(count:perform:)' is only available in tvOS 16.0 or newer
 91 |
 92 | // MARK: Private Configuration
 93 | private extension StoryDetailView {
    |         `- note: add '@available' attribute to enclosing extension
 94 |
 95 |     @ViewBuilder
    :
193 |
194 |     @ViewBuilder
195 |     func tapStory() -> some View {
    |          `- note: add '@available' attribute to enclosing instance method
196 |         HStack {
197 |             Rectangle()
198 |                 .fill(.black.opacity(0.01))
199 |                 .onTapGesture {
    |                  |- error: 'onTapGesture(count:perform:)' is only available in tvOS 16.0 or newer
    |                  `- note: add 'if #available' version check
200 |                     tapPreviousStory()
201 |                 }
/Users/admin/builder/spi-builder-workspace/Sources/StoryUI/View/PrivateView/StoryDetailView.swift:204:18: error: 'onTapGesture(count:perform:)' is only available in tvOS 16.0 or newer
 91 |
 92 | // MARK: Private Configuration
 93 | private extension StoryDetailView {
    |         `- note: add '@available' attribute to enclosing extension
 94 |
 95 |     @ViewBuilder
    :
193 |
194 |     @ViewBuilder
195 |     func tapStory() -> some View {
    |          `- note: add '@available' attribute to enclosing instance method
196 |         HStack {
197 |             Rectangle()
    :
202 |             Rectangle()
203 |                 .fill(.black.opacity(0.01))
204 |                 .onTapGesture {
    |                  |- error: 'onTapGesture(count:perform:)' is only available in tvOS 16.0 or newer
    |                  `- note: add 'if #available' version check
205 |                     tapNextStory()
206 |                 }
/Users/admin/builder/spi-builder-workspace/Sources/StoryUI/View/PrivateView/UserView.swift:35:18: error: 'onTapGesture(count:perform:)' is only available in tvOS 16.0 or newer
 8 | import SwiftUI
 9 |
10 | struct UserView: View {
   |        `- note: add '@available' attribute to enclosing struct
11 |
12 |     var image: String
   :
16 |     @Binding var isPresented: Bool
17 |
18 |     var body: some View {
   |         `- note: add '@available' attribute to enclosing property
19 |         HStack(spacing: Constant.UserView.hStackSpace) {
20 |             CacheAsyncImage(urlString: image)
   :
33 |                 .font(.title)
34 |                 .foregroundColor(.white)
35 |                 .onTapGesture {
   |                  |- error: 'onTapGesture(count:perform:)' is only available in tvOS 16.0 or newer
   |                  `- note: add 'if #available' version check
36 |                     NotificationCenter.default.post(name: .replaceCurrentItem, object: nil)
37 |                     isPresented = false
[#DeprecatedDeclaration]: <https://docs.swift.org/compiler/documentation/diagnostics/deprecated-declaration>
SwiftCompile normal arm64 /Users/admin/builder/spi-builder-workspace/Sources/StoryUI/View/PrivateView/StoryDetailView.swift (in target 'StoryUI' from project 'StoryUI')
    cd /Users/admin/builder/spi-builder-workspace/.swiftpm/xcode
    builtin-SwiftPerFileCompile StoryDetailView.swift
SwiftCompile normal arm64 /Users/admin/builder/spi-builder-workspace/Sources/StoryUI/View/PrivateView/UserView.swift (in target 'StoryUI' from project 'StoryUI')
    cd /Users/admin/builder/spi-builder-workspace/.swiftpm/xcode
    builtin-SwiftPerFileCompile UserView.swift
SwiftDriverJobDiscovery normal arm64 Emitting module for StoryUI (in target 'StoryUI' from project 'StoryUI')
SwiftDriver\ Compilation\ Requirements StoryUI normal arm64 com.apple.xcode.tools.swift.compiler (in target 'StoryUI' from project 'StoryUI')
    cd /Users/admin/builder/spi-builder-workspace/.swiftpm/xcode
    builtin-Swift-Compilation-Requirements -- /Applications/Xcode-27.0.0-Release.Candidate.app/Contents/Developer/Toolchains/XcodeDefault.xctoolchain/usr/bin/swiftc -parse-as-library -module-name StoryUI -Onone @/Users/admin/builder/spi-builder-workspace/.derivedData/Build/Intermediates.noindex/StoryUI.build/Debug-appletvos/StoryUI-t.build/Objects-normal/arm64/StoryUI.SwiftFileList -DSWIFT_PACKAGE -DDEBUG -DSWIFT_MODULE_RESOURCE_BUNDLE_UNAVAILABLE -DXcode -plugin-path /Applications/Xcode-27.0.0-Release.Candidate.app/Contents/Developer/Toolchains/XcodeDefault.xctoolchain/usr/lib/swift/host/plugins/testing -enable-experimental-feature DebugDescriptionMacro -sdk /Applications/Xcode-27.0.0-Release.Candidate.app/Contents/Developer/Platforms/AppleTVOS.platform/Developer/SDKs/AppleTVOS27.0.sdk -target arm64-apple-tvos15.0 -g -module-cache-path /Users/admin/builder/spi-builder-workspace/.derivedData/ModuleCache.noindex -Xfrontend -serialize-debugging-options -profile-coverage-mapping -profile-generate -enable-testing -index-store-path /Users/admin/builder/spi-builder-workspace/.derivedData/Index.noindex/DataStore -Xcc -D_LIBCPP_HARDENING_MODE\=_LIBCPP_HARDENING_MODE_DEBUG -swift-version 5 -I /Users/admin/builder/spi-builder-workspace/.derivedData/Build/Products/Debug-appletvos -Isystem /Applications/Xcode-27.0.0-Release.Candidate.app/Contents/Developer/Platforms/AppleTVOS.platform/Developer/usr/lib -F /Users/admin/builder/spi-builder-workspace/.derivedData/Build/Products/Debug-appletvos -F /Applications/Xcode-27.0.0-Release.Candidate.app/Contents/Developer/Platforms/AppleTVOS.platform/Developer/Library/Frameworks -F /Applications/Xcode-27.0.0-Release.Candidate.app/Contents/Developer/Platforms/AppleTVOS.platform/Developer/SDKs/AppleTVOS27.0.sdk/Developer/Library/Frameworks -c -j10 -enable-batch-mode -incremental -Xcc -ivfsstatcache -Xcc /Users/admin/builder/spi-builder-workspace/.derivedData/SDKStatCaches.noindex/appletvos27.0-24J360-e829b21a6f8c9b70876ba0858053c044b32bfd8d43560033f8d89884cdb90028.sdkstatcache -output-file-map /Users/admin/builder/spi-builder-workspace/.derivedData/Build/Intermediates.noindex/StoryUI.build/Debug-appletvos/StoryUI-t.build/Objects-normal/arm64/StoryUI-OutputFileMap.json -save-temps -no-color-diagnostics -explicit-module-build -module-cache-path /Users/admin/builder/spi-builder-workspace/.derivedData/Build/Intermediates.noindex/SwiftExplicitPrecompiledModules -clang-scanner-module-cache-path /Users/admin/builder/spi-builder-workspace/.derivedData/ModuleCache.noindex -sdk-module-cache-path /Users/admin/builder/spi-builder-workspace/.derivedData/SDKExplicitPrecompiledModules -emit-dependencies -emit-module -emit-module-path /Users/admin/builder/spi-builder-workspace/.derivedData/Build/Intermediates.noindex/StoryUI.build/Debug-appletvos/StoryUI-t.build/Objects-normal/arm64/StoryUI.swiftmodule -serialize-diagnostics -dependency-scan-serialize-diagnostics-path /Users/admin/builder/spi-builder-workspace/.derivedData/Build/Intermediates.noindex/StoryUI.build/Debug-appletvos/StoryUI-t.build/Objects-normal/arm64/StoryUI-dependency-scan.dia -validate-clang-modules-once -clang-build-session-file /Users/admin/builder/spi-builder-workspace/.derivedData/ModuleCache.noindex/Session.modulevalidation -Xcc -fmodules-prune-interval\=86400 -Xcc -fmodules-prune-after\=345600 -emit-const-values -const-gather-protocols-list /Users/admin/builder/spi-builder-workspace/.derivedData/Build/Intermediates.noindex/StoryUI.build/Debug-appletvos/StoryUI-t.build/Objects-normal/arm64/StoryUI_const_extract_protocols.json -Xcc -I/Users/admin/builder/spi-builder-workspace/.derivedData/Build/Products/Debug-appletvos/include -Xcc -I/Users/admin/builder/spi-builder-workspace/.derivedData/Build/Intermediates.noindex/StoryUI.build/Debug-appletvos/StoryUI-t.build/DerivedSources-normal/arm64 -Xcc -I/Users/admin/builder/spi-builder-workspace/.derivedData/Build/Intermediates.noindex/StoryUI.build/Debug-appletvos/StoryUI-t.build/DerivedSources/arm64 -Xcc -I/Users/admin/builder/spi-builder-workspace/.derivedData/Build/Intermediates.noindex/StoryUI.build/Debug-appletvos/StoryUI-t.build/DerivedSources -Xcc -DSWIFT_PACKAGE -Xcc -DDEBUG\=1 -emit-objc-header -emit-objc-header-path /Users/admin/builder/spi-builder-workspace/.derivedData/Build/Intermediates.noindex/StoryUI.build/Debug-appletvos/StoryUI-t.build/Objects-normal/arm64/StoryUI-Swift.h -working-directory /Users/admin/builder/spi-builder-workspace/.swiftpm/xcode -experimental-emit-module-separately -disable-cmo
SwiftDriverJobDiscovery normal arm64 Compiling StoryConfiguration.swift, StoryInteractionConfig.swift, Typealias.swift (in target 'StoryUI' from project 'StoryUI')
SwiftDriverJobDiscovery normal arm64 Compiling Story.swift, StoryUIModel.swift, StoryUIUser.swift (in target 'StoryUI' from project 'StoryUI')
SwiftMergeGeneratedHeaders /Users/admin/builder/spi-builder-workspace/.derivedData/Build/Intermediates.noindex/GeneratedModuleMaps-appletvos/StoryUI-Swift.h /Users/admin/builder/spi-builder-workspace/.derivedData/Build/Intermediates.noindex/StoryUI.build/Debug-appletvos/StoryUI-t.build/Objects-normal/arm64/StoryUI-Swift.h (in target 'StoryUI' from project 'StoryUI')
    cd /Users/admin/builder/spi-builder-workspace
    builtin-swiftHeaderTool -arch arm64 /Users/admin/builder/spi-builder-workspace/.derivedData/Build/Intermediates.noindex/StoryUI.build/Debug-appletvos/StoryUI-t.build/Objects-normal/arm64/StoryUI-Swift.h -o /Users/admin/builder/spi-builder-workspace/.derivedData/Build/Intermediates.noindex/GeneratedModuleMaps-appletvos/StoryUI-Swift.h
Copy /Users/admin/builder/spi-builder-workspace/.derivedData/Build/Products/Debug-appletvos/StoryUI.swiftmodule/arm64-apple-tvos.swiftmodule /Users/admin/builder/spi-builder-workspace/.derivedData/Build/Intermediates.noindex/StoryUI.build/Debug-appletvos/StoryUI-t.build/Objects-normal/arm64/StoryUI.swiftmodule (in target 'StoryUI' from project 'StoryUI')
    cd /Users/admin/builder/spi-builder-workspace
    builtin-copy -exclude .DS_Store -exclude CVS -exclude .svn -exclude .git -exclude .hg -resolve-src-symlinks -rename /Users/admin/builder/spi-builder-workspace/.derivedData/Build/Intermediates.noindex/StoryUI.build/Debug-appletvos/StoryUI-t.build/Objects-normal/arm64/StoryUI.swiftmodule /Users/admin/builder/spi-builder-workspace/.derivedData/Build/Products/Debug-appletvos/StoryUI.swiftmodule/arm64-apple-tvos.swiftmodule
Copy /Users/admin/builder/spi-builder-workspace/.derivedData/Build/Products/Debug-appletvos/StoryUI.swiftmodule/arm64-apple-tvos.swiftdoc /Users/admin/builder/spi-builder-workspace/.derivedData/Build/Intermediates.noindex/StoryUI.build/Debug-appletvos/StoryUI-t.build/Objects-normal/arm64/StoryUI.swiftdoc (in target 'StoryUI' from project 'StoryUI')
    cd /Users/admin/builder/spi-builder-workspace
    builtin-copy -exclude .DS_Store -exclude CVS -exclude .svn -exclude .git -exclude .hg -resolve-src-symlinks -rename /Users/admin/builder/spi-builder-workspace/.derivedData/Build/Intermediates.noindex/StoryUI.build/Debug-appletvos/StoryUI-t.build/Objects-normal/arm64/StoryUI.swiftdoc /Users/admin/builder/spi-builder-workspace/.derivedData/Build/Products/Debug-appletvos/StoryUI.swiftmodule/arm64-apple-tvos.swiftdoc
Copy /Users/admin/builder/spi-builder-workspace/.derivedData/Build/Products/Debug-appletvos/StoryUI.swiftmodule/arm64-apple-tvos.abi.json /Users/admin/builder/spi-builder-workspace/.derivedData/Build/Intermediates.noindex/StoryUI.build/Debug-appletvos/StoryUI-t.build/Objects-normal/arm64/StoryUI.abi.json (in target 'StoryUI' from project 'StoryUI')
    cd /Users/admin/builder/spi-builder-workspace
    builtin-copy -exclude .DS_Store -exclude CVS -exclude .svn -exclude .git -exclude .hg -resolve-src-symlinks -rename /Users/admin/builder/spi-builder-workspace/.derivedData/Build/Intermediates.noindex/StoryUI.build/Debug-appletvos/StoryUI-t.build/Objects-normal/arm64/StoryUI.abi.json /Users/admin/builder/spi-builder-workspace/.derivedData/Build/Products/Debug-appletvos/StoryUI.swiftmodule/arm64-apple-tvos.abi.json
Copy /Users/admin/builder/spi-builder-workspace/.derivedData/Build/Products/Debug-appletvos/StoryUI.swiftmodule/Project/arm64-apple-tvos.swiftsourceinfo /Users/admin/builder/spi-builder-workspace/.derivedData/Build/Intermediates.noindex/StoryUI.build/Debug-appletvos/StoryUI-t.build/Objects-normal/arm64/StoryUI.swiftsourceinfo (in target 'StoryUI' from project 'StoryUI')
    cd /Users/admin/builder/spi-builder-workspace
    builtin-copy -exclude .DS_Store -exclude CVS -exclude .svn -exclude .git -exclude .hg -resolve-src-symlinks -rename /Users/admin/builder/spi-builder-workspace/.derivedData/Build/Intermediates.noindex/StoryUI.build/Debug-appletvos/StoryUI-t.build/Objects-normal/arm64/StoryUI.swiftsourceinfo /Users/admin/builder/spi-builder-workspace/.derivedData/Build/Products/Debug-appletvos/StoryUI.swiftmodule/Project/arm64-apple-tvos.swiftsourceinfo
SwiftDriverJobDiscovery normal arm64 Compiling EmojiReactionView.swift, EmojiView.swift (in target 'StoryUI' from project 'StoryUI')
SwiftDriverJobDiscovery normal arm64 Compiling MessageView.swift, ProgressBarView.swift (in target 'StoryUI' from project 'StoryUI')
SwiftDriverJobDiscovery normal arm64 Compiling Enums.swift, NSNotification-Extension.swift, TextField+Extension.swift (in target 'StoryUI' from project 'StoryUI')
PruneExplicitPrecompiledModules /Users/admin/builder/spi-builder-workspace/.derivedData/Build/Intermediates.noindex/SwiftExplicitPrecompiledModules
PruneExplicitPrecompiledModules /Users/admin/builder/spi-builder-workspace/.derivedData/SDKExplicitPrecompiledModules
PruneExplicitPrecompiledModules /Users/admin/builder/spi-builder-workspace/.derivedData/Build/Intermediates.noindex/ExplicitPrecompiledModules
2026-09-22 00:26:13.642 xcodebuild[682:4240] [MT] IDERunDestination: Supported platforms for the buildables in the current scheme is empty.
2026-09-22 00:26:13.786 xcodebuild[682:4240] [MT] IDERunDestination: Supported platforms for the buildables in the current scheme is empty.
** BUILD FAILED **
The following build commands failed:
	SwiftCompile normal arm64 Compiling\ UIApplication+Extension.swift,\ CacheManager.swift,\ KeyboardManager.swift /Users/admin/builder/spi-builder-workspace/Sources/StoryUI/Helper/Extension/UIApplication+Extension.swift /Users/admin/builder/spi-builder-workspace/Sources/StoryUI/Helper/Managers/CacheManager.swift /Users/admin/builder/spi-builder-workspace/Sources/StoryUI/Helper/Managers/KeyboardManager.swift (in target 'StoryUI' from project 'StoryUI')
	SwiftCompile normal arm64 /Users/admin/builder/spi-builder-workspace/Sources/StoryUI/Helper/Managers/KeyboardManager.swift (in target 'StoryUI' from project 'StoryUI')
	Building workspace StoryUI with scheme StoryUI
(3 failures)
Command line invocation:
    /Applications/Xcode-27.0.0-Release.Candidate.app/Contents/Developer/usr/bin/xcodebuild -IDEClonedSourcePackagesDirPathOverride=/Users/admin/builder/spi-builder-workspace/.dependencies -resolvePackageDependencies
Resolve Package Graph
Resolved source packages:
  StoryUI: /Users/admin/builder/spi-builder-workspace
resolved source packages: StoryUI
2026-09-22 00:26:23.735 xcodebuild[782:4672] [MT] IDERunDestination: Supported platforms for the buildables in the current scheme is empty.
2026-09-22 00:26:23.836 xcodebuild[782:4672] [MT] IDERunDestination: Supported platforms for the buildables in the current scheme is empty.
{
  "dependencies" : [
  ],
  "manifest_display_name" : "StoryUI",
  "name" : "StoryUI",
  "path" : "/Users/admin/builder/spi-builder-workspace",
  "platforms" : [
    {
      "name" : "ios",
      "version" : "14.0"
    }
  ],
  "products" : [
    {
      "name" : "StoryUI",
      "targets" : [
        "StoryUI"
      ],
      "type" : {
        "library" : [
          "automatic"
        ]
      }
    }
  ],
  "targets" : [
    {
      "c99name" : "StoryUITests",
      "module_type" : "SwiftTarget",
      "name" : "StoryUITests",
      "path" : "Tests/StoryUITests",
      "sources" : [
        "StoryUITests.swift"
      ],
      "target_dependencies" : [
        "StoryUI"
      ],
      "type" : "test"
    },
    {
      "c99name" : "StoryUI",
      "module_type" : "SwiftTarget",
      "name" : "StoryUI",
      "path" : "Sources/StoryUI",
      "product_memberships" : [
        "StoryUI"
      ],
      "sources" : [
        "Configuration/StoryConfiguration.swift",
        "Configuration/StoryInteractionConfig.swift",
        "Configuration/Typealias.swift",
        "Helper/Component/CacheAsyncImage/CacheAsyncImage.swift",
        "Helper/Component/Image/ImageLoader.swift",
        "Helper/Component/Image/ImageView.swift",
        "Helper/Component/Video/VideoLoader.swift",
        "Helper/Component/Video/VideoView.swift",
        "Helper/Constant/Constant.swift",
        "Helper/Enum/Enums.swift",
        "Helper/Extension/NSNotification-Extension.swift",
        "Helper/Extension/TextField+Extension.swift",
        "Helper/Extension/UIApplication+Extension.swift",
        "Helper/Managers/CacheManager.swift",
        "Helper/Managers/KeyboardManager.swift",
        "Model/Story.swift",
        "Model/StoryUIModel.swift",
        "Model/StoryUIUser.swift",
        "View/PrivateView/EmojiReactionView.swift",
        "View/PrivateView/EmojiView.swift",
        "View/PrivateView/MessageView.swift",
        "View/PrivateView/ProgressBarView.swift",
        "View/PrivateView/StoryDetailView.swift",
        "View/PrivateView/UserView.swift",
        "View/StoryView.swift",
        "ViewModel/StoryViewModel.swift"
      ],
      "type" : "library"
    }
  ],
  "tools_version" : "5.6"
}
{
  "workspace" : {
    "name" : "StoryUI",
    "schemes" : [
      "StoryUI"
    ]
  }
}
2026-09-22 00:26:25.025 xcodebuild[790:4740] [MT] IDERunDestination: Supported platforms for the buildables in the current scheme is empty.
2026-09-22 00:26:25.124 xcodebuild[790:4740] [MT] IDERunDestination: Supported platforms for the buildables in the current scheme is empty.
Running build ...
env DEVELOPER_DIR=/Applications/Xcode-27.0.0-Release.Candidate.app xcrun xcodebuild -IDEClonedSourcePackagesDirPathOverride=$PWD/.dependencies -skipMacroValidation -skipPackagePluginValidation -derivedDataPath $PWD/.derivedData build -scheme StoryUI -destination generic/platform=tvOS
Command line invocation:
    /Applications/Xcode-27.0.0-Release.Candidate.app/Contents/Developer/usr/bin/xcodebuild -IDEClonedSourcePackagesDirPathOverride=/Users/admin/builder/spi-builder-workspace/.dependencies -skipMacroValidation -skipPackagePluginValidation -derivedDataPath /Users/admin/builder/spi-builder-workspace/.derivedData build -scheme StoryUI -destination generic/platform=tvOS
Resolve Package Graph
Resolved source packages:
  StoryUI: /Users/admin/builder/spi-builder-workspace
ComputePackagePrebuildTargetDependencyGraph
Prepare packages
CreateBuildRequest
SendProjectDescription
CreateBuildOperation
ComputeTargetDependencyGraph
note: Building targets in dependency order
note: Target dependency graph (2 targets)
    Target 'StoryUI-product' in project 'StoryUI'
        ➜ Explicit dependency on target 'StoryUI' in project 'StoryUI'
    Target 'StoryUI' in project 'StoryUI' (no dependencies)
GatherProvisioningInputs
CreateBuildDescription
ClangStatCache /Applications/Xcode-27.0.0-Release.Candidate.app/Contents/Developer/Toolchains/XcodeDefault.xctoolchain/usr/bin/clang-stat-cache /Applications/Xcode-27.0.0-Release.Candidate.app/Contents/Developer/Platforms/AppleTVOS.platform/Developer/SDKs/AppleTVOS27.0.sdk /Users/admin/builder/spi-builder-workspace/.derivedData/SDKStatCaches.noindex/appletvos27.0-24J360-e829b21a6f8c9b70876ba0858053c044b32bfd8d43560033f8d89884cdb90028.sdkstatcache
    cd /Users/admin/builder/spi-builder-workspace/.swiftpm/xcode
    /Applications/Xcode-27.0.0-Release.Candidate.app/Contents/Developer/Toolchains/XcodeDefault.xctoolchain/usr/bin/clang-stat-cache /Applications/Xcode-27.0.0-Release.Candidate.app/Contents/Developer/Platforms/AppleTVOS.platform/Developer/SDKs/AppleTVOS27.0.sdk -o /Users/admin/builder/spi-builder-workspace/.derivedData/SDKStatCaches.noindex/appletvos27.0-24J360-e829b21a6f8c9b70876ba0858053c044b32bfd8d43560033f8d89884cdb90028.sdkstatcache
SwiftDriver StoryUI normal arm64 com.apple.xcode.tools.swift.compiler (in target 'StoryUI' from project 'StoryUI')
    cd /Users/admin/builder/spi-builder-workspace/.swiftpm/xcode
    builtin-SwiftDriver -- /Applications/Xcode-27.0.0-Release.Candidate.app/Contents/Developer/Toolchains/XcodeDefault.xctoolchain/usr/bin/swiftc -parse-as-library -module-name StoryUI -Onone @/Users/admin/builder/spi-builder-workspace/.derivedData/Build/Intermediates.noindex/StoryUI.build/Debug-appletvos/StoryUI-t.build/Objects-normal/arm64/StoryUI.SwiftFileList -DSWIFT_PACKAGE -DDEBUG -DSWIFT_MODULE_RESOURCE_BUNDLE_UNAVAILABLE -DXcode -plugin-path /Applications/Xcode-27.0.0-Release.Candidate.app/Contents/Developer/Toolchains/XcodeDefault.xctoolchain/usr/lib/swift/host/plugins/testing -enable-experimental-feature DebugDescriptionMacro -sdk /Applications/Xcode-27.0.0-Release.Candidate.app/Contents/Developer/Platforms/AppleTVOS.platform/Developer/SDKs/AppleTVOS27.0.sdk -target arm64-apple-tvos15.0 -g -module-cache-path /Users/admin/builder/spi-builder-workspace/.derivedData/ModuleCache.noindex -Xfrontend -serialize-debugging-options -profile-coverage-mapping -profile-generate -enable-testing -index-store-path /Users/admin/builder/spi-builder-workspace/.derivedData/Index.noindex/DataStore -Xcc -D_LIBCPP_HARDENING_MODE\=_LIBCPP_HARDENING_MODE_DEBUG -swift-version 5 -I /Users/admin/builder/spi-builder-workspace/.derivedData/Build/Products/Debug-appletvos -Isystem /Applications/Xcode-27.0.0-Release.Candidate.app/Contents/Developer/Platforms/AppleTVOS.platform/Developer/usr/lib -F /Users/admin/builder/spi-builder-workspace/.derivedData/Build/Products/Debug-appletvos -F /Applications/Xcode-27.0.0-Release.Candidate.app/Contents/Developer/Platforms/AppleTVOS.platform/Developer/Library/Frameworks -F /Applications/Xcode-27.0.0-Release.Candidate.app/Contents/Developer/Platforms/AppleTVOS.platform/Developer/SDKs/AppleTVOS27.0.sdk/Developer/Library/Frameworks -c -j10 -enable-batch-mode -incremental -Xcc -ivfsstatcache -Xcc /Users/admin/builder/spi-builder-workspace/.derivedData/SDKStatCaches.noindex/appletvos27.0-24J360-e829b21a6f8c9b70876ba0858053c044b32bfd8d43560033f8d89884cdb90028.sdkstatcache -output-file-map /Users/admin/builder/spi-builder-workspace/.derivedData/Build/Intermediates.noindex/StoryUI.build/Debug-appletvos/StoryUI-t.build/Objects-normal/arm64/StoryUI-OutputFileMap.json -save-temps -no-color-diagnostics -explicit-module-build -module-cache-path /Users/admin/builder/spi-builder-workspace/.derivedData/Build/Intermediates.noindex/SwiftExplicitPrecompiledModules -clang-scanner-module-cache-path /Users/admin/builder/spi-builder-workspace/.derivedData/ModuleCache.noindex -sdk-module-cache-path /Users/admin/builder/spi-builder-workspace/.derivedData/SDKExplicitPrecompiledModules -emit-dependencies -emit-module -emit-module-path /Users/admin/builder/spi-builder-workspace/.derivedData/Build/Intermediates.noindex/StoryUI.build/Debug-appletvos/StoryUI-t.build/Objects-normal/arm64/StoryUI.swiftmodule -serialize-diagnostics -dependency-scan-serialize-diagnostics-path /Users/admin/builder/spi-builder-workspace/.derivedData/Build/Intermediates.noindex/StoryUI.build/Debug-appletvos/StoryUI-t.build/Objects-normal/arm64/StoryUI-dependency-scan.dia -validate-clang-modules-once -clang-build-session-file /Users/admin/builder/spi-builder-workspace/.derivedData/ModuleCache.noindex/Session.modulevalidation -Xcc -fmodules-prune-interval\=86400 -Xcc -fmodules-prune-after\=345600 -emit-const-values -const-gather-protocols-list /Users/admin/builder/spi-builder-workspace/.derivedData/Build/Intermediates.noindex/StoryUI.build/Debug-appletvos/StoryUI-t.build/Objects-normal/arm64/StoryUI_const_extract_protocols.json -Xcc -I/Users/admin/builder/spi-builder-workspace/.derivedData/Build/Products/Debug-appletvos/include -Xcc -I/Users/admin/builder/spi-builder-workspace/.derivedData/Build/Intermediates.noindex/StoryUI.build/Debug-appletvos/StoryUI-t.build/DerivedSources-normal/arm64 -Xcc -I/Users/admin/builder/spi-builder-workspace/.derivedData/Build/Intermediates.noindex/StoryUI.build/Debug-appletvos/StoryUI-t.build/DerivedSources/arm64 -Xcc -I/Users/admin/builder/spi-builder-workspace/.derivedData/Build/Intermediates.noindex/StoryUI.build/Debug-appletvos/StoryUI-t.build/DerivedSources -Xcc -DSWIFT_PACKAGE -Xcc -DDEBUG\=1 -emit-objc-header -emit-objc-header-path /Users/admin/builder/spi-builder-workspace/.derivedData/Build/Intermediates.noindex/StoryUI.build/Debug-appletvos/StoryUI-t.build/Objects-normal/arm64/StoryUI-Swift.h -working-directory /Users/admin/builder/spi-builder-workspace/.swiftpm/xcode -experimental-emit-module-separately -disable-cmo
SwiftCompile normal arm64 Compiling\ CacheAsyncImage.swift,\ ImageLoader.swift /Users/admin/builder/spi-builder-workspace/Sources/StoryUI/Helper/Component/CacheAsyncImage/CacheAsyncImage.swift /Users/admin/builder/spi-builder-workspace/Sources/StoryUI/Helper/Component/Image/ImageLoader.swift (in target 'StoryUI' from project 'StoryUI')
SwiftCompile normal arm64 /Users/admin/builder/spi-builder-workspace/Sources/StoryUI/Helper/Component/CacheAsyncImage/CacheAsyncImage.swift (in target 'StoryUI' from project 'StoryUI')
    cd /Users/admin/builder/spi-builder-workspace/.swiftpm/xcode
    builtin-SwiftPerFileCompile CacheAsyncImage.swift
SwiftCompile normal arm64 /Users/admin/builder/spi-builder-workspace/Sources/StoryUI/Helper/Component/Image/ImageLoader.swift (in target 'StoryUI' from project 'StoryUI')
    cd /Users/admin/builder/spi-builder-workspace/.swiftpm/xcode
    builtin-SwiftPerFileCompile ImageLoader.swift
SwiftCompile normal arm64 Compiling\ VideoView.swift,\ Constant.swift /Users/admin/builder/spi-builder-workspace/Sources/StoryUI/Helper/Component/Video/VideoView.swift /Users/admin/builder/spi-builder-workspace/Sources/StoryUI/Helper/Constant/Constant.swift (in target 'StoryUI' from project 'StoryUI')
SwiftCompile normal arm64 /Users/admin/builder/spi-builder-workspace/Sources/StoryUI/Helper/Component/Video/VideoView.swift (in target 'StoryUI' from project 'StoryUI')
    cd /Users/admin/builder/spi-builder-workspace/.swiftpm/xcode
    builtin-SwiftPerFileCompile VideoView.swift
SwiftCompile normal arm64 /Users/admin/builder/spi-builder-workspace/Sources/StoryUI/Helper/Constant/Constant.swift (in target 'StoryUI' from project 'StoryUI')
    cd /Users/admin/builder/spi-builder-workspace/.swiftpm/xcode
    builtin-SwiftPerFileCompile Constant.swift
SwiftCompile normal arm64 Compiling\ ImageView.swift,\ VideoLoader.swift /Users/admin/builder/spi-builder-workspace/Sources/StoryUI/Helper/Component/Image/ImageView.swift /Users/admin/builder/spi-builder-workspace/Sources/StoryUI/Helper/Component/Video/VideoLoader.swift (in target 'StoryUI' from project 'StoryUI')
SwiftCompile normal arm64 /Users/admin/builder/spi-builder-workspace/Sources/StoryUI/Helper/Component/Image/ImageView.swift (in target 'StoryUI' from project 'StoryUI')
    cd /Users/admin/builder/spi-builder-workspace/.swiftpm/xcode
    builtin-SwiftPerFileCompile ImageView.swift
SwiftCompile normal arm64 /Users/admin/builder/spi-builder-workspace/Sources/StoryUI/Helper/Component/Video/VideoLoader.swift (in target 'StoryUI' from project 'StoryUI')
    cd /Users/admin/builder/spi-builder-workspace/.swiftpm/xcode
    builtin-SwiftPerFileCompile VideoLoader.swift
SwiftCompile normal arm64 Compiling\ CacheManager.swift /Users/admin/builder/spi-builder-workspace/Sources/StoryUI/Helper/Managers/CacheManager.swift (in target 'StoryUI' from project 'StoryUI')
SwiftCompile normal arm64 /Users/admin/builder/spi-builder-workspace/Sources/StoryUI/Helper/Managers/CacheManager.swift (in target 'StoryUI' from project 'StoryUI')
    cd /Users/admin/builder/spi-builder-workspace/.swiftpm/xcode
    builtin-SwiftPerFileCompile CacheManager.swift
SwiftCompile normal arm64 Compiling\ KeyboardManager.swift /Users/admin/builder/spi-builder-workspace/Sources/StoryUI/Helper/Managers/KeyboardManager.swift (in target 'StoryUI' from project 'StoryUI')
/Users/admin/builder/spi-builder-workspace/Sources/StoryUI/Helper/Managers/KeyboardManager.swift:23:31: error: 'keyboardWillShowNotification' is unavailable in tvOS
21 |             self,
22 |             selector: #selector(keyBoardWillShow(notification:)),
23 |             name: UIResponder.keyboardWillShowNotification,
   |                               `- error: 'keyboardWillShowNotification' is unavailable in tvOS
24 |             object: nil
25 |         )
/Applications/Xcode-27.0.0-Release.Candidate.app/Contents/Developer/Platforms/AppleTVOS.platform/Developer/SDKs/AppleTVOS27.0.sdk/System/Library/Frameworks/UIKit.framework/Headers/UIWindow.h:132:39: note: 'keyboardWillShowNotification' has been explicitly marked unavailable here
130 | // Use the various UICoordinateSpace convertRect facilities to get the frame in the desired coordinate system.
131 | // Animation key/value pairs are only available for the "will" family of notification.
132 | UIKIT_EXTERN NSNotificationName const UIKeyboardWillShowNotification API_UNAVAILABLE(tvos, watchos) NS_SWIFT_NONISOLATED;
    |                                       `- note: 'keyboardWillShowNotification' has been explicitly marked unavailable here
133 | UIKIT_EXTERN NSNotificationName const UIKeyboardDidShowNotification API_UNAVAILABLE(tvos, watchos) NS_SWIFT_NONISOLATED;
134 | UIKIT_EXTERN NSNotificationName const UIKeyboardWillHideNotification API_UNAVAILABLE(tvos, watchos) NS_SWIFT_NONISOLATED;
/Users/admin/builder/spi-builder-workspace/Sources/StoryUI/Helper/Managers/KeyboardManager.swift:29:31: error: 'keyboardWillHideNotification' is unavailable in tvOS
27 |             self,
28 |             selector: #selector(keyBoardWillHide(notification:)),
29 |             name: UIResponder.keyboardWillHideNotification,
   |                               `- error: 'keyboardWillHideNotification' is unavailable in tvOS
30 |             object: nil
31 |         )
/Applications/Xcode-27.0.0-Release.Candidate.app/Contents/Developer/Platforms/AppleTVOS.platform/Developer/SDKs/AppleTVOS27.0.sdk/System/Library/Frameworks/UIKit.framework/Headers/UIWindow.h:134:39: note: 'keyboardWillHideNotification' has been explicitly marked unavailable here
132 | UIKIT_EXTERN NSNotificationName const UIKeyboardWillShowNotification API_UNAVAILABLE(tvos, watchos) NS_SWIFT_NONISOLATED;
133 | UIKIT_EXTERN NSNotificationName const UIKeyboardDidShowNotification API_UNAVAILABLE(tvos, watchos) NS_SWIFT_NONISOLATED;
134 | UIKIT_EXTERN NSNotificationName const UIKeyboardWillHideNotification API_UNAVAILABLE(tvos, watchos) NS_SWIFT_NONISOLATED;
    |                                       `- note: 'keyboardWillHideNotification' has been explicitly marked unavailable here
135 | UIKIT_EXTERN NSNotificationName const UIKeyboardDidHideNotification API_UNAVAILABLE(tvos, watchos) NS_SWIFT_NONISOLATED;
136 |
/Users/admin/builder/spi-builder-workspace/Sources/StoryUI/Helper/Managers/KeyboardManager.swift:48:67: error: 'keyboardFrameEndUserInfoKey' is unavailable in tvOS
46 |
47 |     @objc func keyBoardWillShow(notification: Notification) {
48 |         if let keyboardSize = (notification.userInfo?[UIResponder.keyboardFrameEndUserInfoKey] as? NSValue)?.cgRectValue {
   |                                                                   `- error: 'keyboardFrameEndUserInfoKey' is unavailable in tvOS
49 |             currentHeight = keyboardSize.height - UIApplication.bottomSafeAreaHeight
50 |             isKeyboardOpen = true
/Applications/Xcode-27.0.0-Release.Candidate.app/Contents/Developer/Platforms/AppleTVOS.platform/Developer/SDKs/AppleTVOS27.0.sdk/System/Library/Frameworks/UIKit.framework/Headers/UIWindow.h:138:30: note: 'keyboardFrameEndUserInfoKey' has been explicitly marked unavailable here
136 |
137 | UIKIT_EXTERN NSString *const UIKeyboardFrameBeginUserInfoKey        API_AVAILABLE(ios(3.2)) API_UNAVAILABLE(tvos, watchos) NS_SWIFT_NONISOLATED; // NSValue of CGRect
138 | UIKIT_EXTERN NSString *const UIKeyboardFrameEndUserInfoKey          API_AVAILABLE(ios(3.2)) API_UNAVAILABLE(tvos, watchos) NS_SWIFT_NONISOLATED; // NSValue of CGRect
    |                              `- note: 'keyboardFrameEndUserInfoKey' has been explicitly marked unavailable here
139 | UIKIT_EXTERN NSString *const UIKeyboardAnimationDurationUserInfoKey API_AVAILABLE(ios(3.0)) API_UNAVAILABLE(tvos, watchos) NS_SWIFT_NONISOLATED; // NSNumber of double
140 | UIKIT_EXTERN NSString *const UIKeyboardAnimationCurveUserInfoKey    API_AVAILABLE(ios(3.0)) API_UNAVAILABLE(tvos, watchos) NS_SWIFT_NONISOLATED; // NSNumber of NSUInteger (UIViewAnimationCurve)
Failed frontend command:
/Applications/Xcode-27.0.0-Release.Candidate.app/Contents/Developer/Toolchains/XcodeDefault.xctoolchain/usr/bin/swift-frontend -frontend -c /Users/admin/builder/spi-builder-workspace/Sources/StoryUI/Configuration/StoryConfiguration.swift /Users/admin/builder/spi-builder-workspace/Sources/StoryUI/Configuration/StoryInteractionConfig.swift /Users/admin/builder/spi-builder-workspace/Sources/StoryUI/Configuration/Typealias.swift /Users/admin/builder/spi-builder-workspace/Sources/StoryUI/Helper/Component/CacheAsyncImage/CacheAsyncImage.swift /Users/admin/builder/spi-builder-workspace/Sources/StoryUI/Helper/Component/Image/ImageLoader.swift /Users/admin/builder/spi-builder-workspace/Sources/StoryUI/Helper/Component/Image/ImageView.swift /Users/admin/builder/spi-builder-workspace/Sources/StoryUI/Helper/Component/Video/VideoLoader.swift /Users/admin/builder/spi-builder-workspace/Sources/StoryUI/Helper/Component/Video/VideoView.swift /Users/admin/builder/spi-builder-workspace/Sources/StoryUI/Helper/Constant/Constant.swift /Users/admin/builder/spi-builder-workspace/Sources/StoryUI/Helper/Enum/Enums.swift /Users/admin/builder/spi-builder-workspace/Sources/StoryUI/Helper/Extension/NSNotification-Extension.swift /Users/admin/builder/spi-builder-workspace/Sources/StoryUI/Helper/Extension/TextField+Extension.swift /Users/admin/builder/spi-builder-workspace/Sources/StoryUI/Helper/Extension/UIApplication+Extension.swift /Users/admin/builder/spi-builder-workspace/Sources/StoryUI/Helper/Managers/CacheManager.swift -primary-file /Users/admin/builder/spi-builder-workspace/Sources/StoryUI/Helper/Managers/KeyboardManager.swift /Users/admin/builder/spi-builder-workspace/Sources/StoryUI/Model/Story.swift /Users/admin/builder/spi-builder-workspace/Sources/StoryUI/Model/StoryUIModel.swift /Users/admin/builder/spi-builder-workspace/Sources/StoryUI/Model/StoryUIUser.swift /Users/admin/builder/spi-builder-workspace/Sources/StoryUI/View/PrivateView/EmojiReactionView.swift /Users/admin/builder/spi-builder-workspace/Sources/StoryUI/View/PrivateView/EmojiView.swift /Users/admin/builder/spi-builder-workspace/Sources/StoryUI/View/PrivateView/MessageView.swift /Users/admin/builder/spi-builder-workspace/Sources/StoryUI/View/PrivateView/ProgressBarView.swift /Users/admin/builder/spi-builder-workspace/Sources/StoryUI/View/PrivateView/StoryDetailView.swift /Users/admin/builder/spi-builder-workspace/Sources/StoryUI/View/PrivateView/UserView.swift /Users/admin/builder/spi-builder-workspace/Sources/StoryUI/View/StoryView.swift /Users/admin/builder/spi-builder-workspace/Sources/StoryUI/ViewModel/StoryViewModel.swift -emit-dependencies-path /Users/admin/builder/spi-builder-workspace/.derivedData/Build/Intermediates.noindex/StoryUI.build/Debug-appletvos/StoryUI-t.build/Objects-normal/arm64/KeyboardManager.d -emit-const-values-path /Users/admin/builder/spi-builder-workspace/.derivedData/Build/Intermediates.noindex/StoryUI.build/Debug-appletvos/StoryUI-t.build/Objects-normal/arm64/KeyboardManager.swiftconstvalues -emit-reference-dependencies-path /Users/admin/builder/spi-builder-workspace/.derivedData/Build/Intermediates.noindex/StoryUI.build/Debug-appletvos/StoryUI-t.build/Objects-normal/arm64/KeyboardManager.swiftdeps -serialize-diagnostics-path /Users/admin/builder/spi-builder-workspace/.derivedData/Build/Intermediates.noindex/StoryUI.build/Debug-appletvos/StoryUI-t.build/Objects-normal/arm64/KeyboardManager.dia -target arm64-apple-tvos15.0 -disable-cross-import-overlay-search -swift-module-cross-import AVKit /Applications/Xcode-27.0.0-Release.Candidate.app/Contents/Developer/Platforms/AppleTVOS.platform/Developer/SDKs/AppleTVOS.sdk/System/Library/Frameworks/AVKit.framework/Modules/AVKit.swiftcrossimport/SwiftUI.swiftoverlay -swift-module-cross-import AVKit /Applications/Xcode-27.0.0-Release.Candidate.app/Contents/Developer/Platforms/AppleTVOS.platform/Developer/SDKs/AppleTVOS27.0.sdk/System/Library/Frameworks/AVKit.framework/Modules/AVKit.swiftcrossimport/SwiftUI.swiftoverlay -load-resolved-plugin /Applications/Xcode-27.0.0-Release.Candidate.app/Contents/Developer/Platforms/AppleTVOS.platform/Developer/usr/lib/swift/host/plugins/libFoundationMacros.dylib\#/Applications/Xcode-27.0.0-Release.Candidate.app/Contents/Developer/Platforms/AppleTVOS.platform/Developer/usr/bin/swift-plugin-server\#FoundationMacros -load-resolved-plugin /Applications/Xcode-27.0.0-Release.Candidate.app/Contents/Developer/Platforms/AppleTVOS.platform/Developer/usr/lib/swift/host/plugins/libObservationMacros.dylib\#/Applications/Xcode-27.0.0-Release.Candidate.app/Contents/Developer/Platforms/AppleTVOS.platform/Developer/usr/bin/swift-plugin-server\#ObservationMacros -load-resolved-plugin /Applications/Xcode-27.0.0-Release.Candidate.app/Contents/Developer/Platforms/AppleTVOS.platform/Developer/usr/lib/swift/host/plugins/libPreviewsMacros.dylib\#/Applications/Xcode-27.0.0-Release.Candidate.app/Contents/Developer/Platforms/AppleTVOS.platform/Developer/usr/bin/swift-plugin-server\#PreviewsMacros -load-resolved-plugin /Applications/Xcode-27.0.0-Release.Candidate.app/Contents/Developer/Platforms/AppleTVOS.platform/Developer/usr/lib/swift/host/plugins/libSwiftMacros.dylib\#/Applications/Xcode-27.0.0-Release.Candidate.app/Contents/Developer/Platforms/AppleTVOS.platform/Developer/usr/bin/swift-plugin-server\#SwiftMacros -load-resolved-plugin /Applications/Xcode-27.0.0-Release.Candidate.app/Contents/Developer/Platforms/AppleTVOS.platform/Developer/usr/lib/swift/host/plugins/libSwiftUIMacros.dylib\#/Applications/Xcode-27.0.0-Release.Candidate.app/Contents/Developer/Platforms/AppleTVOS.platform/Developer/usr/bin/swift-plugin-server\#SwiftUIMacros -load-resolved-plugin /Applications/Xcode-27.0.0-Release.Candidate.app/Contents/Developer/Platforms/AppleTVOS.platform/Developer/usr/lib/swift/host/plugins/libTipKitMacros.dylib\#/Applications/Xcode-27.0.0-Release.Candidate.app/Contents/Developer/Platforms/AppleTVOS.platform/Developer/usr/bin/swift-plugin-server\#TipKitMacros -disable-implicit-swift-modules -Xcc -fno-implicit-modules -Xcc -fno-implicit-module-maps -explicit-swift-module-map-file /Users/admin/builder/spi-builder-workspace/.derivedData/Build/Intermediates.noindex/StoryUI.build/Debug-appletvos/StoryUI-t.build/Objects-normal/arm64/StoryUI-dependencies-1.json -Xllvm -aarch64-use-tbi -enable-objc-interop -stack-check -sdk /Applications/Xcode-27.0.0-Release.Candidate.app/Contents/Developer/Platforms/AppleTVOS.platform/Developer/SDKs/AppleTVOS27.0.sdk -I /Users/admin/builder/spi-builder-workspace/.derivedData/Build/Products/Debug-appletvos -Isystem /Applications/Xcode-27.0.0-Release.Candidate.app/Contents/Developer/Platforms/AppleTVOS.platform/Developer/usr/lib -F /Users/admin/builder/spi-builder-workspace/.derivedData/Build/Products/Debug-appletvos -F /Applications/Xcode-27.0.0-Release.Candidate.app/Contents/Developer/Platforms/AppleTVOS.platform/Developer/Library/Frameworks -F /Applications/Xcode-27.0.0-Release.Candidate.app/Contents/Developer/Platforms/AppleTVOS.platform/Developer/SDKs/AppleTVOS27.0.sdk/Developer/Library/Frameworks -module-cache-path /Users/admin/builder/spi-builder-workspace/.derivedData/Build/Intermediates.noindex/SwiftExplicitPrecompiledModules -no-color-diagnostics -Xcc -fno-color-diagnostics -enable-testing -g -debug-info-format\=dwarf -dwarf-version\=4 -profile-generate -profile-coverage-mapping -swift-version 5 -Onone -D SWIFT_PACKAGE -D DEBUG -D SWIFT_MODULE_RESOURCE_BUNDLE_UNAVAILABLE -D Xcode -serialize-debugging-options -enable-experimental-feature DebugDescriptionMacro -empty-abi-descriptor -validate-clang-modules-once -clang-build-session-file /Users/admin/builder/spi-builder-workspace/.derivedData/ModuleCache.noindex/Session.modulevalidation -Xcc -working-directory -Xcc /Users/admin/builder/spi-builder-workspace/.swiftpm/xcode -enable-anonymous-context-mangled-names -file-compilation-dir /Users/admin/builder/spi-builder-workspace/.swiftpm/xcode -Xcc -D_LIBCPP_HARDENING_MODE\=_LIBCPP_HARDENING_MODE_DEBUG -Xcc -ivfsstatcache -Xcc /Users/admin/builder/spi-builder-workspace/.derivedData/SDKStatCaches.noindex/appletvos27.0-24J360-e829b21a6f8c9b70876ba0858053c044b32bfd8d43560033f8d89884cdb90028.sdkstatcache -Xcc -fmodules-prune-interval\=86400 -Xcc -fmodules-prune-after\=345600 -Xcc -I/Users/admin/builder/spi-builder-workspace/.derivedData/Build/Products/Debug-appletvos/include -Xcc -I/Users/admin/builder/spi-builder-workspace/.derivedData/Build/Intermediates.noindex/StoryUI.build/Debug-appletvos/StoryUI-t.build/DerivedSources-normal/arm64 -Xcc -I/Users/admin/builder/spi-builder-workspace/.derivedData/Build/Intermediates.noindex/StoryUI.build/Debug-appletvos/StoryUI-t.build/DerivedSources/arm64 -Xcc -I/Users/admin/builder/spi-builder-workspace/.derivedData/Build/Intermediates.noindex/StoryUI.build/Debug-appletvos/StoryUI-t.build/DerivedSources -Xcc -DSWIFT_PACKAGE -Xcc -DDEBUG\=1 -no-auto-bridging-header-chaining -module-name StoryUI -const-gather-protocols-file /Users/admin/builder/spi-builder-workspace/.derivedData/Build/Intermediates.noindex/StoryUI.build/Debug-appletvos/StoryUI-t.build/Objects-normal/arm64/StoryUI_const_extract_protocols.json -disable-clang-spi -clang-target arm64-apple-tvos27.0 -target-sdk-version 27.0 -target-sdk-name appletvos27.0 -in-process-plugin-server-path /Applications/Xcode-27.0.0-Release.Candidate.app/Contents/Developer/Toolchains/XcodeDefault.xctoolchain/usr/lib/swift/host/libSwiftInProcPluginServer.dylib -parse-as-library -o /Users/admin/builder/spi-builder-workspace/.derivedData/Build/Intermediates.noindex/StoryUI.build/Debug-appletvos/StoryUI-t.build/Objects-normal/arm64/KeyboardManager.o -debug-module-path /Users/admin/builder/spi-builder-workspace/.derivedData/Build/Intermediates.noindex/StoryUI.build/Debug-appletvos/StoryUI-t.build/Objects-normal/arm64/StoryUI.swiftmodule -index-unit-output-path /StoryUI.build/Debug-appletvos/StoryUI-t.build/Objects-normal/arm64/KeyboardManager.o -index-store-path /Users/admin/builder/spi-builder-workspace/.derivedData/Index.noindex/DataStore -index-system-modules
SwiftCompile normal arm64 /Users/admin/builder/spi-builder-workspace/Sources/StoryUI/Helper/Managers/KeyboardManager.swift (in target 'StoryUI' from project 'StoryUI')
    cd /Users/admin/builder/spi-builder-workspace/.swiftpm/xcode
    builtin-SwiftPerFileCompile KeyboardManager.swift
SwiftCompile normal arm64 Compiling\ UIApplication+Extension.swift /Users/admin/builder/spi-builder-workspace/Sources/StoryUI/Helper/Extension/UIApplication+Extension.swift (in target 'StoryUI' from project 'StoryUI')
/Users/admin/builder/spi-builder-workspace/Sources/StoryUI/Helper/Extension/UIApplication+Extension.swift:14:28: warning: 'windows' was deprecated in tvOS 15.0: Use UIWindowScene.windows on a relevant window scene instead [#DeprecatedDeclaration]
12 |
13 |     static var topSafeAreaHeight: CGFloat {
14 |         return self.shared.windows.first?.safeAreaInsets.top ?? 0
   |                            `- warning: 'windows' was deprecated in tvOS 15.0: Use UIWindowScene.windows on a relevant window scene instead [#DeprecatedDeclaration]
15 |     }
16 |
/Users/admin/builder/spi-builder-workspace/Sources/StoryUI/Helper/Extension/UIApplication+Extension.swift:18:27: warning: 'windows' was deprecated in tvOS 15.0: Use UIWindowScene.windows on a relevant window scene instead [#DeprecatedDeclaration]
16 |
17 |     static var bottomSafeAreaHeight: CGFloat {
18 |        return self.shared.windows.first?.safeAreaInsets.bottom ?? 0
   |                           `- warning: 'windows' was deprecated in tvOS 15.0: Use UIWindowScene.windows on a relevant window scene instead [#DeprecatedDeclaration]
19 |     }
20 |
[#DeprecatedDeclaration]: <https://docs.swift.org/compiler/documentation/diagnostics/deprecated-declaration>
SwiftCompile normal arm64 /Users/admin/builder/spi-builder-workspace/Sources/StoryUI/Helper/Extension/UIApplication+Extension.swift (in target 'StoryUI' from project 'StoryUI')
    cd /Users/admin/builder/spi-builder-workspace/.swiftpm/xcode
    builtin-SwiftPerFileCompile UIApplication+Extension.swift
SwiftCompile normal arm64 Compiling\ UserView.swift /Users/admin/builder/spi-builder-workspace/Sources/StoryUI/View/PrivateView/UserView.swift (in target 'StoryUI' from project 'StoryUI')
/Users/admin/builder/spi-builder-workspace/Sources/StoryUI/View/PrivateView/UserView.swift:35:18: error: 'onTapGesture(count:perform:)' is only available in tvOS 16.0 or newer
 8 | import SwiftUI
 9 |
10 | struct UserView: View {
   |        `- note: add '@available' attribute to enclosing struct
11 |
12 |     var image: String
   :
16 |     @Binding var isPresented: Bool
17 |
18 |     var body: some View {
   |         `- note: add '@available' attribute to enclosing property
19 |         HStack(spacing: Constant.UserView.hStackSpace) {
20 |             CacheAsyncImage(urlString: image)
   :
33 |                 .font(.title)
34 |                 .foregroundColor(.white)
35 |                 .onTapGesture {
   |                  |- error: 'onTapGesture(count:perform:)' is only available in tvOS 16.0 or newer
   |                  `- note: add 'if #available' version check
36 |                     NotificationCenter.default.post(name: .replaceCurrentItem, object: nil)
37 |                     isPresented = false
Failed frontend command:
/Applications/Xcode-27.0.0-Release.Candidate.app/Contents/Developer/Toolchains/XcodeDefault.xctoolchain/usr/bin/swift-frontend -frontend -c /Users/admin/builder/spi-builder-workspace/Sources/StoryUI/Configuration/StoryConfiguration.swift /Users/admin/builder/spi-builder-workspace/Sources/StoryUI/Configuration/StoryInteractionConfig.swift /Users/admin/builder/spi-builder-workspace/Sources/StoryUI/Configuration/Typealias.swift /Users/admin/builder/spi-builder-workspace/Sources/StoryUI/Helper/Component/CacheAsyncImage/CacheAsyncImage.swift /Users/admin/builder/spi-builder-workspace/Sources/StoryUI/Helper/Component/Image/ImageLoader.swift /Users/admin/builder/spi-builder-workspace/Sources/StoryUI/Helper/Component/Image/ImageView.swift /Users/admin/builder/spi-builder-workspace/Sources/StoryUI/Helper/Component/Video/VideoLoader.swift /Users/admin/builder/spi-builder-workspace/Sources/StoryUI/Helper/Component/Video/VideoView.swift /Users/admin/builder/spi-builder-workspace/Sources/StoryUI/Helper/Constant/Constant.swift /Users/admin/builder/spi-builder-workspace/Sources/StoryUI/Helper/Enum/Enums.swift /Users/admin/builder/spi-builder-workspace/Sources/StoryUI/Helper/Extension/NSNotification-Extension.swift /Users/admin/builder/spi-builder-workspace/Sources/StoryUI/Helper/Extension/TextField+Extension.swift /Users/admin/builder/spi-builder-workspace/Sources/StoryUI/Helper/Extension/UIApplication+Extension.swift /Users/admin/builder/spi-builder-workspace/Sources/StoryUI/Helper/Managers/CacheManager.swift /Users/admin/builder/spi-builder-workspace/Sources/StoryUI/Helper/Managers/KeyboardManager.swift /Users/admin/builder/spi-builder-workspace/Sources/StoryUI/Model/Story.swift /Users/admin/builder/spi-builder-workspace/Sources/StoryUI/Model/StoryUIModel.swift /Users/admin/builder/spi-builder-workspace/Sources/StoryUI/Model/StoryUIUser.swift /Users/admin/builder/spi-builder-workspace/Sources/StoryUI/View/PrivateView/EmojiReactionView.swift /Users/admin/builder/spi-builder-workspace/Sources/StoryUI/View/PrivateView/EmojiView.swift /Users/admin/builder/spi-builder-workspace/Sources/StoryUI/View/PrivateView/MessageView.swift /Users/admin/builder/spi-builder-workspace/Sources/StoryUI/View/PrivateView/ProgressBarView.swift /Users/admin/builder/spi-builder-workspace/Sources/StoryUI/View/PrivateView/StoryDetailView.swift -primary-file /Users/admin/builder/spi-builder-workspace/Sources/StoryUI/View/PrivateView/UserView.swift /Users/admin/builder/spi-builder-workspace/Sources/StoryUI/View/StoryView.swift /Users/admin/builder/spi-builder-workspace/Sources/StoryUI/ViewModel/StoryViewModel.swift -emit-dependencies-path /Users/admin/builder/spi-builder-workspace/.derivedData/Build/Intermediates.noindex/StoryUI.build/Debug-appletvos/StoryUI-t.build/Objects-normal/arm64/UserView.d -emit-const-values-path /Users/admin/builder/spi-builder-workspace/.derivedData/Build/Intermediates.noindex/StoryUI.build/Debug-appletvos/StoryUI-t.build/Objects-normal/arm64/UserView.swiftconstvalues -emit-reference-dependencies-path /Users/admin/builder/spi-builder-workspace/.derivedData/Build/Intermediates.noindex/StoryUI.build/Debug-appletvos/StoryUI-t.build/Objects-normal/arm64/UserView.swiftdeps -serialize-diagnostics-path /Users/admin/builder/spi-builder-workspace/.derivedData/Build/Intermediates.noindex/StoryUI.build/Debug-appletvos/StoryUI-t.build/Objects-normal/arm64/UserView.dia -target arm64-apple-tvos15.0 -disable-cross-import-overlay-search -swift-module-cross-import AVKit /Applications/Xcode-27.0.0-Release.Candidate.app/Contents/Developer/Platforms/AppleTVOS.platform/Developer/SDKs/AppleTVOS.sdk/System/Library/Frameworks/AVKit.framework/Modules/AVKit.swiftcrossimport/SwiftUI.swiftoverlay -swift-module-cross-import AVKit /Applications/Xcode-27.0.0-Release.Candidate.app/Contents/Developer/Platforms/AppleTVOS.platform/Developer/SDKs/AppleTVOS27.0.sdk/System/Library/Frameworks/AVKit.framework/Modules/AVKit.swiftcrossimport/SwiftUI.swiftoverlay -load-resolved-plugin /Applications/Xcode-27.0.0-Release.Candidate.app/Contents/Developer/Platforms/AppleTVOS.platform/Developer/usr/lib/swift/host/plugins/libFoundationMacros.dylib\#/Applications/Xcode-27.0.0-Release.Candidate.app/Contents/Developer/Platforms/AppleTVOS.platform/Developer/usr/bin/swift-plugin-server\#FoundationMacros -load-resolved-plugin /Applications/Xcode-27.0.0-Release.Candidate.app/Contents/Developer/Platforms/AppleTVOS.platform/Developer/usr/lib/swift/host/plugins/libObservationMacros.dylib\#/Applications/Xcode-27.0.0-Release.Candidate.app/Contents/Developer/Platforms/AppleTVOS.platform/Developer/usr/bin/swift-plugin-server\#ObservationMacros -load-resolved-plugin /Applications/Xcode-27.0.0-Release.Candidate.app/Contents/Developer/Platforms/AppleTVOS.platform/Developer/usr/lib/swift/host/plugins/libPreviewsMacros.dylib\#/Applications/Xcode-27.0.0-Release.Candidate.app/Contents/Developer/Platforms/AppleTVOS.platform/Developer/usr/bin/swift-plugin-server\#PreviewsMacros -load-resolved-plugin /Applications/Xcode-27.0.0-Release.Candidate.app/Contents/Developer/Platforms/AppleTVOS.platform/Developer/usr/lib/swift/host/plugins/libSwiftMacros.dylib\#/Applications/Xcode-27.0.0-Release.Candidate.app/Contents/Developer/Platforms/AppleTVOS.platform/Developer/usr/bin/swift-plugin-server\#SwiftMacros -load-resolved-plugin /Applications/Xcode-27.0.0-Release.Candidate.app/Contents/Developer/Platforms/AppleTVOS.platform/Developer/usr/lib/swift/host/plugins/libSwiftUIMacros.dylib\#/Applications/Xcode-27.0.0-Release.Candidate.app/Contents/Developer/Platforms/AppleTVOS.platform/Developer/usr/bin/swift-plugin-server\#SwiftUIMacros -load-resolved-plugin /Applications/Xcode-27.0.0-Release.Candidate.app/Contents/Developer/Platforms/AppleTVOS.platform/Developer/usr/lib/swift/host/plugins/libTipKitMacros.dylib\#/Applications/Xcode-27.0.0-Release.Candidate.app/Contents/Developer/Platforms/AppleTVOS.platform/Developer/usr/bin/swift-plugin-server\#TipKitMacros -disable-implicit-swift-modules -Xcc -fno-implicit-modules -Xcc -fno-implicit-module-maps -explicit-swift-module-map-file /Users/admin/builder/spi-builder-workspace/.derivedData/Build/Intermediates.noindex/StoryUI.build/Debug-appletvos/StoryUI-t.build/Objects-normal/arm64/StoryUI-dependencies-1.json -Xllvm -aarch64-use-tbi -enable-objc-interop -stack-check -sdk /Applications/Xcode-27.0.0-Release.Candidate.app/Contents/Developer/Platforms/AppleTVOS.platform/Developer/SDKs/AppleTVOS27.0.sdk -I /Users/admin/builder/spi-builder-workspace/.derivedData/Build/Products/Debug-appletvos -Isystem /Applications/Xcode-27.0.0-Release.Candidate.app/Contents/Developer/Platforms/AppleTVOS.platform/Developer/usr/lib -F /Users/admin/builder/spi-builder-workspace/.derivedData/Build/Products/Debug-appletvos -F /Applications/Xcode-27.0.0-Release.Candidate.app/Contents/Developer/Platforms/AppleTVOS.platform/Developer/Library/Frameworks -F /Applications/Xcode-27.0.0-Release.Candidate.app/Contents/Developer/Platforms/AppleTVOS.platform/Developer/SDKs/AppleTVOS27.0.sdk/Developer/Library/Frameworks -module-cache-path /Users/admin/builder/spi-builder-workspace/.derivedData/Build/Intermediates.noindex/SwiftExplicitPrecompiledModules -no-color-diagnostics -Xcc -fno-color-diagnostics -enable-testing -g -debug-info-format\=dwarf -dwarf-version\=4 -profile-generate -profile-coverage-mapping -swift-version 5 -Onone -D SWIFT_PACKAGE -D DEBUG -D SWIFT_MODULE_RESOURCE_BUNDLE_UNAVAILABLE -D Xcode -serialize-debugging-options -enable-experimental-feature DebugDescriptionMacro -empty-abi-descriptor -validate-clang-modules-once -clang-build-session-file /Users/admin/builder/spi-builder-workspace/.derivedData/ModuleCache.noindex/Session.modulevalidation -Xcc -working-directory -Xcc /Users/admin/builder/spi-builder-workspace/.swiftpm/xcode -enable-anonymous-context-mangled-names -file-compilation-dir /Users/admin/builder/spi-builder-workspace/.swiftpm/xcode -Xcc -D_LIBCPP_HARDENING_MODE\=_LIBCPP_HARDENING_MODE_DEBUG -Xcc -ivfsstatcache -Xcc /Users/admin/builder/spi-builder-workspace/.derivedData/SDKStatCaches.noindex/appletvos27.0-24J360-e829b21a6f8c9b70876ba0858053c044b32bfd8d43560033f8d89884cdb90028.sdkstatcache -Xcc -fmodules-prune-interval\=86400 -Xcc -fmodules-prune-after\=345600 -Xcc -I/Users/admin/builder/spi-builder-workspace/.derivedData/Build/Products/Debug-appletvos/include -Xcc -I/Users/admin/builder/spi-builder-workspace/.derivedData/Build/Intermediates.noindex/StoryUI.build/Debug-appletvos/StoryUI-t.build/DerivedSources-normal/arm64 -Xcc -I/Users/admin/builder/spi-builder-workspace/.derivedData/Build/Intermediates.noindex/StoryUI.build/Debug-appletvos/StoryUI-t.build/DerivedSources/arm64 -Xcc -I/Users/admin/builder/spi-builder-workspace/.derivedData/Build/Intermediates.noindex/StoryUI.build/Debug-appletvos/StoryUI-t.build/DerivedSources -Xcc -DSWIFT_PACKAGE -Xcc -DDEBUG\=1 -no-auto-bridging-header-chaining -module-name StoryUI -const-gather-protocols-file /Users/admin/builder/spi-builder-workspace/.derivedData/Build/Intermediates.noindex/StoryUI.build/Debug-appletvos/StoryUI-t.build/Objects-normal/arm64/StoryUI_const_extract_protocols.json -disable-clang-spi -clang-target arm64-apple-tvos27.0 -target-sdk-version 27.0 -target-sdk-name appletvos27.0 -in-process-plugin-server-path /Applications/Xcode-27.0.0-Release.Candidate.app/Contents/Developer/Toolchains/XcodeDefault.xctoolchain/usr/lib/swift/host/libSwiftInProcPluginServer.dylib -parse-as-library -o /Users/admin/builder/spi-builder-workspace/.derivedData/Build/Intermediates.noindex/StoryUI.build/Debug-appletvos/StoryUI-t.build/Objects-normal/arm64/UserView.o -debug-module-path /Users/admin/builder/spi-builder-workspace/.derivedData/Build/Intermediates.noindex/StoryUI.build/Debug-appletvos/StoryUI-t.build/Objects-normal/arm64/StoryUI.swiftmodule -index-unit-output-path /StoryUI.build/Debug-appletvos/StoryUI-t.build/Objects-normal/arm64/UserView.o -index-store-path /Users/admin/builder/spi-builder-workspace/.derivedData/Index.noindex/DataStore -index-system-modules
SwiftCompile normal arm64 /Users/admin/builder/spi-builder-workspace/Sources/StoryUI/View/PrivateView/UserView.swift (in target 'StoryUI' from project 'StoryUI')
    cd /Users/admin/builder/spi-builder-workspace/.swiftpm/xcode
    builtin-SwiftPerFileCompile UserView.swift
SwiftCompile normal arm64 Compiling\ StoryDetailView.swift /Users/admin/builder/spi-builder-workspace/Sources/StoryUI/View/PrivateView/StoryDetailView.swift (in target 'StoryUI' from project 'StoryUI')
SwiftCompile normal arm64 /Users/admin/builder/spi-builder-workspace/Sources/StoryUI/View/PrivateView/StoryDetailView.swift (in target 'StoryUI' from project 'StoryUI')
    cd /Users/admin/builder/spi-builder-workspace/.swiftpm/xcode
    builtin-SwiftPerFileCompile StoryDetailView.swift
SwiftCompile normal arm64 Compiling\ StoryViewModel.swift /Users/admin/builder/spi-builder-workspace/Sources/StoryUI/ViewModel/StoryViewModel.swift (in target 'StoryUI' from project 'StoryUI')
SwiftCompile normal arm64 /Users/admin/builder/spi-builder-workspace/Sources/StoryUI/ViewModel/StoryViewModel.swift (in target 'StoryUI' from project 'StoryUI')
    cd /Users/admin/builder/spi-builder-workspace/.swiftpm/xcode
    builtin-SwiftPerFileCompile StoryViewModel.swift
SwiftEmitModule normal arm64 Emitting\ module\ for\ StoryUI (in target 'StoryUI' from project 'StoryUI')
SwiftCompile normal arm64 (in target 'StoryUI' from project 'StoryUI')
    cd /Users/admin/builder/spi-builder-workspace/.swiftpm/xcode

SwiftCompile normal arm64 Compiling\ StoryView.swift /Users/admin/builder/spi-builder-workspace/Sources/StoryUI/View/StoryView.swift (in target 'StoryUI' from project 'StoryUI')
SwiftCompile normal arm64 /Users/admin/builder/spi-builder-workspace/Sources/StoryUI/View/StoryView.swift (in target 'StoryUI' from project 'StoryUI')
    cd /Users/admin/builder/spi-builder-workspace/.swiftpm/xcode
    builtin-SwiftPerFileCompile StoryView.swift
SwiftDriverJobDiscovery normal arm64 Compiling UIApplication+Extension.swift (in target 'StoryUI' from project 'StoryUI')
SwiftCompile normal arm64 Compiling\ EmojiView.swift /Users/admin/builder/spi-builder-workspace/Sources/StoryUI/View/PrivateView/EmojiView.swift (in target 'StoryUI' from project 'StoryUI')
SwiftCompile normal arm64 /Users/admin/builder/spi-builder-workspace/Sources/StoryUI/View/PrivateView/EmojiView.swift (in target 'StoryUI' from project 'StoryUI')
    cd /Users/admin/builder/spi-builder-workspace/.swiftpm/xcode
    builtin-SwiftPerFileCompile EmojiView.swift
PruneExplicitPrecompiledModules /Users/admin/builder/spi-builder-workspace/.derivedData/Build/Intermediates.noindex/ExplicitPrecompiledModules
PruneExplicitPrecompiledModules /Users/admin/builder/spi-builder-workspace/.derivedData/Build/Intermediates.noindex/SwiftExplicitPrecompiledModules
PruneExplicitPrecompiledModules /Users/admin/builder/spi-builder-workspace/.derivedData/SDKExplicitPrecompiledModules
2026-09-22 00:26:26.006 xcodebuild[791:4763] [MT] IDERunDestination: Supported platforms for the buildables in the current scheme is empty.
2026-09-22 00:26:26.107 xcodebuild[791:4763] [MT] IDERunDestination: Supported platforms for the buildables in the current scheme is empty.
** BUILD FAILED **
The following build commands failed:
	SwiftCompile normal arm64 Compiling\ KeyboardManager.swift /Users/admin/builder/spi-builder-workspace/Sources/StoryUI/Helper/Managers/KeyboardManager.swift (in target 'StoryUI' from project 'StoryUI')
	SwiftCompile normal arm64 /Users/admin/builder/spi-builder-workspace/Sources/StoryUI/Helper/Managers/KeyboardManager.swift (in target 'StoryUI' from project 'StoryUI')
	SwiftCompile normal arm64 Compiling\ UserView.swift /Users/admin/builder/spi-builder-workspace/Sources/StoryUI/View/PrivateView/UserView.swift (in target 'StoryUI' from project 'StoryUI')
	SwiftCompile normal arm64 /Users/admin/builder/spi-builder-workspace/Sources/StoryUI/View/PrivateView/UserView.swift (in target 'StoryUI' from project 'StoryUI')
	Building workspace StoryUI with scheme StoryUI
(5 failures)
BUILD FAILURE 6.4 tvOS