Build Information
Failed to build SF2LibAU, reference 0.0.5 (b2ba1d), with Swift 6.4 for watchOS using Xcode 27.0 on 22 Sep 2026 19:57:20 UTC.
Build Command
env DEVELOPER_DIR=/Applications/Xcode-27.0.0-Release.Candidate.app xcrun xcodebuild -IDEClonedSourcePackagesDirPathOverride=$PWD/.dependencies -skipMacroValidation -skipPackagePluginValidation -derivedDataPath $PWD/.derivedData build -scheme SF2LibAU -destination generic/platform=watchOSBuild Log
========================================
RunAll
========================================
Builder version: 5.1.0
Interrupt handler set up.
========================================
Checkout
========================================
Clone URL: https://github.com/bradhowes/SF2LibAU.git
Reference: 0.0.5
Initialized empty Git repository in /Users/admin/builder/spi-builder-workspace/.git/
From https://github.com/bradhowes/SF2LibAU
* tag 0.0.5 -> FETCH_HEAD
HEAD is now at b2ba1d4 Play notes from onscreen keyboard.
Cloned https://github.com/bradhowes/SF2LibAU.git
Revision (git rev-parse @):
b2ba1d46d23a51d2dd01233bcd68e1dd16af612c
SUCCESS checkout https://github.com/bradhowes/SF2LibAU.git at 0.0.5
========================================
Build
========================================
Selected platform: watchOS
Swift version: 6.4
Building package at path: $PWD
https://github.com/bradhowes/SF2LibAU.git
Command line invocation:
/Applications/Xcode-27.0.0-Release.Candidate.app/Contents/Developer/usr/bin/xcodebuild -IDEClonedSourcePackagesDirPathOverride=/Users/admin/builder/spi-builder-workspace/.dependencies -resolvePackageDependencies
Resolve Package Graph
Fetching from https://github.com/bradhowes/SF2Lib
Fetching from https://github.com/bradhowes/DSPHeaders
Creating working copy of package ‘DSPHeaders’
Checking out 1.5.3 of package ‘DSPHeaders’
Creating working copy of package ‘SF2Lib’
Checking out 6.7.0 of package ‘SF2Lib’
Resolve Package Graph
Resolved source packages:
DSPHeaders: https://github.com/bradhowes/DSPHeaders @ 1.5.3
SF2LibAU: /Users/admin/builder/spi-builder-workspace
SF2Lib: https://github.com/bradhowes/SF2Lib @ 6.7.0
resolved source packages: DSPHeaders, SF2LibAU, SF2Lib
2026-09-22 15:56:18.742 xcodebuild[525:3001] [MT] IDERunDestination: Supported platforms for the buildables in the current scheme is empty.
2026-09-22 15:56:18.893 xcodebuild[525:3001] [MT] IDERunDestination: Supported platforms for the buildables in the current scheme is empty.
2026-09-22 15:56:20.548 xcodebuild[525:3001] [MT] IDERunDestination: Supported platforms for the buildables in the current scheme is empty.
{
"cxx_language_standard" : "c++2b",
"dependencies" : [
{
"identity" : "sf2lib",
"requirement" : {
"range" : [
{
"lower_bound" : "6.6.0",
"upper_bound" : "7.0.0"
}
]
},
"type" : "sourceControl",
"url" : "https://github.com/bradhowes/SF2Lib"
}
],
"manifest_display_name" : "SF2LibAU",
"name" : "SF2LibAU",
"path" : "/Users/admin/builder/spi-builder-workspace",
"platforms" : [
{
"name" : "ios",
"version" : "16.0"
},
{
"name" : "macos",
"version" : "14.0"
},
{
"name" : "tvos",
"version" : "16.0"
}
],
"products" : [
{
"name" : "SF2LibAU",
"targets" : [
"SF2LibAU"
],
"type" : {
"library" : [
"automatic"
]
}
}
],
"targets" : [
{
"c99name" : "SF2LibAUTests",
"module_type" : "SwiftTarget",
"name" : "SF2LibAUTests",
"path" : "Tests/SF2LibAUTests",
"resources" : [
{
"path" : "/Users/admin/builder/spi-builder-workspace/Tests/SF2LibAUTests/Resources/FreeFont.sf2",
"rule" : {
"process" : {
}
}
},
{
"path" : "/Users/admin/builder/spi-builder-workspace/Tests/SF2LibAUTests/Resources/RolandNicePiano.sf2",
"rule" : {
"process" : {
}
}
}
],
"sources" : [
"AVAudioUnitTests.swift",
"Helpers.swift",
"SF2LibAUTests.swift"
],
"target_dependencies" : [
"SF2LibAU"
],
"type" : "test"
},
{
"c99name" : "SF2LibAU",
"module_type" : "SwiftTarget",
"name" : "SF2LibAU",
"path" : "Sources/SF2LibAU",
"product_dependencies" : [
"Engine"
],
"product_memberships" : [
"SF2LibAU"
],
"sources" : [
"SF2LibAU.swift"
],
"type" : "library"
}
],
"tools_version" : "6.0"
}
{
"workspace" : {
"name" : "SF2LibAU",
"schemes" : [
"AUv3-DSP-Headers",
"AUv3-Support",
"AUv3-Support-iOS",
"AUv3-Support-macOS",
"AUv3Support-Package",
"DSPHeaders",
"Engine",
"SF2Lib",
"SF2Lib-Package",
"SF2Lib-Package (Release)",
"SF2LibAU"
]
}
}
2026-09-22 15:57:06.526 xcodebuild[717:4327] [MT] IDERunDestination: Supported platforms for the buildables in the current scheme is empty.
2026-09-22 15:57:06.669 xcodebuild[717:4327] [MT] IDERunDestination: Supported platforms for the buildables in the current scheme is empty.
{
"workspace" : {
"name" : "SF2LibAU",
"schemes" : [
"AUv3-DSP-Headers",
"AUv3-Support",
"AUv3-Support-iOS",
"AUv3-Support-macOS",
"AUv3Support-Package",
"DSPHeaders",
"Engine",
"SF2Lib",
"SF2Lib-Package",
"SF2Lib-Package (Release)",
"SF2LibAU"
]
}
}
2026-09-22 15:57:07.651 xcodebuild[719:4377] [MT] IDERunDestination: Supported platforms for the buildables in the current scheme is empty.
2026-09-22 15:57:07.791 xcodebuild[719:4377] [MT] IDERunDestination: Supported platforms for the buildables in the current scheme is empty.
Running build ...
env DEVELOPER_DIR=/Applications/Xcode-27.0.0-Release.Candidate.app xcrun xcodebuild -IDEClonedSourcePackagesDirPathOverride=$PWD/.dependencies -skipMacroValidation -skipPackagePluginValidation -derivedDataPath $PWD/.derivedData build -scheme SF2LibAU -destination generic/platform=watchOS
Command line invocation:
/Applications/Xcode-27.0.0-Release.Candidate.app/Contents/Developer/usr/bin/xcodebuild -IDEClonedSourcePackagesDirPathOverride=/Users/admin/builder/spi-builder-workspace/.dependencies -skipMacroValidation -skipPackagePluginValidation -derivedDataPath /Users/admin/builder/spi-builder-workspace/.derivedData build -scheme SF2LibAU -destination generic/platform=watchOS
Resolve Package Graph
Resolve Package Graph
Resolved source packages:
DSPHeaders: https://github.com/bradhowes/DSPHeaders @ 1.5.3
SF2LibAU: /Users/admin/builder/spi-builder-workspace
SF2Lib: https://github.com/bradhowes/SF2Lib @ 6.7.0
ComputePackagePrebuildTargetDependencyGraph
Prepare packages
CreateBuildRequest
SendProjectDescription
CreateBuildOperation
ComputeTargetDependencyGraph
note: Building targets in dependency order
note: Target dependency graph (8 targets)
Target 'SF2LibAU-product' in project 'SF2LibAU'
➜ Explicit dependency on target 'SF2LibAU' in project 'SF2LibAU'
➜ Explicit dependency on target 'Engine-product' in project 'SF2Lib'
Target 'SF2LibAU' in project 'SF2LibAU'
➜ Explicit dependency on target 'Engine-product' in project 'SF2Lib'
Target 'Engine-product' in project 'SF2Lib'
➜ Explicit dependency on target 'Engine' in project 'SF2Lib'
➜ Explicit dependency on target 'SF2Lib' in project 'SF2Lib'
➜ Explicit dependency on target 'DSPHeaders-product' in project 'DSPHeaders'
Target 'Engine' in project 'SF2Lib'
➜ Explicit dependency on target 'SF2Lib' in project 'SF2Lib'
➜ Explicit dependency on target 'DSPHeaders-product' in project 'DSPHeaders'
Target 'SF2Lib' in project 'SF2Lib'
➜ Explicit dependency on target 'SF2Lib_SF2Lib' in project 'SF2Lib'
➜ Explicit dependency on target 'DSPHeaders-product' in project 'DSPHeaders'
Target 'DSPHeaders-product' in project 'DSPHeaders'
➜ Explicit dependency on target 'DSPHeaders' in project 'DSPHeaders'
Target 'DSPHeaders' in project 'DSPHeaders' (no dependencies)
Target 'SF2Lib_SF2Lib' in project 'SF2Lib' (no dependencies)
GatherProvisioningInputs
CreateBuildDescription
ExecuteExternalTool /Applications/Xcode-27.0.0-Release.Candidate.app/Contents/Developer/Toolchains/XcodeDefault.xctoolchain/usr/bin/clang -v -E -dM -arch arm64 -isysroot /Applications/Xcode-27.0.0-Release.Candidate.app/Contents/Developer/Platforms/WatchOS.platform/Developer/SDKs/WatchOS27.0.sdk -x objective-c++ -c /dev/null
ExecuteExternalTool /Applications/Xcode-27.0.0-Release.Candidate.app/Contents/Developer/Toolchains/XcodeDefault.xctoolchain/usr/bin/swiftc --version
ExecuteExternalTool /Applications/Xcode-27.0.0-Release.Candidate.app/Contents/Developer/Toolchains/XcodeDefault.xctoolchain/usr/bin/clang -v -E -dM -isysroot /Applications/Xcode-27.0.0-Release.Candidate.app/Contents/Developer/Platforms/WatchOS.platform/Developer/SDKs/WatchOS27.0.sdk -x c -c /dev/null
ExecuteExternalTool /Applications/Xcode-27.0.0-Release.Candidate.app/Contents/Developer/Toolchains/XcodeDefault.xctoolchain/usr/bin/clang -v -E -dM -arch arm64 -isysroot /Applications/Xcode-27.0.0-Release.Candidate.app/Contents/Developer/Platforms/WatchOS.platform/Developer/SDKs/WatchOS27.0.sdk -x objective-c -c /dev/null
ExecuteExternalTool /Applications/Xcode-27.0.0-Release.Candidate.app/Contents/Developer/Toolchains/XcodeDefault.xctoolchain/usr/bin/clang -v -E -dM -arch arm64 -isysroot /Applications/Xcode-27.0.0-Release.Candidate.app/Contents/Developer/Platforms/WatchOS.platform/Developer/SDKs/WatchOS27.0.sdk -x c -c /dev/null
ExecuteExternalTool /Applications/Xcode-27.0.0-Release.Candidate.app/Contents/Developer/Toolchains/XcodeDefault.xctoolchain/usr/bin/ld -version_details
ExecuteExternalTool /Applications/Xcode-27.0.0-Release.Candidate.app/Contents/Developer/Toolchains/XcodeDefault.xctoolchain/usr/bin/clang -v -E -dM -arch arm64_32 -isysroot /Applications/Xcode-27.0.0-Release.Candidate.app/Contents/Developer/Platforms/WatchOS.platform/Developer/SDKs/WatchOS27.0.sdk -x objective-c++ -c /dev/null
ExecuteExternalTool /Applications/Xcode-27.0.0-Release.Candidate.app/Contents/Developer/Toolchains/XcodeDefault.xctoolchain/usr/bin/clang -v -E -dM -arch arm64_32 -isysroot /Applications/Xcode-27.0.0-Release.Candidate.app/Contents/Developer/Platforms/WatchOS.platform/Developer/SDKs/WatchOS27.0.sdk -x objective-c -c /dev/null
ExecuteExternalTool /Applications/Xcode-27.0.0-Release.Candidate.app/Contents/Developer/Toolchains/XcodeDefault.xctoolchain/usr/bin/clang -v -E -dM -arch arm64_32 -isysroot /Applications/Xcode-27.0.0-Release.Candidate.app/Contents/Developer/Platforms/WatchOS.platform/Developer/SDKs/WatchOS27.0.sdk -x c -c /dev/null
Build description signature: a2f454ad2bbbe3024b707f47c36a3df5
Build description path: /Users/admin/builder/spi-builder-workspace/.derivedData/Build/Intermediates.noindex/XCBuildData/a2f454ad2bbbe3024b707f47c36a3df5.xcbuilddata
CreateBuildDirectory /Users/admin/builder/spi-builder-workspace/.derivedData/SDKExplicitPrecompiledModules
cd /Users/admin/builder/spi-builder-workspace/.swiftpm/xcode
builtin-create-build-directory /Users/admin/builder/spi-builder-workspace/.derivedData/SDKExplicitPrecompiledModules
CreateBuildDirectory /Users/admin/builder/spi-builder-workspace/.derivedData/ModuleCache.noindex
cd /Users/admin/builder/spi-builder-workspace/.swiftpm/xcode
builtin-create-build-directory /Users/admin/builder/spi-builder-workspace/.derivedData/ModuleCache.noindex
CreateBuildDirectory /Users/admin/builder/spi-builder-workspace/.derivedData/Build/Intermediates.noindex
cd /Users/admin/builder/spi-builder-workspace/.swiftpm/xcode
builtin-create-build-directory /Users/admin/builder/spi-builder-workspace/.derivedData/Build/Intermediates.noindex
CreateBuildDirectory /Users/admin/builder/spi-builder-workspace/.derivedData/Build/Products
cd /Users/admin/builder/spi-builder-workspace/.swiftpm/xcode
builtin-create-build-directory /Users/admin/builder/spi-builder-workspace/.derivedData/Build/Products
CreateBuildDirectory /Users/admin/builder/spi-builder-workspace/.derivedData/CompilationCache.noindex
cd /Users/admin/builder/spi-builder-workspace/.swiftpm/xcode
builtin-create-build-directory /Users/admin/builder/spi-builder-workspace/.derivedData/CompilationCache.noindex
ClangStatCache /Applications/Xcode-27.0.0-Release.Candidate.app/Contents/Developer/Toolchains/XcodeDefault.xctoolchain/usr/bin/clang-stat-cache /Applications/Xcode-27.0.0-Release.Candidate.app/Contents/Developer/Platforms/WatchOS.platform/Developer/SDKs/WatchOS27.0.sdk /Users/admin/builder/spi-builder-workspace/.derivedData/SDKStatCaches.noindex/watchos27.0-24R360-e829b21a6f8c9b70876ba0858053c04477534ef55a1706bf4c1112bbb242f0a2.sdkstatcache
cd /Users/admin/builder/spi-builder-workspace/.swiftpm/xcode
/Applications/Xcode-27.0.0-Release.Candidate.app/Contents/Developer/Toolchains/XcodeDefault.xctoolchain/usr/bin/clang-stat-cache /Applications/Xcode-27.0.0-Release.Candidate.app/Contents/Developer/Platforms/WatchOS.platform/Developer/SDKs/WatchOS27.0.sdk -o /Users/admin/builder/spi-builder-workspace/.derivedData/SDKStatCaches.noindex/watchos27.0-24R360-e829b21a6f8c9b70876ba0858053c04477534ef55a1706bf4c1112bbb242f0a2.sdkstatcache
CreateBuildDirectory /Users/admin/builder/spi-builder-workspace/.derivedData/Build/Intermediates.noindex/SwiftExplicitPrecompiledModules
cd /Users/admin/builder/spi-builder-workspace/.swiftpm/xcode
builtin-create-build-directory /Users/admin/builder/spi-builder-workspace/.derivedData/Build/Intermediates.noindex/SwiftExplicitPrecompiledModules
CreateBuildDirectory /Users/admin/builder/spi-builder-workspace/.derivedData/Build/Intermediates.noindex/ExplicitPrecompiledModules
cd /Users/admin/builder/spi-builder-workspace/.swiftpm/xcode
builtin-create-build-directory /Users/admin/builder/spi-builder-workspace/.derivedData/Build/Intermediates.noindex/ExplicitPrecompiledModules
CreateBuildDirectory /Users/admin/builder/spi-builder-workspace/.derivedData/Build/Intermediates.noindex/PrecompiledHeaders
cd /Users/admin/builder/spi-builder-workspace/.swiftpm/xcode
builtin-create-build-directory /Users/admin/builder/spi-builder-workspace/.derivedData/Build/Intermediates.noindex/PrecompiledHeaders
CreateBuildDirectory /Users/admin/builder/spi-builder-workspace/.derivedData/Build/Intermediates.noindex/EagerLinkingTBDs/Debug-watchos
cd /Users/admin/builder/spi-builder-workspace/.swiftpm/xcode
builtin-create-build-directory /Users/admin/builder/spi-builder-workspace/.derivedData/Build/Intermediates.noindex/EagerLinkingTBDs/Debug-watchos
CreateBuildDirectory /Users/admin/builder/spi-builder-workspace/.derivedData/Build/Products/Debug-watchos
cd /Users/admin/builder/spi-builder-workspace/.swiftpm/xcode
builtin-create-build-directory /Users/admin/builder/spi-builder-workspace/.derivedData/Build/Products/Debug-watchos
CreateBuildDirectory /Users/admin/builder/spi-builder-workspace/.derivedData/Build/Products/Debug-watchos/PackageFrameworks
cd /Users/admin/builder/spi-builder-workspace/.swiftpm/xcode
builtin-create-build-directory /Users/admin/builder/spi-builder-workspace/.derivedData/Build/Products/Debug-watchos/PackageFrameworks
WriteAuxiliaryFile /Users/admin/builder/spi-builder-workspace/.derivedData/Build/Intermediates.noindex/SF2LibAU.build/Debug-watchos/SF2LibAU-t.build/SF2LibAU.modulemap (in target 'SF2LibAU' from project 'SF2LibAU')
cd /Users/admin/builder/spi-builder-workspace
write-file /Users/admin/builder/spi-builder-workspace/.derivedData/Build/Intermediates.noindex/SF2LibAU.build/Debug-watchos/SF2LibAU-t.build/SF2LibAU.modulemap
WriteAuxiliaryFile /Users/admin/builder/spi-builder-workspace/.derivedData/Build/Intermediates.noindex/SF2LibAU.build/Debug-watchos/SF2LibAU-t.build/SF2LibAU.DependencyMetadataFileList (in target 'SF2LibAU' from project 'SF2LibAU')
cd /Users/admin/builder/spi-builder-workspace
write-file /Users/admin/builder/spi-builder-workspace/.derivedData/Build/Intermediates.noindex/SF2LibAU.build/Debug-watchos/SF2LibAU-t.build/SF2LibAU.DependencyMetadataFileList
WriteAuxiliaryFile /Users/admin/builder/spi-builder-workspace/.derivedData/Build/Intermediates.noindex/SF2Lib.build/Debug-watchos/SF2Lib_SF2Lib-b.build/SF2Lib_SF2Lib.DependencyStaticMetadataFileList (in target 'SF2Lib_SF2Lib' from project 'SF2Lib')
cd /Users/admin/builder/spi-builder-workspace/.dependencies/checkouts/SF2Lib
write-file /Users/admin/builder/spi-builder-workspace/.derivedData/Build/Intermediates.noindex/SF2Lib.build/Debug-watchos/SF2Lib_SF2Lib-b.build/SF2Lib_SF2Lib.DependencyStaticMetadataFileList
WriteAuxiliaryFile /Users/admin/builder/spi-builder-workspace/.derivedData/Build/Intermediates.noindex/SF2Lib.build/Debug-watchos/SF2Lib_SF2Lib-b.build/SF2Lib_SF2Lib.DependencyMetadataFileList (in target 'SF2Lib_SF2Lib' from project 'SF2Lib')
cd /Users/admin/builder/spi-builder-workspace/.dependencies/checkouts/SF2Lib
write-file /Users/admin/builder/spi-builder-workspace/.derivedData/Build/Intermediates.noindex/SF2Lib.build/Debug-watchos/SF2Lib_SF2Lib-b.build/SF2Lib_SF2Lib.DependencyMetadataFileList
WriteAuxiliaryFile /Users/admin/builder/spi-builder-workspace/.derivedData/Build/Intermediates.noindex/SF2LibAU.build/Debug-watchos/SF2LibAU-t.build/SF2LibAU.DependencyStaticMetadataFileList (in target 'SF2LibAU' from project 'SF2LibAU')
cd /Users/admin/builder/spi-builder-workspace
write-file /Users/admin/builder/spi-builder-workspace/.derivedData/Build/Intermediates.noindex/SF2LibAU.build/Debug-watchos/SF2LibAU-t.build/SF2LibAU.DependencyStaticMetadataFileList
WriteAuxiliaryFile /Users/admin/builder/spi-builder-workspace/.derivedData/Build/Intermediates.noindex/SF2Lib.build/Debug-watchos/SF2Lib_SF2Lib-b.build/empty-SF2Lib_SF2Lib.plist (in target 'SF2Lib_SF2Lib' from project 'SF2Lib')
cd /Users/admin/builder/spi-builder-workspace/.dependencies/checkouts/SF2Lib
write-file /Users/admin/builder/spi-builder-workspace/.derivedData/Build/Intermediates.noindex/SF2Lib.build/Debug-watchos/SF2Lib_SF2Lib-b.build/empty-SF2Lib_SF2Lib.plist
WriteAuxiliaryFile /Users/admin/builder/spi-builder-workspace/.derivedData/Build/Intermediates.noindex/SF2LibAU.build/Debug-watchos/SF2LibAU-t.build/Objects-normal/arm64_32/SF2LibAU_const_extract_protocols.json (in target 'SF2LibAU' from project 'SF2LibAU')
cd /Users/admin/builder/spi-builder-workspace
write-file /Users/admin/builder/spi-builder-workspace/.derivedData/Build/Intermediates.noindex/SF2LibAU.build/Debug-watchos/SF2LibAU-t.build/Objects-normal/arm64_32/SF2LibAU_const_extract_protocols.json
WriteAuxiliaryFile /Users/admin/builder/spi-builder-workspace/.derivedData/Build/Intermediates.noindex/SF2LibAU.build/Debug-watchos/SF2LibAU-t.build/Objects-normal/arm64_32/SF2LibAU.SwiftFileList (in target 'SF2LibAU' from project 'SF2LibAU')
cd /Users/admin/builder/spi-builder-workspace
write-file /Users/admin/builder/spi-builder-workspace/.derivedData/Build/Intermediates.noindex/SF2LibAU.build/Debug-watchos/SF2LibAU-t.build/Objects-normal/arm64_32/SF2LibAU.SwiftFileList
WriteAuxiliaryFile /Users/admin/builder/spi-builder-workspace/.derivedData/Build/Intermediates.noindex/SF2LibAU.build/Debug-watchos/SF2LibAU-t.build/Objects-normal/arm64_32/SF2LibAU.SwiftConstValuesFileList (in target 'SF2LibAU' from project 'SF2LibAU')
cd /Users/admin/builder/spi-builder-workspace
write-file /Users/admin/builder/spi-builder-workspace/.derivedData/Build/Intermediates.noindex/SF2LibAU.build/Debug-watchos/SF2LibAU-t.build/Objects-normal/arm64_32/SF2LibAU.SwiftConstValuesFileList
WriteAuxiliaryFile /Users/admin/builder/spi-builder-workspace/.derivedData/Build/Intermediates.noindex/SF2LibAU.build/Debug-watchos/SF2LibAU-t.build/Objects-normal/arm64_32/SF2LibAU.LinkFileList (in target 'SF2LibAU' from project 'SF2LibAU')
cd /Users/admin/builder/spi-builder-workspace
write-file /Users/admin/builder/spi-builder-workspace/.derivedData/Build/Intermediates.noindex/SF2LibAU.build/Debug-watchos/SF2LibAU-t.build/Objects-normal/arm64_32/SF2LibAU.LinkFileList
WriteAuxiliaryFile /Users/admin/builder/spi-builder-workspace/.derivedData/Build/Intermediates.noindex/SF2LibAU.build/Debug-watchos/SF2LibAU-t.build/Objects-normal/arm64_32/SF2LibAU-OutputFileMap.json (in target 'SF2LibAU' from project 'SF2LibAU')
cd /Users/admin/builder/spi-builder-workspace
write-file /Users/admin/builder/spi-builder-workspace/.derivedData/Build/Intermediates.noindex/SF2LibAU.build/Debug-watchos/SF2LibAU-t.build/Objects-normal/arm64_32/SF2LibAU-OutputFileMap.json
WriteAuxiliaryFile /Users/admin/builder/spi-builder-workspace/.derivedData/Build/Intermediates.noindex/SF2LibAU.build/Debug-watchos/SF2LibAU-t.build/Objects-normal/arm64/SF2LibAU.SwiftFileList (in target 'SF2LibAU' from project 'SF2LibAU')
cd /Users/admin/builder/spi-builder-workspace
write-file /Users/admin/builder/spi-builder-workspace/.derivedData/Build/Intermediates.noindex/SF2LibAU.build/Debug-watchos/SF2LibAU-t.build/Objects-normal/arm64/SF2LibAU.SwiftFileList
WriteAuxiliaryFile /Users/admin/builder/spi-builder-workspace/.derivedData/Build/Intermediates.noindex/SF2LibAU.build/Debug-watchos/SF2LibAU-t.build/Objects-normal/arm64/SF2LibAU_const_extract_protocols.json (in target 'SF2LibAU' from project 'SF2LibAU')
cd /Users/admin/builder/spi-builder-workspace
write-file /Users/admin/builder/spi-builder-workspace/.derivedData/Build/Intermediates.noindex/SF2LibAU.build/Debug-watchos/SF2LibAU-t.build/Objects-normal/arm64/SF2LibAU_const_extract_protocols.json
WriteAuxiliaryFile /Users/admin/builder/spi-builder-workspace/.derivedData/Build/Intermediates.noindex/SF2LibAU.build/Debug-watchos/SF2LibAU-t.build/Objects-normal/arm64/SF2LibAU.SwiftConstValuesFileList (in target 'SF2LibAU' from project 'SF2LibAU')
cd /Users/admin/builder/spi-builder-workspace
write-file /Users/admin/builder/spi-builder-workspace/.derivedData/Build/Intermediates.noindex/SF2LibAU.build/Debug-watchos/SF2LibAU-t.build/Objects-normal/arm64/SF2LibAU.SwiftConstValuesFileList
WriteAuxiliaryFile /Users/admin/builder/spi-builder-workspace/.derivedData/Build/Intermediates.noindex/SF2LibAU.build/Debug-watchos/SF2LibAU-t.build/Objects-normal/arm64/SF2LibAU.LinkFileList (in target 'SF2LibAU' from project 'SF2LibAU')
cd /Users/admin/builder/spi-builder-workspace
write-file /Users/admin/builder/spi-builder-workspace/.derivedData/Build/Intermediates.noindex/SF2LibAU.build/Debug-watchos/SF2LibAU-t.build/Objects-normal/arm64/SF2LibAU.LinkFileList
WriteAuxiliaryFile /Users/admin/builder/spi-builder-workspace/.derivedData/Build/Intermediates.noindex/SF2LibAU.build/Debug-watchos/SF2LibAU-t.build/Objects-normal/arm64/SF2LibAU-OutputFileMap.json (in target 'SF2LibAU' from project 'SF2LibAU')
cd /Users/admin/builder/spi-builder-workspace
write-file /Users/admin/builder/spi-builder-workspace/.derivedData/Build/Intermediates.noindex/SF2LibAU.build/Debug-watchos/SF2LibAU-t.build/Objects-normal/arm64/SF2LibAU-OutputFileMap.json
Copy /Users/admin/builder/spi-builder-workspace/.derivedData/Build/Intermediates.noindex/GeneratedModuleMaps-watchos/SF2LibAU.modulemap /Users/admin/builder/spi-builder-workspace/.derivedData/Build/Intermediates.noindex/SF2LibAU.build/Debug-watchos/SF2LibAU-t.build/SF2LibAU.modulemap (in target 'SF2LibAU' from project 'SF2LibAU')
cd /Users/admin/builder/spi-builder-workspace
builtin-copy -exclude .DS_Store -exclude CVS -exclude .svn -exclude .git -exclude .hg -resolve-src-symlinks /Users/admin/builder/spi-builder-workspace/.derivedData/Build/Intermediates.noindex/SF2LibAU.build/Debug-watchos/SF2LibAU-t.build/SF2LibAU.modulemap /Users/admin/builder/spi-builder-workspace/.derivedData/Build/Intermediates.noindex/GeneratedModuleMaps-watchos
WriteAuxiliaryFile /Users/admin/builder/spi-builder-workspace/.derivedData/Build/Intermediates.noindex/SF2Lib.build/Debug-watchos/SF2Lib-t.build/SF2Lib.modulemap (in target 'SF2Lib' from project 'SF2Lib')
cd /Users/admin/builder/spi-builder-workspace/.dependencies/checkouts/SF2Lib
write-file /Users/admin/builder/spi-builder-workspace/.derivedData/Build/Intermediates.noindex/SF2Lib.build/Debug-watchos/SF2Lib-t.build/SF2Lib.modulemap
WriteAuxiliaryFile /Users/admin/builder/spi-builder-workspace/.derivedData/Build/Intermediates.noindex/SF2Lib.build/Debug-watchos/SF2Lib-t.build/SF2Lib.DependencyStaticMetadataFileList (in target 'SF2Lib' from project 'SF2Lib')
cd /Users/admin/builder/spi-builder-workspace/.dependencies/checkouts/SF2Lib
write-file /Users/admin/builder/spi-builder-workspace/.derivedData/Build/Intermediates.noindex/SF2Lib.build/Debug-watchos/SF2Lib-t.build/SF2Lib.DependencyStaticMetadataFileList
WriteAuxiliaryFile /Users/admin/builder/spi-builder-workspace/.derivedData/Build/Intermediates.noindex/SF2Lib.build/Debug-watchos/SF2Lib-t.build/SF2Lib.DependencyMetadataFileList (in target 'SF2Lib' from project 'SF2Lib')
cd /Users/admin/builder/spi-builder-workspace/.dependencies/checkouts/SF2Lib
write-file /Users/admin/builder/spi-builder-workspace/.derivedData/Build/Intermediates.noindex/SF2Lib.build/Debug-watchos/SF2Lib-t.build/SF2Lib.DependencyMetadataFileList
WriteAuxiliaryFile /Users/admin/builder/spi-builder-workspace/.derivedData/Build/Intermediates.noindex/SF2Lib.build/Debug-watchos/SF2Lib-t.build/Objects-normal/arm64_32/af3fcb34312c57c0f52879cdce924b91-common-args.resp (in target 'SF2Lib' from project 'SF2Lib')
cd /Users/admin/builder/spi-builder-workspace/.dependencies/checkouts/SF2Lib
write-file /Users/admin/builder/spi-builder-workspace/.derivedData/Build/Intermediates.noindex/SF2Lib.build/Debug-watchos/SF2Lib-t.build/Objects-normal/arm64_32/af3fcb34312c57c0f52879cdce924b91-common-args.resp
'-std=c++2b' -fobjc-arc -fmodules -fno-cxx-modules -gmodules '-fmodules-cache-path=/Users/admin/builder/spi-builder-workspace/.derivedData/ModuleCache.noindex' '-fmodule-name=SF2Lib' '-D_LIBCPP_HARDENING_MODE=_LIBCPP_HARDENING_MODE_DEBUG' -fpascal-strings -O0 -DSWIFT_PACKAGE '-DDEBUG=1' '-DUSE_ACCELERATE=1' '-DENABLE_LOWPASS_FILTER=0' '-DCHECKED_VECTOR_INDEXING=0' '-DOBJC_OLD_DISPATCH_PROTOTYPES=1' -g -fvisibility-inlines-hidden -fprofile-instr-generate -fcoverage-mapping -I/Users/admin/builder/spi-builder-workspace/.dependencies/checkouts/DSPHeaders/Sources/DSPHeaders/include -I/Users/admin/builder/spi-builder-workspace/.derivedData/Build/Products/Debug-watchos/include -I/Users/admin/builder/spi-builder-workspace/.dependencies/checkouts/SF2Lib/Sources/SF2Lib/include -I/Users/admin/builder/spi-builder-workspace/.derivedData/Build/Intermediates.noindex/SF2Lib.build/Debug-watchos/SF2Lib-t.build/DerivedSources-normal/arm64_32 -I/Users/admin/builder/spi-builder-workspace/.derivedData/Build/Intermediates.noindex/SF2Lib.build/Debug-watchos/SF2Lib-t.build/DerivedSources/arm64_32 -I/Users/admin/builder/spi-builder-workspace/.derivedData/Build/Intermediates.noindex/SF2Lib.build/Debug-watchos/SF2Lib-t.build/DerivedSources -F/Users/admin/builder/spi-builder-workspace/.derivedData/Build/Products/Debug-watchos/PackageFrameworks -F/Users/admin/builder/spi-builder-workspace/.derivedData/Build/Products/Debug-watchos -iframework /Applications/Xcode-27.0.0-Release.Candidate.app/Contents/Developer/Platforms/WatchOS.platform/Developer/Library/Frameworks -iframework /Applications/Xcode-27.0.0-Release.Candidate.app/Contents/Developer/Platforms/WatchOS.platform/Developer/SDKs/WatchOS27.0.sdk/Developer/Library/Frameworks '-fmodule-map-file=/Users/admin/builder/spi-builder-workspace/.dependencies/checkouts/DSPHeaders/Sources/DSPHeaders/include/module.modulemap' -DXcode
WriteAuxiliaryFile /Users/admin/builder/spi-builder-workspace/.derivedData/Build/Intermediates.noindex/SF2Lib.build/Debug-watchos/SF2Lib-t.build/Objects-normal/arm64_32/e6072d4f65d7061329687fe24e3d63a7-common-args.resp (in target 'SF2Lib' from project 'SF2Lib')
cd /Users/admin/builder/spi-builder-workspace/.dependencies/checkouts/SF2Lib
write-file /Users/admin/builder/spi-builder-workspace/.derivedData/Build/Intermediates.noindex/SF2Lib.build/Debug-watchos/SF2Lib-t.build/Objects-normal/arm64_32/e6072d4f65d7061329687fe24e3d63a7-common-args.resp
-fobjc-arc -fmodules -gmodules '-fmodules-cache-path=/Users/admin/builder/spi-builder-workspace/.derivedData/ModuleCache.noindex' '-fmodule-name=SF2Lib' -fpascal-strings -O0 -DSWIFT_PACKAGE '-DDEBUG=1' '-DUSE_ACCELERATE=1' '-DENABLE_LOWPASS_FILTER=0' '-DCHECKED_VECTOR_INDEXING=0' '-DOBJC_OLD_DISPATCH_PROTOTYPES=1' -g -fprofile-instr-generate -fcoverage-mapping -I/Users/admin/builder/spi-builder-workspace/.dependencies/checkouts/DSPHeaders/Sources/DSPHeaders/include -I/Users/admin/builder/spi-builder-workspace/.derivedData/Build/Products/Debug-watchos/include -I/Users/admin/builder/spi-builder-workspace/.dependencies/checkouts/SF2Lib/Sources/SF2Lib/include -I/Users/admin/builder/spi-builder-workspace/.derivedData/Build/Intermediates.noindex/SF2Lib.build/Debug-watchos/SF2Lib-t.build/DerivedSources-normal/arm64_32 -I/Users/admin/builder/spi-builder-workspace/.derivedData/Build/Intermediates.noindex/SF2Lib.build/Debug-watchos/SF2Lib-t.build/DerivedSources/arm64_32 -I/Users/admin/builder/spi-builder-workspace/.derivedData/Build/Intermediates.noindex/SF2Lib.build/Debug-watchos/SF2Lib-t.build/DerivedSources -F/Users/admin/builder/spi-builder-workspace/.derivedData/Build/Products/Debug-watchos/PackageFrameworks -F/Users/admin/builder/spi-builder-workspace/.derivedData/Build/Products/Debug-watchos -iframework /Applications/Xcode-27.0.0-Release.Candidate.app/Contents/Developer/Platforms/WatchOS.platform/Developer/Library/Frameworks -iframework /Applications/Xcode-27.0.0-Release.Candidate.app/Contents/Developer/Platforms/WatchOS.platform/Developer/SDKs/WatchOS27.0.sdk/Developer/Library/Frameworks '-fmodule-map-file=/Users/admin/builder/spi-builder-workspace/.dependencies/checkouts/DSPHeaders/Sources/DSPHeaders/include/module.modulemap' -DXcode
WriteAuxiliaryFile /Users/admin/builder/spi-builder-workspace/.derivedData/Build/Intermediates.noindex/SF2Lib.build/Debug-watchos/SF2Lib-t.build/Objects-normal/arm64_32/SF2Lib.LinkFileList (in target 'SF2Lib' from project 'SF2Lib')
cd /Users/admin/builder/spi-builder-workspace/.dependencies/checkouts/SF2Lib
write-file /Users/admin/builder/spi-builder-workspace/.derivedData/Build/Intermediates.noindex/SF2Lib.build/Debug-watchos/SF2Lib-t.build/Objects-normal/arm64_32/SF2Lib.LinkFileList
WriteAuxiliaryFile /Users/admin/builder/spi-builder-workspace/.derivedData/Build/Intermediates.noindex/SF2Lib.build/Debug-watchos/SF2Lib-t.build/Objects-normal/arm64/e6072d4f65d7061329687fe24e3d63a7-common-args.resp (in target 'SF2Lib' from project 'SF2Lib')
cd /Users/admin/builder/spi-builder-workspace/.dependencies/checkouts/SF2Lib
write-file /Users/admin/builder/spi-builder-workspace/.derivedData/Build/Intermediates.noindex/SF2Lib.build/Debug-watchos/SF2Lib-t.build/Objects-normal/arm64/e6072d4f65d7061329687fe24e3d63a7-common-args.resp
-fobjc-arc -fmodules -gmodules '-fmodules-cache-path=/Users/admin/builder/spi-builder-workspace/.derivedData/ModuleCache.noindex' '-fmodule-name=SF2Lib' -fpascal-strings -O0 -DSWIFT_PACKAGE '-DDEBUG=1' '-DUSE_ACCELERATE=1' '-DENABLE_LOWPASS_FILTER=0' '-DCHECKED_VECTOR_INDEXING=0' '-DOBJC_OLD_DISPATCH_PROTOTYPES=1' -g -fprofile-instr-generate -fcoverage-mapping -I/Users/admin/builder/spi-builder-workspace/.dependencies/checkouts/DSPHeaders/Sources/DSPHeaders/include -I/Users/admin/builder/spi-builder-workspace/.derivedData/Build/Products/Debug-watchos/include -I/Users/admin/builder/spi-builder-workspace/.dependencies/checkouts/SF2Lib/Sources/SF2Lib/include -I/Users/admin/builder/spi-builder-workspace/.derivedData/Build/Intermediates.noindex/SF2Lib.build/Debug-watchos/SF2Lib-t.build/DerivedSources-normal/arm64 -I/Users/admin/builder/spi-builder-workspace/.derivedData/Build/Intermediates.noindex/SF2Lib.build/Debug-watchos/SF2Lib-t.build/DerivedSources/arm64 -I/Users/admin/builder/spi-builder-workspace/.derivedData/Build/Intermediates.noindex/SF2Lib.build/Debug-watchos/SF2Lib-t.build/DerivedSources -F/Users/admin/builder/spi-builder-workspace/.derivedData/Build/Products/Debug-watchos/PackageFrameworks -F/Users/admin/builder/spi-builder-workspace/.derivedData/Build/Products/Debug-watchos -iframework /Applications/Xcode-27.0.0-Release.Candidate.app/Contents/Developer/Platforms/WatchOS.platform/Developer/Library/Frameworks -iframework /Applications/Xcode-27.0.0-Release.Candidate.app/Contents/Developer/Platforms/WatchOS.platform/Developer/SDKs/WatchOS27.0.sdk/Developer/Library/Frameworks '-fmodule-map-file=/Users/admin/builder/spi-builder-workspace/.dependencies/checkouts/DSPHeaders/Sources/DSPHeaders/include/module.modulemap' -DXcode
WriteAuxiliaryFile /Users/admin/builder/spi-builder-workspace/.derivedData/Build/Intermediates.noindex/SF2Lib.build/Debug-watchos/SF2Lib-t.build/Objects-normal/arm64/af3fcb34312c57c0f52879cdce924b91-common-args.resp (in target 'SF2Lib' from project 'SF2Lib')
cd /Users/admin/builder/spi-builder-workspace/.dependencies/checkouts/SF2Lib
write-file /Users/admin/builder/spi-builder-workspace/.derivedData/Build/Intermediates.noindex/SF2Lib.build/Debug-watchos/SF2Lib-t.build/Objects-normal/arm64/af3fcb34312c57c0f52879cdce924b91-common-args.resp
'-std=c++2b' -fobjc-arc -fmodules -fno-cxx-modules -gmodules '-fmodules-cache-path=/Users/admin/builder/spi-builder-workspace/.derivedData/ModuleCache.noindex' '-fmodule-name=SF2Lib' '-D_LIBCPP_HARDENING_MODE=_LIBCPP_HARDENING_MODE_DEBUG' -fpascal-strings -O0 -DSWIFT_PACKAGE '-DDEBUG=1' '-DUSE_ACCELERATE=1' '-DENABLE_LOWPASS_FILTER=0' '-DCHECKED_VECTOR_INDEXING=0' '-DOBJC_OLD_DISPATCH_PROTOTYPES=1' -g -fvisibility-inlines-hidden -fprofile-instr-generate -fcoverage-mapping -I/Users/admin/builder/spi-builder-workspace/.dependencies/checkouts/DSPHeaders/Sources/DSPHeaders/include -I/Users/admin/builder/spi-builder-workspace/.derivedData/Build/Products/Debug-watchos/include -I/Users/admin/builder/spi-builder-workspace/.dependencies/checkouts/SF2Lib/Sources/SF2Lib/include -I/Users/admin/builder/spi-builder-workspace/.derivedData/Build/Intermediates.noindex/SF2Lib.build/Debug-watchos/SF2Lib-t.build/DerivedSources-normal/arm64 -I/Users/admin/builder/spi-builder-workspace/.derivedData/Build/Intermediates.noindex/SF2Lib.build/Debug-watchos/SF2Lib-t.build/DerivedSources/arm64 -I/Users/admin/builder/spi-builder-workspace/.derivedData/Build/Intermediates.noindex/SF2Lib.build/Debug-watchos/SF2Lib-t.build/DerivedSources -F/Users/admin/builder/spi-builder-workspace/.derivedData/Build/Products/Debug-watchos/PackageFrameworks -F/Users/admin/builder/spi-builder-workspace/.derivedData/Build/Products/Debug-watchos -iframework /Applications/Xcode-27.0.0-Release.Candidate.app/Contents/Developer/Platforms/WatchOS.platform/Developer/Library/Frameworks -iframework /Applications/Xcode-27.0.0-Release.Candidate.app/Contents/Developer/Platforms/WatchOS.platform/Developer/SDKs/WatchOS27.0.sdk/Developer/Library/Frameworks '-fmodule-map-file=/Users/admin/builder/spi-builder-workspace/.dependencies/checkouts/DSPHeaders/Sources/DSPHeaders/include/module.modulemap' -DXcode
WriteAuxiliaryFile /Users/admin/builder/spi-builder-workspace/.derivedData/Build/Intermediates.noindex/SF2Lib.build/Debug-watchos/SF2Lib-t.build/Objects-normal/arm64/SF2Lib.LinkFileList (in target 'SF2Lib' from project 'SF2Lib')
cd /Users/admin/builder/spi-builder-workspace/.dependencies/checkouts/SF2Lib
write-file /Users/admin/builder/spi-builder-workspace/.derivedData/Build/Intermediates.noindex/SF2Lib.build/Debug-watchos/SF2Lib-t.build/Objects-normal/arm64/SF2Lib.LinkFileList
WriteAuxiliaryFile /Users/admin/builder/spi-builder-workspace/.derivedData/Build/Intermediates.noindex/SF2Lib.build/Debug-watchos/SF2Lib-t.build/DerivedSources/resource_bundle_accessor.m (in target 'SF2Lib' from project 'SF2Lib')
cd /Users/admin/builder/spi-builder-workspace/.dependencies/checkouts/SF2Lib
write-file /Users/admin/builder/spi-builder-workspace/.derivedData/Build/Intermediates.noindex/SF2Lib.build/Debug-watchos/SF2Lib-t.build/DerivedSources/resource_bundle_accessor.m
WriteAuxiliaryFile /Users/admin/builder/spi-builder-workspace/.derivedData/Build/Intermediates.noindex/SF2Lib.build/Debug-watchos/SF2Lib-t.build/DerivedSources/resource_bundle_accessor.h (in target 'SF2Lib' from project 'SF2Lib')
cd /Users/admin/builder/spi-builder-workspace/.dependencies/checkouts/SF2Lib
write-file /Users/admin/builder/spi-builder-workspace/.derivedData/Build/Intermediates.noindex/SF2Lib.build/Debug-watchos/SF2Lib-t.build/DerivedSources/resource_bundle_accessor.h
Copy /Users/admin/builder/spi-builder-workspace/.derivedData/Build/Intermediates.noindex/GeneratedModuleMaps-watchos/SF2Lib.modulemap /Users/admin/builder/spi-builder-workspace/.derivedData/Build/Intermediates.noindex/SF2Lib.build/Debug-watchos/SF2Lib-t.build/SF2Lib.modulemap (in target 'SF2Lib' from project 'SF2Lib')
cd /Users/admin/builder/spi-builder-workspace/.dependencies/checkouts/SF2Lib
builtin-copy -exclude .DS_Store -exclude CVS -exclude .svn -exclude .git -exclude .hg -resolve-src-symlinks /Users/admin/builder/spi-builder-workspace/.derivedData/Build/Intermediates.noindex/SF2Lib.build/Debug-watchos/SF2Lib-t.build/SF2Lib.modulemap /Users/admin/builder/spi-builder-workspace/.derivedData/Build/Intermediates.noindex/GeneratedModuleMaps-watchos
WriteAuxiliaryFile /Users/admin/builder/spi-builder-workspace/.derivedData/Build/Intermediates.noindex/SF2Lib.build/Debug-watchos/Engine-t.build/Objects-normal/arm64/af3fcb34312c57c0f52879cdce924b91-common-args.resp (in target 'Engine' from project 'SF2Lib')
cd /Users/admin/builder/spi-builder-workspace/.dependencies/checkouts/SF2Lib
write-file /Users/admin/builder/spi-builder-workspace/.derivedData/Build/Intermediates.noindex/SF2Lib.build/Debug-watchos/Engine-t.build/Objects-normal/arm64/af3fcb34312c57c0f52879cdce924b91-common-args.resp
'-std=c++2b' -fobjc-arc -fmodules -fno-cxx-modules -gmodules '-fmodules-cache-path=/Users/admin/builder/spi-builder-workspace/.derivedData/ModuleCache.noindex' '-fmodule-name=Engine' '-D_LIBCPP_HARDENING_MODE=_LIBCPP_HARDENING_MODE_DEBUG' -fpascal-strings -O0 -DSWIFT_PACKAGE '-DDEBUG=1' '-DOBJC_OLD_DISPATCH_PROTOTYPES=1' -g -fvisibility-inlines-hidden -fprofile-instr-generate -fcoverage-mapping -I/Users/admin/builder/spi-builder-workspace/.dependencies/checkouts/DSPHeaders/Sources/DSPHeaders/include -I/Users/admin/builder/spi-builder-workspace/.dependencies/checkouts/SF2Lib/Sources/SF2Lib/include -I/Users/admin/builder/spi-builder-workspace/.derivedData/Build/Products/Debug-watchos/include -I/Users/admin/builder/spi-builder-workspace/.dependencies/checkouts/SF2Lib/Sources/Engine/include -I/Users/admin/builder/spi-builder-workspace/.derivedData/Build/Intermediates.noindex/SF2Lib.build/Debug-watchos/Engine-t.build/DerivedSources-normal/arm64 -I/Users/admin/builder/spi-builder-workspace/.derivedData/Build/Intermediates.noindex/SF2Lib.build/Debug-watchos/Engine-t.build/DerivedSources/arm64 -I/Users/admin/builder/spi-builder-workspace/.derivedData/Build/Intermediates.noindex/SF2Lib.build/Debug-watchos/Engine-t.build/DerivedSources -F/Users/admin/builder/spi-builder-workspace/.derivedData/Build/Products/Debug-watchos/PackageFrameworks -F/Users/admin/builder/spi-builder-workspace/.derivedData/Build/Products/Debug-watchos -iframework /Applications/Xcode-27.0.0-Release.Candidate.app/Contents/Developer/Platforms/WatchOS.platform/Developer/Library/Frameworks -iframework /Applications/Xcode-27.0.0-Release.Candidate.app/Contents/Developer/Platforms/WatchOS.platform/Developer/SDKs/WatchOS27.0.sdk/Developer/Library/Frameworks '-fmodule-map-file=/Users/admin/builder/spi-builder-workspace/.dependencies/checkouts/DSPHeaders/Sources/DSPHeaders/include/module.modulemap' '-fmodule-map-file=/Users/admin/builder/spi-builder-workspace/.derivedData/Build/Intermediates.noindex/GeneratedModuleMaps-watchos/SF2Lib.modulemap' -DXcode
WriteAuxiliaryFile /Users/admin/builder/spi-builder-workspace/.derivedData/Build/Intermediates.noindex/SF2Lib.build/Debug-watchos/Engine-t.build/Objects-normal/arm64_32/af3fcb34312c57c0f52879cdce924b91-common-args.resp (in target 'Engine' from project 'SF2Lib')
cd /Users/admin/builder/spi-builder-workspace/.dependencies/checkouts/SF2Lib
write-file /Users/admin/builder/spi-builder-workspace/.derivedData/Build/Intermediates.noindex/SF2Lib.build/Debug-watchos/Engine-t.build/Objects-normal/arm64_32/af3fcb34312c57c0f52879cdce924b91-common-args.resp
'-std=c++2b' -fobjc-arc -fmodules -fno-cxx-modules -gmodules '-fmodules-cache-path=/Users/admin/builder/spi-builder-workspace/.derivedData/ModuleCache.noindex' '-fmodule-name=Engine' '-D_LIBCPP_HARDENING_MODE=_LIBCPP_HARDENING_MODE_DEBUG' -fpascal-strings -O0 -DSWIFT_PACKAGE '-DDEBUG=1' '-DOBJC_OLD_DISPATCH_PROTOTYPES=1' -g -fvisibility-inlines-hidden -fprofile-instr-generate -fcoverage-mapping -I/Users/admin/builder/spi-builder-workspace/.dependencies/checkouts/DSPHeaders/Sources/DSPHeaders/include -I/Users/admin/builder/spi-builder-workspace/.dependencies/checkouts/SF2Lib/Sources/SF2Lib/include -I/Users/admin/builder/spi-builder-workspace/.derivedData/Build/Products/Debug-watchos/include -I/Users/admin/builder/spi-builder-workspace/.dependencies/checkouts/SF2Lib/Sources/Engine/include -I/Users/admin/builder/spi-builder-workspace/.derivedData/Build/Intermediates.noindex/SF2Lib.build/Debug-watchos/Engine-t.build/DerivedSources-normal/arm64_32 -I/Users/admin/builder/spi-builder-workspace/.derivedData/Build/Intermediates.noindex/SF2Lib.build/Debug-watchos/Engine-t.build/DerivedSources/arm64_32 -I/Users/admin/builder/spi-builder-workspace/.derivedData/Build/Intermediates.noindex/SF2Lib.build/Debug-watchos/Engine-t.build/DerivedSources -F/Users/admin/builder/spi-builder-workspace/.derivedData/Build/Products/Debug-watchos/PackageFrameworks -F/Users/admin/builder/spi-builder-workspace/.derivedData/Build/Products/Debug-watchos -iframework /Applications/Xcode-27.0.0-Release.Candidate.app/Contents/Developer/Platforms/WatchOS.platform/Developer/Library/Frameworks -iframework /Applications/Xcode-27.0.0-Release.Candidate.app/Contents/Developer/Platforms/WatchOS.platform/Developer/SDKs/WatchOS27.0.sdk/Developer/Library/Frameworks '-fmodule-map-file=/Users/admin/builder/spi-builder-workspace/.dependencies/checkouts/DSPHeaders/Sources/DSPHeaders/include/module.modulemap' '-fmodule-map-file=/Users/admin/builder/spi-builder-workspace/.derivedData/Build/Intermediates.noindex/GeneratedModuleMaps-watchos/SF2Lib.modulemap' -DXcode
WriteAuxiliaryFile /Users/admin/builder/spi-builder-workspace/.derivedData/Build/Intermediates.noindex/SF2Lib.build/Debug-watchos/Engine-t.build/Objects-normal/arm64_32/Engine.LinkFileList (in target 'Engine' from project 'SF2Lib')
cd /Users/admin/builder/spi-builder-workspace/.dependencies/checkouts/SF2Lib
write-file /Users/admin/builder/spi-builder-workspace/.derivedData/Build/Intermediates.noindex/SF2Lib.build/Debug-watchos/Engine-t.build/Objects-normal/arm64_32/Engine.LinkFileList
WriteAuxiliaryFile /Users/admin/builder/spi-builder-workspace/.derivedData/Build/Intermediates.noindex/SF2Lib.build/Debug-watchos/Engine-t.build/Objects-normal/arm64/Engine.LinkFileList (in target 'Engine' from project 'SF2Lib')
cd /Users/admin/builder/spi-builder-workspace/.dependencies/checkouts/SF2Lib
write-file /Users/admin/builder/spi-builder-workspace/.derivedData/Build/Intermediates.noindex/SF2Lib.build/Debug-watchos/Engine-t.build/Objects-normal/arm64/Engine.LinkFileList
WriteAuxiliaryFile /Users/admin/builder/spi-builder-workspace/.derivedData/Build/Intermediates.noindex/SF2Lib.build/Debug-watchos/Engine-t.build/Engine.modulemap (in target 'Engine' from project 'SF2Lib')
cd /Users/admin/builder/spi-builder-workspace/.dependencies/checkouts/SF2Lib
write-file /Users/admin/builder/spi-builder-workspace/.derivedData/Build/Intermediates.noindex/SF2Lib.build/Debug-watchos/Engine-t.build/Engine.modulemap
WriteAuxiliaryFile /Users/admin/builder/spi-builder-workspace/.derivedData/Build/Intermediates.noindex/SF2Lib.build/Debug-watchos/Engine-t.build/Engine.DependencyStaticMetadataFileList (in target 'Engine' from project 'SF2Lib')
cd /Users/admin/builder/spi-builder-workspace/.dependencies/checkouts/SF2Lib
write-file /Users/admin/builder/spi-builder-workspace/.derivedData/Build/Intermediates.noindex/SF2Lib.build/Debug-watchos/Engine-t.build/Engine.DependencyStaticMetadataFileList
WriteAuxiliaryFile /Users/admin/builder/spi-builder-workspace/.derivedData/Build/Intermediates.noindex/SF2Lib.build/Debug-watchos/Engine-t.build/Engine.DependencyMetadataFileList (in target 'Engine' from project 'SF2Lib')
cd /Users/admin/builder/spi-builder-workspace/.dependencies/checkouts/SF2Lib
write-file /Users/admin/builder/spi-builder-workspace/.derivedData/Build/Intermediates.noindex/SF2Lib.build/Debug-watchos/Engine-t.build/Engine.DependencyMetadataFileList
WriteAuxiliaryFile /Users/admin/builder/spi-builder-workspace/.derivedData/Build/Intermediates.noindex/DSPHeaders.build/Debug-watchos/DSPHeaders-t.build/DSPHeaders.DependencyStaticMetadataFileList (in target 'DSPHeaders' from project 'DSPHeaders')
cd /Users/admin/builder/spi-builder-workspace/.dependencies/checkouts/DSPHeaders
write-file /Users/admin/builder/spi-builder-workspace/.derivedData/Build/Intermediates.noindex/DSPHeaders.build/Debug-watchos/DSPHeaders-t.build/DSPHeaders.DependencyStaticMetadataFileList
WriteAuxiliaryFile /Users/admin/builder/spi-builder-workspace/.derivedData/Build/Intermediates.noindex/DSPHeaders.build/Debug-watchos/DSPHeaders-t.build/Objects-normal/arm64_32/DSPHeaders.LinkFileList (in target 'DSPHeaders' from project 'DSPHeaders')
cd /Users/admin/builder/spi-builder-workspace/.dependencies/checkouts/DSPHeaders
write-file /Users/admin/builder/spi-builder-workspace/.derivedData/Build/Intermediates.noindex/DSPHeaders.build/Debug-watchos/DSPHeaders-t.build/Objects-normal/arm64_32/DSPHeaders.LinkFileList
WriteAuxiliaryFile /Users/admin/builder/spi-builder-workspace/.derivedData/Build/Intermediates.noindex/DSPHeaders.build/Debug-watchos/DSPHeaders-t.build/Objects-normal/arm64_32/af3fcb34312c57c0f52879cdce924b91-common-args.resp (in target 'DSPHeaders' from project 'DSPHeaders')
cd /Users/admin/builder/spi-builder-workspace/.dependencies/checkouts/DSPHeaders
write-file /Users/admin/builder/spi-builder-workspace/.derivedData/Build/Intermediates.noindex/DSPHeaders.build/Debug-watchos/DSPHeaders-t.build/Objects-normal/arm64_32/af3fcb34312c57c0f52879cdce924b91-common-args.resp
'-std=c++2b' -fobjc-arc -fmodules -fno-cxx-modules -gmodules '-fmodules-cache-path=/Users/admin/builder/spi-builder-workspace/.derivedData/ModuleCache.noindex' '-fmodule-name=DSPHeaders' '-D_LIBCPP_HARDENING_MODE=_LIBCPP_HARDENING_MODE_DEBUG' -fpascal-strings -O0 -DSWIFT_PACKAGE '-DDEBUG=1' '-DOBJC_OLD_DISPATCH_PROTOTYPES=1' -g -fvisibility-inlines-hidden -fprofile-instr-generate -fcoverage-mapping -I/Users/admin/builder/spi-builder-workspace/.derivedData/Build/Products/Debug-watchos/include -I/Users/admin/builder/spi-builder-workspace/.dependencies/checkouts/DSPHeaders/Sources/DSPHeaders/include -I/Users/admin/builder/spi-builder-workspace/.derivedData/Build/Intermediates.noindex/DSPHeaders.build/Debug-watchos/DSPHeaders-t.build/DerivedSources-normal/arm64_32 -I/Users/admin/builder/spi-builder-workspace/.derivedData/Build/Intermediates.noindex/DSPHeaders.build/Debug-watchos/DSPHeaders-t.build/DerivedSources/arm64_32 -I/Users/admin/builder/spi-builder-workspace/.derivedData/Build/Intermediates.noindex/DSPHeaders.build/Debug-watchos/DSPHeaders-t.build/DerivedSources -F/Users/admin/builder/spi-builder-workspace/.derivedData/Build/Products/Debug-watchos -iframework /Applications/Xcode-27.0.0-Release.Candidate.app/Contents/Developer/Platforms/WatchOS.platform/Developer/Library/Frameworks -iframework /Applications/Xcode-27.0.0-Release.Candidate.app/Contents/Developer/Platforms/WatchOS.platform/Developer/SDKs/WatchOS27.0.sdk/Developer/Library/Frameworks -DXcode
WriteAuxiliaryFile /Users/admin/builder/spi-builder-workspace/.derivedData/Build/Intermediates.noindex/DSPHeaders.build/Debug-watchos/DSPHeaders-t.build/Objects-normal/arm64/af3fcb34312c57c0f52879cdce924b91-common-args.resp (in target 'DSPHeaders' from project 'DSPHeaders')
cd /Users/admin/builder/spi-builder-workspace/.dependencies/checkouts/DSPHeaders
write-file /Users/admin/builder/spi-builder-workspace/.derivedData/Build/Intermediates.noindex/DSPHeaders.build/Debug-watchos/DSPHeaders-t.build/Objects-normal/arm64/af3fcb34312c57c0f52879cdce924b91-common-args.resp
'-std=c++2b' -fobjc-arc -fmodules -fno-cxx-modules -gmodules '-fmodules-cache-path=/Users/admin/builder/spi-builder-workspace/.derivedData/ModuleCache.noindex' '-fmodule-name=DSPHeaders' '-D_LIBCPP_HARDENING_MODE=_LIBCPP_HARDENING_MODE_DEBUG' -fpascal-strings -O0 -DSWIFT_PACKAGE '-DDEBUG=1' '-DOBJC_OLD_DISPATCH_PROTOTYPES=1' -g -fvisibility-inlines-hidden -fprofile-instr-generate -fcoverage-mapping -I/Users/admin/builder/spi-builder-workspace/.derivedData/Build/Products/Debug-watchos/include -I/Users/admin/builder/spi-builder-workspace/.dependencies/checkouts/DSPHeaders/Sources/DSPHeaders/include -I/Users/admin/builder/spi-builder-workspace/.derivedData/Build/Intermediates.noindex/DSPHeaders.build/Debug-watchos/DSPHeaders-t.build/DerivedSources-normal/arm64 -I/Users/admin/builder/spi-builder-workspace/.derivedData/Build/Intermediates.noindex/DSPHeaders.build/Debug-watchos/DSPHeaders-t.build/DerivedSources/arm64 -I/Users/admin/builder/spi-builder-workspace/.derivedData/Build/Intermediates.noindex/DSPHeaders.build/Debug-watchos/DSPHeaders-t.build/DerivedSources -F/Users/admin/builder/spi-builder-workspace/.derivedData/Build/Products/Debug-watchos -iframework /Applications/Xcode-27.0.0-Release.Candidate.app/Contents/Developer/Platforms/WatchOS.platform/Developer/Library/Frameworks -iframework /Applications/Xcode-27.0.0-Release.Candidate.app/Contents/Developer/Platforms/WatchOS.platform/Developer/SDKs/WatchOS27.0.sdk/Developer/Library/Frameworks -DXcode
WriteAuxiliaryFile /Users/admin/builder/spi-builder-workspace/.derivedData/Build/Intermediates.noindex/DSPHeaders.build/Debug-watchos/DSPHeaders-t.build/Objects-normal/arm64/DSPHeaders.LinkFileList (in target 'DSPHeaders' from project 'DSPHeaders')
cd /Users/admin/builder/spi-builder-workspace/.dependencies/checkouts/DSPHeaders
write-file /Users/admin/builder/spi-builder-workspace/.derivedData/Build/Intermediates.noindex/DSPHeaders.build/Debug-watchos/DSPHeaders-t.build/Objects-normal/arm64/DSPHeaders.LinkFileList
WriteAuxiliaryFile /Users/admin/builder/spi-builder-workspace/.derivedData/Build/Intermediates.noindex/DSPHeaders.build/Debug-watchos/DSPHeaders-t.build/DSPHeaders.DependencyMetadataFileList (in target 'DSPHeaders' from project 'DSPHeaders')
cd /Users/admin/builder/spi-builder-workspace/.dependencies/checkouts/DSPHeaders
write-file /Users/admin/builder/spi-builder-workspace/.derivedData/Build/Intermediates.noindex/DSPHeaders.build/Debug-watchos/DSPHeaders-t.build/DSPHeaders.DependencyMetadataFileList
MkDir /Users/admin/builder/spi-builder-workspace/.derivedData/Build/Products/Debug-watchos/SF2Lib_SF2Lib.bundle (in target 'SF2Lib_SF2Lib' from project 'SF2Lib')
cd /Users/admin/builder/spi-builder-workspace/.dependencies/checkouts/SF2Lib
/bin/mkdir -p /Users/admin/builder/spi-builder-workspace/.derivedData/Build/Products/Debug-watchos/SF2Lib_SF2Lib.bundle
Copy /Users/admin/builder/spi-builder-workspace/.derivedData/Build/Intermediates.noindex/GeneratedModuleMaps-watchos/Engine.modulemap /Users/admin/builder/spi-builder-workspace/.derivedData/Build/Intermediates.noindex/SF2Lib.build/Debug-watchos/Engine-t.build/Engine.modulemap (in target 'Engine' from project 'SF2Lib')
cd /Users/admin/builder/spi-builder-workspace/.dependencies/checkouts/SF2Lib
builtin-copy -exclude .DS_Store -exclude CVS -exclude .svn -exclude .git -exclude .hg -resolve-src-symlinks /Users/admin/builder/spi-builder-workspace/.derivedData/Build/Intermediates.noindex/SF2Lib.build/Debug-watchos/Engine-t.build/Engine.modulemap /Users/admin/builder/spi-builder-workspace/.derivedData/Build/Intermediates.noindex/GeneratedModuleMaps-watchos
ProcessInfoPlistFile /Users/admin/builder/spi-builder-workspace/.derivedData/Build/Products/Debug-watchos/SF2Lib_SF2Lib.bundle/Info.plist /Users/admin/builder/spi-builder-workspace/.derivedData/Build/Intermediates.noindex/SF2Lib.build/Debug-watchos/SF2Lib_SF2Lib-b.build/empty-SF2Lib_SF2Lib.plist (in target 'SF2Lib_SF2Lib' from project 'SF2Lib')
cd /Users/admin/builder/spi-builder-workspace/.dependencies/checkouts/SF2Lib
builtin-infoPlistUtility /Users/admin/builder/spi-builder-workspace/.derivedData/Build/Intermediates.noindex/SF2Lib.build/Debug-watchos/SF2Lib_SF2Lib-b.build/empty-SF2Lib_SF2Lib.plist -producttype com.apple.product-type.bundle -expandbuildsettings -format binary -platform watchos -o /Users/admin/builder/spi-builder-workspace/.derivedData/Build/Products/Debug-watchos/SF2Lib_SF2Lib.bundle/Info.plist
CpResource /Users/admin/builder/spi-builder-workspace/.derivedData/Build/Products/Debug-watchos/SF2Lib_SF2Lib.bundle/Configuration.plist /Users/admin/builder/spi-builder-workspace/.dependencies/checkouts/SF2Lib/Sources/SF2Lib/Resources/Configuration.plist (in target 'SF2Lib_SF2Lib' from project 'SF2Lib')
cd /Users/admin/builder/spi-builder-workspace/.dependencies/checkouts/SF2Lib
builtin-copy -exclude .DS_Store -exclude CVS -exclude .svn -exclude .git -exclude .hg -resolve-src-symlinks /Users/admin/builder/spi-builder-workspace/.dependencies/checkouts/SF2Lib/Sources/SF2Lib/Resources/Configuration.plist /Users/admin/builder/spi-builder-workspace/.derivedData/Build/Products/Debug-watchos/SF2Lib_SF2Lib.bundle
RegisterExecutionPolicyException /Users/admin/builder/spi-builder-workspace/.derivedData/Build/Products/Debug-watchos/SF2Lib_SF2Lib.bundle (in target 'SF2Lib_SF2Lib' from project 'SF2Lib')
cd /Users/admin/builder/spi-builder-workspace/.dependencies/checkouts/SF2Lib
builtin-RegisterExecutionPolicyException /Users/admin/builder/spi-builder-workspace/.derivedData/Build/Products/Debug-watchos/SF2Lib_SF2Lib.bundle
Touch /Users/admin/builder/spi-builder-workspace/.derivedData/Build/Products/Debug-watchos/SF2Lib_SF2Lib.bundle (in target 'SF2Lib_SF2Lib' from project 'SF2Lib')
cd /Users/admin/builder/spi-builder-workspace/.dependencies/checkouts/SF2Lib
/usr/bin/touch -c /Users/admin/builder/spi-builder-workspace/.derivedData/Build/Products/Debug-watchos/SF2Lib_SF2Lib.bundle
ScanDependencies /Users/admin/builder/spi-builder-workspace/.derivedData/Build/Intermediates.noindex/SF2Lib.build/Debug-watchos/SF2Lib-t.build/Objects-normal/arm64_32/resource_bundle_accessor.o /Users/admin/builder/spi-builder-workspace/.derivedData/Build/Intermediates.noindex/SF2Lib.build/Debug-watchos/SF2Lib-t.build/DerivedSources/resource_bundle_accessor.m normal arm64_32 objective-c com.apple.compilers.llvm.clang.1_0.compiler (in target 'SF2Lib' from project 'SF2Lib')
cd /Users/admin/builder/spi-builder-workspace/.swiftpm/xcode
Using response file: /Users/admin/builder/spi-builder-workspace/.derivedData/Build/Intermediates.noindex/SF2Lib.build/Debug-watchos/SF2Lib-t.build/Objects-normal/arm64_32/e6072d4f65d7061329687fe24e3d63a7-common-args.resp
builtin-ScanDependencies -o /Users/admin/builder/spi-builder-workspace/.derivedData/Build/Intermediates.noindex/SF2Lib.build/Debug-watchos/SF2Lib-t.build/Objects-normal/arm64_32/resource_bundle_accessor.o.scan -- /Applications/Xcode-27.0.0-Release.Candidate.app/Contents/Developer/Toolchains/XcodeDefault.xctoolchain/usr/bin/clang -x objective-c -ivfsstatcache /Users/admin/builder/spi-builder-workspace/.derivedData/SDKStatCaches.noindex/watchos27.0-24R360-e829b21a6f8c9b70876ba0858053c04477534ef55a1706bf4c1112bbb242f0a2.sdkstatcache -target arm64_32-apple-watchos9.0 -fmessage-length\=0 -fdiagnostics-show-note-include-stack -fmacro-backtrace-limit\=0 -fno-color-diagnostics -fmodules-prune-interval\=86400 -fmodules-prune-after\=345600 -fbuild-session-file\=/Users/admin/builder/spi-builder-workspace/.derivedData/ModuleCache.noindex/Session.modulevalidation -fmodules-validate-once-per-build-session -Wnon-modular-include-in-framework-module -Werror\=non-modular-include-in-framework-module -Wno-trigraphs -Wno-missing-field-initializers -Wno-missing-prototypes -Wno-return-type -Wno-implicit-atomic-properties -Wno-objc-interface-ivars -Wno-arc-repeated-use-of-weak -Wno-missing-braces -Wparentheses -Wswitch -Wno-unused-function -Wno-unused-label -Wno-unused-parameter -Wno-unused-variable -Wunused-value -Wno-empty-body -Wno-uninitialized -Wno-unknown-pragmas -w -Wno-shadow -Wno-four-char-constants -Wno-conversion -Wno-constant-conversion -Wno-int-conversion -Wno-bool-conversion -Wno-enum-conversion -Wno-float-conversion -Wno-non-literal-null-conversion -Wno-objc-literal-conversion -Wno-shorten-64-to-32 -Wpointer-sign -Wno-newline-eof -Wno-selector -Wno-strict-selector-match -Wno-undeclared-selector -Wno-deprecated-implementations -Wno-implicit-fallthrough -isysroot /Applications/Xcode-27.0.0-Release.Candidate.app/Contents/Developer/Platforms/WatchOS.platform/Developer/SDKs/WatchOS27.0.sdk -fstrict-aliasing -Wprotocol -Wdeprecated-declarations -Wno-sign-conversion -Wno-infinite-recursion -Wno-comma -Wno-block-capture-autoreleasing -Wno-strict-prototypes -Wno-semicolon-before-method-body -index-store-path /Users/admin/builder/spi-builder-workspace/.derivedData/Index.noindex/DataStore @/Users/admin/builder/spi-builder-workspace/.derivedData/Build/Intermediates.noindex/SF2Lib.build/Debug-watchos/SF2Lib-t.build/Objects-normal/arm64_32/e6072d4f65d7061329687fe24e3d63a7-common-args.resp -include /Users/admin/builder/spi-builder-workspace/.derivedData/Build/Intermediates.noindex/SF2Lib.build/Debug-watchos/SF2Lib-t.build/DerivedSources/resource_bundle_accessor.h -MMD -MT dependencies -MF /Users/admin/builder/spi-builder-workspace/.derivedData/Build/Intermediates.noindex/SF2Lib.build/Debug-watchos/SF2Lib-t.build/Objects-normal/arm64_32/resource_bundle_accessor.d --serialize-diagnostics /Users/admin/builder/spi-builder-workspace/.derivedData/Build/Intermediates.noindex/SF2Lib.build/Debug-watchos/SF2Lib-t.build/Objects-normal/arm64_32/resource_bundle_accessor.dia -c /Users/admin/builder/spi-builder-workspace/.derivedData/Build/Intermediates.noindex/SF2Lib.build/Debug-watchos/SF2Lib-t.build/DerivedSources/resource_bundle_accessor.m -o /Users/admin/builder/spi-builder-workspace/.derivedData/Build/Intermediates.noindex/SF2Lib.build/Debug-watchos/SF2Lib-t.build/Objects-normal/arm64_32/resource_bundle_accessor.o -index-unit-output-path /SF2Lib.build/Debug-watchos/SF2Lib-t.build/Objects-normal/arm64_32/resource_bundle_accessor.o
CompileC /Users/admin/builder/spi-builder-workspace/.derivedData/Build/Intermediates.noindex/SF2Lib.build/Debug-watchos/SF2Lib-t.build/Objects-normal/arm64_32/StringUtils.o /Users/admin/builder/spi-builder-workspace/.dependencies/checkouts/SF2Lib/Sources/SF2Lib/Utils/StringUtils.mm normal arm64_32 objective-c++ com.apple.compilers.llvm.clang.1_0.compiler (in target 'SF2Lib' from project 'SF2Lib')
cd /Users/admin/builder/spi-builder-workspace/.swiftpm/xcode
Using response file: /Users/admin/builder/spi-builder-workspace/.derivedData/Build/Intermediates.noindex/SF2Lib.build/Debug-watchos/SF2Lib-t.build/Objects-normal/arm64_32/af3fcb34312c57c0f52879cdce924b91-common-args.resp
/Applications/Xcode-27.0.0-Release.Candidate.app/Contents/Developer/Toolchains/XcodeDefault.xctoolchain/usr/bin/clang -x objective-c++ -ivfsstatcache /Users/admin/builder/spi-builder-workspace/.derivedData/SDKStatCaches.noindex/watchos27.0-24R360-e829b21a6f8c9b70876ba0858053c04477534ef55a1706bf4c1112bbb242f0a2.sdkstatcache -target arm64_32-apple-watchos9.0 -fmessage-length\=0 -fdiagnostics-show-note-include-stack -fmacro-backtrace-limit\=0 -fno-color-diagnostics -fmodules-prune-interval\=86400 -fmodules-prune-after\=345600 -fbuild-session-file\=/Users/admin/builder/spi-builder-workspace/.derivedData/ModuleCache.noindex/Session.modulevalidation -fmodules-validate-once-per-build-session -Wnon-modular-include-in-framework-module -Werror\=non-modular-include-in-framework-module -Wno-trigraphs -Wno-missing-field-initializers -Wno-missing-prototypes -Wno-return-type -Wno-implicit-atomic-properties -Wno-objc-interface-ivars -Wno-arc-repeated-use-of-weak -Wno-non-virtual-dtor -Wno-overloaded-virtual -Wno-exit-time-destructors -Wno-missing-braces -Wparentheses -Wswitch -Wno-unused-function -Wno-unused-label -Wno-unused-parameter -Wno-unused-variable -Wunused-value -Wno-empty-body -Wno-uninitialized -Wno-unknown-pragmas -w -Wno-shadow -Wno-four-char-constants -Wno-conversion -Wno-constant-conversion -Wno-int-conversion -Wno-bool-conversion -Wno-enum-conversion -Wno-float-conversion -Wno-non-literal-null-conversion -Wno-objc-literal-conversion -Wno-shorten-64-to-32 -Wno-newline-eof -Wno-selector -Wno-strict-selector-match -Wno-undeclared-selector -Wno-deprecated-implementations -Wno-c++11-extensions -Wno-implicit-fallthrough -isysroot /Applications/Xcode-27.0.0-Release.Candidate.app/Contents/Developer/Platforms/WatchOS.platform/Developer/SDKs/WatchOS27.0.sdk -fstrict-aliasing -Wprotocol -Wdeprecated-declarations -Winvalid-offsetof -Wno-sign-conversion -Wno-infinite-recursion -Wno-move -Wno-comma -Wno-block-capture-autoreleasing -Wno-strict-prototypes -Wno-range-loop-analysis -Wno-semicolon-before-method-body -index-store-path /Users/admin/builder/spi-builder-workspace/.derivedData/Index.noindex/DataStore @/Users/admin/builder/spi-builder-workspace/.derivedData/Build/Intermediates.noindex/SF2Lib.build/Debug-watchos/SF2Lib-t.build/Objects-normal/arm64_32/af3fcb34312c57c0f52879cdce924b91-common-args.resp -include /Users/admin/builder/spi-builder-workspace/.derivedData/Build/Intermediates.noindex/SF2Lib.build/Debug-watchos/SF2Lib-t.build/DerivedSources/resource_bundle_accessor.h -MMD -MT dependencies -MF /Users/admin/builder/spi-builder-workspace/.derivedData/Build/Intermediates.noindex/SF2Lib.build/Debug-watchos/SF2Lib-t.build/Objects-normal/arm64_32/StringUtils.d --serialize-diagnostics /Users/admin/builder/spi-builder-workspace/.derivedData/Build/Intermediates.noindex/SF2Lib.build/Debug-watchos/SF2Lib-t.build/Objects-normal/arm64_32/StringUtils.dia -c /Users/admin/builder/spi-builder-workspace/.dependencies/checkouts/SF2Lib/Sources/SF2Lib/Utils/StringUtils.mm -o /Users/admin/builder/spi-builder-workspace/.derivedData/Build/Intermediates.noindex/SF2Lib.build/Debug-watchos/SF2Lib-t.build/Objects-normal/arm64_32/StringUtils.o -index-unit-output-path /SF2Lib.build/Debug-watchos/SF2Lib-t.build/Objects-normal/arm64_32/StringUtils.o
In file included from /Users/admin/builder/spi-builder-workspace/.dependencies/checkouts/SF2Lib/Sources/SF2Lib/Utils/StringUtils.mm:9:
In file included from /Users/admin/builder/spi-builder-workspace/.dependencies/checkouts/SF2Lib/Sources/SF2Lib/include/SF2Lib/Utils/StringUtils.hpp:7:
/Users/admin/builder/spi-builder-workspace/.dependencies/checkouts/SF2Lib/Sources/SF2Lib/include/SF2Lib/Types.hpp:7:10: fatal error: 'AudioToolbox/AUParameters.h' file not found
7 | #include <AudioToolbox/AUParameters.h>
| ^~~~~~~~~~~~~~~~~~~~~~~~~~~~~
CompileC /Users/admin/builder/spi-builder-workspace/.derivedData/Build/Intermediates.noindex/SF2Lib.build/Debug-watchos/SF2Lib-t.build/Objects-normal/arm64_32/Base64.o /Users/admin/builder/spi-builder-workspace/.dependencies/checkouts/SF2Lib/Sources/SF2Lib/Utils/Base64.mm normal arm64_32 objective-c++ com.apple.compilers.llvm.clang.1_0.compiler (in target 'SF2Lib' from project 'SF2Lib')
cd /Users/admin/builder/spi-builder-workspace/.swiftpm/xcode
Using response file: /Users/admin/builder/spi-builder-workspace/.derivedData/Build/Intermediates.noindex/SF2Lib.build/Debug-watchos/SF2Lib-t.build/Objects-normal/arm64_32/af3fcb34312c57c0f52879cdce924b91-common-args.resp
/Applications/Xcode-27.0.0-Release.Candidate.app/Contents/Developer/Toolchains/XcodeDefault.xctoolchain/usr/bin/clang -x objective-c++ -ivfsstatcache /Users/admin/builder/spi-builder-workspace/.derivedData/SDKStatCaches.noindex/watchos27.0-24R360-e829b21a6f8c9b70876ba0858053c04477534ef55a1706bf4c1112bbb242f0a2.sdkstatcache -target arm64_32-apple-watchos9.0 -fmessage-length\=0 -fdiagnostics-show-note-include-stack -fmacro-backtrace-limit\=0 -fno-color-diagnostics -fmodules-prune-interval\=86400 -fmodules-prune-after\=345600 -fbuild-session-file\=/Users/admin/builder/spi-builder-workspace/.derivedData/ModuleCache.noindex/Session.modulevalidation -fmodules-validate-once-per-build-session -Wnon-modular-include-in-framework-module -Werror\=non-modular-include-in-framework-module -Wno-trigraphs -Wno-missing-field-initializers -Wno-missing-prototypes -Wno-return-type -Wno-implicit-atomic-properties -Wno-objc-interface-ivars -Wno-arc-repeated-use-of-weak -Wno-non-virtual-dtor -Wno-overloaded-virtual -Wno-exit-time-destructors -Wno-missing-braces -Wparentheses -Wswitch -Wno-unused-function -Wno-unused-label -Wno-unused-parameter -Wno-unused-variable -Wunused-value -Wno-empty-body -Wno-uninitialized -Wno-unknown-pragmas -w -Wno-shadow -Wno-four-char-constants -Wno-conversion -Wno-constant-conversion -Wno-int-conversion -Wno-bool-conversion -Wno-enum-conversion -Wno-float-conversion -Wno-non-literal-null-conversion -Wno-objc-literal-conversion -Wno-shorten-64-to-32 -Wno-newline-eof -Wno-selector -Wno-strict-selector-match -Wno-undeclared-selector -Wno-deprecated-implementations -Wno-c++11-extensions -Wno-implicit-fallthrough -isysroot /Applications/Xcode-27.0.0-Release.Candidate.app/Contents/Developer/Platforms/WatchOS.platform/Developer/SDKs/WatchOS27.0.sdk -fstrict-aliasing -Wprotocol -Wdeprecated-declarations -Winvalid-offsetof -Wno-sign-conversion -Wno-infinite-recursion -Wno-move -Wno-comma -Wno-block-capture-autoreleasing -Wno-strict-prototypes -Wno-range-loop-analysis -Wno-semicolon-before-method-body -index-store-path /Users/admin/builder/spi-builder-workspace/.derivedData/Index.noindex/DataStore @/Users/admin/builder/spi-builder-workspace/.derivedData/Build/Intermediates.noindex/SF2Lib.build/Debug-watchos/SF2Lib-t.build/Objects-normal/arm64_32/af3fcb34312c57c0f52879cdce924b91-common-args.resp -include /Users/admin/builder/spi-builder-workspace/.derivedData/Build/Intermediates.noindex/SF2Lib.build/Debug-watchos/SF2Lib-t.build/DerivedSources/resource_bundle_accessor.h -MMD -MT dependencies -MF /Users/admin/builder/spi-builder-workspace/.derivedData/Build/Intermediates.noindex/SF2Lib.build/Debug-watchos/SF2Lib-t.build/Objects-normal/arm64_32/Base64.d --serialize-diagnostics /Users/admin/builder/spi-builder-workspace/.derivedData/Build/Intermediates.noindex/SF2Lib.build/Debug-watchos/SF2Lib-t.build/Objects-normal/arm64_32/Base64.dia -c /Users/admin/builder/spi-builder-workspace/.dependencies/checkouts/SF2Lib/Sources/SF2Lib/Utils/Base64.mm -o /Users/admin/builder/spi-builder-workspace/.derivedData/Build/Intermediates.noindex/SF2Lib.build/Debug-watchos/SF2Lib-t.build/Objects-normal/arm64_32/Base64.o -index-unit-output-path /SF2Lib.build/Debug-watchos/SF2Lib-t.build/Objects-normal/arm64_32/Base64.o
ScanDependencies /Users/admin/builder/spi-builder-workspace/.derivedData/Build/Intermediates.noindex/SF2Lib.build/Debug-watchos/SF2Lib-t.build/Objects-normal/arm64/resource_bundle_accessor.o /Users/admin/builder/spi-builder-workspace/.derivedData/Build/Intermediates.noindex/SF2Lib.build/Debug-watchos/SF2Lib-t.build/DerivedSources/resource_bundle_accessor.m normal arm64 objective-c com.apple.compilers.llvm.clang.1_0.compiler (in target 'SF2Lib' from project 'SF2Lib')
cd /Users/admin/builder/spi-builder-workspace/.swiftpm/xcode
Using response file: /Users/admin/builder/spi-builder-workspace/.derivedData/Build/Intermediates.noindex/SF2Lib.build/Debug-watchos/SF2Lib-t.build/Objects-normal/arm64/e6072d4f65d7061329687fe24e3d63a7-common-args.resp
builtin-ScanDependencies -o /Users/admin/builder/spi-builder-workspace/.derivedData/Build/Intermediates.noindex/SF2Lib.build/Debug-watchos/SF2Lib-t.build/Objects-normal/arm64/resource_bundle_accessor.o.scan -- /Applications/Xcode-27.0.0-Release.Candidate.app/Contents/Developer/Toolchains/XcodeDefault.xctoolchain/usr/bin/clang -x objective-c -ivfsstatcache /Users/admin/builder/spi-builder-workspace/.derivedData/SDKStatCaches.noindex/watchos27.0-24R360-e829b21a6f8c9b70876ba0858053c04477534ef55a1706bf4c1112bbb242f0a2.sdkstatcache -target arm64-apple-watchos9.0 -fmessage-length\=0 -fdiagnostics-show-note-include-stack -fmacro-backtrace-limit\=0 -fno-color-diagnostics -fmodules-prune-interval\=86400 -fmodules-prune-after\=345600 -fbuild-session-file\=/Users/admin/builder/spi-builder-workspace/.derivedData/ModuleCache.noindex/Session.modulevalidation -fmodules-validate-once-per-build-session -Wnon-modular-include-in-framework-module -Werror\=non-modular-include-in-framework-module -Wno-trigraphs -Wno-missing-field-initializers -Wno-missing-prototypes -Wno-return-type -Wno-implicit-atomic-properties -Wno-objc-interface-ivars -Wno-arc-repeated-use-of-weak -Wno-missing-braces -Wparentheses -Wswitch -Wno-unused-function -Wno-unused-label -Wno-unused-parameter -Wno-unused-variable -Wunused-value -Wno-empty-body -Wno-uninitialized -Wno-unknown-pragmas -w -Wno-shadow -Wno-four-char-constants -Wno-conversion -Wno-constant-conversion -Wno-int-conversion -Wno-bool-conversion -Wno-enum-conversion -Wno-float-conversion -Wno-non-literal-null-conversion -Wno-objc-literal-conversion -Wshorten-64-to-32 -Wpointer-sign -Wno-newline-eof -Wno-selector -Wno-strict-selector-match -Wno-undeclared-selector -Wno-deprecated-implementations -Wno-implicit-fallthrough -isysroot /Applications/Xcode-27.0.0-Release.Candidate.app/Contents/Developer/Platforms/WatchOS.platform/Developer/SDKs/WatchOS27.0.sdk -fstrict-aliasing -Wprotocol -Wdeprecated-declarations -Wno-sign-conversion -Wno-infinite-recursion -Wno-comma -Wno-block-capture-autoreleasing -Wno-strict-prototypes -Wno-semicolon-before-method-body -index-store-path /Users/admin/builder/spi-builder-workspace/.derivedData/Index.noindex/DataStore @/Users/admin/builder/spi-builder-workspace/.derivedData/Build/Intermediates.noindex/SF2Lib.build/Debug-watchos/SF2Lib-t.build/Objects-normal/arm64/e6072d4f65d7061329687fe24e3d63a7-common-args.resp -include /Users/admin/builder/spi-builder-workspace/.derivedData/Build/Intermediates.noindex/SF2Lib.build/Debug-watchos/SF2Lib-t.build/DerivedSources/resource_bundle_accessor.h -MMD -MT dependencies -MF /Users/admin/builder/spi-builder-workspace/.derivedData/Build/Intermediates.noindex/SF2Lib.build/Debug-watchos/SF2Lib-t.build/Objects-normal/arm64/resource_bundle_accessor.d --serialize-diagnostics /Users/admin/builder/spi-builder-workspace/.derivedData/Build/Intermediates.noindex/SF2Lib.build/Debug-watchos/SF2Lib-t.build/Objects-normal/arm64/resource_bundle_accessor.dia -c /Users/admin/builder/spi-builder-workspace/.derivedData/Build/Intermediates.noindex/SF2Lib.build/Debug-watchos/SF2Lib-t.build/DerivedSources/resource_bundle_accessor.m -o /Users/admin/builder/spi-builder-workspace/.derivedData/Build/Intermediates.noindex/SF2Lib.build/Debug-watchos/SF2Lib-t.build/Objects-normal/arm64/resource_bundle_accessor.o -index-unit-output-path /SF2Lib.build/Debug-watchos/SF2Lib-t.build/Objects-normal/arm64/resource_bundle_accessor.o
CompileC /Users/admin/builder/spi-builder-workspace/.derivedData/Build/Intermediates.noindex/SF2Lib.build/Debug-watchos/SF2Lib-t.build/Objects-normal/arm64_32/Zone.o /Users/admin/builder/spi-builder-workspace/.dependencies/checkouts/SF2Lib/Sources/SF2Lib/Render/Zone/Zone.mm normal arm64_32 objective-c++ com.apple.compilers.llvm.clang.1_0.compiler (in target 'SF2Lib' from project 'SF2Lib')
cd /Users/admin/builder/spi-builder-workspace/.swiftpm/xcode
Using response file: /Users/admin/builder/spi-builder-workspace/.derivedData/Build/Intermediates.noindex/SF2Lib.build/Debug-watchos/SF2Lib-t.build/Objects-normal/arm64_32/af3fcb34312c57c0f52879cdce924b91-common-args.resp
/Applications/Xcode-27.0.0-Release.Candidate.app/Contents/Developer/Toolchains/XcodeDefault.xctoolchain/usr/bin/clang -x objective-c++ -ivfsstatcache /Users/admin/builder/spi-builder-workspace/.derivedData/SDKStatCaches.noindex/watchos27.0-24R360-e829b21a6f8c9b70876ba0858053c04477534ef55a1706bf4c1112bbb242f0a2.sdkstatcache -target arm64_32-apple-watchos9.0 -fmessage-length\=0 -fdiagnostics-show-note-include-stack -fmacro-backtrace-limit\=0 -fno-color-diagnostics -fmodules-prune-interval\=86400 -fmodules-prune-after\=345600 -fbuild-session-file\=/Users/admin/builder/spi-builder-workspace/.derivedData/ModuleCache.noindex/Session.modulevalidation -fmodules-validate-once-per-build-session -Wnon-modular-include-in-framework-module -Werror\=non-modular-include-in-framework-module -Wno-trigraphs -Wno-missing-field-initializers -Wno-missing-prototypes -Wno-return-type -Wno-implicit-atomic-properties -Wno-objc-interface-ivars -Wno-arc-repeated-use-of-weak -Wno-non-virtual-dtor -Wno-overloaded-virtual -Wno-exit-time-destructors -Wno-missing-braces -Wparentheses -Wswitch -Wno-unused-function -Wno-unused-label -Wno-unused-parameter -Wno-unused-variable -Wunused-value -Wno-empty-body -Wno-uninitialized -Wno-unknown-pragmas -w -Wno-shadow -Wno-four-char-constants -Wno-conversion -Wno-constant-conversion -Wno-int-conversion -Wno-bool-conversion -Wno-enum-conversion -Wno-float-conversion -Wno-non-literal-null-conversion -Wno-objc-literal-conversion -Wno-shorten-64-to-32 -Wno-newline-eof -Wno-selector -Wno-strict-selector-match -Wno-undeclared-selector -Wno-deprecated-implementations -Wno-c++11-extensions -Wno-implicit-fallthrough -isysroot /Applications/Xcode-27.0.0-Release.Candidate.app/Contents/Developer/Platforms/WatchOS.platform/Developer/SDKs/WatchOS27.0.sdk -fstrict-aliasing -Wprotocol -Wdeprecated-declarations -Winvalid-offsetof -Wno-sign-conversion -Wno-infinite-recursion -Wno-move -Wno-comma -Wno-block-capture-autoreleasing -Wno-strict-prototypes -Wno-range-loop-analysis -Wno-semicolon-before-method-body -index-store-path /Users/admin/builder/spi-builder-workspace/.derivedData/Index.noindex/DataStore @/Users/admin/builder/spi-builder-workspace/.derivedData/Build/Intermediates.noindex/SF2Lib.build/Debug-watchos/SF2Lib-t.build/Objects-normal/arm64_32/af3fcb34312c57c0f52879cdce924b91-common-args.resp -include /Users/admin/builder/spi-builder-workspace/.derivedData/Build/Intermediates.noindex/SF2Lib.build/Debug-watchos/SF2Lib-t.build/DerivedSources/resource_bundle_accessor.h -MMD -MT dependencies -MF /Users/admin/builder/spi-builder-workspace/.derivedData/Build/Intermediates.noindex/SF2Lib.build/Debug-watchos/SF2Lib-t.build/Objects-normal/arm64_32/Zone.d --serialize-diagnostics /Users/admin/builder/spi-builder-workspace/.derivedData/Build/Intermediates.noindex/SF2Lib.build/Debug-watchos/SF2Lib-t.build/Objects-normal/arm64_32/Zone.dia -c /Users/admin/builder/spi-builder-workspace/.dependencies/checkouts/SF2Lib/Sources/SF2Lib/Render/Zone/Zone.mm -o /Users/admin/builder/spi-builder-workspace/.derivedData/Build/Intermediates.noindex/SF2Lib.build/Debug-watchos/SF2Lib-t.build/Objects-normal/arm64_32/Zone.o -index-unit-output-path /SF2Lib.build/Debug-watchos/SF2Lib-t.build/Objects-normal/arm64_32/Zone.o
In file included from /Users/admin/builder/spi-builder-workspace/.dependencies/checkouts/SF2Lib/Sources/SF2Lib/Render/Zone/Zone.mm:5:
In file included from /Users/admin/builder/spi-builder-workspace/.dependencies/checkouts/SF2Lib/Sources/SF2Lib/include/SF2Lib/Render/Zone/Zone.hpp:9:
In file included from /Users/admin/builder/spi-builder-workspace/.dependencies/checkouts/SF2Lib/Sources/SF2Lib/include/SF2Lib/Entity/Bag.hpp:8:
In file included from /Users/admin/builder/spi-builder-workspace/.dependencies/checkouts/SF2Lib/Sources/SF2Lib/include/SF2Lib/IO/Pos.hpp:8:
In file included from /Users/admin/builder/spi-builder-workspace/.dependencies/checkouts/SF2Lib/Sources/SF2Lib/include/SF2Lib/IO/Tag.hpp:7:
/Users/admin/builder/spi-builder-workspace/.dependencies/checkouts/SF2Lib/Sources/SF2Lib/include/SF2Lib/Types.hpp:7:10: fatal error: 'AudioToolbox/AUParameters.h' file not found
7 | #include <AudioToolbox/AUParameters.h>
| ^~~~~~~~~~~~~~~~~~~~~~~~~~~~~
CompileC /Users/admin/builder/spi-builder-workspace/.derivedData/Build/Intermediates.noindex/SF2Lib.build/Debug-watchos/SF2Lib-t.build/Objects-normal/arm64_32/State.o /Users/admin/builder/spi-builder-workspace/.dependencies/checkouts/SF2Lib/Sources/SF2Lib/Render/Voice/State/State.mm normal arm64_32 objective-c++ com.apple.compilers.llvm.clang.1_0.compiler (in target 'SF2Lib' from project 'SF2Lib')
cd /Users/admin/builder/spi-builder-workspace/.swiftpm/xcode
Using response file: /Users/admin/builder/spi-builder-workspace/.derivedData/Build/Intermediates.noindex/SF2Lib.build/Debug-watchos/SF2Lib-t.build/Objects-normal/arm64_32/af3fcb34312c57c0f52879cdce924b91-common-args.resp
/Applications/Xcode-27.0.0-Release.Candidate.app/Contents/Developer/Toolchains/XcodeDefault.xctoolchain/usr/bin/clang -x objective-c++ -ivfsstatcache /Users/admin/builder/spi-builder-workspace/.derivedData/SDKStatCaches.noindex/watchos27.0-24R360-e829b21a6f8c9b70876ba0858053c04477534ef55a1706bf4c1112bbb242f0a2.sdkstatcache -target arm64_32-apple-watchos9.0 -fmessage-length\=0 -fdiagnostics-show-note-include-stack -fmacro-backtrace-limit\=0 -fno-color-diagnostics -fmodules-prune-interval\=86400 -fmodules-prune-after\=345600 -fbuild-session-file\=/Users/admin/builder/spi-builder-workspace/.derivedData/ModuleCache.noindex/Session.modulevalidation -fmodules-validate-once-per-build-session -Wnon-modular-include-in-framework-module -Werror\=non-modular-include-in-framework-module -Wno-trigraphs -Wno-missing-field-initializers -Wno-missing-prototypes -Wno-return-type -Wno-implicit-atomic-properties -Wno-objc-interface-ivars -Wno-arc-repeated-use-of-weak -Wno-non-virtual-dtor -Wno-overloaded-virtual -Wno-exit-time-destructors -Wno-missing-braces -Wparentheses -Wswitch -Wno-unused-function -Wno-unused-label -Wno-unused-parameter -Wno-unused-variable -Wunused-value -Wno-empty-body -Wno-uninitialized -Wno-unknown-pragmas -w -Wno-shadow -Wno-four-char-constants -Wno-conversion -Wno-constant-conversion -Wno-int-conversion -Wno-bool-conversion -Wno-enum-conversion -Wno-float-conversion -Wno-non-literal-null-conversion -Wno-objc-literal-conversion -Wno-shorten-64-to-32 -Wno-newline-eof -Wno-selector -Wno-strict-selector-match -Wno-undeclared-selector -Wno-deprecated-implementations -Wno-c++11-extensions -Wno-implicit-fallthrough -isysroot /Applications/Xcode-27.0.0-Release.Candidate.app/Contents/Developer/Platforms/WatchOS.platform/Developer/SDKs/WatchOS27.0.sdk -fstrict-aliasing -Wprotocol -Wdeprecated-declarations -Winvalid-offsetof -Wno-sign-conversion -Wno-infinite-recursion -Wno-move -Wno-comma -Wno-block-capture-autoreleasing -Wno-strict-prototypes -Wno-range-loop-analysis -Wno-semicolon-before-method-body -index-store-path /Users/admin/builder/spi-builder-workspace/.derivedData/Index.noindex/DataStore @/Users/admin/builder/spi-builder-workspace/.derivedData/Build/Intermediates.noindex/SF2Lib.build/Debug-watchos/SF2Lib-t.build/Objects-normal/arm64_32/af3fcb34312c57c0f52879cdce924b91-common-args.resp -include /Users/admin/builder/spi-builder-workspace/.derivedData/Build/Intermediates.noindex/SF2Lib.build/Debug-watchos/SF2Lib-t.build/DerivedSources/resource_bundle_accessor.h -MMD -MT dependencies -MF /Users/admin/builder/spi-builder-workspace/.derivedData/Build/Intermediates.noindex/SF2Lib.build/Debug-watchos/SF2Lib-t.build/Objects-normal/arm64_32/State.d --serialize-diagnostics /Users/admin/builder/spi-builder-workspace/.derivedData/Build/Intermediates.noindex/SF2Lib.build/Debug-watchos/SF2Lib-t.build/Objects-normal/arm64_32/State.dia -c /Users/admin/builder/spi-builder-workspace/.dependencies/checkouts/SF2Lib/Sources/SF2Lib/Render/Voice/State/State.mm -o /Users/admin/builder/spi-builder-workspace/.derivedData/Build/Intermediates.noindex/SF2Lib.build/Debug-watchos/SF2Lib-t.build/Objects-normal/arm64_32/State.o -index-unit-output-path /SF2Lib.build/Debug-watchos/SF2Lib-t.build/Objects-normal/arm64_32/State.o
In file included from /Users/admin/builder/spi-builder-workspace/.dependencies/checkouts/SF2Lib/Sources/SF2Lib/Render/Voice/State/State.mm:6:
In file included from /Users/admin/builder/spi-builder-workspace/.dependencies/checkouts/SF2Lib/Sources/SF2Lib/include/SF2Lib/Render/Voice/State/State.hpp:10:
In file included from /Users/admin/builder/spi-builder-workspace/.dependencies/checkouts/SF2Lib/Sources/SF2Lib/include/SF2Lib/Entity/Generator/Generator.hpp:5:
In file included from /Users/admin/builder/spi-builder-workspace/.dependencies/checkouts/SF2Lib/Sources/SF2Lib/include/SF2Lib/IO/Pos.hpp:8:
In file included from /Users/admin/builder/spi-builder-workspace/.dependencies/checkouts/SF2Lib/Sources/SF2Lib/include/SF2Lib/IO/Tag.hpp:7:
/Users/admin/builder/spi-builder-workspace/.dependencies/checkouts/SF2Lib/Sources/SF2Lib/include/SF2Lib/Types.hpp:7:10: fatal error: 'AudioToolbox/AUParameters.h' file not found
7 | #include <AudioToolbox/AUParameters.h>
| ^~~~~~~~~~~~~~~~~~~~~~~~~~~~~
CompileC /Users/admin/builder/spi-builder-workspace/.derivedData/Build/Intermediates.noindex/SF2Lib.build/Debug-watchos/SF2Lib-t.build/Objects-normal/arm64_32/Voice.o /Users/admin/builder/spi-builder-workspace/.dependencies/checkouts/SF2Lib/Sources/SF2Lib/Render/Voice/Voice.mm normal arm64_32 objective-c++ com.apple.compilers.llvm.clang.1_0.compiler (in target 'SF2Lib' from project 'SF2Lib')
cd /Users/admin/builder/spi-builder-workspace/.swiftpm/xcode
Using response file: /Users/admin/builder/spi-builder-workspace/.derivedData/Build/Intermediates.noindex/SF2Lib.build/Debug-watchos/SF2Lib-t.build/Objects-normal/arm64_32/af3fcb34312c57c0f52879cdce924b91-common-args.resp
/Applications/Xcode-27.0.0-Release.Candidate.app/Contents/Developer/Toolchains/XcodeDefault.xctoolchain/usr/bin/clang -x objective-c++ -ivfsstatcache /Users/admin/builder/spi-builder-workspace/.derivedData/SDKStatCaches.noindex/watchos27.0-24R360-e829b21a6f8c9b70876ba0858053c04477534ef55a1706bf4c1112bbb242f0a2.sdkstatcache -target arm64_32-apple-watchos9.0 -fmessage-length\=0 -fdiagnostics-show-note-include-stack -fmacro-backtrace-limit\=0 -fno-color-diagnostics -fmodules-prune-interval\=86400 -fmodules-prune-after\=345600 -fbuild-session-file\=/Users/admin/builder/spi-builder-workspace/.derivedData/ModuleCache.noindex/Session.modulevalidation -fmodules-validate-once-per-build-session -Wnon-modular-include-in-framework-module -Werror\=non-modular-include-in-framework-module -Wno-trigraphs -Wno-missing-field-initializers -Wno-missing-prototypes -Wno-return-type -Wno-implicit-atomic-properties -Wno-objc-interface-ivars -Wno-arc-repeated-use-of-weak -Wno-non-virtual-dtor -Wno-overloaded-virtual -Wno-exit-time-destructors -Wno-missing-braces -Wparentheses -Wswitch -Wno-unused-function -Wno-unused-label -Wno-unused-parameter -Wno-unused-variable -Wunused-value -Wno-empty-body -Wno-uninitialized -Wno-unknown-pragmas -w -Wno-shadow -Wno-four-char-constants -Wno-conversion -Wno-constant-conversion -Wno-int-conversion -Wno-bool-conversion -Wno-enum-conversion -Wno-float-conversion -Wno-non-literal-null-conversion -Wno-objc-literal-conversion -Wno-shorten-64-to-32 -Wno-newline-eof -Wno-selector -Wno-strict-selector-match -Wno-undeclared-selector -Wno-deprecated-implementations -Wno-c++11-extensions -Wno-implicit-fallthrough -isysroot /Applications/Xcode-27.0.0-Release.Candidate.app/Contents/Developer/Platforms/WatchOS.platform/Developer/SDKs/WatchOS27.0.sdk -fstrict-aliasing -Wprotocol -Wdeprecated-declarations -Winvalid-offsetof -Wno-sign-conversion -Wno-infinite-recursion -Wno-move -Wno-comma -Wno-block-capture-autoreleasing -Wno-strict-prototypes -Wno-range-loop-analysis -Wno-semicolon-before-method-body -index-store-path /Users/admin/builder/spi-builder-workspace/.derivedData/Index.noindex/DataStore @/Users/admin/builder/spi-builder-workspace/.derivedData/Build/Intermediates.noindex/SF2Lib.build/Debug-watchos/SF2Lib-t.build/Objects-normal/arm64_32/af3fcb34312c57c0f52879cdce924b91-common-args.resp -include /Users/admin/builder/spi-builder-workspace/.derivedData/Build/Intermediates.noindex/SF2Lib.build/Debug-watchos/SF2Lib-t.build/DerivedSources/resource_bundle_accessor.h -MMD -MT dependencies -MF /Users/admin/builder/spi-builder-workspace/.derivedData/Build/Intermediates.noindex/SF2Lib.build/Debug-watchos/SF2Lib-t.build/Objects-normal/arm64_32/Voice.d --serialize-diagnostics /Users/admin/builder/spi-builder-workspace/.derivedData/Build/Intermediates.noindex/SF2Lib.build/Debug-watchos/SF2Lib-t.build/Objects-normal/arm64_32/Voice.dia -c /Users/admin/builder/spi-builder-workspace/.dependencies/checkouts/SF2Lib/Sources/SF2Lib/Render/Voice/Voice.mm -o /Users/admin/builder/spi-builder-workspace/.derivedData/Build/Intermediates.noindex/SF2Lib.build/Debug-watchos/SF2Lib-t.build/Objects-normal/arm64_32/Voice.o -index-unit-output-path /SF2Lib.build/Debug-watchos/SF2Lib-t.build/Objects-normal/arm64_32/Voice.o
In file included from /Users/admin/builder/spi-builder-workspace/.dependencies/checkouts/SF2Lib/Sources/SF2Lib/Render/Voice/Voice.mm:6:
In file included from /Users/admin/builder/spi-builder-workspace/.dependencies/checkouts/SF2Lib/Sources/SF2Lib/include/SF2Lib/Render/Envelope/Generator.hpp:12:
In file included from /Users/admin/builder/spi-builder-workspace/.dependencies/checkouts/SF2Lib/Sources/SF2Lib/include/SF2Lib/DSP.hpp:12:
/Users/admin/builder/spi-builder-workspace/.dependencies/checkouts/SF2Lib/Sources/SF2Lib/include/SF2Lib/Types.hpp:7:10: fatal error: 'AudioToolbox/AUParameters.h' file not found
7 | #include <AudioToolbox/AUParameters.h>
| ^~~~~~~~~~~~~~~~~~~~~~~~~~~~~
CompileC /Users/admin/builder/spi-builder-workspace/.derivedData/Build/Intermediates.noindex/SF2Lib.build/Debug-watchos/SF2Lib-t.build/Objects-normal/arm64_32/SampleSourceCollection.o /Users/admin/builder/spi-builder-workspace/.dependencies/checkouts/SF2Lib/Sources/SF2Lib/Render/SampleSourceCollection.mm normal arm64_32 objective-c++ com.apple.compilers.llvm.clang.1_0.compiler (in target 'SF2Lib' from project 'SF2Lib')
cd /Users/admin/builder/spi-builder-workspace/.swiftpm/xcode
Using response file: /Users/admin/builder/spi-builder-workspace/.derivedData/Build/Intermediates.noindex/SF2Lib.build/Debug-watchos/SF2Lib-t.build/Objects-normal/arm64_32/af3fcb34312c57c0f52879cdce924b91-common-args.resp
/Applications/Xcode-27.0.0-Release.Candidate.app/Contents/Developer/Toolchains/XcodeDefault.xctoolchain/usr/bin/clang -x objective-c++ -ivfsstatcache /Users/admin/builder/spi-builder-workspace/.derivedData/SDKStatCaches.noindex/watchos27.0-24R360-e829b21a6f8c9b70876ba0858053c04477534ef55a1706bf4c1112bbb242f0a2.sdkstatcache -target arm64_32-apple-watchos9.0 -fmessage-length\=0 -fdiagnostics-show-note-include-stack -fmacro-backtrace-limit\=0 -fno-color-diagnostics -fmodules-prune-interval\=86400 -fmodules-prune-after\=345600 -fbuild-session-file\=/Users/admin/builder/spi-builder-workspace/.derivedData/ModuleCache.noindex/Session.modulevalidation -fmodules-validate-once-per-build-session -Wnon-modular-include-in-framework-module -Werror\=non-modular-include-in-framework-module -Wno-trigraphs -Wno-missing-field-initializers -Wno-missing-prototypes -Wno-return-type -Wno-implicit-atomic-properties -Wno-objc-interface-ivars -Wno-arc-repeated-use-of-weak -Wno-non-virtual-dtor -Wno-overloaded-virtual -Wno-exit-time-destructors -Wno-missing-braces -Wparentheses -Wswitch -Wno-unused-function -Wno-unused-label -Wno-unused-parameter -Wno-unused-variable -Wunused-value -Wno-empty-body -Wno-uninitialized -Wno-unknown-pragmas -w -Wno-shadow -Wno-four-char-constants -Wno-conversion -Wno-constant-conversion -Wno-int-conversion -Wno-bool-conversion -Wno-enum-conversion -Wno-float-conversion -Wno-non-literal-null-conversion -Wno-objc-literal-conversion -Wno-shorten-64-to-32 -Wno-newline-eof -Wno-selector -Wno-strict-selector-match -Wno-undeclared-selector -Wno-deprecated-implementations -Wno-c++11-extensions -Wno-implicit-fallthrough -isysroot /Applications/Xcode-27.0.0-Release.Candidate.app/Contents/Developer/Platforms/WatchOS.platform/Developer/SDKs/WatchOS27.0.sdk -fstrict-aliasing -Wprotocol -Wdeprecated-declarations -Winvalid-offsetof -Wno-sign-conversion -Wno-infinite-recursion -Wno-move -Wno-comma -Wno-block-capture-autoreleasing -Wno-strict-prototypes -Wno-range-loop-analysis -Wno-semicolon-before-method-body -index-store-path /Users/admin/builder/spi-builder-workspace/.derivedData/Index.noindex/DataStore @/Users/admin/builder/spi-builder-workspace/.derivedData/Build/Intermediates.noindex/SF2Lib.build/Debug-watchos/SF2Lib-t.build/Objects-normal/arm64_32/af3fcb34312c57c0f52879cdce924b91-common-args.resp -include /Users/admin/builder/spi-builder-workspace/.derivedData/Build/Intermediates.noindex/SF2Lib.build/Debug-watchos/SF2Lib-t.build/DerivedSources/resource_bundle_accessor.h -MMD -MT dependencies -MF /Users/admin/builder/spi-builder-workspace/.derivedData/Build/Intermediates.noindex/SF2Lib.build/Debug-watchos/SF2Lib-t.build/Objects-normal/arm64_32/SampleSourceCollection.d --serialize-diagnostics /Users/admin/builder/spi-builder-workspace/.derivedData/Build/Intermediates.noindex/SF2Lib.build/Debug-watchos/SF2Lib-t.build/Objects-normal/arm64_32/SampleSourceCollection.dia -c /Users/admin/builder/spi-builder-workspace/.dependencies/checkouts/SF2Lib/Sources/SF2Lib/Render/SampleSourceCollection.mm -o /Users/admin/builder/spi-builder-workspace/.derivedData/Build/Intermediates.noindex/SF2Lib.build/Debug-watchos/SF2Lib-t.build/Objects-normal/arm64_32/SampleSourceCollection.o -index-unit-output-path /SF2Lib.build/Debug-watchos/SF2Lib-t.build/Objects-normal/arm64_32/SampleSourceCollection.o
In file included from /Users/admin/builder/spi-builder-workspace/.dependencies/checkouts/SF2Lib/Sources/SF2Lib/Render/SampleSourceCollection.mm:3:
In file included from /Users/admin/builder/spi-builder-workspace/.dependencies/checkouts/SF2Lib/Sources/SF2Lib/include/SF2Lib/Render/SampleSourceCollection.hpp:7:
In file included from /Users/admin/builder/spi-builder-workspace/.dependencies/checkouts/SF2Lib/Sources/SF2Lib/include/SF2Lib/IO/ChunkItems.hpp:9:
In file included from /Users/admin/builder/spi-builder-workspace/.dependencies/checkouts/SF2Lib/Sources/SF2Lib/include/SF2Lib/IO/Chunk.hpp:5:
In file included from /Users/admin/builder/spi-builder-workspace/.dependencies/checkouts/SF2Lib/Sources/SF2Lib/include/SF2Lib/IO/Pos.hpp:8:
In file included from /Users/admin/builder/spi-builder-workspace/.dependencies/checkouts/SF2Lib/Sources/SF2Lib/include/SF2Lib/IO/Tag.hpp:7:
/Users/admin/builder/spi-builder-workspace/.dependencies/checkouts/SF2Lib/Sources/SF2Lib/include/SF2Lib/Types.hpp:7:10: fatal error: 'AudioToolbox/AUParameters.h' file not found
7 | #include <AudioToolbox/AUParameters.h>
| ^~~~~~~~~~~~~~~~~~~~~~~~~~~~~
CompileC /Users/admin/builder/spi-builder-workspace/.derivedData/Build/Intermediates.noindex/SF2Lib.build/Debug-watchos/SF2Lib-t.build/Objects-normal/arm64_32/Stage.o /Users/admin/builder/spi-builder-workspace/.dependencies/checkouts/SF2Lib/Sources/SF2Lib/Render/Envelope/Stage.mm normal arm64_32 objective-c++ com.apple.compilers.llvm.clang.1_0.compiler (in target 'SF2Lib' from project 'SF2Lib')
cd /Users/admin/builder/spi-builder-workspace/.swiftpm/xcode
Using response file: /Users/admin/builder/spi-builder-workspace/.derivedData/Build/Intermediates.noindex/SF2Lib.build/Debug-watchos/SF2Lib-t.build/Objects-normal/arm64_32/af3fcb34312c57c0f52879cdce924b91-common-args.resp
/Applications/Xcode-27.0.0-Release.Candidate.app/Contents/Developer/Toolchains/XcodeDefault.xctoolchain/usr/bin/clang -x objective-c++ -ivfsstatcache /Users/admin/builder/spi-builder-workspace/.derivedData/SDKStatCaches.noindex/watchos27.0-24R360-e829b21a6f8c9b70876ba0858053c04477534ef55a1706bf4c1112bbb242f0a2.sdkstatcache -target arm64_32-apple-watchos9.0 -fmessage-length\=0 -fdiagnostics-show-note-include-stack -fmacro-backtrace-limit\=0 -fno-color-diagnostics -fmodules-prune-interval\=86400 -fmodules-prune-after\=345600 -fbuild-session-file\=/Users/admin/builder/spi-builder-workspace/.derivedData/ModuleCache.noindex/Session.modulevalidation -fmodules-validate-once-per-build-session -Wnon-modular-include-in-framework-module -Werror\=non-modular-include-in-framework-module -Wno-trigraphs -Wno-missing-field-initializers -Wno-missing-prototypes -Wno-return-type -Wno-implicit-atomic-properties -Wno-objc-interface-ivars -Wno-arc-repeated-use-of-weak -Wno-non-virtual-dtor -Wno-overloaded-virtual -Wno-exit-time-destructors -Wno-missing-braces -Wparentheses -Wswitch -Wno-unused-function -Wno-unused-label -Wno-unused-parameter -Wno-unused-variable -Wunused-value -Wno-empty-body -Wno-uninitialized -Wno-unknown-pragmas -w -Wno-shadow -Wno-four-char-constants -Wno-conversion -Wno-constant-conversion -Wno-int-conversion -Wno-bool-conversion -Wno-enum-conversion -Wno-float-conversion -Wno-non-literal-null-conversion -Wno-objc-literal-conversion -Wno-shorten-64-to-32 -Wno-newline-eof -Wno-selector -Wno-strict-selector-match -Wno-undeclared-selector -Wno-deprecated-implementations -Wno-c++11-extensions -Wno-implicit-fallthrough -isysroot /Applications/Xcode-27.0.0-Release.Candidate.app/Contents/Developer/Platforms/WatchOS.platform/Developer/SDKs/WatchOS27.0.sdk -fstrict-aliasing -Wprotocol -Wdeprecated-declarations -Winvalid-offsetof -Wno-sign-conversion -Wno-infinite-recursion -Wno-move -Wno-comma -Wno-block-capture-autoreleasing -Wno-strict-prototypes -Wno-range-loop-analysis -Wno-semicolon-before-method-body -index-store-path /Users/admin/builder/spi-builder-workspace/.derivedData/Index.noindex/DataStore @/Users/admin/builder/spi-builder-workspace/.derivedData/Build/Intermediates.noindex/SF2Lib.build/Debug-watchos/SF2Lib-t.build/Objects-normal/arm64_32/af3fcb34312c57c0f52879cdce924b91-common-args.resp -include /Users/admin/builder/spi-builder-workspace/.derivedData/Build/Intermediates.noindex/SF2Lib.build/Debug-watchos/SF2Lib-t.build/DerivedSources/resource_bundle_accessor.h -MMD -MT dependencies -MF /Users/admin/builder/spi-builder-workspace/.derivedData/Build/Intermediates.noindex/SF2Lib.build/Debug-watchos/SF2Lib-t.build/Objects-normal/arm64_32/Stage.d --serialize-diagnostics /Users/admin/builder/spi-builder-workspace/.derivedData/Build/Intermediates.noindex/SF2Lib.build/Debug-watchos/SF2Lib-t.build/Objects-normal/arm64_32/Stage.dia -c /Users/admin/builder/spi-builder-workspace/.dependencies/checkouts/SF2Lib/Sources/SF2Lib/Render/Envelope/Stage.mm -o /Users/admin/builder/spi-builder-workspace/.derivedData/Build/Intermediates.noindex/SF2Lib.build/Debug-watchos/SF2Lib-t.build/Objects-normal/arm64_32/Stage.o -index-unit-output-path /SF2Lib.build/Debug-watchos/SF2Lib-t.build/Objects-normal/arm64_32/Stage.o
In file included from /Users/admin/builder/spi-builder-workspace/.dependencies/checkouts/SF2Lib/Sources/SF2Lib/Render/Envelope/Stage.mm:3:
In file included from /Users/admin/builder/spi-builder-workspace/.dependencies/checkouts/SF2Lib/Sources/SF2Lib/include/SF2Lib/Render/Envelope/Stage.hpp:9:
In file included from /Users/admin/builder/spi-builder-workspace/.dependencies/checkouts/SF2Lib/Sources/SF2Lib/include/SF2Lib/DSP.hpp:12:
/Users/admin/builder/spi-builder-workspace/.dependencies/checkouts/SF2Lib/Sources/SF2Lib/include/SF2Lib/Types.hpp:7:10: fatal error: 'AudioToolbox/AUParameters.h' file not found
7 | #include <AudioToolbox/AUParameters.h>
| ^~~~~~~~~~~~~~~~~~~~~~~~~~~~~
CompileC /Users/admin/builder/spi-builder-workspace/.derivedData/Build/Intermediates.noindex/SF2Lib.build/Debug-watchos/SF2Lib-t.build/Objects-normal/arm64_32/ValueTransformer.o /Users/admin/builder/spi-builder-workspace/.dependencies/checkouts/SF2Lib/Sources/SF2Lib/MIDI/ValueTransformer.mm normal arm64_32 objective-c++ com.apple.compilers.llvm.clang.1_0.compiler (in target 'SF2Lib' from project 'SF2Lib')
cd /Users/admin/builder/spi-builder-workspace/.swiftpm/xcode
Using response file: /Users/admin/builder/spi-builder-workspace/.derivedData/Build/Intermediates.noindex/SF2Lib.build/Debug-watchos/SF2Lib-t.build/Objects-normal/arm64_32/af3fcb34312c57c0f52879cdce924b91-common-args.resp
/Applications/Xcode-27.0.0-Release.Candidate.app/Contents/Developer/Toolchains/XcodeDefault.xctoolchain/usr/bin/clang -x objective-c++ -ivfsstatcache /Users/admin/builder/spi-builder-workspace/.derivedData/SDKStatCaches.noindex/watchos27.0-24R360-e829b21a6f8c9b70876ba0858053c04477534ef55a1706bf4c1112bbb242f0a2.sdkstatcache -target arm64_32-apple-watchos9.0 -fmessage-length\=0 -fdiagnostics-show-note-include-stack -fmacro-backtrace-limit\=0 -fno-color-diagnostics -fmodules-prune-interval\=86400 -fmodules-prune-after\=345600 -fbuild-session-file\=/Users/admin/builder/spi-builder-workspace/.derivedData/ModuleCache.noindex/Session.modulevalidation -fmodules-validate-once-per-build-session -Wnon-modular-include-in-framework-module -Werror\=non-modular-include-in-framework-module -Wno-trigraphs -Wno-missing-field-initializers -Wno-missing-prototypes -Wno-return-type -Wno-implicit-atomic-properties -Wno-objc-interface-ivars -Wno-arc-repeated-use-of-weak -Wno-non-virtual-dtor -Wno-overloaded-virtual -Wno-exit-time-destructors -Wno-missing-braces -Wparentheses -Wswitch -Wno-unused-function -Wno-unused-label -Wno-unused-parameter -Wno-unused-variable -Wunused-value -Wno-empty-body -Wno-uninitialized -Wno-unknown-pragmas -w -Wno-shadow -Wno-four-char-constants -Wno-conversion -Wno-constant-conversion -Wno-int-conversion -Wno-bool-conversion -Wno-enum-conversion -Wno-float-conversion -Wno-non-literal-null-conversion -Wno-objc-literal-conversion -Wno-shorten-64-to-32 -Wno-newline-eof -Wno-selector -Wno-strict-selector-match -Wno-undeclared-selector -Wno-deprecated-implementations -Wno-c++11-extensions -Wno-implicit-fallthrough -isysroot /Applications/Xcode-27.0.0-Release.Candidate.app/Contents/Developer/Platforms/WatchOS.platform/Developer/SDKs/WatchOS27.0.sdk -fstrict-aliasing -Wprotocol -Wdeprecated-declarations -Winvalid-offsetof -Wno-sign-conversion -Wno-infinite-recursion -Wno-move -Wno-comma -Wno-block-capture-autoreleasing -Wno-strict-prototypes -Wno-range-loop-analysis -Wno-semicolon-before-method-body -index-store-path /Users/admin/builder/spi-builder-workspace/.derivedData/Index.noindex/DataStore @/Users/admin/builder/spi-builder-workspace/.derivedData/Build/Intermediates.noindex/SF2Lib.build/Debug-watchos/SF2Lib-t.build/Objects-normal/arm64_32/af3fcb34312c57c0f52879cdce924b91-common-args.resp -include /Users/admin/builder/spi-builder-workspace/.derivedData/Build/Intermediates.noindex/SF2Lib.build/Debug-watchos/SF2Lib-t.build/DerivedSources/resource_bundle_accessor.h -MMD -MT dependencies -MF /Users/admin/builder/spi-builder-workspace/.derivedData/Build/Intermediates.noindex/SF2Lib.build/Debug-watchos/SF2Lib-t.build/Objects-normal/arm64_32/ValueTransformer.d --serialize-diagnostics /Users/admin/builder/spi-builder-workspace/.derivedData/Build/Intermediates.noindex/SF2Lib.build/Debug-watchos/SF2Lib-t.build/Objects-normal/arm64_32/ValueTransformer.dia -c /Users/admin/builder/spi-builder-workspace/.dependencies/checkouts/SF2Lib/Sources/SF2Lib/MIDI/ValueTransformer.mm -o /Users/admin/builder/spi-builder-workspace/.derivedData/Build/Intermediates.noindex/SF2Lib.build/Debug-watchos/SF2Lib-t.build/Objects-normal/arm64_32/ValueTransformer.o -index-unit-output-path /SF2Lib.build/Debug-watchos/SF2Lib-t.build/Objects-normal/arm64_32/ValueTransformer.o
In file included from /Users/admin/builder/spi-builder-workspace/.dependencies/checkouts/SF2Lib/Sources/SF2Lib/MIDI/ValueTransformer.mm:9:
In file included from /Users/admin/builder/spi-builder-workspace/.dependencies/checkouts/SF2Lib/Sources/SF2Lib/include/SF2Lib/DSP.hpp:12:
/Users/admin/builder/spi-builder-workspace/.dependencies/checkouts/SF2Lib/Sources/SF2Lib/include/SF2Lib/Types.hpp:7:10: fatal error: 'AudioToolbox/AUParameters.h' file not found
7 | #include <AudioToolbox/AUParameters.h>
| ^~~~~~~~~~~~~~~~~~~~~~~~~~~~~
SwiftDriver SF2LibAU normal arm64 com.apple.xcode.tools.swift.compiler (in target 'SF2LibAU' from project 'SF2LibAU')
cd /Users/admin/builder/spi-builder-workspace/.swiftpm/xcode
builtin-SwiftDriver -- /Applications/Xcode-27.0.0-Release.Candidate.app/Contents/Developer/Toolchains/XcodeDefault.xctoolchain/usr/bin/swiftc -parse-as-library -module-name SF2LibAU -Onone @/Users/admin/builder/spi-builder-workspace/.derivedData/Build/Intermediates.noindex/SF2LibAU.build/Debug-watchos/SF2LibAU-t.build/Objects-normal/arm64/SF2LibAU.SwiftFileList -DSWIFT_PACKAGE -DDEBUG -DSWIFT_MODULE_RESOURCE_BUNDLE_UNAVAILABLE -Xcc -fmodule-map-file\=/Users/admin/builder/spi-builder-workspace/.dependencies/checkouts/DSPHeaders/Sources/DSPHeaders/include/module.modulemap -Xcc -fmodule-map-file\=/Users/admin/builder/spi-builder-workspace/.derivedData/Build/Intermediates.noindex/GeneratedModuleMaps-watchos/SF2Lib.modulemap -Xcc -fmodule-map-file\=/Users/admin/builder/spi-builder-workspace/.derivedData/Build/Intermediates.noindex/GeneratedModuleMaps-watchos/Engine.modulemap -DXcode -cxx-interoperability-mode\=default -Xcc -std\=c++2b -plugin-path /Applications/Xcode-27.0.0-Release.Candidate.app/Contents/Developer/Toolchains/XcodeDefault.xctoolchain/usr/lib/swift/host/plugins/testing -enable-experimental-feature DebugDescriptionMacro -sdk /Applications/Xcode-27.0.0-Release.Candidate.app/Contents/Developer/Platforms/WatchOS.platform/Developer/SDKs/WatchOS27.0.sdk -target arm64-apple-watchos9.0 -g -module-cache-path /Users/admin/builder/spi-builder-workspace/.derivedData/ModuleCache.noindex -Xfrontend -serialize-debugging-options -profile-coverage-mapping -profile-generate -enable-testing -index-store-path /Users/admin/builder/spi-builder-workspace/.derivedData/Index.noindex/DataStore -Xcc -D_LIBCPP_HARDENING_MODE\=_LIBCPP_HARDENING_MODE_DEBUG -swift-version 6 -I /Users/admin/builder/spi-builder-workspace/.derivedData/Build/Products/Debug-watchos -Isystem /Applications/Xcode-27.0.0-Release.Candidate.app/Contents/Developer/Platforms/WatchOS.platform/Developer/usr/lib -F /Users/admin/builder/spi-builder-workspace/.derivedData/Build/Products/Debug-watchos/PackageFrameworks -F /Users/admin/builder/spi-builder-workspace/.derivedData/Build/Products/Debug-watchos -F /Applications/Xcode-27.0.0-Release.Candidate.app/Contents/Developer/Platforms/WatchOS.platform/Developer/Library/Frameworks -F /Applications/Xcode-27.0.0-Release.Candidate.app/Contents/Developer/Platforms/WatchOS.platform/Developer/SDKs/WatchOS27.0.sdk/Developer/Library/Frameworks -c -j10 -enable-batch-mode -incremental -Xcc -ivfsstatcache -Xcc /Users/admin/builder/spi-builder-workspace/.derivedData/SDKStatCaches.noindex/watchos27.0-24R360-e829b21a6f8c9b70876ba0858053c04477534ef55a1706bf4c1112bbb242f0a2.sdkstatcache -output-file-map /Users/admin/builder/spi-builder-workspace/.derivedData/Build/Intermediates.noindex/SF2LibAU.build/Debug-watchos/SF2LibAU-t.build/Objects-normal/arm64/SF2LibAU-OutputFileMap.json -save-temps -no-color-diagnostics -explicit-module-build -module-cache-path /Users/admin/builder/spi-builder-workspace/.derivedData/Build/Intermediates.noindex/SwiftExplicitPrecompiledModules -clang-scanner-module-cache-path /Users/admin/builder/spi-builder-workspace/.derivedData/ModuleCache.noindex -sdk-module-cache-path /Users/admin/builder/spi-builder-workspace/.derivedData/SDKExplicitPrecompiledModules -emit-dependencies -emit-module -emit-module-path /Users/admin/builder/spi-builder-workspace/.derivedData/Build/Intermediates.noindex/SF2LibAU.build/Debug-watchos/SF2LibAU-t.build/Objects-normal/arm64/SF2LibAU.swiftmodule -serialize-diagnostics -dependency-scan-serialize-diagnostics-path /Users/admin/builder/spi-builder-workspace/.derivedData/Build/Intermediates.noindex/SF2LibAU.build/Debug-watchos/SF2LibAU-t.build/Objects-normal/arm64/SF2LibAU-dependency-scan.dia -validate-clang-modules-once -clang-build-session-file /Users/admin/builder/spi-builder-workspace/.derivedData/ModuleCache.noindex/Session.modulevalidation -Xcc -fmodules-prune-interval\=86400 -Xcc -fmodules-prune-after\=345600 -package-name spi_builder_workspace -emit-const-values -const-gather-protocols-list /Users/admin/builder/spi-builder-workspace/.derivedData/Build/Intermediates.noindex/SF2LibAU.build/Debug-watchos/SF2LibAU-t.build/Objects-normal/arm64/SF2LibAU_const_extract_protocols.json -Xcc -I/Users/admin/builder/spi-builder-workspace/.dependencies/checkouts/DSPHeaders/Sources/DSPHeaders/include -Xcc -I/Users/admin/builder/spi-builder-workspace/.dependencies/checkouts/SF2Lib/Sources/SF2Lib/include -Xcc -I/Users/admin/builder/spi-builder-workspace/.dependencies/checkouts/SF2Lib/Sources/Engine/include -Xcc -I/Users/admin/builder/spi-builder-workspace/.derivedData/Build/Products/Debug-watchos/include -Xcc -I/Users/admin/builder/spi-builder-workspace/.derivedData/Build/Intermediates.noindex/SF2LibAU.build/Debug-watchos/SF2LibAU-t.build/DerivedSources-normal/arm64 -Xcc -I/Users/admin/builder/spi-builder-workspace/.derivedData/Build/Intermediates.noindex/SF2LibAU.build/Debug-watchos/SF2LibAU-t.build/DerivedSources/arm64 -Xcc -I/Users/admin/builder/spi-builder-workspace/.derivedData/Build/Intermediates.noindex/SF2LibAU.build/Debug-watchos/SF2LibAU-t.build/DerivedSources -Xcc -DSWIFT_PACKAGE -Xcc -DDEBUG\=1 -emit-objc-header -emit-objc-header-path /Users/admin/builder/spi-builder-workspace/.derivedData/Build/Intermediates.noindex/SF2LibAU.build/Debug-watchos/SF2LibAU-t.build/Objects-normal/arm64/SF2LibAU-Swift.h -working-directory /Users/admin/builder/spi-builder-workspace/.swiftpm/xcode -experimental-emit-module-separately -disable-cmo
error: Clang dependency scanning failure: While building module 'Engine' imported from module-include.input:1:
In file included from <module-includes>:1:
/Users/admin/builder/spi-builder-workspace/.dependencies/checkouts/SF2Lib/Sources/Engine/include/SF2Engine.hpp:11:10: fatal error: 'CoreAudioKit/CoreAudioKit.h' file not found
module-include.input:1:5: fatal error: could not build module 'Engine'
(in target 'SF2LibAU' from project 'SF2LibAU')
/Users/admin/builder/spi-builder-workspace/Sources/SF2LibAU/SF2LibAU.swift:3:8: error: Unable to resolve module dependency: 'AudioToolbox' (in target 'SF2LibAU' from project 'SF2LibAU')
note: A dependency of main module 'SF2LibAU'
/Users/admin/builder/spi-builder-workspace/Sources/SF2LibAU/SF2LibAU.swift:4:8: error: Unable to resolve module dependency: 'CoreAudioKit' (in target 'SF2LibAU' from project 'SF2LibAU')
note: A dependency of main module 'SF2LibAU'
/Users/admin/builder/spi-builder-workspace/Sources/SF2LibAU/SF2LibAU.swift:5:8: error: Unable to resolve module dependency: 'Engine' (in target 'SF2LibAU' from project 'SF2LibAU')
note: A dependency of main module 'SF2LibAU'
error: Clang dependency scanning failure: While building module 'Engine' imported from module-include.input:1:
In file included from <module-includes>:1:
/Users/admin/builder/spi-builder-workspace/.dependencies/checkouts/SF2Lib/Sources/Engine/include/SF2Engine.hpp:11:10: fatal error: 'CoreAudioKit/CoreAudioKit.h' file not found
module-include.input:1:5: fatal error: could not build module 'Engine'
(in target 'SF2LibAU' from project 'SF2LibAU')
/Users/admin/builder/spi-builder-workspace/Sources/SF2LibAU/SF2LibAU.swift:3:8: note: A dependency of main module 'SF2LibAU'
import AudioToolbox
^ (in target 'SF2LibAU' from project 'SF2LibAU')
/Users/admin/builder/spi-builder-workspace/Sources/SF2LibAU/SF2LibAU.swift:4:8: note: A dependency of main module 'SF2LibAU'
import CoreAudioKit
^ (in target 'SF2LibAU' from project 'SF2LibAU')
/Users/admin/builder/spi-builder-workspace/Sources/SF2LibAU/SF2LibAU.swift:5:8: note: A dependency of main module 'SF2LibAU'
import Engine
^ (in target 'SF2LibAU' from project 'SF2LibAU')
SwiftDriver SF2LibAU normal arm64_32 com.apple.xcode.tools.swift.compiler (in target 'SF2LibAU' from project 'SF2LibAU')
cd /Users/admin/builder/spi-builder-workspace/.swiftpm/xcode
builtin-SwiftDriver -- /Applications/Xcode-27.0.0-Release.Candidate.app/Contents/Developer/Toolchains/XcodeDefault.xctoolchain/usr/bin/swiftc -parse-as-library -module-name SF2LibAU -Onone @/Users/admin/builder/spi-builder-workspace/.derivedData/Build/Intermediates.noindex/SF2LibAU.build/Debug-watchos/SF2LibAU-t.build/Objects-normal/arm64_32/SF2LibAU.SwiftFileList -DSWIFT_PACKAGE -DDEBUG -DSWIFT_MODULE_RESOURCE_BUNDLE_UNAVAILABLE -Xcc -fmodule-map-file\=/Users/admin/builder/spi-builder-workspace/.dependencies/checkouts/DSPHeaders/Sources/DSPHeaders/include/module.modulemap -Xcc -fmodule-map-file\=/Users/admin/builder/spi-builder-workspace/.derivedData/Build/Intermediates.noindex/GeneratedModuleMaps-watchos/SF2Lib.modulemap -Xcc -fmodule-map-file\=/Users/admin/builder/spi-builder-workspace/.derivedData/Build/Intermediates.noindex/GeneratedModuleMaps-watchos/Engine.modulemap -DXcode -cxx-interoperability-mode\=default -Xcc -std\=c++2b -plugin-path /Applications/Xcode-27.0.0-Release.Candidate.app/Contents/Developer/Toolchains/XcodeDefault.xctoolchain/usr/lib/swift/host/plugins/testing -enable-experimental-feature DebugDescriptionMacro -sdk /Applications/Xcode-27.0.0-Release.Candidate.app/Contents/Developer/Platforms/WatchOS.platform/Developer/SDKs/WatchOS27.0.sdk -target arm64_32-apple-watchos9.0 -g -module-cache-path /Users/admin/builder/spi-builder-workspace/.derivedData/ModuleCache.noindex -Xfrontend -serialize-debugging-options -profile-coverage-mapping -profile-generate -enable-testing -index-store-path /Users/admin/builder/spi-builder-workspace/.derivedData/Index.noindex/DataStore -Xcc -D_LIBCPP_HARDENING_MODE\=_LIBCPP_HARDENING_MODE_DEBUG -swift-version 6 -I /Users/admin/builder/spi-builder-workspace/.derivedData/Build/Products/Debug-watchos -Isystem /Applications/Xcode-27.0.0-Release.Candidate.app/Contents/Developer/Platforms/WatchOS.platform/Developer/usr/lib -F /Users/admin/builder/spi-builder-workspace/.derivedData/Build/Products/Debug-watchos/PackageFrameworks -F /Users/admin/builder/spi-builder-workspace/.derivedData/Build/Products/Debug-watchos -F /Applications/Xcode-27.0.0-Release.Candidate.app/Contents/Developer/Platforms/WatchOS.platform/Developer/Library/Frameworks -F /Applications/Xcode-27.0.0-Release.Candidate.app/Contents/Developer/Platforms/WatchOS.platform/Developer/SDKs/WatchOS27.0.sdk/Developer/Library/Frameworks -c -j10 -enable-batch-mode -incremental -Xcc -ivfsstatcache -Xcc /Users/admin/builder/spi-builder-workspace/.derivedData/SDKStatCaches.noindex/watchos27.0-24R360-e829b21a6f8c9b70876ba0858053c04477534ef55a1706bf4c1112bbb242f0a2.sdkstatcache -output-file-map /Users/admin/builder/spi-builder-workspace/.derivedData/Build/Intermediates.noindex/SF2LibAU.build/Debug-watchos/SF2LibAU-t.build/Objects-normal/arm64_32/SF2LibAU-OutputFileMap.json -save-temps -no-color-diagnostics -explicit-module-build -module-cache-path /Users/admin/builder/spi-builder-workspace/.derivedData/Build/Intermediates.noindex/SwiftExplicitPrecompiledModules -clang-scanner-module-cache-path /Users/admin/builder/spi-builder-workspace/.derivedData/ModuleCache.noindex -sdk-module-cache-path /Users/admin/builder/spi-builder-workspace/.derivedData/SDKExplicitPrecompiledModules -emit-dependencies -emit-module -emit-module-path /Users/admin/builder/spi-builder-workspace/.derivedData/Build/Intermediates.noindex/SF2LibAU.build/Debug-watchos/SF2LibAU-t.build/Objects-normal/arm64_32/SF2LibAU.swiftmodule -serialize-diagnostics -dependency-scan-serialize-diagnostics-path /Users/admin/builder/spi-builder-workspace/.derivedData/Build/Intermediates.noindex/SF2LibAU.build/Debug-watchos/SF2LibAU-t.build/Objects-normal/arm64_32/SF2LibAU-dependency-scan.dia -validate-clang-modules-once -clang-build-session-file /Users/admin/builder/spi-builder-workspace/.derivedData/ModuleCache.noindex/Session.modulevalidation -Xcc -fmodules-prune-interval\=86400 -Xcc -fmodules-prune-after\=345600 -package-name spi_builder_workspace -emit-const-values -const-gather-protocols-list /Users/admin/builder/spi-builder-workspace/.derivedData/Build/Intermediates.noindex/SF2LibAU.build/Debug-watchos/SF2LibAU-t.build/Objects-normal/arm64_32/SF2LibAU_const_extract_protocols.json -Xcc -I/Users/admin/builder/spi-builder-workspace/.dependencies/checkouts/DSPHeaders/Sources/DSPHeaders/include -Xcc -I/Users/admin/builder/spi-builder-workspace/.dependencies/checkouts/SF2Lib/Sources/SF2Lib/include -Xcc -I/Users/admin/builder/spi-builder-workspace/.dependencies/checkouts/SF2Lib/Sources/Engine/include -Xcc -I/Users/admin/builder/spi-builder-workspace/.derivedData/Build/Products/Debug-watchos/include -Xcc -I/Users/admin/builder/spi-builder-workspace/.derivedData/Build/Intermediates.noindex/SF2LibAU.build/Debug-watchos/SF2LibAU-t.build/DerivedSources-normal/arm64_32 -Xcc -I/Users/admin/builder/spi-builder-workspace/.derivedData/Build/Intermediates.noindex/SF2LibAU.build/Debug-watchos/SF2LibAU-t.build/DerivedSources/arm64_32 -Xcc -I/Users/admin/builder/spi-builder-workspace/.derivedData/Build/Intermediates.noindex/SF2LibAU.build/Debug-watchos/SF2LibAU-t.build/DerivedSources -Xcc -DSWIFT_PACKAGE -Xcc -DDEBUG\=1 -emit-objc-header -emit-objc-header-path /Users/admin/builder/spi-builder-workspace/.derivedData/Build/Intermediates.noindex/SF2LibAU.build/Debug-watchos/SF2LibAU-t.build/Objects-normal/arm64_32/SF2LibAU-Swift.h -working-directory /Users/admin/builder/spi-builder-workspace/.swiftpm/xcode -experimental-emit-module-separately -disable-cmo
error: Clang dependency scanning failure: While building module 'Engine' imported from module-include.input:1:
In file included from <module-includes>:1:
/Users/admin/builder/spi-builder-workspace/.dependencies/checkouts/SF2Lib/Sources/Engine/include/SF2Engine.hpp:11:10: fatal error: 'CoreAudioKit/CoreAudioKit.h' file not found
module-include.input:1:3: fatal error: could not build module 'Engine'
(in target 'SF2LibAU' from project 'SF2LibAU')
/Users/admin/builder/spi-builder-workspace/Sources/SF2LibAU/SF2LibAU.swift:3:8: error: Unable to resolve module dependency: 'AudioToolbox' (in target 'SF2LibAU' from project 'SF2LibAU')
note: A dependency of main module 'SF2LibAU'
/Users/admin/builder/spi-builder-workspace/Sources/SF2LibAU/SF2LibAU.swift:4:8: error: Unable to resolve module dependency: 'CoreAudioKit' (in target 'SF2LibAU' from project 'SF2LibAU')
note: A dependency of main module 'SF2LibAU'
/Users/admin/builder/spi-builder-workspace/Sources/SF2LibAU/SF2LibAU.swift:5:8: error: Unable to resolve module dependency: 'Engine' (in target 'SF2LibAU' from project 'SF2LibAU')
note: A dependency of main module 'SF2LibAU'
error: Clang dependency scanning failure: While building module 'Engine' imported from module-include.input:1:
In file included from <module-includes>:1:
/Users/admin/builder/spi-builder-workspace/.dependencies/checkouts/SF2Lib/Sources/Engine/include/SF2Engine.hpp:11:10: fatal error: 'CoreAudioKit/CoreAudioKit.h' file not found
module-include.input:1:3: fatal error: could not build module 'Engine'
(in target 'SF2LibAU' from project 'SF2LibAU')
/Users/admin/builder/spi-builder-workspace/Sources/SF2LibAU/SF2LibAU.swift:3:8: note: A dependency of main module 'SF2LibAU'
import AudioToolbox
^ (in target 'SF2LibAU' from project 'SF2LibAU')
/Users/admin/builder/spi-builder-workspace/Sources/SF2LibAU/SF2LibAU.swift:4:8: note: A dependency of main module 'SF2LibAU'
import CoreAudioKit
^ (in target 'SF2LibAU' from project 'SF2LibAU')
/Users/admin/builder/spi-builder-workspace/Sources/SF2LibAU/SF2LibAU.swift:5:8: note: A dependency of main module 'SF2LibAU'
import Engine
^ (in target 'SF2LibAU' from project 'SF2LibAU')
CompileC /Users/admin/builder/spi-builder-workspace/.derivedData/Build/Intermediates.noindex/SF2Lib.build/Debug-watchos/SF2Lib-t.build/Objects-normal/arm64_32/Version.o /Users/admin/builder/spi-builder-workspace/.dependencies/checkouts/SF2Lib/Sources/SF2Lib/Entity/Version.mm normal arm64_32 objective-c++ com.apple.compilers.llvm.clang.1_0.compiler (in target 'SF2Lib' from project 'SF2Lib')
cd /Users/admin/builder/spi-builder-workspace/.swiftpm/xcode
Using response file: /Users/admin/builder/spi-builder-workspace/.derivedData/Build/Intermediates.noindex/SF2Lib.build/Debug-watchos/SF2Lib-t.build/Objects-normal/arm64_32/af3fcb34312c57c0f52879cdce924b91-common-args.resp
/Applications/Xcode-27.0.0-Release.Candidate.app/Contents/Developer/Toolchains/XcodeDefault.xctoolchain/usr/bin/clang -x objective-c++ -ivfsstatcache /Users/admin/builder/spi-builder-workspace/.derivedData/SDKStatCaches.noindex/watchos27.0-24R360-e829b21a6f8c9b70876ba0858053c04477534ef55a1706bf4c1112bbb242f0a2.sdkstatcache -target arm64_32-apple-watchos9.0 -fmessage-length\=0 -fdiagnostics-show-note-include-stack -fmacro-backtrace-limit\=0 -fno-color-diagnostics -fmodules-prune-interval\=86400 -fmodules-prune-after\=345600 -fbuild-session-file\=/Users/admin/builder/spi-builder-workspace/.derivedData/ModuleCache.noindex/Session.modulevalidation -fmodules-validate-once-per-build-session -Wnon-modular-include-in-framework-module -Werror\=non-modular-include-in-framework-module -Wno-trigraphs -Wno-missing-field-initializers -Wno-missing-prototypes -Wno-return-type -Wno-implicit-atomic-properties -Wno-objc-interface-ivars -Wno-arc-repeated-use-of-weak -Wno-non-virtual-dtor -Wno-overloaded-virtual -Wno-exit-time-destructors -Wno-missing-braces -Wparentheses -Wswitch -Wno-unused-function -Wno-unused-label -Wno-unused-parameter -Wno-unused-variable -Wunused-value -Wno-empty-body -Wno-uninitialized -Wno-unknown-pragmas -w -Wno-shadow -Wno-four-char-constants -Wno-conversion -Wno-constant-conversion -Wno-int-conversion -Wno-bool-conversion -Wno-enum-conversion -Wno-float-conversion -Wno-non-literal-null-conversion -Wno-objc-literal-conversion -Wno-shorten-64-to-32 -Wno-newline-eof -Wno-selector -Wno-strict-selector-match -Wno-undeclared-selector -Wno-deprecated-implementations -Wno-c++11-extensions -Wno-implicit-fallthrough -isysroot /Applications/Xcode-27.0.0-Release.Candidate.app/Contents/Developer/Platforms/WatchOS.platform/Developer/SDKs/WatchOS27.0.sdk -fstrict-aliasing -Wprotocol -Wdeprecated-declarations -Winvalid-offsetof -Wno-sign-conversion -Wno-infinite-recursion -Wno-move -Wno-comma -Wno-block-capture-autoreleasing -Wno-strict-prototypes -Wno-range-loop-analysis -Wno-semicolon-before-method-body -index-store-path /Users/admin/builder/spi-builder-workspace/.derivedData/Index.noindex/DataStore @/Users/admin/builder/spi-builder-workspace/.derivedData/Build/Intermediates.noindex/SF2Lib.build/Debug-watchos/SF2Lib-t.build/Objects-normal/arm64_32/af3fcb34312c57c0f52879cdce924b91-common-args.resp -include /Users/admin/builder/spi-builder-workspace/.derivedData/Build/Intermediates.noindex/SF2Lib.build/Debug-watchos/SF2Lib-t.build/DerivedSources/resource_bundle_accessor.h -MMD -MT dependencies -MF /Users/admin/builder/spi-builder-workspace/.derivedData/Build/Intermediates.noindex/SF2Lib.build/Debug-watchos/SF2Lib-t.build/Objects-normal/arm64_32/Version.d --serialize-diagnostics /Users/admin/builder/spi-builder-workspace/.derivedData/Build/Intermediates.noindex/SF2Lib.build/Debug-watchos/SF2Lib-t.build/Objects-normal/arm64_32/Version.dia -c /Users/admin/builder/spi-builder-workspace/.dependencies/checkouts/SF2Lib/Sources/SF2Lib/Entity/Version.mm -o /Users/admin/builder/spi-builder-workspace/.derivedData/Build/Intermediates.noindex/SF2Lib.build/Debug-watchos/SF2Lib-t.build/Objects-normal/arm64_32/Version.o -index-unit-output-path /SF2Lib.build/Debug-watchos/SF2Lib-t.build/Objects-normal/arm64_32/Version.o
PruneExplicitPrecompiledModules /Users/admin/builder/spi-builder-workspace/.derivedData/Build/Intermediates.noindex/ExplicitPrecompiledModules
PruneExplicitPrecompiledModules /Users/admin/builder/spi-builder-workspace/.derivedData/Build/Intermediates.noindex/SwiftExplicitPrecompiledModules
PruneExplicitPrecompiledModules /Users/admin/builder/spi-builder-workspace/.derivedData/SDKExplicitPrecompiledModules
2026-09-22 15:57:08.714 xcodebuild[720:4401] [MT] IDERunDestination: Supported platforms for the buildables in the current scheme is empty.
2026-09-22 15:57:08.968 xcodebuild[720:4401] [MT] IDERunDestination: Supported platforms for the buildables in the current scheme is empty.
** BUILD FAILED **
The following build commands failed:
SwiftDriver SF2LibAU normal arm64 com.apple.xcode.tools.swift.compiler (in target 'SF2LibAU' from project 'SF2LibAU')
SwiftDriver SF2LibAU normal arm64_32 com.apple.xcode.tools.swift.compiler (in target 'SF2LibAU' from project 'SF2LibAU')
Building workspace SF2LibAU with scheme SF2LibAU
(3 failures)
Command line invocation:
/Applications/Xcode-27.0.0-Release.Candidate.app/Contents/Developer/usr/bin/xcodebuild -IDEClonedSourcePackagesDirPathOverride=/Users/admin/builder/spi-builder-workspace/.dependencies -resolvePackageDependencies
Resolve Package Graph
Resolved source packages:
SF2Lib: https://github.com/bradhowes/SF2Lib @ 6.7.0
SF2LibAU: /Users/admin/builder/spi-builder-workspace
DSPHeaders: https://github.com/bradhowes/DSPHeaders @ 1.5.3
resolved source packages: SF2Lib, SF2LibAU, DSPHeaders
2026-09-22 15:57:14.751 xcodebuild[781:4797] [MT] IDERunDestination: Supported platforms for the buildables in the current scheme is empty.
2026-09-22 15:57:14.855 xcodebuild[781:4797] [MT] IDERunDestination: Supported platforms for the buildables in the current scheme is empty.
{
"cxx_language_standard" : "c++2b",
"dependencies" : [
{
"identity" : "sf2lib",
"requirement" : {
"range" : [
{
"lower_bound" : "6.6.0",
"upper_bound" : "7.0.0"
}
]
},
"type" : "sourceControl",
"url" : "https://github.com/bradhowes/SF2Lib"
}
],
"manifest_display_name" : "SF2LibAU",
"name" : "SF2LibAU",
"path" : "/Users/admin/builder/spi-builder-workspace",
"platforms" : [
{
"name" : "ios",
"version" : "16.0"
},
{
"name" : "macos",
"version" : "14.0"
},
{
"name" : "tvos",
"version" : "16.0"
}
],
"products" : [
{
"name" : "SF2LibAU",
"targets" : [
"SF2LibAU"
],
"type" : {
"library" : [
"automatic"
]
}
}
],
"targets" : [
{
"c99name" : "SF2LibAUTests",
"module_type" : "SwiftTarget",
"name" : "SF2LibAUTests",
"path" : "Tests/SF2LibAUTests",
"resources" : [
{
"path" : "/Users/admin/builder/spi-builder-workspace/Tests/SF2LibAUTests/Resources/FreeFont.sf2",
"rule" : {
"process" : {
}
}
},
{
"path" : "/Users/admin/builder/spi-builder-workspace/Tests/SF2LibAUTests/Resources/RolandNicePiano.sf2",
"rule" : {
"process" : {
}
}
}
],
"sources" : [
"AVAudioUnitTests.swift",
"Helpers.swift",
"SF2LibAUTests.swift"
],
"target_dependencies" : [
"SF2LibAU"
],
"type" : "test"
},
{
"c99name" : "SF2LibAU",
"module_type" : "SwiftTarget",
"name" : "SF2LibAU",
"path" : "Sources/SF2LibAU",
"product_dependencies" : [
"Engine"
],
"product_memberships" : [
"SF2LibAU"
],
"sources" : [
"SF2LibAU.swift"
],
"type" : "library"
}
],
"tools_version" : "6.0"
}
{
"workspace" : {
"name" : "SF2LibAU",
"schemes" : [
"AUv3-DSP-Headers",
"AUv3-Support",
"AUv3-Support-iOS",
"AUv3-Support-macOS",
"AUv3Support-Package",
"DSPHeaders",
"Engine",
"SF2Lib",
"SF2Lib-Package",
"SF2Lib-Package (Release)",
"SF2LibAU"
]
}
}
2026-09-22 15:57:16.025 xcodebuild[789:4875] [MT] IDERunDestination: Supported platforms for the buildables in the current scheme is empty.
2026-09-22 15:57:16.125 xcodebuild[789:4875] [MT] IDERunDestination: Supported platforms for the buildables in the current scheme is empty.
{
"workspace" : {
"name" : "SF2LibAU",
"schemes" : [
"AUv3-DSP-Headers",
"AUv3-Support",
"AUv3-Support-iOS",
"AUv3-Support-macOS",
"AUv3Support-Package",
"DSPHeaders",
"Engine",
"SF2Lib",
"SF2Lib-Package",
"SF2Lib-Package (Release)",
"SF2LibAU"
]
}
}
2026-09-22 15:57:17.034 xcodebuild[791:4910] [MT] IDERunDestination: Supported platforms for the buildables in the current scheme is empty.
2026-09-22 15:57:17.133 xcodebuild[791:4910] [MT] IDERunDestination: Supported platforms for the buildables in the current scheme is empty.
Running build ...
env DEVELOPER_DIR=/Applications/Xcode-27.0.0-Release.Candidate.app xcrun xcodebuild -IDEClonedSourcePackagesDirPathOverride=$PWD/.dependencies -skipMacroValidation -skipPackagePluginValidation -derivedDataPath $PWD/.derivedData build -scheme SF2LibAU -destination generic/platform=watchOS
Command line invocation:
/Applications/Xcode-27.0.0-Release.Candidate.app/Contents/Developer/usr/bin/xcodebuild -IDEClonedSourcePackagesDirPathOverride=/Users/admin/builder/spi-builder-workspace/.dependencies -skipMacroValidation -skipPackagePluginValidation -derivedDataPath /Users/admin/builder/spi-builder-workspace/.derivedData build -scheme SF2LibAU -destination generic/platform=watchOS
Resolve Package Graph
Resolved source packages:
DSPHeaders: https://github.com/bradhowes/DSPHeaders @ 1.5.3
SF2LibAU: /Users/admin/builder/spi-builder-workspace
SF2Lib: https://github.com/bradhowes/SF2Lib @ 6.7.0
ComputePackagePrebuildTargetDependencyGraph
Prepare packages
CreateBuildRequest
SendProjectDescription
CreateBuildOperation
ComputeTargetDependencyGraph
note: Building targets in dependency order
note: Target dependency graph (8 targets)
Target 'SF2LibAU-product' in project 'SF2LibAU'
➜ Explicit dependency on target 'SF2LibAU' in project 'SF2LibAU'
➜ Explicit dependency on target 'Engine-product' in project 'SF2Lib'
Target 'SF2LibAU' in project 'SF2LibAU'
➜ Explicit dependency on target 'Engine-product' in project 'SF2Lib'
Target 'Engine-product' in project 'SF2Lib'
➜ Explicit dependency on target 'Engine' in project 'SF2Lib'
➜ Explicit dependency on target 'SF2Lib' in project 'SF2Lib'
➜ Explicit dependency on target 'DSPHeaders-product' in project 'DSPHeaders'
Target 'Engine' in project 'SF2Lib'
➜ Explicit dependency on target 'SF2Lib' in project 'SF2Lib'
➜ Explicit dependency on target 'DSPHeaders-product' in project 'DSPHeaders'
Target 'SF2Lib' in project 'SF2Lib'
➜ Explicit dependency on target 'SF2Lib_SF2Lib' in project 'SF2Lib'
➜ Explicit dependency on target 'DSPHeaders-product' in project 'DSPHeaders'
Target 'DSPHeaders-product' in project 'DSPHeaders'
➜ Explicit dependency on target 'DSPHeaders' in project 'DSPHeaders'
Target 'DSPHeaders' in project 'DSPHeaders' (no dependencies)
Target 'SF2Lib_SF2Lib' in project 'SF2Lib' (no dependencies)
GatherProvisioningInputs
CreateBuildDescription
ClangStatCache /Applications/Xcode-27.0.0-Release.Candidate.app/Contents/Developer/Toolchains/XcodeDefault.xctoolchain/usr/bin/clang-stat-cache /Applications/Xcode-27.0.0-Release.Candidate.app/Contents/Developer/Platforms/WatchOS.platform/Developer/SDKs/WatchOS27.0.sdk /Users/admin/builder/spi-builder-workspace/.derivedData/SDKStatCaches.noindex/watchos27.0-24R360-e829b21a6f8c9b70876ba0858053c04477534ef55a1706bf4c1112bbb242f0a2.sdkstatcache
cd /Users/admin/builder/spi-builder-workspace/.swiftpm/xcode
/Applications/Xcode-27.0.0-Release.Candidate.app/Contents/Developer/Toolchains/XcodeDefault.xctoolchain/usr/bin/clang-stat-cache /Applications/Xcode-27.0.0-Release.Candidate.app/Contents/Developer/Platforms/WatchOS.platform/Developer/SDKs/WatchOS27.0.sdk -o /Users/admin/builder/spi-builder-workspace/.derivedData/SDKStatCaches.noindex/watchos27.0-24R360-e829b21a6f8c9b70876ba0858053c04477534ef55a1706bf4c1112bbb242f0a2.sdkstatcache
CompileC /Users/admin/builder/spi-builder-workspace/.derivedData/Build/Intermediates.noindex/SF2Lib.build/Debug-watchos/SF2Lib-t.build/Objects-normal/arm64_32/Base64.o /Users/admin/builder/spi-builder-workspace/.dependencies/checkouts/SF2Lib/Sources/SF2Lib/Utils/Base64.mm normal arm64_32 objective-c++ com.apple.compilers.llvm.clang.1_0.compiler (in target 'SF2Lib' from project 'SF2Lib')
cd /Users/admin/builder/spi-builder-workspace/.swiftpm/xcode
Using response file: /Users/admin/builder/spi-builder-workspace/.derivedData/Build/Intermediates.noindex/SF2Lib.build/Debug-watchos/SF2Lib-t.build/Objects-normal/arm64_32/af3fcb34312c57c0f52879cdce924b91-common-args.resp
/Applications/Xcode-27.0.0-Release.Candidate.app/Contents/Developer/Toolchains/XcodeDefault.xctoolchain/usr/bin/clang -x objective-c++ -ivfsstatcache /Users/admin/builder/spi-builder-workspace/.derivedData/SDKStatCaches.noindex/watchos27.0-24R360-e829b21a6f8c9b70876ba0858053c04477534ef55a1706bf4c1112bbb242f0a2.sdkstatcache -target arm64_32-apple-watchos9.0 -fmessage-length\=0 -fdiagnostics-show-note-include-stack -fmacro-backtrace-limit\=0 -fno-color-diagnostics -fmodules-prune-interval\=86400 -fmodules-prune-after\=345600 -fbuild-session-file\=/Users/admin/builder/spi-builder-workspace/.derivedData/ModuleCache.noindex/Session.modulevalidation -fmodules-validate-once-per-build-session -Wnon-modular-include-in-framework-module -Werror\=non-modular-include-in-framework-module -Wno-trigraphs -Wno-missing-field-initializers -Wno-missing-prototypes -Wno-return-type -Wno-implicit-atomic-properties -Wno-objc-interface-ivars -Wno-arc-repeated-use-of-weak -Wno-non-virtual-dtor -Wno-overloaded-virtual -Wno-exit-time-destructors -Wno-missing-braces -Wparentheses -Wswitch -Wno-unused-function -Wno-unused-label -Wno-unused-parameter -Wno-unused-variable -Wunused-value -Wno-empty-body -Wno-uninitialized -Wno-unknown-pragmas -w -Wno-shadow -Wno-four-char-constants -Wno-conversion -Wno-constant-conversion -Wno-int-conversion -Wno-bool-conversion -Wno-enum-conversion -Wno-float-conversion -Wno-non-literal-null-conversion -Wno-objc-literal-conversion -Wno-shorten-64-to-32 -Wno-newline-eof -Wno-selector -Wno-strict-selector-match -Wno-undeclared-selector -Wno-deprecated-implementations -Wno-c++11-extensions -Wno-implicit-fallthrough -isysroot /Applications/Xcode-27.0.0-Release.Candidate.app/Contents/Developer/Platforms/WatchOS.platform/Developer/SDKs/WatchOS27.0.sdk -fstrict-aliasing -Wprotocol -Wdeprecated-declarations -Winvalid-offsetof -Wno-sign-conversion -Wno-infinite-recursion -Wno-move -Wno-comma -Wno-block-capture-autoreleasing -Wno-strict-prototypes -Wno-range-loop-analysis -Wno-semicolon-before-method-body -index-store-path /Users/admin/builder/spi-builder-workspace/.derivedData/Index.noindex/DataStore @/Users/admin/builder/spi-builder-workspace/.derivedData/Build/Intermediates.noindex/SF2Lib.build/Debug-watchos/SF2Lib-t.build/Objects-normal/arm64_32/af3fcb34312c57c0f52879cdce924b91-common-args.resp -include /Users/admin/builder/spi-builder-workspace/.derivedData/Build/Intermediates.noindex/SF2Lib.build/Debug-watchos/SF2Lib-t.build/DerivedSources/resource_bundle_accessor.h -MMD -MT dependencies -MF /Users/admin/builder/spi-builder-workspace/.derivedData/Build/Intermediates.noindex/SF2Lib.build/Debug-watchos/SF2Lib-t.build/Objects-normal/arm64_32/Base64.d --serialize-diagnostics /Users/admin/builder/spi-builder-workspace/.derivedData/Build/Intermediates.noindex/SF2Lib.build/Debug-watchos/SF2Lib-t.build/Objects-normal/arm64_32/Base64.dia -c /Users/admin/builder/spi-builder-workspace/.dependencies/checkouts/SF2Lib/Sources/SF2Lib/Utils/Base64.mm -o /Users/admin/builder/spi-builder-workspace/.derivedData/Build/Intermediates.noindex/SF2Lib.build/Debug-watchos/SF2Lib-t.build/Objects-normal/arm64_32/Base64.o -index-unit-output-path /SF2Lib.build/Debug-watchos/SF2Lib-t.build/Objects-normal/arm64_32/Base64.o
CompileC /Users/admin/builder/spi-builder-workspace/.derivedData/Build/Intermediates.noindex/SF2Lib.build/Debug-watchos/SF2Lib-t.build/Objects-normal/arm64_32/Zone.o /Users/admin/builder/spi-builder-workspace/.dependencies/checkouts/SF2Lib/Sources/SF2Lib/Render/Zone/Zone.mm normal arm64_32 objective-c++ com.apple.compilers.llvm.clang.1_0.compiler (in target 'SF2Lib' from project 'SF2Lib')
cd /Users/admin/builder/spi-builder-workspace/.swiftpm/xcode
Using response file: /Users/admin/builder/spi-builder-workspace/.derivedData/Build/Intermediates.noindex/SF2Lib.build/Debug-watchos/SF2Lib-t.build/Objects-normal/arm64_32/af3fcb34312c57c0f52879cdce924b91-common-args.resp
/Applications/Xcode-27.0.0-Release.Candidate.app/Contents/Developer/Toolchains/XcodeDefault.xctoolchain/usr/bin/clang -x objective-c++ -ivfsstatcache /Users/admin/builder/spi-builder-workspace/.derivedData/SDKStatCaches.noindex/watchos27.0-24R360-e829b21a6f8c9b70876ba0858053c04477534ef55a1706bf4c1112bbb242f0a2.sdkstatcache -target arm64_32-apple-watchos9.0 -fmessage-length\=0 -fdiagnostics-show-note-include-stack -fmacro-backtrace-limit\=0 -fno-color-diagnostics -fmodules-prune-interval\=86400 -fmodules-prune-after\=345600 -fbuild-session-file\=/Users/admin/builder/spi-builder-workspace/.derivedData/ModuleCache.noindex/Session.modulevalidation -fmodules-validate-once-per-build-session -Wnon-modular-include-in-framework-module -Werror\=non-modular-include-in-framework-module -Wno-trigraphs -Wno-missing-field-initializers -Wno-missing-prototypes -Wno-return-type -Wno-implicit-atomic-properties -Wno-objc-interface-ivars -Wno-arc-repeated-use-of-weak -Wno-non-virtual-dtor -Wno-overloaded-virtual -Wno-exit-time-destructors -Wno-missing-braces -Wparentheses -Wswitch -Wno-unused-function -Wno-unused-label -Wno-unused-parameter -Wno-unused-variable -Wunused-value -Wno-empty-body -Wno-uninitialized -Wno-unknown-pragmas -w -Wno-shadow -Wno-four-char-constants -Wno-conversion -Wno-constant-conversion -Wno-int-conversion -Wno-bool-conversion -Wno-enum-conversion -Wno-float-conversion -Wno-non-literal-null-conversion -Wno-objc-literal-conversion -Wno-shorten-64-to-32 -Wno-newline-eof -Wno-selector -Wno-strict-selector-match -Wno-undeclared-selector -Wno-deprecated-implementations -Wno-c++11-extensions -Wno-implicit-fallthrough -isysroot /Applications/Xcode-27.0.0-Release.Candidate.app/Contents/Developer/Platforms/WatchOS.platform/Developer/SDKs/WatchOS27.0.sdk -fstrict-aliasing -Wprotocol -Wdeprecated-declarations -Winvalid-offsetof -Wno-sign-conversion -Wno-infinite-recursion -Wno-move -Wno-comma -Wno-block-capture-autoreleasing -Wno-strict-prototypes -Wno-range-loop-analysis -Wno-semicolon-before-method-body -index-store-path /Users/admin/builder/spi-builder-workspace/.derivedData/Index.noindex/DataStore @/Users/admin/builder/spi-builder-workspace/.derivedData/Build/Intermediates.noindex/SF2Lib.build/Debug-watchos/SF2Lib-t.build/Objects-normal/arm64_32/af3fcb34312c57c0f52879cdce924b91-common-args.resp -include /Users/admin/builder/spi-builder-workspace/.derivedData/Build/Intermediates.noindex/SF2Lib.build/Debug-watchos/SF2Lib-t.build/DerivedSources/resource_bundle_accessor.h -MMD -MT dependencies -MF /Users/admin/builder/spi-builder-workspace/.derivedData/Build/Intermediates.noindex/SF2Lib.build/Debug-watchos/SF2Lib-t.build/Objects-normal/arm64_32/Zone.d --serialize-diagnostics /Users/admin/builder/spi-builder-workspace/.derivedData/Build/Intermediates.noindex/SF2Lib.build/Debug-watchos/SF2Lib-t.build/Objects-normal/arm64_32/Zone.dia -c /Users/admin/builder/spi-builder-workspace/.dependencies/checkouts/SF2Lib/Sources/SF2Lib/Render/Zone/Zone.mm -o /Users/admin/builder/spi-builder-workspace/.derivedData/Build/Intermediates.noindex/SF2Lib.build/Debug-watchos/SF2Lib-t.build/Objects-normal/arm64_32/Zone.o -index-unit-output-path /SF2Lib.build/Debug-watchos/SF2Lib-t.build/Objects-normal/arm64_32/Zone.o
In file included from /Users/admin/builder/spi-builder-workspace/.dependencies/checkouts/SF2Lib/Sources/SF2Lib/Render/Zone/Zone.mm:5:
In file included from /Users/admin/builder/spi-builder-workspace/.dependencies/checkouts/SF2Lib/Sources/SF2Lib/include/SF2Lib/Render/Zone/Zone.hpp:9:
In file included from /Users/admin/builder/spi-builder-workspace/.dependencies/checkouts/SF2Lib/Sources/SF2Lib/include/SF2Lib/Entity/Bag.hpp:8:
In file included from /Users/admin/builder/spi-builder-workspace/.dependencies/checkouts/SF2Lib/Sources/SF2Lib/include/SF2Lib/IO/Pos.hpp:8:
In file included from /Users/admin/builder/spi-builder-workspace/.dependencies/checkouts/SF2Lib/Sources/SF2Lib/include/SF2Lib/IO/Tag.hpp:7:
/Users/admin/builder/spi-builder-workspace/.dependencies/checkouts/SF2Lib/Sources/SF2Lib/include/SF2Lib/Types.hpp:7:10: fatal error: 'AudioToolbox/AUParameters.h' file not found
7 | #include <AudioToolbox/AUParameters.h>
| ^~~~~~~~~~~~~~~~~~~~~~~~~~~~~
CompileC /Users/admin/builder/spi-builder-workspace/.derivedData/Build/Intermediates.noindex/SF2Lib.build/Debug-watchos/SF2Lib-t.build/Objects-normal/arm64_32/StringUtils.o /Users/admin/builder/spi-builder-workspace/.dependencies/checkouts/SF2Lib/Sources/SF2Lib/Utils/StringUtils.mm normal arm64_32 objective-c++ com.apple.compilers.llvm.clang.1_0.compiler (in target 'SF2Lib' from project 'SF2Lib')
cd /Users/admin/builder/spi-builder-workspace/.swiftpm/xcode
Using response file: /Users/admin/builder/spi-builder-workspace/.derivedData/Build/Intermediates.noindex/SF2Lib.build/Debug-watchos/SF2Lib-t.build/Objects-normal/arm64_32/af3fcb34312c57c0f52879cdce924b91-common-args.resp
/Applications/Xcode-27.0.0-Release.Candidate.app/Contents/Developer/Toolchains/XcodeDefault.xctoolchain/usr/bin/clang -x objective-c++ -ivfsstatcache /Users/admin/builder/spi-builder-workspace/.derivedData/SDKStatCaches.noindex/watchos27.0-24R360-e829b21a6f8c9b70876ba0858053c04477534ef55a1706bf4c1112bbb242f0a2.sdkstatcache -target arm64_32-apple-watchos9.0 -fmessage-length\=0 -fdiagnostics-show-note-include-stack -fmacro-backtrace-limit\=0 -fno-color-diagnostics -fmodules-prune-interval\=86400 -fmodules-prune-after\=345600 -fbuild-session-file\=/Users/admin/builder/spi-builder-workspace/.derivedData/ModuleCache.noindex/Session.modulevalidation -fmodules-validate-once-per-build-session -Wnon-modular-include-in-framework-module -Werror\=non-modular-include-in-framework-module -Wno-trigraphs -Wno-missing-field-initializers -Wno-missing-prototypes -Wno-return-type -Wno-implicit-atomic-properties -Wno-objc-interface-ivars -Wno-arc-repeated-use-of-weak -Wno-non-virtual-dtor -Wno-overloaded-virtual -Wno-exit-time-destructors -Wno-missing-braces -Wparentheses -Wswitch -Wno-unused-function -Wno-unused-label -Wno-unused-parameter -Wno-unused-variable -Wunused-value -Wno-empty-body -Wno-uninitialized -Wno-unknown-pragmas -w -Wno-shadow -Wno-four-char-constants -Wno-conversion -Wno-constant-conversion -Wno-int-conversion -Wno-bool-conversion -Wno-enum-conversion -Wno-float-conversion -Wno-non-literal-null-conversion -Wno-objc-literal-conversion -Wno-shorten-64-to-32 -Wno-newline-eof -Wno-selector -Wno-strict-selector-match -Wno-undeclared-selector -Wno-deprecated-implementations -Wno-c++11-extensions -Wno-implicit-fallthrough -isysroot /Applications/Xcode-27.0.0-Release.Candidate.app/Contents/Developer/Platforms/WatchOS.platform/Developer/SDKs/WatchOS27.0.sdk -fstrict-aliasing -Wprotocol -Wdeprecated-declarations -Winvalid-offsetof -Wno-sign-conversion -Wno-infinite-recursion -Wno-move -Wno-comma -Wno-block-capture-autoreleasing -Wno-strict-prototypes -Wno-range-loop-analysis -Wno-semicolon-before-method-body -index-store-path /Users/admin/builder/spi-builder-workspace/.derivedData/Index.noindex/DataStore @/Users/admin/builder/spi-builder-workspace/.derivedData/Build/Intermediates.noindex/SF2Lib.build/Debug-watchos/SF2Lib-t.build/Objects-normal/arm64_32/af3fcb34312c57c0f52879cdce924b91-common-args.resp -include /Users/admin/builder/spi-builder-workspace/.derivedData/Build/Intermediates.noindex/SF2Lib.build/Debug-watchos/SF2Lib-t.build/DerivedSources/resource_bundle_accessor.h -MMD -MT dependencies -MF /Users/admin/builder/spi-builder-workspace/.derivedData/Build/Intermediates.noindex/SF2Lib.build/Debug-watchos/SF2Lib-t.build/Objects-normal/arm64_32/StringUtils.d --serialize-diagnostics /Users/admin/builder/spi-builder-workspace/.derivedData/Build/Intermediates.noindex/SF2Lib.build/Debug-watchos/SF2Lib-t.build/Objects-normal/arm64_32/StringUtils.dia -c /Users/admin/builder/spi-builder-workspace/.dependencies/checkouts/SF2Lib/Sources/SF2Lib/Utils/StringUtils.mm -o /Users/admin/builder/spi-builder-workspace/.derivedData/Build/Intermediates.noindex/SF2Lib.build/Debug-watchos/SF2Lib-t.build/Objects-normal/arm64_32/StringUtils.o -index-unit-output-path /SF2Lib.build/Debug-watchos/SF2Lib-t.build/Objects-normal/arm64_32/StringUtils.o
In file included from /Users/admin/builder/spi-builder-workspace/.dependencies/checkouts/SF2Lib/Sources/SF2Lib/Utils/StringUtils.mm:9:
In file included from /Users/admin/builder/spi-builder-workspace/.dependencies/checkouts/SF2Lib/Sources/SF2Lib/include/SF2Lib/Utils/StringUtils.hpp:7:
/Users/admin/builder/spi-builder-workspace/.dependencies/checkouts/SF2Lib/Sources/SF2Lib/include/SF2Lib/Types.hpp:7:10: fatal error: 'AudioToolbox/AUParameters.h' file not found
7 | #include <AudioToolbox/AUParameters.h>
| ^~~~~~~~~~~~~~~~~~~~~~~~~~~~~
1 error generated.
CompileC /Users/admin/builder/spi-builder-workspace/.derivedData/Build/Intermediates.noindex/SF2Lib.build/Debug-watchos/SF2Lib-t.build/Objects-normal/arm64_32/Voice.o /Users/admin/builder/spi-builder-workspace/.dependencies/checkouts/SF2Lib/Sources/SF2Lib/Render/Voice/Voice.mm normal arm64_32 objective-c++ com.apple.compilers.llvm.clang.1_0.compiler (in target 'SF2Lib' from project 'SF2Lib')
cd /Users/admin/builder/spi-builder-workspace/.swiftpm/xcode
Using response file: /Users/admin/builder/spi-builder-workspace/.derivedData/Build/Intermediates.noindex/SF2Lib.build/Debug-watchos/SF2Lib-t.build/Objects-normal/arm64_32/af3fcb34312c57c0f52879cdce924b91-common-args.resp
/Applications/Xcode-27.0.0-Release.Candidate.app/Contents/Developer/Toolchains/XcodeDefault.xctoolchain/usr/bin/clang -x objective-c++ -ivfsstatcache /Users/admin/builder/spi-builder-workspace/.derivedData/SDKStatCaches.noindex/watchos27.0-24R360-e829b21a6f8c9b70876ba0858053c04477534ef55a1706bf4c1112bbb242f0a2.sdkstatcache -target arm64_32-apple-watchos9.0 -fmessage-length\=0 -fdiagnostics-show-note-include-stack -fmacro-backtrace-limit\=0 -fno-color-diagnostics -fmodules-prune-interval\=86400 -fmodules-prune-after\=345600 -fbuild-session-file\=/Users/admin/builder/spi-builder-workspace/.derivedData/ModuleCache.noindex/Session.modulevalidation -fmodules-validate-once-per-build-session -Wnon-modular-include-in-framework-module -Werror\=non-modular-include-in-framework-module -Wno-trigraphs -Wno-missing-field-initializers -Wno-missing-prototypes -Wno-return-type -Wno-implicit-atomic-properties -Wno-objc-interface-ivars -Wno-arc-repeated-use-of-weak -Wno-non-virtual-dtor -Wno-overloaded-virtual -Wno-exit-time-destructors -Wno-missing-braces -Wparentheses -Wswitch -Wno-unused-function -Wno-unused-label -Wno-unused-parameter -Wno-unused-variable -Wunused-value -Wno-empty-body -Wno-uninitialized -Wno-unknown-pragmas -w -Wno-shadow -Wno-four-char-constants -Wno-conversion -Wno-constant-conversion -Wno-int-conversion -Wno-bool-conversion -Wno-enum-conversion -Wno-float-conversion -Wno-non-literal-null-conversion -Wno-objc-literal-conversion -Wno-shorten-64-to-32 -Wno-newline-eof -Wno-selector -Wno-strict-selector-match -Wno-undeclared-selector -Wno-deprecated-implementations -Wno-c++11-extensions -Wno-implicit-fallthrough -isysroot /Applications/Xcode-27.0.0-Release.Candidate.app/Contents/Developer/Platforms/WatchOS.platform/Developer/SDKs/WatchOS27.0.sdk -fstrict-aliasing -Wprotocol -Wdeprecated-declarations -Winvalid-offsetof -Wno-sign-conversion -Wno-infinite-recursion -Wno-move -Wno-comma -Wno-block-capture-autoreleasing -Wno-strict-prototypes -Wno-range-loop-analysis -Wno-semicolon-before-method-body -index-store-path /Users/admin/builder/spi-builder-workspace/.derivedData/Index.noindex/DataStore @/Users/admin/builder/spi-builder-workspace/.derivedData/Build/Intermediates.noindex/SF2Lib.build/Debug-watchos/SF2Lib-t.build/Objects-normal/arm64_32/af3fcb34312c57c0f52879cdce924b91-common-args.resp -include /Users/admin/builder/spi-builder-workspace/.derivedData/Build/Intermediates.noindex/SF2Lib.build/Debug-watchos/SF2Lib-t.build/DerivedSources/resource_bundle_accessor.h -MMD -MT dependencies -MF /Users/admin/builder/spi-builder-workspace/.derivedData/Build/Intermediates.noindex/SF2Lib.build/Debug-watchos/SF2Lib-t.build/Objects-normal/arm64_32/Voice.d --serialize-diagnostics /Users/admin/builder/spi-builder-workspace/.derivedData/Build/Intermediates.noindex/SF2Lib.build/Debug-watchos/SF2Lib-t.build/Objects-normal/arm64_32/Voice.dia -c /Users/admin/builder/spi-builder-workspace/.dependencies/checkouts/SF2Lib/Sources/SF2Lib/Render/Voice/Voice.mm -o /Users/admin/builder/spi-builder-workspace/.derivedData/Build/Intermediates.noindex/SF2Lib.build/Debug-watchos/SF2Lib-t.build/Objects-normal/arm64_32/Voice.o -index-unit-output-path /SF2Lib.build/Debug-watchos/SF2Lib-t.build/Objects-normal/arm64_32/Voice.o
In file included from /Users/admin/builder/spi-builder-workspace/.dependencies/checkouts/SF2Lib/Sources/SF2Lib/Render/Voice/Voice.mm:6:
In file included from /Users/admin/builder/spi-builder-workspace/.dependencies/checkouts/SF2Lib/Sources/SF2Lib/include/SF2Lib/Render/Envelope/Generator.hpp:12:
In file included from /Users/admin/builder/spi-builder-workspace/.dependencies/checkouts/SF2Lib/Sources/SF2Lib/include/SF2Lib/DSP.hpp:12:
/Users/admin/builder/spi-builder-workspace/.dependencies/checkouts/SF2Lib/Sources/SF2Lib/include/SF2Lib/Types.hpp:7:10: fatal error: 'AudioToolbox/AUParameters.h' file not found
7 | #include <AudioToolbox/AUParameters.h>
| ^~~~~~~~~~~~~~~~~~~~~~~~~~~~~
CompileC /Users/admin/builder/spi-builder-workspace/.derivedData/Build/Intermediates.noindex/SF2Lib.build/Debug-watchos/SF2Lib-t.build/Objects-normal/arm64_32/State.o /Users/admin/builder/spi-builder-workspace/.dependencies/checkouts/SF2Lib/Sources/SF2Lib/Render/Voice/State/State.mm normal arm64_32 objective-c++ com.apple.compilers.llvm.clang.1_0.compiler (in target 'SF2Lib' from project 'SF2Lib')
cd /Users/admin/builder/spi-builder-workspace/.swiftpm/xcode
Using response file: /Users/admin/builder/spi-builder-workspace/.derivedData/Build/Intermediates.noindex/SF2Lib.build/Debug-watchos/SF2Lib-t.build/Objects-normal/arm64_32/af3fcb34312c57c0f52879cdce924b91-common-args.resp
/Applications/Xcode-27.0.0-Release.Candidate.app/Contents/Developer/Toolchains/XcodeDefault.xctoolchain/usr/bin/clang -x objective-c++ -ivfsstatcache /Users/admin/builder/spi-builder-workspace/.derivedData/SDKStatCaches.noindex/watchos27.0-24R360-e829b21a6f8c9b70876ba0858053c04477534ef55a1706bf4c1112bbb242f0a2.sdkstatcache -target arm64_32-apple-watchos9.0 -fmessage-length\=0 -fdiagnostics-show-note-include-stack -fmacro-backtrace-limit\=0 -fno-color-diagnostics -fmodules-prune-interval\=86400 -fmodules-prune-after\=345600 -fbuild-session-file\=/Users/admin/builder/spi-builder-workspace/.derivedData/ModuleCache.noindex/Session.modulevalidation -fmodules-validate-once-per-build-session -Wnon-modular-include-in-framework-module -Werror\=non-modular-include-in-framework-module -Wno-trigraphs -Wno-missing-field-initializers -Wno-missing-prototypes -Wno-return-type -Wno-implicit-atomic-properties -Wno-objc-interface-ivars -Wno-arc-repeated-use-of-weak -Wno-non-virtual-dtor -Wno-overloaded-virtual -Wno-exit-time-destructors -Wno-missing-braces -Wparentheses -Wswitch -Wno-unused-function -Wno-unused-label -Wno-unused-parameter -Wno-unused-variable -Wunused-value -Wno-empty-body -Wno-uninitialized -Wno-unknown-pragmas -w -Wno-shadow -Wno-four-char-constants -Wno-conversion -Wno-constant-conversion -Wno-int-conversion -Wno-bool-conversion -Wno-enum-conversion -Wno-float-conversion -Wno-non-literal-null-conversion -Wno-objc-literal-conversion -Wno-shorten-64-to-32 -Wno-newline-eof -Wno-selector -Wno-strict-selector-match -Wno-undeclared-selector -Wno-deprecated-implementations -Wno-c++11-extensions -Wno-implicit-fallthrough -isysroot /Applications/Xcode-27.0.0-Release.Candidate.app/Contents/Developer/Platforms/WatchOS.platform/Developer/SDKs/WatchOS27.0.sdk -fstrict-aliasing -Wprotocol -Wdeprecated-declarations -Winvalid-offsetof -Wno-sign-conversion -Wno-infinite-recursion -Wno-move -Wno-comma -Wno-block-capture-autoreleasing -Wno-strict-prototypes -Wno-range-loop-analysis -Wno-semicolon-before-method-body -index-store-path /Users/admin/builder/spi-builder-workspace/.derivedData/Index.noindex/DataStore @/Users/admin/builder/spi-builder-workspace/.derivedData/Build/Intermediates.noindex/SF2Lib.build/Debug-watchos/SF2Lib-t.build/Objects-normal/arm64_32/af3fcb34312c57c0f52879cdce924b91-common-args.resp -include /Users/admin/builder/spi-builder-workspace/.derivedData/Build/Intermediates.noindex/SF2Lib.build/Debug-watchos/SF2Lib-t.build/DerivedSources/resource_bundle_accessor.h -MMD -MT dependencies -MF /Users/admin/builder/spi-builder-workspace/.derivedData/Build/Intermediates.noindex/SF2Lib.build/Debug-watchos/SF2Lib-t.build/Objects-normal/arm64_32/State.d --serialize-diagnostics /Users/admin/builder/spi-builder-workspace/.derivedData/Build/Intermediates.noindex/SF2Lib.build/Debug-watchos/SF2Lib-t.build/Objects-normal/arm64_32/State.dia -c /Users/admin/builder/spi-builder-workspace/.dependencies/checkouts/SF2Lib/Sources/SF2Lib/Render/Voice/State/State.mm -o /Users/admin/builder/spi-builder-workspace/.derivedData/Build/Intermediates.noindex/SF2Lib.build/Debug-watchos/SF2Lib-t.build/Objects-normal/arm64_32/State.o -index-unit-output-path /SF2Lib.build/Debug-watchos/SF2Lib-t.build/Objects-normal/arm64_32/State.o
In file included from /Users/admin/builder/spi-builder-workspace/.dependencies/checkouts/SF2Lib/Sources/SF2Lib/Render/Voice/State/State.mm:6:
In file included from /Users/admin/builder/spi-builder-workspace/.dependencies/checkouts/SF2Lib/Sources/SF2Lib/include/SF2Lib/Render/Voice/State/State.hpp:10:
In file included from /Users/admin/builder/spi-builder-workspace/.dependencies/checkouts/SF2Lib/Sources/SF2Lib/include/SF2Lib/Entity/Generator/Generator.hpp:5:
In file included from /Users/admin/builder/spi-builder-workspace/.dependencies/checkouts/SF2Lib/Sources/SF2Lib/include/SF2Lib/IO/Pos.hpp:8:
In file included from /Users/admin/builder/spi-builder-workspace/.dependencies/checkouts/SF2Lib/Sources/SF2Lib/include/SF2Lib/IO/Tag.hpp:7:
/Users/admin/builder/spi-builder-workspace/.dependencies/checkouts/SF2Lib/Sources/SF2Lib/include/SF2Lib/Types.hpp:7:10: fatal error: 'AudioToolbox/AUParameters.h' file not found
7 | #include <AudioToolbox/AUParameters.h>
| ^~~~~~~~~~~~~~~~~~~~~~~~~~~~~
CompileC /Users/admin/builder/spi-builder-workspace/.derivedData/Build/Intermediates.noindex/SF2Lib.build/Debug-watchos/SF2Lib-t.build/Objects-normal/arm64_32/ValueTransformer.o /Users/admin/builder/spi-builder-workspace/.dependencies/checkouts/SF2Lib/Sources/SF2Lib/MIDI/ValueTransformer.mm normal arm64_32 objective-c++ com.apple.compilers.llvm.clang.1_0.compiler (in target 'SF2Lib' from project 'SF2Lib')
cd /Users/admin/builder/spi-builder-workspace/.swiftpm/xcode
Using response file: /Users/admin/builder/spi-builder-workspace/.derivedData/Build/Intermediates.noindex/SF2Lib.build/Debug-watchos/SF2Lib-t.build/Objects-normal/arm64_32/af3fcb34312c57c0f52879cdce924b91-common-args.resp
/Applications/Xcode-27.0.0-Release.Candidate.app/Contents/Developer/Toolchains/XcodeDefault.xctoolchain/usr/bin/clang -x objective-c++ -ivfsstatcache /Users/admin/builder/spi-builder-workspace/.derivedData/SDKStatCaches.noindex/watchos27.0-24R360-e829b21a6f8c9b70876ba0858053c04477534ef55a1706bf4c1112bbb242f0a2.sdkstatcache -target arm64_32-apple-watchos9.0 -fmessage-length\=0 -fdiagnostics-show-note-include-stack -fmacro-backtrace-limit\=0 -fno-color-diagnostics -fmodules-prune-interval\=86400 -fmodules-prune-after\=345600 -fbuild-session-file\=/Users/admin/builder/spi-builder-workspace/.derivedData/ModuleCache.noindex/Session.modulevalidation -fmodules-validate-once-per-build-session -Wnon-modular-include-in-framework-module -Werror\=non-modular-include-in-framework-module -Wno-trigraphs -Wno-missing-field-initializers -Wno-missing-prototypes -Wno-return-type -Wno-implicit-atomic-properties -Wno-objc-interface-ivars -Wno-arc-repeated-use-of-weak -Wno-non-virtual-dtor -Wno-overloaded-virtual -Wno-exit-time-destructors -Wno-missing-braces -Wparentheses -Wswitch -Wno-unused-function -Wno-unused-label -Wno-unused-parameter -Wno-unused-variable -Wunused-value -Wno-empty-body -Wno-uninitialized -Wno-unknown-pragmas -w -Wno-shadow -Wno-four-char-constants -Wno-conversion -Wno-constant-conversion -Wno-int-conversion -Wno-bool-conversion -Wno-enum-conversion -Wno-float-conversion -Wno-non-literal-null-conversion -Wno-objc-literal-conversion -Wno-shorten-64-to-32 -Wno-newline-eof -Wno-selector -Wno-strict-selector-match -Wno-undeclared-selector -Wno-deprecated-implementations -Wno-c++11-extensions -Wno-implicit-fallthrough -isysroot /Applications/Xcode-27.0.0-Release.Candidate.app/Contents/Developer/Platforms/WatchOS.platform/Developer/SDKs/WatchOS27.0.sdk -fstrict-aliasing -Wprotocol -Wdeprecated-declarations -Winvalid-offsetof -Wno-sign-conversion -Wno-infinite-recursion -Wno-move -Wno-comma -Wno-block-capture-autoreleasing -Wno-strict-prototypes -Wno-range-loop-analysis -Wno-semicolon-before-method-body -index-store-path /Users/admin/builder/spi-builder-workspace/.derivedData/Index.noindex/DataStore @/Users/admin/builder/spi-builder-workspace/.derivedData/Build/Intermediates.noindex/SF2Lib.build/Debug-watchos/SF2Lib-t.build/Objects-normal/arm64_32/af3fcb34312c57c0f52879cdce924b91-common-args.resp -include /Users/admin/builder/spi-builder-workspace/.derivedData/Build/Intermediates.noindex/SF2Lib.build/Debug-watchos/SF2Lib-t.build/DerivedSources/resource_bundle_accessor.h -MMD -MT dependencies -MF /Users/admin/builder/spi-builder-workspace/.derivedData/Build/Intermediates.noindex/SF2Lib.build/Debug-watchos/SF2Lib-t.build/Objects-normal/arm64_32/ValueTransformer.d --serialize-diagnostics /Users/admin/builder/spi-builder-workspace/.derivedData/Build/Intermediates.noindex/SF2Lib.build/Debug-watchos/SF2Lib-t.build/Objects-normal/arm64_32/ValueTransformer.dia -c /Users/admin/builder/spi-builder-workspace/.dependencies/checkouts/SF2Lib/Sources/SF2Lib/MIDI/ValueTransformer.mm -o /Users/admin/builder/spi-builder-workspace/.derivedData/Build/Intermediates.noindex/SF2Lib.build/Debug-watchos/SF2Lib-t.build/Objects-normal/arm64_32/ValueTransformer.o -index-unit-output-path /SF2Lib.build/Debug-watchos/SF2Lib-t.build/Objects-normal/arm64_32/ValueTransformer.o
In file included from /Users/admin/builder/spi-builder-workspace/.dependencies/checkouts/SF2Lib/Sources/SF2Lib/MIDI/ValueTransformer.mm:9:
In file included from /Users/admin/builder/spi-builder-workspace/.dependencies/checkouts/SF2Lib/Sources/SF2Lib/include/SF2Lib/DSP.hpp:12:
/Users/admin/builder/spi-builder-workspace/.dependencies/checkouts/SF2Lib/Sources/SF2Lib/include/SF2Lib/Types.hpp:7:10: fatal error: 'AudioToolbox/AUParameters.h' file not found
7 | #include <AudioToolbox/AUParameters.h>
| ^~~~~~~~~~~~~~~~~~~~~~~~~~~~~
CompileC /Users/admin/builder/spi-builder-workspace/.derivedData/Build/Intermediates.noindex/SF2Lib.build/Debug-watchos/SF2Lib-t.build/Objects-normal/arm64_32/Stage.o /Users/admin/builder/spi-builder-workspace/.dependencies/checkouts/SF2Lib/Sources/SF2Lib/Render/Envelope/Stage.mm normal arm64_32 objective-c++ com.apple.compilers.llvm.clang.1_0.compiler (in target 'SF2Lib' from project 'SF2Lib')
cd /Users/admin/builder/spi-builder-workspace/.swiftpm/xcode
Using response file: /Users/admin/builder/spi-builder-workspace/.derivedData/Build/Intermediates.noindex/SF2Lib.build/Debug-watchos/SF2Lib-t.build/Objects-normal/arm64_32/af3fcb34312c57c0f52879cdce924b91-common-args.resp
/Applications/Xcode-27.0.0-Release.Candidate.app/Contents/Developer/Toolchains/XcodeDefault.xctoolchain/usr/bin/clang -x objective-c++ -ivfsstatcache /Users/admin/builder/spi-builder-workspace/.derivedData/SDKStatCaches.noindex/watchos27.0-24R360-e829b21a6f8c9b70876ba0858053c04477534ef55a1706bf4c1112bbb242f0a2.sdkstatcache -target arm64_32-apple-watchos9.0 -fmessage-length\=0 -fdiagnostics-show-note-include-stack -fmacro-backtrace-limit\=0 -fno-color-diagnostics -fmodules-prune-interval\=86400 -fmodules-prune-after\=345600 -fbuild-session-file\=/Users/admin/builder/spi-builder-workspace/.derivedData/ModuleCache.noindex/Session.modulevalidation -fmodules-validate-once-per-build-session -Wnon-modular-include-in-framework-module -Werror\=non-modular-include-in-framework-module -Wno-trigraphs -Wno-missing-field-initializers -Wno-missing-prototypes -Wno-return-type -Wno-implicit-atomic-properties -Wno-objc-interface-ivars -Wno-arc-repeated-use-of-weak -Wno-non-virtual-dtor -Wno-overloaded-virtual -Wno-exit-time-destructors -Wno-missing-braces -Wparentheses -Wswitch -Wno-unused-function -Wno-unused-label -Wno-unused-parameter -Wno-unused-variable -Wunused-value -Wno-empty-body -Wno-uninitialized -Wno-unknown-pragmas -w -Wno-shadow -Wno-four-char-constants -Wno-conversion -Wno-constant-conversion -Wno-int-conversion -Wno-bool-conversion -Wno-enum-conversion -Wno-float-conversion -Wno-non-literal-null-conversion -Wno-objc-literal-conversion -Wno-shorten-64-to-32 -Wno-newline-eof -Wno-selector -Wno-strict-selector-match -Wno-undeclared-selector -Wno-deprecated-implementations -Wno-c++11-extensions -Wno-implicit-fallthrough -isysroot /Applications/Xcode-27.0.0-Release.Candidate.app/Contents/Developer/Platforms/WatchOS.platform/Developer/SDKs/WatchOS27.0.sdk -fstrict-aliasing -Wprotocol -Wdeprecated-declarations -Winvalid-offsetof -Wno-sign-conversion -Wno-infinite-recursion -Wno-move -Wno-comma -Wno-block-capture-autoreleasing -Wno-strict-prototypes -Wno-range-loop-analysis -Wno-semicolon-before-method-body -index-store-path /Users/admin/builder/spi-builder-workspace/.derivedData/Index.noindex/DataStore @/Users/admin/builder/spi-builder-workspace/.derivedData/Build/Intermediates.noindex/SF2Lib.build/Debug-watchos/SF2Lib-t.build/Objects-normal/arm64_32/af3fcb34312c57c0f52879cdce924b91-common-args.resp -include /Users/admin/builder/spi-builder-workspace/.derivedData/Build/Intermediates.noindex/SF2Lib.build/Debug-watchos/SF2Lib-t.build/DerivedSources/resource_bundle_accessor.h -MMD -MT dependencies -MF /Users/admin/builder/spi-builder-workspace/.derivedData/Build/Intermediates.noindex/SF2Lib.build/Debug-watchos/SF2Lib-t.build/Objects-normal/arm64_32/Stage.d --serialize-diagnostics /Users/admin/builder/spi-builder-workspace/.derivedData/Build/Intermediates.noindex/SF2Lib.build/Debug-watchos/SF2Lib-t.build/Objects-normal/arm64_32/Stage.dia -c /Users/admin/builder/spi-builder-workspace/.dependencies/checkouts/SF2Lib/Sources/SF2Lib/Render/Envelope/Stage.mm -o /Users/admin/builder/spi-builder-workspace/.derivedData/Build/Intermediates.noindex/SF2Lib.build/Debug-watchos/SF2Lib-t.build/Objects-normal/arm64_32/Stage.o -index-unit-output-path /SF2Lib.build/Debug-watchos/SF2Lib-t.build/Objects-normal/arm64_32/Stage.o
In file included from /Users/admin/builder/spi-builder-workspace/.dependencies/checkouts/SF2Lib/Sources/SF2Lib/Render/Envelope/Stage.mm:3:
In file included from /Users/admin/builder/spi-builder-workspace/.dependencies/checkouts/SF2Lib/Sources/SF2Lib/include/SF2Lib/Render/Envelope/Stage.hpp:9:
In file included from /Users/admin/builder/spi-builder-workspace/.dependencies/checkouts/SF2Lib/Sources/SF2Lib/include/SF2Lib/DSP.hpp:12:
/Users/admin/builder/spi-builder-workspace/.dependencies/checkouts/SF2Lib/Sources/SF2Lib/include/SF2Lib/Types.hpp:7:10: fatal error: 'AudioToolbox/AUParameters.h' file not found
7 | #include <AudioToolbox/AUParameters.h>
| ^~~~~~~~~~~~~~~~~~~~~~~~~~~~~
1 error generated.
CompileC /Users/admin/builder/spi-builder-workspace/.derivedData/Build/Intermediates.noindex/SF2Lib.build/Debug-watchos/SF2Lib-t.build/Objects-normal/arm64_32/SampleSourceCollection.o /Users/admin/builder/spi-builder-workspace/.dependencies/checkouts/SF2Lib/Sources/SF2Lib/Render/SampleSourceCollection.mm normal arm64_32 objective-c++ com.apple.compilers.llvm.clang.1_0.compiler (in target 'SF2Lib' from project 'SF2Lib')
cd /Users/admin/builder/spi-builder-workspace/.swiftpm/xcode
Using response file: /Users/admin/builder/spi-builder-workspace/.derivedData/Build/Intermediates.noindex/SF2Lib.build/Debug-watchos/SF2Lib-t.build/Objects-normal/arm64_32/af3fcb34312c57c0f52879cdce924b91-common-args.resp
/Applications/Xcode-27.0.0-Release.Candidate.app/Contents/Developer/Toolchains/XcodeDefault.xctoolchain/usr/bin/clang -x objective-c++ -ivfsstatcache /Users/admin/builder/spi-builder-workspace/.derivedData/SDKStatCaches.noindex/watchos27.0-24R360-e829b21a6f8c9b70876ba0858053c04477534ef55a1706bf4c1112bbb242f0a2.sdkstatcache -target arm64_32-apple-watchos9.0 -fmessage-length\=0 -fdiagnostics-show-note-include-stack -fmacro-backtrace-limit\=0 -fno-color-diagnostics -fmodules-prune-interval\=86400 -fmodules-prune-after\=345600 -fbuild-session-file\=/Users/admin/builder/spi-builder-workspace/.derivedData/ModuleCache.noindex/Session.modulevalidation -fmodules-validate-once-per-build-session -Wnon-modular-include-in-framework-module -Werror\=non-modular-include-in-framework-module -Wno-trigraphs -Wno-missing-field-initializers -Wno-missing-prototypes -Wno-return-type -Wno-implicit-atomic-properties -Wno-objc-interface-ivars -Wno-arc-repeated-use-of-weak -Wno-non-virtual-dtor -Wno-overloaded-virtual -Wno-exit-time-destructors -Wno-missing-braces -Wparentheses -Wswitch -Wno-unused-function -Wno-unused-label -Wno-unused-parameter -Wno-unused-variable -Wunused-value -Wno-empty-body -Wno-uninitialized -Wno-unknown-pragmas -w -Wno-shadow -Wno-four-char-constants -Wno-conversion -Wno-constant-conversion -Wno-int-conversion -Wno-bool-conversion -Wno-enum-conversion -Wno-float-conversion -Wno-non-literal-null-conversion -Wno-objc-literal-conversion -Wno-shorten-64-to-32 -Wno-newline-eof -Wno-selector -Wno-strict-selector-match -Wno-undeclared-selector -Wno-deprecated-implementations -Wno-c++11-extensions -Wno-implicit-fallthrough -isysroot /Applications/Xcode-27.0.0-Release.Candidate.app/Contents/Developer/Platforms/WatchOS.platform/Developer/SDKs/WatchOS27.0.sdk -fstrict-aliasing -Wprotocol -Wdeprecated-declarations -Winvalid-offsetof -Wno-sign-conversion -Wno-infinite-recursion -Wno-move -Wno-comma -Wno-block-capture-autoreleasing -Wno-strict-prototypes -Wno-range-loop-analysis -Wno-semicolon-before-method-body -index-store-path /Users/admin/builder/spi-builder-workspace/.derivedData/Index.noindex/DataStore @/Users/admin/builder/spi-builder-workspace/.derivedData/Build/Intermediates.noindex/SF2Lib.build/Debug-watchos/SF2Lib-t.build/Objects-normal/arm64_32/af3fcb34312c57c0f52879cdce924b91-common-args.resp -include /Users/admin/builder/spi-builder-workspace/.derivedData/Build/Intermediates.noindex/SF2Lib.build/Debug-watchos/SF2Lib-t.build/DerivedSources/resource_bundle_accessor.h -MMD -MT dependencies -MF /Users/admin/builder/spi-builder-workspace/.derivedData/Build/Intermediates.noindex/SF2Lib.build/Debug-watchos/SF2Lib-t.build/Objects-normal/arm64_32/SampleSourceCollection.d --serialize-diagnostics /Users/admin/builder/spi-builder-workspace/.derivedData/Build/Intermediates.noindex/SF2Lib.build/Debug-watchos/SF2Lib-t.build/Objects-normal/arm64_32/SampleSourceCollection.dia -c /Users/admin/builder/spi-builder-workspace/.dependencies/checkouts/SF2Lib/Sources/SF2Lib/Render/SampleSourceCollection.mm -o /Users/admin/builder/spi-builder-workspace/.derivedData/Build/Intermediates.noindex/SF2Lib.build/Debug-watchos/SF2Lib-t.build/Objects-normal/arm64_32/SampleSourceCollection.o -index-unit-output-path /SF2Lib.build/Debug-watchos/SF2Lib-t.build/Objects-normal/arm64_32/SampleSourceCollection.o
In file included from /Users/admin/builder/spi-builder-workspace/.dependencies/checkouts/SF2Lib/Sources/SF2Lib/Render/SampleSourceCollection.mm:3:
In file included from /Users/admin/builder/spi-builder-workspace/.dependencies/checkouts/SF2Lib/Sources/SF2Lib/include/SF2Lib/Render/SampleSourceCollection.hpp:7:
In file included from /Users/admin/builder/spi-builder-workspace/.dependencies/checkouts/SF2Lib/Sources/SF2Lib/include/SF2Lib/IO/ChunkItems.hpp:9:
In file included from /Users/admin/builder/spi-builder-workspace/.dependencies/checkouts/SF2Lib/Sources/SF2Lib/include/SF2Lib/IO/Chunk.hpp:5:
In file included from /Users/admin/builder/spi-builder-workspace/.dependencies/checkouts/SF2Lib/Sources/SF2Lib/include/SF2Lib/IO/Pos.hpp:8:
In file included from /Users/admin/builder/spi-builder-workspace/.dependencies/checkouts/SF2Lib/Sources/SF2Lib/include/SF2Lib/IO/Tag.hpp:7:
/Users/admin/builder/spi-builder-workspace/.dependencies/checkouts/SF2Lib/Sources/SF2Lib/include/SF2Lib/Types.hpp:7:10: fatal error: 'AudioToolbox/AUParameters.h' file not found
7 | #include <AudioToolbox/AUParameters.h>
| ^~~~~~~~~~~~~~~~~~~~~~~~~~~~~
CompileC /Users/admin/builder/spi-builder-workspace/.derivedData/Build/Intermediates.noindex/SF2Lib.build/Debug-watchos/SF2Lib-t.build/Objects-normal/arm64_32/Version.o /Users/admin/builder/spi-builder-workspace/.dependencies/checkouts/SF2Lib/Sources/SF2Lib/Entity/Version.mm normal arm64_32 objective-c++ com.apple.compilers.llvm.clang.1_0.compiler (in target 'SF2Lib' from project 'SF2Lib')
cd /Users/admin/builder/spi-builder-workspace/.swiftpm/xcode
Using response file: /Users/admin/builder/spi-builder-workspace/.derivedData/Build/Intermediates.noindex/SF2Lib.build/Debug-watchos/SF2Lib-t.build/Objects-normal/arm64_32/af3fcb34312c57c0f52879cdce924b91-common-args.resp
/Applications/Xcode-27.0.0-Release.Candidate.app/Contents/Developer/Toolchains/XcodeDefault.xctoolchain/usr/bin/clang -x objective-c++ -ivfsstatcache /Users/admin/builder/spi-builder-workspace/.derivedData/SDKStatCaches.noindex/watchos27.0-24R360-e829b21a6f8c9b70876ba0858053c04477534ef55a1706bf4c1112bbb242f0a2.sdkstatcache -target arm64_32-apple-watchos9.0 -fmessage-length\=0 -fdiagnostics-show-note-include-stack -fmacro-backtrace-limit\=0 -fno-color-diagnostics -fmodules-prune-interval\=86400 -fmodules-prune-after\=345600 -fbuild-session-file\=/Users/admin/builder/spi-builder-workspace/.derivedData/ModuleCache.noindex/Session.modulevalidation -fmodules-validate-once-per-build-session -Wnon-modular-include-in-framework-module -Werror\=non-modular-include-in-framework-module -Wno-trigraphs -Wno-missing-field-initializers -Wno-missing-prototypes -Wno-return-type -Wno-implicit-atomic-properties -Wno-objc-interface-ivars -Wno-arc-repeated-use-of-weak -Wno-non-virtual-dtor -Wno-overloaded-virtual -Wno-exit-time-destructors -Wno-missing-braces -Wparentheses -Wswitch -Wno-unused-function -Wno-unused-label -Wno-unused-parameter -Wno-unused-variable -Wunused-value -Wno-empty-body -Wno-uninitialized -Wno-unknown-pragmas -w -Wno-shadow -Wno-four-char-constants -Wno-conversion -Wno-constant-conversion -Wno-int-conversion -Wno-bool-conversion -Wno-enum-conversion -Wno-float-conversion -Wno-non-literal-null-conversion -Wno-objc-literal-conversion -Wno-shorten-64-to-32 -Wno-newline-eof -Wno-selector -Wno-strict-selector-match -Wno-undeclared-selector -Wno-deprecated-implementations -Wno-c++11-extensions -Wno-implicit-fallthrough -isysroot /Applications/Xcode-27.0.0-Release.Candidate.app/Contents/Developer/Platforms/WatchOS.platform/Developer/SDKs/WatchOS27.0.sdk -fstrict-aliasing -Wprotocol -Wdeprecated-declarations -Winvalid-offsetof -Wno-sign-conversion -Wno-infinite-recursion -Wno-move -Wno-comma -Wno-block-capture-autoreleasing -Wno-strict-prototypes -Wno-range-loop-analysis -Wno-semicolon-before-method-body -index-store-path /Users/admin/builder/spi-builder-workspace/.derivedData/Index.noindex/DataStore @/Users/admin/builder/spi-builder-workspace/.derivedData/Build/Intermediates.noindex/SF2Lib.build/Debug-watchos/SF2Lib-t.build/Objects-normal/arm64_32/af3fcb34312c57c0f52879cdce924b91-common-args.resp -include /Users/admin/builder/spi-builder-workspace/.derivedData/Build/Intermediates.noindex/SF2Lib.build/Debug-watchos/SF2Lib-t.build/DerivedSources/resource_bundle_accessor.h -MMD -MT dependencies -MF /Users/admin/builder/spi-builder-workspace/.derivedData/Build/Intermediates.noindex/SF2Lib.build/Debug-watchos/SF2Lib-t.build/Objects-normal/arm64_32/Version.d --serialize-diagnostics /Users/admin/builder/spi-builder-workspace/.derivedData/Build/Intermediates.noindex/SF2Lib.build/Debug-watchos/SF2Lib-t.build/Objects-normal/arm64_32/Version.dia -c /Users/admin/builder/spi-builder-workspace/.dependencies/checkouts/SF2Lib/Sources/SF2Lib/Entity/Version.mm -o /Users/admin/builder/spi-builder-workspace/.derivedData/Build/Intermediates.noindex/SF2Lib.build/Debug-watchos/SF2Lib-t.build/Objects-normal/arm64_32/Version.o -index-unit-output-path /SF2Lib.build/Debug-watchos/SF2Lib-t.build/Objects-normal/arm64_32/Version.o
In file included from /Users/admin/builder/spi-builder-workspace/.dependencies/checkouts/SF2Lib/Sources/SF2Lib/Entity/Version.mm:5:
In file included from /Users/admin/builder/spi-builder-workspace/.dependencies/checkouts/SF2Lib/Sources/SF2Lib/include/SF2Lib/Entity/Version.hpp:5:
In file included from /Users/admin/builder/spi-builder-workspace/.dependencies/checkouts/SF2Lib/Sources/SF2Lib/include/SF2Lib/IO/Pos.hpp:8:
In file included from /Users/admin/builder/spi-builder-workspace/.dependencies/checkouts/SF2Lib/Sources/SF2Lib/include/SF2Lib/IO/Tag.hpp:7:
/Users/admin/builder/spi-builder-workspace/.dependencies/checkouts/SF2Lib/Sources/SF2Lib/include/SF2Lib/Types.hpp:7:10: fatal error: 'AudioToolbox/AUParameters.h' file not found
7 | #include <AudioToolbox/AUParameters.h>
| ^~~~~~~~~~~~~~~~~~~~~~~~~~~~~
1 error generated.
CompileC /Users/admin/builder/spi-builder-workspace/.derivedData/Build/Intermediates.noindex/SF2Lib.build/Debug-watchos/SF2Lib-t.build/Objects-normal/arm64_32/PresetCollection.o /Users/admin/builder/spi-builder-workspace/.dependencies/checkouts/SF2Lib/Sources/SF2Lib/Render/PresetCollection.mm normal arm64_32 objective-c++ com.apple.compilers.llvm.clang.1_0.compiler (in target 'SF2Lib' from project 'SF2Lib')
cd /Users/admin/builder/spi-builder-workspace/.swiftpm/xcode
Using response file: /Users/admin/builder/spi-builder-workspace/.derivedData/Build/Intermediates.noindex/SF2Lib.build/Debug-watchos/SF2Lib-t.build/Objects-normal/arm64_32/af3fcb34312c57c0f52879cdce924b91-common-args.resp
/Applications/Xcode-27.0.0-Release.Candidate.app/Contents/Developer/Toolchains/XcodeDefault.xctoolchain/usr/bin/clang -x objective-c++ -ivfsstatcache /Users/admin/builder/spi-builder-workspace/.derivedData/SDKStatCaches.noindex/watchos27.0-24R360-e829b21a6f8c9b70876ba0858053c04477534ef55a1706bf4c1112bbb242f0a2.sdkstatcache -target arm64_32-apple-watchos9.0 -fmessage-length\=0 -fdiagnostics-show-note-include-stack -fmacro-backtrace-limit\=0 -fno-color-diagnostics -fmodules-prune-interval\=86400 -fmodules-prune-after\=345600 -fbuild-session-file\=/Users/admin/builder/spi-builder-workspace/.derivedData/ModuleCache.noindex/Session.modulevalidation -fmodules-validate-once-per-build-session -Wnon-modular-include-in-framework-module -Werror\=non-modular-include-in-framework-module -Wno-trigraphs -Wno-missing-field-initializers -Wno-missing-prototypes -Wno-return-type -Wno-implicit-atomic-properties -Wno-objc-interface-ivars -Wno-arc-repeated-use-of-weak -Wno-non-virtual-dtor -Wno-overloaded-virtual -Wno-exit-time-destructors -Wno-missing-braces -Wparentheses -Wswitch -Wno-unused-function -Wno-unused-label -Wno-unused-parameter -Wno-unused-variable -Wunused-value -Wno-empty-body -Wno-uninitialized -Wno-unknown-pragmas -w -Wno-shadow -Wno-four-char-constants -Wno-conversion -Wno-constant-conversion -Wno-int-conversion -Wno-bool-conversion -Wno-enum-conversion -Wno-float-conversion -Wno-non-literal-null-conversion -Wno-objc-literal-conversion -Wno-shorten-64-to-32 -Wno-newline-eof -Wno-selector -Wno-strict-selector-match -Wno-undeclared-selector -Wno-deprecated-implementations -Wno-c++11-extensions -Wno-implicit-fallthrough -isysroot /Applications/Xcode-27.0.0-Release.Candidate.app/Contents/Developer/Platforms/WatchOS.platform/Developer/SDKs/WatchOS27.0.sdk -fstrict-aliasing -Wprotocol -Wdeprecated-declarations -Winvalid-offsetof -Wno-sign-conversion -Wno-infinite-recursion -Wno-move -Wno-comma -Wno-block-capture-autoreleasing -Wno-strict-prototypes -Wno-range-loop-analysis -Wno-semicolon-before-method-body -index-store-path /Users/admin/builder/spi-builder-workspace/.derivedData/Index.noindex/DataStore @/Users/admin/builder/spi-builder-workspace/.derivedData/Build/Intermediates.noindex/SF2Lib.build/Debug-watchos/SF2Lib-t.build/Objects-normal/arm64_32/af3fcb34312c57c0f52879cdce924b91-common-args.resp -include /Users/admin/builder/spi-builder-workspace/.derivedData/Build/Intermediates.noindex/SF2Lib.build/Debug-watchos/SF2Lib-t.build/DerivedSources/resource_bundle_accessor.h -MMD -MT dependencies -MF /Users/admin/builder/spi-builder-workspace/.derivedData/Build/Intermediates.noindex/SF2Lib.build/Debug-watchos/SF2Lib-t.build/Objects-normal/arm64_32/PresetCollection.d --serialize-diagnostics /Users/admin/builder/spi-builder-workspace/.derivedData/Build/Intermediates.noindex/SF2Lib.build/Debug-watchos/SF2Lib-t.build/Objects-normal/arm64_32/PresetCollection.dia -c /Users/admin/builder/spi-builder-workspace/.dependencies/checkouts/SF2Lib/Sources/SF2Lib/Render/PresetCollection.mm -o /Users/admin/builder/spi-builder-workspace/.derivedData/Build/Intermediates.noindex/SF2Lib.build/Debug-watchos/SF2Lib-t.build/Objects-normal/arm64_32/PresetCollection.o -index-unit-output-path /SF2Lib.build/Debug-watchos/SF2Lib-t.build/Objects-normal/arm64_32/PresetCollection.o
In file included from /Users/admin/builder/spi-builder-workspace/.dependencies/checkouts/SF2Lib/Sources/SF2Lib/Render/PresetCollection.mm:5:
In file included from /Users/admin/builder/spi-builder-workspace/.dependencies/checkouts/SF2Lib/Sources/SF2Lib/include/SF2Lib/IO/File.hpp:7:
In file included from /Users/admin/builder/spi-builder-workspace/.dependencies/checkouts/SF2Lib/Sources/SF2Lib/include/SF2Lib/Entity/Bag.hpp:8:
In file included from /Users/admin/builder/spi-builder-workspace/.dependencies/checkouts/SF2Lib/Sources/SF2Lib/include/SF2Lib/IO/Pos.hpp:8:
In file included from /Users/admin/builder/spi-builder-workspace/.dependencies/checkouts/SF2Lib/Sources/SF2Lib/include/SF2Lib/IO/Tag.hpp:7:
/Users/admin/builder/spi-builder-workspace/.dependencies/checkouts/SF2Lib/Sources/SF2Lib/include/SF2Lib/Types.hpp:7:10: fatal error: 'AudioToolbox/AUParameters.h' file not found
7 | #include <AudioToolbox/AUParameters.h>
| ^~~~~~~~~~~~~~~~~~~~~~~~~~~~~
SwiftDriver SF2LibAU normal arm64 com.apple.xcode.tools.swift.compiler (in target 'SF2LibAU' from project 'SF2LibAU')
cd /Users/admin/builder/spi-builder-workspace/.swiftpm/xcode
builtin-SwiftDriver -- /Applications/Xcode-27.0.0-Release.Candidate.app/Contents/Developer/Toolchains/XcodeDefault.xctoolchain/usr/bin/swiftc -parse-as-library -module-name SF2LibAU -Onone @/Users/admin/builder/spi-builder-workspace/.derivedData/Build/Intermediates.noindex/SF2LibAU.build/Debug-watchos/SF2LibAU-t.build/Objects-normal/arm64/SF2LibAU.SwiftFileList -DSWIFT_PACKAGE -DDEBUG -DSWIFT_MODULE_RESOURCE_BUNDLE_UNAVAILABLE -Xcc -fmodule-map-file\=/Users/admin/builder/spi-builder-workspace/.dependencies/checkouts/DSPHeaders/Sources/DSPHeaders/include/module.modulemap -Xcc -fmodule-map-file\=/Users/admin/builder/spi-builder-workspace/.derivedData/Build/Intermediates.noindex/GeneratedModuleMaps-watchos/SF2Lib.modulemap -Xcc -fmodule-map-file\=/Users/admin/builder/spi-builder-workspace/.derivedData/Build/Intermediates.noindex/GeneratedModuleMaps-watchos/Engine.modulemap -DXcode -cxx-interoperability-mode\=default -Xcc -std\=c++2b -plugin-path /Applications/Xcode-27.0.0-Release.Candidate.app/Contents/Developer/Toolchains/XcodeDefault.xctoolchain/usr/lib/swift/host/plugins/testing -enable-experimental-feature DebugDescriptionMacro -sdk /Applications/Xcode-27.0.0-Release.Candidate.app/Contents/Developer/Platforms/WatchOS.platform/Developer/SDKs/WatchOS27.0.sdk -target arm64-apple-watchos9.0 -g -module-cache-path /Users/admin/builder/spi-builder-workspace/.derivedData/ModuleCache.noindex -Xfrontend -serialize-debugging-options -profile-coverage-mapping -profile-generate -enable-testing -index-store-path /Users/admin/builder/spi-builder-workspace/.derivedData/Index.noindex/DataStore -Xcc -D_LIBCPP_HARDENING_MODE\=_LIBCPP_HARDENING_MODE_DEBUG -swift-version 6 -I /Users/admin/builder/spi-builder-workspace/.derivedData/Build/Products/Debug-watchos -Isystem /Applications/Xcode-27.0.0-Release.Candidate.app/Contents/Developer/Platforms/WatchOS.platform/Developer/usr/lib -F /Users/admin/builder/spi-builder-workspace/.derivedData/Build/Products/Debug-watchos/PackageFrameworks -F /Users/admin/builder/spi-builder-workspace/.derivedData/Build/Products/Debug-watchos -F /Applications/Xcode-27.0.0-Release.Candidate.app/Contents/Developer/Platforms/WatchOS.platform/Developer/Library/Frameworks -F /Applications/Xcode-27.0.0-Release.Candidate.app/Contents/Developer/Platforms/WatchOS.platform/Developer/SDKs/WatchOS27.0.sdk/Developer/Library/Frameworks -c -j10 -enable-batch-mode -incremental -Xcc -ivfsstatcache -Xcc /Users/admin/builder/spi-builder-workspace/.derivedData/SDKStatCaches.noindex/watchos27.0-24R360-e829b21a6f8c9b70876ba0858053c04477534ef55a1706bf4c1112bbb242f0a2.sdkstatcache -output-file-map /Users/admin/builder/spi-builder-workspace/.derivedData/Build/Intermediates.noindex/SF2LibAU.build/Debug-watchos/SF2LibAU-t.build/Objects-normal/arm64/SF2LibAU-OutputFileMap.json -save-temps -no-color-diagnostics -explicit-module-build -module-cache-path /Users/admin/builder/spi-builder-workspace/.derivedData/Build/Intermediates.noindex/SwiftExplicitPrecompiledModules -clang-scanner-module-cache-path /Users/admin/builder/spi-builder-workspace/.derivedData/ModuleCache.noindex -sdk-module-cache-path /Users/admin/builder/spi-builder-workspace/.derivedData/SDKExplicitPrecompiledModules -emit-dependencies -emit-module -emit-module-path /Users/admin/builder/spi-builder-workspace/.derivedData/Build/Intermediates.noindex/SF2LibAU.build/Debug-watchos/SF2LibAU-t.build/Objects-normal/arm64/SF2LibAU.swiftmodule -serialize-diagnostics -dependency-scan-serialize-diagnostics-path /Users/admin/builder/spi-builder-workspace/.derivedData/Build/Intermediates.noindex/SF2LibAU.build/Debug-watchos/SF2LibAU-t.build/Objects-normal/arm64/SF2LibAU-dependency-scan.dia -validate-clang-modules-once -clang-build-session-file /Users/admin/builder/spi-builder-workspace/.derivedData/ModuleCache.noindex/Session.modulevalidation -Xcc -fmodules-prune-interval\=86400 -Xcc -fmodules-prune-after\=345600 -package-name spi_builder_workspace -emit-const-values -const-gather-protocols-list /Users/admin/builder/spi-builder-workspace/.derivedData/Build/Intermediates.noindex/SF2LibAU.build/Debug-watchos/SF2LibAU-t.build/Objects-normal/arm64/SF2LibAU_const_extract_protocols.json -Xcc -I/Users/admin/builder/spi-builder-workspace/.dependencies/checkouts/DSPHeaders/Sources/DSPHeaders/include -Xcc -I/Users/admin/builder/spi-builder-workspace/.dependencies/checkouts/SF2Lib/Sources/SF2Lib/include -Xcc -I/Users/admin/builder/spi-builder-workspace/.dependencies/checkouts/SF2Lib/Sources/Engine/include -Xcc -I/Users/admin/builder/spi-builder-workspace/.derivedData/Build/Products/Debug-watchos/include -Xcc -I/Users/admin/builder/spi-builder-workspace/.derivedData/Build/Intermediates.noindex/SF2LibAU.build/Debug-watchos/SF2LibAU-t.build/DerivedSources-normal/arm64 -Xcc -I/Users/admin/builder/spi-builder-workspace/.derivedData/Build/Intermediates.noindex/SF2LibAU.build/Debug-watchos/SF2LibAU-t.build/DerivedSources/arm64 -Xcc -I/Users/admin/builder/spi-builder-workspace/.derivedData/Build/Intermediates.noindex/SF2LibAU.build/Debug-watchos/SF2LibAU-t.build/DerivedSources -Xcc -DSWIFT_PACKAGE -Xcc -DDEBUG\=1 -emit-objc-header -emit-objc-header-path /Users/admin/builder/spi-builder-workspace/.derivedData/Build/Intermediates.noindex/SF2LibAU.build/Debug-watchos/SF2LibAU-t.build/Objects-normal/arm64/SF2LibAU-Swift.h -working-directory /Users/admin/builder/spi-builder-workspace/.swiftpm/xcode -experimental-emit-module-separately -disable-cmo
error: Clang dependency scanning failure: While building module 'Engine' imported from module-include.input:1:
In file included from <module-includes>:1:
/Users/admin/builder/spi-builder-workspace/.dependencies/checkouts/SF2Lib/Sources/Engine/include/SF2Engine.hpp:11:10: fatal error: 'CoreAudioKit/CoreAudioKit.h' file not found
module-include.input:1:3: fatal error: could not build module 'Engine'
(in target 'SF2LibAU' from project 'SF2LibAU')
/Users/admin/builder/spi-builder-workspace/Sources/SF2LibAU/SF2LibAU.swift:3:8: error: Unable to resolve module dependency: 'AudioToolbox' (in target 'SF2LibAU' from project 'SF2LibAU')
note: A dependency of main module 'SF2LibAU'
/Users/admin/builder/spi-builder-workspace/Sources/SF2LibAU/SF2LibAU.swift:4:8: error: Unable to resolve module dependency: 'CoreAudioKit' (in target 'SF2LibAU' from project 'SF2LibAU')
note: A dependency of main module 'SF2LibAU'
/Users/admin/builder/spi-builder-workspace/Sources/SF2LibAU/SF2LibAU.swift:5:8: error: Unable to resolve module dependency: 'Engine' (in target 'SF2LibAU' from project 'SF2LibAU')
note: A dependency of main module 'SF2LibAU'
error: Clang dependency scanning failure: While building module 'Engine' imported from module-include.input:1:
In file included from <module-includes>:1:
/Users/admin/builder/spi-builder-workspace/.dependencies/checkouts/SF2Lib/Sources/Engine/include/SF2Engine.hpp:11:10: fatal error: 'CoreAudioKit/CoreAudioKit.h' file not found
module-include.input:1:3: fatal error: could not build module 'Engine'
(in target 'SF2LibAU' from project 'SF2LibAU')
/Users/admin/builder/spi-builder-workspace/Sources/SF2LibAU/SF2LibAU.swift:3:8: note: A dependency of main module 'SF2LibAU'
import AudioToolbox
^ (in target 'SF2LibAU' from project 'SF2LibAU')
/Users/admin/builder/spi-builder-workspace/Sources/SF2LibAU/SF2LibAU.swift:4:8: note: A dependency of main module 'SF2LibAU'
import CoreAudioKit
^ (in target 'SF2LibAU' from project 'SF2LibAU')
/Users/admin/builder/spi-builder-workspace/Sources/SF2LibAU/SF2LibAU.swift:5:8: note: A dependency of main module 'SF2LibAU'
import Engine
^ (in target 'SF2LibAU' from project 'SF2LibAU')
PruneExplicitPrecompiledModules /Users/admin/builder/spi-builder-workspace/.derivedData/SDKExplicitPrecompiledModules
PruneExplicitPrecompiledModules /Users/admin/builder/spi-builder-workspace/.derivedData/Build/Intermediates.noindex/SwiftExplicitPrecompiledModules
PruneExplicitPrecompiledModules /Users/admin/builder/spi-builder-workspace/.derivedData/Build/Intermediates.noindex/ExplicitPrecompiledModules
2026-09-22 15:57:18.046 xcodebuild[792:4936] [MT] IDERunDestination: Supported platforms for the buildables in the current scheme is empty.
2026-09-22 15:57:18.148 xcodebuild[792:4936] [MT] IDERunDestination: Supported platforms for the buildables in the current scheme is empty.
** BUILD FAILED **
The following build commands failed:
CompileC /Users/admin/builder/spi-builder-workspace/.derivedData/Build/Intermediates.noindex/SF2Lib.build/Debug-watchos/SF2Lib-t.build/Objects-normal/arm64_32/StringUtils.o /Users/admin/builder/spi-builder-workspace/.dependencies/checkouts/SF2Lib/Sources/SF2Lib/Utils/StringUtils.mm normal arm64_32 objective-c++ com.apple.compilers.llvm.clang.1_0.compiler (in target 'SF2Lib' from project 'SF2Lib')
CompileC /Users/admin/builder/spi-builder-workspace/.derivedData/Build/Intermediates.noindex/SF2Lib.build/Debug-watchos/SF2Lib-t.build/Objects-normal/arm64_32/Stage.o /Users/admin/builder/spi-builder-workspace/.dependencies/checkouts/SF2Lib/Sources/SF2Lib/Render/Envelope/Stage.mm normal arm64_32 objective-c++ com.apple.compilers.llvm.clang.1_0.compiler (in target 'SF2Lib' from project 'SF2Lib')
CompileC /Users/admin/builder/spi-builder-workspace/.derivedData/Build/Intermediates.noindex/SF2Lib.build/Debug-watchos/SF2Lib-t.build/Objects-normal/arm64_32/Version.o /Users/admin/builder/spi-builder-workspace/.dependencies/checkouts/SF2Lib/Sources/SF2Lib/Entity/Version.mm normal arm64_32 objective-c++ com.apple.compilers.llvm.clang.1_0.compiler (in target 'SF2Lib' from project 'SF2Lib')
SwiftDriver SF2LibAU normal arm64 com.apple.xcode.tools.swift.compiler (in target 'SF2LibAU' from project 'SF2LibAU')
Building workspace SF2LibAU with scheme SF2LibAU
(5 failures)
BUILD FAILURE 6.4 watchOS