The Swift Package Index logo.Swift Package Index

Build Information

Failed to build AirAware, reference main (46a3fb), with Swift 6.4 for iOS using Xcode 27.0 on 17 Sep 2026 22:15:24 UTC.

Build Command

env DEVELOPER_DIR=/Applications/Xcode-27.0.0-Release.Candidate.app xcrun xcodebuild -IDEClonedSourcePackagesDirPathOverride=$PWD/.dependencies -skipMacroValidation -skipPackagePluginValidation -derivedDataPath $PWD/.derivedData build -scheme AirAware -destination generic/platform=iOS

Build Log

    cd /Users/admin/builder/spi-builder-workspace/AirAware.xcodeproj
    builtin-SwiftPerFileCompile UUManagerStateMonitor.swift
SwiftCompile normal arm64 /Users/admin/builder/spi-builder-workspace/.dependencies/checkouts/uuswiftbluetooth/UUSwiftBluetooth/Protocols/UUPeripheralScanner.swift (in target 'UUSwiftBluetooth' from project 'UUSwiftBluetooth')
    cd /Users/admin/builder/spi-builder-workspace/AirAware.xcodeproj
    builtin-SwiftPerFileCompile UUPeripheralScanner.swift
SwiftCompile normal arm64 /Users/admin/builder/spi-builder-workspace/.dependencies/checkouts/uuswiftbluetooth/UUSwiftBluetooth/Scanning/UUAdvertisement.swift (in target 'UUSwiftBluetooth' from project 'UUSwiftBluetooth')
    cd /Users/admin/builder/spi-builder-workspace/AirAware.xcodeproj
    builtin-SwiftPerFileCompile UUAdvertisement.swift
SwiftCompile normal arm64 /Users/admin/builder/spi-builder-workspace/.dependencies/checkouts/uuswiftbluetooth/UUSwiftBluetooth/Scanning/UUCoreBluetoothPeripheralScanner.swift (in target 'UUSwiftBluetooth' from project 'UUSwiftBluetooth')
    cd /Users/admin/builder/spi-builder-workspace/AirAware.xcodeproj
    builtin-SwiftPerFileCompile UUCoreBluetoothPeripheralScanner.swift
SwiftCompile normal arm64 /Users/admin/builder/spi-builder-workspace/.dependencies/checkouts/uuswiftbluetooth/UUSwiftBluetooth/Scanning/UUPeripheralScannerConfig.swift (in target 'UUSwiftBluetooth' from project 'UUSwiftBluetooth')
    cd /Users/admin/builder/spi-builder-workspace/AirAware.xcodeproj
    builtin-SwiftPerFileCompile UUPeripheralScannerConfig.swift
SwiftCompile normal arm64 Compiling\ UUPeripheralSession.swift,\ UUBluetoothSniffer.swift,\ UUCoreBluetooth+Constants.swift,\ UUCoreBluetooth.swift,\ UUDefaultProvider.swift /Users/admin/builder/spi-builder-workspace/.dependencies/checkouts/uuswiftbluetooth/UUSwiftBluetooth/Session/UUPeripheralSession.swift /Users/admin/builder/spi-builder-workspace/.dependencies/checkouts/uuswiftbluetooth/UUSwiftBluetooth/Sniffer/UUBluetoothSniffer.swift /Users/admin/builder/spi-builder-workspace/.dependencies/checkouts/uuswiftbluetooth/UUSwiftBluetooth/UUCoreBluetooth+Constants.swift /Users/admin/builder/spi-builder-workspace/.dependencies/checkouts/uuswiftbluetooth/UUSwiftBluetooth/UUCoreBluetooth.swift /Users/admin/builder/spi-builder-workspace/.dependencies/checkouts/uuswiftbluetooth/UUSwiftBluetooth/UUDefaultProvider.swift (in target 'UUSwiftBluetooth' from project 'UUSwiftBluetooth')
SwiftCompile normal arm64 /Users/admin/builder/spi-builder-workspace/.dependencies/checkouts/uuswiftbluetooth/UUSwiftBluetooth/Session/UUPeripheralSession.swift (in target 'UUSwiftBluetooth' from project 'UUSwiftBluetooth')
    cd /Users/admin/builder/spi-builder-workspace/AirAware.xcodeproj
    builtin-SwiftPerFileCompile UUPeripheralSession.swift
SwiftCompile normal arm64 /Users/admin/builder/spi-builder-workspace/.dependencies/checkouts/uuswiftbluetooth/UUSwiftBluetooth/Sniffer/UUBluetoothSniffer.swift (in target 'UUSwiftBluetooth' from project 'UUSwiftBluetooth')
    cd /Users/admin/builder/spi-builder-workspace/AirAware.xcodeproj
    builtin-SwiftPerFileCompile UUBluetoothSniffer.swift
SwiftCompile normal arm64 /Users/admin/builder/spi-builder-workspace/.dependencies/checkouts/uuswiftbluetooth/UUSwiftBluetooth/UUCoreBluetooth+Constants.swift (in target 'UUSwiftBluetooth' from project 'UUSwiftBluetooth')
    cd /Users/admin/builder/spi-builder-workspace/AirAware.xcodeproj
    builtin-SwiftPerFileCompile UUCoreBluetooth+Constants.swift
SwiftCompile normal arm64 /Users/admin/builder/spi-builder-workspace/.dependencies/checkouts/uuswiftbluetooth/UUSwiftBluetooth/UUCoreBluetooth.swift (in target 'UUSwiftBluetooth' from project 'UUSwiftBluetooth')
    cd /Users/admin/builder/spi-builder-workspace/AirAware.xcodeproj
    builtin-SwiftPerFileCompile UUCoreBluetooth.swift
SwiftCompile normal arm64 /Users/admin/builder/spi-builder-workspace/.dependencies/checkouts/uuswiftbluetooth/UUSwiftBluetooth/UUDefaultProvider.swift (in target 'UUSwiftBluetooth' from project 'UUSwiftBluetooth')
    cd /Users/admin/builder/spi-builder-workspace/AirAware.xcodeproj
    builtin-SwiftPerFileCompile UUDefaultProvider.swift
SwiftCompile normal arm64 Compiling\ UUCBAttribute.swift,\ UUCBCentralManager.swift,\ UUCBCharacteristic.swift,\ UUCBDescriptor.swift,\ UUCBL2CAPChannel.swift /Users/admin/builder/spi-builder-workspace/.dependencies/checkouts/uuswiftbluetooth/UUSwiftBluetooth/Protocols/UUCBAttribute.swift /Users/admin/builder/spi-builder-workspace/.dependencies/checkouts/uuswiftbluetooth/UUSwiftBluetooth/Protocols/UUCBCentralManager.swift /Users/admin/builder/spi-builder-workspace/.dependencies/checkouts/uuswiftbluetooth/UUSwiftBluetooth/Protocols/UUCBCharacteristic.swift /Users/admin/builder/spi-builder-workspace/.dependencies/checkouts/uuswiftbluetooth/UUSwiftBluetooth/Protocols/UUCBDescriptor.swift /Users/admin/builder/spi-builder-workspace/.dependencies/checkouts/uuswiftbluetooth/UUSwiftBluetooth/Protocols/UUCBL2CAPChannel.swift (in target 'UUSwiftBluetooth' from project 'UUSwiftBluetooth')
SwiftCompile normal arm64 /Users/admin/builder/spi-builder-workspace/.dependencies/checkouts/uuswiftbluetooth/UUSwiftBluetooth/Protocols/UUCBAttribute.swift (in target 'UUSwiftBluetooth' from project 'UUSwiftBluetooth')
    cd /Users/admin/builder/spi-builder-workspace/AirAware.xcodeproj
    builtin-SwiftPerFileCompile UUCBAttribute.swift
SwiftCompile normal arm64 /Users/admin/builder/spi-builder-workspace/.dependencies/checkouts/uuswiftbluetooth/UUSwiftBluetooth/Protocols/UUCBCentralManager.swift (in target 'UUSwiftBluetooth' from project 'UUSwiftBluetooth')
    cd /Users/admin/builder/spi-builder-workspace/AirAware.xcodeproj
    builtin-SwiftPerFileCompile UUCBCentralManager.swift
SwiftCompile normal arm64 /Users/admin/builder/spi-builder-workspace/.dependencies/checkouts/uuswiftbluetooth/UUSwiftBluetooth/Protocols/UUCBCharacteristic.swift (in target 'UUSwiftBluetooth' from project 'UUSwiftBluetooth')
    cd /Users/admin/builder/spi-builder-workspace/AirAware.xcodeproj
    builtin-SwiftPerFileCompile UUCBCharacteristic.swift
SwiftCompile normal arm64 /Users/admin/builder/spi-builder-workspace/.dependencies/checkouts/uuswiftbluetooth/UUSwiftBluetooth/Protocols/UUCBDescriptor.swift (in target 'UUSwiftBluetooth' from project 'UUSwiftBluetooth')
    cd /Users/admin/builder/spi-builder-workspace/AirAware.xcodeproj
    builtin-SwiftPerFileCompile UUCBDescriptor.swift
SwiftCompile normal arm64 /Users/admin/builder/spi-builder-workspace/.dependencies/checkouts/uuswiftbluetooth/UUSwiftBluetooth/Protocols/UUCBL2CAPChannel.swift (in target 'UUSwiftBluetooth' from project 'UUSwiftBluetooth')
    cd /Users/admin/builder/spi-builder-workspace/AirAware.xcodeproj
    builtin-SwiftPerFileCompile UUCBL2CAPChannel.swift
SwiftCompile normal arm64 Compiling\ UUPeripheralSessionConfiguration.swift,\ UUServiceRepresentation.swift,\ UUTypeAliases.swift,\ UUExportPeripheralOperation.swift,\ UUPeripheralOperation.swift /Users/admin/builder/spi-builder-workspace/.dependencies/checkouts/uuswiftbluetooth/UUSwiftBluetooth/Models/UUPeripheralSessionConfiguration.swift /Users/admin/builder/spi-builder-workspace/.dependencies/checkouts/uuswiftbluetooth/UUSwiftBluetooth/Models/UUServiceRepresentation.swift /Users/admin/builder/spi-builder-workspace/.dependencies/checkouts/uuswiftbluetooth/UUSwiftBluetooth/Models/UUTypeAliases.swift /Users/admin/builder/spi-builder-workspace/.dependencies/checkouts/uuswiftbluetooth/UUSwiftBluetooth/Operations/UUExportPeripheralOperation.swift /Users/admin/builder/spi-builder-workspace/.dependencies/checkouts/uuswiftbluetooth/UUSwiftBluetooth/Operations/UUPeripheralOperation.swift (in target 'UUSwiftBluetooth' from project 'UUSwiftBluetooth')
SwiftCompile normal arm64 /Users/admin/builder/spi-builder-workspace/.dependencies/checkouts/uuswiftbluetooth/UUSwiftBluetooth/Models/UUPeripheralSessionConfiguration.swift (in target 'UUSwiftBluetooth' from project 'UUSwiftBluetooth')
    cd /Users/admin/builder/spi-builder-workspace/AirAware.xcodeproj
    builtin-SwiftPerFileCompile UUPeripheralSessionConfiguration.swift
SwiftCompile normal arm64 /Users/admin/builder/spi-builder-workspace/.dependencies/checkouts/uuswiftbluetooth/UUSwiftBluetooth/Models/UUServiceRepresentation.swift (in target 'UUSwiftBluetooth' from project 'UUSwiftBluetooth')
    cd /Users/admin/builder/spi-builder-workspace/AirAware.xcodeproj
    builtin-SwiftPerFileCompile UUServiceRepresentation.swift
SwiftCompile normal arm64 /Users/admin/builder/spi-builder-workspace/.dependencies/checkouts/uuswiftbluetooth/UUSwiftBluetooth/Models/UUTypeAliases.swift (in target 'UUSwiftBluetooth' from project 'UUSwiftBluetooth')
    cd /Users/admin/builder/spi-builder-workspace/AirAware.xcodeproj
    builtin-SwiftPerFileCompile UUTypeAliases.swift
SwiftCompile normal arm64 /Users/admin/builder/spi-builder-workspace/.dependencies/checkouts/uuswiftbluetooth/UUSwiftBluetooth/Operations/UUExportPeripheralOperation.swift (in target 'UUSwiftBluetooth' from project 'UUSwiftBluetooth')
    cd /Users/admin/builder/spi-builder-workspace/AirAware.xcodeproj
    builtin-SwiftPerFileCompile UUExportPeripheralOperation.swift
SwiftCompile normal arm64 /Users/admin/builder/spi-builder-workspace/.dependencies/checkouts/uuswiftbluetooth/UUSwiftBluetooth/Operations/UUPeripheralOperation.swift (in target 'UUSwiftBluetooth' from project 'UUSwiftBluetooth')
    cd /Users/admin/builder/spi-builder-workspace/AirAware.xcodeproj
    builtin-SwiftPerFileCompile UUPeripheralOperation.swift
SwiftCompile normal arm64 Compiling\ Error+Ext.swift,\ UUL2CapChannel.swift,\ UUL2CapServer.swift,\ UUMockCBCentralManager.swift,\ UUMockCBPeripheral.swift /Users/admin/builder/spi-builder-workspace/.dependencies/checkouts/uuswiftbluetooth/UUSwiftBluetooth/Extensions/Error+Ext.swift /Users/admin/builder/spi-builder-workspace/.dependencies/checkouts/uuswiftbluetooth/UUSwiftBluetooth/L2Cap/UUL2CapChannel.swift /Users/admin/builder/spi-builder-workspace/.dependencies/checkouts/uuswiftbluetooth/UUSwiftBluetooth/L2Cap/UUL2CapServer.swift /Users/admin/builder/spi-builder-workspace/.dependencies/checkouts/uuswiftbluetooth/UUSwiftBluetooth/Mocks/UUMockCBCentralManager.swift /Users/admin/builder/spi-builder-workspace/.dependencies/checkouts/uuswiftbluetooth/UUSwiftBluetooth/Mocks/UUMockCBPeripheral.swift (in target 'UUSwiftBluetooth' from project 'UUSwiftBluetooth')
SwiftCompile normal arm64 /Users/admin/builder/spi-builder-workspace/.dependencies/checkouts/uuswiftbluetooth/UUSwiftBluetooth/Extensions/Error+Ext.swift (in target 'UUSwiftBluetooth' from project 'UUSwiftBluetooth')
    cd /Users/admin/builder/spi-builder-workspace/AirAware.xcodeproj
    builtin-SwiftPerFileCompile Error+Ext.swift
SwiftCompile normal arm64 /Users/admin/builder/spi-builder-workspace/.dependencies/checkouts/uuswiftbluetooth/UUSwiftBluetooth/L2Cap/UUL2CapChannel.swift (in target 'UUSwiftBluetooth' from project 'UUSwiftBluetooth')
    cd /Users/admin/builder/spi-builder-workspace/AirAware.xcodeproj
    builtin-SwiftPerFileCompile UUL2CapChannel.swift
SwiftCompile normal arm64 /Users/admin/builder/spi-builder-workspace/.dependencies/checkouts/uuswiftbluetooth/UUSwiftBluetooth/L2Cap/UUL2CapServer.swift (in target 'UUSwiftBluetooth' from project 'UUSwiftBluetooth')
    cd /Users/admin/builder/spi-builder-workspace/AirAware.xcodeproj
    builtin-SwiftPerFileCompile UUL2CapServer.swift
SwiftCompile normal arm64 /Users/admin/builder/spi-builder-workspace/.dependencies/checkouts/uuswiftbluetooth/UUSwiftBluetooth/Mocks/UUMockCBCentralManager.swift (in target 'UUSwiftBluetooth' from project 'UUSwiftBluetooth')
    cd /Users/admin/builder/spi-builder-workspace/AirAware.xcodeproj
    builtin-SwiftPerFileCompile UUMockCBCentralManager.swift
SwiftCompile normal arm64 /Users/admin/builder/spi-builder-workspace/.dependencies/checkouts/uuswiftbluetooth/UUSwiftBluetooth/Mocks/UUMockCBPeripheral.swift (in target 'UUSwiftBluetooth' from project 'UUSwiftBluetooth')
    cd /Users/admin/builder/spi-builder-workspace/AirAware.xcodeproj
    builtin-SwiftPerFileCompile UUMockCBPeripheral.swift
SwiftCompile normal arm64 Compiling\ CBCharacteristic+Ext.swift,\ CBCharacteristicProperties+Ext.swift,\ CBManagerState+Ext.swift,\ CBPeripheralState+Ext.swift,\ CBUUID+Ext.swift,\ DispatchQueue+Ext.swift /Users/admin/builder/spi-builder-workspace/.dependencies/checkouts/uuswiftbluetooth/UUSwiftBluetooth/Extensions/CBCharacteristic+Ext.swift /Users/admin/builder/spi-builder-workspace/.dependencies/checkouts/uuswiftbluetooth/UUSwiftBluetooth/Extensions/CBCharacteristicProperties+Ext.swift /Users/admin/builder/spi-builder-workspace/.dependencies/checkouts/uuswiftbluetooth/UUSwiftBluetooth/Extensions/CBManagerState+Ext.swift /Users/admin/builder/spi-builder-workspace/.dependencies/checkouts/uuswiftbluetooth/UUSwiftBluetooth/Extensions/CBPeripheralState+Ext.swift /Users/admin/builder/spi-builder-workspace/.dependencies/checkouts/uuswiftbluetooth/UUSwiftBluetooth/Extensions/CBUUID+Ext.swift /Users/admin/builder/spi-builder-workspace/.dependencies/checkouts/uuswiftbluetooth/UUSwiftBluetooth/Extensions/DispatchQueue+Ext.swift (in target 'UUSwiftBluetooth' from project 'UUSwiftBluetooth')
SwiftCompile normal arm64 /Users/admin/builder/spi-builder-workspace/.dependencies/checkouts/uuswiftbluetooth/UUSwiftBluetooth/Extensions/CBCharacteristic+Ext.swift (in target 'UUSwiftBluetooth' from project 'UUSwiftBluetooth')
    cd /Users/admin/builder/spi-builder-workspace/AirAware.xcodeproj
    builtin-SwiftPerFileCompile CBCharacteristic+Ext.swift
SwiftCompile normal arm64 /Users/admin/builder/spi-builder-workspace/.dependencies/checkouts/uuswiftbluetooth/UUSwiftBluetooth/Extensions/CBCharacteristicProperties+Ext.swift (in target 'UUSwiftBluetooth' from project 'UUSwiftBluetooth')
    cd /Users/admin/builder/spi-builder-workspace/AirAware.xcodeproj
    builtin-SwiftPerFileCompile CBCharacteristicProperties+Ext.swift
SwiftCompile normal arm64 /Users/admin/builder/spi-builder-workspace/.dependencies/checkouts/uuswiftbluetooth/UUSwiftBluetooth/Extensions/CBManagerState+Ext.swift (in target 'UUSwiftBluetooth' from project 'UUSwiftBluetooth')
    cd /Users/admin/builder/spi-builder-workspace/AirAware.xcodeproj
    builtin-SwiftPerFileCompile CBManagerState+Ext.swift
SwiftCompile normal arm64 /Users/admin/builder/spi-builder-workspace/.dependencies/checkouts/uuswiftbluetooth/UUSwiftBluetooth/Extensions/CBPeripheralState+Ext.swift (in target 'UUSwiftBluetooth' from project 'UUSwiftBluetooth')
    cd /Users/admin/builder/spi-builder-workspace/AirAware.xcodeproj
    builtin-SwiftPerFileCompile CBPeripheralState+Ext.swift
SwiftCompile normal arm64 /Users/admin/builder/spi-builder-workspace/.dependencies/checkouts/uuswiftbluetooth/UUSwiftBluetooth/Extensions/CBUUID+Ext.swift (in target 'UUSwiftBluetooth' from project 'UUSwiftBluetooth')
    cd /Users/admin/builder/spi-builder-workspace/AirAware.xcodeproj
    builtin-SwiftPerFileCompile CBUUID+Ext.swift
SwiftCompile normal arm64 /Users/admin/builder/spi-builder-workspace/.dependencies/checkouts/uuswiftbluetooth/UUSwiftBluetooth/Extensions/DispatchQueue+Ext.swift (in target 'UUSwiftBluetooth' from project 'UUSwiftBluetooth')
    cd /Users/admin/builder/spi-builder-workspace/AirAware.xcodeproj
    builtin-SwiftPerFileCompile DispatchQueue+Ext.swift
SwiftCompile normal arm64 Compiling\ UUCentralManager.swift,\ UUCentralManagerFactory.swift,\ UUCBPeripheralBlockDelegate.swift,\ UUCentralManagerDelegate.swift,\ UUCoreBluetoothErrorCode.swift,\ CBCentralManager+Ext.swift /Users/admin/builder/spi-builder-workspace/.dependencies/checkouts/uuswiftbluetooth/UUSwiftBluetooth/Central/UUCentralManager.swift /Users/admin/builder/spi-builder-workspace/.dependencies/checkouts/uuswiftbluetooth/UUSwiftBluetooth/Central/UUCentralManagerFactory.swift /Users/admin/builder/spi-builder-workspace/.dependencies/checkouts/uuswiftbluetooth/UUSwiftBluetooth/Delegates/UUCBPeripheralBlockDelegate.swift /Users/admin/builder/spi-builder-workspace/.dependencies/checkouts/uuswiftbluetooth/UUSwiftBluetooth/Delegates/UUCentralManagerDelegate.swift /Users/admin/builder/spi-builder-workspace/.dependencies/checkouts/uuswiftbluetooth/UUSwiftBluetooth/Enums/UUCoreBluetoothErrorCode.swift /Users/admin/builder/spi-builder-workspace/.dependencies/checkouts/uuswiftbluetooth/UUSwiftBluetooth/Extensions/CBCentralManager+Ext.swift (in target 'UUSwiftBluetooth' from project 'UUSwiftBluetooth')
SwiftCompile normal arm64 /Users/admin/builder/spi-builder-workspace/.dependencies/checkouts/uuswiftbluetooth/UUSwiftBluetooth/Central/UUCentralManager.swift (in target 'UUSwiftBluetooth' from project 'UUSwiftBluetooth')
    cd /Users/admin/builder/spi-builder-workspace/AirAware.xcodeproj
    builtin-SwiftPerFileCompile UUCentralManager.swift
SwiftCompile normal arm64 /Users/admin/builder/spi-builder-workspace/.dependencies/checkouts/uuswiftbluetooth/UUSwiftBluetooth/Central/UUCentralManagerFactory.swift (in target 'UUSwiftBluetooth' from project 'UUSwiftBluetooth')
    cd /Users/admin/builder/spi-builder-workspace/AirAware.xcodeproj
    builtin-SwiftPerFileCompile UUCentralManagerFactory.swift
SwiftCompile normal arm64 /Users/admin/builder/spi-builder-workspace/.dependencies/checkouts/uuswiftbluetooth/UUSwiftBluetooth/Delegates/UUCBPeripheralBlockDelegate.swift (in target 'UUSwiftBluetooth' from project 'UUSwiftBluetooth')
    cd /Users/admin/builder/spi-builder-workspace/AirAware.xcodeproj
    builtin-SwiftPerFileCompile UUCBPeripheralBlockDelegate.swift
SwiftCompile normal arm64 /Users/admin/builder/spi-builder-workspace/.dependencies/checkouts/uuswiftbluetooth/UUSwiftBluetooth/Delegates/UUCentralManagerDelegate.swift (in target 'UUSwiftBluetooth' from project 'UUSwiftBluetooth')
    cd /Users/admin/builder/spi-builder-workspace/AirAware.xcodeproj
    builtin-SwiftPerFileCompile UUCentralManagerDelegate.swift
SwiftCompile normal arm64 /Users/admin/builder/spi-builder-workspace/.dependencies/checkouts/uuswiftbluetooth/UUSwiftBluetooth/Enums/UUCoreBluetoothErrorCode.swift (in target 'UUSwiftBluetooth' from project 'UUSwiftBluetooth')
    cd /Users/admin/builder/spi-builder-workspace/AirAware.xcodeproj
    builtin-SwiftPerFileCompile UUCoreBluetoothErrorCode.swift
SwiftCompile normal arm64 /Users/admin/builder/spi-builder-workspace/.dependencies/checkouts/uuswiftbluetooth/UUSwiftBluetooth/Extensions/CBCentralManager+Ext.swift (in target 'UUSwiftBluetooth' from project 'UUSwiftBluetooth')
    cd /Users/admin/builder/spi-builder-workspace/AirAware.xcodeproj
    builtin-SwiftPerFileCompile CBCentralManager+Ext.swift
SwiftCompile normal arm64 Compiling\ UUPeripheral.swift,\ UUPeripheralFilter.swift,\ UUPeripheralSorting.swift,\ UUBluetooth.swift,\ UUBluetoothProvider.swift /Users/admin/builder/spi-builder-workspace/.dependencies/checkouts/uuswiftbluetooth/UUSwiftBluetooth/Peripheral/UUPeripheral.swift /Users/admin/builder/spi-builder-workspace/.dependencies/checkouts/uuswiftbluetooth/UUSwiftBluetooth/Peripheral/UUPeripheralFilter.swift /Users/admin/builder/spi-builder-workspace/.dependencies/checkouts/uuswiftbluetooth/UUSwiftBluetooth/Peripheral/UUPeripheralSorting.swift /Users/admin/builder/spi-builder-workspace/.dependencies/checkouts/uuswiftbluetooth/UUSwiftBluetooth/Protocols/UUBluetooth.swift /Users/admin/builder/spi-builder-workspace/.dependencies/checkouts/uuswiftbluetooth/UUSwiftBluetooth/Protocols/UUBluetoothProvider.swift (in target 'UUSwiftBluetooth' from project 'UUSwiftBluetooth')
SwiftCompile normal arm64 /Users/admin/builder/spi-builder-workspace/.dependencies/checkouts/uuswiftbluetooth/UUSwiftBluetooth/Peripheral/UUPeripheral.swift (in target 'UUSwiftBluetooth' from project 'UUSwiftBluetooth')
    cd /Users/admin/builder/spi-builder-workspace/AirAware.xcodeproj
    builtin-SwiftPerFileCompile UUPeripheral.swift
SwiftCompile normal arm64 /Users/admin/builder/spi-builder-workspace/.dependencies/checkouts/uuswiftbluetooth/UUSwiftBluetooth/Peripheral/UUPeripheralFilter.swift (in target 'UUSwiftBluetooth' from project 'UUSwiftBluetooth')
    cd /Users/admin/builder/spi-builder-workspace/AirAware.xcodeproj
    builtin-SwiftPerFileCompile UUPeripheralFilter.swift
SwiftCompile normal arm64 /Users/admin/builder/spi-builder-workspace/.dependencies/checkouts/uuswiftbluetooth/UUSwiftBluetooth/Peripheral/UUPeripheralSorting.swift (in target 'UUSwiftBluetooth' from project 'UUSwiftBluetooth')
    cd /Users/admin/builder/spi-builder-workspace/AirAware.xcodeproj
    builtin-SwiftPerFileCompile UUPeripheralSorting.swift
SwiftCompile normal arm64 /Users/admin/builder/spi-builder-workspace/.dependencies/checkouts/uuswiftbluetooth/UUSwiftBluetooth/Protocols/UUBluetooth.swift (in target 'UUSwiftBluetooth' from project 'UUSwiftBluetooth')
    cd /Users/admin/builder/spi-builder-workspace/AirAware.xcodeproj
    builtin-SwiftPerFileCompile UUBluetooth.swift
SwiftCompile normal arm64 /Users/admin/builder/spi-builder-workspace/.dependencies/checkouts/uuswiftbluetooth/UUSwiftBluetooth/Protocols/UUBluetoothProvider.swift (in target 'UUSwiftBluetooth' from project 'UUSwiftBluetooth')
    cd /Users/admin/builder/spi-builder-workspace/AirAware.xcodeproj
    builtin-SwiftPerFileCompile UUBluetoothProvider.swift
SwiftCompile normal arm64 Compiling\ UUMockCentralManager.swift,\ UUMockPeripheral.swift,\ UUCharacteristicRepresentation.swift,\ UUDescriptorRepresentation.swift,\ UUPeripheralRepresentation.swift /Users/admin/builder/spi-builder-workspace/.dependencies/checkouts/uuswiftbluetooth/UUSwiftBluetooth/Mocks/UUMockCentralManager.swift /Users/admin/builder/spi-builder-workspace/.dependencies/checkouts/uuswiftbluetooth/UUSwiftBluetooth/Mocks/UUMockPeripheral.swift /Users/admin/builder/spi-builder-workspace/.dependencies/checkouts/uuswiftbluetooth/UUSwiftBluetooth/Models/UUCharacteristicRepresentation.swift /Users/admin/builder/spi-builder-workspace/.dependencies/checkouts/uuswiftbluetooth/UUSwiftBluetooth/Models/UUDescriptorRepresentation.swift /Users/admin/builder/spi-builder-workspace/.dependencies/checkouts/uuswiftbluetooth/UUSwiftBluetooth/Models/UUPeripheralRepresentation.swift (in target 'UUSwiftBluetooth' from project 'UUSwiftBluetooth')
SwiftCompile normal arm64 /Users/admin/builder/spi-builder-workspace/.dependencies/checkouts/uuswiftbluetooth/UUSwiftBluetooth/Mocks/UUMockCentralManager.swift (in target 'UUSwiftBluetooth' from project 'UUSwiftBluetooth')
    cd /Users/admin/builder/spi-builder-workspace/AirAware.xcodeproj
    builtin-SwiftPerFileCompile UUMockCentralManager.swift
SwiftCompile normal arm64 /Users/admin/builder/spi-builder-workspace/.dependencies/checkouts/uuswiftbluetooth/UUSwiftBluetooth/Mocks/UUMockPeripheral.swift (in target 'UUSwiftBluetooth' from project 'UUSwiftBluetooth')
    cd /Users/admin/builder/spi-builder-workspace/AirAware.xcodeproj
    builtin-SwiftPerFileCompile UUMockPeripheral.swift
SwiftCompile normal arm64 /Users/admin/builder/spi-builder-workspace/.dependencies/checkouts/uuswiftbluetooth/UUSwiftBluetooth/Models/UUCharacteristicRepresentation.swift (in target 'UUSwiftBluetooth' from project 'UUSwiftBluetooth')
    cd /Users/admin/builder/spi-builder-workspace/AirAware.xcodeproj
    builtin-SwiftPerFileCompile UUCharacteristicRepresentation.swift
SwiftCompile normal arm64 /Users/admin/builder/spi-builder-workspace/.dependencies/checkouts/uuswiftbluetooth/UUSwiftBluetooth/Models/UUDescriptorRepresentation.swift (in target 'UUSwiftBluetooth' from project 'UUSwiftBluetooth')
    cd /Users/admin/builder/spi-builder-workspace/AirAware.xcodeproj
    builtin-SwiftPerFileCompile UUDescriptorRepresentation.swift
SwiftCompile normal arm64 /Users/admin/builder/spi-builder-workspace/.dependencies/checkouts/uuswiftbluetooth/UUSwiftBluetooth/Models/UUPeripheralRepresentation.swift (in target 'UUSwiftBluetooth' from project 'UUSwiftBluetooth')
    cd /Users/admin/builder/spi-builder-workspace/AirAware.xcodeproj
    builtin-SwiftPerFileCompile UUPeripheralRepresentation.swift
SwiftDriverJobDiscovery normal arm64 Emitting module for UUSwiftBluetooth (in target 'UUSwiftBluetooth' from project 'UUSwiftBluetooth')
SwiftDriver\ Compilation\ Requirements UUSwiftBluetooth normal arm64 com.apple.xcode.tools.swift.compiler (in target 'UUSwiftBluetooth' from project 'UUSwiftBluetooth')
    cd /Users/admin/builder/spi-builder-workspace/AirAware.xcodeproj
    builtin-Swift-Compilation-Requirements -- /Applications/Xcode-27.0.0-Release.Candidate.app/Contents/Developer/Toolchains/XcodeDefault.xctoolchain/usr/bin/swiftc -parse-as-library -module-name UUSwiftBluetooth -Onone @/Users/admin/builder/spi-builder-workspace/.derivedData/Build/Intermediates.noindex/UUSwiftBluetooth.build/Debug-iphoneos/UUSwiftBluetooth-t.build/Objects-normal/arm64/UUSwiftBluetooth.SwiftFileList -DSWIFT_PACKAGE -DDEBUG -DSWIFT_MODULE_RESOURCE_BUNDLE_UNAVAILABLE -DXcode -plugin-path /Applications/Xcode-27.0.0-Release.Candidate.app/Contents/Developer/Toolchains/XcodeDefault.xctoolchain/usr/lib/swift/host/plugins/testing -enable-experimental-feature DebugDescriptionMacro -sdk /Applications/Xcode-27.0.0-Release.Candidate.app/Contents/Developer/Platforms/iPhoneOS.platform/Developer/SDKs/iPhoneOS27.0.sdk -target arm64-apple-ios15.0 -g -module-cache-path /Users/admin/builder/spi-builder-workspace/.derivedData/ModuleCache.noindex -Xfrontend -serialize-debugging-options -enable-testing -suppress-warnings -index-store-path /Users/admin/builder/spi-builder-workspace/.derivedData/Index.noindex/DataStore -Xcc -D_LIBCPP_HARDENING_MODE\=_LIBCPP_HARDENING_MODE_DEBUG -swift-version 5 -I /Users/admin/builder/spi-builder-workspace/.derivedData/Build/Products/Debug-iphoneos -Isystem /Applications/Xcode-27.0.0-Release.Candidate.app/Contents/Developer/Platforms/iPhoneOS.platform/Developer/usr/lib -F /Users/admin/builder/spi-builder-workspace/.derivedData/Build/Products/Debug-iphoneos/PackageFrameworks -F /Users/admin/builder/spi-builder-workspace/.derivedData/Build/Products/Debug-iphoneos -F /Applications/Xcode-27.0.0-Release.Candidate.app/Contents/Developer/Platforms/iPhoneOS.platform/Developer/Library/Frameworks -F /Applications/Xcode-27.0.0-Release.Candidate.app/Contents/Developer/Platforms/iPhoneOS.platform/Developer/SDKs/iPhoneOS27.0.sdk/Developer/Library/Frameworks -c -j10 -enable-batch-mode -incremental -Xcc -ivfsstatcache -Xcc /Users/admin/builder/spi-builder-workspace/.derivedData/SDKStatCaches.noindex/iphoneos27.0-24A430-e829b21a6f8c9b70876ba0858053c04440ceaa042ed91876912b2eeea4e3aa14.sdkstatcache -output-file-map /Users/admin/builder/spi-builder-workspace/.derivedData/Build/Intermediates.noindex/UUSwiftBluetooth.build/Debug-iphoneos/UUSwiftBluetooth-t.build/Objects-normal/arm64/UUSwiftBluetooth-OutputFileMap.json -save-temps -no-color-diagnostics -explicit-module-build -module-cache-path /Users/admin/builder/spi-builder-workspace/.derivedData/Build/Intermediates.noindex/SwiftExplicitPrecompiledModules -clang-scanner-module-cache-path /Users/admin/builder/spi-builder-workspace/.derivedData/ModuleCache.noindex -sdk-module-cache-path /Users/admin/builder/spi-builder-workspace/.derivedData/SDKExplicitPrecompiledModules -emit-dependencies -emit-module -emit-module-path /Users/admin/builder/spi-builder-workspace/.derivedData/Build/Intermediates.noindex/UUSwiftBluetooth.build/Debug-iphoneos/UUSwiftBluetooth-t.build/Objects-normal/arm64/UUSwiftBluetooth.swiftmodule -serialize-diagnostics -dependency-scan-serialize-diagnostics-path /Users/admin/builder/spi-builder-workspace/.derivedData/Build/Intermediates.noindex/UUSwiftBluetooth.build/Debug-iphoneos/UUSwiftBluetooth-t.build/Objects-normal/arm64/UUSwiftBluetooth-dependency-scan.dia -validate-clang-modules-once -clang-build-session-file /Users/admin/builder/spi-builder-workspace/.derivedData/ModuleCache.noindex/Session.modulevalidation -Xcc -fmodules-prune-interval\=86400 -Xcc -fmodules-prune-after\=345600 -package-name uuswiftbluetooth -emit-const-values -const-gather-protocols-list /Users/admin/builder/spi-builder-workspace/.derivedData/Build/Intermediates.noindex/UUSwiftBluetooth.build/Debug-iphoneos/UUSwiftBluetooth-t.build/Objects-normal/arm64/UUSwiftBluetooth_const_extract_protocols.json -Xcc -I/Users/admin/builder/spi-builder-workspace/.derivedData/Build/Products/Debug-iphoneos/include -Xcc -I/Users/admin/builder/spi-builder-workspace/.derivedData/Build/Intermediates.noindex/UUSwiftBluetooth.build/Debug-iphoneos/UUSwiftBluetooth-t.build/DerivedSources-normal/arm64 -Xcc -I/Users/admin/builder/spi-builder-workspace/.derivedData/Build/Intermediates.noindex/UUSwiftBluetooth.build/Debug-iphoneos/UUSwiftBluetooth-t.build/DerivedSources/arm64 -Xcc -I/Users/admin/builder/spi-builder-workspace/.derivedData/Build/Intermediates.noindex/UUSwiftBluetooth.build/Debug-iphoneos/UUSwiftBluetooth-t.build/DerivedSources -Xcc -DSWIFT_PACKAGE -Xcc -DDEBUG\=1 -emit-objc-header -emit-objc-header-path /Users/admin/builder/spi-builder-workspace/.derivedData/Build/Intermediates.noindex/UUSwiftBluetooth.build/Debug-iphoneos/UUSwiftBluetooth-t.build/Objects-normal/arm64/UUSwiftBluetooth-Swift.h -working-directory /Users/admin/builder/spi-builder-workspace/AirAware.xcodeproj -experimental-emit-module-separately -disable-cmo
SwiftDriverJobDiscovery normal arm64 Compiling UUCBAttribute.swift, UUCBCentralManager.swift, UUCBCharacteristic.swift, UUCBDescriptor.swift, UUCBL2CAPChannel.swift (in target 'UUSwiftBluetooth' from project 'UUSwiftBluetooth')
SwiftDriverJobDiscovery normal arm64 Compiling UUCBManager.swift, UUCBPeer.swift, UUCBPeripheral.swift, UUCBPeripheralManager.swift, UUCBService.swift (in target 'UUSwiftBluetooth' from project 'UUSwiftBluetooth')
SwiftDriverJobDiscovery normal arm64 Compiling UUPeripheralSessionConfiguration.swift, UUServiceRepresentation.swift, UUTypeAliases.swift, UUExportPeripheralOperation.swift, UUPeripheralOperation.swift (in target 'UUSwiftBluetooth' from project 'UUSwiftBluetooth')
SwiftDriverJobDiscovery normal arm64 Compiling UUManagerStateMonitor.swift, UUPeripheralScanner.swift, UUAdvertisement.swift, UUCoreBluetoothPeripheralScanner.swift, UUPeripheralScannerConfig.swift (in target 'UUSwiftBluetooth' from project 'UUSwiftBluetooth')
SwiftDriverJobDiscovery normal arm64 Compiling CBCharacteristic+Ext.swift, CBCharacteristicProperties+Ext.swift, CBManagerState+Ext.swift, CBPeripheralState+Ext.swift, CBUUID+Ext.swift, DispatchQueue+Ext.swift (in target 'UUSwiftBluetooth' from project 'UUSwiftBluetooth')
SwiftMergeGeneratedHeaders /Users/admin/builder/spi-builder-workspace/.derivedData/Build/Intermediates.noindex/GeneratedModuleMaps-iphoneos/UUSwiftBluetooth-Swift.h /Users/admin/builder/spi-builder-workspace/.derivedData/Build/Intermediates.noindex/UUSwiftBluetooth.build/Debug-iphoneos/UUSwiftBluetooth-t.build/Objects-normal/arm64/UUSwiftBluetooth-Swift.h (in target 'UUSwiftBluetooth' from project 'UUSwiftBluetooth')
    cd /Users/admin/builder/spi-builder-workspace/.dependencies/checkouts/uuswiftbluetooth
    builtin-swiftHeaderTool -arch arm64 /Users/admin/builder/spi-builder-workspace/.derivedData/Build/Intermediates.noindex/UUSwiftBluetooth.build/Debug-iphoneos/UUSwiftBluetooth-t.build/Objects-normal/arm64/UUSwiftBluetooth-Swift.h -o /Users/admin/builder/spi-builder-workspace/.derivedData/Build/Intermediates.noindex/GeneratedModuleMaps-iphoneos/UUSwiftBluetooth-Swift.h
Copy /Users/admin/builder/spi-builder-workspace/.derivedData/Build/Products/Debug-iphoneos/UUSwiftBluetooth.swiftmodule/arm64-apple-ios.abi.json /Users/admin/builder/spi-builder-workspace/.derivedData/Build/Intermediates.noindex/UUSwiftBluetooth.build/Debug-iphoneos/UUSwiftBluetooth-t.build/Objects-normal/arm64/UUSwiftBluetooth.abi.json (in target 'UUSwiftBluetooth' from project 'UUSwiftBluetooth')
    cd /Users/admin/builder/spi-builder-workspace/.dependencies/checkouts/uuswiftbluetooth
    builtin-copy -exclude .DS_Store -exclude CVS -exclude .svn -exclude .git -exclude .hg -resolve-src-symlinks -rename /Users/admin/builder/spi-builder-workspace/.derivedData/Build/Intermediates.noindex/UUSwiftBluetooth.build/Debug-iphoneos/UUSwiftBluetooth-t.build/Objects-normal/arm64/UUSwiftBluetooth.abi.json /Users/admin/builder/spi-builder-workspace/.derivedData/Build/Products/Debug-iphoneos/UUSwiftBluetooth.swiftmodule/arm64-apple-ios.abi.json
Copy /Users/admin/builder/spi-builder-workspace/.derivedData/Build/Products/Debug-iphoneos/UUSwiftBluetooth.swiftmodule/Project/arm64-apple-ios.swiftsourceinfo /Users/admin/builder/spi-builder-workspace/.derivedData/Build/Intermediates.noindex/UUSwiftBluetooth.build/Debug-iphoneos/UUSwiftBluetooth-t.build/Objects-normal/arm64/UUSwiftBluetooth.swiftsourceinfo (in target 'UUSwiftBluetooth' from project 'UUSwiftBluetooth')
    cd /Users/admin/builder/spi-builder-workspace/.dependencies/checkouts/uuswiftbluetooth
    builtin-copy -exclude .DS_Store -exclude CVS -exclude .svn -exclude .git -exclude .hg -resolve-src-symlinks -rename /Users/admin/builder/spi-builder-workspace/.derivedData/Build/Intermediates.noindex/UUSwiftBluetooth.build/Debug-iphoneos/UUSwiftBluetooth-t.build/Objects-normal/arm64/UUSwiftBluetooth.swiftsourceinfo /Users/admin/builder/spi-builder-workspace/.derivedData/Build/Products/Debug-iphoneos/UUSwiftBluetooth.swiftmodule/Project/arm64-apple-ios.swiftsourceinfo
Copy /Users/admin/builder/spi-builder-workspace/.derivedData/Build/Products/Debug-iphoneos/UUSwiftBluetooth.swiftmodule/arm64-apple-ios.swiftdoc /Users/admin/builder/spi-builder-workspace/.derivedData/Build/Intermediates.noindex/UUSwiftBluetooth.build/Debug-iphoneos/UUSwiftBluetooth-t.build/Objects-normal/arm64/UUSwiftBluetooth.swiftdoc (in target 'UUSwiftBluetooth' from project 'UUSwiftBluetooth')
    cd /Users/admin/builder/spi-builder-workspace/.dependencies/checkouts/uuswiftbluetooth
    builtin-copy -exclude .DS_Store -exclude CVS -exclude .svn -exclude .git -exclude .hg -resolve-src-symlinks -rename /Users/admin/builder/spi-builder-workspace/.derivedData/Build/Intermediates.noindex/UUSwiftBluetooth.build/Debug-iphoneos/UUSwiftBluetooth-t.build/Objects-normal/arm64/UUSwiftBluetooth.swiftdoc /Users/admin/builder/spi-builder-workspace/.derivedData/Build/Products/Debug-iphoneos/UUSwiftBluetooth.swiftmodule/arm64-apple-ios.swiftdoc
Copy /Users/admin/builder/spi-builder-workspace/.derivedData/Build/Products/Debug-iphoneos/UUSwiftBluetooth.swiftmodule/arm64-apple-ios.swiftmodule /Users/admin/builder/spi-builder-workspace/.derivedData/Build/Intermediates.noindex/UUSwiftBluetooth.build/Debug-iphoneos/UUSwiftBluetooth-t.build/Objects-normal/arm64/UUSwiftBluetooth.swiftmodule (in target 'UUSwiftBluetooth' from project 'UUSwiftBluetooth')
    cd /Users/admin/builder/spi-builder-workspace/.dependencies/checkouts/uuswiftbluetooth
    builtin-copy -exclude .DS_Store -exclude CVS -exclude .svn -exclude .git -exclude .hg -resolve-src-symlinks -rename /Users/admin/builder/spi-builder-workspace/.derivedData/Build/Intermediates.noindex/UUSwiftBluetooth.build/Debug-iphoneos/UUSwiftBluetooth-t.build/Objects-normal/arm64/UUSwiftBluetooth.swiftmodule /Users/admin/builder/spi-builder-workspace/.derivedData/Build/Products/Debug-iphoneos/UUSwiftBluetooth.swiftmodule/arm64-apple-ios.swiftmodule
SwiftDriver AirAware normal arm64 com.apple.xcode.tools.swift.compiler (in target 'AirAware' from project 'AirAware')
    cd /Users/admin/builder/spi-builder-workspace
    builtin-SwiftDriver -- /Applications/Xcode-27.0.0-Release.Candidate.app/Contents/Developer/Toolchains/XcodeDefault.xctoolchain/usr/bin/swiftc -module-name AirAware -Onone @/Users/admin/builder/spi-builder-workspace/.derivedData/Build/Intermediates.noindex/AirAware.build/Debug-iphoneos/AirAware.build/Objects-normal/arm64/AirAware.SwiftFileList -DDEBUG -enable-bare-slash-regex -enable-experimental-feature DebugDescriptionMacro -sdk /Applications/Xcode-27.0.0-Release.Candidate.app/Contents/Developer/Platforms/iPhoneOS.platform/Developer/SDKs/iPhoneOS27.0.sdk -target arm64-apple-ios15.0 -g -module-cache-path /Users/admin/builder/spi-builder-workspace/.derivedData/ModuleCache.noindex -Xfrontend -serialize-debugging-options -enable-testing -index-store-path /Users/admin/builder/spi-builder-workspace/.derivedData/Index.noindex/DataStore -Xcc -D_LIBCPP_HARDENING_MODE\=_LIBCPP_HARDENING_MODE_DEBUG -swift-version 5 -I /Users/admin/builder/spi-builder-workspace/.derivedData/Build/Products/Debug-iphoneos -F /Users/admin/builder/spi-builder-workspace/.derivedData/Build/Products/Debug-iphoneos/PackageFrameworks -F /Users/admin/builder/spi-builder-workspace/.derivedData/Build/Products/Debug-iphoneos -emit-localized-strings -emit-localized-strings-path /Users/admin/builder/spi-builder-workspace/.derivedData/Build/Intermediates.noindex/AirAware.build/Debug-iphoneos/AirAware.build/Objects-normal/arm64 -c -j10 -enable-batch-mode -incremental -Xcc -ivfsstatcache -Xcc /Users/admin/builder/spi-builder-workspace/.derivedData/SDKStatCaches.noindex/iphoneos27.0-24A430-e829b21a6f8c9b70876ba0858053c04440ceaa042ed91876912b2eeea4e3aa14.sdkstatcache -output-file-map /Users/admin/builder/spi-builder-workspace/.derivedData/Build/Intermediates.noindex/AirAware.build/Debug-iphoneos/AirAware.build/Objects-normal/arm64/AirAware-OutputFileMap.json -save-temps -no-color-diagnostics -explicit-module-build -module-cache-path /Users/admin/builder/spi-builder-workspace/.derivedData/Build/Intermediates.noindex/SwiftExplicitPrecompiledModules -clang-scanner-module-cache-path /Users/admin/builder/spi-builder-workspace/.derivedData/ModuleCache.noindex -sdk-module-cache-path /Users/admin/builder/spi-builder-workspace/.derivedData/SDKExplicitPrecompiledModules -emit-dependencies -emit-module -emit-module-path /Users/admin/builder/spi-builder-workspace/.derivedData/Build/Intermediates.noindex/AirAware.build/Debug-iphoneos/AirAware.build/Objects-normal/arm64/AirAware.swiftmodule -serialize-diagnostics -dependency-scan-serialize-diagnostics-path /Users/admin/builder/spi-builder-workspace/.derivedData/Build/Intermediates.noindex/AirAware.build/Debug-iphoneos/AirAware.build/Objects-normal/arm64/AirAware-dependency-scan.dia -validate-clang-modules-once -clang-build-session-file /Users/admin/builder/spi-builder-workspace/.derivedData/ModuleCache.noindex/Session.modulevalidation -Xcc -fmodules-prune-interval\=86400 -Xcc -fmodules-prune-after\=345600 -emit-const-values -const-gather-protocols-list /Users/admin/builder/spi-builder-workspace/.derivedData/Build/Intermediates.noindex/AirAware.build/Debug-iphoneos/AirAware.build/Objects-normal/arm64/AirAware_const_extract_protocols.json -Xcc -iquote -Xcc /Users/admin/builder/spi-builder-workspace/.derivedData/Build/Intermediates.noindex/AirAware.build/Debug-iphoneos/AirAware.build/AirAware-generated-files.hmap -Xcc -I/Users/admin/builder/spi-builder-workspace/.derivedData/Build/Intermediates.noindex/AirAware.build/Debug-iphoneos/AirAware.build/AirAware-own-target-headers.hmap -Xcc -I/Users/admin/builder/spi-builder-workspace/.derivedData/Build/Intermediates.noindex/AirAware.build/Debug-iphoneos/AirAware.build/AirAware-all-non-framework-target-headers.hmap -Xcc -ivfsoverlay -Xcc /Users/admin/builder/spi-builder-workspace/.derivedData/Build/Intermediates.noindex/AirAware.build/Debug-iphoneos/AirAware-cc06e22d1578ba97232d1d6afebdbc39-VFS-iphoneos/all-product-headers.yaml -Xcc -iquote -Xcc /Users/admin/builder/spi-builder-workspace/.derivedData/Build/Intermediates.noindex/AirAware.build/Debug-iphoneos/AirAware.build/AirAware-project-headers.hmap -Xcc -I/Users/admin/builder/spi-builder-workspace/.derivedData/Build/Products/Debug-iphoneos/include -Xcc -I/Users/admin/builder/spi-builder-workspace/.derivedData/Build/Intermediates.noindex/AirAware.build/Debug-iphoneos/AirAware.build/DerivedSources-normal/arm64 -Xcc -I/Users/admin/builder/spi-builder-workspace/.derivedData/Build/Intermediates.noindex/AirAware.build/Debug-iphoneos/AirAware.build/DerivedSources/arm64 -Xcc -I/Users/admin/builder/spi-builder-workspace/.derivedData/Build/Intermediates.noindex/AirAware.build/Debug-iphoneos/AirAware.build/DerivedSources -Xcc -DDEBUG\=1 -emit-objc-header -emit-objc-header-path /Users/admin/builder/spi-builder-workspace/.derivedData/Build/Intermediates.noindex/AirAware.build/Debug-iphoneos/AirAware.build/Objects-normal/arm64/AirAware-Swift.h -import-underlying-module -Xcc -ivfsoverlay -Xcc /Users/admin/builder/spi-builder-workspace/.derivedData/Build/Intermediates.noindex/AirAware.build/Debug-iphoneos/AirAware.build/unextended-module-overlay.yaml -working-directory /Users/admin/builder/spi-builder-workspace -experimental-emit-module-separately -disable-cmo
SwiftDriverJobDiscovery normal arm64 Compiling UUPeripheral.swift, UUPeripheralFilter.swift, UUPeripheralSorting.swift, UUBluetooth.swift, UUBluetoothProvider.swift (in target 'UUSwiftBluetooth' from project 'UUSwiftBluetooth')
SwiftDriverJobDiscovery normal arm64 Compiling UUCentralManager.swift, UUCentralManagerFactory.swift, UUCBPeripheralBlockDelegate.swift, UUCentralManagerDelegate.swift, UUCoreBluetoothErrorCode.swift, CBCentralManager+Ext.swift (in target 'UUSwiftBluetooth' from project 'UUSwiftBluetooth')
SwiftDriverJobDiscovery normal arm64 Compiling UUPeripheralSession.swift, UUBluetoothSniffer.swift, UUCoreBluetooth+Constants.swift, UUCoreBluetooth.swift, UUDefaultProvider.swift (in target 'UUSwiftBluetooth' from project 'UUSwiftBluetooth')
SwiftDriverJobDiscovery normal arm64 Compiling Error+Ext.swift, UUL2CapChannel.swift, UUL2CapServer.swift, UUMockCBCentralManager.swift, UUMockCBPeripheral.swift (in target 'UUSwiftBluetooth' from project 'UUSwiftBluetooth')
SwiftDriverJobDiscovery normal arm64 Compiling UUMockCentralManager.swift, UUMockPeripheral.swift, UUCharacteristicRepresentation.swift, UUDescriptorRepresentation.swift, UUPeripheralRepresentation.swift (in target 'UUSwiftBluetooth' from project 'UUSwiftBluetooth')
SwiftDriver\ Compilation UUSwiftBluetooth normal arm64 com.apple.xcode.tools.swift.compiler (in target 'UUSwiftBluetooth' from project 'UUSwiftBluetooth')
    cd /Users/admin/builder/spi-builder-workspace/AirAware.xcodeproj
    builtin-Swift-Compilation -- /Applications/Xcode-27.0.0-Release.Candidate.app/Contents/Developer/Toolchains/XcodeDefault.xctoolchain/usr/bin/swiftc -parse-as-library -module-name UUSwiftBluetooth -Onone @/Users/admin/builder/spi-builder-workspace/.derivedData/Build/Intermediates.noindex/UUSwiftBluetooth.build/Debug-iphoneos/UUSwiftBluetooth-t.build/Objects-normal/arm64/UUSwiftBluetooth.SwiftFileList -DSWIFT_PACKAGE -DDEBUG -DSWIFT_MODULE_RESOURCE_BUNDLE_UNAVAILABLE -DXcode -plugin-path /Applications/Xcode-27.0.0-Release.Candidate.app/Contents/Developer/Toolchains/XcodeDefault.xctoolchain/usr/lib/swift/host/plugins/testing -enable-experimental-feature DebugDescriptionMacro -sdk /Applications/Xcode-27.0.0-Release.Candidate.app/Contents/Developer/Platforms/iPhoneOS.platform/Developer/SDKs/iPhoneOS27.0.sdk -target arm64-apple-ios15.0 -g -module-cache-path /Users/admin/builder/spi-builder-workspace/.derivedData/ModuleCache.noindex -Xfrontend -serialize-debugging-options -enable-testing -suppress-warnings -index-store-path /Users/admin/builder/spi-builder-workspace/.derivedData/Index.noindex/DataStore -Xcc -D_LIBCPP_HARDENING_MODE\=_LIBCPP_HARDENING_MODE_DEBUG -swift-version 5 -I /Users/admin/builder/spi-builder-workspace/.derivedData/Build/Products/Debug-iphoneos -Isystem /Applications/Xcode-27.0.0-Release.Candidate.app/Contents/Developer/Platforms/iPhoneOS.platform/Developer/usr/lib -F /Users/admin/builder/spi-builder-workspace/.derivedData/Build/Products/Debug-iphoneos/PackageFrameworks -F /Users/admin/builder/spi-builder-workspace/.derivedData/Build/Products/Debug-iphoneos -F /Applications/Xcode-27.0.0-Release.Candidate.app/Contents/Developer/Platforms/iPhoneOS.platform/Developer/Library/Frameworks -F /Applications/Xcode-27.0.0-Release.Candidate.app/Contents/Developer/Platforms/iPhoneOS.platform/Developer/SDKs/iPhoneOS27.0.sdk/Developer/Library/Frameworks -c -j10 -enable-batch-mode -incremental -Xcc -ivfsstatcache -Xcc /Users/admin/builder/spi-builder-workspace/.derivedData/SDKStatCaches.noindex/iphoneos27.0-24A430-e829b21a6f8c9b70876ba0858053c04440ceaa042ed91876912b2eeea4e3aa14.sdkstatcache -output-file-map /Users/admin/builder/spi-builder-workspace/.derivedData/Build/Intermediates.noindex/UUSwiftBluetooth.build/Debug-iphoneos/UUSwiftBluetooth-t.build/Objects-normal/arm64/UUSwiftBluetooth-OutputFileMap.json -save-temps -no-color-diagnostics -explicit-module-build -module-cache-path /Users/admin/builder/spi-builder-workspace/.derivedData/Build/Intermediates.noindex/SwiftExplicitPrecompiledModules -clang-scanner-module-cache-path /Users/admin/builder/spi-builder-workspace/.derivedData/ModuleCache.noindex -sdk-module-cache-path /Users/admin/builder/spi-builder-workspace/.derivedData/SDKExplicitPrecompiledModules -emit-dependencies -emit-module -emit-module-path /Users/admin/builder/spi-builder-workspace/.derivedData/Build/Intermediates.noindex/UUSwiftBluetooth.build/Debug-iphoneos/UUSwiftBluetooth-t.build/Objects-normal/arm64/UUSwiftBluetooth.swiftmodule -serialize-diagnostics -dependency-scan-serialize-diagnostics-path /Users/admin/builder/spi-builder-workspace/.derivedData/Build/Intermediates.noindex/UUSwiftBluetooth.build/Debug-iphoneos/UUSwiftBluetooth-t.build/Objects-normal/arm64/UUSwiftBluetooth-dependency-scan.dia -validate-clang-modules-once -clang-build-session-file /Users/admin/builder/spi-builder-workspace/.derivedData/ModuleCache.noindex/Session.modulevalidation -Xcc -fmodules-prune-interval\=86400 -Xcc -fmodules-prune-after\=345600 -package-name uuswiftbluetooth -emit-const-values -const-gather-protocols-list /Users/admin/builder/spi-builder-workspace/.derivedData/Build/Intermediates.noindex/UUSwiftBluetooth.build/Debug-iphoneos/UUSwiftBluetooth-t.build/Objects-normal/arm64/UUSwiftBluetooth_const_extract_protocols.json -Xcc -I/Users/admin/builder/spi-builder-workspace/.derivedData/Build/Products/Debug-iphoneos/include -Xcc -I/Users/admin/builder/spi-builder-workspace/.derivedData/Build/Intermediates.noindex/UUSwiftBluetooth.build/Debug-iphoneos/UUSwiftBluetooth-t.build/DerivedSources-normal/arm64 -Xcc -I/Users/admin/builder/spi-builder-workspace/.derivedData/Build/Intermediates.noindex/UUSwiftBluetooth.build/Debug-iphoneos/UUSwiftBluetooth-t.build/DerivedSources/arm64 -Xcc -I/Users/admin/builder/spi-builder-workspace/.derivedData/Build/Intermediates.noindex/UUSwiftBluetooth.build/Debug-iphoneos/UUSwiftBluetooth-t.build/DerivedSources -Xcc -DSWIFT_PACKAGE -Xcc -DDEBUG\=1 -emit-objc-header -emit-objc-header-path /Users/admin/builder/spi-builder-workspace/.derivedData/Build/Intermediates.noindex/UUSwiftBluetooth.build/Debug-iphoneos/UUSwiftBluetooth-t.build/Objects-normal/arm64/UUSwiftBluetooth-Swift.h -working-directory /Users/admin/builder/spi-builder-workspace/AirAware.xcodeproj -experimental-emit-module-separately -disable-cmo
Ld /Users/admin/builder/spi-builder-workspace/.derivedData/Build/Products/Debug-iphoneos/UUSwiftBluetooth.o normal (in target 'UUSwiftBluetooth' from project 'UUSwiftBluetooth')
    cd /Users/admin/builder/spi-builder-workspace/.dependencies/checkouts/uuswiftbluetooth
    /Applications/Xcode-27.0.0-Release.Candidate.app/Contents/Developer/Toolchains/XcodeDefault.xctoolchain/usr/bin/clang -Xlinker -reproducible -target arm64-apple-ios15.0 -r -isysroot /Applications/Xcode-27.0.0-Release.Candidate.app/Contents/Developer/Platforms/iPhoneOS.platform/Developer/SDKs/iPhoneOS27.0.sdk -O0 -w -Xlinker -no_warn_duplicate_libraries -F/Users/admin/builder/spi-builder-workspace/.derivedData/Build/Intermediates.noindex/EagerLinkingTBDs/Debug-iphoneos -F/Users/admin/builder/spi-builder-workspace/.derivedData/Build/Products/Debug-iphoneos/PackageFrameworks -F/Users/admin/builder/spi-builder-workspace/.derivedData/Build/Products/Debug-iphoneos -iframework /Applications/Xcode-27.0.0-Release.Candidate.app/Contents/Developer/Platforms/iPhoneOS.platform/Developer/Library/Frameworks -iframework /Applications/Xcode-27.0.0-Release.Candidate.app/Contents/Developer/Platforms/iPhoneOS.platform/Developer/SDKs/iPhoneOS27.0.sdk/Developer/Library/Frameworks -filelist /Users/admin/builder/spi-builder-workspace/.derivedData/Build/Intermediates.noindex/UUSwiftBluetooth.build/Debug-iphoneos/UUSwiftBluetooth-t.build/Objects-normal/arm64/UUSwiftBluetooth.LinkFileList -nostdlib -Xlinker -object_path_lto -Xlinker /Users/admin/builder/spi-builder-workspace/.derivedData/Build/Intermediates.noindex/UUSwiftBluetooth.build/Debug-iphoneos/UUSwiftBluetooth-t.build/Objects-normal/arm64/UUSwiftBluetooth_lto.o -Xlinker -no_deduplicate -Xlinker -dependency_info -Xlinker /Users/admin/builder/spi-builder-workspace/.derivedData/Build/Intermediates.noindex/UUSwiftBluetooth.build/Debug-iphoneos/UUSwiftBluetooth-t.build/Objects-normal/arm64/UUSwiftBluetooth_dependency_info.dat -fobjc-link-runtime -L/Applications/Xcode-27.0.0-Release.Candidate.app/Contents/Developer/Toolchains/XcodeDefault.xctoolchain/usr/lib/swift/iphoneos -L/usr/lib/swift -Xlinker -add_ast_path -Xlinker /Users/admin/builder/spi-builder-workspace/.derivedData/Build/Intermediates.noindex/UUSwiftBluetooth.build/Debug-iphoneos/UUSwiftBluetooth-t.build/Objects-normal/arm64/UUSwiftBluetooth.swiftmodule -o /Users/admin/builder/spi-builder-workspace/.derivedData/Build/Products/Debug-iphoneos/UUSwiftBluetooth.o
ExtractAppIntentsMetadata (in target 'UUSwiftBluetooth' from project 'UUSwiftBluetooth')
    cd /Users/admin/builder/spi-builder-workspace/.dependencies/checkouts/uuswiftbluetooth
    /Applications/Xcode-27.0.0-Release.Candidate.app/Contents/Developer/Toolchains/XcodeDefault.xctoolchain/usr/bin/appintentsmetadataprocessor --toolchain-dir /var/run/com.apple.security.cryptexd/mnt/com.apple.MobileAsset.MetalToolchain-v27.1.266.1.jTc4zx/Metal.xctoolchain --module-name UUSwiftBluetooth --sdk-root /Applications/Xcode-27.0.0-Release.Candidate.app/Contents/Developer/Platforms/iPhoneOS.platform/Developer/SDKs/iPhoneOS27.0.sdk --xcode-version 27A266a --platform-family iOS --deployment-target 15.0 --bundle-identifier uuswiftbluetooth.UUSwiftBluetooth --output /Users/admin/builder/spi-builder-workspace/.derivedData/Build/Products/Debug-iphoneos/UUSwiftBluetooth.appintents --target-triple arm64-apple-ios15.0 --binary-file /Users/admin/builder/spi-builder-workspace/.derivedData/Build/Products/Debug-iphoneos/UUSwiftBluetooth.o --dependency-file /Users/admin/builder/spi-builder-workspace/.derivedData/Build/Intermediates.noindex/UUSwiftBluetooth.build/Debug-iphoneos/UUSwiftBluetooth-t.build/Objects-normal/arm64/UUSwiftBluetooth_dependency_info.dat --stringsdata-file /Users/admin/builder/spi-builder-workspace/.derivedData/Build/Intermediates.noindex/UUSwiftBluetooth.build/Debug-iphoneos/UUSwiftBluetooth-t.build/Objects-normal/arm64/ExtractedAppShortcutsMetadata.stringsdata --source-file-list /Users/admin/builder/spi-builder-workspace/.derivedData/Build/Intermediates.noindex/UUSwiftBluetooth.build/Debug-iphoneos/UUSwiftBluetooth-t.build/Objects-normal/arm64/UUSwiftBluetooth.SwiftFileList --metadata-file-list /Users/admin/builder/spi-builder-workspace/.derivedData/Build/Intermediates.noindex/UUSwiftBluetooth.build/Debug-iphoneos/UUSwiftBluetooth-t.build/UUSwiftBluetooth.DependencyMetadataFileList --static-metadata-file-list /Users/admin/builder/spi-builder-workspace/.derivedData/Build/Intermediates.noindex/UUSwiftBluetooth.build/Debug-iphoneos/UUSwiftBluetooth-t.build/UUSwiftBluetooth.DependencyStaticMetadataFileList --swift-const-vals-list /Users/admin/builder/spi-builder-workspace/.derivedData/Build/Intermediates.noindex/UUSwiftBluetooth.build/Debug-iphoneos/UUSwiftBluetooth-t.build/Objects-normal/arm64/UUSwiftBluetooth.SwiftConstValuesFileList --force --compile-time-extraction --deployment-aware-processing --no-app-shortcuts-localization
2026-09-17 18:15:18.232 appintentsmetadataprocessor[898:5041] Starting appintentsmetadataprocessor export
2026-09-17 18:15:18.293 appintentsmetadataprocessor[898:5041] Extracted no relevant App Intents symbols, skipping writing output
SwiftExplicitDependencyGeneratePcm arm64 /Users/admin/builder/spi-builder-workspace/.derivedData/SDKExplicitPrecompiledModules/_Builtin_float-258OBSXP1I2NHD5TDKJSGIA.pcm
SwiftExplicitDependencyGeneratePcm arm64 /Users/admin/builder/spi-builder-workspace/.derivedData/SDKExplicitPrecompiledModules/DeveloperToolsSupport-EJL9UB9M236NETOFYVL12XDUE.pcm
SwiftExplicitDependencyGeneratePcm arm64 /Users/admin/builder/spi-builder-workspace/.derivedData/SDKExplicitPrecompiledModules/_SwiftConcurrencyShims-6FQSH1PRE68U6YMXWJRIBVCVX.pcm
SwiftExplicitDependencyGeneratePcm arm64 /Users/admin/builder/spi-builder-workspace/.derivedData/SDKExplicitPrecompiledModules/_Builtin_stdbool-DPEUTLUBAE4IDBRRHFQNDSM7W.pcm
SwiftExplicitDependencyGeneratePcm arm64 /Users/admin/builder/spi-builder-workspace/.derivedData/SDKExplicitPrecompiledModules/_AvailabilityInternal-13W4FRCFT0ZB98LJLQ5U1Z6R1.pcm
SwiftExplicitDependencyGeneratePcm arm64 /Users/admin/builder/spi-builder-workspace/.derivedData/SDKExplicitPrecompiledModules/ptrauth-XM7F43ONOAX279QOH09JG8K.pcm
SwiftExplicitDependencyGeneratePcm arm64 /Users/admin/builder/spi-builder-workspace/.derivedData/SDKExplicitPrecompiledModules/ptrcheck-CC3A6X769YUV59FVELY1ZR9G3.pcm
SwiftExplicitDependencyGeneratePcm arm64 /Users/admin/builder/spi-builder-workspace/.derivedData/SDKExplicitPrecompiledModules/SwiftShims-BZYA2CBULG3A54M2SA57655UU.pcm
SwiftExplicitDependencyGeneratePcm arm64 /Users/admin/builder/spi-builder-workspace/.derivedData/SDKExplicitPrecompiledModules/_Builtin_stddef-AKDO6CB5DDYCNZ2R4O3GTRRYS.pcm
SwiftExplicitDependencyGeneratePcm arm64 /Users/admin/builder/spi-builder-workspace/.derivedData/SDKExplicitPrecompiledModules/_Builtin_stdarg-2ETGNHHS4J3OL2F5UZWPDAXPZ.pcm
ProcessInfoPlistFile /Users/admin/builder/spi-builder-workspace/.derivedData/Build/Products/Debug-iphoneos/AirAware.framework/Info.plist /Users/admin/builder/spi-builder-workspace/.derivedData/Build/Intermediates.noindex/AirAware.build/Debug-iphoneos/AirAware.build/empty-AirAware.plist (in target 'AirAware' from project 'AirAware')
    cd /Users/admin/builder/spi-builder-workspace
    builtin-infoPlistUtility /Users/admin/builder/spi-builder-workspace/.derivedData/Build/Intermediates.noindex/AirAware.build/Debug-iphoneos/AirAware.build/empty-AirAware.plist -producttype com.apple.product-type.framework -expandbuildsettings -format binary -platform iphoneos -requiredArchitecture arm64 -o /Users/admin/builder/spi-builder-workspace/.derivedData/Build/Products/Debug-iphoneos/AirAware.framework/Info.plist
SwiftExplicitDependencyGeneratePcm arm64 /Users/admin/builder/spi-builder-workspace/.derivedData/SDKExplicitPrecompiledModules/_DarwinFoundation1-O1GYH9FOBH53TZSCI9UFRJ9W.pcm
SwiftExplicitDependencyGeneratePcm arm64 /Users/admin/builder/spi-builder-workspace/.derivedData/SDKExplicitPrecompiledModules/_Builtin_limits-A2NW2ITL3A5UNSZI2CRMCYBS6.pcm
SwiftExplicitDependencyGeneratePcm arm64 /Users/admin/builder/spi-builder-workspace/.derivedData/SDKExplicitPrecompiledModules/_DarwinFoundation2-3857ZP20O6KW3VVHVWSUQ5YAV.pcm
SwiftExplicitDependencyGeneratePcm arm64 /Users/admin/builder/spi-builder-workspace/.derivedData/SDKExplicitPrecompiledModules/sys_types-CYR91BBDZXIMDJ1BK23MUSYXG.pcm
SwiftExplicitDependencyGeneratePcm arm64 /Users/admin/builder/spi-builder-workspace/.derivedData/SDKExplicitPrecompiledModules/_Builtin_tgmath-D6GYXCANH7IBGM6KCZO590T8P.pcm
SwiftExplicitDependencyGeneratePcm arm64 /Users/admin/builder/spi-builder-workspace/.derivedData/SDKExplicitPrecompiledModules/_Builtin_stdint-64XZWKCV7AZTLXXV4SEMWV2HE.pcm
SwiftExplicitDependencyGeneratePcm arm64 /Users/admin/builder/spi-builder-workspace/.derivedData/SDKExplicitPrecompiledModules/string_h-9J5V40FO8XEQFEWH8DYKT0BEQ.pcm
SwiftExplicitDependencyGeneratePcm arm64 /Users/admin/builder/spi-builder-workspace/.derivedData/SDKExplicitPrecompiledModules/_Builtin_intrinsics-71NV40C532TO0Y15GUH815FN5.pcm
SwiftExplicitDependencyGeneratePcm arm64 /Users/admin/builder/spi-builder-workspace/.derivedData/SDKExplicitPrecompiledModules/_Builtin_stdatomic-BQA6JUDOXY2S92Q639Y9BLO9N.pcm
SwiftExplicitDependencyGeneratePcm arm64 /Users/admin/builder/spi-builder-workspace/.derivedData/SDKExplicitPrecompiledModules/_DarwinFoundation3-BRK8ZCFLJL7TUGG22GNGHM65F.pcm
SwiftExplicitDependencyGeneratePcm arm64 /Users/admin/builder/spi-builder-workspace/.derivedData/SDKExplicitPrecompiledModules/zlib-58495CZTKZVF49XCKU2E029MT.pcm
SwiftExplicitDependencyGeneratePcm arm64 /Users/admin/builder/spi-builder-workspace/.derivedData/SDKExplicitPrecompiledModules/_Builtin_inttypes-4QXM72IXKHMIZ566MYA5AYMJ7.pcm
SwiftExplicitDependencyGeneratePcm arm64 /Users/admin/builder/spi-builder-workspace/.derivedData/SDKExplicitPrecompiledModules/Darwin-EVHIH9DDAED9JSTVX8QCD955G.pcm
SwiftExplicitDependencyGeneratePcm arm64 /Users/admin/builder/spi-builder-workspace/.derivedData/SDKExplicitPrecompiledModules/simd-2Y4LPG4JYS4KBPRAJF5LY0N4C.pcm
SwiftExplicitDependencyGeneratePcm arm64 /Users/admin/builder/spi-builder-workspace/.derivedData/SDKExplicitPrecompiledModules/Compression-6XT30PXT0XXBIM1TTJR23WD6U.pcm
SwiftExplicitDependencyGeneratePcm arm64 /Users/admin/builder/spi-builder-workspace/.derivedData/SDKExplicitPrecompiledModules/ObjectiveC-AQV6QKLDZ5HDPZ56Y7D0V4NSC.pcm
SwiftExplicitDependencyGeneratePcm arm64 /Users/admin/builder/spi-builder-workspace/.derivedData/SDKExplicitPrecompiledModules/MachO-3RPXKLD6R4DPA0F7O92MG171M.pcm
SwiftExplicitDependencyGeneratePcm arm64 /Users/admin/builder/spi-builder-workspace/.derivedData/SDKExplicitPrecompiledModules/os_object-53YUGMZHNMV2EQLPAY7SB5EOL.pcm
SwiftExplicitDependencyGeneratePcm arm64 /Users/admin/builder/spi-builder-workspace/.derivedData/SDKExplicitPrecompiledModules/os_workgroup-4QA0RDXPJ5E9HDLAJM6UT95DM.pcm
SwiftExplicitDependencyGeneratePcm arm64 /Users/admin/builder/spi-builder-workspace/.derivedData/SDKExplicitPrecompiledModules/Spatial-2793FXPA6Z4ZPDRHTP6SG9SLJ.pcm
SwiftExplicitDependencyGeneratePcm arm64 /Users/admin/builder/spi-builder-workspace/.derivedData/SDKExplicitPrecompiledModules/Dispatch-6NEHI9YQ5TVQPK71BBQUMITSA.pcm
SwiftExplicitDependencyGeneratePcm arm64 /Users/admin/builder/spi-builder-workspace/.derivedData/SDKExplicitPrecompiledModules/CoreFoundation-DA4CT7NBPUF61AL56JBTZAAQW.pcm
SwiftExplicitDependencyGeneratePcm arm64 /Users/admin/builder/spi-builder-workspace/.derivedData/SDKExplicitPrecompiledModules/dnssd-45ETARZ7AU9WQJN7XVXBSEVCD.pcm
SwiftExplicitDependencyGeneratePcm arm64 /Users/admin/builder/spi-builder-workspace/.derivedData/SDKExplicitPrecompiledModules/XPC-1EG4WNDELZS7GSO4EFFSIKY2S.pcm
SwiftExplicitDependencyGeneratePcm arm64 /Users/admin/builder/spi-builder-workspace/.derivedData/SDKExplicitPrecompiledModules/os-CLENLRPE4LSBS35M7Q7S5M55O.pcm
SwiftExplicitDependencyGeneratePcm arm64 /Users/admin/builder/spi-builder-workspace/.derivedData/SDKExplicitPrecompiledModules/Security-6PAMH2KIIFJV56Y2STMCXS9X4.pcm
SwiftExplicitDependencyGeneratePcm arm64 /Users/admin/builder/spi-builder-workspace/.derivedData/SDKExplicitPrecompiledModules/CFNetwork-D3ZEO6NXKTDAVBXVTIMS31GQF.pcm
SwiftExplicitDependencyGeneratePcm arm64 /Users/admin/builder/spi-builder-workspace/.derivedData/SDKExplicitPrecompiledModules/CoreGraphics-DGRBSB6PV3CJMW3JFU1GJ41PF.pcm
SwiftExplicitDependencyGeneratePcm arm64 /Users/admin/builder/spi-builder-workspace/.derivedData/SDKExplicitPrecompiledModules/Foundation-9R2MZ2HXO4L3SX7HQR2XF7HC6.pcm
SwiftExplicitDependencyGeneratePcm arm64 /Users/admin/builder/spi-builder-workspace/.derivedData/SDKExplicitPrecompiledModules/ImageIO-DSCAK8XELDEJMCAXRD1K1YUAG.pcm
SwiftExplicitDependencyGeneratePcm arm64 /Users/admin/builder/spi-builder-workspace/.derivedData/SDKExplicitPrecompiledModules/CoreText-EZB4LGO176ZV6IMPTSX8K5UVE.pcm
SwiftExplicitDependencyGeneratePcm arm64 /Users/admin/builder/spi-builder-workspace/.derivedData/SDKExplicitPrecompiledModules/UIUtilities-9YSZQMWA2ZFGHBO6QM48Z99Q4.pcm
SwiftExplicitDependencyGeneratePcm arm64 /Users/admin/builder/spi-builder-workspace/.derivedData/Build/Intermediates.noindex/SwiftExplicitPrecompiledModules/AirAware-5UDX9SW2E6O5IMQDDKFK5WL4.pcm
SwiftExplicitDependencyGeneratePcm arm64 /Users/admin/builder/spi-builder-workspace/.derivedData/SDKExplicitPrecompiledModules/FileProvider-8D8KATJMEH6G3ZQX4NJYXVMFD.pcm
SwiftExplicitDependencyGeneratePcm arm64 /Users/admin/builder/spi-builder-workspace/.derivedData/SDKExplicitPrecompiledModules/UniformTypeIdentifiers-6A4M883NRV9POJCHYNMFPK6WB.pcm
SwiftExplicitDependencyGeneratePcm arm64 /Users/admin/builder/spi-builder-workspace/.derivedData/SDKExplicitPrecompiledModules/CoreData-786B91BDQGPA4UC1654ZIYMPM.pcm
SwiftExplicitDependencyGeneratePcm arm64 /Users/admin/builder/spi-builder-workspace/.derivedData/SDKExplicitPrecompiledModules/DataDetection-4T7J62VOLA84ECMCGMDWZKCH.pcm
SwiftExplicitDependencyGeneratePcm arm64 /Users/admin/builder/spi-builder-workspace/.derivedData/SDKExplicitPrecompiledModules/_LocationEssentials-23QTIB37YAZZX55A5ADWZNKKB.pcm
SwiftExplicitDependencyGeneratePcm arm64 /Users/admin/builder/spi-builder-workspace/.derivedData/SDKExplicitPrecompiledModules/CoreBluetooth-4I1RBBWUPTPYFNOVMQ5T7409I.pcm
SwiftExplicitDependencyGeneratePcm arm64 /Users/admin/builder/spi-builder-workspace/.derivedData/SDKExplicitPrecompiledModules/OSLog-C9TM9E8M31T6E90CFWTLCVGZX.pcm
SwiftExplicitDependencyGeneratePcm arm64 /Users/admin/builder/spi-builder-workspace/.derivedData/SDKExplicitPrecompiledModules/LocalAuthentication-1U7VX1S32GWJGHIGS4B38BRX9.pcm
SwiftExplicitDependencyGeneratePcm arm64 /Users/admin/builder/spi-builder-workspace/.derivedData/SDKExplicitPrecompiledModules/Accessibility-3IBBI96QI94XLI8EGCPLDS619.pcm
SwiftExplicitDependencyGeneratePcm arm64 /Users/admin/builder/spi-builder-workspace/.derivedData/SDKExplicitPrecompiledModules/IOSurface-5R5YFAS36MPKJI7ZCAVVW3669.pcm
SwiftExplicitDependencyGeneratePcm arm64 /Users/admin/builder/spi-builder-workspace/.derivedData/SDKExplicitPrecompiledModules/Symbols-5NF9GHT44QSOWURJVJDW0APN1.pcm
SwiftExplicitDependencyGeneratePcm arm64 /Users/admin/builder/spi-builder-workspace/.derivedData/SDKExplicitPrecompiledModules/UserNotifications-94GP64VRN6R87JCWU3D78NO54.pcm
SwiftExplicitDependencyGeneratePcm arm64 /Users/admin/builder/spi-builder-workspace/.derivedData/SDKExplicitPrecompiledModules/CoreLocation-2KXFNBNXM9UPDZ5QKKYVUIMNC.pcm
SwiftExplicitDependencyGeneratePcm arm64 /Users/admin/builder/spi-builder-workspace/.derivedData/SDKExplicitPrecompiledModules/Network-9WYV1Q8Y82KC25ZPWMSFH7VRW.pcm
SwiftExplicitDependencyGeneratePcm arm64 /Users/admin/builder/spi-builder-workspace/.derivedData/SDKExplicitPrecompiledModules/CoreTransferable-8413ZLC0A8QHL7UE94VCP917E.pcm
SwiftExplicitDependencyGeneratePcm arm64 /Users/admin/builder/spi-builder-workspace/.derivedData/SDKExplicitPrecompiledModules/OpenGLES-EX8PWG7N2R7JTT8TI7GWHBDVL.pcm
SwiftExplicitDependencyGeneratePcm arm64 /Users/admin/builder/spi-builder-workspace/.derivedData/SDKExplicitPrecompiledModules/Metal-BZ0PT8RNUMCTU28KFYQ9JOL8Y.pcm
SwiftExplicitDependencyGeneratePcm arm64 /Users/admin/builder/spi-builder-workspace/.derivedData/SDKExplicitPrecompiledModules/CoreMotion-8ONFVVJCDU2DTAOV5AY4N9SH2.pcm
SwiftExplicitDependencyGeneratePcm arm64 /Users/admin/builder/spi-builder-workspace/.derivedData/SDKExplicitPrecompiledModules/CoreVideo-60I5QBY3TKFKZIKYQVPGJAMST.pcm
SwiftExplicitDependencyGeneratePcm arm64 /Users/admin/builder/spi-builder-workspace/.derivedData/SDKExplicitPrecompiledModules/CoreImage-3VL4LT70CRBO4ODYE2BZ8TVMT.pcm
SwiftExplicitDependencyGeneratePcm arm64 /Users/admin/builder/spi-builder-workspace/.derivedData/SDKExplicitPrecompiledModules/QuartzCore-9MYLT2QBPYPQT2D3QZS8VOLND.pcm
SwiftExplicitDependencyGeneratePcm arm64 /Users/admin/builder/spi-builder-workspace/.derivedData/SDKExplicitPrecompiledModules/SwiftUICore-7N4XSS7YZCM0V8J6CGULA4M6.pcm
SwiftExplicitDependencyGeneratePcm arm64 /Users/admin/builder/spi-builder-workspace/.derivedData/SDKExplicitPrecompiledModules/UIKit-1538XFT3IXWXKF1BPHOE69WCE.pcm
SwiftExplicitDependencyGeneratePcm arm64 /Users/admin/builder/spi-builder-workspace/.derivedData/SDKExplicitPrecompiledModules/WebKit-EUQKRNQVZM6K6DJV9YMJ1SNM5.pcm
SwiftEmitModule normal arm64 Emitting\ module\ for\ AirAware (in target 'AirAware' from project 'AirAware')
SwiftCompile normal arm64 (in target 'AirAware' from project 'AirAware')
    cd /Users/admin/builder/spi-builder-workspace

SwiftCompile normal arm64 Compiling\ PurpleAirService+Routes.swift,\ AwairService.swift,\ AwareData+Conversions.swift /Users/admin/builder/spi-builder-workspace/AirAware/PurpleAirService+Routes.swift /Users/admin/builder/spi-builder-workspace/AirAware/AwairService.swift /Users/admin/builder/spi-builder-workspace/AirAware/AwareData+Conversions.swift (in target 'AirAware' from project 'AirAware')
SwiftCompile normal arm64 /Users/admin/builder/spi-builder-workspace/AirAware/PurpleAirService+Routes.swift (in target 'AirAware' from project 'AirAware')
    cd /Users/admin/builder/spi-builder-workspace
    builtin-SwiftPerFileCompile PurpleAirService+Routes.swift
SwiftCompile normal arm64 /Users/admin/builder/spi-builder-workspace/AirAware/AwairService.swift (in target 'AirAware' from project 'AirAware')
    cd /Users/admin/builder/spi-builder-workspace
    builtin-SwiftPerFileCompile AwairService.swift
SwiftCompile normal arm64 /Users/admin/builder/spi-builder-workspace/AirAware/AwareData+Conversions.swift (in target 'AirAware' from project 'AirAware')
    cd /Users/admin/builder/spi-builder-workspace
    builtin-SwiftPerFileCompile AwareData+Conversions.swift
SwiftCompile normal arm64 Compiling\ PurpleAirService.swift,\ AirNowService.swift /Users/admin/builder/spi-builder-workspace/AirAware/PurpleAirService.swift /Users/admin/builder/spi-builder-workspace/AirAware/AirNowService.swift (in target 'AirAware' from project 'AirAware')
SwiftCompile normal arm64 /Users/admin/builder/spi-builder-workspace/AirAware/PurpleAirService.swift (in target 'AirAware' from project 'AirAware')
    cd /Users/admin/builder/spi-builder-workspace
    builtin-SwiftPerFileCompile PurpleAirService.swift
SwiftCompile normal arm64 /Users/admin/builder/spi-builder-workspace/AirAware/AirNowService.swift (in target 'AirAware' from project 'AirAware')
    cd /Users/admin/builder/spi-builder-workspace
    builtin-SwiftPerFileCompile AirNowService.swift
SwiftCompile normal arm64 Compiling\ AirNowService+Authorization.swift,\ AirThingsBluetoothService.swift,\ AwairService+Routes.swift /Users/admin/builder/spi-builder-workspace/AirAware/AirNowService+Authorization.swift /Users/admin/builder/spi-builder-workspace/AirAware/AirThingsBluetoothService.swift /Users/admin/builder/spi-builder-workspace/AirAware/AwairService+Routes.swift (in target 'AirAware' from project 'AirAware')
/Users/admin/builder/spi-builder-workspace/AirAware/AirNowService+Authorization.swift:23:11: error: value of type 'UUHttpRequest' has no member 'bodyContentType'
 21 | 		let request = UUHttpRequest(url:path, method: .post)
 22 | 		let body = "username=\(username)&password=\(password)&exec=Login"
 23 | 		request.bodyContentType = "application/x-www-form-urlencoded"
    |           `- error: value of type 'UUHttpRequest' has no member 'bodyContentType'
 24 | 		request.body = body.data(using: .utf8)
 25 |
/Users/admin/builder/spi-builder-workspace/AirAware/AirNowService+Authorization.swift:24:16: error: cannot assign value of type 'Data?' to type 'UUHttpBody?'
 22 | 		let body = "username=\(username)&password=\(password)&exec=Login"
 23 | 		request.bodyContentType = "application/x-www-form-urlencoded"
 24 | 		request.body = body.data(using: .utf8)
    |                |- error: cannot assign value of type 'Data?' to type 'UUHttpBody?'
    |                `- note: arguments to generic parameter 'Wrapped' ('Data' and 'UUHttpBody') are expected to be equal
 25 |
 26 | 		_ = UUHttpSession.executeRequest(request, { response in
/Users/admin/builder/spi-builder-workspace/AirAware/AirNowService+Authorization.swift:26:21: error: type 'UUHttpSession' has no member 'executeRequest'
 24 | 		request.body = body.data(using: .utf8)
 25 |
 26 | 		_ = UUHttpSession.executeRequest(request, { response in
    |                     `- error: type 'UUHttpSession' has no member 'executeRequest'
 27 |
 28 | 			if let cookies = HTTPCookieStorage.shared.cookies {
/Users/admin/builder/spi-builder-workspace/AirAware/AirThingsBluetoothService.swift:73:36: error: extra arguments at positions #1, #2, #3, #4, #5 in call
 71 |
 72 | 	private func startScan(_ completion: @escaping ([AwareDevice]) -> Void) {
 73 | 		UUCentralManager.shared.startScan(serviceUuids: nil, allowDuplicates: false, peripheralFactory: nil, filters: nil) { peripheral in
    |                                    `- error: extra arguments at positions #1, #2, #3, #4, #5 in call
 74 |
 75 | 			if peripheral.name.contains("Airthings") {
UUSwiftBluetooth.UUCentralManager.startScan:2:13: note: 'startScan(config:advertisementHandler:willRestoreCallback:)' declared here
1 | class UUCentralManager {
2 | public func startScan(config: UUSwiftBluetooth.UUPeripheralScannerConfig, advertisementHandler: @escaping UUSwiftBluetooth.UUBluetoothAdvertisementBlock, willRestoreCallback: UUSwiftBluetooth.UUWillRestoreStateBlock? = nil)}
  |             `- note: 'startScan(config:advertisementHandler:willRestoreCallback:)' declared here
3 |
/Users/admin/builder/spi-builder-workspace/AirAware/AirThingsBluetoothService.swift:73:36: error: missing arguments for parameters 'config', 'advertisementHandler' in call
 71 |
 72 | 	private func startScan(_ completion: @escaping ([AwareDevice]) -> Void) {
 73 | 		UUCentralManager.shared.startScan(serviceUuids: nil, allowDuplicates: false, peripheralFactory: nil, filters: nil) { peripheral in
    |                                    `- error: missing arguments for parameters 'config', 'advertisementHandler' in call
 74 |
 75 | 			if peripheral.name.contains("Airthings") {
UUSwiftBluetooth.UUCentralManager.startScan:2:13: note: 'startScan(config:advertisementHandler:willRestoreCallback:)' declared here
1 | class UUCentralManager {
2 | public func startScan(config: UUSwiftBluetooth.UUPeripheralScannerConfig, advertisementHandler: @escaping UUSwiftBluetooth.UUBluetoothAdvertisementBlock, willRestoreCallback: UUSwiftBluetooth.UUWillRestoreStateBlock? = nil)}
  |             `- note: 'startScan(config:advertisementHandler:willRestoreCallback:)' declared here
3 |
/Users/admin/builder/spi-builder-workspace/AirAware/AirThingsBluetoothService.swift:73:51: error: 'nil' requires a contextual type
 71 |
 72 | 	private func startScan(_ completion: @escaping ([AwareDevice]) -> Void) {
 73 | 		UUCentralManager.shared.startScan(serviceUuids: nil, allowDuplicates: false, peripheralFactory: nil, filters: nil) { peripheral in
    |                                                   `- error: 'nil' requires a contextual type
 74 |
 75 | 			if peripheral.name.contains("Airthings") {
/Users/admin/builder/spi-builder-workspace/AirAware/AirThingsBluetoothService.swift:73:99: error: 'nil' requires a contextual type
 71 |
 72 | 	private func startScan(_ completion: @escaping ([AwareDevice]) -> Void) {
 73 | 		UUCentralManager.shared.startScan(serviceUuids: nil, allowDuplicates: false, peripheralFactory: nil, filters: nil) { peripheral in
    |                                                                                                   `- error: 'nil' requires a contextual type
 74 |
 75 | 			if peripheral.name.contains("Airthings") {
/Users/admin/builder/spi-builder-workspace/AirAware/AirThingsBluetoothService.swift:73:113: error: 'nil' requires a contextual type
 71 |
 72 | 	private func startScan(_ completion: @escaping ([AwareDevice]) -> Void) {
 73 | 		UUCentralManager.shared.startScan(serviceUuids: nil, allowDuplicates: false, peripheralFactory: nil, filters: nil) { peripheral in
    |                                                                                                                 `- error: 'nil' requires a contextual type
 74 |
 75 | 			if peripheral.name.contains("Airthings") {
/Users/admin/builder/spi-builder-workspace/AirAware/AirThingsBluetoothService.swift:96:24: error: contextual closure type '() -> Void' expects 0 arguments, but 1 was used in closure body
 94 |
 95 | 	private func discoverServices(_ peripheral : UUPeripheral, _ completion: @escaping (AwareData) -> Void) {
 96 | 		peripheral.connect { peripheral in
    |                        `- error: contextual closure type '() -> Void' expects 0 arguments, but 1 was used in closure body
 97 | 			peripheral.discoverServices { peripheral, error in
 98 | 				self.interrogateServices(peripheral, completion)
/Users/admin/builder/spi-builder-workspace/AirAware/AirThingsBluetoothService.swift:101:19: error: contextual closure type '((any Error)?) -> Void' expects 1 argument, but 2 were used in closure body
 99 | 			}
100 | 		}
101 | 		disconnected: { peripheral, error in
    |                   `- error: contextual closure type '((any Error)?) -> Void' expects 1 argument, but 2 were used in closure body
102 | 		}
103 | 	}
/Users/admin/builder/spi-builder-workspace/AirAware/AirThingsBluetoothService.swift:111:56: error: cannot convert value of type 'any UUCBService' to expected argument type 'CBService'
109 | 				let uuid : CBUUID = service.uuid
110 | 				if uuid.uuidString.lowercased().contains("123b93f75cba") {
111 | 					self.discoverCharacteristics(peripheral, service: service, completion: completion)
    |                                                        `- error: cannot convert value of type 'any UUCBService' to expected argument type 'CBService'
112 | 				}
113 | 			}
/Users/admin/builder/spi-builder-workspace/AirAware/AirThingsBluetoothService.swift:119:37: error: missing argument label 'characteristicUUIDs:' in call
117 | 	private func discoverCharacteristics(_ peripheral : UUPeripheral, service : CBService, completion: @escaping (AwareData) -> Void) {
118 |
119 | 		peripheral.discoverCharacteristics(nil, for: service) { peripheral, error in
    |                                     `- error: missing argument label 'characteristicUUIDs:' in call
120 |
121 | 			if let characteristic = self.findDataCharacteristic(peripheral) {
/Users/admin/builder/spi-builder-workspace/AirAware/AirThingsBluetoothService.swift:124:4: error: missing argument for parameter 'completion' in call
122 | 				self.readCharacteristicData(peripheral, characteristic: characteristic, completion: completion)
123 | 			}
124 | 		}
    |    `- error: missing argument for parameter 'completion' in call
125 | 	}
126 |
UUSwiftBluetooth.UUPeripheral.discoverCharacteristics:2:13: note: 'discoverCharacteristics(characteristicUUIDs:for:timeout:completion:)' declared here
1 | class UUPeripheral {
2 | public func discoverCharacteristics(characteristicUUIDs: [CBUUID]?, for service: any UUSwiftBluetooth.UUCBService, timeout: TimeInterval, completion: @escaping UUSwiftCore.UUListErrorBlock<any UUSwiftBluetooth.UUCBCharacteristic>)}
  |             `- note: 'discoverCharacteristics(characteristicUUIDs:for:timeout:completion:)' declared here
3 |
/Users/admin/builder/spi-builder-workspace/AirAware/AirThingsBluetoothService.swift:119:57: error: trailing closure passed to parameter of type 'TimeInterval' (aka 'Double') that does not accept a closure
117 | 	private func discoverCharacteristics(_ peripheral : UUPeripheral, service : CBService, completion: @escaping (AwareData) -> Void) {
118 |
119 | 		peripheral.discoverCharacteristics(nil, for: service) { peripheral, error in
    |                                                         `- error: trailing closure passed to parameter of type 'TimeInterval' (aka 'Double') that does not accept a closure
120 |
121 | 			if let characteristic = self.findDataCharacteristic(peripheral) {
UUSwiftBluetooth.UUPeripheral.discoverCharacteristics:2:13: note: 'discoverCharacteristics(characteristicUUIDs:for:timeout:completion:)' declared here
1 | class UUPeripheral {
2 | public func discoverCharacteristics(characteristicUUIDs: [CBUUID]?, for service: any UUSwiftBluetooth.UUCBService, timeout: TimeInterval, completion: @escaping UUSwiftCore.UUListErrorBlock<any UUSwiftBluetooth.UUCBCharacteristic>)}
  |             `- note: 'discoverCharacteristics(characteristicUUIDs:for:timeout:completion:)' declared here
3 |
/Users/admin/builder/spi-builder-workspace/AirAware/AirThingsBluetoothService.swift:129:29: error: argument type 'CBCharacteristic' does not conform to expected type 'UUCBDescriptor'
127 | 	private func readCharacteristicData(_ peripheral : UUPeripheral, characteristic : CBCharacteristic, completion: @escaping (AwareData) -> Void) {
128 |
129 | 		peripheral.readValue(for: characteristic) { peripheral, characte
SwiftCompile normal arm64 /Users/admin/builder/spi-builder-workspace/AirAware/AirNowService+Authorization.swift (in target 'AirAware' from project 'AirAware')
    cd /Users/admin/builder/spi-builder-workspace
    builtin-SwiftPerFileCompile AirNowService+Authorization.swift
SwiftCompile normal arm64 /Users/admin/builder/spi-builder-workspace/AirAware/AirThingsBluetoothService.swift (in target 'AirAware' from project 'AirAware')
    cd /Users/admin/builder/spi-builder-workspace
    builtin-SwiftPerFileCompile AirThingsBluetoothService.swift
SwiftCompile normal arm64 /Users/admin/builder/spi-builder-workspace/AirAware/AwairService+Routes.swift (in target 'AirAware' from project 'AirAware')
    cd /Users/admin/builder/spi-builder-workspace
    builtin-SwiftPerFileCompile AwairService+Routes.swift
ristic, error in
    |                             `- error: argument type 'CBCharacteristic' does not conform to expected type 'UUCBDescriptor'
130 |
131 | 			if let data = characteristic.value {
/Users/admin/builder/spi-builder-workspace/AirAware/AirThingsBluetoothService.swift:129:47: error: contextual closure type '(Any?, (any Error)?) -> Void' expects 2 arguments, but 3 were used in closure body
127 | 	private func readCharacteristicData(_ peripheral : UUPeripheral, characteristic : CBCharacteristic, completion: @escaping (AwareData) -> Void) {
128 |
129 | 		peripheral.readValue(for: characteristic) { peripheral, characteristic, error in
    |                                               `- error: contextual closure type '(Any?, (any Error)?) -> Void' expects 2 arguments, but 3 were used in closure body
130 |
131 | 			if let data = characteristic.value {
SwiftCompile normal arm64 Compiling\ WeatherFlow+Routes.swift,\ OpenWeatherService.swift /Users/admin/builder/spi-builder-workspace/AirAware/WeatherFlow+Routes.swift /Users/admin/builder/spi-builder-workspace/AirAware/OpenWeather/OpenWeatherService.swift (in target 'AirAware' from project 'AirAware')
SwiftCompile normal arm64 /Users/admin/builder/spi-builder-workspace/AirAware/WeatherFlow+Routes.swift (in target 'AirAware' from project 'AirAware')
    cd /Users/admin/builder/spi-builder-workspace
    builtin-SwiftPerFileCompile WeatherFlow+Routes.swift
SwiftCompile normal arm64 /Users/admin/builder/spi-builder-workspace/AirAware/OpenWeather/OpenWeatherService.swift (in target 'AirAware' from project 'AirAware')
    cd /Users/admin/builder/spi-builder-workspace
    builtin-SwiftPerFileCompile OpenWeatherService.swift
SwiftCompile normal arm64 Compiling\ AwareService.swift,\ OpenWeatherService+Fetch.swift,\ WeatherFlow+Fetch.swift /Users/admin/builder/spi-builder-workspace/AirAware/AwareService.swift /Users/admin/builder/spi-builder-workspace/AirAware/OpenWeather/OpenWeatherService+Fetch.swift /Users/admin/builder/spi-builder-workspace/AirAware/WeatherFlow+Fetch.swift (in target 'AirAware' from project 'AirAware')
/Users/admin/builder/spi-builder-workspace/AirAware/OpenWeather/OpenWeatherService+Fetch.swift:53:32: error: extra trailing closure passed in call
 51 | 		let path = OpenWeatherService.latestWeatherPath + "?lat=\(location.latitude)&lon=\(location.longitude)&units=imperial&appid=" + self.accessToken
 52 |
 53 | 		UUHttpSession.get(url: path) { response in
    |                                `- error: extra trailing closure passed in call
 54 | 			if let dictionary = response.parsedResponse as? [String : Any] {
 55 |
/Users/admin/builder/spi-builder-workspace/AirAware/WeatherFlow+Fetch.swift:17:32: error: extra trailing closure passed in call
15 | 		let path = WeatherFlowService.fetchStationsPath + "?token=" + WeatherFlowService.shared.accessToken
16 |
17 | 		UUHttpSession.get(url: path) { response in
   |                                `- error: extra trailing closure passed in call
18 |
19 | 			var devices : [AwareDevice] = []
/Users/admin/builder/spi-builder-workspace/AirAware/WeatherFlow+Fetch.swift:60:32: error: extra trailing closure passed in call
58 |
59 | 		let path = WeatherFlowService.latestDataPath(device)
60 | 		UUHttpSession.get(url: path) { response in
   |                                `- error: extra trailing closure passed in call
61 | 			if let dictionary = response.parsedResponse as? [String:Any],
62 | 			   let observationArray = dictionary["obs"] as? [[String:Any]],
Failed frontend command:
/Applications/Xcode-27.0.0-Release.Candidate.app/Contents/Developer/Toolchains/XcodeDefault.xctoolchain/usr/bin/swift-frontend -frontend -c /Users/admin/builder/spi-builder-workspace/AirAware/WeatherFlowService.swift /Users/admin/builder/spi-builder-workspace/AirAware/PurpleAirService+Fetch.swift /Users/admin/builder/spi-builder-workspace/AirAware/AirThingsService+Authorization.swift /Users/admin/builder/spi-builder-workspace/AirAware/AirNowService+Fetch.swift /Users/admin/builder/spi-builder-workspace/AirAware/AwareData.swift /Users/admin/builder/spi-builder-workspace/AirAware/AirNowService+Routes.swift /Users/admin/builder/spi-builder-workspace/AirAware/AwairService+Device.swift /Users/admin/builder/spi-builder-workspace/AirAware/AirThingsService.swift /Users/admin/builder/spi-builder-workspace/AirAware/AwairService+Authorization.swift /Users/admin/builder/spi-builder-workspace/AirAware/AirNowService+Authorization.swift /Users/admin/builder/spi-builder-workspace/AirAware/AirThingsBluetoothService.swift /Users/admin/builder/spi-builder-workspace/AirAware/AwairService+Routes.swift /Users/admin/builder/spi-builder-workspace/AirAware/AwairService+Fetch.swift /Users/admin/builder/spi-builder-workspace/AirAware/AwareDevice.swift /Users/admin/builder/spi-builder-workspace/AirAware/WeatherFlowService+Authorization.swift /Users/admin/builder/spi-builder-workspace/AirAware/PurpleAirService+Routes.swift /Users/admin/builder/spi-builder-workspace/AirAware/AwairService.swift /Users/admin/builder/spi-builder-workspace/AirAware/AwareData+Conversions.swift -primary-file /Users/admin/builder/spi-builder-workspace/AirAware/AwareService.swift -primary-file /Users/admin/builder/spi-builder-workspace/AirAware/OpenWeather/OpenWeatherService+Fetch.swift -primary-file /Users/admin/builder/spi-builder-workspace/AirAware/WeatherFlow+Fetch.swift /Users/admin/builder/spi-builder-workspace/AirAware/AirThings+Routes.swift /Users/admin/builder/spi-builder-workspace/AirAware/OpenWeather/OpenWeatherService+Routes.swift /Users/admin/builder/spi-builder-workspace/AirAware/AwareDataView.swift /Users/admin/builder/spi-builder-workspace/AirAware/WeatherFlow+Routes.swift /Users/admin/builder/spi-builder-workspace/AirAware/OpenWeather/OpenWeatherService.swift /Users/admin/builder/spi-builder-workspace/AirAware/PurpleAirService.swift /Users/admin/builder/spi-builder-workspace/AirAware/AirNowService.swift -supplementary-output-file-map /Users/admin/builder/spi-builder-workspace/.derivedData/Build/Intermediates.noindex/AirAware.build/Debug-iphoneos/AirAware.build/Objects-normal/arm64/supplementaryOutputs-37 -emit-localized-strings -emit-localized-strings-path /Users/admin/builder/spi-builder-workspace/.derivedData/Build/Intermediates.noindex/AirAware.build/Debug-iphoneos/AirAware.build/Objects-normal/arm64 -target arm64-apple-ios15.0 -disable-cross-import-overlay-search -swift-module-cross-import CoreLocation /Applications/Xcode-27.0.0-Release.Candidate.app/Contents/Developer/Platforms/iPhoneOS.platform/Developer/SDKs/iPhoneOS.sdk/System/Library/Frameworks/CoreLocation.framework/Modules/CoreLocation.swiftcrossimport/SwiftUI.swiftoverlay -swift-module-cross-import WebKit /Applications/Xcode-27.0.0-Release.Candidate.app/Contents/Developer/Platforms/iPhoneOS.platform/Developer/SDKs/iPhoneOS.sdk/System/Cryptexes/OS/System/Library/Frameworks/WebKit.framework/Modules/WebKit.swiftcrossimport/SwiftUI.swiftoverlay -swift-module-cross-import WebKit /Applications/Xcode-27.0.0-Release.Candidate.app/Contents/Developer/Platforms/iPhoneOS.platform/Developer/SDKs/iPhoneOS27.0.sdk/System/Library/Frameworks/WebKit.framework/Modules/WebKit.swiftcrossimport/SwiftUI.swiftoverlay -load-resolved-plugin /Applications/Xcode-27.0.0-Release.Candidate.app/Contents/Developer/Platforms/iPhoneOS.platform/Developer/usr/lib/swift/host/plugins/libFoundationMacros.dylib\#/Applications/Xcode-27.0.0-Release.Candidate.app/Contents/Developer/Platforms/iPhoneOS.platform/Developer/usr/bin/swift-plugin-server\#FoundationMacros -load-resolved-plugin /Applications/Xcode-27.0.0-Release.Candidate.app/Contents/Developer/Platforms/iPhoneOS.platform/Developer/usr/lib/swift/host/plugins/libObservationMacros.dylib\#/Applications/Xcode-27.0.0-Release.Candidate.app/Contents/Developer/Platforms/iPhoneOS.platform/Developer/usr/bin/swift-plugin-server\#ObservationMacros -load-resolved-plugin /Applications/Xcode-27.0.0-Release.Candidate.app/Contents/Developer/Platforms/iPhoneOS.platform/Developer/usr/lib/swift/host/plugins/libPreviewsMacros.dylib\#/Applications/Xcode-27.0.0-Release.Candidate.app/Contents/Developer/Platforms/iPhoneOS.platform/Developer/usr/bin/swift-plugin-server\#PreviewsMacros -load-resolved-plugin /Applications/Xcode-27.0.0-Release.Candidate.app/Contents/Developer/Platforms/iPhoneOS.platform/Developer/usr/lib/swift/host/plugins/libSwiftMacros.dylib\#/Applications/Xcode-27.0.0-Release.Candidate.app/Contents/Developer/Platforms/iPhoneOS.platform/Developer/usr/bin/swift-plugin-server\#SwiftMacros -load-resolved-plugin /Applications/Xcode-27.0.0-Release.Candidate.app/Contents/Developer/Platforms/iPhoneOS.platform/Developer/usr/lib/swift/host/plugins/libSwiftUIMacros.dylib\#/Applications/Xcode-27.0.0-Release.Candidate.app/Contents/Developer/Platforms/iPhoneOS.platform/Developer/usr/bin/swift-plugin-server\#SwiftUIMacros -disable-implicit-swift-modules -Xcc -fno-implicit-modules -Xcc -fno-implicit-module-maps -explicit-swift-module-map-file /Users/admin/builder/spi-builder-workspace/.derivedData/Build/Intermediates.noindex/AirAware.build/Debug-iphoneos/AirAware.build/Objects-normal/arm64/AirAware-dependencies-1.json -Xllvm -aarch64-use-tbi -enable-objc-interop -stack-check -sdk /Applications/Xcode-27.0.0-Release.Candidate.app/Contents/Developer/Platforms/iPhoneOS.platform/Developer/SDKs/iPhoneOS27.0.sdk -I /Users/admin/builder/spi-builder-workspace/.derivedData/Build/Products/Debug-iphoneos -F /Users/admin/builder/spi-builder-workspace/.derivedData/Build/Products/Debug-iphoneos/PackageFrameworks -F /Users/admin/builder/spi-builder-workspace/.derivedData/Build/Products/Debug-iphoneos -module-cache-path /Users/admin/builder/spi-builder-workspace/.derivedData/Build/Intermediates.noindex/SwiftExplicitPrecompiledModules -no-color-diagnostics -Xcc -fno-color-diagnostics -enable-testing -g -debug-info-format\=dwarf -dwarf-version\=4 -import-underlying-module -swift-version 5 -Onone -D DEBUG -serialize-debugging-options -enable-experimental-feature DebugDescriptionMacro -enable-bare-slash-regex -empty-abi-descriptor -validate-clang-modules-once -clang-build-session-file /Users/admin/builder/spi-builder-workspace/.derivedData/ModuleCache.noindex/Session.modulevalidation -Xcc -working-directory -Xcc /Users/admin/builder/spi-builder-workspace -enable-anonymous-context-mangled-names -file-compilation-dir /Users/admin/builder/spi-builder-workspace -Xcc -D_LIBCPP_HARDENING_MODE\=_LIBCPP_HARDENING_MODE_DEBUG -Xcc -ivfsstatcache -Xcc /Users/admin/builder/spi-builder-workspace/.derivedData/SDKStatCaches.noindex/iphoneos27.0-24A430-e829b21a6f8c9b70876ba0858053c04440ceaa042ed91876912b2eeea4e3aa14.sdkstatcache -Xcc -fmodules-prune-interval\=86400 -Xcc -fmodules-prune-after\=345600 -Xcc -iquote -Xcc /Users/admin/builder/spi-builder-workspace/.derivedData/Build/Intermediates.noindex/AirAware.build/Debug-iphoneos/AirAware.build/AirAware-generated-files.hmap -Xcc -I/Users/admin/builder/spi-builder-workspace/.derivedData/Build/Intermediates.noindex/AirAware.build/Debug-iphoneos/AirAware.build/AirAware-own-target-headers.hmap -Xcc -I/Users/admin/builder/spi-builder-workspace/.derivedData/Build/Intermediates.noindex/AirAware.build/Debug-iphoneos/AirAware.build/AirAware-all-non-framework-target-headers.hmap -Xcc -ivfsoverlay -Xcc /Users/admin/builder/spi-builder-workspace/.derivedData/Build/Intermediates.noindex/AirAware.build/Debug-iphoneos/AirAware-cc06e22d1578ba97232d1d6afebdbc39-VFS-iphoneos/all-product-headers.yaml -Xcc -iquote -Xcc /Users/admin/builder/spi-builder-workspace/.derivedData/Build/Intermediates.noindex/AirAware.build/Debug-iphoneos/AirAware.build/AirAware-project-headers.hmap -Xcc -I/Users/admin/builder/spi-builder-workspace/.derivedData/Build/Products/Debug-iphoneos/include -Xcc -I/Users/admin/builder/spi-builder-workspace/.derivedData/Build/Intermediates.noindex/AirAware.build/Debug-iphoneos/AirAware.build/DerivedSources-normal/arm64 -Xcc -I/Users/admin/builder/spi-builder-workspace/.derivedData/Build/Intermediates.noindex/AirAware.build/Debug-iphoneos/AirAware.build/DerivedSources/arm64 -Xcc -I/Users/admin/builder/spi-builder-workspace/.derivedData/Build/Intermediates.noindex/AirAware.build/Debug-iphoneos/AirAware.build/DerivedSources -Xcc -DDEBUG\=1 -Xcc -ivfsoverlay -Xcc /Users/admin/builder/spi-builder-workspace/.derivedData/Build/Intermediates.noindex/AirAware.build/Debug-iphoneos/AirAware.build/unextended-module-overlay.yaml -no-auto-bridging-header-chaining -module-name AirAware -const-gather-protocols-file /Users/admin/builder/spi-builder-workspace/.derivedData/Build/Intermediates.noindex/AirAware.build/Debug-iphoneos/AirAware.build/Objects-normal/arm64/AirAware_const_extract_protocols.json -disable-clang-spi -clang-target arm64-apple-ios27.0 -target-sdk-version 27.0 -target-sdk-name iphoneos27.0 -in-process-plugin-server-path /Applications/Xcode-27.0.0-Release.Candidate.app/Contents/Developer/Toolchains/XcodeDefault.xctoolchain/usr/lib/swift/host/libSwiftInProcPluginServer.dylib -o /Users/admin/builder/spi-builder-workspace/.derivedData/Build/Intermediates.noindex/AirAware.build/Debug-iphoneos/AirAware.build/Objects-normal/arm64/AwareService.o -o /Users/admin/builder/spi-builder-workspace/.derivedData/Build/Intermediates.noindex/AirAware.build/Debug-iphoneos/AirAware.build/Objects-normal/arm64/OpenWeatherService+Fetch.o -o /Users/admin/builder/spi-builder-workspace/.derivedData/Build/Intermediates.noindex/AirAware.build/Debug-iphoneos/AirAware.build/Objects-normal/arm64/WeatherFlow+Fetch.o -debug-module-path /Users/admin/builder/spi-builder-workspace/.derivedData/Build/Intermediates.noindex/AirAware.build/Debug-iphoneos/AirAware.build/Objects-normal/arm64/AirAware.swiftmodule -index-unit-output-path /AirAware.build/Debug-iphoneos/AirAware.build/Objects-normal/arm64/AwareService.o -index-unit-output-path /AirAware.build/Debug-iphoneos/AirAware.build/Objects-normal/arm64/OpenWeatherService+Fetch.o -index-unit-output-path /AirAware.build/Debug-iphoneos/AirAware.build/Objects-normal/arm64/WeatherFlow+Fetch.o -index-store-path /Users/admin/builder/spi-builder-workspace/.derivedData/Index.noindex/DataStore -index-system-modules
SwiftCompile normal arm64 /Users/admin/builder/spi-builder-workspace/AirAware/AwareService.swift (in target 'AirAware' from project 'AirAware')
    cd /Users/admin/builder/spi-builder-workspace
    builtin-SwiftPerFileCompile AwareService.swift
SwiftCompile normal arm64 /Users/admin/builder/spi-builder-workspace/AirAware/OpenWeather/OpenWeatherService+Fetch.swift (in target 'AirAware' from project 'AirAware')
    cd /Users/admin/builder/spi-builder-workspace
    builtin-SwiftPerFileCompile OpenWeatherService+Fetch.swift
SwiftCompile normal arm64 /Users/admin/builder/spi-builder-workspace/AirAware/WeatherFlow+Fetch.swift (in target 'AirAware' from project 'AirAware')
    cd /Users/admin/builder/spi-builder-workspace
    builtin-SwiftPerFileCompile WeatherFlow+Fetch.swift
SwiftCompile normal arm64 Compiling\ AwairService+Fetch.swift,\ AwareDevice.swift,\ WeatherFlowService+Authorization.swift /Users/admin/builder/spi-builder-workspace/AirAware/AwairService+Fetch.swift /Users/admin/builder/spi-builder-workspace/AirAware/AwareDevice.swift /Users/admin/builder/spi-builder-workspace/AirAware/WeatherFlowService+Authorization.swift (in target 'AirAware' from project 'AirAware')
SwiftCompile normal arm64 /Users/admin/builder/spi-builder-workspace/AirAware/AwairService+Fetch.swift (in target 'AirAware' from project 'AirAware')
    cd /Users/admin/builder/spi-builder-workspace
    builtin-SwiftPerFileCompile AwairService+Fetch.swift
SwiftCompile normal arm64 /Users/admin/builder/spi-builder-workspace/AirAware/AwareDevice.swift (in target 'AirAware' from project 'AirAware')
    cd /Users/admin/builder/spi-builder-workspace
    builtin-SwiftPerFileCompile AwareDevice.swift
SwiftCompile normal arm64 /Users/admin/builder/spi-builder-workspace/AirAware/WeatherFlowService+Authorization.swift (in target 'AirAware' from project 'AirAware')
    cd /Users/admin/builder/spi-builder-workspace
    builtin-SwiftPerFileCompile WeatherFlowService+Authorization.swift
/Users/admin/builder/spi-builder-workspace/AirAware/AwairService+Fetch.swift:27:14: error: cannot find type 'UUQueryStringArgs' in scope
 25 |
 26 | 		let path = AwairService.rawDataPath(device)
 27 | 		let args : UUQueryStringArgs = [
    |              `- error: cannot find type 'UUQueryStringArgs' in scope
 28 | 										 "fahrenheit" : device.fahrenheit,
 29 | 										 "from" : startString,
/Users/admin/builder/spi-builder-workspace/AirAware/AwairService+Fetch.swift:33:58: error: extra argument 'queryArguments' in call
 31 | 									   ]
 32 |
 33 | 		let request = UUHttpRequest(url: path, queryArguments: args)
    |                                                          `- error: extra argument 'queryArguments' in call
 34 | 		request.headerFields = ["Authorization" : "Bearer \(self.accessToken)"]
 35 |
/Users/admin/builder/spi-builder-workspace/AirAware/AwairService+Fetch.swift:36:21: error: type 'UUHttpSession' has no member 'executeRequest'
 34 | 		request.headerFields = ["Authorization" : "Bearer \(self.accessToken)"]
 35 |
 36 | 		_ = UUHttpSession.executeRequest(request, { response in
    |                     `- error: type 'UUHttpSession' has no member 'executeRequest'
 37 |
 38 | 			// If we need to refresh the auth token, then do that and then re-call this function...
/Users/admin/builder/spi-builder-workspace/AirAware/AwairService+Fetch.swift:67:14: error: cannot find type 'UUQueryStringArgs' in scope
 65 |
 66 | 		let path = AwairService.latestFiveMinuteAveragePath(device)
 67 | 		let args : UUQueryStringArgs = [
    |              `- error: cannot find type 'UUQueryStringArgs' in scope
 68 | 										 "fahrenheit" : device.fahrenheit,
 69 | 										 "limit" : 1
/Users/admin/builder/spi-builder-workspace/AirAware/AwairService+Fetch.swift:72:58: error: extra argument 'queryArguments' in call
 70 | 									   ]
 71 |
 72 | 		let request = UUHttpRequest(url: path, queryArguments: args)
    |                                                          `- error: extra argument 'queryArguments' in call
 73 | 		request.headerFields = ["Authorization" : "Bearer \(self.accessToken)"]
 74 |
/Users/admin/builder/spi-builder-workspace/AirAware/AwairService+Fetch.swift:75:21: error: type 'UUHttpSession' has no member 'executeRequest'
 73 | 		request.headerFields = ["Authorization" : "Bearer \(self.accessToken)"]
 74 |
 75 | 		_ = UUHttpSession.executeRequest(request, { response in
    |                     `- error: type 'UUHttpSession' has no member 'executeRequest'
 76 |
 77 | 			// If we need to refresh the auth token, then do that and then re-call this function...
/Users/admin/builder/spi-builder-workspace/AirAware/AwairService+Fetch.swift:102:21: error: type 'UUHttpSession' has no member 'executeRequest'
100 | 		request.headerFields = ["Authorization" : "Bearer \(self.accessToken)"]
101 |
102 | 		_ = UUHttpSession.executeRequest(request, { response in
    |                     `- error: type 'UUHttpSession' has no member 'executeRequest'
103 |
104 | 			// If we need to refresh the auth token, then do that and then re-call this function...
/Users/admin/builder/spi-builder-workspace/AirAware/AwairService+Fetch.swift:130:21: error: type 'UUHttpSession' has no member 'executeRequest'
128 | 		request.headerFields = ["Authorization" : "Bearer \(accessToken)"]
129 |
130 | 		_ = UUHttpSession.executeRequest(request, { response in
    |                     `- error: type 'UUHttpSession' has no member 'executeRequest'
131 |
132 | 			// If we need to refresh the auth token, then do that and then re-call this function...
/Users/admin/builder/spi-builder-workspace/AirAware/WeatherFlowService+Authorization.swift:57:11: error: value of type 'UUHttpRequest' has no member 'bodyContentType'
55 | 		let request = UUHttpRequest(url: WeatherFlowService.tokenExchangePath)
56 | 		request.httpMethod = .post
57 | 		request.bodyContentType = "application/x-www-form-urlencoded"
   |           `- error: value of type 'UUHttpRequest' has no member 'bodyContentType'
58 | 		request.body = bodyString.data(using: .utf8)
59 | 		_ = UUHttpSession.executeRequest(request) { response in
/Users/admin/builder/spi-builder-workspace/AirAware/WeatherFlowService+Authorization.swift:58:16: error: cannot assign value of type 'Data?' to type 'UUHttpBody?'
56 | 		request.httpMethod = .post
57 | 		request.bodyContentType = "application/x-www-form-urlencoded"
58 | 		request.body = bodyString.data(using: .utf8)
   |                |- error: cannot assign value of type 'Data?' to type 'UUHttpBody?'
   |                `- note: arguments to generic parameter 'Wrapped' ('Data' and 'UUHttpBody') are expected to be equal
59 | 		_ = UUHttpSession.executeRequest(request) { response in
60 |
SwiftCompile normal arm64 Compiling\ AirThings+Routes.swift,\ OpenWeatherService+Routes.swift,\ AwareDataView.swift /Users/admin/builder/spi-builder-workspace/AirAware/AirThings+Routes.swift /Users/admin/builder/spi-builder-workspace/AirAware/OpenWeather/OpenWeatherService+Routes.swift /Users/admin/builder/spi-builder-workspace/AirAware/AwareDataView.swift (in target 'AirAware' from project 'AirAware')
SwiftCompile normal arm64 /Users/admin/builder/spi-builder-workspace/AirAware/AirThings+Routes.swift (in target 'AirAware' from project 'AirAware')
    cd /Users/admin/builder/spi-builder-workspace
    builtin-SwiftPerFileCompile AirThings+Routes.swift
SwiftCompile normal arm64 /Users/admin/builder/spi-builder-workspace/AirAware/OpenWeather/OpenWeatherService+Routes.swift (in target 'AirAware' from project 'AirAware')
    cd /Users/admin/builder/spi-builder-workspace
    builtin-SwiftPerFileCompile OpenWeatherService+Routes.swift
SwiftCompile normal arm64 /Users/admin/builder/spi-builder-workspace/AirAware/AwareDataView.swift (in target 'AirAware' from project 'AirAware')
    cd /Users/admin/builder/spi-builder-workspace
    builtin-SwiftPerFileCompile AwareDataView.swift
SwiftCompile normal arm64 Compiling\ AwairService+Device.swift,\ AirThingsService.swift,\ AwairService+Authorization.swift /Users/admin/builder/spi-builder-workspace/AirAware/AwairService+Device.swift /Users/admin/builder/spi-builder-workspace/AirAware/AirThingsService.swift /Users/admin/builder/spi-builder-workspace/AirAware/AwairService+Authorization.swift (in target 'AirAware' from project 'AirAware')
SwiftCompile normal arm64 /Users/admin/builder/spi-builder-workspace/AirAware/AwairService+Device.swift (in target 'AirAware' from project 'AirAware')
    cd /Users/admin/builder/spi-builder-workspace
    builtin-SwiftPerFileCompile AwairService+Device.swift
SwiftCompile normal arm64 /Users/admin/builder/spi-builder-workspace/AirAware/AirThingsService.swift (in target 'AirAware' from project 'AirAware')
    cd /Users/admin/builder/spi-builder-workspace
    builtin-SwiftPerFileCompile AirThingsService.swift
SwiftCompile normal arm64 /Users/admin/builder/spi-builder-workspace/AirAware/AwairService+Authorization.swift (in target 'AirAware' from project 'AirAware')
    cd /Users/admin/builder/spi-builder-workspace
    builtin-SwiftPerFileCompile AwairService+Authorization.swift
/Users/admin/builder/spi-builder-workspace/AirAware/AwairService+Device.swift:18:21: error: type 'UUHttpSession' has no member 'executeRequest'
16 | 		request.headerFields = ["Authorization" : "Bearer \(AwairService.shared.accessToken)"]
17 |
18 | 		_ = UUHttpSession.executeRequest(request, { response in
   |                     `- error: type 'UUHttpSession' has no member 'executeRequest'
19 |
20 | 			// If we need to refresh the auth token, then do that and then re-call this function...
/Users/admin/builder/spi-builder-workspace/AirAware/AwairService+Device.swift:43:21: error: type 'UUHttpSession' has no member 'executeRequest'
41 | 		request.headerFields = ["Authorization" : "Bearer \(AwairService.shared.accessToken)"]
42 |
43 | 		_ = UUHttpSession.executeRequest(request, { response in
   |                     `- error: type 'UUHttpSession' has no member 'executeRequest'
44 |
45 | 			// If we need to refresh the auth token, then do that and then re-call this function...
/Users/admin/builder/spi-builder-workspace/AirAware/AwairService+Authorization.swift:69:11: error: value of type 'UUHttpRequest' has no member 'bodyContentType'
 67 | 		let request = UUHttpRequest(url: AwairService.tokenExchangePath)
 68 | 		request.httpMethod = .post
 69 | 		request.bodyContentType = "application/x-www-form-urlencoded"
    |           `- error: value of type 'UUHttpRequest' has no member 'bodyContentType'
 70 | 		request.body = bodyString.data(using: .utf8)
 71 |
/Users/admin/builder/spi-builder-workspace/AirAware/AwairService+Authorization.swift:70:16: error: cannot assign value of type 'Data?' to type 'UUHttpBody?'
 68 | 		request.httpMethod = .post
 69 | 		request.bodyContentType = "application/x-www-form-urlencoded"
 70 | 		request.body = bodyString.data(using: .utf8)
    |                |- error: cannot assign value of type 'Data?' to type 'UUHttpBody?'
    |                `- note: arguments to generic parameter 'Wrapped' ('Data' and 'UUHttpBody') are expected to be equal
 71 |
 72 | 		_ = UUHttpSession.executeRequest(request) { response in
/Users/admin/builder/spi-builder-workspace/AirAware/AwairService+Authorization.swift:72:21: error: type 'UUHttpSession' has no member 'executeRequest'
 70 | 		request.body = bodyString.data(using: .utf8)
 71 |
 72 | 		_ = UUHttpSession.executeRequest(request) { response in
    |                     `- error: type 'UUHttpSession' has no member 'executeRequest'
 73 |
 74 | 			var success = false
/Users/admin/builder/spi-builder-workspace/AirAware/AwairService+Authorization.swift:95:11: error: value of type 'UUHttpRequest' has no member 'bodyContentType'
 93 | 		let request = UUHttpRequest(url: AwairService.tokenExchangePath)
 94 | 		request.httpMethod = .post
 95 | 		request.bodyContentType = "application/x-www-form-urlencoded"
    |           `- error: value of type 'UUHttpRequest' has no member 'bodyContentType'
 96 | 		request.body = bodyString.data(using: .utf8)
 97 | 		_ = UUHttpSession.executeRequest(request) { response in
/Users/admin/builder/spi-builder-workspace/AirAware/AwairService+Authorization.swift:96:16: error: cannot assign value of type 'Data?' to type 'UUHttpBody?'
 94 | 		request.httpMethod = .post
 95 | 		request.bodyContentType = "application/x-www-form-urlencoded"
 96 | 		request.body = bodyString.data(using: .utf8)
    |                |- error: cannot assign value of type 'Data?' to type 'UUHttpBody?'
    |                `- note: arguments to generic parameter 'Wrapped' ('Data' and 'UUHttpBody') are expected to be equal
 97 | 		_ = UUHttpSession.executeRequest(request) { response in
 98 |
SwiftCompile normal arm64 Compiling\ AirNowService+Fetch.swift,\ AwareData.swift,\ AirNowService+Routes.swift /Users/admin/builder/spi-builder-workspace/AirAware/AirNowService+Fetch.swift /Users/admin/builder/spi-builder-workspace/AirAware/AwareData.swift /Users/admin/builder/spi-builder-workspace/AirAware/AirNowService+Routes.swift (in target 'AirAware' from project 'AirAware')
/Users/admin/builder/spi-builder-workspace/AirAware/AirNowService+Fetch.swift:56:32: error: extra trailing closure passed in call
 54 | 		let path = AirNowService.forecastPath + "?format=application/json&zipCode=\(zipcode)&date=\(dateString)&distance=\(distance)&API_KEY=\(self.accessToken)"
 55 |
 56 | 		UUHttpSession.get(url: path) { response in
    |                                `- error: extra trailing closure passed in call
 57 | 			if let array = response.parsedResponse as? [[String : Any]] {
 58 | 				var awareDictionary : [String : Any] = [:]
/Users/admin/builder/spi-builder-workspace/AirAware/AirNowService+Fetch.swift:76:32: error: extra trailing closure passed in call
 74 | 		let path = AirNowService.latestByLatLongPath + "?format=application/json&latitude=\(location.latitude)&longitude=\(location.longitude)&distance=\(distance)&API_KEY=\(self.accessToken)"
 75 |
 76 | 		UUHttpSession.get(url: path) { response in
    |                                `- error: extra trailing closure passed in call
 77 | 			if let array = response.parsedResponse as? [[String : Any]] {
 78 | 				var awareDictionary : [String : Any] = [:]
/Users/admin/builder/spi-builder-workspace/AirAware/AirNowService+Fetch.swift:96:32: error: extra trailing closure passed in call
 94 |
 95 | 		let path = AirNowService.latestByZipcodePath + "?format=application/json&zipCode=\(zipcode)&distance=25&API_KEY=\(self.accessToken)"
 96 | 		UUHttpSession.get(url: path) { response in
    |                                `- error: extra trailing closure passed in call
 97 | 			if let array = response.parsedResponse as? [[String : Any]] {
 98 | 				var awareDictionary : [String : Any] = [:]
Failed frontend command:
/Applications/Xcode-27.0.0-Release.Candidate.app/Contents/Developer/Toolchains/XcodeDefault.xctoolchain/usr/bin/swift-frontend -frontend -c /Users/admin/builder/spi-builder-workspace/AirAware/WeatherFlowService.swift /Users/admin/builder/spi-builder-workspace/AirAware/PurpleAirService+Fetch.swift /Users/admin/builder/spi-builder-workspace/AirAware/AirThingsService+Authorization.swift -primary-file /Users/admin/builder/spi-builder-workspace/AirAware/AirNowService+Fetch.swift -primary-file /Users/admin/builder/spi-builder-workspace/AirAware/AwareData.swift -primary-file /Users/admin/builder/spi-builder-workspace/AirAware/AirNowService+Routes.swift /Users/admin/builder/spi-builder-workspace/AirAware/AwairService+Device.swift /Users/admin/builder/spi-builder-workspace/AirAware/AirThingsService.swift /Users/admin/builder/spi-builder-workspace/AirAware/AwairService+Authorization.swift /Users/admin/builder/spi-builder-workspace/AirAware/AirNowService+Authorization.swift /Users/admin/builder/spi-builder-workspace/AirAware/AirThingsBluetoothService.swift /Users/admin/builder/spi-builder-workspace/AirAware/AwairService+Routes.swift /Users/admin/builder/spi-builder-workspace/AirAware/AwairService+Fetch.swift /Users/admin/builder/spi-builder-workspace/AirAware/AwareDevice.swift /Users/admin/builder/spi-builder-workspace/AirAware/WeatherFlowService+Authorization.swift /Users/admin/builder/spi-builder-workspace/AirAware/PurpleAirService+Routes.swift /Users/admin/builder/spi-builder-workspace/AirAware/AwairService.swift /Users/admin/builder/spi-builder-workspace/AirAware/AwareData+Conversions.swift /Users/admin/builder/spi-builder-workspace/AirAware/AwareService.swift /Users/admin/builder/spi-builder-workspace/AirAware/OpenWeather/OpenWeatherService+Fetch.swift /Users/admin/builder/spi-builder-workspace/AirAware/WeatherFlow+Fetch.swift /Users/admin/builder/spi-builder-workspace/AirAware/AirThings+Routes.swift /Users/admin/builder/spi-builder-workspace/AirAware/OpenWeather/OpenWeatherService+Routes.swift /Users/admin/builder/spi-builder-workspace/AirAware/AwareDataView.swift /Users/admin/builder/spi-builder-workspace/AirAware/WeatherFlow+Routes.swift /Users/admin/builder/spi-builder-workspace/AirAware/OpenWeather/OpenWeatherService.swift /Users/admin/builder/spi-builder-workspace/AirAware/PurpleAirService.swift /Users/admin/builder/spi-builder-workspace/AirAware/AirNowService.swift -supplementary-output-file-map /Users/admin/builder/spi-builder-workspace/.derivedData/Build/Intermediates.noindex/AirAware.build/Debug-iphoneos/AirAware.build/Objects-normal/arm64/supplementaryOutputs-32 -emit-localized-strings -emit-localized-strings-path /Users/admin/builder/spi-builder-workspace/.derivedData/Build/Intermediates.noindex/AirAware.build/Debug-iphoneos/AirAware.build/Objects-normal/arm64 -target arm64-apple-ios15.0 -disable-cross-import-overlay-search -swift-module-cross-import CoreLocation /Applications/Xcode-27.0.0-Release.Candidate.app/Contents/Developer/Platforms/iPhoneOS.platform/Developer/SDKs/iPhoneOS.sdk/System/Library/Frameworks/CoreLocation.framework/Modules/CoreLocation.swiftcrossimport/SwiftUI.swiftoverlay -swift-module-cross-import WebKit /Applications/Xcode-27.0.0-Release.Candidate.app/Contents/Developer/Platforms/iPhoneOS.platform/Developer/SDKs/iPhoneOS.sdk/System/Cryptexes/OS/System/Library/Frameworks/WebKit.framework/Modules/WebKit.swiftcrossimport/SwiftUI.swiftoverlay -swift-module-cross-import WebKit /Applications/Xcode-27.0.0-Release.Candidate.app/Contents/Developer/Platforms/iPhoneOS.platform/Developer/SDKs/iPhoneOS27.0.sdk/System/Library/Frameworks/WebKit.framework/Modules/WebKit.swiftcrossimport/SwiftUI.swiftoverlay -load-resolved-plugin /Applications/Xcode-27.0.0-Release.Candidate.app/Contents/Developer/Platforms/iPhoneOS.platform/Developer/usr/lib/swift/host/plugins/libFoundationMacros.dylib\#/Applications/Xcode-27.0.0-Release.Candidate.app/Contents/Developer/Platforms/iPhoneOS.platform/Developer/usr/bin/swift-plugin-server\#FoundationMacros -load-resolved-plugin /Applications/Xcode-27.0.0-Release.Candidate.app/Contents/Developer/Platforms/iPhoneOS.platform/Developer/usr/lib/swift/host/plugins/libObservationMacros.dylib\#/Applications/Xcode-27.0.0-Release.Candidate.app/Contents/Developer/Platforms/iPhoneOS.platform/Developer/usr/bin/swift-plugin-server\#ObservationMacros -load-resolved-plugin /Applications/Xcode-27.0.0-Release.Candidate.app/Contents/Developer/Platforms/iPhoneOS.platform/Developer/usr/lib/swift/host/plugins/libPreviewsMacros.dylib\#/Applications/Xcode-27.0.0-Release.Candidate.app/Contents/Developer/Platforms/iPhoneOS.platform/Developer/usr/bin/swift-plugin-server\#PreviewsMacros -load-resolved-plugin /Applications/Xcode-27.0.0-Release.Candidate.app/Contents/Developer/Platforms/iPhoneOS.platform/Developer/usr/lib/swift/host/plugins/libSwiftMacros.dylib\#/Applications/Xcode-27.0.0-Release.Candidate.app/Contents/Developer/Platforms/iPhoneOS.platform/Developer/usr/bin/swift-plugin-server\#SwiftMacros -load-resolved-plugin /Applications/Xcode-27.0.0-Release.Candidate.app/Contents/Developer/Platforms/iPhoneOS.platform/Developer/usr/lib/swift/host/plugins/libSwiftUIMacros.dylib\#/Applications/Xcode-27.0.0-Release.Candidate.app/Contents/Developer/Platforms/iPhoneOS.platform/Developer/usr/bin/swift-plugin-server\#SwiftUIMacros -disable-implicit-swift-modules -Xcc -fno-implicit-modules -Xcc -fno-implicit-module-maps -explicit-swift-module-map-file /Users/admin/builder/spi-builder-workspace/.derivedData/Build/Intermediates.noindex/AirAware.build/Debug-iphoneos/AirAware.build/Objects-normal/arm64/AirAware-dependencies-1.json -Xllvm -aarch64-use-tbi -enable-objc-interop -stack-check -sdk /Applications/Xcode-27.0.0-Release.Candidate.app/Contents/Developer/Platforms/iPhoneOS.platform/Developer/SDKs/iPhoneOS27.0.sdk -I /Users/admin/builder/spi-builder-workspace/.derivedData/Build/Products/Debug-iphoneos -F /Users/admin/builder/spi-builder-workspace/.derivedData/Build/Products/Debug-iphoneos/PackageFrameworks -F /Users/admin/builder/spi-builder-workspace/.derivedData/Build/Products/Debug-iphoneos -module-cache-path /Users/admin/builder/spi-builder-workspace/.derivedData/Build/Intermediates.noindex/SwiftExplicitPrecompiledModules -no-color-diagnostics -Xcc -fno-color-diagnostics -enable-testing -g -debug-info-format\=dwarf -dwarf-version\=4 -import-underlying-module -swift-version 5 -Onone -D DEBUG -serialize-debugging-options -enable-experimental-feature DebugDescriptionMacro -enable-bare-slash-regex -empty-abi-descriptor -validate-clang-modules-once -clang-build-session-file /Users/admin/builder/spi-builder-workspace/.derivedData/ModuleCache.noindex/Session.modulevalidation -Xcc -working-directory -Xcc /Users/admin/builder/spi-builder-workspace -enable-anonymous-context-mangled-names -file-compilation-dir /Users/admin/builder/spi-builder-workspace -Xcc -D_LIBCPP_HARDENING_MODE\=_LIBCPP_HARDENING_MODE_DEBUG -Xcc -ivfsstatcache -Xcc /Users/admin/builder/spi-builder-workspace/.derivedData/SDKStatCaches.noindex/iphoneos27.0-24A430-e829b21a6f8c9b70876ba0858053c04440ceaa042ed91876912b2eeea4e3aa14.sdkstatcache -Xcc -fmodules-prune-interval\=86400 -Xcc -fmodules-prune-after\=345600 -Xcc -iquote -Xcc /Users/admin/builder/spi-builder-workspace/.derivedData/Build/Intermediates.noindex/AirAware.build/Debug-iphoneos/AirAware.build/AirAware-generated-files.hmap -Xcc -I/Users/admin/builder/spi-builder-workspace/.derivedData/Build/Intermediates.noindex/AirAware.build/Debug-iphoneos/AirAware.build/AirAware-own-target-headers.hmap -Xcc -I/Users/admin/builder/spi-builder-workspace/.derivedData/Build/Intermediates.noindex/AirAware.build/Debug-iphoneos/AirAware.build/AirAware-all-non-framework-target-headers.hmap -Xcc -ivfsoverlay -Xcc /Users/admin/builder/spi-builder-workspace/.derivedData/Build/Intermediates.noindex/AirAware.build/Debug-iphoneos/AirAware-cc06e22d1578ba97232d1d6afebdbc39-VFS-iphoneos/all-product-headers.yaml -Xcc -iquote -Xcc /Users/admin/builder/spi-builder-workspace/.derivedData/Build/Intermediates.noindex/AirAware.build/Debug-iphoneos/AirAware.build/AirAware-project-headers.hmap -Xcc -I/Users/admin/builder/spi-builder-workspace/.derivedData/Build/Products/Debug-iphoneos/include -Xcc -I/Users/admin/builder/spi-builder-workspace/.derivedData/Build/Intermediates.noindex/AirAware.build/Debug-iphoneos/AirAware.build/DerivedSources-normal/arm64 -Xcc -I/Users/admin/builder/spi-builder-workspace/.derivedData/Build/Intermediates.noindex/AirAware.build/Debug-iphoneos/AirAware.build/DerivedSources/arm64 -Xcc -I/Users/admin/builder/spi-builder-workspace/.derivedData/Build/Intermediates.noindex/AirAware.build/Debug-iphoneos/AirAware.build/DerivedSources -Xcc -DDEBUG\=1 -Xcc -ivfsoverlay -Xcc /Users/admin/builder/spi-builder-workspace/.derivedData/Build/Intermediates.noindex/AirAware.build/Debug-iphoneos/AirAware.build/unextended-module-overlay.yaml -no-auto-bridging-header-chaining -module-name AirAware -const-gather-protocols-file /Users/admin/builder/spi-builder-workspace/.derivedData/Build/Intermediates.noindex/AirAware.build/Debug-iphoneos/AirAware.build/Objects-normal/arm64/AirAware_const_extract_protocols.json -disable-clang-spi -clang-target arm64-apple-ios27.0 -target-sdk-version 27.0 -target-sdk-name iphoneos27.0 -in-process-plugin-server-path /Applications/Xcode-27.0.0-Release.Candidate.app/Contents/Developer/Toolchains/XcodeDefault.xctoolchain/usr/lib/swift/host/libSwiftInProcPluginServer.dylib -o /Users/admin/builder/spi-builder-workspace/.derivedData/Build/Intermediates.noindex/AirAware.build/Debug-iphoneos/AirAware.build/Objects-normal/arm64/AirNowService+Fetch.o -o /Users/admin/builder/spi-builder-workspace/.derivedData/Build/Intermediates.noindex/AirAware.build/Debug-iphoneos/AirAware.build/Objects-normal/arm64/AwareData.o -o /Users/admin/builder/spi-builder-workspace/.derivedData/Build/Intermediates.noindex/AirAware.build/Debug-iphoneos/AirAware.build/Objects-normal/arm64/AirNowService+Routes.o -debug-module-path /Users/admin/builder/spi-builder-workspace/.derivedData/Build/Intermediates.noindex/AirAware.build/Debug-iphoneos/AirAware.build/Objects-normal/arm64/AirAware.swiftmodule -index-unit-output-path /AirAware.build/Debug-iphoneos/AirAware.build/Objects-normal/arm64/AirNowService+Fetch.o -index-unit-output-path /AirAware.build/Debug-iphoneos/AirAware.build/Objects-normal/arm64/AwareData.o -index-unit-output-path /AirAware.build/Debug-iphoneos/AirAware.build/Objects-normal/arm64/AirNowService+Routes.o -index-store-path /Users/admin/builder/spi-builder-workspace/.derivedData/Index.noindex/DataStore -index-system-modules
SwiftCompile normal arm64 /Users/admin/builder/spi-builder-workspace/AirAware/AirNowService+Fetch.swift (in target 'AirAware' from project 'AirAware')
    cd /Users/admin/builder/spi-builder-workspace
    builtin-SwiftPerFileCompile AirNowService+Fetch.swift
SwiftCompile normal arm64 /Users/admin/builder/spi-builder-workspace/AirAware/AwareData.swift (in target 'AirAware' from project 'AirAware')
    cd /Users/admin/builder/spi-builder-workspace
    builtin-SwiftPerFileCompile AwareData.swift
SwiftCompile normal arm64 /Users/admin/builder/spi-builder-workspace/AirAware/AirNowService+Routes.swift (in target 'AirAware' from project 'AirAware')
    cd /Users/admin/builder/spi-builder-workspace
    builtin-SwiftPerFileCompile AirNowService+Routes.swift
SwiftCompile normal arm64 Compiling\ WeatherFlowService.swift,\ PurpleAirService+Fetch.swift,\ AirThingsService+Authorization.swift /Users/admin/builder/spi-builder-workspace/AirAware/WeatherFlowService.swift /Users/admin/builder/spi-builder-workspace/AirAware/PurpleAirService+Fetch.swift /Users/admin/builder/spi-builder-workspace/AirAware/AirThingsService+Authorization.swift (in target 'AirAware' from project 'AirAware')
/Users/admin/builder/spi-builder-workspace/AirAware/PurpleAirService+Fetch.swift:22:32: error: extra trailing closure passed in call
 20 | 		let path = PurpleAirService.deviceListPath()
 21 |
 22 | 		UUHttpSession.get(url: path) { response in
    |                                `- error: extra trailing closure passed in call
 23 |
 24 | 			var devices : [AwareDevice] = []
SwiftCompile normal arm64 /Users/admin/builder/spi-builder-workspace/AirAware/WeatherFlowService.swift (in target 'AirAware' from project 'AirAware')
    cd /Users/admin/builder/spi-builder-workspace
    builtin-SwiftPerFileCompile WeatherFlowService.swift
SwiftCompile normal arm64 /Users/admin/builder/spi-builder-workspace/AirAware/PurpleAirService+Fetch.swift (in target 'AirAware' from project 'AirAware')
    cd /Users/admin/builder/spi-builder-workspace
    builtin-SwiftPerFileCompile PurpleAirService+Fetch.swift
SwiftCompile normal arm64 /Users/admin/builder/spi-builder-workspace/AirAware/AirThingsService+Authorization.swift (in target 'AirAware' from project 'AirAware')
    cd /Users/admin/builder/spi-builder-workspace
    builtin-SwiftPerFileCompile AirThingsService+Authorization.swift
SwiftDriverJobDiscovery normal arm64 Emitting module for AirAware (in target 'AirAware' from project 'AirAware')
SwiftDriver\ Compilation\ Requirements AirAware normal arm64 com.apple.xcode.tools.swift.compiler (in target 'AirAware' from project 'AirAware')
    cd /Users/admin/builder/spi-builder-workspace
    builtin-Swift-Compilation-Requirements -- /Applications/Xcode-27.0.0-Release.Candidate.app/Contents/Developer/Toolchains/XcodeDefault.xctoolchain/usr/bin/swiftc -module-name AirAware -Onone @/Users/admin/builder/spi-builder-workspace/.derivedData/Build/Intermediates.noindex/AirAware.build/Debug-iphoneos/AirAware.build/Objects-normal/arm64/AirAware.SwiftFileList -DDEBUG -enable-bare-slash-regex -enable-experimental-feature DebugDescriptionMacro -sdk /Applications/Xcode-27.0.0-Release.Candidate.app/Contents/Developer/Platforms/iPhoneOS.platform/Developer/SDKs/iPhoneOS27.0.sdk -target arm64-apple-ios15.0 -g -module-cache-path /Users/admin/builder/spi-builder-workspace/.derivedData/ModuleCache.noindex -Xfrontend -serialize-debugging-options -enable-testing -index-store-path /Users/admin/builder/spi-builder-workspace/.derivedData/Index.noindex/DataStore -Xcc -D_LIBCPP_HARDENING_MODE\=_LIBCPP_HARDENING_MODE_DEBUG -swift-version 5 -I /Users/admin/builder/spi-builder-workspace/.derivedData/Build/Products/Debug-iphoneos -F /Users/admin/builder/spi-builder-workspace/.derivedData/Build/Products/Debug-iphoneos/PackageFrameworks -F /Users/admin/builder/spi-builder-workspace/.derivedData/Build/Products/Debug-iphoneos -emit-localized-strings -emit-localized-strings-path /Users/admin/builder/spi-builder-workspace/.derivedData/Build/Intermediates.noindex/AirAware.build/Debug-iphoneos/AirAware.build/Objects-normal/arm64 -c -j10 -enable-batch-mode -incremental -Xcc -ivfsstatcache -Xcc /Users/admin/builder/spi-builder-workspace/.derivedData/SDKStatCaches.noindex/iphoneos27.0-24A430-e829b21a6f8c9b70876ba0858053c04440ceaa042ed91876912b2eeea4e3aa14.sdkstatcache -output-file-map /Users/admin/builder/spi-builder-workspace/.derivedData/Build/Intermediates.noindex/AirAware.build/Debug-iphoneos/AirAware.build/Objects-normal/arm64/AirAware-OutputFileMap.json -save-temps -no-color-diagnostics -explicit-module-build -module-cache-path /Users/admin/builder/spi-builder-workspace/.derivedData/Build/Intermediates.noindex/SwiftExplicitPrecompiledModules -clang-scanner-module-cache-path /Users/admin/builder/spi-builder-workspace/.derivedData/ModuleCache.noindex -sdk-module-cache-path /Users/admin/builder/spi-builder-workspace/.derivedData/SDKExplicitPrecompiledModules -emit-dependencies -emit-module -emit-module-path /Users/admin/builder/spi-builder-workspace/.derivedData/Build/Intermediates.noindex/AirAware.build/Debug-iphoneos/AirAware.build/Objects-normal/arm64/AirAware.swiftmodule -serialize-diagnostics -dependency-scan-serialize-diagnostics-path /Users/admin/builder/spi-builder-workspace/.derivedData/Build/Intermediates.noindex/AirAware.build/Debug-iphoneos/AirAware.build/Objects-normal/arm64/AirAware-dependency-scan.dia -validate-clang-modules-once -clang-build-session-file /Users/admin/builder/spi-builder-workspace/.derivedData/ModuleCache.noindex/Session.modulevalidation -Xcc -fmodules-prune-interval\=86400 -Xcc -fmodules-prune-after\=345600 -emit-const-values -const-gather-protocols-list /Users/admin/builder/spi-builder-workspace/.derivedData/Build/Intermediates.noindex/AirAware.build/Debug-iphoneos/AirAware.build/Objects-normal/arm64/AirAware_const_extract_protocols.json -Xcc -iquote -Xcc /Users/admin/builder/spi-builder-workspace/.derivedData/Build/Intermediates.noindex/AirAware.build/Debug-iphoneos/AirAware.build/AirAware-generated-files.hmap -Xcc -I/Users/admin/builder/spi-builder-workspace/.derivedData/Build/Intermediates.noindex/AirAware.build/Debug-iphoneos/AirAware.build/AirAware-own-target-headers.hmap -Xcc -I/Users/admin/builder/spi-builder-workspace/.derivedData/Build/Intermediates.noindex/AirAware.build/Debug-iphoneos/AirAware.build/AirAware-all-non-framework-target-headers.hmap -Xcc -ivfsoverlay -Xcc /Users/admin/builder/spi-builder-workspace/.derivedData/Build/Intermediates.noindex/AirAware.build/Debug-iphoneos/AirAware-cc06e22d1578ba97232d1d6afebdbc39-VFS-iphoneos/all-product-headers.yaml -Xcc -iquote -Xcc /Users/admin/builder/spi-builder-workspace/.derivedData/Build/Intermediates.noindex/AirAware.build/Debug-iphoneos/AirAware.build/AirAware-project-headers.hmap -Xcc -I/Users/admin/builder/spi-builder-workspace/.derivedData/Build/Products/Debug-iphoneos/include -Xcc -I/Users/admin/builder/spi-builder-workspace/.derivedData/Build/Intermediates.noindex/AirAware.build/Debug-iphoneos/AirAware.build/DerivedSources-normal/arm64 -Xcc -I/Users/admin/builder/spi-builder-workspace/.derivedData/Build/Intermediates.noindex/AirAware.build/Debug-iphoneos/AirAware.build/DerivedSources/arm64 -Xcc -I/Users/admin/builder/spi-builder-workspace/.derivedData/Build/Intermediates.noindex/AirAware.build/Debug-iphoneos/AirAware.build/DerivedSources -Xcc -DDEBUG\=1 -emit-objc-header -emit-objc-header-path /Users/admin/builder/spi-builder-workspace/.derivedData/Build/Intermediates.noindex/AirAware.build/Debug-iphoneos/AirAware.build/Objects-normal/arm64/AirAware-Swift.h -import-underlying-module -Xcc -ivfsoverlay -Xcc /Users/admin/builder/spi-builder-workspace/.derivedData/Build/Intermediates.noindex/AirAware.build/Debug-iphoneos/AirAware.build/unextended-module-overlay.yaml -working-directory /Users/admin/builder/spi-builder-workspace -experimental-emit-module-separately -disable-cmo
SwiftDriverJobDiscovery normal arm64 Compiling PurpleAirService+Routes.swift, AwairService.swift, AwareData+Conversions.swift (in target 'AirAware' from project 'AirAware')
SwiftMergeGeneratedHeaders /Users/admin/builder/spi-builder-workspace/.derivedData/Build/Products/Debug-iphoneos/AirAware.framework/Headers/AirAware-Swift.h /Users/admin/builder/spi-builder-workspace/.derivedData/Build/Intermediates.noindex/AirAware.build/Debug-iphoneos/AirAware.build/Objects-normal/arm64/AirAware-Swift.h (in target 'AirAware' from project 'AirAware')
    cd /Users/admin/builder/spi-builder-workspace
    builtin-swiftHeaderTool -arch arm64 /Users/admin/builder/spi-builder-workspace/.derivedData/Build/Intermediates.noindex/AirAware.build/Debug-iphoneos/AirAware.build/Objects-normal/arm64/AirAware-Swift.h -o /Users/admin/builder/spi-builder-workspace/.derivedData/Build/Products/Debug-iphoneos/AirAware.framework/Headers/AirAware-Swift.h
Copy /Users/admin/builder/spi-builder-workspace/.derivedData/Build/Products/Debug-iphoneos/AirAware.framework/Modules/AirAware.swiftmodule/arm64-apple-ios.swiftmodule /Users/admin/builder/spi-builder-workspace/.derivedData/Build/Intermediates.noindex/AirAware.build/Debug-iphoneos/AirAware.build/Objects-normal/arm64/AirAware.swiftmodule (in target 'AirAware' from project 'AirAware')
    cd /Users/admin/builder/spi-builder-workspace
    builtin-copy -exclude .DS_Store -exclude CVS -exclude .svn -exclude .git -exclude .hg -resolve-src-symlinks -rename /Users/admin/builder/spi-builder-workspace/.derivedData/Build/Intermediates.noindex/AirAware.build/Debug-iphoneos/AirAware.build/Objects-normal/arm64/AirAware.swiftmodule /Users/admin/builder/spi-builder-workspace/.derivedData/Build/Products/Debug-iphoneos/AirAware.framework/Modules/AirAware.swiftmodule/arm64-apple-ios.swiftmodule
Copy /Users/admin/builder/spi-builder-workspace/.derivedData/Build/Products/Debug-iphoneos/AirAware.framework/Modules/AirAware.swiftmodule/arm64-apple-ios.swiftdoc /Users/admin/builder/spi-builder-workspace/.derivedData/Build/Intermediates.noindex/AirAware.build/Debug-iphoneos/AirAware.build/Objects-normal/arm64/AirAware.swiftdoc (in target 'AirAware' from project 'AirAware')
    cd /Users/admin/builder/spi-builder-workspace
    builtin-copy -exclude .DS_Store -exclude CVS -exclude .svn -exclude .git -exclude .hg -resolve-src-symlinks -rename /Users/admin/builder/spi-builder-workspace/.derivedData/Build/Intermediates.noindex/AirAware.build/Debug-iphoneos/AirAware.build/Objects-normal/arm64/AirAware.swiftdoc /Users/admin/builder/spi-builder-workspace/.derivedData/Build/Products/Debug-iphoneos/AirAware.framework/Modules/AirAware.swiftmodule/arm64-apple-ios.swiftdoc
Copy /Users/admin/builder/spi-builder-workspace/.derivedData/Build/Products/Debug-iphoneos/AirAware.framework/Modules/AirAware.swiftmodule/arm64-apple-ios.abi.json /Users/admin/builder/spi-builder-workspace/.derivedData/Build/Intermediates.noindex/AirAware.build/Debug-iphoneos/AirAware.build/Objects-normal/arm64/AirAware.abi.json (in target 'AirAware' from project 'AirAware')
    cd /Users/admin/builder/spi-builder-workspace
    builtin-copy -exclude .DS_Store -exclude CVS -exclude .svn -exclude .git -exclude .hg -resolve-src-symlinks -rename /Users/admin/builder/spi-builder-workspace/.derivedData/Build/Intermediates.noindex/AirAware.build/Debug-iphoneos/AirAware.build/Objects-normal/arm64/AirAware.abi.json /Users/admin/builder/spi-builder-workspace/.derivedData/Build/Products/Debug-iphoneos/AirAware.framework/Modules/AirAware.swiftmodule/arm64-apple-ios.abi.json
SwiftDriverJobDiscovery normal arm64 Compiling PurpleAirService.swift, AirNowService.swift (in target 'AirAware' from project 'AirAware')
Copy /Users/admin/builder/spi-builder-workspace/.derivedData/Build/Products/Debug-iphoneos/AirAware.framework/Modules/AirAware.swiftmodule/Project/arm64-apple-ios.swiftsourceinfo /Users/admin/builder/spi-builder-workspace/.derivedData/Build/Intermediates.noindex/AirAware.build/Debug-iphoneos/AirAware.build/Objects-normal/arm64/AirAware.swiftsourceinfo (in target 'AirAware' from project 'AirAware')
    cd /Users/admin/builder/spi-builder-workspace
    builtin-copy -exclude .DS_Store -exclude CVS -exclude .svn -exclude .git -exclude .hg -resolve-src-symlinks -rename /Users/admin/builder/spi-builder-workspace/.derivedData/Build/Intermediates.noindex/AirAware.build/Debug-iphoneos/AirAware.build/Objects-normal/arm64/AirAware.swiftsourceinfo /Users/admin/builder/spi-builder-workspace/.derivedData/Build/Products/Debug-iphoneos/AirAware.framework/Modules/AirAware.swiftmodule/Project/arm64-apple-ios.swiftsourceinfo
SwiftDriverJobDiscovery normal arm64 Compiling AirThings+Routes.swift, OpenWeatherService+Routes.swift, AwareDataView.swift (in target 'AirAware' from project 'AirAware')
PruneExplicitPrecompiledModules /Users/admin/builder/spi-builder-workspace/.derivedData/Build/Intermediates.noindex/SwiftExplicitPrecompiledModules
PruneExplicitPrecompiledModules /Users/admin/builder/spi-builder-workspace/.derivedData/Build/Intermediates.noindex/ExplicitPrecompiledModules
PruneExplicitPrecompiledModules /Users/admin/builder/spi-builder-workspace/.derivedData/SDKExplicitPrecompiledModules
** BUILD FAILED **
The following build commands failed:
	SwiftCompile normal arm64 Compiling\ AwareService.swift,\ OpenWeatherService+Fetch.swift,\ WeatherFlow+Fetch.swift /Users/admin/builder/spi-builder-workspace/AirAware/AwareService.swift /Users/admin/builder/spi-builder-workspace/AirAware/OpenWeather/OpenWeatherService+Fetch.swift /Users/admin/builder/spi-builder-workspace/AirAware/WeatherFlow+Fetch.swift (in target 'AirAware' from project 'AirAware')
	SwiftCompile normal arm64 /Users/admin/builder/spi-builder-workspace/AirAware/OpenWeather/OpenWeatherService+Fetch.swift (in target 'AirAware' from project 'AirAware')
	SwiftCompile normal arm64 /Users/admin/builder/spi-builder-workspace/AirAware/WeatherFlow+Fetch.swift (in target 'AirAware' from project 'AirAware')
	SwiftCompile normal arm64 Compiling\ AirNowService+Fetch.swift,\ AwareData.swift,\ AirNowService+Routes.swift /Users/admin/builder/spi-builder-workspace/AirAware/AirNowService+Fetch.swift /Users/admin/builder/spi-builder-workspace/AirAware/AwareData.swift /Users/admin/builder/spi-builder-workspace/AirAware/AirNowService+Routes.swift (in target 'AirAware' from project 'AirAware')
	SwiftCompile normal arm64 /Users/admin/builder/spi-builder-workspace/AirAware/AirNowService+Fetch.swift (in target 'AirAware' from project 'AirAware')
	Building project AirAware with scheme AirAware
(6 failures)
Command line invocation:
    /Applications/Xcode-27.0.0-Release.Candidate.app/Contents/Developer/usr/bin/xcodebuild -IDEClonedSourcePackagesDirPathOverride=/Users/admin/builder/spi-builder-workspace/.dependencies -resolvePackageDependencies
Resolve Package Graph
Resolved source packages:
  UUSwiftCore: https://github.com/SilverPineSoftware/UUSwiftCore.git @ 1.7.2
  UUSwiftBluetooth: https://github.com/silverpinesoftware/uuswiftbluetooth @ main (f1f11e9)
  UUSwiftNetworking: https://github.com/SilverPineSoftware/UUSwiftNetworking @ 1.8.1
resolved source packages: UUSwiftCore, UUSwiftBluetooth, UUSwiftNetworking
Running build ...
env DEVELOPER_DIR=/Applications/Xcode-27.0.0-Release.Candidate.app xcrun xcodebuild -IDEClonedSourcePackagesDirPathOverride=$PWD/.dependencies -skipMacroValidation -skipPackagePluginValidation -derivedDataPath $PWD/.derivedData build -scheme AirAware -destination generic/platform=iOS
Command line invocation:
    /Applications/Xcode-27.0.0-Release.Candidate.app/Contents/Developer/usr/bin/xcodebuild -IDEClonedSourcePackagesDirPathOverride=/Users/admin/builder/spi-builder-workspace/.dependencies -skipMacroValidation -skipPackagePluginValidation -derivedDataPath /Users/admin/builder/spi-builder-workspace/.derivedData build -scheme AirAware -destination generic/platform=iOS
Resolve Package Graph
Resolved source packages:
  UUSwiftCore: https://github.com/SilverPineSoftware/UUSwiftCore.git @ 1.7.2
  UUSwiftBluetooth: https://github.com/silverpinesoftware/uuswiftbluetooth @ main (f1f11e9)
  UUSwiftNetworking: https://github.com/SilverPineSoftware/UUSwiftNetworking @ 1.8.1
ComputePackagePrebuildTargetDependencyGraph
Prepare packages
CreateBuildRequest
SendProjectDescription
CreateBuildOperation
ComputeTargetDependencyGraph
note: Building targets in dependency order
note: Target dependency graph (8 targets)
    Target 'AirAware' in project 'AirAware'
        ➜ Explicit dependency on target 'UUSwiftNetworking-product' in project 'UUSwiftNetworking'
        ➜ Explicit dependency on target 'UUSwiftBluetooth-product' in project 'UUSwiftBluetooth'
    Target 'UUSwiftBluetooth-product' in project 'UUSwiftBluetooth'
        ➜ Explicit dependency on target 'UUSwiftBluetooth' in project 'UUSwiftBluetooth'
        ➜ Explicit dependency on target 'UUSwiftCore-product' in project 'UUSwiftCore'
    Target 'UUSwiftBluetooth' in project 'UUSwiftBluetooth'
        ➜ Explicit dependency on target 'UUSwiftCore-product' in project 'UUSwiftCore'
    Target 'UUSwiftNetworking-product' in project 'UUSwiftNetworking'
        ➜ Explicit dependency on target 'UUSwiftNetworking' in project 'UUSwiftNetworking'
        ➜ Explicit dependency on target 'UUSwiftCore-product' in project 'UUSwiftCore'
    Target 'UUSwiftNetworking' in project 'UUSwiftNetworking'
        ➜ Explicit dependency on target 'UUSwiftCore-product' in project 'UUSwiftCore'
    Target 'UUSwiftCore-product' in project 'UUSwiftCore'
        ➜ Explicit dependency on target 'UUSwiftCore' in project 'UUSwiftCore'
        ➜ Explicit dependency on target 'UUSwiftCore_UUSwiftCore' in project 'UUSwiftCore'
    Target 'UUSwiftCore' in project 'UUSwiftCore'
        ➜ Explicit dependency on target 'UUSwiftCore_UUSwiftCore' in project 'UUSwiftCore'
    Target 'UUSwiftCore_UUSwiftCore' in project 'UUSwiftCore' (no dependencies)
GatherProvisioningInputs
CreateBuildDescription
ClangStatCache /Applications/Xcode-27.0.0-Release.Candidate.app/Contents/Developer/Toolchains/XcodeDefault.xctoolchain/usr/bin/clang-stat-cache /Applications/Xcode-27.0.0-Release.Candidate.app/Contents/Developer/Platforms/iPhoneOS.platform/Developer/SDKs/iPhoneOS27.0.sdk /Users/admin/builder/spi-builder-workspace/.derivedData/SDKStatCaches.noindex/iphoneos27.0-24A430-e829b21a6f8c9b70876ba0858053c04440ceaa042ed91876912b2eeea4e3aa14.sdkstatcache
    cd /Users/admin/builder/spi-builder-workspace/AirAware.xcodeproj
    /Applications/Xcode-27.0.0-Release.Candidate.app/Contents/Developer/Toolchains/XcodeDefault.xctoolchain/usr/bin/clang-stat-cache /Applications/Xcode-27.0.0-Release.Candidate.app/Contents/Developer/Platforms/iPhoneOS.platform/Developer/SDKs/iPhoneOS27.0.sdk -o /Users/admin/builder/spi-builder-workspace/.derivedData/SDKStatCaches.noindex/iphoneos27.0-24A430-e829b21a6f8c9b70876ba0858053c04440ceaa042ed91876912b2eeea4e3aa14.sdkstatcache
SwiftDriver AirAware normal arm64 com.apple.xcode.tools.swift.compiler (in target 'AirAware' from project 'AirAware')
    cd /Users/admin/builder/spi-builder-workspace
    builtin-SwiftDriver -- /Applications/Xcode-27.0.0-Release.Candidate.app/Contents/Developer/Toolchains/XcodeDefault.xctoolchain/usr/bin/swiftc -module-name AirAware -Onone @/Users/admin/builder/spi-builder-workspace/.derivedData/Build/Intermediates.noindex/AirAware.build/Debug-iphoneos/AirAware.build/Objects-normal/arm64/AirAware.SwiftFileList -DDEBUG -enable-bare-slash-regex -enable-experimental-feature DebugDescriptionMacro -sdk /Applications/Xcode-27.0.0-Release.Candidate.app/Contents/Developer/Platforms/iPhoneOS.platform/Developer/SDKs/iPhoneOS27.0.sdk -target arm64-apple-ios15.0 -g -module-cache-path /Users/admin/builder/spi-builder-workspace/.derivedData/ModuleCache.noindex -Xfrontend -serialize-debugging-options -enable-testing -index-store-path /Users/admin/builder/spi-builder-workspace/.derivedData/Index.noindex/DataStore -Xcc -D_LIBCPP_HARDENING_MODE\=_LIBCPP_HARDENING_MODE_DEBUG -swift-version 5 -I /Users/admin/builder/spi-builder-workspace/.derivedData/Build/Products/Debug-iphoneos -F /Users/admin/builder/spi-builder-workspace/.derivedData/Build/Products/Debug-iphoneos/PackageFrameworks -F /Users/admin/builder/spi-builder-workspace/.derivedData/Build/Products/Debug-iphoneos -emit-localized-strings -emit-localized-strings-path /Users/admin/builder/spi-builder-workspace/.derivedData/Build/Intermediates.noindex/AirAware.build/Debug-iphoneos/AirAware.build/Objects-normal/arm64 -c -j10 -enable-batch-mode -incremental -Xcc -ivfsstatcache -Xcc /Users/admin/builder/spi-builder-workspace/.derivedData/SDKStatCaches.noindex/iphoneos27.0-24A430-e829b21a6f8c9b70876ba0858053c04440ceaa042ed91876912b2eeea4e3aa14.sdkstatcache -output-file-map /Users/admin/builder/spi-builder-workspace/.derivedData/Build/Intermediates.noindex/AirAware.build/Debug-iphoneos/AirAware.build/Objects-normal/arm64/AirAware-OutputFileMap.json -save-temps -no-color-diagnostics -explicit-module-build -module-cache-path /Users/admin/builder/spi-builder-workspace/.derivedData/Build/Intermediates.noindex/SwiftExplicitPrecompiledModules -clang-scanner-module-cache-path /Users/admin/builder/spi-builder-workspace/.derivedData/ModuleCache.noindex -sdk-module-cache-path /Users/admin/builder/spi-builder-workspace/.derivedData/SDKExplicitPrecompiledModules -emit-dependencies -emit-module -emit-module-path /Users/admin/builder/spi-builder-workspace/.derivedData/Build/Intermediates.noindex/AirAware.build/Debug-iphoneos/AirAware.build/Objects-normal/arm64/AirAware.swiftmodule -serialize-diagnostics -dependency-scan-serialize-diagnostics-path /Users/admin/builder/spi-builder-workspace/.derivedData/Build/Intermediates.noindex/AirAware.build/Debug-iphoneos/AirAware.build/Objects-normal/arm64/AirAware-dependency-scan.dia -validate-clang-modules-once -clang-build-session-file /Users/admin/builder/spi-builder-workspace/.derivedData/ModuleCache.noindex/Session.modulevalidation -Xcc -fmodules-prune-interval\=86400 -Xcc -fmodules-prune-after\=345600 -emit-const-values -const-gather-protocols-list /Users/admin/builder/spi-builder-workspace/.derivedData/Build/Intermediates.noindex/AirAware.build/Debug-iphoneos/AirAware.build/Objects-normal/arm64/AirAware_const_extract_protocols.json -Xcc -iquote -Xcc /Users/admin/builder/spi-builder-workspace/.derivedData/Build/Intermediates.noindex/AirAware.build/Debug-iphoneos/AirAware.build/AirAware-generated-files.hmap -Xcc -I/Users/admin/builder/spi-builder-workspace/.derivedData/Build/Intermediates.noindex/AirAware.build/Debug-iphoneos/AirAware.build/AirAware-own-target-headers.hmap -Xcc -I/Users/admin/builder/spi-builder-workspace/.derivedData/Build/Intermediates.noindex/AirAware.build/Debug-iphoneos/AirAware.build/AirAware-all-non-framework-target-headers.hmap -Xcc -ivfsoverlay -Xcc /Users/admin/builder/spi-builder-workspace/.derivedData/Build/Intermediates.noindex/AirAware.build/Debug-iphoneos/AirAware-cc06e22d1578ba97232d1d6afebdbc39-VFS-iphoneos/all-product-headers.yaml -Xcc -iquote -Xcc /Users/admin/builder/spi-builder-workspace/.derivedData/Build/Intermediates.noindex/AirAware.build/Debug-iphoneos/AirAware.build/AirAware-project-headers.hmap -Xcc -I/Users/admin/builder/spi-builder-workspace/.derivedData/Build/Products/Debug-iphoneos/include -Xcc -I/Users/admin/builder/spi-builder-workspace/.derivedData/Build/Intermediates.noindex/AirAware.build/Debug-iphoneos/AirAware.build/DerivedSources-normal/arm64 -Xcc -I/Users/admin/builder/spi-builder-workspace/.derivedData/Build/Intermediates.noindex/AirAware.build/Debug-iphoneos/AirAware.build/DerivedSources/arm64 -Xcc -I/Users/admin/builder/spi-builder-workspace/.derivedData/Build/Intermediates.noindex/AirAware.build/Debug-iphoneos/AirAware.build/DerivedSources -Xcc -DDEBUG\=1 -emit-objc-header -emit-objc-header-path /Users/admin/builder/spi-builder-workspace/.derivedData/Build/Intermediates.noindex/AirAware.build/Debug-iphoneos/AirAware.build/Objects-normal/arm64/AirAware-Swift.h -import-underlying-module -Xcc -ivfsoverlay -Xcc /Users/admin/builder/spi-builder-workspace/.derivedData/Build/Intermediates.noindex/AirAware.build/Debug-iphoneos/AirAware.build/unextended-module-overlay.yaml -working-directory /Users/admin/builder/spi-builder-workspace -experimental-emit-module-separately -disable-cmo
ScanDependencies /Users/admin/builder/spi-builder-workspace/.derivedData/Build/Intermediates.noindex/AirAware.build/Debug-iphoneos/AirAware.build/Objects-normal/arm64/AirAware_vers.o /Users/admin/builder/spi-builder-workspace/.derivedData/Build/Intermediates.noindex/AirAware.build/Debug-iphoneos/AirAware.build/DerivedSources/AirAware_vers.c normal arm64 c com.apple.compilers.llvm.clang.1_0.compiler (in target 'AirAware' from project 'AirAware')
    cd /Users/admin/builder/spi-builder-workspace

    Using response file: /Users/admin/builder/spi-builder-workspace/.derivedData/Build/Intermediates.noindex/AirAware.build/Debug-iphoneos/AirAware.build/Objects-normal/arm64/7187679823f38a2a940e0043cdf9d637-common-args.resp

    builtin-ScanDependencies -o /Users/admin/builder/spi-builder-workspace/.derivedData/Build/Intermediates.noindex/AirAware.build/Debug-iphoneos/AirAware.build/Objects-normal/arm64/AirAware_vers.o.scan -- /Applications/Xcode-27.0.0-Release.Candidate.app/Contents/Developer/Toolchains/XcodeDefault.xctoolchain/usr/bin/clang -x c -ivfsstatcache /Users/admin/builder/spi-builder-workspace/.derivedData/SDKStatCaches.noindex/iphoneos27.0-24A430-e829b21a6f8c9b70876ba0858053c04440ceaa042ed91876912b2eeea4e3aa14.sdkstatcache -target arm64-apple-ios15.0 -fmessage-length\=0 -fdiagnostics-show-note-include-stack -fmacro-backtrace-limit\=0 -fno-color-diagnostics -fmodules-prune-interval\=86400 -fmodules-prune-after\=345600 -fbuild-session-file\=/Users/admin/builder/spi-builder-workspace/.derivedData/ModuleCache.noindex/Session.modulevalidation -fmodules-validate-once-per-build-session -Wnon-modular-include-in-framework-module -Werror\=non-modular-include-in-framework-module -Wno-trigraphs -Wno-missing-field-initializers -Wno-missing-prototypes -Werror\=return-type -Wdocumentation -Wunreachable-code -Wquoted-include-in-framework-header -Werror\=deprecated-objc-isa-usage -Werror\=objc-root-class -Wno-missing-braces -Wparentheses -Wswitch -Wunused-function -Wno-unused-label -Wno-unused-parameter -Wunused-variable -Wunused-value -Wempty-body -Wuninitialized -Wconditional-uninitialized -Wno-unknown-pragmas -Wno-shadow -Wno-four-char-constants -Wno-conversion -Wconstant-conversion -Wint-conversion -Wbool-conversion -Wenum-conversion -Wno-float-conversion -Wnon-literal-null-conversion -Wobjc-literal-conversion -Wshorten-64-to-32 -Wpointer-sign -Wno-newline-eof -Wno-implicit-fallthrough -isysroot /Applications/Xcode-27.0.0-Release.Candidate.app/Contents/Developer/Platforms/iPhoneOS.platform/Developer/SDKs/iPhoneOS27.0.sdk -fstrict-aliasing -Wdeprecated-declarations -Wno-sign-conversion -Winfinite-recursion -Wcomma -Wblock-capture-autoreleasing -Wstrict-prototypes -Wno-semicolon-before-method-body -Wunguarded-availability -index-store-path /Users/admin/builder/spi-builder-workspace/.derivedData/Index.noindex/DataStore @/Users/admin/builder/spi-builder-workspace/.derivedData/Build/Intermediates.noindex/AirAware.build/Debug-iphoneos/AirAware.build/Objects-normal/arm64/7187679823f38a2a940e0043cdf9d637-common-args.resp -MMD -MT dependencies -MF /Users/admin/builder/spi-builder-workspace/.derivedData/Build/Intermediates.noindex/AirAware.build/Debug-iphoneos/AirAware.build/Objects-normal/arm64/AirAware_vers.d --serialize-diagnostics /Users/admin/builder/spi-builder-workspace/.derivedData/Build/Intermediates.noindex/AirAware.build/Debug-iphoneos/AirAware.build/Objects-normal/arm64/AirAware_vers.dia -c /Users/admin/builder/spi-builder-workspace/.derivedData/Build/Intermediates.noindex/AirAware.build/Debug-iphoneos/AirAware.build/DerivedSources/AirAware_vers.c -o /Users/admin/builder/spi-builder-workspace/.derivedData/Build/Intermediates.noindex/AirAware.build/Debug-iphoneos/AirAware.build/Objects-normal/arm64/AirAware_vers.o -index-unit-output-path /AirAware.build/Debug-iphoneos/AirAware.build/Objects-normal/arm64/AirAware_vers.o
CompileC /Users/admin/builder/spi-builder-workspace/.derivedData/Build/Intermediates.noindex/AirAware.build/Debug-iphoneos/AirAware.build/Objects-normal/arm64/AirAware_vers.o /Users/admin/builder/spi-builder-workspace/.derivedData/Build/Intermediates.noindex/AirAware.build/Debug-iphoneos/AirAware.build/DerivedSources/AirAware_vers.c normal arm64 c com.apple.compilers.llvm.clang.1_0.compiler (in target 'AirAware' from project 'AirAware')
    cd /Users/admin/builder/spi-builder-workspace

    Using response file: /Users/admin/builder/spi-builder-workspace/.derivedData/Build/Intermediates.noindex/AirAware.build/Debug-iphoneos/AirAware.build/Objects-normal/arm64/7187679823f38a2a940e0043cdf9d637-common-args.resp

    /Applications/Xcode-27.0.0-Release.Candidate.app/Contents/Developer/Toolchains/XcodeDefault.xctoolchain/usr/bin/clang -x c -ivfsstatcache /Users/admin/builder/spi-builder-workspace/.derivedData/SDKStatCaches.noindex/iphoneos27.0-24A430-e829b21a6f8c9b70876ba0858053c04440ceaa042ed91876912b2eeea4e3aa14.sdkstatcache -target arm64-apple-ios15.0 -fmessage-length\=0 -fdiagnostics-show-note-include-stack -fmacro-backtrace-limit\=0 -fno-color-diagnostics -fmodules-prune-interval\=86400 -fmodules-prune-after\=345600 -fbuild-session-file\=/Users/admin/builder/spi-builder-workspace/.derivedData/ModuleCache.noindex/Session.modulevalidation -fmodules-validate-once-per-build-session -Wnon-modular-include-in-framework-module -Werror\=non-modular-include-in-framework-module -Wno-trigraphs -Wno-missing-field-initializers -Wno-missing-prototypes -Werror\=return-type -Wdocumentation -Wunreachable-code -Wquoted-include-in-framework-header -Werror\=deprecated-objc-isa-usage -Werror\=objc-root-class -Wno-missing-braces -Wparentheses -Wswitch -Wunused-function -Wno-unused-label -Wno-unused-parameter -Wunused-variable -Wunused-value -Wempty-body -Wuninitialized -Wconditional-uninitialized -Wno-unknown-pragmas -Wno-shadow -Wno-four-char-constants -Wno-conversion -Wconstant-conversion -Wint-conversion -Wbool-conversion -Wenum-conversion -Wno-float-conversion -Wnon-literal-null-conversion -Wobjc-literal-conversion -Wshorten-64-to-32 -Wpointer-sign -Wno-newline-eof -Wno-implicit-fallthrough -isysroot /Applications/Xcode-27.0.0-Release.Candidate.app/Contents/Developer/Platforms/iPhoneOS.platform/Developer/SDKs/iPhoneOS27.0.sdk -fstrict-aliasing -Wdeprecated-declarations -Wno-sign-conversion -Winfinite-recursion -Wcomma -Wblock-capture-autoreleasing -Wstrict-prototypes -Wno-semicolon-before-method-body -Wunguarded-availability -index-store-path /Users/admin/builder/spi-builder-workspace/.derivedData/Index.noindex/DataStore @/Users/admin/builder/spi-builder-workspace/.derivedData/Build/Intermediates.noindex/AirAware.build/Debug-iphoneos/AirAware.build/Objects-normal/arm64/7187679823f38a2a940e0043cdf9d637-common-args.resp -MMD -MT dependencies -MF /Users/admin/builder/spi-builder-workspace/.derivedData/Build/Intermediates.noindex/AirAware.build/Debug-iphoneos/AirAware.build/Objects-normal/arm64/AirAware_vers.d --serialize-diagnostics /Users/admin/builder/spi-builder-workspace/.derivedData/Build/Intermediates.noindex/AirAware.build/Debug-iphoneos/AirAware.build/Objects-normal/arm64/AirAware_vers.dia -c /Users/admin/builder/spi-builder-workspace/.derivedData/Build/Intermediates.noindex/AirAware.build/Debug-iphoneos/AirAware.build/DerivedSources/AirAware_vers.c -o /Users/admin/builder/spi-builder-workspace/.derivedData/Build/Intermediates.noindex/AirAware.build/Debug-iphoneos/AirAware.build/Objects-normal/arm64/AirAware_vers.o -index-unit-output-path /AirAware.build/Debug-iphoneos/AirAware.build/Objects-normal/arm64/AirAware_vers.o
SwiftCompile normal arm64 Compiling\ WeatherFlowService.swift,\ PurpleAirService+Fetch.swift /Users/admin/builder/spi-builder-workspace/AirAware/WeatherFlowService.swift /Users/admin/builder/spi-builder-workspace/AirAware/PurpleAirService+Fetch.swift (in target 'AirAware' from project 'AirAware')
SwiftCompile normal arm64 /Users/admin/builder/spi-builder-workspace/AirAware/WeatherFlowService.swift (in target 'AirAware' from project 'AirAware')
    cd /Users/admin/builder/spi-builder-workspace
    builtin-SwiftPerFileCompile WeatherFlowService.swift
SwiftCompile normal arm64 /Users/admin/builder/spi-builder-workspace/AirAware/PurpleAirService+Fetch.swift (in target 'AirAware' from project 'AirAware')
    cd /Users/admin/builder/spi-builder-workspace
    builtin-SwiftPerFileCompile PurpleAirService+Fetch.swift
/Users/admin/builder/spi-builder-workspace/AirAware/PurpleAirService+Fetch.swift:22:32: error: extra trailing closure passed in call
 20 | 		let path = PurpleAirService.deviceListPath()
 21 |
 22 | 		UUHttpSession.get(url: path) { response in
    |                                `- error: extra trailing closure passed in call
 23 |
 24 | 			var devices : [AwareDevice] = []
SwiftCompile normal arm64 Compiling\ AwareData.swift,\ AirNowService+Routes.swift /Users/admin/builder/spi-builder-workspace/AirAware/AwareData.swift /Users/admin/builder/spi-builder-workspace/AirAware/AirNowService+Routes.swift (in target 'AirAware' from project 'AirAware')
SwiftCompile normal arm64 /Users/admin/builder/spi-builder-workspace/AirAware/AwareData.swift (in target 'AirAware' from project 'AirAware')
    cd /Users/admin/builder/spi-builder-workspace
    builtin-SwiftPerFileCompile AwareData.swift
SwiftCompile normal arm64 /Users/admin/builder/spi-builder-workspace/AirAware/AirNowService+Routes.swift (in target 'AirAware' from project 'AirAware')
    cd /Users/admin/builder/spi-builder-workspace
    builtin-SwiftPerFileCompile AirNowService+Routes.swift
SwiftCompile normal arm64 Compiling\ AwairService+Authorization.swift,\ AirNowService+Authorization.swift /Users/admin/builder/spi-builder-workspace/AirAware/AwairService+Authorization.swift /Users/admin/builder/spi-builder-workspace/AirAware/AirNowService+Authorization.swift (in target 'AirAware' from project 'AirAware')
SwiftCompile normal arm64 /Users/admin/builder/spi-builder-workspace/AirAware/AwairService+Authorization.swift (in target 'AirAware' from project 'AirAware')
    cd /Users/admin/builder/spi-builder-workspace
    builtin-SwiftPerFileCompile AwairService+Authorization.swift
SwiftCompile normal arm64 /Users/admin/builder/spi-builder-workspace/AirAware/AirNowService+Authorization.swift (in target 'AirAware' from project 'AirAware')
    cd /Users/admin/builder/spi-builder-workspace
    builtin-SwiftPerFileCompile AirNowService+Authorization.swift
SwiftCompile normal arm64 Compiling\ AirThingsBluetoothService.swift,\ AwairService+Routes.swift /Users/admin/builder/spi-builder-workspace/AirAware/AirThingsBluetoothService.swift /Users/admin/builder/spi-builder-workspace/AirAware/AwairService+Routes.swift (in target 'AirAware' from project 'AirAware')
/Users/admin/builder/spi-builder-workspace/AirAware/AirThingsBluetoothService.swift:73:36: error: extra arguments at positions #1, #2, #3, #4, #5 in call
 71 |
 72 | 	private func startScan(_ completion: @escaping ([AwareDevice]) -> Void) {
 73 | 		UUCentralManager.shared.startScan(serviceUuids: nil, allowDuplicates: false, peripheralFactory: nil, filters: nil) { peripheral in
    |                                    `- error: extra arguments at positions #1, #2, #3, #4, #5 in call
 74 |
 75 | 			if peripheral.name.contains("Airthings") {
UUSwiftBluetooth.UUCentralManager.startScan:2:13: note: 'startScan(config:advertisementHandler:willRestoreCallback:)' declared here
1 | class UUCentralManager {
2 | public func startScan(config: UUSwiftBluetooth.UUPeripheralScannerConfig, advertisementHandler: @escaping UUSwiftBluetooth.UUBluetoothAdvertisementBlock, willRestoreCallback: UUSwiftBluetooth.UUWillRestoreStateBlock? = nil)}
  |             `- note: 'startScan(config:advertisementHandler:willRestoreCallback:)' declared here
3 |
/Users/admin/builder/spi-builder-workspace/AirAware/AirThingsBluetoothService.swift:73:36: error: missing arguments for parameters 'config', 'advertisementHandler' in call
 71 |
 72 | 	private func startScan(_ completion: @escaping ([AwareDevice]) -> Void) {
 73 | 		UUCentralManager.shared.startScan(serviceUuids: nil, allowDuplicates: false, peripheralFactory: nil, filters: nil) { peripheral in
    |                                    `- error: missing arguments for parameters 'config', 'advertisementHandler' in call
 74 |
 75 | 			if peripheral.name.contains("Airthings") {
UUSwiftBluetooth.UUCentralManager.startScan:2:13: note: 'startScan(config:advertisementHandler:willRestoreCallback:)' declared here
1 | class UUCentralManager {
2 | public func startScan(config: UUSwiftBluetooth.UUPeripheralScannerConfig, advertisementHandler: @escaping UUSwiftBluetooth.UUBluetoothAdvertisementBlock, willRestoreCallback: UUSwiftBluetooth.UUWillRestoreStateBlock? = nil)}
  |             `- note: 'startScan(config:advertisementHandler:willRestoreCallback:)' declared here
3 |
/Users/admin/builder/spi-builder-workspace/AirAware/AirThingsBluetoothService.swift:73:51: error: 'nil' requires a contextual type
 71 |
 72 | 	private func startScan(_ completion: @escaping ([AwareDevice]) -> Void) {
 73 | 		UUCentralManager.shared.startScan(serviceUuids: nil, allowDuplicates: false, peripheralFactory: nil, filters: nil) { peripheral in
    |                                                   `- error: 'nil' requires a contextual type
 74 |
 75 | 			if peripheral.name.contains("Airthings") {
/Users/admin/builder/spi-builder-workspace/AirAware/AirThingsBluetoothService.swift:73:99: error: 'nil' requires a contextual type
 71 |
 72 | 	private func startScan(_ completion: @escaping ([AwareDevice]) -> Void) {
 73 | 		UUCentralManager.shared.startScan(serviceUuids: nil, allowDuplicates: false, peripheralFactory: nil, filters: nil) { peripheral in
    |                                                                                                   `- error: 'nil' requires a contextual type
 74 |
 75 | 			if peripheral.name.contains("Airthings") {
/Users/admin/builder/spi-builder-workspace/AirAware/AirThingsBluetoothService.swift:73:113: error: 'nil' requires a contextual type
 71 |
 72 | 	private func startScan(_ completion: @escaping ([AwareDevice]) -> Void) {
 73 | 		UUCentralManager.shared.startScan(serviceUuids: nil, allowDuplicates: false, peripheralFactory: nil, filters: nil) { peripheral in
    |                                                                                                                 `- error: 'nil' requires a contextual type
 74 |
 75 | 			if peripheral.name.contains("Airthings") {
/Users/admin/builder/spi-builder-workspace/AirAware/AirThingsBluetoothService.swift:96:24: error: contextual closure type '() -> Void' expects 0 arguments, but 1 was used in closure body
 94 |
 95 | 	private func discoverServices(_ peripheral : UUPeripheral, _ completion: @escaping (AwareData) -> Void) {
 96 | 		peripheral.connect { peripheral in
    |                        `- error: contextual closure type '() -> Void' expects 0 arguments, but 1 was used in closure body
 97 | 			peripheral.discoverServices { peripheral, error in
 98 | 				self.interrogateServices(peripheral, completion)
/Users/admin/builder/spi-builder-workspace/AirAware/AirThingsBluetoothService.swift:101:19: error: contextual closure type '((any Error)?) -> Void' expects 1 argument, but 2 were used in closure body
 99 | 			}
100 | 		}
101 | 		disconnected: { peripheral, error in
    |                   `- error: contextual closure type '((any Error)?) -> Void' expects 1 argument, but 2 were used in closure body
102 | 		}
103 | 	}
/Users/admin/builder/spi-builder-workspace/AirAware/AirThingsBluetoothService.swift:111:56: error: cannot convert value of type 'any UUCBService' to expected argument type 'CBService'
109 | 				let uuid : CBUUID = service.uuid
110 | 				if uuid.uuidString.lowercased().contains("123b93f75cba") {
111 | 					self.discoverCharacteristics(peripheral, service: service, completion: completion)
    |                                                        `- error: cannot convert value of type 'any UUCBService' to expected argument type 'CBService'
112 | 				}
113 | 			}
/Users/admin/builder/spi-builder-workspace/AirAware/AirThingsBluetoothService.swift:119:37: error: missing argument label 'characteristicUUIDs:' in call
117 | 	private func discoverCharacteristics(_ peripheral : UUPeripheral, service : CBService, completion: @escaping (AwareData) -> Void) {
118 |
119 | 		peripheral.discoverCharacteristics(nil, for: service) { peripheral, error in
    |                                     `- error: missing argument label 'characteristicUUIDs:' in call
120 |
121 | 			if let characteristic = self.findDataCharacteristic(peripheral) {
/Users/admin/builder/spi-builder-workspace/AirAware/AirThingsBluetoothService.swift:124:4: error: missing argument for parameter 'completion' in call
122 | 				self.readCharacteristicData(peripheral, characteristic: characteristic, completion: completion)
123 | 			}
124 | 		}
    |    `- error: missing argument for parameter 'completion' in call
125 | 	}
126 |
UUSwiftBluetooth.UUPeripheral.discoverCharacteristics:2:13: note: 'discoverCharacteristics(characteristicUUIDs:for:timeout:completion:)' declared here
1 | class UUPeripheral {
2 | public func discoverCharacteristics(characteristicUUIDs: [CBUUID]?, for service: any UUSwiftBluetooth.UUCBService, timeout: TimeInterval, completion: @escaping UUSwiftCore.UUListErrorBlock<any UUSwiftBluetooth.UUCBCharacteristic>)}
  |             `- note: 'discoverCharacteristics(characteristicUUIDs:for:timeout:completion:)' declared here
3 |
/Users/admin/builder/spi-builder-workspace/AirAware/AirThingsBluetoothService.swift:119:57: error: trailing closure passed to parameter of type 'TimeInterval' (aka 'Double') that does not accept a closure
117 | 	private func discoverCharacteristics(_ peripheral : UUPeripheral, service : CBService, completion: @escaping (AwareData) -> Void) {
118 |
119 | 		peripheral.discoverCharacteristics(nil, for: service) { peripheral, error in
    |                                                         `- error: trailing closure passed to parameter of type 'TimeInterval' (aka 'Double') that does not accept a closure
120 |
121 | 			if let characteristic = self.findDataCharacteristic(peripheral) {
UUSwiftBluetooth.UUPeripheral.discoverCharacteristics:2:13: note: 'discoverCharacteristics(characteristicUUIDs:for:timeout:completion:)' declared here
1 | class UUPeripheral {
2 | public func discoverCharacteristics(characteristicUUIDs: [CBUUID]?, for service: any UUSwiftBluetooth.UUCBService, timeout: TimeInterval, completion: @escaping UUSwiftCore.UUListErrorBlock<any UUSwiftBluetooth.UUCBCharacteristic>)}
  |             `- note: 'discoverCharacteristics(characteristicUUIDs:for:timeout:completion:)' declared here
3 |
/Users/admin/builder/spi-builder-workspace/AirAware/AirThingsBluetoothService.swift:129:29: error: argument type 'CBCharacteristic' does not conform to expected type 'UUCBDescriptor'
127 | 	private func readCharacteristicData(_ peripheral : UUPeripheral, characteristic : CBCharacteristic, completion: @escaping (AwareData) -> Void) {
128 |
129 | 		peripheral.readValue(for: characteristic) { peripheral, characteristic, error in
    |                             `- error: argument type 'CBCharacteristic' does not conform to expected type 'UUCBDescriptor'
130 |
131 | 			if let data = characteristic.value {
/Users/admin/builder/spi-builder-workspace/AirAware/AirThingsBluetoothService.swift:129:47: error: contextual closure type '(Any?, (any Error)?) -> Void' expects 2 arguments, but 3 were used in closure body
127 | 	private func readCharacteristicData(_ peripheral : UUPeripheral, characteristic : CBCharacteristic, completion: @escaping (AwareData) -> Void) {
128 |
129 | 		peripheral.readValue(for: characteristic) { peripheral, characteristic, error in
    |                                               `- error: contextual closure type '(Any?, (any Error)?) -> Void' expects 2 arguments, but 3 were used in closure body
130 |
131 | 			if let data = characteristic.value {
SwiftCompile normal arm64 /Users/admin/builder/spi-builder-workspace/AirAware/AirThingsBluetoothService.swift (in target 'AirAware' from project 'AirAware')
    cd /Users/admin/builder/spi-builder-workspace
    builtin-SwiftPerFileCompile AirThingsBluetoothService.swift
SwiftCompile normal arm64 /Users/admin/builder/spi-builder-workspace/AirAware/AwairService+Routes.swift (in target 'AirAware' from project 'AirAware')
    cd /Users/admin/builder/spi-builder-workspace
    builtin-SwiftPerFileCompile AwairService+Routes.swift
SwiftCompile normal arm64 Compiling\ AwairService+Device.swift,\ AirThingsService.swift /Users/admin/builder/spi-builder-workspace/AirAware/AwairService+Device.swift /Users/admin/builder/spi-builder-workspace/AirAware/AirThingsService.swift (in target 'AirAware' from project 'AirAware')
/Users/admin/builder/spi-builder-workspace/AirAware/AwairService+Device.swift:18:21: error: type 'UUHttpSession' has no member 'executeRequest'
16 | 		request.headerFields = ["Authorization" : "Bearer \(AwairService.shared.accessToken)"]
17 |
18 | 		_ = UUHttpSession.executeRequest(request, { response in
   |                     `- error: type 'UUHttpSession' has no member 'executeRequest'
19 |
20 | 			// If we need to refresh the auth token, then do that and then re-call this function...
/Users/admin/builder/spi-builder-workspace/AirAware/AwairService+Device.swift:43:21: error: type 'UUHttpSession' has no member 'executeRequest'
41 | 		request.headerFields = ["Authorization" : "Bearer \(AwairService.shared.accessToken)"]
42 |
43 | 		_ = UUHttpSession.executeRequest(request, { response in
   |                     `- error: type 'UUHttpSession' has no member 'executeRequest'
44 |
45 | 			// If we need to refresh the auth token, then do that and then re-call this function...
SwiftCompile normal arm64 /Users/admin/builder/spi-builder-workspace/AirAware/AwairService+Device.swift (in target 'AirAware' from project 'AirAware')
    cd /Users/admin/builder/spi-builder-workspace
    builtin-SwiftPerFileCompile AwairService+Device.swift
SwiftCompile normal arm64 /Users/admin/builder/spi-builder-workspace/AirAware/AirThingsService.swift (in target 'AirAware' from project 'AirAware')
    cd /Users/admin/builder/spi-builder-workspace
    builtin-SwiftPerFileCompile AirThingsService.swift
SwiftCompile normal arm64 Compiling\ OpenWeatherService+Fetch.swift,\ WeatherFlow+Fetch.swift /Users/admin/builder/spi-builder-workspace/AirAware/OpenWeather/OpenWeatherService+Fetch.swift /Users/admin/builder/spi-builder-workspace/AirAware/WeatherFlow+Fetch.swift (in target 'AirAware' from project 'AirAware')
/Users/admin/builder/spi-builder-workspace/AirAware/OpenWeather/OpenWeatherService+Fetch.swift:53:32: error: extra trailing closure passed in call
 51 | 		let path = OpenWeatherService.latestWeatherPath + "?lat=\(location.latitude)&lon=\(location.longitude)&units=imperial&appid=" + self.accessToken
 52 |
 53 | 		UUHttpSession.get(url: path) { response in
    |                                `- error: extra trailing closure passed in call
 54 | 			if let dictionary = response.parsedResponse as? [String : Any] {
 55 |
/Users/admin/builder/spi-builder-workspace/AirAware/WeatherFlow+Fetch.swift:17:32: error: extra trailing closure passed in call
15 | 		let path = WeatherFlowService.fetchStationsPath + "?token=" + WeatherFlowService.shared.accessToken
16 |
17 | 		UUHttpSession.get(url: path) { response in
   |                                `- error: extra trailing closure passed in call
18 |
19 | 			var devices : [AwareDevice] = []
/Users/admin/builder/spi-builder-workspace/AirAware/WeatherFlow+Fetch.swift:60:32: error: extra trailing closure passed in call
58 |
59 | 		let path = WeatherFlowService.latestDataPath(device)
60 | 		UUHttpSession.get(url: path) { response in
   |                                `- error: extra trailing closure passed in call
61 | 			if let dictionary = response.parsedResponse as? [String:Any],
62 | 			   let observationArray = dictionary["obs"] as? [[String:Any]],
Failed frontend command:
/Applications/Xcode-27.0.0-Release.Candidate.app/Contents/Developer/Toolchains/XcodeDefault.xctoolchain/usr/bin/swift-frontend -frontend -c /Users/admin/builder/spi-builder-workspace/AirAware/WeatherFlowService.swift /Users/admin/builder/spi-builder-workspace/AirAware/PurpleAirService+Fetch.swift /Users/admin/builder/spi-builder-workspace/AirAware/AirThingsService+Authorization.swift /Users/admin/builder/spi-builder-workspace/AirAware/AirNowService+Fetch.swift /Users/admin/builder/spi-builder-workspace/AirAware/AwareData.swift /Users/admin/builder/spi-builder-workspace/AirAware/AirNowService+Routes.swift /Users/admin/builder/spi-builder-workspace/AirAware/AwairService+Device.swift /Users/admin/builder/spi-builder-workspace/AirAware/AirThingsService.swift /Users/admin/builder/spi-builder-workspace/AirAware/AwairService+Authorization.swift /Users/admin/builder/spi-builder-workspace/AirAware/AirNowService+Authorization.swift /Users/admin/builder/spi-builder-workspace/AirAware/AirThingsBluetoothService.swift /Users/admin/builder/spi-builder-workspace/AirAware/AwairService+Routes.swift /Users/admin/builder/spi-builder-workspace/AirAware/AwairService+Fetch.swift /Users/admin/builder/spi-builder-workspace/AirAware/AwareDevice.swift /Users/admin/builder/spi-builder-workspace/AirAware/WeatherFlowService+Authorization.swift /Users/admin/builder/spi-builder-workspace/AirAware/PurpleAirService+Routes.swift /Users/admin/builder/spi-builder-workspace/AirAware/AwairService.swift /Users/admin/builder/spi-builder-workspace/AirAware/AwareData+Conversions.swift /Users/admin/builder/spi-builder-workspace/AirAware/AwareService.swift -primary-file /Users/admin/builder/spi-builder-workspace/AirAware/OpenWeather/OpenWeatherService+Fetch.swift -primary-file /Users/admin/builder/spi-builder-workspace/AirAware/WeatherFlow+Fetch.swift /Users/admin/builder/spi-builder-workspace/AirAware/AirThings+Routes.swift /Users/admin/builder/spi-builder-workspace/AirAware/OpenWeather/OpenWeatherService+Routes.swift /Users/admin/builder/spi-builder-workspace/AirAware/AwareDataView.swift /Users/admin/builder/spi-builder-workspace/AirAware/WeatherFlow+Routes.swift /Users/admin/builder/spi-builder-workspace/AirAware/OpenWeather/OpenWeatherService.swift /Users/admin/builder/spi-builder-workspace/AirAware/PurpleAirService.swift /Users/admin/builder/spi-builder-workspace/AirAware/AirNowService.swift -emit-dependencies-path /Users/admin/builder/spi-builder-workspace/.derivedData/Build/Intermediates.noindex/AirAware.build/Debug-iphoneos/AirAware.build/Objects-normal/arm64/OpenWeatherService+Fetch.d -emit-const-values-path /Users/admin/builder/spi-builder-workspace/.derivedData/Build/Intermediates.noindex/AirAware.build/Debug-iphoneos/AirAware.build/Objects-normal/arm64/OpenWeatherService+Fetch.swiftconstvalues -emit-reference-dependencies-path /Users/admin/builder/spi-builder-workspace/.derivedData/Build/Intermediates.noindex/AirAware.build/Debug-iphoneos/AirAware.build/Objects-normal/arm64/OpenWeatherService+Fetch.swiftdeps -serialize-diagnostics-path /Users/admin/builder/spi-builder-workspace/.derivedData/Build/Intermediates.noindex/AirAware.build/Debug-iphoneos/AirAware.build/Objects-normal/arm64/OpenWeatherService+Fetch.dia -emit-dependencies-path /Users/admin/builder/spi-builder-workspace/.derivedData/Build/Intermediates.noindex/AirAware.build/Debug-iphoneos/AirAware.build/Objects-normal/arm64/WeatherFlow+Fetch.d -emit-const-values-path /Users/admin/builder/spi-builder-workspace/.derivedData/Build/Intermediates.noindex/AirAware.build/Debug-iphoneos/AirAware.build/Objects-normal/arm64/WeatherFlow+Fetch.swiftconstvalues -emit-reference-dependencies-path /Users/admin/builder/spi-builder-workspace/.derivedData/Build/Intermediates.noindex/AirAware.build/Debug-iphoneos/AirAware.build/Objects-normal/arm64/WeatherFlow+Fetch.swiftdeps -serialize-diagnostics-path /Users/admin/builder/spi-builder-workspace/.derivedData/Build/Intermediates.noindex/AirAware.build/Debug-iphoneos/AirAware.build/Objects-normal/arm64/WeatherFlow+Fetch.dia -emit-localized-strings -emit-localized-strings-path /Users/admin/builder/spi-builder-workspace/.derivedData/Build/Intermediates.noindex/AirAware.build/Debug-iphoneos/AirAware.build/Objects-normal/arm64 -target arm64-apple-ios15.0 -disable-cross-import-overlay-search -swift-module-cross-import CoreLocation /Applications/Xcode-27.0.0-Release.Candidate.app/Contents/Developer/Platforms/iPhoneOS.platform/Developer/SDKs/iPhoneOS.sdk/System/Library/Frameworks/CoreLocation.framework/Modules/CoreLocation.swiftcrossimport/SwiftUI.swiftoverlay -swift-module-cross-import WebKit /Applications/Xcode-27.0.0-Release.Candidate.app/Contents/Developer/Platforms/iPhoneOS.platform/Developer/SDKs/iPhoneOS.sdk/System/Cryptexes/OS/System/Library/Frameworks/WebKit.framework/Modules/WebKit.swiftcrossimport/SwiftUI.swiftoverlay -swift-module-cross-import WebKit /Applications/Xcode-27.0.0-Release.Candidate.app/Contents/Developer/Platforms/iPhoneOS.platform/Developer/SDKs/iPhoneOS27.0.sdk/System/Library/Frameworks/WebKit.framework/Modules/WebKit.swiftcrossimport/SwiftUI.swiftoverlay -load-resolved-plugin /Applications/Xcode-27.0.0-Release.Candidate.app/Contents/Developer/Platforms/iPhoneOS.platform/Developer/usr/lib/swift/host/plugins/libFoundationMacros.dylib\#/Applications/Xcode-27.0.0-Release.Candidate.app/Contents/Developer/Platforms/iPhoneOS.platform/Developer/usr/bin/swift-plugin-server\#FoundationMacros -load-resolved-plugin /Applications/Xcode-27.0.0-Release.Candidate.app/Contents/Developer/Platforms/iPhoneOS.platform/Developer/usr/lib/swift/host/plugins/libObservationMacros.dylib\#/Applications/Xcode-27.0.0-Release.Candidate.app/Contents/Developer/Platforms/iPhoneOS.platform/Developer/usr/bin/swift-plugin-server\#ObservationMacros -load-resolved-plugin /Applications/Xcode-27.0.0-Release.Candidate.app/Contents/Developer/Platforms/iPhoneOS.platform/Developer/usr/lib/swift/host/plugins/libPreviewsMacros.dylib\#/Applications/Xcode-27.0.0-Release.Candidate.app/Contents/Developer/Platforms/iPhoneOS.platform/Developer/usr/bin/swift-plugin-server\#PreviewsMacros -load-resolved-plugin /Applications/Xcode-27.0.0-Release.Candidate.app/Contents/Developer/Platforms/iPhoneOS.platform/Developer/usr/lib/swift/host/plugins/libSwiftMacros.dylib\#/Applications/Xcode-27.0.0-Release.Candidate.app/Contents/Developer/Platforms/iPhoneOS.platform/Developer/usr/bin/swift-plugin-server\#SwiftMacros -load-resolved-plugin /Applications/Xcode-27.0.0-Release.Candidate.app/Contents/Developer/Platforms/iPhoneOS.platform/Developer/usr/lib/swift/host/plugins/libSwiftUIMacros.dylib\#/Applications/Xcode-27.0.0-Release.Candidate.app/Contents/Developer/Platforms/iPhoneOS.platform/Developer/usr/bin/swift-plugin-server\#SwiftUIMacros -disable-implicit-swift-modules -Xcc -fno-implicit-modules -Xcc -fno-implicit-module-maps -explicit-swift-module-map-file /Users/admin/builder/spi-builder-workspace/.derivedData/Build/Intermediates.noindex/AirAware.build/Debug-iphoneos/AirAware.build/Objects-normal/arm64/AirAware-dependencies-1.json -Xllvm -aarch64-use-tbi -enable-objc-interop -stack-check -sdk /Applications/Xcode-27.0.0-Release.Candidate.app/Contents/Developer/Platforms/iPhoneOS.platform/Developer/SDKs/iPhoneOS27.0.sdk -I /Users/admin/builder/spi-builder-workspace/.derivedData/Build/Products/Debug-iphoneos -F /Users/admin/builder/spi-builder-workspace/.derivedData/Build/Products/Debug-iphoneos/PackageFrameworks -F /Users/admin/builder/spi-builder-workspace/.derivedData/Build/Products/Debug-iphoneos -module-cache-path /Users/admin/builder/spi-builder-workspace/.derivedData/Build/Intermediates.noindex/SwiftExplicitPrecompiledModules -no-color-diagnostics -Xcc -fno-color-diagnostics -enable-testing -g -debug-info-format\=dwarf -dwarf-version\=4 -import-underlying-module -swift-version 5 -Onone -D DEBUG -serialize-debugging-options -enable-experimental-feature DebugDescriptionMacro -enable-bare-slash-regex -empty-abi-descriptor -validate-clang-modules-once -clang-build-session-file /Users/admin/builder/spi-builder-workspace/.derivedData/ModuleCache.noindex/Session.modulevalidation -Xcc -working-directory -Xcc /Users/admin/builder/spi-builder-workspace -enable-anonymous-context-mangled-names -file-compilation-dir /Users/admin/builder/spi-builder-workspace -Xcc -D_LIBCPP_HARDENING_MODE\=_LIBCPP_HARDENING_MODE_DEBUG -Xcc -ivfsstatcache -Xcc /Users/admin/builder/spi-builder-workspace/.derivedData/SDKStatCaches.noindex/iphoneos27.0-24A430-e829b21a6f8c9b70876ba0858053c04440ceaa042ed91876912b2eeea4e3aa14.sdkstatcache -Xcc -fmodules-prune-interval\=86400 -Xcc -fmodules-prune-after\=345600 -Xcc -iquote -Xcc /Users/admin/builder/spi-builder-workspace/.derivedData/Build/Intermediates.noindex/AirAware.build/Debug-iphoneos/AirAware.build/AirAware-generated-files.hmap -Xcc -I/Users/admin/builder/spi-builder-workspace/.derivedData/Build/Intermediates.noindex/AirAware.build/Debug-iphoneos/AirAware.build/AirAware-own-target-headers.hmap -Xcc -I/Users/admin/builder/spi-builder-workspace/.derivedData/Build/Intermediates.noindex/AirAware.build/Debug-iphoneos/AirAware.build/AirAware-all-non-framework-target-headers.hmap -Xcc -ivfsoverlay -Xcc /Users/admin/builder/spi-builder-workspace/.derivedData/Build/Intermediates.noindex/AirAware.build/Debug-iphoneos/AirAware-cc06e22d1578ba97232d1d6afebdbc39-VFS-iphoneos/all-product-headers.yaml -Xcc -iquote -Xcc /Users/admin/builder/spi-builder-workspace/.derivedData/Build/Intermediates.noindex/AirAware.build/Debug-iphoneos/AirAware.build/AirAware-project-headers.hmap -Xcc -I/Users/admin/builder/spi-builder-workspace/.derivedData/Build/Products/Debug-iphoneos/include -Xcc -I/Users/admin/builder/spi-builder-workspace/.derivedData/Build/Intermediates.noindex/AirAware.build/Debug-iphoneos/AirAware.build/DerivedSources-normal/arm64 -Xcc -I/Users/admin/builder/spi-builder-workspace/.derivedData/Build/Intermediates.noindex/AirAware.build/Debug-iphoneos/AirAware.build/DerivedSources/arm64 -Xcc -I/Users/admin/builder/spi-builder-workspace/.derivedData/Build/Intermediates.noindex/AirAware.build/Debug-iphoneos/AirAware.build/DerivedSources -Xcc -DDEBUG\=1 -Xcc -ivfsoverlay -Xcc /Users/admin/builder/spi-builder-workspace/.derivedData/Build/Intermediates.noindex/AirAware.build/Debug-iphoneos/AirAware.build/unextended-module-overlay.yaml -no-auto-bridging-header-chaining -module-name AirAware -const-gather-protocols-file /Users/admin/builder/spi-builder-workspace/.derivedData/Build/Intermediates.noindex/AirAware.build/Debug-iphoneos/AirAware.build/Objects-normal/arm64/AirAware_const_extract_protocols.json -disable-clang-spi -clang-target arm64-apple-ios27.0 -target-sdk-version 27.0 -target-sdk-name iphoneos27.0 -in-process-plugin-server-path /Applications/Xcode-27.0.0-Release.Candidate.app/Contents/Developer/Toolchains/XcodeDefault.xctoolchain/usr/lib/swift/host/libSwiftInProcPluginServer.dylib -o /Users/admin/builder/spi-builder-workspace/.derivedData/Build/Intermediates.noindex/AirAware.build/Debug-iphoneos/AirAware.build/Objects-normal/arm64/OpenWeatherService+Fetch.o -o /Users/admin/builder/spi-builder-workspace/.derivedData/Build/Intermediates.noindex/AirAware.build/Debug-iphoneos/AirAware.build/Objects-normal/arm64/WeatherFlow+Fetch.o -debug-module-path /Users/admin/builder/spi-builder-workspace/.derivedData/Build/Intermediates.noindex/AirAware.build/Debug-iphoneos/AirAware.build/Objects-normal/arm64/AirAware.swiftmodule -index-unit-output-path /AirAware.build/Debug-iphoneos/AirAware.build/Objects-normal/arm64/OpenWeatherService+Fetch.o -index-unit-output-path /AirAware.build/Debug-iphoneos/AirAware.build/Objects-normal/arm64/WeatherFlow+Fetch.o -index-store-path /Users/admin/builder/spi-builder-workspace/.derivedData/Index.noindex/DataStore -index-system-modules
SwiftCompile normal arm64 /Users/admin/builder/spi-builder-workspace/AirAware/OpenWeather/OpenWeatherService+Fetch.swift (in target 'AirAware' from project 'AirAware')
    cd /Users/admin/builder/spi-builder-workspace
    builtin-SwiftPerFileCompile OpenWeatherService+Fetch.swift
SwiftCompile normal arm64 /Users/admin/builder/spi-builder-workspace/AirAware/WeatherFlow+Fetch.swift (in target 'AirAware' from project 'AirAware')
    cd /Users/admin/builder/spi-builder-workspace
    builtin-SwiftPerFileCompile WeatherFlow+Fetch.swift
SwiftCompile normal arm64 Compiling\ AirThingsService+Authorization.swift,\ AirNowService+Fetch.swift /Users/admin/builder/spi-builder-workspace/AirAware/AirThingsService+Authorization.swift /Users/admin/builder/spi-builder-workspace/AirAware/AirNowService+Fetch.swift (in target 'AirAware' from project 'AirAware')
/Users/admin/builder/spi-builder-workspace/AirAware/AirNowService+Fetch.swift:56:32: error: extra trailing closure passed in call
 54 | 		let path = AirNowService.forecastPath + "?format=application/json&zipCode=\(zipcode)&date=\(dateString)&distance=\(distance)&API_KEY=\(self.accessToken)"
 55 |
 56 | 		UUHttpSession.get(url: path) { response in
    |                                `- error: extra trailing closure passed in call
 57 | 			if let array = response.parsedResponse as? [[String : Any]] {
 58 | 				var awareDictionary : [String : Any] = [:]
/Users/admin/builder/spi-builder-workspace/AirAware/AirNowService+Fetch.swift:76:32: error: extra trailing closure passed in call
 74 | 		let path = AirNowService.latestByLatLongPath + "?format=application/json&latitude=\(location.latitude)&longitude=\(location.longitude)&distance=\(distance)&API_KEY=\(self.accessToken)"
 75 |
 76 | 		UUHttpSession.get(url: path) { response in
    |                                `- error: extra trailing closure passed in call
 77 | 			if let array = response.parsedResponse as? [[String : Any]] {
 78 | 				var awareDictionary : [String : Any] = [:]
/Users/admin/builder/spi-builder-workspace/AirAware/AirNowService+Fetch.swift:96:32: error: extra trailing closure passed in call
 94 |
 95 | 		let path = AirNowService.latestByZipcodePath + "?format=application/json&zipCode=\(zipcode)&distance=25&API_KEY=\(self.accessToken)"
 96 | 		UUHttpSession.get(url: path) { response in
    |                                `- error: extra trailing closure passed in call
 97 | 			if let array = response.parsedResponse as? [[String : Any]] {
 98 | 				var awareDictionary : [String : Any] = [:]
Failed frontend command:
/Applications/Xcode-27.0.0-Release.Candidate.app/Contents/Developer/Toolchains/XcodeDefault.xctoolchain/usr/bin/swift-frontend -frontend -c /Users/admin/builder/spi-builder-workspace/AirAware/WeatherFlowService.swift /Users/admin/builder/spi-builder-workspace/AirAware/PurpleAirService+Fetch.swift -primary-file /Users/admin/builder/spi-builder-workspace/AirAware/AirThingsService+Authorization.swift -primary-file /Users/admin/builder/spi-builder-workspace/AirAware/AirNowService+Fetch.swift /Users/admin/builder/spi-builder-workspace/AirAware/AwareData.swift /Users/admin/builder/spi-builder-workspace/AirAware/AirNowService+Routes.swift /Users/admin/builder/spi-builder-workspace/AirAware/AwairService+Device.swift /Users/admin/builder/spi-builder-workspace/AirAware/AirThingsService.swift /Users/admin/builder/spi-builder-workspace/AirAware/AwairService+Authorization.swift /Users/admin/builder/spi-builder-workspace/AirAware/AirNowService+Authorization.swift /Users/admin/builder/spi-builder-workspace/AirAware/AirThingsBluetoothService.swift /Users/admin/builder/spi-builder-workspace/AirAware/AwairService+Routes.swift /Users/admin/builder/spi-builder-workspace/AirAware/AwairService+Fetch.swift /Users/admin/builder/spi-builder-workspace/AirAware/AwareDevice.swift /Users/admin/builder/spi-builder-workspace/AirAware/WeatherFlowService+Authorization.swift /Users/admin/builder/spi-builder-workspace/AirAware/PurpleAirService+Routes.swift /Users/admin/builder/spi-builder-workspace/AirAware/AwairService.swift /Users/admin/builder/spi-builder-workspace/AirAware/AwareData+Conversions.swift /Users/admin/builder/spi-builder-workspace/AirAware/AwareService.swift /Users/admin/builder/spi-builder-workspace/AirAware/OpenWeather/OpenWeatherService+Fetch.swift /Users/admin/builder/spi-builder-workspace/AirAware/WeatherFlow+Fetch.swift /Users/admin/builder/spi-builder-workspace/AirAware/AirThings+Routes.swift /Users/admin/builder/spi-builder-workspace/AirAware/OpenWeather/OpenWeatherService+Routes.swift /Users/admin/builder/spi-builder-workspace/AirAware/AwareDataView.swift /Users/admin/builder/spi-builder-workspace/AirAware/WeatherFlow+Routes.swift /Users/admin/builder/spi-builder-workspace/AirAware/OpenWeather/OpenWeatherService.swift /Users/admin/builder/spi-builder-workspace/AirAware/PurpleAirService.swift /Users/admin/builder/spi-builder-workspace/AirAware/AirNowService.swift -emit-dependencies-path /Users/admin/builder/spi-builder-workspace/.derivedData/Build/Intermediates.noindex/AirAware.build/Debug-iphoneos/AirAware.build/Objects-normal/arm64/AirThingsService+Authorization.d -emit-const-values-path /Users/admin/builder/spi-builder-workspace/.derivedData/Build/Intermediates.noindex/AirAware.build/Debug-iphoneos/AirAware.build/Objects-normal/arm64/AirThingsService+Authorization.swiftconstvalues -emit-reference-dependencies-path /Users/admin/builder/spi-builder-workspace/.derivedData/Build/Intermediates.noindex/AirAware.build/Debug-iphoneos/AirAware.build/Objects-normal/arm64/AirThingsService+Authorization.swiftdeps -serialize-diagnostics-path /Users/admin/builder/spi-builder-workspace/.derivedData/Build/Intermediates.noindex/AirAware.build/Debug-iphoneos/AirAware.build/Objects-normal/arm64/AirThingsService+Authorization.dia -emit-dependencies-path /Users/admin/builder/spi-builder-workspace/.derivedData/Build/Intermediates.noindex/AirAware.build/Debug-iphoneos/AirAware.build/Objects-normal/arm64/AirNowService+Fetch.d -emit-const-values-path /Users/admin/builder/spi-builder-workspace/.derivedData/Build/Intermediates.noindex/AirAware.build/Debug-iphoneos/AirAware.build/Objects-normal/arm64/AirNowService+Fetch.swiftconstvalues -emit-reference-dependencies-path /Users/admin/builder/spi-builder-workspace/.derivedData/Build/Intermediates.noindex/AirAware.build/Debug-iphoneos/AirAware.build/Objects-normal/arm64/AirNowService+Fetch.swiftdeps -serialize-diagnostics-path /Users/admin/builder/spi-builder-workspace/.derivedData/Build/Intermediates.noindex/AirAware.build/Debug-iphoneos/AirAware.build/Objects-normal/arm64/AirNowService+Fetch.dia -emit-localized-strings -emit-localized-strings-path /Users/admin/builder/spi-builder-workspace/.derivedData/Build/Intermediates.noindex/AirAware.build/Debug-iphoneos/AirAware.build/Objects-normal/arm64 -target arm64-apple-ios15.0 -disable-cross-import-overlay-search -swift-module-cross-import CoreLocation /Applications/Xcode-27.0.0-Release.Candidate.app/Contents/Developer/Platforms/iPhoneOS.platform/Developer/SDKs/iPhoneOS.sdk/System/Library/Frameworks/CoreLocation.framework/Modules/CoreLocation.swiftcrossimport/SwiftUI.swiftoverlay -swift-module-cross-import WebKit /Applications/Xcode-27.0.0-Release.Candidate.app/Contents/Developer/Platforms/iPhoneOS.platform/Developer/SDKs/iPhoneOS.sdk/System/Cryptexes/OS/System/Library/Frameworks/WebKit.framework/Modules/WebKit.swiftcrossimport/SwiftUI.swiftoverlay -swift-module-cross-import WebKit /Applications/Xcode-27.0.0-Release.Candidate.app/Contents/Developer/Platforms/iPhoneOS.platform/Developer/SDKs/iPhoneOS27.0.sdk/System/Library/Frameworks/WebKit.framework/Modules/WebKit.swiftcrossimport/SwiftUI.swiftoverlay -load-resolved-plugin /Applications/Xcode-27.0.0-Release.Candidate.app/Contents/Developer/Platforms/iPhoneOS.platform/Developer/usr/lib/swift/host/plugins/libFoundationMacros.dylib\#/Applications/Xcode-27.0.0-Release.Candidate.app/Contents/Developer/Platforms/iPhoneOS.platform/Developer/usr/bin/swift-plugin-server\#FoundationMacros -load-resolved-plugin /Applications/Xcode-27.0.0-Release.Candidate.app/Contents/Developer/Platforms/iPhoneOS.platform/Developer/usr/lib/swift/host/plugins/libObservationMacros.dylib\#/Applications/Xcode-27.0.0-Release.Candidate.app/Contents/Developer/Platforms/iPhoneOS.platform/Developer/usr/bin/swift-plugin-server\#ObservationMacros -load-resolved-plugin /Applications/Xcode-27.0.0-Release.Candidate.app/Contents/Developer/Platforms/iPhoneOS.platform/Developer/usr/lib/swift/host/plugins/libPreviewsMacros.dylib\#/Applications/Xcode-27.0.0-Release.Candidate.app/Contents/Developer/Platforms/iPhoneOS.platform/Developer/usr/bin/swift-plugin-server\#PreviewsMacros -load-resolved-plugin /Applications/Xcode-27.0.0-Release.Candidate.app/Contents/Developer/Platforms/iPhoneOS.platform/Developer/usr/lib/swift/host/plugins/libSwiftMacros.dylib\#/Applications/Xcode-27.0.0-Release.Candidate.app/Contents/Developer/Platforms/iPhoneOS.platform/Developer/usr/bin/swift-plugin-server\#SwiftMacros -load-resolved-plugin /Applications/Xcode-27.0.0-Release.Candidate.app/Contents/Developer/Platforms/iPhoneOS.platform/Developer/usr/lib/swift/host/plugins/libSwiftUIMacros.dylib\#/Applications/Xcode-27.0.0-Release.Candidate.app/Contents/Developer/Platforms/iPhoneOS.platform/Developer/usr/bin/swift-plugin-server\#SwiftUIMacros -disable-implicit-swift-modules -Xcc -fno-implicit-modules -Xcc -fno-implicit-module-maps -explicit-swift-module-map-file /Users/admin/builder/spi-builder-workspace/.derivedData/Build/Intermediates.noindex/AirAware.build/Debug-iphoneos/AirAware.build/Objects-normal/arm64/AirAware-dependencies-1.json -Xllvm -aarch64-use-tbi -enable-objc-interop -stack-check -sdk /Applications/Xcode-27.0.0-Release.Candidate.app/Contents/Developer/Platforms/iPhoneOS.platform/Developer/SDKs/iPhoneOS27.0.sdk -I /Users/admin/builder/spi-builder-workspace/.derivedData/Build/Products/Debug-iphoneos -F /Users/admin/builder/spi-builder-workspace/.derivedData/Build/Products/Debug-iphoneos/PackageFrameworks -F /Users/admin/builder/spi-builder-workspace/.derivedData/Build/Products/Debug-iphoneos -module-cache-path /Users/admin/builder/spi-builder-workspace/.derivedData/Build/Intermediates.noindex/SwiftExplicitPrecompiledModules -no-color-diagnostics -Xcc -fno-color-diagnostics -enable-testing -g -debug-info-format\=dwarf -dwarf-version\=4 -import-underlying-module -swift-version 5 -Onone -D DEBUG -serialize-debugging-options -enable-experimental-feature DebugDescriptionMacro -enable-bare-slash-regex -empty-abi-descriptor -validate-clang-modules-once -clang-build-session-file /Users/admin/builder/spi-builder-workspace/.derivedData/ModuleCache.noindex/Session.modulevalidation -Xcc -working-directory -Xcc /Users/admin/builder/spi-builder-workspace -enable-anonymous-context-mangled-names -file-compilation-dir /Users/admin/builder/spi-builder-workspace -Xcc -D_LIBCPP_HARDENING_MODE\=_LIBCPP_HARDENING_MODE_DEBUG -Xcc -ivfsstatcache -Xcc /Users/admin/builder/spi-builder-workspace/.derivedData/SDKStatCaches.noindex/iphoneos27.0-24A430-e829b21a6f8c9b70876ba0858053c04440ceaa042ed91876912b2eeea4e3aa14.sdkstatcache -Xcc -fmodules-prune-interval\=86400 -Xcc -fmodules-prune-after\=345600 -Xcc -iquote -Xcc /Users/admin/builder/spi-builder-workspace/.derivedData/Build/Intermediates.noindex/AirAware.build/Debug-iphoneos/AirAware.build/AirAware-generated-files.hmap -Xcc -I/Users/admin/builder/spi-builder-workspace/.derivedData/Build/Intermediates.noindex/AirAware.build/Debug-iphoneos/AirAware.build/AirAware-own-target-headers.hmap -Xcc -I/Users/admin/builder/spi-builder-workspace/.derivedData/Build/Intermediates.noindex/AirAware.build/Debug-iphoneos/AirAware.build/AirAware-all-non-framework-target-headers.hmap -Xcc -ivfsoverlay -Xcc /Users/admin/builder/spi-builder-workspace/.derivedData/Build/Intermediates.noindex/AirAware.build/Debug-iphoneos/AirAware-cc06e22d1578ba97232d1d6afebdbc39-VFS-iphoneos/all-product-headers.yaml -Xcc -iquote -Xcc /Users/admin/builder/spi-builder-workspace/.derivedData/Build/Intermediates.noindex/AirAware.build/Debug-iphoneos/AirAware.build/AirAware-project-headers.hmap -Xcc -I/Users/admin/builder/spi-builder-workspace/.derivedData/Build/Products/Debug-iphoneos/include -Xcc -I/Users/admin/builder/spi-builder-workspace/.derivedData/Build/Intermediates.noindex/AirAware.build/Debug-iphoneos/AirAware.build/DerivedSources-normal/arm64 -Xcc -I/Users/admin/builder/spi-builder-workspace/.derivedData/Build/Intermediates.noindex/AirAware.build/Debug-iphoneos/AirAware.build/DerivedSources/arm64 -Xcc -I/Users/admin/builder/spi-builder-workspace/.derivedData/Build/Intermediates.noindex/AirAware.build/Debug-iphoneos/AirAware.build/DerivedSources -Xcc -DDEBUG\=1 -Xcc -ivfsoverlay -Xcc /Users/admin/builder/spi-builder-workspace/.derivedData/Build/Intermediates.noindex/AirAware.build/Debug-iphoneos/AirAware.build/unextended-module-overlay.yaml -no-auto-bridging-header-chaining -module-name AirAware -const-gather-protocols-file /Users/admin/builder/spi-builder-workspace/.derivedData/Build/Intermediates.noindex/AirAware.build/Debug-iphoneos/AirAware.build/Objects-normal/arm64/AirAware_const_extract_protocols.json -disable-clang-spi -clang-target arm64-apple-ios27.0 -target-sdk-version 27.0 -target-sdk-name iphoneos27.0 -in-process-plugin-server-path /Applications/Xcode-27.0.0-Release.Candidate.app/Contents/Developer/Toolchains/XcodeDefault.xctoolchain/usr/lib/swift/host/libSwiftInProcPluginServer.dylib -o /Users/admin/builder/spi-builder-workspace/.derivedData/Build/Intermediates.noindex/AirAware.build/Debug-iphoneos/AirAware.build/Objects-normal/arm64/AirThingsService+Authorization.o -o /Users/admin/builder/spi-builder-workspace/.derivedData/Build/Intermediates.noindex/AirAware.build/Debug-iphoneos/AirAware.build/Objects-normal/arm64/AirNowService+Fetch.o -debug-module-path /Users/admin/builder/spi-builder-workspace/.derivedData/Build/Intermediates.noindex/AirAware.build/Debug-iphoneos/AirAware.build/Objects-normal/arm64/AirAware.swiftmodule -index-unit-output-path /AirAware.build/Debug-iphoneos/AirAware.build/Objects-normal/arm64/AirThingsService+Authorization.o -index-unit-output-path /AirAware.build/Debug-iphoneos/AirAware.build/Objects-normal/arm64/AirNowService+Fetch.o -index-store-path /Users/admin/builder/spi-builder-workspace/.derivedData/Index.noindex/DataStore -index-system-modules
SwiftCompile normal arm64 /Users/admin/builder/spi-builder-workspace/AirAware/AirThingsService+Authorization.swift (in target 'AirAware' from project 'AirAware')
    cd /Users/admin/builder/spi-builder-workspace
    builtin-SwiftPerFileCompile AirThingsService+Authorization.swift
SwiftCompile normal arm64 /Users/admin/builder/spi-builder-workspace/AirAware/AirNowService+Fetch.swift (in target 'AirAware' from project 'AirAware')
    cd /Users/admin/builder/spi-builder-workspace
    builtin-SwiftPerFileCompile AirNowService+Fetch.swift
SwiftCompile normal arm64 Compiling\ WeatherFlowService+Authorization.swift,\ AwareService.swift /Users/admin/builder/spi-builder-workspace/AirAware/WeatherFlowService+Authorization.swift /Users/admin/builder/spi-builder-workspace/AirAware/AwareService.swift (in target 'AirAware' from project 'AirAware')
SwiftCompile normal arm64 /Users/admin/builder/spi-builder-workspace/AirAware/WeatherFlowService+Authorization.swift (in target 'AirAware' from project 'AirAware')
    cd /Users/admin/builder/spi-builder-workspace
    builtin-SwiftPerFileCompile WeatherFlowService+Authorization.swift
SwiftCompile normal arm64 /Users/admin/builder/spi-builder-workspace/AirAware/AwareService.swift (in target 'AirAware' from project 'AirAware')
    cd /Users/admin/builder/spi-builder-workspace
    builtin-SwiftPerFileCompile AwareService.swift
SwiftEmitModule normal arm64 Emitting\ module\ for\ AirAware (in target 'AirAware' from project 'AirAware')
SwiftCompile normal arm64 (in target 'AirAware' from project 'AirAware')
    cd /Users/admin/builder/spi-builder-workspace

SwiftCompile normal arm64 Compiling\ AwairService+Fetch.swift,\ AwareDevice.swift /Users/admin/builder/spi-builder-workspace/AirAware/AwairService+Fetch.swift /Users/admin/builder/spi-builder-workspace/AirAware/AwareDevice.swift (in target 'AirAware' from project 'AirAware')
/Users/admin/builder/spi-builder-workspace/AirAware/AwairService+Fetch.swift:27:14: error: cannot find type 'UUQueryStringArgs' in scope
 25 |
 26 | 		let path = AwairService.rawDataPath(device)
 27 | 		let args : UUQueryStringArgs = [
    |              `- error: cannot find type 'UUQueryStringArgs' in scope
 28 | 										 "fahrenheit" : device.fahrenheit,
 29 | 										 "from" : startString,
/Users/admin/builder/spi-builder-workspace/AirAware/AwairService+Fetch.swift:33:58: error: extra argument 'queryArguments' in call
 31 | 									   ]
 32 |
 33 | 		let request = UUHttpRequest(url: path, queryArguments: args)
    |                                                          `- error: extra argument 'queryArguments' in call
 34 | 		request.headerFields = ["Authorization" : "Bearer \(self.accessToken)"]
 35 |
/Users/admin/builder/spi-builder-workspace/AirAware/AwairService+Fetch.swift:36:21: error: type 'UUHttpSession' has no member 'executeRequest'
 34 | 		request.headerFields = ["Authorization" : "Bearer \(self.accessToken)"]
 35 |
 36 | 		_ = UUHttpSession.executeRequest(request, { response in
    |                     `- error: type 'UUHttpSession' has no member 'executeRequest'
 37 |
 38 | 			// If we need to refresh the auth token, then do that and then re-call this function...
/Users/admin/builder/spi-builder-workspace/AirAware/AwairService+Fetch.swift:67:14: error: cannot find type 'UUQueryStringArgs' in scope
 65 |
 66 | 		let path = AwairService.latestFiveMinuteAveragePath(device)
 67 | 		let args : UUQueryStringArgs = [
    |              `- error: cannot find type 'UUQueryStringArgs' in scope
 68 | 										 "fahrenheit" : device.fahrenheit,
 69 | 										 "limit" : 1
/Users/admin/builder/spi-builder-workspace/AirAware/AwairService+Fetch.swift:72:58: error: extra argument 'queryArguments' in call
 70 | 									   ]
 71 |
 72 | 		let request = UUHttpRequest(url: path, queryArguments: args)
    |                                                          `- error: extra argument 'queryArguments' in call
 73 | 		request.headerFields = ["Authorization" : "Bearer \(self.accessToken)"]
 74 |
/Users/admin/builder/spi-builder-workspace/AirAware/AwairService+Fetch.swift:75:21: error: type 'UUHttpSession' has no member 'executeRequest'
 73 | 		request.headerFields = ["Authorization" : "Bearer \(self.accessToken)"]
 74 |
 75 | 		_ = UUHttpSession.executeRequest(request, { response in
    |                     `- error: type 'UUHttpSession' has no member 'executeRequest'
 76 |
 77 | 			// If we need to refresh the auth token, then do that and then re-call this function...
/Users/admin/builder/spi-builder-workspace/AirAware/AwairService+Fetch.swift:102:21: error: type 'UUHttpSession' has no member 'executeRequest'
100 | 		request.headerFields = ["Authorization" : "Bearer \(self.accessToken)"]
101 |
102 | 		_ = UUHttpSession.executeRequest(request, { response in
    |                     `- error: type 'UUHttpSession' has no member 'executeRequest'
103 |
104 | 			// If we need to refresh the auth token, then do that and then re-call this function...
SwiftCompile normal arm64 /Users/admin/builder/spi-builder-workspace/AirAware/AwairService+Fetch.swift (in target 'AirAware' from project 'AirAware')
    cd /Users/admin/builder/spi-builder-workspace
    builtin-SwiftPerFileCompile AwairService+Fetch.swift
SwiftCompile normal arm64 /Users/admin/builder/spi-builder-workspace/AirAware/AwareDevice.swift (in target 'AirAware' from project 'AirAware')
    cd /Users/admin/builder/spi-builder-workspace
    builtin-SwiftPerFileCompile AwareDevice.swift
SwiftCompile normal arm64 Compiling\ WeatherFlow+Routes.swift,\ OpenWeatherService.swift /Users/admin/builder/spi-builder-workspace/AirAware/WeatherFlow+Routes.swift /Users/admin/builder/spi-builder-workspace/AirAware/OpenWeather/OpenWeatherService.swift (in target 'AirAware' from project 'AirAware')
SwiftCompile normal arm64 /Users/admin/builder/spi-builder-workspace/AirAware/WeatherFlow+Routes.swift (in target 'AirAware' from project 'AirAware')
    cd /Users/admin/builder/spi-builder-workspace
    builtin-SwiftPerFileCompile WeatherFlow+Routes.swift
SwiftCompile normal arm64 /Users/admin/builder/spi-builder-workspace/AirAware/OpenWeather/OpenWeatherService.swift (in target 'AirAware' from project 'AirAware')
    cd /Users/admin/builder/spi-builder-workspace
    builtin-SwiftPerFileCompile OpenWeatherService.swift
PruneExplicitPrecompiledModules /Users/admin/builder/spi-builder-workspace/.derivedData/SDKExplicitPrecompiledModules
PruneExplicitPrecompiledModules /Users/admin/builder/spi-builder-workspace/.derivedData/Build/Intermediates.noindex/SwiftExplicitPrecompiledModules
PruneExplicitPrecompiledModules /Users/admin/builder/spi-builder-workspace/.derivedData/Build/Intermediates.noindex/ExplicitPrecompiledModules
** BUILD FAILED **
The following build commands failed:
	SwiftCompile normal arm64 Compiling\ OpenWeatherService+Fetch.swift,\ WeatherFlow+Fetch.swift /Users/admin/builder/spi-builder-workspace/AirAware/OpenWeather/OpenWeatherService+Fetch.swift /Users/admin/builder/spi-builder-workspace/AirAware/WeatherFlow+Fetch.swift (in target 'AirAware' from project 'AirAware')
	SwiftCompile normal arm64 /Users/admin/builder/spi-builder-workspace/AirAware/OpenWeather/OpenWeatherService+Fetch.swift (in target 'AirAware' from project 'AirAware')
	SwiftCompile normal arm64 /Users/admin/builder/spi-builder-workspace/AirAware/WeatherFlow+Fetch.swift (in target 'AirAware' from project 'AirAware')
	SwiftCompile normal arm64 Compiling\ AirThingsService+Authorization.swift,\ AirNowService+Fetch.swift /Users/admin/builder/spi-builder-workspace/AirAware/AirThingsService+Authorization.swift /Users/admin/builder/spi-builder-workspace/AirAware/AirNowService+Fetch.swift (in target 'AirAware' from project 'AirAware')
	SwiftCompile normal arm64 /Users/admin/builder/spi-builder-workspace/AirAware/AirNowService+Fetch.swift (in target 'AirAware' from project 'AirAware')
	Building project AirAware with scheme AirAware
(6 failures)
BUILD FAILURE 6.4 iOS