Build Information
Failed to build SheeKit, reference 2.0.1 (4bdc3b), with Swift 6.4 for iOS using Xcode 27.0 on 18 Sep 2026 04:03:41 UTC.
Build Command
env DEVELOPER_DIR=/Applications/Xcode-27.0.0-Release.Candidate.app xcrun xcodebuild -IDEClonedSourcePackagesDirPathOverride=$PWD/.dependencies -skipMacroValidation -skipPackagePluginValidation -derivedDataPath $PWD/.derivedData build -scheme SheeKit -destination generic/platform=iOSBuild Log
========================================
RunAll
========================================
Builder version: 5.1.0
Interrupt handler set up.
========================================
Checkout
========================================
Clone URL: https://github.com/edudnyk/SheeKit.git
Reference: 2.0.1
Initialized empty Git repository in /Users/admin/builder/spi-builder-workspace/.git/
From https://github.com/edudnyk/SheeKit
* tag 2.0.1 -> FETCH_HEAD
HEAD is now at 4bdc3b7 Releasing 2.0.1.
Cloned https://github.com/edudnyk/SheeKit.git
Revision (git rev-parse @):
4bdc3b7ff784b893ec8f802e4154cd0d0bdf1b46
SUCCESS checkout https://github.com/edudnyk/SheeKit.git at 2.0.1
========================================
Build
========================================
Selected platform: iOS
Swift version: 6.4
Building package at path: $PWD
https://github.com/edudnyk/SheeKit.git
Command line invocation:
/Applications/Xcode-27.0.0-Release.Candidate.app/Contents/Developer/usr/bin/xcodebuild -IDEClonedSourcePackagesDirPathOverride=/Users/admin/builder/spi-builder-workspace/.dependencies -resolvePackageDependencies
resolved source packages:
{
"dependencies" : [
],
"manifest_display_name" : "SheeKit",
"name" : "SheeKit",
"path" : "/Users/admin/builder/spi-builder-workspace",
"platforms" : [
{
"name" : "ios",
"version" : "13.0"
}
],
"products" : [
{
"name" : "SheeKit",
"targets" : [
"SheeKit"
],
"type" : {
"library" : [
"automatic"
]
}
}
],
"targets" : [
{
"c99name" : "UnitTests",
"module_type" : "SwiftTarget",
"name" : "UnitTests",
"path" : "Tests/UnitTests",
"sources" : [
"SheeKitTests.swift"
],
"target_dependencies" : [
"SheeKit"
],
"type" : "test"
},
{
"c99name" : "SheeKit",
"module_type" : "SwiftTarget",
"name" : "SheeKit",
"path" : "Sources/SheeKit",
"product_memberships" : [
"SheeKit"
],
"sources" : [
"AdaptiveDelegate.swift",
"Extensions.swift",
"ModalPresentationStyle.swift",
"SheetHostingController.swift",
"SheetModifier.swift",
"SheetPresenterController.swift",
"SheetProperties.swift",
"UIViewControllerProxy.swift"
],
"type" : "library"
}
],
"tools_version" : "5.5"
}
{
"project" : {
"configurations" : [
"Debug",
"Release"
],
"name" : "SheeKit",
"schemes" : [
"SheeKit",
"SheeKitDemo",
"SheeKitTests",
"SheeKitTestsHost"
],
"targets" : [
"SheeKitDemo",
"SheeKitTestsHost",
"SheeKitTests",
"SheeKit"
]
}
}
{
"workspace" : {
"name" : "SheeKit",
"schemes" : [
"SheeKit"
]
}
}
2026-09-18 00:03:29.895 xcodebuild[621:3914] [MT] IDERunDestination: Supported platforms for the buildables in the current scheme is empty.
Running build ...
env DEVELOPER_DIR=/Applications/Xcode-27.0.0-Release.Candidate.app xcrun xcodebuild -IDEClonedSourcePackagesDirPathOverride=$PWD/.dependencies -skipMacroValidation -skipPackagePluginValidation -derivedDataPath $PWD/.derivedData build -scheme SheeKit -destination generic/platform=iOS
Command line invocation:
/Applications/Xcode-27.0.0-Release.Candidate.app/Contents/Developer/usr/bin/xcodebuild -IDEClonedSourcePackagesDirPathOverride=/Users/admin/builder/spi-builder-workspace/.dependencies -skipMacroValidation -skipPackagePluginValidation -derivedDataPath /Users/admin/builder/spi-builder-workspace/.derivedData build -scheme SheeKit -destination generic/platform=iOS
Resolve Package Graph
Resolved source packages:
SheeKit: /Users/admin/builder/spi-builder-workspace
ComputePackagePrebuildTargetDependencyGraph
Prepare packages
CreateBuildRequest
SendProjectDescription
CreateBuildOperation
ComputeTargetDependencyGraph
note: Building targets in dependency order
note: Target dependency graph (2 targets)
Target 'SheeKit-product' in project 'SheeKit'
➜ Explicit dependency on target 'SheeKit' in project 'SheeKit'
Target 'SheeKit' in project 'SheeKit' (no dependencies)
GatherProvisioningInputs
CreateBuildDescription
ExecuteExternalTool /Applications/Xcode-27.0.0-Release.Candidate.app/Contents/Developer/Toolchains/XcodeDefault.xctoolchain/usr/bin/clang -v -E -dM -isysroot /Applications/Xcode-27.0.0-Release.Candidate.app/Contents/Developer/Platforms/iPhoneOS.platform/Developer/SDKs/iPhoneOS27.0.sdk -x c -c /dev/null
ExecuteExternalTool /Applications/Xcode-27.0.0-Release.Candidate.app/Contents/Developer/Toolchains/XcodeDefault.xctoolchain/usr/bin/swiftc --version
ExecuteExternalTool /Applications/Xcode-27.0.0-Release.Candidate.app/Contents/Developer/Toolchains/XcodeDefault.xctoolchain/usr/bin/ld -version_details
ReadFileContents /Applications/Xcode-27.0.0-Release.Candidate.app/Contents/Developer/Toolchains/XcodeDefault.xctoolchain/usr/share/docc/features.json
Build description signature: 5a4d0d94b9db2aad66c77369e0664209
Build description path: /Users/admin/builder/spi-builder-workspace/.derivedData/Build/Intermediates.noindex/XCBuildData/5a4d0d94b9db2aad66c77369e0664209.xcbuilddata
CreateBuildDirectory /Users/admin/builder/spi-builder-workspace/.derivedData/SDKExplicitPrecompiledModules
cd /Users/admin/builder/spi-builder-workspace/.swiftpm/xcode
builtin-create-build-directory /Users/admin/builder/spi-builder-workspace/.derivedData/SDKExplicitPrecompiledModules
CreateBuildDirectory /Users/admin/builder/spi-builder-workspace/.derivedData/ModuleCache.noindex
cd /Users/admin/builder/spi-builder-workspace/.swiftpm/xcode
builtin-create-build-directory /Users/admin/builder/spi-builder-workspace/.derivedData/ModuleCache.noindex
CreateBuildDirectory /Users/admin/builder/spi-builder-workspace/.derivedData/CompilationCache.noindex
cd /Users/admin/builder/spi-builder-workspace/.swiftpm/xcode
builtin-create-build-directory /Users/admin/builder/spi-builder-workspace/.derivedData/CompilationCache.noindex
CreateBuildDirectory /Users/admin/builder/spi-builder-workspace/.derivedData/Build/Intermediates.noindex
cd /Users/admin/builder/spi-builder-workspace/.swiftpm/xcode
builtin-create-build-directory /Users/admin/builder/spi-builder-workspace/.derivedData/Build/Intermediates.noindex
CreateBuildDirectory /Users/admin/builder/spi-builder-workspace/.derivedData/Build/Products
cd /Users/admin/builder/spi-builder-workspace/.swiftpm/xcode
builtin-create-build-directory /Users/admin/builder/spi-builder-workspace/.derivedData/Build/Products
ClangStatCache /Applications/Xcode-27.0.0-Release.Candidate.app/Contents/Developer/Toolchains/XcodeDefault.xctoolchain/usr/bin/clang-stat-cache /Applications/Xcode-27.0.0-Release.Candidate.app/Contents/Developer/Platforms/iPhoneOS.platform/Developer/SDKs/iPhoneOS27.0.sdk /Users/admin/builder/spi-builder-workspace/.derivedData/SDKStatCaches.noindex/iphoneos27.0-24A430-e829b21a6f8c9b70876ba0858053c04440ceaa042ed91876912b2eeea4e3aa14.sdkstatcache
cd /Users/admin/builder/spi-builder-workspace/.swiftpm/xcode
/Applications/Xcode-27.0.0-Release.Candidate.app/Contents/Developer/Toolchains/XcodeDefault.xctoolchain/usr/bin/clang-stat-cache /Applications/Xcode-27.0.0-Release.Candidate.app/Contents/Developer/Platforms/iPhoneOS.platform/Developer/SDKs/iPhoneOS27.0.sdk -o /Users/admin/builder/spi-builder-workspace/.derivedData/SDKStatCaches.noindex/iphoneos27.0-24A430-e829b21a6f8c9b70876ba0858053c04440ceaa042ed91876912b2eeea4e3aa14.sdkstatcache
CreateBuildDirectory /Users/admin/builder/spi-builder-workspace/.derivedData/Build/Intermediates.noindex/SwiftExplicitPrecompiledModules
cd /Users/admin/builder/spi-builder-workspace/.swiftpm/xcode
builtin-create-build-directory /Users/admin/builder/spi-builder-workspace/.derivedData/Build/Intermediates.noindex/SwiftExplicitPrecompiledModules
CreateBuildDirectory /Users/admin/builder/spi-builder-workspace/.derivedData/Build/Products/Debug-iphoneos
cd /Users/admin/builder/spi-builder-workspace/.swiftpm/xcode
builtin-create-build-directory /Users/admin/builder/spi-builder-workspace/.derivedData/Build/Products/Debug-iphoneos
CreateBuildDirectory /Users/admin/builder/spi-builder-workspace/.derivedData/Build/Intermediates.noindex/ExplicitPrecompiledModules
cd /Users/admin/builder/spi-builder-workspace/.swiftpm/xcode
builtin-create-build-directory /Users/admin/builder/spi-builder-workspace/.derivedData/Build/Intermediates.noindex/ExplicitPrecompiledModules
CreateBuildDirectory /Users/admin/builder/spi-builder-workspace/.derivedData/Build/Intermediates.noindex/PrecompiledHeaders
cd /Users/admin/builder/spi-builder-workspace/.swiftpm/xcode
builtin-create-build-directory /Users/admin/builder/spi-builder-workspace/.derivedData/Build/Intermediates.noindex/PrecompiledHeaders
CreateBuildDirectory /Users/admin/builder/spi-builder-workspace/.derivedData/Build/Intermediates.noindex/EagerLinkingTBDs/Debug-iphoneos
cd /Users/admin/builder/spi-builder-workspace/.swiftpm/xcode
builtin-create-build-directory /Users/admin/builder/spi-builder-workspace/.derivedData/Build/Intermediates.noindex/EagerLinkingTBDs/Debug-iphoneos
CreateBuildDirectory /Users/admin/builder/spi-builder-workspace/.derivedData/Build/Products/Debug-iphoneos/PackageFrameworks
cd /Users/admin/builder/spi-builder-workspace/.swiftpm/xcode
builtin-create-build-directory /Users/admin/builder/spi-builder-workspace/.derivedData/Build/Products/Debug-iphoneos/PackageFrameworks
WriteAuxiliaryFile /Users/admin/builder/spi-builder-workspace/.derivedData/Build/Intermediates.noindex/SheeKit.build/Debug-iphoneos/SheeKit-t.build/SheeKit.modulemap (in target 'SheeKit' from project 'SheeKit')
cd /Users/admin/builder/spi-builder-workspace
write-file /Users/admin/builder/spi-builder-workspace/.derivedData/Build/Intermediates.noindex/SheeKit.build/Debug-iphoneos/SheeKit-t.build/SheeKit.modulemap
WriteAuxiliaryFile /Users/admin/builder/spi-builder-workspace/.derivedData/Build/Intermediates.noindex/SheeKit.build/Debug-iphoneos/SheeKit-t.build/SheeKit.DependencyMetadataFileList (in target 'SheeKit' from project 'SheeKit')
cd /Users/admin/builder/spi-builder-workspace
write-file /Users/admin/builder/spi-builder-workspace/.derivedData/Build/Intermediates.noindex/SheeKit.build/Debug-iphoneos/SheeKit-t.build/SheeKit.DependencyMetadataFileList
WriteAuxiliaryFile /Users/admin/builder/spi-builder-workspace/.derivedData/Build/Intermediates.noindex/SheeKit.build/Debug-iphoneos/SheeKit-t.build/SheeKit.DependencyStaticMetadataFileList (in target 'SheeKit' from project 'SheeKit')
cd /Users/admin/builder/spi-builder-workspace
write-file /Users/admin/builder/spi-builder-workspace/.derivedData/Build/Intermediates.noindex/SheeKit.build/Debug-iphoneos/SheeKit-t.build/SheeKit.DependencyStaticMetadataFileList
WriteAuxiliaryFile /Users/admin/builder/spi-builder-workspace/.derivedData/Build/Intermediates.noindex/SheeKit.build/Debug-iphoneos/SheeKit-t.build/Objects-normal/arm64/SheeKit.LinkFileList (in target 'SheeKit' from project 'SheeKit')
cd /Users/admin/builder/spi-builder-workspace
write-file /Users/admin/builder/spi-builder-workspace/.derivedData/Build/Intermediates.noindex/SheeKit.build/Debug-iphoneos/SheeKit-t.build/Objects-normal/arm64/SheeKit.LinkFileList
WriteAuxiliaryFile /Users/admin/builder/spi-builder-workspace/.derivedData/Build/Intermediates.noindex/SheeKit.build/Debug-iphoneos/SheeKit-t.build/Objects-normal/arm64/SheeKit.SwiftConstValuesFileList (in target 'SheeKit' from project 'SheeKit')
cd /Users/admin/builder/spi-builder-workspace
write-file /Users/admin/builder/spi-builder-workspace/.derivedData/Build/Intermediates.noindex/SheeKit.build/Debug-iphoneos/SheeKit-t.build/Objects-normal/arm64/SheeKit.SwiftConstValuesFileList
WriteAuxiliaryFile /Users/admin/builder/spi-builder-workspace/.derivedData/Build/Intermediates.noindex/SheeKit.build/Debug-iphoneos/SheeKit-t.build/Objects-normal/arm64/SheeKit_const_extract_protocols.json (in target 'SheeKit' from project 'SheeKit')
cd /Users/admin/builder/spi-builder-workspace
write-file /Users/admin/builder/spi-builder-workspace/.derivedData/Build/Intermediates.noindex/SheeKit.build/Debug-iphoneos/SheeKit-t.build/Objects-normal/arm64/SheeKit_const_extract_protocols.json
WriteAuxiliaryFile /Users/admin/builder/spi-builder-workspace/.derivedData/Build/Intermediates.noindex/SheeKit.build/Debug-iphoneos/SheeKit-t.build/Objects-normal/arm64/SheeKit.SwiftFileList (in target 'SheeKit' from project 'SheeKit')
cd /Users/admin/builder/spi-builder-workspace
write-file /Users/admin/builder/spi-builder-workspace/.derivedData/Build/Intermediates.noindex/SheeKit.build/Debug-iphoneos/SheeKit-t.build/Objects-normal/arm64/SheeKit.SwiftFileList
WriteAuxiliaryFile /Users/admin/builder/spi-builder-workspace/.derivedData/Build/Intermediates.noindex/SheeKit.build/Debug-iphoneos/SheeKit-t.build/Objects-normal/arm64/SheeKit-OutputFileMap.json (in target 'SheeKit' from project 'SheeKit')
cd /Users/admin/builder/spi-builder-workspace
write-file /Users/admin/builder/spi-builder-workspace/.derivedData/Build/Intermediates.noindex/SheeKit.build/Debug-iphoneos/SheeKit-t.build/Objects-normal/arm64/SheeKit-OutputFileMap.json
Copy /Users/admin/builder/spi-builder-workspace/.derivedData/Build/Intermediates.noindex/GeneratedModuleMaps-iphoneos/SheeKit.modulemap /Users/admin/builder/spi-builder-workspace/.derivedData/Build/Intermediates.noindex/SheeKit.build/Debug-iphoneos/SheeKit-t.build/SheeKit.modulemap (in target 'SheeKit' from project 'SheeKit')
cd /Users/admin/builder/spi-builder-workspace
builtin-copy -exclude .DS_Store -exclude CVS -exclude .svn -exclude .git -exclude .hg -resolve-src-symlinks /Users/admin/builder/spi-builder-workspace/.derivedData/Build/Intermediates.noindex/SheeKit.build/Debug-iphoneos/SheeKit-t.build/SheeKit.modulemap /Users/admin/builder/spi-builder-workspace/.derivedData/Build/Intermediates.noindex/GeneratedModuleMaps-iphoneos
SwiftDriver SheeKit normal arm64 com.apple.xcode.tools.swift.compiler (in target 'SheeKit' from project 'SheeKit')
cd /Users/admin/builder/spi-builder-workspace/.swiftpm/xcode
builtin-SwiftDriver -- /Applications/Xcode-27.0.0-Release.Candidate.app/Contents/Developer/Toolchains/XcodeDefault.xctoolchain/usr/bin/swiftc -parse-as-library -module-name SheeKit -Onone @/Users/admin/builder/spi-builder-workspace/.derivedData/Build/Intermediates.noindex/SheeKit.build/Debug-iphoneos/SheeKit-t.build/Objects-normal/arm64/SheeKit.SwiftFileList -DSWIFT_PACKAGE -DDEBUG -DSWIFT_MODULE_RESOURCE_BUNDLE_UNAVAILABLE -DXcode -plugin-path /Applications/Xcode-27.0.0-Release.Candidate.app/Contents/Developer/Toolchains/XcodeDefault.xctoolchain/usr/lib/swift/host/plugins/testing -enable-experimental-feature DebugDescriptionMacro -sdk /Applications/Xcode-27.0.0-Release.Candidate.app/Contents/Developer/Platforms/iPhoneOS.platform/Developer/SDKs/iPhoneOS27.0.sdk -target arm64-apple-ios15.0 -g -module-cache-path /Users/admin/builder/spi-builder-workspace/.derivedData/ModuleCache.noindex -Xfrontend -serialize-debugging-options -profile-coverage-mapping -profile-generate -enable-testing -index-store-path /Users/admin/builder/spi-builder-workspace/.derivedData/Index.noindex/DataStore -Xcc -D_LIBCPP_HARDENING_MODE\=_LIBCPP_HARDENING_MODE_DEBUG -swift-version 5 -I /Users/admin/builder/spi-builder-workspace/.derivedData/Build/Products/Debug-iphoneos -Isystem /Applications/Xcode-27.0.0-Release.Candidate.app/Contents/Developer/Platforms/iPhoneOS.platform/Developer/usr/lib -F /Users/admin/builder/spi-builder-workspace/.derivedData/Build/Products/Debug-iphoneos -F /Applications/Xcode-27.0.0-Release.Candidate.app/Contents/Developer/Platforms/iPhoneOS.platform/Developer/Library/Frameworks -F /Applications/Xcode-27.0.0-Release.Candidate.app/Contents/Developer/Platforms/iPhoneOS.platform/Developer/SDKs/iPhoneOS27.0.sdk/Developer/Library/Frameworks -c -j10 -enable-batch-mode -incremental -Xcc -ivfsstatcache -Xcc /Users/admin/builder/spi-builder-workspace/.derivedData/SDKStatCaches.noindex/iphoneos27.0-24A430-e829b21a6f8c9b70876ba0858053c04440ceaa042ed91876912b2eeea4e3aa14.sdkstatcache -output-file-map /Users/admin/builder/spi-builder-workspace/.derivedData/Build/Intermediates.noindex/SheeKit.build/Debug-iphoneos/SheeKit-t.build/Objects-normal/arm64/SheeKit-OutputFileMap.json -save-temps -no-color-diagnostics -explicit-module-build -module-cache-path /Users/admin/builder/spi-builder-workspace/.derivedData/Build/Intermediates.noindex/SwiftExplicitPrecompiledModules -clang-scanner-module-cache-path /Users/admin/builder/spi-builder-workspace/.derivedData/ModuleCache.noindex -sdk-module-cache-path /Users/admin/builder/spi-builder-workspace/.derivedData/SDKExplicitPrecompiledModules -emit-dependencies -emit-module -emit-module-path /Users/admin/builder/spi-builder-workspace/.derivedData/Build/Intermediates.noindex/SheeKit.build/Debug-iphoneos/SheeKit-t.build/Objects-normal/arm64/SheeKit.swiftmodule -serialize-diagnostics -dependency-scan-serialize-diagnostics-path /Users/admin/builder/spi-builder-workspace/.derivedData/Build/Intermediates.noindex/SheeKit.build/Debug-iphoneos/SheeKit-t.build/Objects-normal/arm64/SheeKit-dependency-scan.dia -validate-clang-modules-once -clang-build-session-file /Users/admin/builder/spi-builder-workspace/.derivedData/ModuleCache.noindex/Session.modulevalidation -Xcc -fmodules-prune-interval\=86400 -Xcc -fmodules-prune-after\=345600 -emit-const-values -const-gather-protocols-list /Users/admin/builder/spi-builder-workspace/.derivedData/Build/Intermediates.noindex/SheeKit.build/Debug-iphoneos/SheeKit-t.build/Objects-normal/arm64/SheeKit_const_extract_protocols.json -Xcc -I/Users/admin/builder/spi-builder-workspace/.derivedData/Build/Products/Debug-iphoneos/include -Xcc -I/Users/admin/builder/spi-builder-workspace/.derivedData/Build/Intermediates.noindex/SheeKit.build/Debug-iphoneos/SheeKit-t.build/DerivedSources-normal/arm64 -Xcc -I/Users/admin/builder/spi-builder-workspace/.derivedData/Build/Intermediates.noindex/SheeKit.build/Debug-iphoneos/SheeKit-t.build/DerivedSources/arm64 -Xcc -I/Users/admin/builder/spi-builder-workspace/.derivedData/Build/Intermediates.noindex/SheeKit.build/Debug-iphoneos/SheeKit-t.build/DerivedSources -Xcc -DSWIFT_PACKAGE -Xcc -DDEBUG\=1 -emit-objc-header -emit-objc-header-path /Users/admin/builder/spi-builder-workspace/.derivedData/Build/Intermediates.noindex/SheeKit.build/Debug-iphoneos/SheeKit-t.build/Objects-normal/arm64/SheeKit-Swift.h -working-directory /Users/admin/builder/spi-builder-workspace/.swiftpm/xcode -experimental-emit-module-separately -disable-cmo
SwiftExplicitDependencyGeneratePcm arm64 /Users/admin/builder/spi-builder-workspace/.derivedData/SDKExplicitPrecompiledModules/_Builtin_stddef-9M60LQ19IG7KF2I6MAZT1EE2L.pcm
SwiftExplicitDependencyGeneratePcm arm64 /Users/admin/builder/spi-builder-workspace/.derivedData/SDKExplicitPrecompiledModules/ptrauth-ELWSSDP0MKO9UN7OCGHYENU4N.pcm
SwiftExplicitDependencyGeneratePcm arm64 /Users/admin/builder/spi-builder-workspace/.derivedData/SDKExplicitPrecompiledModules/_Builtin_stdarg-353X4HCQ4QM1XN1RGUYE5DJXQ.pcm
SwiftExplicitDependencyGeneratePcm arm64 /Users/admin/builder/spi-builder-workspace/.derivedData/SDKExplicitPrecompiledModules/_Builtin_stdbool-DS3M26O02MEUZY8PORVO63UN8.pcm
SwiftExplicitDependencyGeneratePcm arm64 /Users/admin/builder/spi-builder-workspace/.derivedData/SDKExplicitPrecompiledModules/_SwiftConcurrencyShims-46VMPHZN3071T5WUKTVKV81O6.pcm
SwiftExplicitDependencyGeneratePcm arm64 /Users/admin/builder/spi-builder-workspace/.derivedData/SDKExplicitPrecompiledModules/_Builtin_float-A3OTZIBNLUK4KRPK79SR9VALR.pcm
SwiftExplicitDependencyGeneratePcm arm64 /Users/admin/builder/spi-builder-workspace/.derivedData/SDKExplicitPrecompiledModules/_AvailabilityInternal-A68EWFTK1KMCWXEVQVUVX32IF.pcm
SwiftExplicitDependencyGeneratePcm arm64 /Users/admin/builder/spi-builder-workspace/.derivedData/SDKExplicitPrecompiledModules/SwiftShims-9ZM475TB9FF7V697OJNYX6RO9.pcm
SwiftExplicitDependencyGeneratePcm arm64 /Users/admin/builder/spi-builder-workspace/.derivedData/SDKExplicitPrecompiledModules/DeveloperToolsSupport-AUYQ7RZGQ59TXNGR56E2ZGE17.pcm
SwiftExplicitDependencyGeneratePcm arm64 /Users/admin/builder/spi-builder-workspace/.derivedData/SDKExplicitPrecompiledModules/ptrcheck-BEJ25RSXHVJMS8GY54A7TIDQC.pcm
SwiftExplicitDependencyGeneratePcm arm64 /Users/admin/builder/spi-builder-workspace/.derivedData/SDKExplicitPrecompiledModules/_DarwinFoundation1-6AS4X33TU1806YATN4YELVHNM.pcm
SwiftExplicitDependencyGeneratePcm arm64 /Users/admin/builder/spi-builder-workspace/.derivedData/SDKExplicitPrecompiledModules/_DarwinFoundation2-DBOBRBKI8YXN3X7HCIRAXFELN.pcm
SwiftExplicitDependencyGeneratePcm arm64 /Users/admin/builder/spi-builder-workspace/.derivedData/SDKExplicitPrecompiledModules/_Builtin_limits-BR17857KX1560DFAJ8X0RLP2X.pcm
SwiftExplicitDependencyGeneratePcm arm64 /Users/admin/builder/spi-builder-workspace/.derivedData/SDKExplicitPrecompiledModules/string_h-4SPNE64SFJA0QV142KR6FB8H.pcm
SwiftExplicitDependencyGeneratePcm arm64 /Users/admin/builder/spi-builder-workspace/.derivedData/SDKExplicitPrecompiledModules/_Builtin_tgmath-5HH7TKWQY3C2P6USS0J5RO1BK.pcm
SwiftExplicitDependencyGeneratePcm arm64 /Users/admin/builder/spi-builder-workspace/.derivedData/SDKExplicitPrecompiledModules/sys_types-4H7GQGME5X7WUG5O55QKSXPG0.pcm
SwiftExplicitDependencyGeneratePcm arm64 /Users/admin/builder/spi-builder-workspace/.derivedData/SDKExplicitPrecompiledModules/_Builtin_stdint-3VRVITBSRYCNS1X3HOZPXQS3E.pcm
SwiftExplicitDependencyGeneratePcm arm64 /Users/admin/builder/spi-builder-workspace/.derivedData/SDKExplicitPrecompiledModules/_DarwinFoundation3-BWQ9HHUEF00PLTWBF6Y3RFT1Q.pcm
SwiftExplicitDependencyGeneratePcm arm64 /Users/admin/builder/spi-builder-workspace/.derivedData/SDKExplicitPrecompiledModules/_Builtin_stdatomic-CLJVNIOHLPNAVPMY1PCE07PC6.pcm
SwiftExplicitDependencyGeneratePcm arm64 /Users/admin/builder/spi-builder-workspace/.derivedData/SDKExplicitPrecompiledModules/_Builtin_intrinsics-M7DSWA69W6IRMFV5G3UL303L.pcm
SwiftExplicitDependencyGeneratePcm arm64 /Users/admin/builder/spi-builder-workspace/.derivedData/SDKExplicitPrecompiledModules/_Builtin_inttypes-F02YQXAV70SBQYNR1TCILSZQC.pcm
SwiftExplicitDependencyGeneratePcm arm64 /Users/admin/builder/spi-builder-workspace/.derivedData/SDKExplicitPrecompiledModules/Darwin-BI81F3DSM7GNALREB2L4UAO3K.pcm
SwiftExplicitDependencyGeneratePcm arm64 /Users/admin/builder/spi-builder-workspace/.derivedData/SDKExplicitPrecompiledModules/simd-DI8CY2CM6ND6C9DF4BMO8B2Y4.pcm
SwiftExplicitDependencyGeneratePcm arm64 /Users/admin/builder/spi-builder-workspace/.derivedData/SDKExplicitPrecompiledModules/ObjectiveC-B11KXH0CHRPAR6DL0V15OUWX.pcm
SwiftExplicitDependencyGeneratePcm arm64 /Users/admin/builder/spi-builder-workspace/.derivedData/SDKExplicitPrecompiledModules/MachO-4OVT5NEPGSOC5S7WJ8A4CI9HQ.pcm
SwiftExplicitDependencyGeneratePcm arm64 /Users/admin/builder/spi-builder-workspace/.derivedData/SDKExplicitPrecompiledModules/os_object-39R6K1ZW4M0CXKJ1WMJZK8M2C.pcm
SwiftExplicitDependencyGeneratePcm arm64 /Users/admin/builder/spi-builder-workspace/.derivedData/SDKExplicitPrecompiledModules/os_workgroup-24KM5066VOM199SLPK0FMLPYP.pcm
SwiftExplicitDependencyGeneratePcm arm64 /Users/admin/builder/spi-builder-workspace/.derivedData/SDKExplicitPrecompiledModules/Spatial-7901ZPGJYLUDNLYCSVBTOCJ2R.pcm
SwiftExplicitDependencyGeneratePcm arm64 /Users/admin/builder/spi-builder-workspace/.derivedData/SDKExplicitPrecompiledModules/Dispatch-ATYRC6ZTNZOFUFVI4AZT0N36L.pcm
SwiftExplicitDependencyGeneratePcm arm64 /Users/admin/builder/spi-builder-workspace/.derivedData/SDKExplicitPrecompiledModules/CoreFoundation-6RZ7WG7C70RNLQ7W9TEHN64U.pcm
SwiftExplicitDependencyGeneratePcm arm64 /Users/admin/builder/spi-builder-workspace/.derivedData/SDKExplicitPrecompiledModules/XPC-2B8LCRX5U2HGX5DUXAJMAUYF5.pcm
SwiftExplicitDependencyGeneratePcm arm64 /Users/admin/builder/spi-builder-workspace/.derivedData/SDKExplicitPrecompiledModules/os-D19NGWGGCIMHTFO5YUINIK4A7.pcm
SwiftExplicitDependencyGeneratePcm arm64 /Users/admin/builder/spi-builder-workspace/.derivedData/SDKExplicitPrecompiledModules/CoreAudioTypes-5TNF2EJXR20ST0PBDR1AWITTL.pcm
SwiftExplicitDependencyGeneratePcm arm64 /Users/admin/builder/spi-builder-workspace/.derivedData/SDKExplicitPrecompiledModules/CoreGraphics-1SD6JR1OD1L9VFTHCRUEAA4HT.pcm
SwiftExplicitDependencyGeneratePcm arm64 /Users/admin/builder/spi-builder-workspace/.derivedData/SDKExplicitPrecompiledModules/CFNetwork-CKHY0HEWI1S67QSGB5QKT2KK1.pcm
SwiftExplicitDependencyGeneratePcm arm64 /Users/admin/builder/spi-builder-workspace/.derivedData/SDKExplicitPrecompiledModules/Security-38LZ2U8T2TAJNP8SDQ1CJJE3F.pcm
SwiftExplicitDependencyGeneratePcm arm64 /Users/admin/builder/spi-builder-workspace/.derivedData/SDKExplicitPrecompiledModules/CoreAudio-2VUW91YZGH0XJJO80VUQL1L8W.pcm
SwiftExplicitDependencyGeneratePcm arm64 /Users/admin/builder/spi-builder-workspace/.derivedData/SDKExplicitPrecompiledModules/Foundation-1A84M7V1QOXIBMN0W05H3CVWO.pcm
SwiftExplicitDependencyGeneratePcm arm64 /Users/admin/builder/spi-builder-workspace/.derivedData/SDKExplicitPrecompiledModules/CoreText-7UJ9MLJ6XI3NZT2FHSJYBCGXM.pcm
SwiftExplicitDependencyGeneratePcm arm64 /Users/admin/builder/spi-builder-workspace/.derivedData/SDKExplicitPrecompiledModules/ImageIO-91Z2U50YQ9DUO5YI1T6XL5QLM.pcm
SwiftExplicitDependencyGeneratePcm arm64 /Users/admin/builder/spi-builder-workspace/.derivedData/SDKExplicitPrecompiledModules/Accessibility-BJV1JRVLK0A4KO4XJY098MPDJ.pcm
SwiftExplicitDependencyGeneratePcm arm64 /Users/admin/builder/spi-builder-workspace/.derivedData/SDKExplicitPrecompiledModules/OSLog-4FSJLRO1OMLINRFU9E5FDJ6LG.pcm
SwiftExplicitDependencyGeneratePcm arm64 /Users/admin/builder/spi-builder-workspace/.derivedData/SDKExplicitPrecompiledModules/FileProvider-CTM92XO97O83GMGPZ80IAZ2MH.pcm
SwiftExplicitDependencyGeneratePcm arm64 /Users/admin/builder/spi-builder-workspace/.derivedData/SDKExplicitPrecompiledModules/_LocationEssentials-9Z1GGK9D5GWZAPSJ6EB6CF1LC.pcm
SwiftExplicitDependencyGeneratePcm arm64 /Users/admin/builder/spi-builder-workspace/.derivedData/SDKExplicitPrecompiledModules/CoreTransferable-F2IYO4PZDTT6W3BB17OMMFU8H.pcm
SwiftExplicitDependencyGeneratePcm arm64 /Users/admin/builder/spi-builder-workspace/.derivedData/SDKExplicitPrecompiledModules/Symbols-2Y2KJ3BWNZVNX5SGRT9OZY58X.pcm
SwiftExplicitDependencyGeneratePcm arm64 /Users/admin/builder/spi-builder-workspace/.derivedData/SDKExplicitPrecompiledModules/UniformTypeIdentifiers-BAZNP8JOBB5DGLB3JJRQE38CC.pcm
SwiftExplicitDependencyGeneratePcm arm64 /Users/admin/builder/spi-builder-workspace/.derivedData/SDKExplicitPrecompiledModules/UserNotifications-9FDDTQ4F448NASNBJ73LL08CW.pcm
SwiftExplicitDependencyGeneratePcm arm64 /Users/admin/builder/spi-builder-workspace/.derivedData/SDKExplicitPrecompiledModules/DataDetection-CA8WF2CE1MBR989EWQ1QHKSM7.pcm
SwiftExplicitDependencyGeneratePcm arm64 /Users/admin/builder/spi-builder-workspace/.derivedData/SDKExplicitPrecompiledModules/UIUtilities-8DXCI8OECK24P5C5R5YJCPY6S.pcm
SwiftExplicitDependencyGeneratePcm arm64 /Users/admin/builder/spi-builder-workspace/.derivedData/SDKExplicitPrecompiledModules/CoreData-CA0R2UA6KX3PPS4KG2NX2ALUR.pcm
SwiftExplicitDependencyGeneratePcm arm64 /Users/admin/builder/spi-builder-workspace/.derivedData/SDKExplicitPrecompiledModules/IOSurface-ETZE23103L23AFRV5RIY98B8R.pcm
SwiftExplicitDependencyGeneratePcm arm64 /Users/admin/builder/spi-builder-workspace/.derivedData/SDKExplicitPrecompiledModules/CoreLocation-BD444BXGOOIA7L0V53QX85MNI.pcm
SwiftExplicitDependencyGeneratePcm arm64 /Users/admin/builder/spi-builder-workspace/.derivedData/SDKExplicitPrecompiledModules/Metal-2DZ2IJBFDYZ2K88YOFG23YY5D.pcm
SwiftExplicitDependencyGeneratePcm arm64 /Users/admin/builder/spi-builder-workspace/.derivedData/SDKExplicitPrecompiledModules/OpenGLES-6R0N0LGQ7JHCUNYMW2UQWI7N8.pcm
SwiftExplicitDependencyGeneratePcm arm64 /Users/admin/builder/spi-builder-workspace/.derivedData/SDKExplicitPrecompiledModules/CoreMotion-E9UFJY6R1E7D280SQ6U747G2Z.pcm
SwiftExplicitDependencyGeneratePcm arm64 /Users/admin/builder/spi-builder-workspace/.derivedData/SDKExplicitPrecompiledModules/CoreVideo-9UJJUBLTF80Q66OBIQIGNMH63.pcm
SwiftExplicitDependencyGeneratePcm arm64 /Users/admin/builder/spi-builder-workspace/.derivedData/SDKExplicitPrecompiledModules/CoreImage-21I9NDJ5BALJVG03DUUN2CO83.pcm
SwiftExplicitDependencyGeneratePcm arm64 /Users/admin/builder/spi-builder-workspace/.derivedData/SDKExplicitPrecompiledModules/QuartzCore-4IHGQVC232A50LDRYLP2TOVKU.pcm
SwiftExplicitDependencyGeneratePcm arm64 /Users/admin/builder/spi-builder-workspace/.derivedData/SDKExplicitPrecompiledModules/CoreMedia-F1OP8LOTHMIPKHX92XFOG88LS.pcm
SwiftExplicitDependencyGeneratePcm arm64 /Users/admin/builder/spi-builder-workspace/.derivedData/SDKExplicitPrecompiledModules/SwiftUICore-4RQ9X0AQHR9QCPZW2HYVJZKLF.pcm
SwiftExplicitDependencyGeneratePcm arm64 /Users/admin/builder/spi-builder-workspace/.derivedData/SDKExplicitPrecompiledModules/UIKit-VI413NSJWB5Y7QFX1PY597WP.pcm
SwiftExplicitDependencyGeneratePcm arm64 /Users/admin/builder/spi-builder-workspace/.derivedData/SDKExplicitPrecompiledModules/SwiftUI-23184RIJ8ENAMK3EQZME3CKZT.pcm
SwiftEmitModule normal arm64 Emitting\ module\ for\ SheeKit (in target 'SheeKit' from project 'SheeKit')
SwiftCompile normal arm64 (in target 'SheeKit' from project 'SheeKit')
cd /Users/admin/builder/spi-builder-workspace/.swiftpm/xcode
/Users/admin/builder/spi-builder-workspace/Sources/SheeKit/ModalPresentationStyle.swift:207:1: warning: extension declares a conformance of imported type 'Detent' to imported protocol 'Comparable'; this will not behave correctly if the owners of 'UIKit' introduce this conformance in the future
205 |
206 | @available(iOS 15, *)
207 | extension UISheetPresentationController.Detent: Comparable {
| |- warning: extension declares a conformance of imported type 'Detent' to imported protocol 'Comparable'; this will not behave correctly if the owners of 'UIKit' introduce this conformance in the future
| `- note: add '@retroactive' to silence this warning
208 | public static func < (lhs: UISheetPresentationController.Detent, rhs: UISheetPresentationController.Detent) -> Bool {
209 | lhs == medium() && rhs == large() ? true : false
/Users/admin/builder/spi-builder-workspace/Sources/SheeKit/ModalPresentationStyle.swift:249:11: error: 'ModalPresentationStyleCompat' has been renamed to 'ModalPresentationStyle'
62 | @available(iOS 13, *)
63 | @available(iOS, deprecated: 15, obsoleted: 15, renamed: "ModalPresentationStyle")
64 | public enum ModalPresentationStyleCompat {
| `- note: 'ModalPresentationStyleCompat' was obsoleted in iOS 15
65 | /// The default presentation style chosen by the system.
66 | case automatic
:
247 | }
248 |
249 | extension ModalPresentationStyleCompat: ModalPresentationConfigurator {
| `- error: 'ModalPresentationStyleCompat' has been renamed to 'ModalPresentationStyle'
250 | internal func setup(_ viewController: UIViewController, presenter: UIViewController, isInitial: Bool) {
251 | switch self {
Failed frontend command:
/Applications/Xcode-27.0.0-Release.Candidate.app/Contents/Developer/Toolchains/XcodeDefault.xctoolchain/usr/bin/swift-frontend -frontend -emit-module -experimental-skip-non-inlinable-function-bodies-without-types /Users/admin/builder/spi-builder-workspace/Sources/SheeKit/AdaptiveDelegate.swift /Users/admin/builder/spi-builder-workspace/Sources/SheeKit/Extensions.swift /Users/admin/builder/spi-builder-workspace/Sources/SheeKit/ModalPresentationStyle.swift /Users/admin/builder/spi-builder-workspace/Sources/SheeKit/SheetHostingController.swift /Users/admin/builder/spi-builder-workspace/Sources/SheeKit/SheetModifier.swift /Users/admin/builder/spi-builder-workspace/Sources/SheeKit/SheetPresenterController.swift /Users/admin/builder/spi-builder-workspace/Sources/SheeKit/SheetProperties.swift /Users/admin/builder/spi-builder-workspace/Sources/SheeKit/UIViewControllerProxy.swift -target arm64-apple-ios15.0 -disable-cross-import-overlay-search -load-resolved-plugin /Applications/Xcode-27.0.0-Release.Candidate.app/Contents/Developer/Platforms/iPhoneOS.platform/Developer/usr/lib/swift/host/plugins/libFoundationMacros.dylib\#/Applications/Xcode-27.0.0-Release.Candidate.app/Contents/Developer/Platforms/iPhoneOS.platform/Developer/usr/bin/swift-plugin-server\#FoundationMacros -load-resolved-plugin /Applications/Xcode-27.0.0-Release.Candidate.app/Contents/Developer/Platforms/iPhoneOS.platform/Developer/usr/lib/swift/host/plugins/libObservationMacros.dylib\#/Applications/Xcode-27.0.0-Release.Candidate.app/Contents/Developer/Platforms/iPhoneOS.platform/Developer/usr/bin/swift-plugin-server\#ObservationMacros -load-resolved-plugin /Applications/Xcode-27.0.0-Release.Candidate.app/Contents/Developer/Platforms/iPhoneOS.platform/Developer/usr/lib/swift/host/plugins/libPreviewsMacros.dylib\#/Applications/Xcode-27.0.0-Release.Candidate.app/Contents/Developer/Platforms/iPhoneOS.platform/Developer/usr/bin/swift-plugin-server\#PreviewsMacros -load-resolved-plugin /Applications/Xcode-27.0.0-Release.Candidate.app/Contents/Developer/Platforms/iPhoneOS.platform/Developer/usr/lib/swift/host/plugins/libSwiftMacros.dylib\#/Applications/Xcode-27.0.0-Release.Candidate.app/Contents/Developer/Platforms/iPhoneOS.platform/Developer/usr/bin/swift-plugin-server\#SwiftMacros -load-resolved-plugin /Applications/Xcode-27.0.0-Release.Candidate.app/Contents/Developer/Platforms/iPhoneOS.platform/Developer/usr/lib/swift/host/plugins/libSwiftUIMacros.dylib\#/Applications/Xcode-27.0.0-Release.Candidate.app/Contents/Developer/Platforms/iPhoneOS.platform/Developer/usr/bin/swift-plugin-server\#SwiftUIMacros -disable-implicit-swift-modules -Xcc -fno-implicit-modules -Xcc -fno-implicit-module-maps -explicit-swift-module-map-file /Users/admin/builder/spi-builder-workspace/.derivedData/Build/Intermediates.noindex/SheeKit.build/Debug-iphoneos/SheeKit-t.build/Objects-normal/arm64/SheeKit-dependencies-1.json -Xllvm -aarch64-use-tbi -enable-objc-interop -stack-check -sdk /Applications/Xcode-27.0.0-Release.Candidate.app/Contents/Developer/Platforms/iPhoneOS.platform/Developer/SDKs/iPhoneOS27.0.sdk -I /Users/admin/builder/spi-builder-workspace/.derivedData/Build/Products/Debug-iphoneos -Isystem /Applications/Xcode-27.0.0-Release.Candidate.app/Contents/Developer/Platforms/iPhoneOS.platform/Developer/usr/lib -F /Users/admin/builder/spi-builder-workspace/.derivedData/Build/Products/Debug-iphoneos -F /Applications/Xcode-27.0.0-Release.Candidate.app/Contents/Developer/Platforms/iPhoneOS.platform/Developer/Library/Frameworks -F /Applications/Xcode-27.0.0-Release.Candidate.app/Contents/Developer/Platforms/iPhoneOS.platform/Developer/SDKs/iPhoneOS27.0.sdk/Developer/Library/Frameworks -module-cache-path /Users/admin/builder/spi-builder-workspace/.derivedData/Build/Intermediates.noindex/SwiftExplicitPrecompiledModules -no-color-diagnostics -Xcc -fno-color-diagnostics -enable-testing -g -debug-info-format\=dwarf -dwarf-version\=4 -profile-generate -profile-coverage-mapping -swift-version 5 -Onone -D SWIFT_PACKAGE -D DEBUG -D SWIFT_MODULE_RESOURCE_BUNDLE_UNAVAILABLE -D Xcode -serialize-debugging-options -enable-experimental-feature DebugDescriptionMacro -empty-abi-descriptor -validate-clang-modules-once -clang-build-session-file /Users/admin/builder/spi-builder-workspace/.derivedData/ModuleCache.noindex/Session.modulevalidation -Xcc -working-directory -Xcc /Users/admin/builder/spi-builder-workspace/.swiftpm/xcode -enable-anonymous-context-mangled-names -file-compilation-dir /Users/admin/builder/spi-builder-workspace/.swiftpm/xcode -Xcc -D_LIBCPP_HARDENING_MODE\=_LIBCPP_HARDENING_MODE_DEBUG -Xcc -ivfsstatcache -Xcc /Users/admin/builder/spi-builder-workspace/.derivedData/SDKStatCaches.noindex/iphoneos27.0-24A430-e829b21a6f8c9b70876ba0858053c04440ceaa042ed91876912b2eeea4e3aa14.sdkstatcache -Xcc -fmodules-prune-interval\=86400 -Xcc -fmodules-prune-after\=345600 -Xcc -I/Users/admin/builder/spi-builder-workspace/.derivedData/Build/Products/Debug-iphoneos/include -Xcc -I/Users/admin/builder/spi-builder-workspace/.derivedData/Build/Intermediates.noindex/SheeKit.build/Debug-iphoneos/SheeKit-t.build/DerivedSources-normal/arm64 -Xcc -I/Users/admin/builder/spi-builder-workspace/.derivedData/Build/Intermediates.noindex/SheeKit.build/Debug-iphoneos/SheeKit-t.build/DerivedSources/arm64 -Xcc -I/Users/admin/builder/spi-builder-workspace/.derivedData/Build/Intermediates.noindex/SheeKit.build/Debug-iphoneos/SheeKit-t.build/DerivedSources -Xcc -DSWIFT_PACKAGE -Xcc -DDEBUG\=1 -no-auto-bridging-header-chaining -module-name SheeKit -const-gather-protocols-file /Users/admin/builder/spi-builder-workspace/.derivedData/Build/Intermediates.noindex/SheeKit.build/Debug-iphoneos/SheeKit-t.build/Objects-normal/arm64/SheeKit_const_extract_protocols.json -disable-clang-spi -clang-target arm64-apple-ios27.0 -target-sdk-version 27.0 -target-sdk-name iphoneos27.0 -in-process-plugin-server-path /Applications/Xcode-27.0.0-Release.Candidate.app/Contents/Developer/Toolchains/XcodeDefault.xctoolchain/usr/lib/swift/host/libSwiftInProcPluginServer.dylib -emit-module-doc-path /Users/admin/builder/spi-builder-workspace/.derivedData/Build/Intermediates.noindex/SheeKit.build/Debug-iphoneos/SheeKit-t.build/Objects-normal/arm64/SheeKit.swiftdoc -emit-module-source-info-path /Users/admin/builder/spi-builder-workspace/.derivedData/Build/Intermediates.noindex/SheeKit.build/Debug-iphoneos/SheeKit-t.build/Objects-normal/arm64/SheeKit.swiftsourceinfo -emit-objc-header-path /Users/admin/builder/spi-builder-workspace/.derivedData/Build/Intermediates.noindex/SheeKit.build/Debug-iphoneos/SheeKit-t.build/Objects-normal/arm64/SheeKit-Swift.h -serialize-diagnostics-path /Users/admin/builder/spi-builder-workspace/.derivedData/Build/Intermediates.noindex/SheeKit.build/Debug-iphoneos/SheeKit-t.build/Objects-normal/arm64/SheeKit-primary-emit-module.dia -emit-dependencies-path /Users/admin/builder/spi-builder-workspace/.derivedData/Build/Intermediates.noindex/SheeKit.build/Debug-iphoneos/SheeKit-t.build/Objects-normal/arm64/SheeKit-primary-emit-module.d -parse-as-library -o /Users/admin/builder/spi-builder-workspace/.derivedData/Build/Intermediates.noindex/SheeKit.build/Debug-iphoneos/SheeKit-t.build/Objects-normal/arm64/SheeKit.swiftmodule -emit-abi-descriptor-path /Users/admin/builder/spi-builder-workspace/.derivedData/Build/Intermediates.noindex/SheeKit.build/Debug-iphoneos/SheeKit-t.build/Objects-normal/arm64/SheeKit.abi.json
SwiftCompile normal arm64 Compiling\ SheetPresenterController.swift /Users/admin/builder/spi-builder-workspace/Sources/SheeKit/SheetPresenterController.swift (in target 'SheeKit' from project 'SheeKit')
SwiftCompile normal arm64 /Users/admin/builder/spi-builder-workspace/Sources/SheeKit/SheetPresenterController.swift (in target 'SheeKit' from project 'SheeKit')
cd /Users/admin/builder/spi-builder-workspace/.swiftpm/xcode
builtin-SwiftPerFileCompile SheetPresenterController.swift
SwiftCompile normal arm64 Compiling\ SheetModifier.swift /Users/admin/builder/spi-builder-workspace/Sources/SheeKit/SheetModifier.swift (in target 'SheeKit' from project 'SheeKit')
SwiftCompile normal arm64 /Users/admin/builder/spi-builder-workspace/Sources/SheeKit/SheetModifier.swift (in target 'SheeKit' from project 'SheeKit')
cd /Users/admin/builder/spi-builder-workspace/.swiftpm/xcode
builtin-SwiftPerFileCompile SheetModifier.swift
SwiftCompile normal arm64 Compiling\ SheetProperties.swift /Users/admin/builder/spi-builder-workspace/Sources/SheeKit/SheetProperties.swift (in target 'SheeKit' from project 'SheeKit')
SwiftCompile normal arm64 /Users/admin/builder/spi-builder-workspace/Sources/SheeKit/SheetProperties.swift (in target 'SheeKit' from project 'SheeKit')
cd /Users/admin/builder/spi-builder-workspace/.swiftpm/xcode
builtin-SwiftPerFileCompile SheetProperties.swift
SwiftCompile normal arm64 Compiling\ UIViewControllerProxy.swift /Users/admin/builder/spi-builder-workspace/Sources/SheeKit/UIViewControllerProxy.swift (in target 'SheeKit' from project 'SheeKit')
SwiftCompile normal arm64 /Users/admin/builder/spi-builder-workspace/Sources/SheeKit/UIViewControllerProxy.swift (in target 'SheeKit' from project 'SheeKit')
cd /Users/admin/builder/spi-builder-workspace/.swiftpm/xcode
builtin-SwiftPerFileCompile UIViewControllerProxy.swift
SwiftCompile normal arm64 Compiling\ SheetHostingController.swift /Users/admin/builder/spi-builder-workspace/Sources/SheeKit/SheetHostingController.swift (in target 'SheeKit' from project 'SheeKit')
SwiftCompile normal arm64 /Users/admin/builder/spi-builder-workspace/Sources/SheeKit/SheetHostingController.swift (in target 'SheeKit' from project 'SheeKit')
cd /Users/admin/builder/spi-builder-workspace/.swiftpm/xcode
builtin-SwiftPerFileCompile SheetHostingController.swift
SwiftCompile normal arm64 Compiling\ ModalPresentationStyle.swift /Users/admin/builder/spi-builder-workspace/Sources/SheeKit/ModalPresentationStyle.swift (in target 'SheeKit' from project 'SheeKit')
/Users/admin/builder/spi-builder-workspace/Sources/SheeKit/ModalPresentationStyle.swift:207:1: warning: extension declares a conformance of imported type 'Detent' to imported protocol 'Comparable'; this will not behave correctly if the owners of 'UIKit' introduce this conformance in the future
205 |
206 | @available(iOS 15, *)
207 | extension UISheetPresentationController.Detent: Comparable {
| |- warning: extension declares a conformance of imported type 'Detent' to imported protocol 'Comparable'; this will not behave correctly if the owners of 'UIKit' introduce this conformance in the future
| `- note: add '@retroactive' to silence this warning
208 | public static func < (lhs: UISheetPresentationController.Detent, rhs: UISheetPresentationController.Detent) -> Bool {
209 | lhs == medium() && rhs == large() ? true : false
SwiftCompile normal arm64 /Users/admin/builder/spi-builder-workspace/Sources/SheeKit/ModalPresentationStyle.swift (in target 'SheeKit' from project 'SheeKit')
cd /Users/admin/builder/spi-builder-workspace/.swiftpm/xcode
builtin-SwiftPerFileCompile ModalPresentationStyle.swift
SwiftCompile normal arm64 Compiling\ AdaptiveDelegate.swift /Users/admin/builder/spi-builder-workspace/Sources/SheeKit/AdaptiveDelegate.swift (in target 'SheeKit' from project 'SheeKit')
SwiftCompile normal arm64 /Users/admin/builder/spi-builder-workspace/Sources/SheeKit/AdaptiveDelegate.swift (in target 'SheeKit' from project 'SheeKit')
cd /Users/admin/builder/spi-builder-workspace/.swiftpm/xcode
builtin-SwiftPerFileCompile AdaptiveDelegate.swift
SwiftCompile normal arm64 Compiling\ Extensions.swift /Users/admin/builder/spi-builder-workspace/Sources/SheeKit/Extensions.swift (in target 'SheeKit' from project 'SheeKit')
SwiftCompile normal arm64 /Users/admin/builder/spi-builder-workspace/Sources/SheeKit/Extensions.swift (in target 'SheeKit' from project 'SheeKit')
cd /Users/admin/builder/spi-builder-workspace/.swiftpm/xcode
builtin-SwiftPerFileCompile Extensions.swift
PruneExplicitPrecompiledModules /Users/admin/builder/spi-builder-workspace/.derivedData/Build/Intermediates.noindex/ExplicitPrecompiledModules
PruneExplicitPrecompiledModules /Users/admin/builder/spi-builder-workspace/.derivedData/Build/Intermediates.noindex/SwiftExplicitPrecompiledModules
PruneExplicitPrecompiledModules /Users/admin/builder/spi-builder-workspace/.derivedData/SDKExplicitPrecompiledModules
2026-09-18 00:03:31.580 xcodebuild[677:4388] [MT] IDERunDestination: Supported platforms for the buildables in the current scheme is empty.
** BUILD FAILED **
The following build commands failed:
SwiftCompile normal arm64 (in target 'SheeKit' from project 'SheeKit')
SwiftEmitModule normal arm64 Emitting\ module\ for\ SheeKit (in target 'SheeKit' from project 'SheeKit')
Building workspace SheeKit with scheme SheeKit
(3 failures)
Command line invocation:
/Applications/Xcode-27.0.0-Release.Candidate.app/Contents/Developer/usr/bin/xcodebuild -IDEClonedSourcePackagesDirPathOverride=/Users/admin/builder/spi-builder-workspace/.dependencies -resolvePackageDependencies
Resolve Package Graph
Resolved source packages:
SheeKit: /Users/admin/builder/spi-builder-workspace
resolved source packages: SheeKit
2026-09-18 00:03:38.241 xcodebuild[767:4775] [MT] IDERunDestination: Supported platforms for the buildables in the current scheme is empty.
{
"dependencies" : [
],
"manifest_display_name" : "SheeKit",
"name" : "SheeKit",
"path" : "/Users/admin/builder/spi-builder-workspace",
"platforms" : [
{
"name" : "ios",
"version" : "13.0"
}
],
"products" : [
{
"name" : "SheeKit",
"targets" : [
"SheeKit"
],
"type" : {
"library" : [
"automatic"
]
}
}
],
"targets" : [
{
"c99name" : "UnitTests",
"module_type" : "SwiftTarget",
"name" : "UnitTests",
"path" : "Tests/UnitTests",
"sources" : [
"SheeKitTests.swift"
],
"target_dependencies" : [
"SheeKit"
],
"type" : "test"
},
{
"c99name" : "SheeKit",
"module_type" : "SwiftTarget",
"name" : "SheeKit",
"path" : "Sources/SheeKit",
"product_memberships" : [
"SheeKit"
],
"sources" : [
"AdaptiveDelegate.swift",
"Extensions.swift",
"ModalPresentationStyle.swift",
"SheetHostingController.swift",
"SheetModifier.swift",
"SheetPresenterController.swift",
"SheetProperties.swift",
"UIViewControllerProxy.swift"
],
"type" : "library"
}
],
"tools_version" : "5.5"
}
{
"workspace" : {
"name" : "SheeKit",
"schemes" : [
"SheeKit"
]
}
}
2026-09-18 00:03:39.414 xcodebuild[775:4853] [MT] IDERunDestination: Supported platforms for the buildables in the current scheme is empty.
Running build ...
env DEVELOPER_DIR=/Applications/Xcode-27.0.0-Release.Candidate.app xcrun xcodebuild -IDEClonedSourcePackagesDirPathOverride=$PWD/.dependencies -skipMacroValidation -skipPackagePluginValidation -derivedDataPath $PWD/.derivedData build -scheme SheeKit -destination generic/platform=iOS
Command line invocation:
/Applications/Xcode-27.0.0-Release.Candidate.app/Contents/Developer/usr/bin/xcodebuild -IDEClonedSourcePackagesDirPathOverride=/Users/admin/builder/spi-builder-workspace/.dependencies -skipMacroValidation -skipPackagePluginValidation -derivedDataPath /Users/admin/builder/spi-builder-workspace/.derivedData build -scheme SheeKit -destination generic/platform=iOS
Resolve Package Graph
Resolved source packages:
SheeKit: /Users/admin/builder/spi-builder-workspace
ComputePackagePrebuildTargetDependencyGraph
Prepare packages
CreateBuildRequest
SendProjectDescription
CreateBuildOperation
ComputeTargetDependencyGraph
note: Building targets in dependency order
note: Target dependency graph (2 targets)
Target 'SheeKit-product' in project 'SheeKit'
➜ Explicit dependency on target 'SheeKit' in project 'SheeKit'
Target 'SheeKit' in project 'SheeKit' (no dependencies)
GatherProvisioningInputs
CreateBuildDescription
ClangStatCache /Applications/Xcode-27.0.0-Release.Candidate.app/Contents/Developer/Toolchains/XcodeDefault.xctoolchain/usr/bin/clang-stat-cache /Applications/Xcode-27.0.0-Release.Candidate.app/Contents/Developer/Platforms/iPhoneOS.platform/Developer/SDKs/iPhoneOS27.0.sdk /Users/admin/builder/spi-builder-workspace/.derivedData/SDKStatCaches.noindex/iphoneos27.0-24A430-e829b21a6f8c9b70876ba0858053c04440ceaa042ed91876912b2eeea4e3aa14.sdkstatcache
cd /Users/admin/builder/spi-builder-workspace/.swiftpm/xcode
/Applications/Xcode-27.0.0-Release.Candidate.app/Contents/Developer/Toolchains/XcodeDefault.xctoolchain/usr/bin/clang-stat-cache /Applications/Xcode-27.0.0-Release.Candidate.app/Contents/Developer/Platforms/iPhoneOS.platform/Developer/SDKs/iPhoneOS27.0.sdk -o /Users/admin/builder/spi-builder-workspace/.derivedData/SDKStatCaches.noindex/iphoneos27.0-24A430-e829b21a6f8c9b70876ba0858053c04440ceaa042ed91876912b2eeea4e3aa14.sdkstatcache
SwiftDriver SheeKit normal arm64 com.apple.xcode.tools.swift.compiler (in target 'SheeKit' from project 'SheeKit')
cd /Users/admin/builder/spi-builder-workspace/.swiftpm/xcode
builtin-SwiftDriver -- /Applications/Xcode-27.0.0-Release.Candidate.app/Contents/Developer/Toolchains/XcodeDefault.xctoolchain/usr/bin/swiftc -parse-as-library -module-name SheeKit -Onone @/Users/admin/builder/spi-builder-workspace/.derivedData/Build/Intermediates.noindex/SheeKit.build/Debug-iphoneos/SheeKit-t.build/Objects-normal/arm64/SheeKit.SwiftFileList -DSWIFT_PACKAGE -DDEBUG -DSWIFT_MODULE_RESOURCE_BUNDLE_UNAVAILABLE -DXcode -plugin-path /Applications/Xcode-27.0.0-Release.Candidate.app/Contents/Developer/Toolchains/XcodeDefault.xctoolchain/usr/lib/swift/host/plugins/testing -enable-experimental-feature DebugDescriptionMacro -sdk /Applications/Xcode-27.0.0-Release.Candidate.app/Contents/Developer/Platforms/iPhoneOS.platform/Developer/SDKs/iPhoneOS27.0.sdk -target arm64-apple-ios15.0 -g -module-cache-path /Users/admin/builder/spi-builder-workspace/.derivedData/ModuleCache.noindex -Xfrontend -serialize-debugging-options -profile-coverage-mapping -profile-generate -enable-testing -index-store-path /Users/admin/builder/spi-builder-workspace/.derivedData/Index.noindex/DataStore -Xcc -D_LIBCPP_HARDENING_MODE\=_LIBCPP_HARDENING_MODE_DEBUG -swift-version 5 -I /Users/admin/builder/spi-builder-workspace/.derivedData/Build/Products/Debug-iphoneos -Isystem /Applications/Xcode-27.0.0-Release.Candidate.app/Contents/Developer/Platforms/iPhoneOS.platform/Developer/usr/lib -F /Users/admin/builder/spi-builder-workspace/.derivedData/Build/Products/Debug-iphoneos -F /Applications/Xcode-27.0.0-Release.Candidate.app/Contents/Developer/Platforms/iPhoneOS.platform/Developer/Library/Frameworks -F /Applications/Xcode-27.0.0-Release.Candidate.app/Contents/Developer/Platforms/iPhoneOS.platform/Developer/SDKs/iPhoneOS27.0.sdk/Developer/Library/Frameworks -c -j10 -enable-batch-mode -incremental -Xcc -ivfsstatcache -Xcc /Users/admin/builder/spi-builder-workspace/.derivedData/SDKStatCaches.noindex/iphoneos27.0-24A430-e829b21a6f8c9b70876ba0858053c04440ceaa042ed91876912b2eeea4e3aa14.sdkstatcache -output-file-map /Users/admin/builder/spi-builder-workspace/.derivedData/Build/Intermediates.noindex/SheeKit.build/Debug-iphoneos/SheeKit-t.build/Objects-normal/arm64/SheeKit-OutputFileMap.json -save-temps -no-color-diagnostics -explicit-module-build -module-cache-path /Users/admin/builder/spi-builder-workspace/.derivedData/Build/Intermediates.noindex/SwiftExplicitPrecompiledModules -clang-scanner-module-cache-path /Users/admin/builder/spi-builder-workspace/.derivedData/ModuleCache.noindex -sdk-module-cache-path /Users/admin/builder/spi-builder-workspace/.derivedData/SDKExplicitPrecompiledModules -emit-dependencies -emit-module -emit-module-path /Users/admin/builder/spi-builder-workspace/.derivedData/Build/Intermediates.noindex/SheeKit.build/Debug-iphoneos/SheeKit-t.build/Objects-normal/arm64/SheeKit.swiftmodule -serialize-diagnostics -dependency-scan-serialize-diagnostics-path /Users/admin/builder/spi-builder-workspace/.derivedData/Build/Intermediates.noindex/SheeKit.build/Debug-iphoneos/SheeKit-t.build/Objects-normal/arm64/SheeKit-dependency-scan.dia -validate-clang-modules-once -clang-build-session-file /Users/admin/builder/spi-builder-workspace/.derivedData/ModuleCache.noindex/Session.modulevalidation -Xcc -fmodules-prune-interval\=86400 -Xcc -fmodules-prune-after\=345600 -emit-const-values -const-gather-protocols-list /Users/admin/builder/spi-builder-workspace/.derivedData/Build/Intermediates.noindex/SheeKit.build/Debug-iphoneos/SheeKit-t.build/Objects-normal/arm64/SheeKit_const_extract_protocols.json -Xcc -I/Users/admin/builder/spi-builder-workspace/.derivedData/Build/Products/Debug-iphoneos/include -Xcc -I/Users/admin/builder/spi-builder-workspace/.derivedData/Build/Intermediates.noindex/SheeKit.build/Debug-iphoneos/SheeKit-t.build/DerivedSources-normal/arm64 -Xcc -I/Users/admin/builder/spi-builder-workspace/.derivedData/Build/Intermediates.noindex/SheeKit.build/Debug-iphoneos/SheeKit-t.build/DerivedSources/arm64 -Xcc -I/Users/admin/builder/spi-builder-workspace/.derivedData/Build/Intermediates.noindex/SheeKit.build/Debug-iphoneos/SheeKit-t.build/DerivedSources -Xcc -DSWIFT_PACKAGE -Xcc -DDEBUG\=1 -emit-objc-header -emit-objc-header-path /Users/admin/builder/spi-builder-workspace/.derivedData/Build/Intermediates.noindex/SheeKit.build/Debug-iphoneos/SheeKit-t.build/Objects-normal/arm64/SheeKit-Swift.h -working-directory /Users/admin/builder/spi-builder-workspace/.swiftpm/xcode -experimental-emit-module-separately -disable-cmo
SwiftCompile normal arm64 Compiling\ Extensions.swift /Users/admin/builder/spi-builder-workspace/Sources/SheeKit/Extensions.swift (in target 'SheeKit' from project 'SheeKit')
SwiftCompile normal arm64 /Users/admin/builder/spi-builder-workspace/Sources/SheeKit/Extensions.swift (in target 'SheeKit' from project 'SheeKit')
cd /Users/admin/builder/spi-builder-workspace/.swiftpm/xcode
builtin-SwiftPerFileCompile Extensions.swift
SwiftEmitModule normal arm64 Emitting\ module\ for\ SheeKit (in target 'SheeKit' from project 'SheeKit')
/Users/admin/builder/spi-builder-workspace/Sources/SheeKit/ModalPresentationStyle.swift:207:1: warning: extension declares a conformance of imported type 'Detent' to imported protocol 'Comparable'; this will not behave correctly if the owners of 'UIKit' introduce this conformance in the future
205 |
206 | @available(iOS 15, *)
207 | extension UISheetPresentationController.Detent: Comparable {
| |- warning: extension declares a conformance of imported type 'Detent' to imported protocol 'Comparable'; this will not behave correctly if the owners of 'UIKit' introduce this conformance in the future
| `- note: add '@retroactive' to silence this warning
208 | public static func < (lhs: UISheetPresentationController.Detent, rhs: UISheetPresentationController.Detent) -> Bool {
209 | lhs == medium() && rhs == large() ? true : false
/Users/admin/builder/spi-builder-workspace/Sources/SheeKit/ModalPresentationStyle.swift:249:11: error: 'ModalPresentationStyleCompat' has been renamed to 'ModalPresentationStyle'
62 | @available(iOS 13, *)
63 | @available(iOS, deprecated: 15, obsoleted: 15, renamed: "ModalPresentationStyle")
64 | public enum ModalPresentationStyleCompat {
| `- note: 'ModalPresentationStyleCompat' was obsoleted in iOS 15
65 | /// The default presentation style chosen by the system.
66 | case automatic
:
247 | }
248 |
249 | extension ModalPresentationStyleCompat: ModalPresentationConfigurator {
| `- error: 'ModalPresentationStyleCompat' has been renamed to 'ModalPresentationStyle'
250 | internal func setup(_ viewController: UIViewController, presenter: UIViewController, isInitial: Bool) {
251 | switch self {
Failed frontend command:
/Applications/Xcode-27.0.0-Release.Candidate.app/Contents/Developer/Toolchains/XcodeDefault.xctoolchain/usr/bin/swift-frontend -frontend -emit-module -experimental-skip-non-inlinable-function-bodies-without-types /Users/admin/builder/spi-builder-workspace/Sources/SheeKit/AdaptiveDelegate.swift /Users/admin/builder/spi-builder-workspace/Sources/SheeKit/Extensions.swift /Users/admin/builder/spi-builder-workspace/Sources/SheeKit/ModalPresentationStyle.swift /Users/admin/builder/spi-builder-workspace/Sources/SheeKit/SheetHostingController.swift /Users/admin/builder/spi-builder-workspace/Sources/SheeKit/SheetModifier.swift /Users/admin/builder/spi-builder-workspace/Sources/SheeKit/SheetPresenterController.swift /Users/admin/builder/spi-builder-workspace/Sources/SheeKit/SheetProperties.swift /Users/admin/builder/spi-builder-workspace/Sources/SheeKit/UIViewControllerProxy.swift -target arm64-apple-ios15.0 -disable-cross-import-overlay-search -load-resolved-plugin /Applications/Xcode-27.0.0-Release.Candidate.app/Contents/Developer/Platforms/iPhoneOS.platform/Developer/usr/lib/swift/host/plugins/libFoundationMacros.dylib\#/Applications/Xcode-27.0.0-Release.Candidate.app/Contents/Developer/Platforms/iPhoneOS.platform/Developer/usr/bin/swift-plugin-server\#FoundationMacros -load-resolved-plugin /Applications/Xcode-27.0.0-Release.Candidate.app/Contents/Developer/Platforms/iPhoneOS.platform/Developer/usr/lib/swift/host/plugins/libObservationMacros.dylib\#/Applications/Xcode-27.0.0-Release.Candidate.app/Contents/Developer/Platforms/iPhoneOS.platform/Developer/usr/bin/swift-plugin-server\#ObservationMacros -load-resolved-plugin /Applications/Xcode-27.0.0-Release.Candidate.app/Contents/Developer/Platforms/iPhoneOS.platform/Developer/usr/lib/swift/host/plugins/libPreviewsMacros.dylib\#/Applications/Xcode-27.0.0-Release.Candidate.app/Contents/Developer/Platforms/iPhoneOS.platform/Developer/usr/bin/swift-plugin-server\#PreviewsMacros -load-resolved-plugin /Applications/Xcode-27.0.0-Release.Candidate.app/Contents/Developer/Platforms/iPhoneOS.platform/Developer/usr/lib/swift/host/plugins/libSwiftMacros.dylib\#/Applications/Xcode-27.0.0-Release.Candidate.app/Contents/Developer/Platforms/iPhoneOS.platform/Developer/usr/bin/swift-plugin-server\#SwiftMacros -load-resolved-plugin /Applications/Xcode-27.0.0-Release.Candidate.app/Contents/Developer/Platforms/iPhoneOS.platform/Developer/usr/lib/swift/host/plugins/libSwiftUIMacros.dylib\#/Applications/Xcode-27.0.0-Release.Candidate.app/Contents/Developer/Platforms/iPhoneOS.platform/Developer/usr/bin/swift-plugin-server\#SwiftUIMacros -disable-implicit-swift-modules -Xcc -fno-implicit-modules -Xcc -fno-implicit-module-maps -explicit-swift-module-map-file /Users/admin/builder/spi-builder-workspace/.derivedData/Build/Intermediates.noindex/SheeKit.build/Debug-iphoneos/SheeKit-t.build/Objects-normal/arm64/SheeKit-dependencies-1.json -Xllvm -aarch64-use-tbi -enable-objc-interop -stack-check -sdk /Applications/Xcode-27.0.0-Release.Candidate.app/Contents/Developer/Platforms/iPhoneOS.platform/Developer/SDKs/iPhoneOS27.0.sdk -I /Users/admin/builder/spi-builder-workspace/.derivedData/Build/Products/Debug-iphoneos -Isystem /Applications/Xcode-27.0.0-Release.Candidate.app/Contents/Developer/Platforms/iPhoneOS.platform/Developer/usr/lib -F /Users/admin/builder/spi-builder-workspace/.derivedData/Build/Products/Debug-iphoneos -F /Applications/Xcode-27.0.0-Release.Candidate.app/Contents/Developer/Platforms/iPhoneOS.platform/Developer/Library/Frameworks -F /Applications/Xcode-27.0.0-Release.Candidate.app/Contents/Developer/Platforms/iPhoneOS.platform/Developer/SDKs/iPhoneOS27.0.sdk/Developer/Library/Frameworks -module-cache-path /Users/admin/builder/spi-builder-workspace/.derivedData/Build/Intermediates.noindex/SwiftExplicitPrecompiledModules -no-color-diagnostics -Xcc -fno-color-diagnostics -enable-testing -g -debug-info-format\=dwarf -dwarf-version\=4 -profile-generate -profile-coverage-mapping -swift-version 5 -Onone -D SWIFT_PACKAGE -D DEBUG -D SWIFT_MODULE_RESOURCE_BUNDLE_UNAVAILABLE -D Xcode -serialize-debugging-options -enable-experimental-feature DebugDescriptionMacro -empty-abi-descriptor -validate-clang-modules-once -clang-build-session-file /Users/admin/builder/spi-builder-workspace/.derivedData/ModuleCache.noindex/Session.modulevalidation -Xcc -working-directory -Xcc /Users/admin/builder/spi-builder-workspace/.swiftpm/xcode -enable-anonymous-context-mangled-names -file-compilation-dir /Users/admin/builder/spi-builder-workspace/.swiftpm/xcode -Xcc -D_LIBCPP_HARDENING_MODE\=_LIBCPP_HARDENING_MODE_DEBUG -Xcc -ivfsstatcache -Xcc /Users/admin/builder/spi-builder-workspace/.derivedData/SDKStatCaches.noindex/iphoneos27.0-24A430-e829b21a6f8c9b70876ba0858053c04440ceaa042ed91876912b2eeea4e3aa14.sdkstatcache -Xcc -fmodules-prune-interval\=86400 -Xcc -fmodules-prune-after\=345600 -Xcc -I/Users/admin/builder/spi-builder-workspace/.derivedData/Build/Products/Debug-iphoneos/include -Xcc -I/Users/admin/builder/spi-builder-workspace/.derivedData/Build/Intermediates.noindex/SheeKit.build/Debug-iphoneos/SheeKit-t.build/DerivedSources-normal/arm64 -Xcc -I/Users/admin/builder/spi-builder-workspace/.derivedData/Build/Intermediates.noindex/SheeKit.build/Debug-iphoneos/SheeKit-t.build/DerivedSources/arm64 -Xcc -I/Users/admin/builder/spi-builder-workspace/.derivedData/Build/Intermediates.noindex/SheeKit.build/Debug-iphoneos/SheeKit-t.build/DerivedSources -Xcc -DSWIFT_PACKAGE -Xcc -DDEBUG\=1 -no-auto-bridging-header-chaining -module-name SheeKit -const-gather-protocols-file /Users/admin/builder/spi-builder-workspace/.derivedData/Build/Intermediates.noindex/SheeKit.build/Debug-iphoneos/SheeKit-t.build/Objects-normal/arm64/SheeKit_const_extract_protocols.json -disable-clang-spi -clang-target arm64-apple-ios27.0 -target-sdk-version 27.0 -target-sdk-name iphoneos27.0 -in-process-plugin-server-path /Applications/Xcode-27.0.0-Release.Candidate.app/Contents/Developer/Toolchains/XcodeDefault.xctoolchain/usr/lib/swift/host/libSwiftInProcPluginServer.dylib -emit-module-doc-path /Users/admin/builder/spi-builder-workspace/.derivedData/Build/Intermediates.noindex/SheeKit.build/Debug-iphoneos/SheeKit-t.build/Objects-normal/arm64/SheeKit.swiftdoc -emit-module-source-info-path /Users/admin/builder/spi-builder-workspace/.derivedData/Build/Intermediates.noindex/SheeKit.build/Debug-iphoneos/SheeKit-t.build/Objects-normal/arm64/SheeKit.swiftsourceinfo -emit-objc-header-path /Users/admin/builder/spi-builder-workspace/.derivedData/Build/Intermediates.noindex/SheeKit.build/Debug-iphoneos/SheeKit-t.build/Objects-normal/arm64/SheeKit-Swift.h -serialize-diagnostics-path /Users/admin/builder/spi-builder-workspace/.derivedData/Build/Intermediates.noindex/SheeKit.build/Debug-iphoneos/SheeKit-t.build/Objects-normal/arm64/SheeKit-primary-emit-module.dia -emit-dependencies-path /Users/admin/builder/spi-builder-workspace/.derivedData/Build/Intermediates.noindex/SheeKit.build/Debug-iphoneos/SheeKit-t.build/Objects-normal/arm64/SheeKit-primary-emit-module.d -parse-as-library -o /Users/admin/builder/spi-builder-workspace/.derivedData/Build/Intermediates.noindex/SheeKit.build/Debug-iphoneos/SheeKit-t.build/Objects-normal/arm64/SheeKit.swiftmodule -emit-abi-descriptor-path /Users/admin/builder/spi-builder-workspace/.derivedData/Build/Intermediates.noindex/SheeKit.build/Debug-iphoneos/SheeKit-t.build/Objects-normal/arm64/SheeKit.abi.json
SwiftCompile normal arm64 (in target 'SheeKit' from project 'SheeKit')
cd /Users/admin/builder/spi-builder-workspace/.swiftpm/xcode
SwiftCompile normal arm64 Compiling\ UIViewControllerProxy.swift /Users/admin/builder/spi-builder-workspace/Sources/SheeKit/UIViewControllerProxy.swift (in target 'SheeKit' from project 'SheeKit')
SwiftCompile normal arm64 /Users/admin/builder/spi-builder-workspace/Sources/SheeKit/UIViewControllerProxy.swift (in target 'SheeKit' from project 'SheeKit')
cd /Users/admin/builder/spi-builder-workspace/.swiftpm/xcode
builtin-SwiftPerFileCompile UIViewControllerProxy.swift
SwiftCompile normal arm64 Compiling\ SheetPresenterController.swift /Users/admin/builder/spi-builder-workspace/Sources/SheeKit/SheetPresenterController.swift (in target 'SheeKit' from project 'SheeKit')
SwiftCompile normal arm64 /Users/admin/builder/spi-builder-workspace/Sources/SheeKit/SheetPresenterController.swift (in target 'SheeKit' from project 'SheeKit')
cd /Users/admin/builder/spi-builder-workspace/.swiftpm/xcode
builtin-SwiftPerFileCompile SheetPresenterController.swift
SwiftCompile normal arm64 Compiling\ SheetProperties.swift /Users/admin/builder/spi-builder-workspace/Sources/SheeKit/SheetProperties.swift (in target 'SheeKit' from project 'SheeKit')
SwiftCompile normal arm64 /Users/admin/builder/spi-builder-workspace/Sources/SheeKit/SheetProperties.swift (in target 'SheeKit' from project 'SheeKit')
cd /Users/admin/builder/spi-builder-workspace/.swiftpm/xcode
builtin-SwiftPerFileCompile SheetProperties.swift
SwiftCompile normal arm64 Compiling\ ModalPresentationStyle.swift /Users/admin/builder/spi-builder-workspace/Sources/SheeKit/ModalPresentationStyle.swift (in target 'SheeKit' from project 'SheeKit')
/Users/admin/builder/spi-builder-workspace/Sources/SheeKit/ModalPresentationStyle.swift:207:1: warning: extension declares a conformance of imported type 'Detent' to imported protocol 'Comparable'; this will not behave correctly if the owners of 'UIKit' introduce this conformance in the future
205 |
206 | @available(iOS 15, *)
207 | extension UISheetPresentationController.Detent: Comparable {
| |- warning: extension declares a conformance of imported type 'Detent' to imported protocol 'Comparable'; this will not behave correctly if the owners of 'UIKit' introduce this conformance in the future
| `- note: add '@retroactive' to silence this warning
208 | public static func < (lhs: UISheetPresentationController.Detent, rhs: UISheetPresentationController.Detent) -> Bool {
209 | lhs == medium() && rhs == large() ? true : false
SwiftCompile normal arm64 /Users/admin/builder/spi-builder-workspace/Sources/SheeKit/ModalPresentationStyle.swift (in target 'SheeKit' from project 'SheeKit')
cd /Users/admin/builder/spi-builder-workspace/.swiftpm/xcode
builtin-SwiftPerFileCompile ModalPresentationStyle.swift
SwiftCompile normal arm64 Compiling\ SheetModifier.swift /Users/admin/builder/spi-builder-workspace/Sources/SheeKit/SheetModifier.swift (in target 'SheeKit' from project 'SheeKit')
SwiftCompile normal arm64 /Users/admin/builder/spi-builder-workspace/Sources/SheeKit/SheetModifier.swift (in target 'SheeKit' from project 'SheeKit')
cd /Users/admin/builder/spi-builder-workspace/.swiftpm/xcode
builtin-SwiftPerFileCompile SheetModifier.swift
SwiftCompile normal arm64 Compiling\ SheetHostingController.swift /Users/admin/builder/spi-builder-workspace/Sources/SheeKit/SheetHostingController.swift (in target 'SheeKit' from project 'SheeKit')
SwiftCompile normal arm64 /Users/admin/builder/spi-builder-workspace/Sources/SheeKit/SheetHostingController.swift (in target 'SheeKit' from project 'SheeKit')
cd /Users/admin/builder/spi-builder-workspace/.swiftpm/xcode
builtin-SwiftPerFileCompile SheetHostingController.swift
SwiftCompile normal arm64 Compiling\ AdaptiveDelegate.swift /Users/admin/builder/spi-builder-workspace/Sources/SheeKit/AdaptiveDelegate.swift (in target 'SheeKit' from project 'SheeKit')
SwiftCompile normal arm64 /Users/admin/builder/spi-builder-workspace/Sources/SheeKit/AdaptiveDelegate.swift (in target 'SheeKit' from project 'SheeKit')
cd /Users/admin/builder/spi-builder-workspace/.swiftpm/xcode
builtin-SwiftPerFileCompile AdaptiveDelegate.swift
PruneExplicitPrecompiledModules /Users/admin/builder/spi-builder-workspace/.derivedData/Build/Intermediates.noindex/ExplicitPrecompiledModules
PruneExplicitPrecompiledModules /Users/admin/builder/spi-builder-workspace/.derivedData/Build/Intermediates.noindex/SwiftExplicitPrecompiledModules
PruneExplicitPrecompiledModules /Users/admin/builder/spi-builder-workspace/.derivedData/SDKExplicitPrecompiledModules
2026-09-18 00:03:40.335 xcodebuild[776:4876] [MT] IDERunDestination: Supported platforms for the buildables in the current scheme is empty.
** BUILD FAILED **
The following build commands failed:
SwiftEmitModule normal arm64 Emitting\ module\ for\ SheeKit (in target 'SheeKit' from project 'SheeKit')
SwiftCompile normal arm64 (in target 'SheeKit' from project 'SheeKit')
Building workspace SheeKit with scheme SheeKit
(3 failures)
BUILD FAILURE 6.4 iOS