Build Information
Failed to build GoogleCloudBuildV1, reference main (d80081), with Swift 6.2 for Android on 11 Oct 2026 18:25:17 UTC.
Build Command
bash -c docker run --pull=always --rm -v "checkouts-54344845-0":/host -w "$PWD" -e JAVA_HOME="/root/.sdkman/candidates/java/current" -e SPI_BUILD="1" -e SPI_PROCESSING="1" registry.gitlab.com/saguaro1/spi-images:android-6.2-latest swift build --swift-sdk aarch64-unknown-linux-android28 2>&1Build Log
========================================
RunAll
========================================
Builder version: 5.1.1
Interrupt handler set up.
========================================
Checkout
========================================
Clone URL: https://github.com/googleapis/swift-google-devtools-cloudbuild-v1.git
Reference: main
Initialized empty Git repository in /host/spi-builder-workspace/.git/
hint: Using 'master' as the name for the initial branch. This default branch name
hint: is subject to change. To configure the initial branch name to use in all
hint: of your new repositories, which will suppress this warning, call:
hint:
hint: git config --global init.defaultBranch <name>
hint:
hint: Names commonly chosen instead of 'master' are 'main', 'trunk' and
hint: 'development'. The just-created branch can be renamed via this command:
hint:
hint: git branch -m <name>
From https://github.com/googleapis/swift-google-devtools-cloudbuild-v1
* branch main -> FETCH_HEAD
* [new branch] main -> origin/main
HEAD is now at d800817 chore: release circa 2026-10-07 (#1382)
Cloned https://github.com/googleapis/swift-google-devtools-cloudbuild-v1.git
Revision (git rev-parse @):
d800817e01d3b08c811bfc03be337a18d1e36754
SPI manifest file found: $PWD/.spi.yml
SUCCESS checkout https://github.com/googleapis/swift-google-devtools-cloudbuild-v1.git at main
========================================
Build
========================================
Selected platform: android
Swift version: 6.2
Building package at path: $PWD
https://github.com/googleapis/swift-google-devtools-cloudbuild-v1.git
Running build ...
bash -c docker run --pull=always --rm -v "checkouts-54344845-0":/host -w "$PWD" -e JAVA_HOME="/root/.sdkman/candidates/java/current" -e SPI_BUILD="1" -e SPI_PROCESSING="1" registry.gitlab.com/saguaro1/spi-images:android-6.2-latest swift build --swift-sdk aarch64-unknown-linux-android28 2>&1
android-6.2-latest: Pulling from saguaro1/spi-images
Digest: sha256:a839c9ce201f1dacc8eb056626ec7ab0a1c6d53d7b77c83feda395f4507c51be
Status: Image is up to date for registry.gitlab.com/saguaro1/spi-images:android-6.2-latest
Fetching https://github.com/googleapis/swift-google-auth
Fetching https://github.com/googleapis/swift-google-longrunning
Fetching https://github.com/apple/swift-log
Fetching https://github.com/googleapis/swift-google-rpc
Fetching https://github.com/googleapis/swift-google-wkt
Fetching https://github.com/googleapis/swift-google-gax
[1/1023] Fetching swift-google-auth
[165/1445] Fetching swift-google-auth, swift-google-rpc
[447/2468] Fetching swift-google-auth, swift-google-rpc, swift-google-wkt
[2153/4216] Fetching swift-google-auth, swift-google-rpc, swift-google-wkt, swift-google-gax
[2181/12473] Fetching swift-google-auth, swift-google-rpc, swift-google-wkt, swift-google-gax, swift-log
[2233/13092] Fetching swift-google-auth, swift-google-rpc, swift-google-wkt, swift-google-gax, swift-log, swift-google-longrunning
Fetched https://github.com/googleapis/swift-google-rpc from cache (0.39s)
[1896/12670] Fetching swift-google-auth, swift-google-wkt, swift-google-gax, swift-log, swift-google-longrunning
Fetching https://github.com/googleapis/swift-google-api
Fetched https://github.com/googleapis/swift-google-wkt from cache (0.42s)
Fetched https://github.com/googleapis/swift-google-auth from cache (0.42s)
Fetched https://github.com/googleapis/swift-google-longrunning from cache (0.43s)
Fetched https://github.com/googleapis/swift-google-gax from cache (0.43s)
[1239/8257] Fetching swift-log
Fetched https://github.com/apple/swift-log from cache (0.60s)
[1/1063] Fetching swift-google-api
Fetched https://github.com/googleapis/swift-google-api from cache (1.17s)
Computing version for https://github.com/googleapis/swift-google-wkt
Computed https://github.com/googleapis/swift-google-wkt at 0.5.0 (1.71s)
Fetching https://github.com/swift-extras/swift-extras-base64
[1/954] Fetching swift-extras-base64
Fetched https://github.com/swift-extras/swift-extras-base64 from cache (0.80s)
Computing version for https://github.com/googleapis/swift-google-rpc
Computed https://github.com/googleapis/swift-google-rpc at 0.5.0 (0.96s)
Computing version for https://github.com/googleapis/swift-google-longrunning
Computed https://github.com/googleapis/swift-google-longrunning at 0.5.0 (0.15s)
Computing version for https://github.com/googleapis/swift-google-gax
Computed https://github.com/googleapis/swift-google-gax at 0.5.0 (0.15s)
Fetching https://github.com/apple/swift-nio
Fetching https://github.com/swift-server/async-http-client.git
[1/16464] Fetching async-http-client
[495/102838] Fetching async-http-client, swift-nio
Fetched https://github.com/swift-server/async-http-client.git from cache (3.14s)
Fetched https://github.com/apple/swift-nio from cache (3.17s)
Computing version for https://github.com/googleapis/swift-google-auth
Computed https://github.com/googleapis/swift-google-auth at 0.5.0 (3.32s)
Fetching https://github.com/vapor/jwt-kit.git
Fetching https://github.com/apple/swift-system.git
[1/7241] Fetching swift-system
[7242/17495] Fetching swift-system, jwt-kit
Fetched https://github.com/apple/swift-system.git from cache (1.23s)
Fetched https://github.com/vapor/jwt-kit.git from cache (1.24s)
Computing version for https://github.com/googleapis/swift-google-api
Computed https://github.com/googleapis/swift-google-api at 0.5.0 (1.39s)
Computing version for https://github.com/swift-extras/swift-extras-base64
Computed https://github.com/swift-extras/swift-extras-base64 at 1.2.0 (0.13s)
Computing version for https://github.com/swift-server/async-http-client.git
Computed https://github.com/swift-server/async-http-client.git at 1.36.2 (0.17s)
Fetching https://github.com/apple/swift-service-context.git
Fetching https://github.com/apple/swift-nio-transport-services.git
Fetching https://github.com/apple/swift-algorithms.git
Fetching https://github.com/apple/swift-atomics.git
Fetching https://github.com/apple/swift-nio-extras.git
Fetching https://github.com/apple/swift-configuration.git
[1/1501] Fetching swift-service-context
[392/3390] Fetching swift-service-context, swift-atomics
[2712/6257] Fetching swift-service-context, swift-atomics, swift-nio-transport-services
[3555/12421] Fetching swift-service-context, swift-atomics, swift-nio-transport-services, swift-algorithms
[4170/16349] Fetching swift-service-context, swift-atomics, swift-nio-transport-services, swift-algorithms, swift-configuration
[5468/23052] Fetching swift-service-context, swift-atomics, swift-nio-transport-services, swift-algorithms, swift-configuration, swift-nio-extras
Fetched https://github.com/apple/swift-nio-extras.git from cache (0.53s)
Fetching https://github.com/apple/swift-nio-http2.git
[12814/16349] Fetching swift-service-context, swift-atomics, swift-nio-transport-services, swift-algorithms, swift-configuration
Fetched https://github.com/apple/swift-nio-transport-services.git from cache (0.75s)
Fetched https://github.com/apple/swift-service-context.git from cache (0.75s)
Fetched https://github.com/apple/swift-configuration.git from cache (0.75s)
Fetched https://github.com/apple/swift-atomics.git from cache (0.75s)
Fetched https://github.com/apple/swift-algorithms.git from cache (0.75s)
Fetching https://github.com/apple/swift-nio-ssl.git
Fetching https://github.com/apple/swift-distributed-tracing.git
[1/12294] Fetching swift-nio-http2
[2583/18845] Fetching swift-nio-http2, swift-distributed-tracing
[11883/35716] Fetching swift-nio-http2, swift-distributed-tracing, swift-nio-ssl
Fetched https://github.com/apple/swift-distributed-tracing.git from cache (0.59s)
[12463/29165] Fetching swift-nio-http2, swift-nio-ssl
Fetched https://github.com/apple/swift-nio-http2.git from cache (0.99s)
[675/16871] Fetching swift-nio-ssl
Fetched https://github.com/apple/swift-nio-ssl.git from cache (1.54s)
Computing version for https://github.com/apple/swift-service-context.git
Computed https://github.com/apple/swift-service-context.git at 1.3.0 (2.44s)
Computing version for https://github.com/apple/swift-algorithms.git
Computed https://github.com/apple/swift-algorithms.git at 1.2.1 (0.88s)
Fetching https://github.com/apple/swift-numerics.git
[1/6733] Fetching swift-numerics
Fetched https://github.com/apple/swift-numerics.git from cache (0.80s)
Computing version for https://github.com/apple/swift-log
Computed https://github.com/apple/swift-log at 1.16.1 (0.96s)
Computing version for https://github.com/apple/swift-distributed-tracing.git
Computed https://github.com/apple/swift-distributed-tracing.git at 1.5.0 (0.14s)
Computing version for https://github.com/apple/swift-atomics.git
Computed https://github.com/apple/swift-atomics.git at 1.3.1 (0.14s)
Computing version for https://github.com/apple/swift-numerics.git
Computed https://github.com/apple/swift-numerics.git at 1.1.1 (0.14s)
Computing version for https://github.com/apple/swift-nio
Computed https://github.com/apple/swift-nio at 2.104.0 (0.34s)
Fetching https://github.com/apple/swift-collections.git
[1/28703] Fetching swift-collections
Fetched https://github.com/apple/swift-collections.git from cache (1.23s)
Computing version for https://github.com/apple/swift-configuration.git
Computed https://github.com/apple/swift-configuration.git at 1.2.2 (2.02s)
Fetching https://github.com/swift-server/swift-service-lifecycle
[1/2867] Fetching swift-service-lifecycle
Fetched https://github.com/swift-server/swift-service-lifecycle from cache (0.48s)
Computing version for https://github.com/apple/swift-nio-transport-services.git
Computed https://github.com/apple/swift-nio-transport-services.git at 1.28.0 (0.64s)
Computing version for https://github.com/swift-server/swift-service-lifecycle
Computed https://github.com/swift-server/swift-service-lifecycle at 2.12.1 (0.14s)
Fetching https://github.com/apple/swift-async-algorithms.git
[1/6820] Fetching swift-async-algorithms
Fetched https://github.com/apple/swift-async-algorithms.git from cache (0.54s)
Computing version for https://github.com/apple/swift-async-algorithms.git
Computed https://github.com/apple/swift-async-algorithms.git at 1.1.7 (0.75s)
Computing version for https://github.com/apple/swift-collections.git
Computed https://github.com/apple/swift-collections.git at 1.7.2 (0.23s)
Computing version for https://github.com/apple/swift-nio-http2.git
Computed https://github.com/apple/swift-nio-http2.git at 1.46.0 (0.16s)
Computing version for https://github.com/vapor/jwt-kit.git
Computed https://github.com/vapor/jwt-kit.git at 5.7.1 (0.14s)
Fetching https://github.com/apple/swift-certificates.git
Fetching https://github.com/apple/swift-crypto.git
[1/7613] Fetching swift-certificates
Fetched https://github.com/apple/swift-certificates.git from cache (0.52s)
[1/18629] Fetching swift-crypto
Fetched https://github.com/apple/swift-crypto.git from cache (2.18s)
Computing version for https://github.com/apple/swift-crypto.git
Computed https://github.com/apple/swift-crypto.git at 4.5.2 (3.21s)
Fetching https://github.com/apple/swift-asn1.git
[1/2009] Fetching swift-asn1
Fetched https://github.com/apple/swift-asn1.git from cache (0.52s)
Computing version for https://github.com/apple/swift-asn1.git
Computed https://github.com/apple/swift-asn1.git at 1.7.3 (0.72s)
Computing version for https://github.com/apple/swift-certificates.git
Computed https://github.com/apple/swift-certificates.git at 1.21.0 (0.21s)
Computing version for https://github.com/apple/swift-nio-ssl.git
Computed https://github.com/apple/swift-nio-ssl.git at 2.37.5 (0.19s)
Computing version for https://github.com/apple/swift-system.git
Computed https://github.com/apple/swift-system.git at 1.8.1 (0.18s)
Computing version for https://github.com/apple/swift-nio-extras.git
Computed https://github.com/apple/swift-nio-extras.git at 1.35.1 (0.27s)
Fetching https://github.com/apple/swift-http-types.git
Fetching https://github.com/apple/swift-http-structured-headers.git
[1/1939] Fetching swift-http-types
[79/3192] Fetching swift-http-types, swift-http-structured-headers
Fetched https://github.com/apple/swift-http-types.git from cache (0.39s)
Fetched https://github.com/apple/swift-http-structured-headers.git from cache (0.40s)
Computing version for https://github.com/apple/swift-http-structured-headers.git
Computed https://github.com/apple/swift-http-structured-headers.git at 1.7.0 (0.55s)
Computing version for https://github.com/apple/swift-http-types.git
Computed https://github.com/apple/swift-http-types.git at 1.8.0 (0.17s)
Creating working copy for https://github.com/apple/swift-nio-transport-services.git
Working copy of https://github.com/apple/swift-nio-transport-services.git resolved at 1.28.0
Creating working copy for https://github.com/apple/swift-system.git
Working copy of https://github.com/apple/swift-system.git resolved at 1.8.1
Creating working copy for https://github.com/apple/swift-nio
Working copy of https://github.com/apple/swift-nio resolved at 2.104.0
Creating working copy for https://github.com/apple/swift-configuration.git
Working copy of https://github.com/apple/swift-configuration.git resolved at 1.2.2
Creating working copy for https://github.com/googleapis/swift-google-rpc
Working copy of https://github.com/googleapis/swift-google-rpc resolved at 0.5.0
Creating working copy for https://github.com/apple/swift-async-algorithms.git
Working copy of https://github.com/apple/swift-async-algorithms.git resolved at 1.1.7
Creating working copy for https://github.com/googleapis/swift-google-api
Working copy of https://github.com/googleapis/swift-google-api resolved at 0.5.0
Creating working copy for https://github.com/apple/swift-numerics.git
Working copy of https://github.com/apple/swift-numerics.git resolved at 1.1.1
Creating working copy for https://github.com/apple/swift-algorithms.git
Working copy of https://github.com/apple/swift-algorithms.git resolved at 1.2.1
Creating working copy for https://github.com/apple/swift-distributed-tracing.git
Working copy of https://github.com/apple/swift-distributed-tracing.git resolved at 1.5.0
Creating working copy for https://github.com/googleapis/swift-google-longrunning
Working copy of https://github.com/googleapis/swift-google-longrunning resolved at 0.5.0
Creating working copy for https://github.com/apple/swift-http-structured-headers.git
Working copy of https://github.com/apple/swift-http-structured-headers.git resolved at 1.7.0
Creating working copy for https://github.com/swift-extras/swift-extras-base64
Working copy of https://github.com/swift-extras/swift-extras-base64 resolved at 1.2.0
Creating working copy for https://github.com/apple/swift-nio-http2.git
Working copy of https://github.com/apple/swift-nio-http2.git resolved at 1.46.0
Creating working copy for https://github.com/swift-server/async-http-client.git
Working copy of https://github.com/swift-server/async-http-client.git resolved at 1.36.2
Creating working copy for https://github.com/apple/swift-certificates.git
Working copy of https://github.com/apple/swift-certificates.git resolved at 1.21.0
Creating working copy for https://github.com/googleapis/swift-google-wkt
Working copy of https://github.com/googleapis/swift-google-wkt resolved at 0.5.0
Creating working copy for https://github.com/apple/swift-atomics.git
Working copy of https://github.com/apple/swift-atomics.git resolved at 1.3.1
Creating working copy for https://github.com/apple/swift-asn1.git
Working copy of https://github.com/apple/swift-asn1.git resolved at 1.7.3
Creating working copy for https://github.com/apple/swift-nio-extras.git
Working copy of https://github.com/apple/swift-nio-extras.git resolved at 1.35.1
Creating working copy for https://github.com/apple/swift-log
Working copy of https://github.com/apple/swift-log resolved at 1.16.1
Creating working copy for https://github.com/apple/swift-nio-ssl.git
Working copy of https://github.com/apple/swift-nio-ssl.git resolved at 2.37.5
Creating working copy for https://github.com/googleapis/swift-google-gax
Working copy of https://github.com/googleapis/swift-google-gax resolved at 0.5.0
Creating working copy for https://github.com/swift-server/swift-service-lifecycle
Working copy of https://github.com/swift-server/swift-service-lifecycle resolved at 2.12.1
Creating working copy for https://github.com/googleapis/swift-google-auth
Working copy of https://github.com/googleapis/swift-google-auth resolved at 0.5.0
Creating working copy for https://github.com/apple/swift-crypto.git
Working copy of https://github.com/apple/swift-crypto.git resolved at 4.5.2
Creating working copy for https://github.com/apple/swift-collections.git
Working copy of https://github.com/apple/swift-collections.git resolved at 1.7.2
Creating working copy for https://github.com/vapor/jwt-kit.git
Working copy of https://github.com/vapor/jwt-kit.git resolved at 5.7.1
Creating working copy for https://github.com/apple/swift-http-types.git
Working copy of https://github.com/apple/swift-http-types.git resolved at 1.8.0
Creating working copy for https://github.com/apple/swift-service-context.git
Working copy of https://github.com/apple/swift-service-context.git resolved at 1.3.0
Building for debugging...
[0/974] Compiling a_d2i_fp.cc
[0/974] Compiling a_dup.cc
[2/974] Compiling a_i2d_fp.cc
[2/974] Write sources
[7/974] Compiling _NumericsShims _NumericsShims.c
[7/974] Write sources
[16/974] Compiling _AtomicsShims.c
[17/974] Write sources
[68/974] Compiling a_bool.cc
[69/974] Compiling CXKCPShims shims.c
[70/974] Compiling SimpleFIPS202.c
[71/974] Compiling KeccakHash.c
[72/974] Write swift-version--11D90AFD9DD3AB2.txt
[73/974] Compiling KeccakSponge.c
[74/974] Compiling CNIOWindows shim.c
[75/974] Compiling CSystem shims.c
[76/982] Compiling a_mbstr.cc
[77/982] Compiling a_int.cc
[78/999] Compiling a_gentm.cc
[79/1036] Compiling t_req.cc
[80/1050] Compiling KeccakP-1600-opt64.c
[82/1061] Emitting module RealModule
[83/1062] Compiling RealModule RelaxedArithmetic.swift
[84/1062] Compiling SystemPackage IOCompletion.swift
[85/1062] Compiling SystemPackage IORequest.swift
[86/1062] Compiling SystemPackage IORing+Util.swift
[87/1062] Compiling SystemPackage IORing.swift
[88/1062] Compiling SystemPackage RawIORequest.swift
[89/1067] Compiling Logging LoggingSystem.swift
[90/1068] Compiling RealModule Float80+Real.swift
[91/1068] Compiling Logging StreamLogHandler.swift
[92/1068] Compiling Logging LogEvent.swift
[93/1068] Compiling Logging LogHandler.swift
[94/1068] Compiling SystemPackage FilePathComponentView.swift
[95/1068] Compiling SystemPackage FilePathComponents.swift
[96/1068] Compiling Logging SwiftLogNoOpLogHandler.swift
[97/1068] Compiling Logging Locks.swift
[98/1068] Compiling Logging MultiplexLogHandler.swift
[101/1070] Compiling SystemPackage FilePathTempPosix.swift
[102/1070] Compiling SystemPackage FilePathTempWindows.swift
[103/1070] Compiling SystemPackage FilePathParsing.swift
[104/1070] Compiling SystemPackage FilePathString.swift
[105/1070] Compiling SystemPackage FilePathSyntax.swift
[106/1070] Compiling SystemPackage FilePathTemp.swift
[107/1070] Compiling RealModule Real.swift
[108/1070] Compiling RealModule Float16+Real.swift
[109/1070] Compiling RealModule RealFunctions.swift
[114/1070] Compiling Logging Logger.swift
[115/1070] Compiling Logging Logger+With.swift
[116/1071] Compiling ServiceContextModule ServiceContext.swift
[117/1071] Emitting module _NIODataStructures
[118/1071] Compiling Logging Logger+Attributes.swift
[121/1071] Emitting module SwiftASN1
[123/1071] Emitting module _NIOBase64
[124/1071] Compiling ServiceContextModule ServiceContextKey.swift
[125/1071] Emitting module ServiceContextModule
[126/1071] Compiling _NIOBase64 Base64.swift
[127/1072] Compiling _NIODataStructures _TinyArray.swift
[128/1072] Compiling _NIODataStructures PriorityQueue.swift
[129/1072] Compiling _NIODataStructures Heap.swift
[130/1074] Compiling _CertificateInternals _TinyArray.swift
[131/1074] Emitting module _CertificateInternals
[139/1075] Emitting module SystemPackage
[142/1108] Wrapping AST for _NIOBase64 for debugging
[143/1114] Wrapping AST for _NIODataStructures for debugging
[144/1114] Wrapping AST for _CertificateInternals for debugging
[145/1114] Wrapping AST for ServiceContextModule for debugging
[146/1114] Compiling CNIOWindows WSAStartup.c
[148/1114] Compiling InternalCollectionsUtilities Iterable+CopyContents.swift
[149/1114] Compiling InternalCollectionsUtilities Iterable+Equality.swift
[150/1114] Compiling InternalCollectionsUtilities LifetimeOverride.swift
[151/1114] Compiling InternalCollectionsUtilities MutableRef.swift
[152/1114] Compiling Instrumentation NoOpInstrument.swift
[152/1114] Compiling CNIOWASI CNIOWASI.c
[153/1114] Wrapping AST for RealModule for debugging
[154/1117] Compiling CNIOPosix event_loop_id.c
[155/1117] Compiling CNIOOpenBSD shim.c
[156/1117] Compiling CNIOLinux liburing_shims.c
[158/1117] Compiling InternalCollectionsUtilities UnsafeMutablePointer+Extras.swift
[159/1117] Compiling InternalCollectionsUtilities UnsafeMutableRawBufferPointer+Extras.swift
[160/1117] Compiling InternalCollectionsUtilities UnsafePointer+Extras.swift
[161/1117] Compiling Instrumentation MultiplexInstrument.swift
[162/1117] Compiling Instrumentation Instrument.swift
[163/1117] Compiling ExtrasBase64 Base64+Span.swift
[164/1117] Emitting module Instrumentation
[165/1117] Compiling InternalCollectionsUtilities MutableSpan+Extras.swift
[166/1117] Compiling InternalCollectionsUtilities OutputSpan+Extras.swift
[167/1117] Compiling InternalCollectionsUtilities RandomAccessCollection+Offsets.swift
[168/1117] Compiling InternalCollectionsUtilities Span+Extras.swift
[168/1117] Compiling CNIOLinux shim.c
[169/1117] Compiling CNIOLLHTTP c_nio_llhttp.c
[170/1117] Compiling CNIOLLHTTP c_nio_http.c
[171/1117] Compiling CNIOFreeBSD shim.c
[173/1117] Compiling InternalCollectionsUtilities UnsafeRawBufferPointer+Extras.swift
[174/1117] Compiling InternalCollectionsUtilities _SortedCollection.swift
[175/1117] Compiling InternalCollectionsUtilities _UniqueCollection.swift
[175/1117] Compiling CNIOExtrasZlib zutil.c
[176/1117] Compiling CNIOLLHTTP c_nio_api.c
[177/1117] Compiling CNIOExtrasZlib inftrees.c
[178/1117] Compiling CNIOExtrasZlib trees.c
[180/1117] Compiling InternalCollectionsUtilities BorrowingIteratorProtocol+Equality.swift
[181/1117] Compiling InternalCollectionsUtilities BorrowingIteratorProtocol+Extras.swift
[182/1117] Compiling InternalCollectionsUtilities Debugging.swift
[183/1117] Compiling InternalCollectionsUtilities Descriptions.swift
[184/1117] Compiling InternalCollectionsUtilities FixedWidthInteger+roundUpToPowerOfTwo.swift
[185/1117] Compiling InternalCollectionsUtilities Integer rank.swift
[186/1117] Compiling InternalCollectionsUtilities UInt+first and last set bit.swift
[187/1117] Compiling InternalCollectionsUtilities UInt+reversed.swift
[187/1117] Compiling CNIOExtrasZlib inffast.c
[188/1117] Compiling CNIOExtrasZlib inflate.c
[189/1117] Compiling CNIOExtrasZlib crc32.c
[191/1117] Compiling InternalCollectionsUtilities Strideable+LimitHelpers.swift
[192/1117] Compiling InternalCollectionsUtilities String+Padding.swift
[192/1117] Compiling CNIOExtrasZlib deflate.c
[193/1117] Compiling CNIOExtrasZlib adler32.c
[194/1117] Compiling CNIODarwin shim.c
[195/1117] Compiling fiat_p256_adx_sqr.S
[196/1117] Compiling fiat_p256_adx_mul.S
[198/1117] Compiling SystemPackage SystemString.swift
[199/1117] Compiling SystemPackage Util+StringArray.swift
[200/1117] Compiling SystemPackage Util.swift
[201/1117] Compiling SystemPackage UtilConsumers.swift
[202/1117] Compiling SystemPackage WinSDK+Overlay.swift
[203/1117] Emitting module InternalCollectionsUtilities
[203/1117] Compiling fiat_curve25519_adx_square.S
[204/1117] Compiling fiat_curve25519_adx_mul.S
[205/1117] Compiling CNIOBoringSSLShims shims.c
[209/1117] Compiling InternalCollectionsUtilities TemporaryAllocation.swift
[210/1117] Compiling InternalCollectionsUtilities _UnsafeBitSet+Index.swift
[211/1117] Compiling InternalCollectionsUtilities _UnsafeBitSet+_Word.swift
[212/1117] Compiling InternalCollectionsUtilities _UnsafeBitSet.swift
[213/1117] Compiling InternalCollectionsUtilities UnsafeBufferPointer+Extras.swift
[214/1117] Compiling InternalCollectionsUtilities UnsafeMutableBufferPointer+Extras.swift
[216/1118] Compiling ExtrasBase64 Base32+Span.swift
[234/1118] Compiling Instrumentation Locks.swift
[235/1118] Compiling Instrumentation InstrumentationSystem.swift
[238/1119] Emitting module Logging
[243/1124] Compiling SystemPackage Backcompat.swift
[244/1124] Compiling SystemPackage CInterop.swift
[245/1124] Compiling SystemPackage Constants.swift
[246/1124] Compiling SystemPackage Exports.swift
[247/1124] Compiling SystemPackage Mocking.swift
[252/1124] Compiling SystemPackage PlatformString.swift
[253/1125] Compiling Logging MetadataProvider.swift
[254/1132] Emitting module SpanPreview
[255/1134] Compiling SpanPreview InputSpan.swift
[257/1134] Compiling SpanPreview MutableSpan+InputSpanHelpers.swift
[258/1134] Compiling SpanPreview OutputSpan+InputSpanHelpers.swift
[260/1135] Wrapping AST for SwiftASN1 for debugging
[261/1135] Wrapping AST for Logging for debugging
[262/1135] Wrapping AST for SystemPackage for debugging
[263/1135] Wrapping AST for InternalCollectionsUtilities for debugging
[264/1135] Wrapping AST for SpanPreview for debugging
[266/1135] Compiling Tracing TracingTime.swift
[267/1135] Compiling Tracing TracerProtocol.swift
[267/1178] Wrapping AST for Instrumentation for debugging
[269/1178] Compiling Tracing Tracer.swift
[270/1178] Compiling Tracing TracerProtocol+Legacy.swift
[271/1178] Emitting module Tracing
[271/1178] Compiling tls_method.cc
[273/1178] Compiling Tracing WithTracer.swift
[273/1178] Compiling tls_record.cc
[275/1178] Compiling DequeModule UniqueDeque+Consumption.swift
[276/1178] Compiling DequeModule UniqueDeque+ContainerOperations.swift
[277/1178] Compiling DequeModule UniqueDeque+Deprecations.swift
[278/1178] Compiling DequeModule UniqueDeque+Descriptions.swift
[279/1178] Compiling DequeModule UniqueDeque+Equatable.swift
[280/1178] Compiling DequeModule UniqueDeque+Hashable.swift
[281/1178] Compiling DequeModule UniqueDeque+Initializers.swift
[282/1178] Compiling DequeModule UniqueDeque+Insertions.swift
[283/1178] Compiling DequeModule UniqueDeque+Iterable.swift
[284/1178] Compiling DequeModule UniqueDeque+Prepend.swift
[285/1178] Compiling DequeModule UniqueDeque+Removals.swift
[286/1183] Compiling Tracing NoOpTracer.swift
[287/1183] Compiling Tracing SpanProtocol.swift
[288/1183] Compiling Tracing InstrumentationSystem+Tracing.swift
[290/1184] Compiling DequeModule _DequeBuffer.swift
[291/1184] Compiling DequeModule _DequeBufferHeader.swift
[292/1184] Compiling DequeModule RigidDeque+Append.swift
[293/1184] Compiling DequeModule RigidDeque+Consumption.swift
[294/1184] Compiling DequeModule RigidDeque+ContainerOperations.swift
[295/1184] Compiling DequeModule RigidDeque+Deprecations.swift
[296/1184] Compiling DequeModule RigidDeque+Descriptions.swift
[297/1184] Compiling DequeModule RigidDeque+Equatable.swift
[298/1184] Compiling DequeModule RigidDeque+Hashable.swift
[299/1184] Compiling DequeModule RigidDeque+Initializers.swift
[300/1184] Compiling DequeModule RigidDeque+Insertions.swift
[301/1184] Compiling DequeModule RigidDeque+Iterable.swift
[302/1184] Compiling DequeModule RigidDeque+Prepend.swift
[303/1184] Compiling DequeModule RigidDeque+Removals.swift
[304/1184] Compiling DequeModule RigidDeque+Replacements.swift
[305/1184] Compiling DequeModule RigidDeque+Testing.swift
[306/1184] Compiling DequeModule RigidDeque.swift
[307/1184] Compiling DequeModule UniqueDeque+Append.swift
[308/1184] Compiling DequeModule Deque+Codable.swift
[309/1184] Compiling DequeModule Deque+Collection.swift
[310/1184] Compiling DequeModule Deque+CustomReflectable.swift
[311/1184] Compiling DequeModule Deque+Descriptions.swift
[312/1184] Compiling DequeModule Deque+Equatable.swift
[313/1184] Compiling DequeModule Deque+ExpressibleByArrayLiteral.swift
[314/1184] Compiling DequeModule Deque+Extras.swift
[315/1184] Compiling DequeModule Deque+Hashable.swift
[316/1184] Compiling DequeModule Deque+Testing.swift
[317/1184] Compiling DequeModule Deque._Storage.swift
[318/1184] Compiling DequeModule Deque._UnsafeHandle.swift
[319/1184] Compiling DequeModule Deque.swift
[319/1184] Compiling tls13_enc.cc
[320/1184] Wrapping AST for Tracing for debugging
[321/1184] Compiling tls13_server.cc
[322/1184] Compiling t1_enc.cc
[323/1184] Compiling tls13_both.cc
[324/1184] Compiling tls13_client.cc
[325/1184] Compiling ssl_x509.cc
[326/1184] Compiling ssl_transcript.cc
[327/1184] Compiling ssl_versions.cc
[328/1184] Compiling ssl_stat.cc
[330/1184] Compiling DequeModule UniqueDeque+Replacements.swift
[331/1184] Compiling DequeModule UniqueDeque.swift
[332/1184] Compiling DequeModule _DequeSlot.swift
[333/1184] Compiling DequeModule _UnsafeDequeHandle.swift
[334/1184] Compiling DequeModule _UnsafeDequeSegments.swift
[334/1184] Compiling ssl_privkey.cc
[336/1184] Emitting module DequeModule
[337/1185] Compiling ssl_session.cc
[338/1185] Compiling ssl_lib.cc
[339/1220] Wrapping AST for DequeModule for debugging
[341/1228] Compiling ExtrasBase64 Base32.swift
[342/1228] Compiling ExtrasBase64 Base64.swift
[342/1228] Compiling ssl_key_share.cc
[343/1228] Compiling ssl_file.cc
[345/1228] Compiling Configuration Deprecations.swift
[346/1228] Compiling Configuration ExpressibleByConfigInt.swift
[347/1228] Compiling Configuration ExpressibleByConfigString.swift
[348/1228] Compiling Configuration CLIKeyEncoder.swift
[349/1228] Compiling Configuration ConfigKeyEncoder.swift
[350/1228] Compiling Configuration DotSeparatorKeyDecoder.swift
[350/1233] Compiling ssl_cert.cc
[351/1233] Compiling ssl_credential.cc
[353/1233] Emitting module Configuration
[354/1233] Emitting module ExtrasBase64
[355/1234] Compiling ssl_buffer.cc
[356/1265] Compiling ssl_asn1.cc
[357/1265] Compiling s3_pkt.cc
[358/1265] Wrapping AST for ExtrasBase64 for debugging
[359/1265] Compiling ssl_cipher.cc
[360/1265] Compiling s3_both.cc
[361/1265] Compiling s3_lib.cc
[363/1265] Compiling GoogleWKT WKTFloatValue.swift
[364/1265] Compiling GoogleWKT WKTInt32Value.swift
[365/1265] Compiling GoogleWKT WKTInt64Value.swift
[366/1265] Compiling GoogleWKT WKTRecursive.swift
[367/1269] Compiling GoogleWKT WKTDoubleValue.swift
[368/1269] Compiling GoogleWKT WKTDuration.swift
[369/1269] Compiling GoogleWKT WKTEmpty.swift
[370/1269] Compiling GoogleWKT WKTFieldMask.swift
[371/1269] Compiling GoogleWKT UnknownFields.swift
[372/1269] Compiling GoogleWKT WKTAny.swift
[373/1269] Compiling GoogleWKT WKTAnyError.swift
[374/1269] Compiling GoogleWKT WKTBoolValue.swift
[375/1269] Compiling GoogleWKT WKTBytesValue.swift
[376/1269] Compiling GoogleWKT WKTStringValue.swift
[377/1269] Compiling GoogleWKT WKTTimestamp.swift
[378/1269] Compiling GoogleWKT WKTUInt32Value.swift
[379/1269] Compiling GoogleWKT WKTUInt64Value.swift
[380/1269] Compiling GoogleWKT AnyPackable.swift
[381/1269] Compiling GoogleWKT DecodeToDefault.swift
[382/1269] Compiling GoogleWKT DiscoveryBase64.swift
[383/1269] Compiling GoogleWKT ProtoJSONDecoder.swift
[384/1269] Compiling GoogleWKT ProtoJSONEncoder.swift
[385/1269] Emitting module GoogleWKT
[385/1269] Compiling ssl_aead_ctx.cc
[387/1269] Compiling GoogleWKT WKTField.swift
[388/1269] Compiling GoogleWKT WKTMethod.swift
[389/1269] Compiling GoogleWKT WKTMixin.swift
[390/1269] Compiling GoogleWKT WKTOption.swift
[391/1269] Compiling GoogleWKT WKTValue.swift
[392/1269] Compiling GoogleWKT WKTApi.swift
[393/1269] Compiling GoogleWKT WKTEnum.swift
[394/1269] Compiling GoogleWKT WKTEnumValue.swift
[395/1269] Compiling GoogleWKT WKTSourceContext.swift
[396/1269] Compiling GoogleWKT WKTSyntax.swift
[397/1269] Compiling GoogleWKT WKTType.swift
[398/1269] Compiling GoogleWKT PackageVersion.swift
[399/1270] Compiling handshake.cc
[400/1270] Compiling handshake_client.cc
[407/1347] Compiling handoff.cc
[409/1355] Compiling GoogleApi GoSettings.swift
[410/1355] Compiling GoogleApi Http.swift
[411/1355] Compiling GoogleApi HttpBody.swift
[412/1355] Compiling GoogleApi HttpRule.swift
[413/1355] Compiling GoogleApi JavaSettings.swift
[414/1355] Compiling GoogleApi CppSettings.swift
[415/1355] Compiling GoogleApi CustomHttpPattern.swift
[416/1355] Compiling GoogleApi Distribution.swift
[417/1355] Compiling GoogleApi Documentation.swift
[418/1355] Compiling GoogleApi DocumentationRule.swift
[419/1355] Compiling GoogleApi DotnetSettings.swift
[420/1355] Compiling GoogleApi Endpoint.swift
[421/1355] Compiling GoogleApi ErrorReason.swift
[422/1355] Compiling GoogleApi FieldBehavior.swift
[423/1355] Compiling GoogleApi FieldInfo.swift
[424/1355] Compiling GoogleApi FieldPolicy.swift
[425/1355] Compiling GoogleApi FlowControlLimitExceededBehaviorProto.swift
[426/1355] Compiling GoogleApi Metric.swift
[427/1355] Compiling GoogleApi MetricDescriptor.swift
[428/1355] Compiling GoogleApi MetricRule.swift
[429/1355] Compiling GoogleApi MonitoredResource.swift
[430/1355] Compiling GoogleApi MonitoredResourceDescriptor.swift
[431/1355] Compiling GoogleApi MonitoredResourceMetadata.swift
[431/1355] Wrapping AST for GoogleWKT for debugging
[432/1355] Compiling extensions.cc
[434/1355] Compiling GoogleApi AuthenticationRule.swift
[435/1355] Compiling GoogleApi Backend.swift
[435/1357] Compiling handshake_server.cc
[437/1357] Compiling GoogleApi ClientLibraryDestination.swift
[438/1357] Compiling GoogleApi ClientLibraryOrganization.swift
[439/1357] Compiling GoogleRpc RetryInfo.swift
[440/1357] Compiling GoogleRpc Status.swift
[441/1357] Compiling GoogleApi ConfigChange.swift
[442/1357] Compiling GoogleApi Context.swift
[443/1357] Compiling GoogleApi Advice.swift
[444/1357] Compiling GoogleApi AuthProvider.swift
[445/1357] Compiling GoogleApi AuthRequirement.swift
[446/1357] Compiling GoogleApi Authentication.swift
[449/1358] Wrapping AST for Configuration for debugging
[457/1358] Emitting module GoogleRpc
[460/1358] Compiling GoogleApi BackendRule.swift
[461/1358] Compiling GoogleApi BatchingConfigProto.swift
[462/1358] Compiling GoogleApi Billing.swift
[463/1358] Compiling GoogleApi ChangeType.swift
[464/1358] Compiling GoogleApi BatchingDescriptorProto.swift
[465/1358] Compiling GoogleApi BatchingSettingsProto.swift
[466/1359] Wrapping AST for GoogleRpc for debugging
[467/1359] Compiling encrypted_client_hello.cc
[468/1359] Compiling dtls_record.cc
[469/1359] Compiling md5-x86_64-linux.S
[470/1359] Compiling md5-x86_64-apple.S
[471/1359] Compiling md5-586-linux.S
[472/1359] Compiling d1_srtp.cc
[473/1359] Compiling md5-586-apple.S
[474/1359] Compiling chacha20_poly1305_x86_64-linux.S
[475/1359] Compiling d1_lib.cc
[476/1359] Compiling d1_pkt.cc
[477/1359] Compiling chacha20_poly1305_x86_64-apple.S
[488/1360] Compiling chacha20_poly1305_armv8-win.S
[489/1368] Compiling dtls_method.cc
[490/1368] Compiling chacha-x86_64-linux.S
[491/1368] Compiling chacha20_poly1305_armv8-apple.S
[492/1368] Compiling chacha20_poly1305_armv8-linux.S
[494/1368] Emitting module GoogleApi
[494/1368] Compiling chacha-armv8-win.S
[495/1368] Compiling chacha-x86-apple.S
[496/1368] Compiling chacha-x86_64-apple.S
[497/1368] Compiling chacha-x86-linux.S
[498/1368] Compiling chacha-armv8-linux.S
[499/1368] Compiling chacha-armv8-apple.S
[500/1368] Compiling aes128gcmsiv-x86_64-linux.S
[500/1368] Compiling chacha-armv4-linux.S
[502/1368] Compiling aes128gcmsiv-x86_64-apple.S
[503/1368] Compiling x86_64-mont5-linux.S
[504/1368] Compiling x86_64-mont-linux.S
[505/1368] Compiling x86_64-mont-apple.S
[506/1368] Compiling x86_64-mont5-apple.S
[507/1368] Compiling x86-mont-linux.S
[508/1368] Compiling err_data.cc
[509/1368] Compiling x86-mont-apple.S
[510/1368] Compiling vpaes-x86_64-linux.S
[511/1368] Compiling vpaes-x86_64-apple.S
[512/1368] Compiling vpaes-x86-linux.S
[513/1368] Compiling vpaes-x86-apple.S
[514/1368] Compiling vpaes-armv8-apple.S
[515/1368] Compiling vpaes-armv8-win.S
[516/1368] Compiling vpaes-armv8-linux.S
[517/1368] Compiling vpaes-armv7-linux.S
[518/1368] Compiling sha512-x86_64-linux.S
[519/1368] Compiling sha512-x86_64-apple.S
[520/1368] Compiling sha512-armv8-apple.S
[521/1368] Compiling sha512-armv8-win.S
[522/1368] Compiling sha512-586-apple.S
[523/1368] Compiling sha512-armv8-linux.S
[524/1368] Compiling sha512-586-linux.S
[525/1368] Compiling sha512-armv4-linux.S
[526/1368] Compiling sha256-x86_64-linux.S
[527/1368] Compiling sha256-x86_64-apple.S
[528/1368] Compiling sha256-armv8-win.S
[529/1368] Compiling sha256-armv8-linux.S
[530/1368] Compiling sha256-armv8-apple.S
[531/1368] Compiling sha256-armv4-linux.S
[532/1368] Compiling sha256-586-linux.S
[533/1368] Compiling bio_ssl.cc
[534/1368] Compiling sha256-586-apple.S
[535/1368] Compiling sha1-x86_64-linux.S
[536/1368] Compiling sha1-armv8-win.S
[537/1368] Compiling sha1-armv8-apple.S
[538/1368] Compiling sha1-x86_64-apple.S
[539/1368] Compiling sha1-armv8-linux.S
[540/1368] Compiling sha1-armv4-large-linux.S
[541/1368] Compiling sha1-586-linux.S
[542/1368] Compiling rsaz-avx2-apple.S
[543/1368] Compiling rsaz-avx2-linux.S
[543/1368] Compiling sha1-586-apple.S
[545/1368] Compiling rdrand-x86_64-linux.S
[546/1368] Compiling rdrand-x86_64-apple.S
[547/1368] Compiling p256_beeu-x86_64-asm-linux.S
[548/1368] Compiling p256_beeu-x86_64-asm-apple.S
[549/1368] Compiling p256_beeu-armv8-asm-win.S
[550/1368] Compiling p256_beeu-armv8-asm-apple.S
[551/1368] Compiling p256_beeu-armv8-asm-linux.S
[552/1368] Compiling p256-x86_64-asm-linux.S
[553/1368] Compiling p256-armv8-asm-win.S
[554/1368] Compiling p256-x86_64-asm-apple.S
[555/1368] Compiling ghashv8-armv8-win.S
[556/1368] Compiling p256-armv8-asm-apple.S
[557/1368] Compiling ghashv8-armv8-linux.S
[558/1368] Compiling ghashv8-armv8-apple.S
[559/1368] Compiling ghashv8-armv7-linux.S
[560/1368] Compiling p256-armv8-asm-linux.S
[561/1368] Compiling ghash-x86_64-linux.S
[562/1368] Compiling ghash-x86_64-apple.S
[563/1368] Compiling ghash-x86-linux.S
[564/1368] Compiling ghash-x86-apple.S
[565/1368] Compiling ghash-ssse3-x86_64-linux.S
[566/1368] Compiling ghash-ssse3-x86-apple.S
[567/1368] Compiling ghash-ssse3-x86-linux.S
[568/1368] Compiling ghash-ssse3-x86_64-apple.S
[569/1368] Compiling ghash-neon-armv8-win.S
[570/1368] Compiling ghash-neon-armv8-linux.S
[572/1368] Compiling GoogleApi LogDescriptor.swift
[573/1368] Compiling GoogleApi Logging.swift
[574/1368] Compiling GoogleApi MethodPolicy.swift
[575/1368] Compiling GoogleApi MethodSettings.swift
[589/1368] Compiling GoogleApi JwtLocation.swift
[590/1368] Compiling GoogleApi LabelDescriptor.swift
[591/1368] Compiling GoogleApi LaunchStage.swift
[591/1368] Compiling ghash-armv4-linux.S
[592/1368] Compiling d1_both.cc
[593/1368] Compiling co-586-apple.S
[594/1368] Compiling co-586-linux.S
[595/1368] Compiling ghash-neon-armv8-apple.S
[596/1368] Compiling bsaes-armv7-linux.S
[597/1368] Compiling bn-armv8-linux.S
[598/1368] Compiling bn-armv8-win.S
[599/1368] Compiling bn-armv8-apple.S
[600/1368] Compiling bn-586-linux.S
[601/1368] Compiling bn-586-apple.S
[602/1368] Compiling armv8-mont-win.S
[603/1368] Compiling aesv8-gcm-armv8-win.S
[604/1368] Compiling armv4-mont-linux.S
[605/1368] Compiling armv8-mont-linux.S
[606/1368] Compiling armv8-mont-apple.S
[607/1368] Compiling aesv8-gcm-armv8-apple.S
[608/1368] Compiling aesv8-armv8-apple.S
[609/1368] Compiling aesv8-armv8-linux.S
[610/1368] Compiling aesni-x86_64-apple.S
[611/1368] Compiling aesv8-armv8-win.S
[612/1368] Compiling aesv8-gcm-armv8-linux.S
[614/1368] Compiling GoogleApi Monitoring.swift
[615/1368] Compiling GoogleApi NodeSettings.swift
[616/1368] Compiling GoogleApi OAuthRequirements.swift
[617/1368] Compiling GoogleApi PackageVersion.swift
[618/1368] Compiling GoogleApi Page.swift
[619/1368] Compiling GoogleApi PhpSettings.swift
[620/1368] Compiling GoogleApi ProjectProperties.swift
[621/1368] Compiling GoogleApi Property.swift
[622/1368] Compiling GoogleApi Publishing.swift
[623/1368] Compiling GoogleApi PythonSettings.swift
[624/1368] Compiling GoogleApi Quota.swift
[625/1368] Compiling GoogleApi QuotaLimit.swift
[626/1368] Compiling GoogleApi ResourceDescriptor.swift
[627/1368] Compiling GoogleApi ResourceReference.swift
[628/1368] Compiling GoogleApi RoutingParameter.swift
[629/1368] Compiling GoogleApi RoutingRule.swift
[630/1368] Compiling GoogleApi RubySettings.swift
[631/1368] Compiling GoogleApi SelectiveGapicGeneration.swift
[632/1368] Compiling GoogleApi Service.swift
[632/1368] Compiling aesv8-armv7-linux.S
[633/1368] Compiling aesni-gcm-x86_64-apple.S
[634/1368] Compiling aesni-x86-apple.S
[635/1368] Compiling aesni-x86_64-linux.S
[636/1368] Compiling aesni-x86-linux.S
[637/1368] Compiling aesni-gcm-x86_64-linux.S
[638/1368] Compiling aes-gcm-avx10-x86_64-apple.S
[639/1368] Compiling aes-gcm-avx2-x86_64-linux.S
[640/1368] Compiling aes-gcm-avx2-x86_64-apple.S
[641/1368] Compiling aes-gcm-avx10-x86_64-linux.S
[661/1368] Compiling GoogleApi ContextRule.swift
[662/1368] Compiling GoogleApi Control.swift
[663/1368] Compiling GoogleApi SourceInfo.swift
[664/1368] Compiling GoogleApi SystemParameter.swift
[665/1368] Compiling GoogleApi SystemParameterRule.swift
[666/1368] Compiling GoogleApi SystemParameters.swift
[667/1368] Compiling GoogleApi TypeReference.swift
[668/1368] Compiling GoogleApi Usage.swift
[669/1368] Compiling GoogleApi UsageRule.swift
[670/1368] Compiling GoogleApi Visibility.swift
[671/1368] Compiling GoogleApi VisibilityRule.swift
[672/1369] Compiling x_val.cc
[673/1369] Compiling x_spki.cc
[674/1369] Wrapping AST for GoogleApi for debugging
[675/1369] Compiling x_req.cc
[676/1369] Compiling x_sig.cc
[677/1369] Compiling x_pubkey.cc
[678/1369] Compiling x_x509a.cc
[679/1369] Compiling x_x509.cc
[680/1369] Compiling x_name.cc
[681/1369] Compiling x_exten.cc
[682/1369] Compiling x_all.cc
[683/1369] Compiling x509spki.cc
[684/1369] Compiling x_crl.cc
[685/1369] Compiling x_attrib.cc
[686/1369] Compiling x_algor.cc
[687/1369] Compiling x509rset.cc
[688/1369] Compiling x509name.cc
[689/1369] Compiling x509cset.cc
[690/1369] Compiling x509_vpm.cc
[691/1369] Compiling x509_vfy.cc
[692/1369] Compiling x509_trs.cc
[693/1369] Compiling x509_set.cc
[694/1369] Compiling x509_req.cc
[695/1369] Compiling x509_v3.cc
[696/1369] Compiling x509_txt.cc
[697/1369] Compiling x509_obj.cc
[698/1369] Compiling x509_lu.cc
[699/1369] Compiling x509_ext.cc
[700/1369] Compiling x509_def.cc
[701/1369] Compiling x509_d2.cc
[702/1369] Compiling x509_att.cc
[703/1369] Compiling x509_cmp.cc
[704/1369] Compiling x509.cc
[705/1369] Compiling v3_purp.cc
[705/1369] Compiling v3_skey.cc
[707/1369] Compiling v3_prn.cc
[708/1369] Compiling v3_utl.cc
[709/1369] Compiling v3_pcons.cc
[710/1369] Compiling v3_ocsp.cc
[711/1369] Compiling v3_pmaps.cc
[712/1369] Compiling v3_ncons.cc
[713/1369] Compiling v3_int.cc
[714/1369] Compiling v3_lib.cc
[715/1369] Compiling v3_ia5.cc
[716/1369] Compiling v3_info.cc
[717/1369] Compiling v3_genn.cc
[718/1369] Compiling v3_enum.cc
[719/1369] Compiling v3_cpols.cc
[720/1369] Compiling v3_extku.cc
[721/1369] Compiling v3_bitst.cc
[722/1369] Compiling v3_bcons.cc
[723/1369] Compiling v3_conf.cc
[724/1369] Compiling v3_alt.cc
[725/1369] Compiling v3_crld.cc
[726/1369] Compiling t_x509.cc
[727/1369] Compiling t_req.cc
[728/1369] Compiling v3_akeya.cc
[729/1369] Compiling t_crl.cc
[730/1369] Compiling t_x509a.cc
[731/1369] Compiling v3_akey.cc
[732/1369] Compiling i2d_pr.cc
[733/1369] Compiling policy.cc
[734/1369] Compiling by_file.cc
[735/1369] Compiling rsa_pss.cc
[736/1369] Compiling algorithm.cc
[737/1369] Compiling a_verify.cc
[738/1369] Compiling name_print.cc
[739/1369] Compiling asn1_gen.cc
[740/1369] Compiling by_dir.cc
[741/1369] Compiling trust_token.cc
[742/1369] Compiling a_sign.cc
[743/1369] Compiling pmbtoken.cc
[744/1369] Compiling thread_win.cc
[745/1369] Compiling a_digest.cc
[746/1369] Compiling thread_none.cc
[747/1369] Compiling thread_pthread.cc
[748/1369] Compiling thread.cc
[749/1369] Compiling voprf.cc
[750/1369] Compiling siphash.cc
[751/1369] Compiling sha512.cc
[752/1369] Compiling sha1.cc
[753/1369] Compiling stack.cc
[754/1369] Compiling spake2plus.cc
[755/1369] Compiling slhdsa.cc
[756/1369] Compiling rsa_print.cc
[757/1369] Compiling sha256.cc
[758/1369] Compiling rsa_extra.cc
[759/1369] Compiling rsa_crypt.cc
[760/1369] Compiling refcount.cc
[761/1369] Compiling rsa_asn1.cc
[762/1369] Compiling rc4.cc
[763/1369] Compiling trusty.cc
[764/1369] Compiling rand.cc
[765/1369] Compiling urandom.cc
[766/1369] Compiling passive.cc
[767/1369] Compiling windows.cc
[768/1369] Compiling poly1305_arm_asm.S
[769/1369] Compiling ios.cc
[770/1369] Compiling getentropy.cc
[771/1369] Compiling fork_detect.cc
[772/1369] Compiling deterministic.cc
[773/1369] Compiling forkunsafe.cc
[774/1369] Compiling poly1305.cc
[775/1369] Compiling poly1305_vec.cc
[776/1369] Compiling poly1305_arm.cc
[777/1369] Compiling pool.cc
[778/1369] Compiling pkcs8.cc
[779/1369] Compiling pkcs7.cc
[780/1369] Compiling pkcs8_x509.cc
[781/1369] Compiling p5_pbev2.cc
[782/1369] Compiling pkcs7_x509.cc
[783/1369] Compiling pem_pk8.cc
[784/1369] Compiling pem_pkey.cc
[785/1369] Compiling pem_xaux.cc
[786/1369] Compiling pem_x509.cc
[787/1369] Compiling pem_oth.cc
[788/1369] Compiling mlkem.cc
[789/1369] Compiling pem_info.cc
[790/1369] Compiling pem_lib.cc
[791/1369] Compiling mldsa.cc
[792/1369] Compiling md5.cc
[793/1369] Compiling obj.cc
[794/1369] Compiling poly_rq_mul.S
[795/1369] Compiling pem_all.cc
[796/1369] Compiling fips_shared_support.cc
[797/1369] Compiling obj_xref.cc
[798/1369] Compiling md4.cc
[799/1369] Compiling lhash.cc
[800/1369] Compiling mem.cc
[801/1369] Compiling kyber.cc
[802/1369] Compiling scrypt.cc
[803/1369] Compiling print.cc
[804/1369] Compiling pbkdf.cc
[805/1369] Compiling sign.cc
[806/1369] Compiling hrss.cc
[807/1369] Compiling ex_data.cc
[808/1369] Compiling p_x25519.cc
[809/1369] Compiling hpke.cc
[810/1369] Compiling p_rsa_asn1.cc
[811/1369] Compiling p_ed25519.cc
[812/1369] Compiling p_x25519_asn1.cc
[813/1369] Compiling p_rsa.cc
[814/1369] Compiling p_ec.cc
[815/1369] Compiling p_hkdf.cc
[816/1369] Compiling p_ed25519_asn1.cc
[817/1369] Compiling p_dh.cc
[818/1369] Compiling p_ec_asn1.cc
[819/1369] Compiling evp_ctx.cc
[820/1369] Compiling p_dh_asn1.cc
[821/1369] Compiling err.cc
[822/1369] Compiling evp.cc
[823/1369] Compiling p_dsa_asn1.cc
[824/1369] Compiling evp_asn1.cc
[825/1369] Compiling engine.cc
[826/1369] Compiling hash_to_curve.cc
[827/1369] Compiling ec_derive.cc
[828/1369] Compiling ecdh.cc
[829/1369] Compiling bcm.cc
[830/1369] Compiling ecdsa_asn1.cc
[831/1369] Compiling digest_extra.cc
[832/1369] Compiling ec_asn1.cc
[833/1369] Compiling dsa.cc
[834/1369] Compiling x25519-asm-arm.S
[835/1369] Compiling curve25519_64_adx.cc
[836/1369] Compiling params.cc
[837/1369] Compiling dsa_asn1.cc
[838/1369] Compiling cpu_intel.cc
[839/1369] Compiling curve25519.cc
[840/1369] Compiling cpu_arm_linux.cc
[841/1369] Compiling des.cc
[842/1369] Compiling dh_asn1.cc
[843/1369] Compiling crypto.cc
[844/1369] Compiling cpu_aarch64_win.cc
[845/1369] Compiling cpu_arm_freebsd.cc
[846/1369] Compiling spake25519.cc
[847/1369] Compiling cpu_aarch64_sysreg.cc
[848/1369] Compiling cpu_aarch64_openbsd.cc
[849/1369] Compiling cpu_aarch64_linux.cc
[850/1369] Compiling conf.cc
[851/1369] Compiling e_tls.cc
[852/1369] Compiling cpu_aarch64_apple.cc
[853/1369] Compiling cpu_aarch64_fuchsia.cc
[854/1369] Compiling get_cipher.cc
[855/1369] Compiling tls_cbc.cc
[856/1369] Compiling e_rc4.cc
[857/1369] Compiling e_rc2.cc
[858/1369] Compiling e_des.cc
[859/1369] Compiling e_aesgcmsiv.cc
[860/1369] Compiling e_null.cc
[861/1369] Compiling e_chacha20poly1305.cc
[862/1369] Compiling chacha.cc
[863/1369] Compiling e_aesctrhmac.cc
[864/1369] Compiling derive_key.cc
[865/1369] Compiling unicode.cc
[866/1369] Compiling ber.cc
[867/1369] Compiling buf.cc
[868/1369] Compiling blake2.cc
[869/1369] Compiling cbs.cc
[870/1369] Compiling cbb.cc
[871/1369] Compiling asn1_compat.cc
[872/1369] Compiling convert.cc
[873/1369] Compiling bn_asn1.cc
[874/1369] Compiling pair.cc
[875/1369] Compiling socket_helper.cc
[876/1369] Compiling socket.cc
[877/1369] Compiling printf.cc
[878/1369] Compiling bio_mem.cc
[879/1369] Compiling connect.cc
[880/1369] Compiling hexdump.cc
[881/1369] Compiling file.cc
[882/1369] Compiling errno.cc
[883/1369] Compiling fd.cc
[884/1369] Compiling bio.cc
[885/1369] Compiling base64.cc
[886/1369] Compiling tasn_fre.cc
[887/1369] Compiling tasn_typ.cc
[888/1369] Compiling tasn_utl.cc
[889/1369] Compiling tasn_dec.cc
[890/1369] Compiling posix_time.cc
[891/1369] Compiling tasn_enc.cc
[892/1369] Compiling tasn_new.cc
[893/1369] Compiling f_string.cc
[894/1369] Compiling f_int.cc
[895/1369] Compiling asn_pack.cc
[896/1369] Compiling asn1_par.cc
[897/1369] Compiling a_strnid.cc
[898/1369] Compiling a_utctm.cc
[899/1369] Compiling a_type.cc
[900/1369] Compiling asn1_lib.cc
[901/1369] Compiling a_octet.cc
[902/1369] Compiling a_strex.cc
[903/1369] Compiling a_time.cc
[904/1369] Compiling a_object.cc
[905/1369] Compiling a_i2d_fp.cc
[906/1369] Compiling a_dup.cc
[907/1369] Compiling a_int.cc
[908/1369] Compiling CGoogleGaxCRC32C CGoogleGaxCRC32C.c
[909/1369] Compiling a_mbstr.cc
[910/1369] Compiling fiat_p256_adx_sqr.S
[911/1369] Compiling a_d2i_fp.cc
[912/1369] Compiling a_gentm.cc
[913/1369] Compiling fiat_curve25519_adx_square.S
[914/1369] Compiling fiat_p256_adx_mul.S
[915/1369] Compiling md5-x86_64-apple.S
[916/1369] Compiling fiat_curve25519_adx_mul.S
[917/1369] Compiling md5-x86_64-linux.S
[918/1369] Compiling CCryptoBoringSSLShims shims.c
[919/1369] Compiling md5-586-linux.S
[920/1369] Compiling md5-586-apple.S
[921/1369] Compiling chacha20_poly1305_x86_64-apple.S
[922/1369] Compiling chacha20_poly1305_x86_64-linux.S
[922/1369] Compiling a_bitstr.cc
[924/1369] Compiling chacha20_poly1305_armv8-win.S
[925/1369] Compiling chacha20_poly1305_armv8-linux.S
[926/1369] Compiling chacha20_poly1305_armv8-apple.S
[927/1369] Compiling chacha-x86_64-apple.S
[928/1369] Compiling chacha-x86_64-linux.S
[929/1369] Compiling a_bool.cc
[930/1369] Compiling chacha-armv8-win.S
[931/1369] Compiling chacha-armv8-linux.S
[932/1369] Compiling chacha-x86-linux.S
[933/1369] Compiling chacha-x86-apple.S
[934/1369] Compiling chacha-armv8-apple.S
[935/1369] Compiling aes128gcmsiv-x86_64-linux.S
[935/1369] Compiling chacha-armv4-linux.S
[937/1369] Compiling aes128gcmsiv-x86_64-apple.S
[938/1369] Compiling x86_64-mont5-linux.S
[939/1369] Compiling x86_64-mont-linux.S
[940/1369] Compiling x86_64-mont5-apple.S
[941/1369] Compiling x86-mont-linux.S
[942/1369] Compiling x86_64-mont-apple.S
[943/1369] Compiling x86-mont-apple.S
[944/1369] Compiling vpaes-x86_64-linux.S
[945/1369] Compiling vpaes-x86-apple.S
[946/1369] Compiling vpaes-x86-linux.S
[947/1369] Compiling vpaes-x86_64-apple.S
[948/1369] Compiling vpaes-armv8-win.S
[949/1369] Compiling vpaes-armv8-linux.S
[950/1369] Compiling vpaes-armv8-apple.S
[951/1369] Compiling sha512-x86_64-linux.S
[952/1369] Compiling vpaes-armv7-linux.S
[953/1369] Compiling sha512-x86_64-apple.S
[954/1369] Compiling sha512-586-linux.S
[955/1369] Compiling sha512-armv4-linux.S
[956/1369] Compiling sha512-armv8-win.S
[957/1369] Compiling sha512-armv8-apple.S
[958/1369] Compiling sha512-586-apple.S
[959/1369] Compiling sha256-x86_64-apple.S
[960/1369] Compiling sha512-armv8-linux.S
[961/1369] Compiling sha256-armv8-win.S
[962/1369] Compiling sha256-x86_64-linux.S
[963/1369] Compiling sha256-armv8-apple.S
[964/1369] Compiling sha256-armv8-linux.S
[965/1369] Compiling sha256-586-linux.S
[966/1369] Compiling sha256-armv4-linux.S
[967/1369] Compiling sha256-586-apple.S
[968/1369] Compiling sha1-x86_64-linux.S
[969/1369] Compiling sha1-armv8-win.S
[970/1369] Compiling sha1-x86_64-apple.S
[971/1369] Compiling sha1-armv8-linux.S
[972/1369] Compiling sha1-armv8-apple.S
[973/1369] Compiling sha1-armv4-large-linux.S
[974/1369] Compiling sha1-586-linux.S
[975/1369] Compiling rsaz-avx2-linux.S
[976/1369] Compiling sha1-586-apple.S
[977/1369] Compiling rdrand-x86_64-linux.S
[978/1369] Compiling rsaz-avx2-apple.S
[979/1369] Compiling p256_beeu-x86_64-asm-linux.S
[980/1369] Compiling rdrand-x86_64-apple.S
[981/1369] Compiling p256_beeu-armv8-asm-win.S
[982/1369] Compiling p256_beeu-x86_64-asm-apple.S
[983/1369] Compiling err_data.cc
[984/1369] Compiling p256_beeu-armv8-asm-linux.S
[985/1369] Compiling p256-x86_64-asm-apple.S
[986/1369] Compiling p256-armv8-asm-win.S
[987/1369] Compiling p256_beeu-armv8-asm-apple.S
[988/1369] Compiling p256-x86_64-asm-linux.S
[989/1369] Compiling p256-armv8-asm-linux.S
[990/1369] Compiling ghashv8-armv8-linux.S
[991/1369] Compiling ghashv8-armv8-win.S
[992/1369] Compiling p256-armv8-asm-apple.S
[993/1369] Compiling ghashv8-armv8-apple.S
[994/1369] Compiling ghashv8-armv7-linux.S
[995/1369] Compiling ghash-x86_64-linux.S
[996/1369] Compiling ghash-x86_64-apple.S
[997/1369] Compiling ghash-ssse3-x86_64-linux.S
[998/1369] Compiling ghash-x86-linux.S
[999/1369] Compiling ghash-x86-apple.S
[1000/1369] Compiling ghash-ssse3-x86-linux.S
[1001/1369] Compiling ghash-ssse3-x86-apple.S
[1002/1369] Compiling ghash-ssse3-x86_64-apple.S
[1003/1369] Compiling ghash-neon-armv8-win.S
[1004/1369] Compiling ghash-neon-armv8-apple.S
[1005/1369] Compiling ghash-neon-armv8-linux.S
[1006/1369] Compiling ghash-armv4-linux.S
[1007/1369] Compiling co-586-linux.S
[1008/1369] Compiling co-586-apple.S
[1009/1369] Compiling bsaes-armv7-linux.S
[1010/1369] Compiling bn-armv8-win.S
[1011/1369] Compiling bn-armv8-linux.S
[1012/1369] Compiling bn-armv8-apple.S
[1013/1369] Compiling bn-586-apple.S
[1013/1369] Compiling bn-586-linux.S
[1015/1369] Compiling armv8-mont-apple.S
[1016/1369] Compiling armv8-mont-win.S
[1017/1369] Compiling aesv8-gcm-armv8-win.S
[1018/1369] Compiling armv4-mont-linux.S
[1019/1369] Compiling armv8-mont-linux.S
[1020/1369] Compiling aesv8-gcm-armv8-linux.S
[1021/1369] Compiling aesv8-armv8-win.S
[1022/1369] Compiling aesv8-gcm-armv8-apple.S
[1023/1369] Compiling aesv8-armv8-linux.S
[1024/1369] Compiling aesni-x86_64-linux.S
[1025/1369] Compiling aesv8-armv7-linux.S
[1026/1369] Compiling aesv8-armv8-apple.S
[1027/1369] Compiling aesni-x86_64-apple.S
[1028/1369] Compiling aesni-x86-apple.S
[1029/1369] Compiling aesni-x86-linux.S
[1030/1369] Compiling aesni-gcm-x86_64-apple.S
[1031/1369] Compiling aes-gcm-avx512-x86_64-linux.S
[1032/1369] Compiling aesni-gcm-x86_64-linux.S
[1033/1369] Compiling aes-gcm-avx2-x86_64-apple.S
[1034/1369] Compiling aes-gcm-avx2-x86_64-linux.S
[1035/1369] Compiling aes-gcm-avx512-x86_64-apple.S
[1036/1369] Compiling x_spki.cc
[1037/1369] Compiling x_req.cc
[1038/1369] Compiling xwing.cc
[1039/1369] Compiling x_sig.cc
[1040/1369] Compiling x_x509a.cc
[1041/1369] Compiling x_x509.cc
[1042/1369] Compiling x_name.cc
[1043/1369] Compiling x_pubkey.cc
[1044/1369] Compiling x_exten.cc
[1045/1369] Compiling c-nioatomics.c
[1046/1369] Compiling x_crl.cc
[1047/1369] Compiling x_attrib.cc
[1048/1369] Compiling c-atomics.c
[1049/1369] Compiling x_all.cc
[1050/1376] Compiling x509spki.cc
[1051/1376] Compiling x509rset.cc
[1052/1376] Compiling x_algor.cc
[1054/1376] Compiling NIOConcurrencyHelpers NIOLockedValueBox.swift
[1055/1376] Compiling NIOConcurrencyHelpers NIOLock.swift
[1056/1376] Compiling NIOConcurrencyHelpers lock.swift
[1056/1376] Compiling x509name.cc
[1058/1376] Emitting module NIOConcurrencyHelpers
[1058/1376] Compiling x509cset.cc
[1060/1376] Compiling NIOConcurrencyHelpers atomics.swift
[1061/1376] Compiling NIOConcurrencyHelpers NIOAtomic.swift
[1062/1376] Compiling NIOConcurrencyHelpers NIOThreadPoolWorkAvailable.swift
[1063/1377] Compiling x509_vfy.cc
[1064/1377] Compiling x509_vpm.cc
[1065/1377] Wrapping AST for NIOConcurrencyHelpers for debugging
[1066/1377] Compiling x509_v3.cc
[1067/1377] Compiling x509_txt.cc
[1068/1377] Compiling x509_trs.cc
[1069/1377] Compiling x509_set.cc
[1070/1377] Compiling x509_req.cc
[1071/1377] Compiling x509_lu.cc
[1072/1377] Compiling x509_obj.cc
[1073/1377] Compiling x509_ext.cc
[1074/1377] Compiling x509_cmp.cc
[1075/1377] Compiling x509_def.cc
[1076/1377] Compiling x509_d2.cc
[1077/1377] Compiling x509_att.cc
[1078/1377] Compiling x509.cc
[1079/1377] Compiling v3_skey.cc
[1080/1377] Compiling v3_utl.cc
[1081/1377] Compiling v3_pcons.cc
[1082/1377] Compiling v3_prn.cc
[1083/1377] Compiling v3_pmaps.cc
[1084/1377] Compiling v3_purp.cc
[1085/1377] Compiling v3_ocsp.cc
[1086/1377] Compiling v3_lib.cc
[1087/1377] Compiling v3_ncons.cc
[1088/1377] Compiling v3_int.cc
[1089/1377] Compiling v3_info.cc
[1090/1377] Compiling v3_ia5.cc
[1091/1377] Compiling v3_genn.cc
[1092/1377] Compiling v3_extku.cc
[1093/1377] Compiling v3_enum.cc
[1094/1377] Compiling v3_cpols.cc
[1095/1377] Compiling v3_crld.cc
[1096/1377] Compiling v3_conf.cc
[1097/1377] Compiling v3_bitst.cc
[1098/1377] Compiling v3_alt.cc
[1099/1377] Compiling v3_akeya.cc
[1100/1377] Compiling v3_bcons.cc
[1101/1377] Compiling v3_akey.cc
[1102/1377] Compiling i2d_pr.cc
[1103/1377] Compiling t_x509a.cc
[1104/1377] Compiling t_x509.cc
[1105/1377] Compiling t_crl.cc
[1106/1377] Compiling rsa_pss.cc
[1107/1377] Compiling name_print.cc
[1108/1377] Compiling policy.cc
[1109/1377] Compiling by_file.cc
[1110/1377] Compiling algorithm.cc
[1111/1377] Compiling asn1_gen.cc
[1112/1377] Compiling by_dir.cc
[1113/1377] Compiling a_verify.cc
[1114/1377] Compiling a_sign.cc
[1115/1377] Compiling a_digest.cc
[1116/1377] Compiling voprf.cc
[1117/1377] Compiling trust_token.cc
[1118/1377] Compiling thread_win.cc
[1119/1377] Compiling thread_none.cc
[1120/1377] Compiling thread_pthread.cc
[1121/1377] Compiling thread.cc
[1122/1377] Compiling pmbtoken.cc
[1123/1377] Compiling stack.cc
[1124/1377] Compiling siphash.cc
[1125/1377] Compiling sha256.cc
[1126/1377] Compiling sha512.cc
[1127/1377] Compiling spake2plus.cc
[1128/1377] Compiling sha1.cc
[1129/1377] Compiling slhdsa.cc
[1130/1377] Compiling rsa_extra.cc
[1131/1377] Compiling rsa_print.cc
[1132/1377] Compiling rsa_crypt.cc
[1133/1377] Compiling refcount.cc
[1134/1377] Compiling rc4.cc
[1135/1377] Compiling windows.cc
[1136/1377] Compiling urandom.cc
[1137/1377] Compiling trusty.cc
[1138/1377] Compiling rand.cc
[1139/1377] Compiling rsa_asn1.cc
[1140/1377] Compiling passive.cc
[1141/1377] Compiling ios.cc
[1142/1377] Compiling poly1305_arm_asm.S
[1143/1377] Compiling getentropy.cc
[1144/1377] Compiling forkunsafe.cc
[1145/1377] Compiling deterministic.cc
[1146/1377] Compiling fork_detect.cc
[1147/1377] Compiling poly1305_vec.cc
[1148/1377] Compiling poly1305_arm.cc
[1149/1377] Compiling poly1305.cc
[1150/1377] Compiling pool.cc
[1151/1377] Compiling pkcs8_x509.cc
[1152/1377] Compiling pkcs8.cc
[1153/1377] Compiling p5_pbev2.cc
[1154/1377] Compiling pkcs7.cc
[1155/1377] Compiling pkcs7_x509.cc
[1156/1377] Compiling pem_xaux.cc
[1157/1377] Compiling pem_x509.cc
[1158/1377] Compiling pem_pkey.cc
[1159/1377] Compiling mlkem.cc
[1160/1377] Compiling pem_oth.cc
[1161/1377] Compiling pem_pk8.cc
[1162/1377] Compiling pem_info.cc
[1163/1377] Compiling pem_lib.cc
[1164/1377] Compiling obj_xref.cc
[1165/1377] Compiling obj.cc
[1166/1377] Compiling pem_all.cc
[1167/1377] Compiling poly_rq_mul.S
[1168/1377] Compiling mldsa.cc
[1169/1377] Compiling mem.cc
[1170/1377] Compiling fips_shared_support.cc
[1171/1377] Compiling lhash.cc
[1172/1377] Compiling md5.cc
[1173/1377] Compiling md4.cc
[1174/1377] Compiling fuzzer_mode.cc
[1175/1377] Compiling kyber.cc
[1176/1377] Compiling hpke.cc
[1177/1377] Compiling ex_data.cc
[1178/1377] Compiling hrss.cc
[1179/1377] Compiling scrypt.cc
[1180/1377] Compiling pbkdf.cc
[1181/1377] Compiling print.cc
[1182/1377] Compiling sign.cc
[1183/1377] Compiling p_x25519_asn1.cc
[1184/1377] Compiling p_x25519.cc
[1185/1377] Compiling p_rsa_asn1.cc
[1186/1377] Compiling p_hkdf.cc
[1187/1377] Compiling p_rsa.cc
[1188/1377] Compiling p_ed25519_asn1.cc
[1189/1377] Compiling p_ed25519.cc
[1190/1377] Compiling p_ec_asn1.cc
[1191/1377] Compiling p_ec.cc
[1192/1377] Compiling p_dsa_asn1.cc
[1193/1377] Compiling p_dh_asn1.cc
[1194/1377] Compiling p_dh.cc
[1195/1377] Compiling evp_ctx.cc
[1196/1377] Compiling err.cc
[1197/1377] Compiling evp_asn1.cc
[1198/1377] Compiling engine.cc
[1199/1377] Compiling ecdsa_p1363.cc
[1200/1377] Compiling evp.cc
[1201/1377] Compiling ecdh.cc
[1202/1377] Compiling ecdsa_asn1.cc
[1203/1377] Compiling ec_derive.cc
[1204/1377] Compiling hash_to_curve.cc
[1205/1377] Compiling dsa.cc
[1206/1377] Compiling dsa_asn1.cc
[1207/1377] Compiling ec_asn1.cc
[1208/1377] Compiling params.cc
[1209/1377] Compiling digest_extra.cc
[1210/1377] Compiling x25519-asm-arm.S
[1211/1377] Compiling des.cc
[1212/1377] Compiling curve25519_64_adx.cc
[1213/1377] Compiling dh_asn1.cc
[1214/1377] Compiling cpu_intel.cc
[1215/1377] Compiling spake25519.cc
[1216/1377] Compiling crypto.cc
[1217/1377] Compiling curve25519.cc
[1218/1377] Compiling cpu_arm_linux.cc
[1219/1377] Compiling cpu_arm_freebsd.cc
[1220/1377] Compiling cpu_aarch64_win.cc
[1221/1377] Compiling cpu_aarch64_sysreg.cc
[1222/1377] Compiling cpu_aarch64_openbsd.cc
[1223/1377] Compiling cpu_aarch64_linux.cc
[1224/1377] Compiling cpu_aarch64_fuchsia.cc
[1225/1377] Compiling cpu_aarch64_apple.cc
[1226/1377] Compiling conf.cc
[1227/1377] Compiling get_cipher.cc
[1228/1377] Compiling tls_cbc.cc
[1229/1377] Compiling e_tls.cc
[1230/1377] Compiling e_rc4.cc
[1231/1377] Compiling e_rc2.cc
[1232/1377] Compiling cms.cc
[1233/1377] Compiling e_null.cc
[1234/1377] Compiling e_aesgcmsiv.cc
[1235/1377] Compiling e_des.cc
[1236/1377] Compiling e_chacha20poly1305.cc
[1237/1377] Compiling e_aeseax.cc
[1238/1377] Compiling e_aesctrhmac.cc
[1239/1377] Compiling derive_key.cc
[1240/1377] Compiling chacha.cc
[1241/1377] Compiling unicode.cc
[1242/1377] Compiling cbb.cc
[1243/1377] Compiling buf.cc
[1244/1377] Compiling ber.cc
[1245/1377] Compiling cbs.cc
[1246/1377] Compiling sqrt.cc
[1247/1377] Compiling asn1_compat.cc
[1248/1377] Compiling exponentiation.cc
[1249/1377] Compiling div.cc
[1250/1377] Compiling blake2.cc
[1251/1377] Compiling printf.cc
[1252/1377] Compiling convert.cc
[1253/1377] Compiling pair.cc
[1254/1377] Compiling bn_asn1.cc
[1255/1377] Compiling hexdump.cc
[1256/1377] Compiling file.cc
[1257/1377] Compiling errno.cc
[1258/1377] Compiling fd.cc
[1259/1377] Compiling bio_mem.cc
[1260/1377] Compiling base64.cc
[1261/1377] Compiling bio.cc
[1262/1377] Compiling tasn_fre.cc
[1263/1377] Compiling tasn_typ.cc
[1264/1377] Compiling tasn_utl.cc
[1265/1377] Compiling tasn_new.cc
[1266/1377] Compiling posix_time.cc
[1267/1377] Compiling tasn_enc.cc
[1268/1377] Compiling tasn_dec.cc
[1269/1377] Compiling bcm.cc
[1270/1377] Compiling f_string.cc
[1271/1377] Compiling f_int.cc
[1272/1377] Compiling asn_pack.cc
[1273/1377] Compiling asn1_par.cc
[1274/1377] Compiling asn1_lib.cc
[1275/1377] Compiling a_utctm.cc
[1276/1377] Compiling a_time.cc
[1277/1377] Compiling CAsyncHTTPClient CAsyncHTTPClient.c
[1277/1377] Write sources
[1281/1377] Compiling a_octet.cc
[1282/1377] Compiling a_type.cc
[1283/1420] Compiling a_strex.cc
[1284/1420] Compiling a_strnid.cc
[1285/1420] Compiling aes.cc
[1286/1420] Compiling a_object.cc
[1288/1420] Compiling Algorithms Keyed.swift
[1289/1420] Compiling Algorithms MinMax.swift
[1290/1420] Compiling Algorithms Partition.swift
[1291/1420] Compiling Algorithms Permutations.swift
[1292/1422] Compiling Algorithms EitherSequence.swift
[1293/1422] Compiling Algorithms FirstNonNil.swift
[1294/1422] Compiling Algorithms FlattenCollection.swift
[1295/1422] Compiling Algorithms Grouped.swift
[1296/1422] Compiling Algorithms AdjacentPairs.swift
[1297/1422] Compiling Algorithms Chain.swift
[1298/1422] Compiling Algorithms Chunked.swift
[1298/1422] Compiling a_bitstr.cc
[1300/1422] Compiling Algorithms Indexed.swift
[1301/1422] Compiling Algorithms Intersperse.swift
[1302/1422] Compiling Algorithms Joined.swift
[1303/1422] Compiling Atomics IntegerOperations.swift
[1304/1422] Compiling Atomics Unmanaged extensions.swift
[1305/1430] Compiling Algorithms Split.swift
[1306/1430] Compiling Algorithms Stride.swift
[1307/1430] Compiling Algorithms Suffix.swift
[1309/1433] Compiling Algorithms Reductions.swift
[1310/1433] Compiling Algorithms Rotate.swift
[1321/1433] Compiling Algorithms Compacted.swift
[1322/1433] Compiling Algorithms Cycle.swift
[1325/1433] Compiling Algorithms Trim.swift
[1326/1433] Compiling Algorithms Unique.swift
[1327/1433] Compiling Algorithms Windows.swift
[1328/1433] Emitting module CryptoBoringWrapper
[1329/1433] Compiling CryptoBoringWrapper RandomBytes.swift
[1330/1433] Compiling CryptoBoringWrapper CryptoKitErrors_boring.swift
[1331/1433] Compiling CryptoBoringWrapper FiniteFieldArithmeticContext.swift
[1332/1433] Compiling CryptoBoringWrapper EllipticCurve.swift
[1333/1433] Compiling CryptoBoringWrapper EllipticCurvePoint.swift
[1337/1433] Compiling Algorithms Combinations.swift
[1338/1433] Emitting module Atomics
[1339/1433] Compiling CryptoBoringWrapper BoringSSLAEAD.swift
[1340/1433] Compiling CryptoBoringWrapper ArbitraryPrecisionInteger.swift
[1341/1434] Wrapping AST for CryptoBoringWrapper for debugging
[1346/1519] Wrapping AST for Atomics for debugging
[1348/1583] Emitting module Algorithms
[1349/1584] Wrapping AST for Algorithms for debugging
[1351/1584] Compiling NIOCore NIOCoreSendableMetatype.swift
[1352/1584] Compiling NIOCore NIODecodedAsyncSequence.swift
[1353/1584] Compiling NIOCore NIOLoopBound.swift
[1354/1584] Compiling NIOCore NIOPooledRecvBufferAllocator.swift
[1355/1584] Compiling NIOCore NIOScheduledCallback.swift
[1356/1584] Compiling NIOCore NIOSendable.swift
[1357/1584] Compiling NIOCore NIOSplitLinesMessageDecoder.swift
[1358/1584] Compiling NIOCore NIOTransportAccessibleChannelCore.swift
[1359/1584] Compiling NIOCore RecvByteBufferAllocator.swift
[1360/1592] Compiling Crypto HKDF.swift
[1361/1592] Compiling Crypto AESWrap.swift
[1362/1592] Compiling Crypto AESWrap_boring.swift
[1363/1592] Compiling Crypto Ed25519_boring.swift
[1364/1592] Compiling Crypto NISTCurvesKeys_boring.swift
[1365/1592] Compiling Crypto X25519Keys_boring.swift
[1366/1592] Compiling Crypto Curve25519.swift
[1367/1592] Compiling Crypto Ed25519Keys.swift
[1368/1592] Compiling Crypto NISTCurvesKeys.swift
[1369/1592] Compiling Crypto X25519Keys.swift
[1370/1592] Compiling Crypto SymmetricKeys.swift
[1371/1592] Compiling Crypto HMAC.swift
[1372/1603] Emitting module Crypto
[1373/1603] Compiling NIOCore MarkedCircularBuffer.swift
[1374/1603] Compiling NIOCore MulticastChannel.swift
[1375/1603] Compiling NIOCore NIOAny.swift
[1376/1603] Compiling NIOCore NIOCloseOnErrorHandler.swift
[1377/1603] Compiling NIOCore SingleStepByteToMessageDecoder.swift
[1378/1603] Compiling NIOCore SocketAddresses.swift
[1379/1603] Compiling NIOCore SocketOptionProvider.swift
[1380/1603] Compiling NIOCore SystemCallHelpers.swift
[1381/1603] Compiling NIOCore TimeAmount+Duration.swift
[1382/1603] Compiling NIOCore TypeAssistedChannelHandler.swift
[1383/1603] Compiling NIOCore UniversalBootstrapSupport.swift
[1384/1603] Compiling NIOCore Utilities.swift
[1392/1603] Compiling NIOCore IPProtocol.swift
[1393/1603] Compiling NIOCore IntegerBitPacking.swift
[1394/1603] Compiling NIOCore IntegerTypes.swift
[1395/1603] Compiling NIOCore Interfaces.swift
[1396/1603] Compiling NIOCore Linux.swift
[1406/1603] Compiling NIOCore EventLoopFuture+Deprecated.swift
[1407/1603] Compiling NIOCore EventLoopFuture+WithEventLoop.swift
[1408/1603] Compiling NIOCore EventLoopFuture.swift
[1409/1603] Compiling NIOCore FileDescriptor.swift
[1410/1603] Compiling NIOCore FileHandle.swift
[1411/1603] Compiling NIOCore FileRegion.swift
[1412/1603] Compiling NIOCore GlobalSingletons.swift
[1413/1603] Compiling NIOCore IO.swift
[1414/1603] Compiling NIOCore IOData.swift
[1415/1603] Compiling NIOCore NIOThrowingAsyncSequenceProducer.swift
[1416/1603] Compiling NIOCore BSDSocketAPI.swift
[1417/1603] Compiling NIOCore ByteBuffer-aux.swift
[1418/1603] Compiling NIOCore ByteBuffer-binaryEncodedLengthPrefix.swift
[1419/1603] Compiling NIOCore ByteBuffer-conversions.swift
[1420/1603] Compiling NIOCore ByteBuffer-core.swift
[1421/1603] Compiling NIOCore ByteBuffer-hex.swift
[1422/1603] Compiling NIOCore ByteBuffer-int.swift
[1423/1603] Compiling NIOCore ByteBuffer-lengthPrefix.swift
[1424/1603] Compiling NIOCore AddressedEnvelope.swift
[1425/1603] Compiling NIOCore AsyncAwaitSupport.swift
[1426/1603] Compiling NIOCore AsyncChannel.swift
[1427/1603] Compiling NIOCore AsyncChannelHandler.swift
[1428/1603] Compiling NIOCore AsyncChannelInboundStream.swift
[1429/1603] Compiling NIOCore AsyncChannelOutboundWriter.swift
[1430/1603] Compiling NIOCore NIOAsyncSequenceProducer.swift
[1431/1603] Compiling NIOCore NIOAsyncSequenceProducerStrategies.swift
[1432/1603] Compiling NIOCore NIOAsyncWriter.swift
[1433/1603] Compiling NIOCore ByteBuffer-multi-int.swift
[1434/1603] Compiling NIOCore ByteBuffer-quicBinaryEncodingStrategy.swift
[1435/1603] Compiling NIOCore ByteBuffer-views.swift
[1436/1603] Compiling NIOCore Channel.swift
[1437/1603] Compiling NIOCore ChannelHandler.swift
[1438/1603] Compiling NIOCore ChannelHandlers.swift
[1439/1603] Compiling NIOCore ChannelInvoker.swift
[1440/1603] Compiling NIOCore ChannelOption.swift
[1441/1603] Compiling NIOCore ChannelPipeline.swift
[1442/1603] Compiling NIOCore CircularBuffer.swift
[1443/1603] Compiling NIOCore Codec.swift
[1444/1603] Compiling NIOCore ConvenienceOptionSupport.swift
[1445/1603] Compiling NIOCore DeadChannel.swift
[1446/1603] Compiling NIOCore DispatchQueue+WithFuture.swift
[1447/1603] Compiling NIOCore EventLoop+Deprecated.swift
[1448/1603] Compiling NIOCore EventLoop+SerialExecutor.swift
[1449/1603] Compiling NIOCore EventLoop.swift
[1450/1603] Compiling Crypto Signature.swift
[1451/1603] Compiling Crypto CryptoKitErrors_boring.swift
[1452/1603] Compiling Crypto Optional+withUnsafeBytes_boring.swift
[1453/1603] Compiling Crypto RNG_boring.swift
[1454/1603] Compiling Crypto SafeCompare_boring.swift
[1455/1603] Compiling Crypto Zeroization_boring.swift
[1456/1603] Compiling Crypto _CryptoModuleAnchor.swift
[1457/1603] Compiling Crypto PrettyBytes.swift
[1458/1603] Compiling Crypto SafeCompare.swift
[1459/1603] Compiling Crypto SecureBytes.swift
[1460/1603] Compiling Crypto Zeroization.swift
[1461/1603] Compiling NIOCore EventLoopFuture+AssumeIsolated.swift
[1482/1604] Wrapping AST for Crypto for debugging
[1492/1666] Emitting module CryptoExtras
[1493/1674] Compiling CryptoExtras Data+Extensions.swift
[1494/1674] Compiling CryptoExtras DigestType.swift
[1495/1674] Compiling CryptoExtras Error.swift
[1496/1674] Compiling CryptoExtras I2OSP.swift
[1497/1674] Compiling CryptoExtras IntegerEncoding.swift
[1498/1674] Compiling CryptoExtras PEMDocument.swift
[1499/1674] Compiling CryptoExtras PrettyBytes.swift
[1500/1674] Compiling CryptoExtras SubjectPublicKeyInfo.swift
[1501/1674] Compiling CryptoExtras ThreadOps.swift
[1502/1674] Compiling CryptoExtras ThreadPosix.swift
[1503/1674] Compiling CryptoExtras ThreadSpecific.swift
[1504/1674] Compiling CryptoExtras ThreadWindows.swift
[1505/1674] Compiling CryptoExtras DLEQ.swift
[1506/1674] Compiling CryptoExtras Prover.swift
[1507/1674] Compiling CryptoExtras Verifier.swift
[1508/1674] Compiling CryptoExtras ZKPToolbox.swift
[1509/1674] Compiling CryptoExtras PBKDF2.swift
[1510/1674] Compiling CryptoExtras Scrypt_boring.swift
[1511/1674] Compiling CryptoExtras Scrypt.swift
[1512/1674] Compiling CryptoExtras OPRF.swift
[1513/1674] Compiling CryptoExtras OPRFClient.swift
[1514/1674] Compiling CryptoExtras OPRFServer.swift
[1515/1674] Compiling CryptoExtras VOPRF+API.swift
[1516/1674] Compiling CryptoExtras VOPRFClient.swift
[1517/1674] Compiling CryptoExtras VOPRFServer.swift
[1518/1674] Compiling CryptoExtras ARCServer.swift
[1519/1674] Compiling CryptoExtras ChaCha20CTR_boring.swift
[1520/1674] Compiling CryptoExtras ChaCha20CTR.swift
[1521/1674] Compiling CryptoExtras BoringSSLSHA512256Context.swift
[1522/1674] Compiling CryptoExtras BoringSSLSHA512256HashFunction.swift
[1523/1674] Compiling CryptoExtras SHA512256.swift
[1524/1674] Compiling CryptoExtras SHA512256Digest.swift
[1525/1674] Compiling CryptoExtras Curve25519+PEM.swift
[1526/1674] Compiling CryptoExtras ObjectIdentifier.swift
[1527/1674] Compiling CryptoExtras PKCS8DERRepresentation.swift
[1528/1674] Compiling CryptoExtras PKCS8PrivateKey.swift
[1529/1674] Compiling CryptoExtras RFC8410AlgorithmIdentifier.swift
[1530/1674] Compiling CryptoExtras ECToolbox_boring.swift
[1531/1674] Compiling CryptoExtras ECToolbox.swift
[1532/1674] Compiling CryptoExtras HashToField.swift
[1533/1674] Compiling CryptoExtras KDF.swift
[1534/1674] Compiling CryptoExtras PBKDF2_boring.swift
[1535/1674] Compiling CryptoExtras PBKDF2_commoncrypto.swift
[1536/1674] Compiling CryptoExtras BoringSSLPassphraseCallbackManager.swift
[1537/1674] Compiling CryptoExtras RSA+BlindSigning.swift
[1538/1674] Compiling CryptoExtras RSA.swift
[1539/1674] Compiling CryptoExtras RSA_boring.swift
[1540/1674] Compiling CryptoExtras Reexport.swift
[1541/1674] Compiling CryptoExtras Zeroization_boring.swift
[1542/1674] Compiling CryptoExtras BoringSSLHelpers.swift
[1543/1674] Compiling CryptoExtras CryptoKitErrors_boring.swift
[1544/1674] Compiling CryptoExtras AES_CBC.swift
[1545/1674] Compiling CryptoExtras AES_CFB.swift
[1546/1674] Compiling CryptoExtras AES_CTR.swift
[1547/1674] Compiling CryptoExtras AES_GCM_SIV.swift
[1548/1674] Compiling CryptoExtras Block Function.swift
[1549/1674] Compiling CryptoExtras AES_CBC_boring.swift
[1550/1674] Compiling CryptoExtras AES_CFB_boring.swift
[1551/1674] Compiling CryptoExtras AES_CTR_boring.swift
[1552/1674] Compiling CryptoExtras AES_GCM_SIV_boring.swift
[1553/1674] Compiling CryptoExtras CMAC.swift
[1554/1674] Compiling CryptoExtras ARC+API.swift
[1555/1674] Compiling CryptoExtras ARC.swift
[1556/1674] Compiling CryptoExtras ARCCredential.swift
[1557/1674] Compiling CryptoExtras ARCEncoding.swift
[1558/1674] Compiling CryptoExtras ARCPrecredential.swift
[1559/1674] Compiling CryptoExtras ARCPresentation.swift
[1560/1674] Compiling CryptoExtras ARCRequest.swift
[1561/1674] Compiling CryptoExtras ARCResponse.swift
[1562/1677] Wrapping AST for CryptoExtras for debugging
[1564/1677] Emitting module _CryptoExtras
[1565/1677] Compiling _CryptoExtras Exports.swift
[1566/1678] Wrapping AST for _CryptoExtras for debugging
[1568/1728] Compiling X509 DomainComponent.swift
[1569/1728] Compiling X509 EmailAddress.swift
[1570/1728] Compiling X509 LocalityName.swift
[1571/1728] Compiling X509 OrganizationName.swift
[1572/1728] Compiling X509 OrganizationalUnitName.swift
[1573/1728] Compiling X509 StateOrProvinceName.swift
[1574/1728] Compiling X509 StreetAddress.swift
[1575/1728] Compiling X509 Error.swift
[1576/1728] Compiling X509 AuthorityInformationAccess.swift
[1577/1728] Compiling X509 CMSSignerIdentifier.swift
[1578/1728] Compiling X509 CMSSignerInfo.swift
[1579/1728] Compiling X509 CMSVersion.swift
[1580/1728] Compiling X509 Curve25519+DER.swift
[1581/1728] Compiling X509 CustomPrivateKey.swift
[1582/1728] Compiling X509 Digests.swift
[1583/1728] Compiling X509 DistinguishedName.swift
[1584/1728] Compiling X509 CommonName.swift
[1585/1728] Compiling X509 CountryName.swift
[1586/1773] Emitting module NIOCore
[1587/1773] Compiling X509 AuthorityKeyIdentifier.swift
[1588/1773] Compiling X509 BasicConstraints.swift
[1589/1773] Compiling X509 ExtendedKeyUsage.swift
[1590/1773] Compiling X509 ExtensionIdentifiers.swift
[1591/1773] Compiling X509 KeyUsage.swift
[1592/1773] Compiling X509 CMSIssuerAndSerialNumber.swift
[1593/1773] Compiling X509 CMSOperations.swift
[1594/1773] Compiling X509 CMSSignature.swift
[1595/1773] Compiling X509 CMSSignedData.swift
[1596/1781] Wrapping AST for NIOCore for debugging
[1598/1831] Compiling NIOFoundationEssentialsCompat Codable+ByteBuffer.swift
[1599/1831] Emitting module NIOFoundationEssentialsCompat
[1600/1831] Compiling NIOFoundationEssentialsCompat ByteBuffer-foundation.swift
[1602/1832] Emitting module NIOEmbedded
[1603/1832] Compiling NIOEmbedded AsyncTestingChannel.swift
[1603/1832] Wrapping AST for NIOFoundationEssentialsCompat for debugging
[1605/1832] Compiling NIOEmbedded Embedded.swift
[1606/1832] Compiling NIOEmbedded AsyncTestingEventLoop.swift
[1608/1833] Compiling NIOPosix PipeChannel.swift
[1609/1833] Compiling NIOPosix PipePair.swift
[1610/1833] Compiling NIOPosix Pool.swift
[1611/1833] Compiling NIOPosix PosixSingletons+ConcurrencyTakeOver.swift
[1612/1833] Compiling NIOPosix PosixSingletons.swift
[1613/1833] Compiling NIOPosix RawSocketBootstrap.swift
[1614/1833] Compiling NIOPosix Resolver.swift
[1615/1833] Compiling NIOPosix HappyEyeballs.swift
[1616/1833] Compiling NIOPosix IO.swift
[1617/1833] Compiling NIOPosix IntegerBitPacking.swift
[1618/1833] Compiling NIOPosix IntegerTypes.swift
[1619/1833] Compiling NIOPosix Linux.swift
[1620/1833] Compiling NIOPosix LinuxCPUSet.swift
[1621/1833] Compiling NIOPosix LinuxUring.swift
[1622/1833] Compiling NIOPosix BSDSocketAPICommon.swift
[1623/1833] Compiling NIOPosix BSDSocketAPIPosix.swift
[1624/1833] Compiling NIOPosix BSDSocketAPIWindows.swift
[1625/1833] Compiling NIOPosix BaseSocket.swift
[1626/1833] Compiling NIOPosix BaseSocketChannel+AccessibleTransport.swift
[1627/1833] Compiling NIOPosix BaseSocketChannel+SocketOptionProvider.swift
[1628/1833] Compiling NIOPosix BaseSocketChannel.swift
[1629/1833] Compiling NIOPosix BaseStreamSocketChannel.swift
[1630/1833] Compiling NIOPosix Bootstrap.swift
[1631/1833] Compiling NIOPosix ControlMessage.swift
[1632/1833] Compiling NIOPosix DatagramVectorReadManager.swift
[1633/1833] Compiling NIOPosix Errors+Any.swift
[1634/1833] Compiling NIOPosix FileDescriptor.swift
[1635/1833] Compiling NIOPosix GetaddrinfoResolver.swift
[1635/1846] Wrapping AST for NIOEmbedded for debugging
[1644/1853] Compiling X509 OCSPExtensionID.swift
[1645/1853] Compiling X509 OCSPNonce.swift
[1646/1853] Compiling X509 OCSPPolicy.swift
[1647/1853] Compiling X509 OCSPRequest.swift
[1648/1853] Compiling X509 OCSPResponse.swift
[1649/1853] Compiling X509 OCSPResponseBytes.swift
[1650/1853] Compiling X509 OCSPResponseData.swift
[1651/1853] Compiling X509 OCSPResponseStatus.swift
[1652/1853] Compiling X509 OCSPSignature.swift
[1653/1853] Compiling X509 OCSPSingleRequest.swift
[1654/1853] Compiling X509 OCSPSingleResponse.swift
[1655/1853] Compiling X509 OCSPTBSRequest.swift
[1656/1853] Compiling X509 OCSPVersion.swift
[1657/1853] Compiling X509 PKCS8PrivateKey.swift
[1658/1853] Compiling X509 PromiseAndFuture.swift
[1659/1853] Compiling X509 RDNAttribute.swift
[1660/1853] Compiling X509 RandomNumberGenerator+bytes.swift
[1661/1853] Compiling X509 RelativeDistinguishedName.swift
[1662/1853] Compiling X509 SEC1PrivateKey.swift
[1663/1853] Compiling X509 SecKeyWrapper.swift
[1664/1853] Compiling X509 Signature.swift
[1665/1853] Compiling X509 SignatureAlgorithm.swift
[1666/1853] Compiling X509 AllOfPolicies.swift
[1667/1853] Compiling X509 AnyPolicy.swift
[1668/1853] Compiling X509 CertificateStore.swift
[1669/1853] Compiling X509 CustomCertificateStore.swift
[1670/1853] Compiling NIOPosix SelectorWSAPoll.swift
[1671/1853] Compiling NIOPosix ServerSocket.swift
[1672/1853] Compiling NIOPosix Socket.swift
[1673/1853] Compiling NIOPosix SocketChannel.swift
[1674/1853] Compiling NIOPosix SocketProtocols.swift
[1675/1853] Compiling NIOPosix StructuredConcurrencyHelpers.swift
[1676/1853] Compiling NIOPosix System.swift
[1677/1853] Compiling NIOPosix Thread.swift
[1678/1853] Compiling NIOPosix ThreadPosix.swift
[1679/1853] Compiling NIOPosix ThreadWindows.swift
[1680/1853] Compiling NIOPosix Utilities.swift
[1681/1853] Compiling NIOPosix VsockAddress.swift
[1682/1853] Compiling NIOPosix VsockChannelEvents.swift
[1683/1853] Compiling NIOPosix Windows.swift
[1684/1853] Compiling X509 SubjectAlternativeName.swift
[1685/1853] Compiling X509 SubjectKeyIdentifier.swift
[1686/1853] Compiling X509 Extension.swift
[1687/1853] Compiling X509 Extensions.swift
[1688/1853] Compiling X509 ExtensionsBuilder.swift
[1689/1853] Compiling X509 GeneralName.swift
[1690/1853] Compiling X509 Lock.swift
[1691/1853] Compiling X509 LockedValueBox.swift
[1692/1853] Compiling X509 BasicOCSPResponse.swift
[1693/1853] Compiling X509 DirectoryString.swift
[1694/1853] Compiling X509 OCSPCertID.swift
[1695/1853] Compiling X509 OCSPCertStatus.swift
[1696/1853] Compiling NIOPosix MultiThreadedEventLoopGroup.swift
[1697/1853] Compiling NIOPosix NIOPosixSendableMetatype.swift
[1698/1853] Compiling NIOPosix NIORandomizedDNSResolver.swift
[1699/1853] Compiling NIOPosix NIOThreadPool.swift
[1700/1853] Compiling NIOPosix NonBlockingFileIO.swift
[1701/1853] Compiling NIOPosix PendingDatagramWritesManager.swift
[1702/1853] Compiling NIOPosix PendingWritesManager.swift
[1703/1853] Compiling NIOPosix Selectable.swift
[1704/1853] Compiling NIOPosix SelectableChannel.swift
[1705/1853] Compiling NIOPosix SelectableEventLoop.swift
[1706/1853] Compiling NIOPosix SelectorEpoll.swift
[1707/1853] Compiling NIOPosix SelectorGeneric.swift
[1708/1853] Compiling NIOPosix SelectorKqueue.swift
[1709/1853] Compiling NIOPosix SelectorUring.swift
[1738/1853] Emitting module NIOPosix
[1739/1853] Emitting module X509
[1761/1854] Wrapping AST for NIOPosix for debugging
[1763/1856] Emitting module NIO
[1764/1856] Compiling NIO Exports.swift
[1765/1857] Wrapping AST for NIO for debugging
[1767/1896] Compiling X509 ValidatedCertificateChain.swift
[1768/1896] Compiling X509 VerificationDiagnostic.swift
[1769/1896] Compiling X509 Verifier.swift
[1770/1896] Compiling X509 VerifierPolicy.swift
[1771/1896] Compiling X509 AlgorithmIdentifier.swift
[1772/1896] Compiling X509 ECDSASignature.swift
[1773/1896] Compiling X509 RSAPKCS1PublicKey.swift
[1774/1896] Compiling X509 SubjectPublicKeyInfo.swift
[1775/1896] Compiling X509 TBSCertificate.swift
[1776/1896] Compiling X509 Time.swift
[1777/1896] Compiling X509 TimeCalculations.swift
[1778/1896] Compiling X509 Validity.swift
[1779/1896] Compiling X509 X509SendableMetatype.swift
[1780/1896] Compiling NIOFoundationCompat Exports.swift
[1781/1896] Compiling NIOTLS TLSEvents.swift
[1782/1897] Compiling NIOFoundationCompat JSONSerialization+ByteBuffer.swift
[1783/1897] Compiling NIOFoundationCompat WaitSpinningRunLoop.swift
[1784/1897] Emitting module NIOFoundationCompat
[1787/1898] Compiling NIOSOCKS SelectedAuthenticationMethod.swift
[1788/1898] Compiling NIOSOCKS ClientStateMachine.swift
[1789/1899] Compiling NIOSOCKS SOCKSResponse.swift
[1789/1899] Wrapping AST for NIOFoundationCompat for debugging
[1790/1899] Wrapping AST for X509 for debugging
[1792/1899] Emitting module NIOSOCKS
[1793/1899] Compiling NIOSOCKS Messages.swift
[1794/1899] Compiling NIOSOCKS SOCKSRequest.swift
[1795/1899] Compiling NIOSOCKS SOCKSClientHandler.swift
[1796/1899] Compiling NIOSOCKS SOCKSServerHandshakeHandler.swift
[1797/1899] Compiling NIOSOCKS AuthenticationMethod.swift
[1798/1899] Compiling NIOSOCKS ClientGreeting.swift
[1799/1899] Compiling NIOSOCKS Errors.swift
[1800/1899] Compiling NIOSOCKS Helpers.swift
[1801/1963] Compiling NIOSOCKS ServerStateMachine.swift
[1802/1967] Compiling NIOTLS ApplicationProtocolNegotiationHandler.swift
[1803/1967] Emitting module NIOTLS
[1804/1967] Compiling NIOTLS SNIHandler.swift
[1805/1967] Compiling NIOTLS ProtocolNegotiationHandlerStateMachine.swift
[1806/1967] Compiling NIOTLS NIOTypedApplicationProtocolNegotiationHandler.swift
[1808/1968] Wrapping AST for NIOTLS for debugging
[1809/1968] Wrapping AST for NIOSOCKS for debugging
[1811/1987] Compiling NIOSSL SSLPublicKey.swift
[1812/1987] Compiling NIOSSL SecurityFrameworkCertificateVerification.swift
[1813/2000] Compiling NIOSSL SSLCallbacks.swift
[1814/2000] Compiling NIOSSL SSLPrivateKey.swift
[1815/2000] Compiling JWTKit JWTSerializer.swift
[1816/2000] Compiling JWTKit JWTSigner.swift
[1817/2000] Compiling JWTKit JWTKeyCollection+MLDSA.swift
[1818/2000] Compiling JWTKit MLDSA.swift
[1819/2000] Compiling JWTKit MLDSA65+MLDSAKey.swift
[1820/2000] Compiling JWTKit MLDSA87+MLDSAKey.swift
[1821/2000] Compiling JWTKit MLDSAError.swift
[1822/2000] Compiling JWTKit MLDSAKey.swift
[1823/2000] Compiling JWTKit MLDSASigner.swift
[1824/2009] Compiling JWTKit MLDSAType.swift
[1825/2009] Compiling JWTKit JWTKeyCollection+UnsecuredNone.swift
[1826/2009] Compiling JWTKit UnsecuredNoneSigner.swift
[1827/2009] Compiling JWTKit JWTKeyCollection+RSA.swift
[1828/2009] Compiling JWTKit RSA.swift
[1829/2009] Compiling JWTKit RSAError.swift
[1830/2009] Compiling JWTKit RSASigner.swift
[1831/2009] Compiling JWTKit Base64URL.swift
[1832/2009] Compiling JWTKit CryptoSigner.swift
[1833/2009] Compiling NIOSSL ObjectIdentifier.swift
[1834/2009] Compiling NIOSSL PosixPort.swift
[1839/2009] Compiling NIOHTTP1 NIOTypedHTTPServerUpgradeHandler.swift
[1840/2009] Compiling NIOHTTP1 NIOTypedHTTPServerUpgraderStateMachine.swift
[1841/2009] Compiling NIOSSL SSLErrors.swift
[1842/2009] Compiling NIOSSL SSLInit.swift
[1843/2009] Compiling NIOSSL AndroidCABundle.swift
[1844/2009] Compiling NIOSSL ByteBufferBIO.swift
[1845/2009] Compiling NIOSSL CustomPrivateKey.swift
[1846/2009] Compiling NIOSSL FreeBSDCABundle.swift
[1847/2009] Compiling NIOSSL IdentityVerification.swift
[1848/2009] Compiling NIOSSL LinuxCABundle.swift
[1849/2009] Compiling NIOSSL NIOSSLClientHandler.swift
[1850/2009] Compiling NIOSSL NIOSSLHandler+Configuration.swift
[1851/2009] Compiling NIOSSL NIOSSLHandler.swift
[1852/2009] Compiling NIOSSL NIOSSLServerHandler.swift
[1853/2009] Emitting module JWTKit
[1863/2009] Emitting module NIOHTTP1
[1870/2010] Compiling JWTKit JWTAlgorithm.swift
[1871/2010] Compiling JWTKit JWTError.swift
[1872/2010] Compiling JWTKit JWTHeader+CommonFields.swift
[1873/2010] Compiling JWTKit JWTHeader.swift
[1874/2010] Compiling JWTKit JWTHeaderField.swift
[1875/2010] Compiling JWTKit JWTKeyCollection.swift
[1876/2010] Compiling JWTKit JWTParser+MandatoryVerificationFields.swift
[1877/2010] Compiling JWTKit JWTParser.swift
[1878/2010] Compiling JWTKit JWTPayload.swift
[1879/2010] Compiling NIOSSL SSLPKCS12Bundle.swift
[1880/2010] Compiling NIOSSL SubjectAlternativeName.swift
[1881/2010] Compiling NIOSSL NIOSSLSecureBytes.swift
[1882/2010] Compiling NIOSSL RNG.swift
[1883/2010] Compiling NIOSSL SafeCompare.swift
[1884/2010] Compiling NIOSSL SSLCertificate.swift
[1885/2010] Compiling NIOSSL SSLCertificateExtensions.swift
[1886/2010] Compiling NIOSSL SSLCertificateName.swift
[1887/2010] Compiling NIOSSL SSLConnection.swift
[1888/2010] Compiling JWTKit JWTKeyCollection+EdDSA.swift
[1889/2010] Compiling JWTKit HMAC.swift
[1890/2010] Compiling JWTKit HMACError.swift
[1891/2010] Compiling JWTKit HMACSigner.swift
[1892/2010] Compiling JWTKit JWTKeyCollection+HMAC.swift
[1893/2010] Compiling JWTKit Insecure.swift
[1894/2010] Compiling JWTKit JWK.swift
[1895/2010] Compiling JWTKit JWKIdentifier.swift
[1896/2010] Compiling JWTKit JWKS.swift
[1897/2010] Compiling JWTKit JWKSigner.swift
[1897/2027] Wrapping AST for NIOHTTP1 for debugging
[1903/2031] Emitting module NIOHTTPCompression
[1904/2031] Compiling NIOHPACK IndexedHeaderTable.swift
[1905/2031] Compiling NIOHPACK IntegerCoding.swift
[1910/2032] Emitting module NIOSSL
[1911/2032] Compiling NIOHPACK HPACKErrors.swift
[1915/2032] Compiling NIOHPACK HuffmanTables.swift
[1920/2032] Compiling NIOHTTPCompression HTTPCompression.swift
[1921/2032] Compiling NIOHTTPCompression HTTPDecompression.swift
[1922/2032] Compiling NIOHPACK DynamicHeaderTable.swift
[1923/2032] Compiling NIOHPACK HPACKDecoder.swift
[1924/2032] Compiling NIOHPACK HPACKHeader.swift
[1925/2032] Compiling NIOHPACK HeaderTables.swift
[1926/2032] Compiling NIOHPACK HPACKEncoder.swift
[1927/2032] Compiling NIOHTTPCompression HTTPDecompressor.swift
[1928/2032] Compiling NIOHTTPCompression HTTPRequestCompressor.swift
[1929/2032] Compiling NIOHTTPCompression HTTPResponseCompressor.swift
[1930/2033] Compiling NIOHPACK HuffmanCoding.swift
[1932/2033] Compiling NIOHPACK StaticHeaderTable.swift
[1935/2033] Emitting module NIOHPACK
[1935/2033] Wrapping AST for NIOHTTPCompression for debugging
[1937/2033] Compiling JWTKit CustomizedJSONCoders.swift
[1938/2033] Compiling JWTKit Utilities.swift
[1939/2033] Compiling JWTKit AppleIdentityToken.swift
[1940/2033] Compiling JWTKit FirebaseAuthIdentityToken.swift
[1941/2033] Compiling JWTKit GoogleIdentityToken.swift
[1942/2033] Compiling JWTKit MicrosoftIdentityToken.swift
[1943/2033] Compiling JWTKit EmptyPolicy.swift
[1944/2033] Compiling JWTKit ValidationTimePayload.swift
[1945/2033] Compiling JWTKit X5CVerifier.swift
[1950/2035] Wrapping AST for JWTKit for debugging
[1952/2035] Wrapping AST for NIOHPACK for debugging
[1962/2098] Compiling NIOHTTP2 HTTP2UserEvents.swift
[1963/2098] Compiling NIOHTTP2 InboundEventBuffer.swift
[1964/2098] Compiling NIOHTTP2 InboundWindowManager.swift
[1965/2098] Compiling NIOHTTP2 MultiplexerAbstractChannel.swift
[1966/2099] Wrapping AST for NIOSSL for debugging
[1968/2099] Emitting module NIOHTTP2
[1969/2107] Compiling NIOHTTP2 DOSHeuristics.swift
[1970/2107] Compiling NIOHTTP2 Error+Any.swift
[1971/2107] Compiling NIOHTTP2 ConcurrentStreamBuffer.swift
[1972/2107] Compiling NIOHTTP2 ControlFrameBuffer.swift
[1973/2107] Compiling NIOHTTP2 OutboundFlowControlBuffer.swift
[1974/2107] Compiling NIOHTTP2 OutboundFrameBuffer.swift
[1975/2107] Compiling NIOHTTP2 GlitchesMonitor.swift
[1976/2107] Compiling NIOHTTP2 HPACKHeaders+Validation.swift
[1977/2107] Compiling NIOHTTP2 HTTP2ChannelHandler+InboundStreamMultiplexer.swift
[1978/2107] Compiling NIOHTTP2 ConnectionStateMachine.swift
[1979/2107] Compiling NIOHTTP2 ConnectionStreamsState.swift
[1980/2107] Compiling NIOHTTP2 MayReceiveFrames.swift
[1981/2107] Compiling NIOHTTP2 ReceivingDataState.swift
[1982/2107] Compiling NIOHTTP2 ReceivingGoAwayState.swift
[1983/2107] Compiling NIOHTTP2 ReceivingHeadersState.swift
[1984/2107] Compiling NIOHTTP2 ReceivingPushPromiseState.swift
[1985/2107] Compiling NIOHTTP2 ReceivingRstStreamState.swift
[1986/2107] Compiling NIOHTTP2 ReceivingWindowUpdateState.swift
[1987/2107] Compiling NIOHTTP2 MaySendFrames.swift
[1988/2107] Compiling NIOHTTP2 SendingDataState.swift
[1989/2107] Compiling NIOHTTP2 SendingGoawayState.swift
[1990/2107] Compiling NIOHTTP2 SendingHeadersState.swift
[1991/2107] Compiling NIOHTTP2 SendingPushPromiseState.swift
[1992/2107] Compiling NIOHTTP2 SendingRstStreamState.swift
[1993/2107] Compiling NIOHTTP2 SendingWindowUpdateState.swift
[1994/2107] Compiling NIOHTTP2 HTTP2SettingsState.swift
[1995/2107] Compiling NIOHTTP2 HasExtendedConnectSettings.swift
[1996/2107] Compiling NIOHTTP2 HTTP2StreamMultiplexer.swift
[1997/2107] Compiling NIOHTTP2 HTTP2ToHTTP1Codec.swift
[2002/2107] Compiling NIOHTTP2 NIOHTTP2FrameDelegate.swift
[2003/2107] Compiling NIOHTTP2 NIOHTTP2ServerConnectionManagementHandler+StateMachine.swift
[2004/2107] Compiling NIOHTTP2 HTTP2FrameParser.swift
[2005/2107] Compiling NIOHTTP2 HTTP2PingData.swift
[2006/2107] Compiling NIOHTTP2 HTTP2PipelineHelpers.swift
[2007/2107] Compiling NIOHTTP2 HTTP2Settings.swift
[2008/2107] Compiling NIOHTTP2 HTTP2Stream.swift
[2009/2107] Compiling NIOHTTP2 HTTP2StreamChannel+OutboundStreamMultiplexer.swift
[2010/2107] Compiling NIOHTTP2 HTTP2StreamChannel.swift
[2011/2107] Compiling NIOHTTP2 HTTP2StreamDelegate.swift
[2012/2107] Compiling NIOHTTP2 HTTP2StreamID.swift
[2013/2107] Compiling NIOHTTP2 NIOHTTP2ServerConnectionManagementHandler.swift
[2014/2107] Compiling NIOHTTP2 StreamChannelFlowController.swift
[2015/2107] Compiling NIOHTTP2 StreamChannelList.swift
[2016/2107] Compiling NIOHTTP2 StreamMap.swift
[2017/2107] Compiling NIOHTTP2 StreamStateMachine.swift
[2018/2107] Compiling NIOHTTP2 Timer.swift
[2019/2107] Compiling NIOHTTP2 UnsafeTransfer.swift
[2020/2107] Compiling NIOHTTP2 WatermarkedFlowController.swift
[2021/2107] Compiling NIOHTTP2 HTTP2ChannelHandler+InlineStreamMultiplexer.swift
[2022/2107] Compiling NIOHTTP2 HTTP2ChannelHandler.swift
[2023/2107] Compiling NIOHTTP2 HTTP2CommonInboundStreamMultiplexer.swift
[2024/2107] Compiling NIOHTTP2 HTTP2ConnectionStateChange.swift
[2025/2107] Compiling NIOHTTP2 HTTP2Error.swift
[2026/2107] Compiling NIOHTTP2 HTTP2ErrorCode.swift
[2027/2107] Compiling NIOHTTP2 HTTP2FlowControlWindow.swift
[2028/2107] Compiling NIOHTTP2 HTTP2Frame.swift
[2029/2107] Compiling NIOHTTP2 HTTP2FrameEncoder.swift
[2030/2107] Compiling NIOHTTP2 HasFlowControlWindows.swift
[2031/2107] Compiling NIOHTTP2 HasLocalSettings.swift
[2032/2107] Compiling NIOHTTP2 HasRemoteSettings.swift
[2033/2107] Compiling NIOHTTP2 LocallyQuiescingState.swift
[2034/2107] Compiling NIOHTTP2 QuiescingState.swift
[2035/2107] Compiling NIOHTTP2 RemotelyQuiescingState.swift
[2036/2107] Compiling NIOHTTP2 SendAndReceiveGoawayState.swift
[2037/2107] Compiling NIOHTTP2 StateMachineResult.swift
[2038/2107] Compiling NIOHTTP2 ContentLengthVerifier.swift
[2039/2108] Wrapping AST for NIOHTTP2 for debugging
[2041/2172] Compiling AsyncHTTPClient AnyAsyncSequence.swift
[2042/2172] Compiling AsyncHTTPClient AnyAsyncSequenceProucerDelete.swift
[2043/2172] Compiling AsyncHTTPClient AsyncLazySequence.swift
[2044/2172] Compiling AsyncHTTPClient HTTPClient+execute.swift
[2045/2172] Compiling AsyncHTTPClient HTTPClient+shutdown.swift
[2046/2172] Compiling AsyncHTTPClient HTTPClient+tracing.swift
[2047/2172] Compiling AsyncHTTPClient HTTPClientRequest+Prepared.swift
[2048/2172] Compiling AsyncHTTPClient HTTPClientRequest+auth.swift
[2049/2172] Compiling AsyncHTTPClient HTTPClientRequest.swift
[2050/2180] Emitting module AsyncHTTPClient
[2051/2180] Compiling AsyncHTTPClient HTTPClientResponse.swift
[2052/2180] Compiling AsyncHTTPClient SingleIteratorPrecondition.swift
[2053/2180] Compiling AsyncHTTPClient Transaction+StateMachine.swift
[2054/2180] Compiling AsyncHTTPClient Transaction.swift
[2055/2180] Compiling AsyncHTTPClient Base64.swift
[2056/2180] Compiling AsyncHTTPClient BasicAuth.swift
[2057/2180] Compiling AsyncHTTPClient BestEffortHashableTLSConfiguration.swift
[2058/2180] Compiling AsyncHTTPClient Configuration+BrowserLike.swift
[2059/2180] Compiling AsyncHTTPClient ConnectionPool.swift
[2060/2180] Compiling AsyncHTTPClient HTTP1ProxyConnectHandler.swift
[2061/2180] Compiling AsyncHTTPClient SOCKSEventsHandler.swift
[2062/2180] Compiling AsyncHTTPClient TLSEventsHandler.swift
[2063/2180] Compiling AsyncHTTPClient HTTP1ClientChannelHandler.swift
[2064/2180] Compiling AsyncHTTPClient HTTP1Connection.swift
[2065/2180] Compiling AsyncHTTPClient HTTP1ConnectionStateMachine.swift
[2066/2180] Compiling AsyncHTTPClient HTTP2ClientRequestHandler.swift
[2067/2180] Compiling AsyncHTTPClient HTTP2Connection.swift
[2068/2180] Compiling AsyncHTTPClient HTTP2IdleHandler.swift
[2069/2180] Compiling AsyncHTTPClient RequestValidation.swift
[2070/2180] Compiling AsyncHTTPClient SSLContextCache.swift
[2071/2180] Compiling AsyncHTTPClient Scheme.swift
[2072/2180] Compiling AsyncHTTPClient Singleton.swift
[2073/2180] Compiling AsyncHTTPClient StringConvertibleInstances.swift
[2074/2180] Compiling AsyncHTTPClient StructuredConcurrencyHelpers.swift
[2075/2180] Compiling AsyncHTTPClient TracingSupport.swift
[2076/2180] Compiling AsyncHTTPClient Utils.swift
[2077/2180] Compiling AsyncHTTPClient LRUCache.swift
[2078/2180] Compiling AsyncHTTPClient NIOLoopBound+Execute.swift
[2079/2180] Compiling AsyncHTTPClient NWErrorHandler.swift
[2080/2180] Compiling AsyncHTTPClient NWWaitingHandler.swift
[2081/2180] Compiling AsyncHTTPClient TLSConfiguration.swift
[2082/2180] Compiling AsyncHTTPClient RedirectState.swift
[2083/2180] Compiling AsyncHTTPClient RequestBag+StateMachine.swift
[2084/2180] Compiling AsyncHTTPClient RequestBag+Tracing.swift
[2085/2180] Compiling AsyncHTTPClient RequestBag.swift
[2086/2180] Compiling AsyncHTTPClient DeconstructedURL.swift
[2087/2180] Compiling AsyncHTTPClient FileDownloadDelegate.swift
[2088/2180] Compiling AsyncHTTPClient FoundationExtensions.swift
[2089/2180] Compiling AsyncHTTPClient HTTPClient+HTTPCookie.swift
[2090/2180] Compiling AsyncHTTPClient HTTPClient+Proxy.swift
[2091/2180] Compiling AsyncHTTPClient HTTPClient+StructuredConcurrency.swift
[2092/2180] Compiling AsyncHTTPClient HTTPClient.swift
[2093/2180] Compiling AsyncHTTPClient HTTPClientConfiguration+SwiftConfiguration.swift
[2094/2180] Compiling AsyncHTTPClient HTTPHandler.swift
[2095/2180] Compiling AsyncHTTPClient HTTPConnectionEvent.swift
[2096/2180] Compiling AsyncHTTPClient HTTPConnectionPool+Factory.swift
[2097/2180] Compiling AsyncHTTPClient HTTPConnectionPool+Manager.swift
[2098/2180] Compiling AsyncHTTPClient HTTPConnectionPool.swift
[2099/2180] Compiling AsyncHTTPClient HTTPExecutableRequest.swift
[2100/2180] Compiling AsyncHTTPClient HTTPRequestStateMachine+Demand.swift
[2101/2180] Compiling AsyncHTTPClient HTTPRequestStateMachine.swift
[2102/2180] Compiling AsyncHTTPClient RequestBodyLength.swift
[2103/2180] Compiling AsyncHTTPClient RequestFramingMetadata.swift
[2104/2180] Compiling AsyncHTTPClient RequestOptions.swift
[2105/2180] Compiling AsyncHTTPClient HTTPConnectionPool+Backoff.swift
[2106/2180] Compiling AsyncHTTPClient HTTPConnectionPool+HTTP1Connections.swift
[2107/2180] Compiling AsyncHTTPClient HTTPConnectionPool+HTTP1StateMachine.swift
[2108/2180] Compiling AsyncHTTPClient HTTPConnectionPool+HTTP2Connections.swift
[2109/2180] Compiling AsyncHTTPClient HTTPConnectionPool+HTTP2StateMachine.swift
[2110/2180] Compiling AsyncHTTPClient HTTPConnectionPool+RequestQueue.swift
[2111/2180] Compiling AsyncHTTPClient HTTPConnectionPool+StateMachine.swift
[2112/2180] Compiling AsyncHTTPClient ConnectionTarget.swift
[2113/2182] Wrapping AST for AsyncHTTPClient for debugging
[2115/2204] Emitting module GoogleAuth
[2116/2207] Compiling GoogleAuth AuthHTTPClient.swift
[2117/2207] Compiling GoogleAuth AuthHTTPError.swift
[2118/2207] Compiling GoogleAuth RetryEngine.swift
[2119/2207] Compiling GoogleAuth AnonymousCredentials.swift
[2120/2207] Compiling GoogleAuth ApiKeyCredentials.swift
[2121/2207] Compiling GoogleAuth ExternalAccountCredentials.swift
[2122/2207] Compiling GoogleAuth ADC.swift
[2123/2207] Compiling GoogleAuth ADCPath.swift
[2124/2207] Compiling GoogleAuth ADCResolver.swift
[2125/2207] Compiling GoogleAuth AuthHeaders.swift
[2126/2207] Compiling GoogleAuth ServiceAccountCredentials.swift
[2127/2207] Compiling GoogleAuth ServiceAccountData.swift
[2128/2207] Compiling GoogleAuth ServiceAccountTokenProvider.swift
[2129/2207] Compiling GoogleAuth UserAccountData.swift
[2130/2207] Compiling GoogleAuth UserAccountTokenProvider.swift
[2131/2207] Compiling GoogleAuth UserCredentials.swift
[2132/2207] Compiling GoogleAuth CredentialParserRegistry.swift
[2133/2207] Compiling GoogleAuth Credentials.swift
[2134/2207] Compiling GoogleAuth CredentialsError.swift
[2135/2207] Compiling GoogleAuth SubjectTokenProvider.swift
[2136/2207] Compiling GoogleAuth MDSAccessTokenProvider.swift
[2137/2207] Compiling GoogleAuth MDSCredentials.swift
[2138/2207] Compiling GoogleAuth STSHandler.swift
[2139/2207] Compiling GoogleAuth TokenCache.swift
[2140/2207] Compiling GoogleAuth PackageVersion.swift
[2141/2208] Wrapping AST for GoogleAuth for debugging
[2143/2266] Compiling GoogleGax AIP194+PollingErrorPolicy.swift
[2144/2266] Compiling GoogleGax AIP194+RetryPolicy.swift
[2145/2266] Compiling GoogleGax AIP194.swift
[2146/2266] Compiling GoogleGax AdaptiveThrottler.swift
[2147/2266] Compiling GoogleGax AlwaysPoll.swift
[2148/2266] Compiling GoogleGax AlwaysRetry.swift
[2149/2266] Compiling GoogleGax ApiClientHeader.swift
[2150/2266] Compiling GoogleGax BackoffPolicy.swift
[2151/2266] Compiling GoogleGax BasePollingErrorPolicy.swift
[2152/2274] Compiling GoogleGax LimitedAttemptCount+PollingErrorPolicy.swift
[2153/2274] Compiling GoogleGax LimitedAttemptCount+RetryPolicy.swift
[2154/2274] Compiling GoogleGax LimitedAttemptCount.swift
[2155/2274] Compiling GoogleGax LimitedElapsedTime+PollingErrorPolicy.swift
[2156/2274] Compiling GoogleGax LimitedElapsedTime+RetryPolicy.swift
[2157/2274] Compiling GoogleGax LimitedElapsedTime.swift
[2158/2274] Compiling GoogleGax LongRunningOperations.swift
[2159/2274] Compiling GoogleGax NeverRetry.swift
[2160/2274] Emitting module GoogleGax
[2161/2274] Compiling GoogleGax Pagination.swift
/host/spi-builder-workspace/.build/checkouts/swift-google-gax/Sources/GoogleGax/Pagination.swift:44:22: error: cannot convert '@Sendable (String) async throws -> (response: ResponseType, items: [Item], nextToken: String)' to 'nonisolated(nonsending) @Sendable (String) async throws -> (response: ResponseType, items: [Item], nextToken: String)' because crossing of an isolation boundary requires parameter and result types to conform to 'Sendable' protocol
42 | ) where ResponseType: _PaginatedResponse<Item> {
43 | self.initialPageToken = initialPageToken ?? ""
44 | self.fetchPage = { token in
| |- error: cannot convert '@Sendable (String) async throws -> (response: ResponseType, items: [Item], nextToken: String)' to 'nonisolated(nonsending) @Sendable (String) async throws -> (response: ResponseType, items: [Item], nextToken: String)' because crossing of an isolation boundary requires parameter and result types to conform to 'Sendable' protocol
| `- note: type 'Item' does not conform to 'Sendable' protocol
45 | let response = try await listRpc(token)
46 | return (response, response._getPaginatedItems(), response._nextPageToken())
[2162/2274] Compiling GoogleGax PollingBackoffPolicy.swift
/host/spi-builder-workspace/.build/checkouts/swift-google-gax/Sources/GoogleGax/Pagination.swift:44:22: error: cannot convert '@Sendable (String) async throws -> (response: ResponseType, items: [Item], nextToken: String)' to 'nonisolated(nonsending) @Sendable (String) async throws -> (response: ResponseType, items: [Item], nextToken: String)' because crossing of an isolation boundary requires parameter and result types to conform to 'Sendable' protocol
42 | ) where ResponseType: _PaginatedResponse<Item> {
43 | self.initialPageToken = initialPageToken ?? ""
44 | self.fetchPage = { token in
| |- error: cannot convert '@Sendable (String) async throws -> (response: ResponseType, items: [Item], nextToken: String)' to 'nonisolated(nonsending) @Sendable (String) async throws -> (response: ResponseType, items: [Item], nextToken: String)' because crossing of an isolation boundary requires parameter and result types to conform to 'Sendable' protocol
| `- note: type 'Item' does not conform to 'Sendable' protocol
45 | let response = try await listRpc(token)
46 | return (response, response._getPaginatedItems(), response._nextPageToken())
[2163/2274] Compiling GoogleGax PollingErrorPolicy.swift
/host/spi-builder-workspace/.build/checkouts/swift-google-gax/Sources/GoogleGax/Pagination.swift:44:22: error: cannot convert '@Sendable (String) async throws -> (response: ResponseType, items: [Item], nextToken: String)' to 'nonisolated(nonsending) @Sendable (String) async throws -> (response: ResponseType, items: [Item], nextToken: String)' because crossing of an isolation boundary requires parameter and result types to conform to 'Sendable' protocol
42 | ) where ResponseType: _PaginatedResponse<Item> {
43 | self.initialPageToken = initialPageToken ?? ""
44 | self.fetchPage = { token in
| |- error: cannot convert '@Sendable (String) async throws -> (response: ResponseType, items: [Item], nextToken: String)' to 'nonisolated(nonsending) @Sendable (String) async throws -> (response: ResponseType, items: [Item], nextToken: String)' because crossing of an isolation boundary requires parameter and result types to conform to 'Sendable' protocol
| `- note: type 'Item' does not conform to 'Sendable' protocol
45 | let response = try await listRpc(token)
46 | return (response, response._getPaginatedItems(), response._nextPageToken())
[2164/2274] Compiling GoogleGax PollingResult.swift
/host/spi-builder-workspace/.build/checkouts/swift-google-gax/Sources/GoogleGax/Pagination.swift:44:22: error: cannot convert '@Sendable (String) async throws -> (response: ResponseType, items: [Item], nextToken: String)' to 'nonisolated(nonsending) @Sendable (String) async throws -> (response: ResponseType, items: [Item], nextToken: String)' because crossing of an isolation boundary requires parameter and result types to conform to 'Sendable' protocol
42 | ) where ResponseType: _PaginatedResponse<Item> {
43 | self.initialPageToken = initialPageToken ?? ""
44 | self.fetchPage = { token in
| |- error: cannot convert '@Sendable (String) async throws -> (response: ResponseType, items: [Item], nextToken: String)' to 'nonisolated(nonsending) @Sendable (String) async throws -> (response: ResponseType, items: [Item], nextToken: String)' because crossing of an isolation boundary requires parameter and result types to conform to 'Sendable' protocol
| `- note: type 'Item' does not conform to 'Sendable' protocol
45 | let response = try await listRpc(token)
46 | return (response, response._getPaginatedItems(), response._nextPageToken())
[2165/2274] Compiling GoogleGax PollingState.swift
/host/spi-builder-workspace/.build/checkouts/swift-google-gax/Sources/GoogleGax/Pagination.swift:44:22: error: cannot convert '@Sendable (String) async throws -> (response: ResponseType, items: [Item], nextToken: String)' to 'nonisolated(nonsending) @Sendable (String) async throws -> (response: ResponseType, items: [Item], nextToken: String)' because crossing of an isolation boundary requires parameter and result types to conform to 'Sendable' protocol
42 | ) where ResponseType: _PaginatedResponse<Item> {
43 | self.initialPageToken = initialPageToken ?? ""
44 | self.fetchPage = { token in
| |- error: cannot convert '@Sendable (String) async throws -> (response: ResponseType, items: [Item], nextToken: String)' to 'nonisolated(nonsending) @Sendable (String) async throws -> (response: ResponseType, items: [Item], nextToken: String)' because crossing of an isolation boundary requires parameter and result types to conform to 'Sendable' protocol
| `- note: type 'Item' does not conform to 'Sendable' protocol
45 | let response = try await listRpc(token)
46 | return (response, response._getPaginatedItems(), response._nextPageToken())
[2166/2274] Compiling GoogleGax ProtobufConversionError.swift
/host/spi-builder-workspace/.build/checkouts/swift-google-gax/Sources/GoogleGax/Pagination.swift:44:22: error: cannot convert '@Sendable (String) async throws -> (response: ResponseType, items: [Item], nextToken: String)' to 'nonisolated(nonsending) @Sendable (String) async throws -> (response: ResponseType, items: [Item], nextToken: String)' because crossing of an isolation boundary requires parameter and result types to conform to 'Sendable' protocol
42 | ) where ResponseType: _PaginatedResponse<Item> {
43 | self.initialPageToken = initialPageToken ?? ""
44 | self.fetchPage = { token in
| |- error: cannot convert '@Sendable (String) async throws -> (response: ResponseType, items: [Item], nextToken: String)' to 'nonisolated(nonsending) @Sendable (String) async throws -> (response: ResponseType, items: [Item], nextToken: String)' because crossing of an isolation boundary requires parameter and result types to conform to 'Sendable' protocol
| `- note: type 'Item' does not conform to 'Sendable' protocol
45 | let response = try await listRpc(token)
46 | return (response, response._getPaginatedItems(), response._nextPageToken())
[2167/2274] Compiling GoogleGax QueryParameter.swift
/host/spi-builder-workspace/.build/checkouts/swift-google-gax/Sources/GoogleGax/Pagination.swift:44:22: error: cannot convert '@Sendable (String) async throws -> (response: ResponseType, items: [Item], nextToken: String)' to 'nonisolated(nonsending) @Sendable (String) async throws -> (response: ResponseType, items: [Item], nextToken: String)' because crossing of an isolation boundary requires parameter and result types to conform to 'Sendable' protocol
42 | ) where ResponseType: _PaginatedResponse<Item> {
43 | self.initialPageToken = initialPageToken ?? ""
44 | self.fetchPage = { token in
| |- error: cannot convert '@Sendable (String) async throws -> (response: ResponseType, items: [Item], nextToken: String)' to 'nonisolated(nonsending) @Sendable (String) async throws -> (response: ResponseType, items: [Item], nextToken: String)' because crossing of an isolation boundary requires parameter and result types to conform to 'Sendable' protocol
| `- note: type 'Item' does not conform to 'Sendable' protocol
45 | let response = try await listRpc(token)
46 | return (response, response._getPaginatedItems(), response._nextPageToken())
[2168/2274] Compiling GoogleGax RequestError.swift
/host/spi-builder-workspace/.build/checkouts/swift-google-gax/Sources/GoogleGax/Pagination.swift:44:22: error: cannot convert '@Sendable (String) async throws -> (response: ResponseType, items: [Item], nextToken: String)' to 'nonisolated(nonsending) @Sendable (String) async throws -> (response: ResponseType, items: [Item], nextToken: String)' because crossing of an isolation boundary requires parameter and result types to conform to 'Sendable' protocol
42 | ) where ResponseType: _PaginatedResponse<Item> {
43 | self.initialPageToken = initialPageToken ?? ""
44 | self.fetchPage = { token in
| |- error: cannot convert '@Sendable (String) async throws -> (response: ResponseType, items: [Item], nextToken: String)' to 'nonisolated(nonsending) @Sendable (String) async throws -> (response: ResponseType, items: [Item], nextToken: String)' because crossing of an isolation boundary requires parameter and result types to conform to 'Sendable' protocol
| `- note: type 'Item' does not conform to 'Sendable' protocol
45 | let response = try await listRpc(token)
46 | return (response, response._getPaginatedItems(), response._nextPageToken())
[2169/2274] Compiling GoogleGax RequestOptions.swift
[2170/2274] Compiling GoogleGax RetryLoop.swift
[2171/2274] Compiling GoogleGax RetryPolicy.swift
[2172/2274] Compiling GoogleGax RetryResult.swift
[2173/2274] Compiling GoogleGax RetryState.swift
[2174/2274] Compiling GoogleGax RetryThrottler.swift
[2175/2274] Compiling GoogleGax RetryThrottlerError.swift
[2176/2274] Compiling GoogleGax RoutingMatcher.swift
[2177/2274] Compiling GoogleGax HTTPClientProtocol.swift
[2178/2274] Compiling GoogleGax HTTPClientRequest.swift
[2179/2274] Compiling GoogleGax HTTPClientResponse.swift
[2180/2274] Compiling GoogleGax HTTPHeaders.swift
[2181/2274] Compiling GoogleGax HTTPResponseBody.swift
[2182/2274] Compiling GoogleGax HeaderNames.swift
[2183/2274] Compiling GoogleGax Host.swift
[2184/2274] Compiling GoogleGax InProgressResult.swift
[2185/2274] Compiling GoogleGax ServiceError.swift
[2186/2274] Compiling GoogleGax StatusDetail.swift
[2187/2274] Compiling GoogleGax StrictIdempotency.swift
[2188/2274] Compiling GoogleGax ThrottleResult.swift
[2189/2274] Compiling GoogleGax TooManyRequests+PollingErrorPolicy.swift
[2190/2274] Compiling GoogleGax TooManyRequests+RetryPolicy.swift
[2191/2274] Compiling GoogleGax TooManyRequests.swift
[2192/2274] Compiling GoogleGax PackageVersion.swift
[2193/2274] Compiling GoogleGax BaseRetryPolicy.swift
[2194/2274] Compiling GoogleGax BindingError.swift
[2195/2274] Compiling GoogleGax CRC32C.swift
[2196/2274] Compiling GoogleGax CircuitBreaker.swift
[2197/2274] Compiling GoogleGax ClientError.swift
[2198/2274] Compiling GoogleGax ClientOptions.swift
[2199/2274] Compiling GoogleGax ContinueOnIO+PollingErrorPolicy.swift
[2200/2274] Compiling GoogleGax ContinueOnIO+RetryPolicy.swift
[2201/2274] Compiling GoogleGax ContinueOnIO.swift
[2202/2274] Compiling GoogleGax CredentialsProtocol.swift
[2203/2274] Compiling GoogleGax ErrorWrapper.swift
[2204/2274] Compiling GoogleGax ExponentialBackoff+BackoffPolicy.swift
[2205/2274] Compiling GoogleGax ExponentialBackoff+PollingBackoffPolicy.swift
[2206/2274] Compiling GoogleGax ExponentialBackoff.swift
[2207/2274] Compiling GoogleGax HTTPClient.swift
[2208/2274] Compiling GoogleGax HTTPClientHolder.swift
BUILD FAILURE 6.2 android