The Swift Package Index logo.Swift Package Index

Build Information

Failed to build FlipBook, reference master (bd9f29), with Swift 6.4 for tvOS using Xcode 27.0 on 15 Sep 2026 18:43:42 UTC.

Build Command

env DEVELOPER_DIR=/Applications/Xcode-27.0.0-Release.Candidate.app xcrun xcodebuild -IDEClonedSourcePackagesDirPathOverride=$PWD/.dependencies -skipMacroValidation -skipPackagePluginValidation -derivedDataPath $PWD/.derivedData build -scheme FlipBook -destination generic/platform=tvOS

Build Log

========================================
RunAll
========================================
Builder version: 5.1.0
Interrupt handler set up.
========================================
Checkout
========================================
Clone URL: https://github.com/bgayman/FlipBook.git
Reference: master
Initialized empty Git repository in /Users/admin/builder/spi-builder-workspace/.git/
From https://github.com/bgayman/FlipBook
 * branch            master     -> FETCH_HEAD
 * [new branch]      master     -> origin/master
HEAD is now at bd9f29c Add unit tests
Cloned https://github.com/bgayman/FlipBook.git
Revision (git rev-parse @):
bd9f29cf91e6ecd82e863d132af0435fee6098a4
SUCCESS checkout https://github.com/bgayman/FlipBook.git at master
========================================
Build
========================================
Selected platform:         tvOS
Swift version:             6.4
Building package at path:  $PWD
https://github.com/bgayman/FlipBook.git
Command line invocation:
    /Applications/Xcode-27.0.0-Release.Candidate.app/Contents/Developer/usr/bin/xcodebuild -IDEClonedSourcePackagesDirPathOverride=/Users/admin/builder/spi-builder-workspace/.dependencies -resolvePackageDependencies
Resolve Package Graph
Resolve Package Graph
Resolved source packages:
  FlipBook: /Users/admin/builder/spi-builder-workspace
resolved source packages: FlipBook
2026-09-15 14:42:40.383 xcodebuild[529:3042] [MT] IDERunDestination: Supported platforms for the buildables in the current scheme is empty.
2026-09-15 14:42:40.540 xcodebuild[529:3042] [MT] IDERunDestination: Supported platforms for the buildables in the current scheme is empty.
2026-09-15 14:42:42.186 xcodebuild[529:3042] [MT] IDERunDestination: Supported platforms for the buildables in the current scheme is empty.
{
  "dependencies" : [
  ],
  "manifest_display_name" : "FlipBook",
  "name" : "FlipBook",
  "path" : "/Users/admin/builder/spi-builder-workspace",
  "platforms" : [
    {
      "name" : "ios",
      "version" : "10.0"
    },
    {
      "name" : "macos",
      "version" : "10.15"
    },
    {
      "name" : "tvos",
      "version" : "10.0"
    }
  ],
  "products" : [
    {
      "name" : "FlipBook",
      "targets" : [
        "FlipBook"
      ],
      "type" : {
        "library" : [
          "automatic"
        ]
      }
    }
  ],
  "targets" : [
    {
      "c99name" : "FlipBookTests",
      "module_type" : "SwiftTarget",
      "name" : "FlipBookTests",
      "path" : "Tests/FlipBookTests",
      "sources" : [
        "FlipBookAssetWriterUnitTests.swift",
        "FlipBookCoreAnimationVideoEditorUnitTests.swift",
        "FlipBookGIFWriterUnitTests.swift",
        "FlipBookLivePhotoWriterUnitTests.swift",
        "FlipBookUnitTests.swift",
        "RPScreenWriterUnitTests.swift",
        "XCTestManifests.swift"
      ],
      "target_dependencies" : [
        "FlipBook"
      ],
      "type" : "test"
    },
    {
      "c99name" : "FlipBook",
      "module_type" : "SwiftTarget",
      "name" : "FlipBook",
      "path" : "Sources/FlipBook",
      "product_memberships" : [
        "FlipBook"
      ],
      "sources" : [
        "FlipBook.swift",
        "FlipBookAssetWriter.swift",
        "FlipBookCoreAnimationVideoEditor.swift",
        "FlipBookGIFWriter.swift",
        "FlipBookLivePhotoWriter.swift",
        "Image.swift",
        "RPScreenWriter.swift",
        "Rect.swift",
        "Screen.swift",
        "View.swift"
      ],
      "type" : "library"
    }
  ],
  "tools_version" : "5.1"
}
{
  "workspace" : {
    "name" : "FlipBook",
    "schemes" : [
      "FlipBook"
    ]
  }
}
2026-09-15 14:43:27.858 xcodebuild[647:4155] [MT] IDERunDestination: Supported platforms for the buildables in the current scheme is empty.
2026-09-15 14:43:27.998 xcodebuild[647:4155] [MT] IDERunDestination: Supported platforms for the buildables in the current scheme is empty.
Running build ...
env DEVELOPER_DIR=/Applications/Xcode-27.0.0-Release.Candidate.app xcrun xcodebuild -IDEClonedSourcePackagesDirPathOverride=$PWD/.dependencies -skipMacroValidation -skipPackagePluginValidation -derivedDataPath $PWD/.derivedData build -scheme FlipBook -destination generic/platform=tvOS
Command line invocation:
    /Applications/Xcode-27.0.0-Release.Candidate.app/Contents/Developer/usr/bin/xcodebuild -IDEClonedSourcePackagesDirPathOverride=/Users/admin/builder/spi-builder-workspace/.dependencies -skipMacroValidation -skipPackagePluginValidation -derivedDataPath /Users/admin/builder/spi-builder-workspace/.derivedData build -scheme FlipBook -destination generic/platform=tvOS
Resolve Package Graph
Resolved source packages:
  FlipBook: /Users/admin/builder/spi-builder-workspace
ComputePackagePrebuildTargetDependencyGraph
Prepare packages
CreateBuildRequest
SendProjectDescription
CreateBuildOperation
ComputeTargetDependencyGraph
note: Building targets in dependency order
note: Target dependency graph (3 targets)
    Target 'FlipBookTests-product' in project 'FlipBook'
        ➜ Explicit dependency on target 'FlipBook' in project 'FlipBook'
    Target 'FlipBook-product' in project 'FlipBook'
        ➜ Explicit dependency on target 'FlipBook' in project 'FlipBook'
    Target 'FlipBook' in project 'FlipBook' (no dependencies)
GatherProvisioningInputs
CreateBuildDescription
ExecuteExternalTool /Applications/Xcode-27.0.0-Release.Candidate.app/Contents/Developer/Toolchains/XcodeDefault.xctoolchain/usr/bin/swiftc --version
ExecuteExternalTool /Applications/Xcode-27.0.0-Release.Candidate.app/Contents/Developer/Toolchains/XcodeDefault.xctoolchain/usr/bin/clang -v -E -dM -isysroot /Applications/Xcode-27.0.0-Release.Candidate.app/Contents/Developer/Platforms/AppleTVOS.platform/Developer/SDKs/AppleTVOS27.0.sdk -x c -c /dev/null
ExecuteExternalTool /Applications/Xcode-27.0.0-Release.Candidate.app/Contents/Developer/Toolchains/XcodeDefault.xctoolchain/usr/bin/ld -version_details
Build description signature: 8bc1973413b70945b95bcb6e2e2eed9f
Build description path: /Users/admin/builder/spi-builder-workspace/.derivedData/Build/Intermediates.noindex/XCBuildData/8bc1973413b70945b95bcb6e2e2eed9f.xcbuilddata
CreateBuildDirectory /Users/admin/builder/spi-builder-workspace/.derivedData/SDKExplicitPrecompiledModules
    cd /Users/admin/builder/spi-builder-workspace/.swiftpm/xcode
    builtin-create-build-directory /Users/admin/builder/spi-builder-workspace/.derivedData/SDKExplicitPrecompiledModules
CreateBuildDirectory /Users/admin/builder/spi-builder-workspace/.derivedData/ModuleCache.noindex
    cd /Users/admin/builder/spi-builder-workspace/.swiftpm/xcode
    builtin-create-build-directory /Users/admin/builder/spi-builder-workspace/.derivedData/ModuleCache.noindex
CreateBuildDirectory /Users/admin/builder/spi-builder-workspace/.derivedData/CompilationCache.noindex
    cd /Users/admin/builder/spi-builder-workspace/.swiftpm/xcode
    builtin-create-build-directory /Users/admin/builder/spi-builder-workspace/.derivedData/CompilationCache.noindex
CreateBuildDirectory /Users/admin/builder/spi-builder-workspace/.derivedData/Build/Products
    cd /Users/admin/builder/spi-builder-workspace/.swiftpm/xcode
    builtin-create-build-directory /Users/admin/builder/spi-builder-workspace/.derivedData/Build/Products
ClangStatCache /Applications/Xcode-27.0.0-Release.Candidate.app/Contents/Developer/Toolchains/XcodeDefault.xctoolchain/usr/bin/clang-stat-cache /Applications/Xcode-27.0.0-Release.Candidate.app/Contents/Developer/Platforms/AppleTVOS.platform/Developer/SDKs/AppleTVOS27.0.sdk /Users/admin/builder/spi-builder-workspace/.derivedData/SDKStatCaches.noindex/appletvos27.0-24J360-e829b21a6f8c9b70876ba0858053c044b32bfd8d43560033f8d89884cdb90028.sdkstatcache
    cd /Users/admin/builder/spi-builder-workspace/.swiftpm/xcode
    /Applications/Xcode-27.0.0-Release.Candidate.app/Contents/Developer/Toolchains/XcodeDefault.xctoolchain/usr/bin/clang-stat-cache /Applications/Xcode-27.0.0-Release.Candidate.app/Contents/Developer/Platforms/AppleTVOS.platform/Developer/SDKs/AppleTVOS27.0.sdk -o /Users/admin/builder/spi-builder-workspace/.derivedData/SDKStatCaches.noindex/appletvos27.0-24J360-e829b21a6f8c9b70876ba0858053c044b32bfd8d43560033f8d89884cdb90028.sdkstatcache
CreateBuildDirectory /Users/admin/builder/spi-builder-workspace/.derivedData/Build/Intermediates.noindex
    cd /Users/admin/builder/spi-builder-workspace/.swiftpm/xcode
    builtin-create-build-directory /Users/admin/builder/spi-builder-workspace/.derivedData/Build/Intermediates.noindex
CreateBuildDirectory /Users/admin/builder/spi-builder-workspace/.derivedData/Build/Intermediates.noindex/SwiftExplicitPrecompiledModules
    cd /Users/admin/builder/spi-builder-workspace/.swiftpm/xcode
    builtin-create-build-directory /Users/admin/builder/spi-builder-workspace/.derivedData/Build/Intermediates.noindex/SwiftExplicitPrecompiledModules
CreateBuildDirectory /Users/admin/builder/spi-builder-workspace/.derivedData/Build/Intermediates.noindex/PrecompiledHeaders
    cd /Users/admin/builder/spi-builder-workspace/.swiftpm/xcode
    builtin-create-build-directory /Users/admin/builder/spi-builder-workspace/.derivedData/Build/Intermediates.noindex/PrecompiledHeaders
CreateBuildDirectory /Users/admin/builder/spi-builder-workspace/.derivedData/Build/Intermediates.noindex/ExplicitPrecompiledModules
    cd /Users/admin/builder/spi-builder-workspace/.swiftpm/xcode
    builtin-create-build-directory /Users/admin/builder/spi-builder-workspace/.derivedData/Build/Intermediates.noindex/ExplicitPrecompiledModules
CreateBuildDirectory /Users/admin/builder/spi-builder-workspace/.derivedData/Build/Intermediates.noindex/EagerLinkingTBDs/Debug-appletvos
    cd /Users/admin/builder/spi-builder-workspace/.swiftpm/xcode
    builtin-create-build-directory /Users/admin/builder/spi-builder-workspace/.derivedData/Build/Intermediates.noindex/EagerLinkingTBDs/Debug-appletvos
CreateBuildDirectory /Users/admin/builder/spi-builder-workspace/.derivedData/Build/Products/Debug-appletvos
    cd /Users/admin/builder/spi-builder-workspace/.swiftpm/xcode
    builtin-create-build-directory /Users/admin/builder/spi-builder-workspace/.derivedData/Build/Products/Debug-appletvos
CreateBuildDirectory /Users/admin/builder/spi-builder-workspace/.derivedData/Build/Products/Debug-appletvos/PackageFrameworks
    cd /Users/admin/builder/spi-builder-workspace/.swiftpm/xcode
    builtin-create-build-directory /Users/admin/builder/spi-builder-workspace/.derivedData/Build/Products/Debug-appletvos/PackageFrameworks
WriteAuxiliaryFile /Users/admin/builder/spi-builder-workspace/.derivedData/Build/Intermediates.noindex/FlipBook.build/Debug-appletvos/FlipBookTests-p.build/FlipBookTests.DependencyStaticMetadataFileList (in target 'FlipBookTests-product' from project 'FlipBook')
    cd /Users/admin/builder/spi-builder-workspace
    write-file /Users/admin/builder/spi-builder-workspace/.derivedData/Build/Intermediates.noindex/FlipBook.build/Debug-appletvos/FlipBookTests-p.build/FlipBookTests.DependencyStaticMetadataFileList
WriteAuxiliaryFile /Users/admin/builder/spi-builder-workspace/.derivedData/Build/Intermediates.noindex/FlipBook.build/Debug-appletvos/FlipBookTests-p.build/FlipBookTests.DependencyMetadataFileList (in target 'FlipBookTests-product' from project 'FlipBook')
    cd /Users/admin/builder/spi-builder-workspace
    write-file /Users/admin/builder/spi-builder-workspace/.derivedData/Build/Intermediates.noindex/FlipBook.build/Debug-appletvos/FlipBookTests-p.build/FlipBookTests.DependencyMetadataFileList
WriteAuxiliaryFile /Users/admin/builder/spi-builder-workspace/.derivedData/Build/Intermediates.noindex/FlipBook.build/Debug-appletvos/FlipBookTests-p.build/empty-FlipBookTests.plist (in target 'FlipBookTests-product' from project 'FlipBook')
    cd /Users/admin/builder/spi-builder-workspace
    write-file /Users/admin/builder/spi-builder-workspace/.derivedData/Build/Intermediates.noindex/FlipBook.build/Debug-appletvos/FlipBookTests-p.build/empty-FlipBookTests.plist
WriteAuxiliaryFile /Users/admin/builder/spi-builder-workspace/.derivedData/Build/Intermediates.noindex/FlipBook.build/Debug-appletvos/FlipBookTests-p.build/Objects-normal/arm64/FlipBookTests_const_extract_protocols.json (in target 'FlipBookTests-product' from project 'FlipBook')
    cd /Users/admin/builder/spi-builder-workspace
    write-file /Users/admin/builder/spi-builder-workspace/.derivedData/Build/Intermediates.noindex/FlipBook.build/Debug-appletvos/FlipBookTests-p.build/Objects-normal/arm64/FlipBookTests_const_extract_protocols.json
WriteAuxiliaryFile /Users/admin/builder/spi-builder-workspace/.derivedData/Build/Intermediates.noindex/FlipBook.build/Debug-appletvos/FlipBookTests-p.build/Objects-normal/arm64/FlipBookTests.LinkFileList (in target 'FlipBookTests-product' from project 'FlipBook')
    cd /Users/admin/builder/spi-builder-workspace
    write-file /Users/admin/builder/spi-builder-workspace/.derivedData/Build/Intermediates.noindex/FlipBook.build/Debug-appletvos/FlipBookTests-p.build/Objects-normal/arm64/FlipBookTests.LinkFileList
WriteAuxiliaryFile /Users/admin/builder/spi-builder-workspace/.derivedData/Build/Intermediates.noindex/FlipBook.build/Debug-appletvos/FlipBookTests-p.build/Objects-normal/arm64/FlipBookTests.SwiftConstValuesFileList (in target 'FlipBookTests-product' from project 'FlipBook')
    cd /Users/admin/builder/spi-builder-workspace
    write-file /Users/admin/builder/spi-builder-workspace/.derivedData/Build/Intermediates.noindex/FlipBook.build/Debug-appletvos/FlipBookTests-p.build/Objects-normal/arm64/FlipBookTests.SwiftConstValuesFileList
WriteAuxiliaryFile /Users/admin/builder/spi-builder-workspace/.derivedData/Build/Intermediates.noindex/FlipBook.build/Debug-appletvos/FlipBookTests-p.build/Objects-normal/arm64/FlipBookTests.SwiftFileList (in target 'FlipBookTests-product' from project 'FlipBook')
    cd /Users/admin/builder/spi-builder-workspace
    write-file /Users/admin/builder/spi-builder-workspace/.derivedData/Build/Intermediates.noindex/FlipBook.build/Debug-appletvos/FlipBookTests-p.build/Objects-normal/arm64/FlipBookTests.SwiftFileList
WriteAuxiliaryFile /Users/admin/builder/spi-builder-workspace/.derivedData/Build/Intermediates.noindex/FlipBook.build/Debug-appletvos/FlipBookTests-p.build/Objects-normal/arm64/FlipBookTests-OutputFileMap.json (in target 'FlipBookTests-product' from project 'FlipBook')
    cd /Users/admin/builder/spi-builder-workspace
    write-file /Users/admin/builder/spi-builder-workspace/.derivedData/Build/Intermediates.noindex/FlipBook.build/Debug-appletvos/FlipBookTests-p.build/Objects-normal/arm64/FlipBookTests-OutputFileMap.json
WriteAuxiliaryFile /Users/admin/builder/spi-builder-workspace/.derivedData/Build/Intermediates.noindex/FlipBook.build/Debug-appletvos/FlipBook-t.build/Objects-normal/arm64/FlipBook_const_extract_protocols.json (in target 'FlipBook' from project 'FlipBook')
    cd /Users/admin/builder/spi-builder-workspace
    write-file /Users/admin/builder/spi-builder-workspace/.derivedData/Build/Intermediates.noindex/FlipBook.build/Debug-appletvos/FlipBook-t.build/Objects-normal/arm64/FlipBook_const_extract_protocols.json
WriteAuxiliaryFile /Users/admin/builder/spi-builder-workspace/.derivedData/Build/Intermediates.noindex/FlipBook.build/Debug-appletvos/FlipBook-t.build/Objects-normal/arm64/FlipBook.SwiftFileList (in target 'FlipBook' from project 'FlipBook')
    cd /Users/admin/builder/spi-builder-workspace
    write-file /Users/admin/builder/spi-builder-workspace/.derivedData/Build/Intermediates.noindex/FlipBook.build/Debug-appletvos/FlipBook-t.build/Objects-normal/arm64/FlipBook.SwiftFileList
WriteAuxiliaryFile /Users/admin/builder/spi-builder-workspace/.derivedData/Build/Intermediates.noindex/FlipBook.build/Debug-appletvos/FlipBook-t.build/Objects-normal/arm64/FlipBook.SwiftConstValuesFileList (in target 'FlipBook' from project 'FlipBook')
    cd /Users/admin/builder/spi-builder-workspace
    write-file /Users/admin/builder/spi-builder-workspace/.derivedData/Build/Intermediates.noindex/FlipBook.build/Debug-appletvos/FlipBook-t.build/Objects-normal/arm64/FlipBook.SwiftConstValuesFileList
WriteAuxiliaryFile /Users/admin/builder/spi-builder-workspace/.derivedData/Build/Intermediates.noindex/FlipBook.build/Debug-appletvos/FlipBook-t.build/Objects-normal/arm64/FlipBook-OutputFileMap.json (in target 'FlipBook' from project 'FlipBook')
    cd /Users/admin/builder/spi-builder-workspace
    write-file /Users/admin/builder/spi-builder-workspace/.derivedData/Build/Intermediates.noindex/FlipBook.build/Debug-appletvos/FlipBook-t.build/Objects-normal/arm64/FlipBook-OutputFileMap.json
WriteAuxiliaryFile /Users/admin/builder/spi-builder-workspace/.derivedData/Build/Intermediates.noindex/FlipBook.build/Debug-appletvos/FlipBook-t.build/Objects-normal/arm64/FlipBook.LinkFileList (in target 'FlipBook' from project 'FlipBook')
    cd /Users/admin/builder/spi-builder-workspace
    write-file /Users/admin/builder/spi-builder-workspace/.derivedData/Build/Intermediates.noindex/FlipBook.build/Debug-appletvos/FlipBook-t.build/Objects-normal/arm64/FlipBook.LinkFileList
WriteAuxiliaryFile /Users/admin/builder/spi-builder-workspace/.derivedData/Build/Intermediates.noindex/FlipBook.build/Debug-appletvos/FlipBook-t.build/FlipBook.modulemap (in target 'FlipBook' from project 'FlipBook')
    cd /Users/admin/builder/spi-builder-workspace
    write-file /Users/admin/builder/spi-builder-workspace/.derivedData/Build/Intermediates.noindex/FlipBook.build/Debug-appletvos/FlipBook-t.build/FlipBook.modulemap
WriteAuxiliaryFile /Users/admin/builder/spi-builder-workspace/.derivedData/Build/Intermediates.noindex/FlipBook.build/Debug-appletvos/FlipBook-t.build/FlipBook.DependencyStaticMetadataFileList (in target 'FlipBook' from project 'FlipBook')
    cd /Users/admin/builder/spi-builder-workspace
    write-file /Users/admin/builder/spi-builder-workspace/.derivedData/Build/Intermediates.noindex/FlipBook.build/Debug-appletvos/FlipBook-t.build/FlipBook.DependencyStaticMetadataFileList
WriteAuxiliaryFile /Users/admin/builder/spi-builder-workspace/.derivedData/Build/Intermediates.noindex/FlipBook.build/Debug-appletvos/FlipBook-t.build/FlipBook.DependencyMetadataFileList (in target 'FlipBook' from project 'FlipBook')
    cd /Users/admin/builder/spi-builder-workspace
    write-file /Users/admin/builder/spi-builder-workspace/.derivedData/Build/Intermediates.noindex/FlipBook.build/Debug-appletvos/FlipBook-t.build/FlipBook.DependencyMetadataFileList
MkDir /Users/admin/builder/spi-builder-workspace/.derivedData/Build/Products/Debug-appletvos/FlipBookTests.xctest (in target 'FlipBookTests-product' from project 'FlipBook')
    cd /Users/admin/builder/spi-builder-workspace
    /bin/mkdir -p /Users/admin/builder/spi-builder-workspace/.derivedData/Build/Products/Debug-appletvos/FlipBookTests.xctest
Copy /Users/admin/builder/spi-builder-workspace/.derivedData/Build/Intermediates.noindex/GeneratedModuleMaps-appletvos/FlipBook.modulemap /Users/admin/builder/spi-builder-workspace/.derivedData/Build/Intermediates.noindex/FlipBook.build/Debug-appletvos/FlipBook-t.build/FlipBook.modulemap (in target 'FlipBook' from project 'FlipBook')
    cd /Users/admin/builder/spi-builder-workspace
    builtin-copy -exclude .DS_Store -exclude CVS -exclude .svn -exclude .git -exclude .hg -resolve-src-symlinks /Users/admin/builder/spi-builder-workspace/.derivedData/Build/Intermediates.noindex/FlipBook.build/Debug-appletvos/FlipBook-t.build/FlipBook.modulemap /Users/admin/builder/spi-builder-workspace/.derivedData/Build/Intermediates.noindex/GeneratedModuleMaps-appletvos
SwiftDriver FlipBook normal arm64 com.apple.xcode.tools.swift.compiler (in target 'FlipBook' from project 'FlipBook')
    cd /Users/admin/builder/spi-builder-workspace/.swiftpm/xcode
    builtin-SwiftDriver -- /Applications/Xcode-27.0.0-Release.Candidate.app/Contents/Developer/Toolchains/XcodeDefault.xctoolchain/usr/bin/swiftc -parse-as-library -module-name FlipBook -Onone @/Users/admin/builder/spi-builder-workspace/.derivedData/Build/Intermediates.noindex/FlipBook.build/Debug-appletvos/FlipBook-t.build/Objects-normal/arm64/FlipBook.SwiftFileList -DSWIFT_PACKAGE -DDEBUG -DSWIFT_MODULE_RESOURCE_BUNDLE_UNAVAILABLE -DXcode -plugin-path /Applications/Xcode-27.0.0-Release.Candidate.app/Contents/Developer/Toolchains/XcodeDefault.xctoolchain/usr/lib/swift/host/plugins/testing -enable-experimental-feature DebugDescriptionMacro -sdk /Applications/Xcode-27.0.0-Release.Candidate.app/Contents/Developer/Platforms/AppleTVOS.platform/Developer/SDKs/AppleTVOS27.0.sdk -target arm64-apple-tvos15.0 -g -module-cache-path /Users/admin/builder/spi-builder-workspace/.derivedData/ModuleCache.noindex -Xfrontend -serialize-debugging-options -profile-coverage-mapping -profile-generate -enable-testing -index-store-path /Users/admin/builder/spi-builder-workspace/.derivedData/Index.noindex/DataStore -Xcc -D_LIBCPP_HARDENING_MODE\=_LIBCPP_HARDENING_MODE_DEBUG -swift-version 5 -I /Users/admin/builder/spi-builder-workspace/.derivedData/Build/Products/Debug-appletvos -Isystem /Applications/Xcode-27.0.0-Release.Candidate.app/Contents/Developer/Platforms/AppleTVOS.platform/Developer/usr/lib -F /Users/admin/builder/spi-builder-workspace/.derivedData/Build/Products/Debug-appletvos -F /Applications/Xcode-27.0.0-Release.Candidate.app/Contents/Developer/Platforms/AppleTVOS.platform/Developer/Library/Frameworks -F /Applications/Xcode-27.0.0-Release.Candidate.app/Contents/Developer/Platforms/AppleTVOS.platform/Developer/SDKs/AppleTVOS27.0.sdk/Developer/Library/Frameworks -c -j10 -enable-batch-mode -incremental -Xcc -ivfsstatcache -Xcc /Users/admin/builder/spi-builder-workspace/.derivedData/SDKStatCaches.noindex/appletvos27.0-24J360-e829b21a6f8c9b70876ba0858053c044b32bfd8d43560033f8d89884cdb90028.sdkstatcache -output-file-map /Users/admin/builder/spi-builder-workspace/.derivedData/Build/Intermediates.noindex/FlipBook.build/Debug-appletvos/FlipBook-t.build/Objects-normal/arm64/FlipBook-OutputFileMap.json -save-temps -no-color-diagnostics -explicit-module-build -module-cache-path /Users/admin/builder/spi-builder-workspace/.derivedData/Build/Intermediates.noindex/SwiftExplicitPrecompiledModules -clang-scanner-module-cache-path /Users/admin/builder/spi-builder-workspace/.derivedData/ModuleCache.noindex -sdk-module-cache-path /Users/admin/builder/spi-builder-workspace/.derivedData/SDKExplicitPrecompiledModules -emit-dependencies -emit-module -emit-module-path /Users/admin/builder/spi-builder-workspace/.derivedData/Build/Intermediates.noindex/FlipBook.build/Debug-appletvos/FlipBook-t.build/Objects-normal/arm64/FlipBook.swiftmodule -serialize-diagnostics -dependency-scan-serialize-diagnostics-path /Users/admin/builder/spi-builder-workspace/.derivedData/Build/Intermediates.noindex/FlipBook.build/Debug-appletvos/FlipBook-t.build/Objects-normal/arm64/FlipBook-dependency-scan.dia -validate-clang-modules-once -clang-build-session-file /Users/admin/builder/spi-builder-workspace/.derivedData/ModuleCache.noindex/Session.modulevalidation -Xcc -fmodules-prune-interval\=86400 -Xcc -fmodules-prune-after\=345600 -emit-const-values -const-gather-protocols-list /Users/admin/builder/spi-builder-workspace/.derivedData/Build/Intermediates.noindex/FlipBook.build/Debug-appletvos/FlipBook-t.build/Objects-normal/arm64/FlipBook_const_extract_protocols.json -Xcc -I/Users/admin/builder/spi-builder-workspace/.derivedData/Build/Products/Debug-appletvos/include -Xcc -I/Users/admin/builder/spi-builder-workspace/.derivedData/Build/Intermediates.noindex/FlipBook.build/Debug-appletvos/FlipBook-t.build/DerivedSources-normal/arm64 -Xcc -I/Users/admin/builder/spi-builder-workspace/.derivedData/Build/Intermediates.noindex/FlipBook.build/Debug-appletvos/FlipBook-t.build/DerivedSources/arm64 -Xcc -I/Users/admin/builder/spi-builder-workspace/.derivedData/Build/Intermediates.noindex/FlipBook.build/Debug-appletvos/FlipBook-t.build/DerivedSources -Xcc -DSWIFT_PACKAGE -Xcc -DDEBUG\=1 -emit-objc-header -emit-objc-header-path /Users/admin/builder/spi-builder-workspace/.derivedData/Build/Intermediates.noindex/FlipBook.build/Debug-appletvos/FlipBook-t.build/Objects-normal/arm64/FlipBook-Swift.h -working-directory /Users/admin/builder/spi-builder-workspace/.swiftpm/xcode -experimental-emit-module-separately -disable-cmo
SwiftExplicitDependencyGeneratePcm arm64 /Users/admin/builder/spi-builder-workspace/.derivedData/SDKExplicitPrecompiledModules/ptrauth-8X2KEPL7CTRPS40TUB9APHPK6.pcm
SwiftExplicitDependencyGeneratePcm arm64 /Users/admin/builder/spi-builder-workspace/.derivedData/SDKExplicitPrecompiledModules/_Builtin_stdbool-AHRDH5EKLY6D04C5E42F3VCQI.pcm
SwiftExplicitDependencyGeneratePcm arm64 /Users/admin/builder/spi-builder-workspace/.derivedData/SDKExplicitPrecompiledModules/SwiftShims-8N4EXJ4RUJTR8K9OO3CMOH1EP.pcm
SwiftExplicitDependencyGeneratePcm arm64 /Users/admin/builder/spi-builder-workspace/.derivedData/SDKExplicitPrecompiledModules/_Builtin_stddef-9ZJZ6FDEZNKTZU8YLPMFT9RAQ.pcm
SwiftExplicitDependencyGeneratePcm arm64 /Users/admin/builder/spi-builder-workspace/.derivedData/SDKExplicitPrecompiledModules/_Builtin_float-8ZJAYZ85YBOAOP52Y9H6IUNP3.pcm
SwiftExplicitDependencyGeneratePcm arm64 /Users/admin/builder/spi-builder-workspace/.derivedData/SDKExplicitPrecompiledModules/DeveloperToolsSupport-B1X8RI63V48AJRTH2RK6JAARV.pcm
SwiftExplicitDependencyGeneratePcm arm64 /Users/admin/builder/spi-builder-workspace/.derivedData/SDKExplicitPrecompiledModules/ptrcheck-2AZ6B5IBYD3RRRTFWN2ONASY3.pcm
SwiftExplicitDependencyGeneratePcm arm64 /Users/admin/builder/spi-builder-workspace/.derivedData/SDKExplicitPrecompiledModules/_Builtin_stdarg-BO2OCAUYVAXDRVQWQ8ISKGNUQ.pcm
SwiftExplicitDependencyGeneratePcm arm64 /Users/admin/builder/spi-builder-workspace/.derivedData/SDKExplicitPrecompiledModules/_SwiftConcurrencyShims-BY5PD8KF1L5KF6F4Q69HE3TJ4.pcm
SwiftExplicitDependencyGeneratePcm arm64 /Users/admin/builder/spi-builder-workspace/.derivedData/SDKExplicitPrecompiledModules/_AvailabilityInternal-BV2EDDP0MI5QJDDPEEV4D9D3V.pcm
SwiftExplicitDependencyGeneratePcm arm64 /Users/admin/builder/spi-builder-workspace/.derivedData/SDKExplicitPrecompiledModules/_DarwinFoundation1-JOTYMOA1YZCIJ2NON6FQ848O.pcm
SwiftExplicitDependencyGeneratePcm arm64 /Users/admin/builder/spi-builder-workspace/.derivedData/SDKExplicitPrecompiledModules/_Builtin_limits-7JU2HP127LIT1X9E2V3D8WZ1.pcm
SwiftExplicitDependencyGeneratePcm arm64 /Users/admin/builder/spi-builder-workspace/.derivedData/SDKExplicitPrecompiledModules/ExtensionFoundation-6QFD7DEZ8B0V1CPXCTN45UZ81.pcm
SwiftExplicitDependencyGeneratePcm arm64 /Users/admin/builder/spi-builder-workspace/.derivedData/SDKExplicitPrecompiledModules/_DarwinFoundation2-AOGAN1O02NKXRJN5V73AV3V3M.pcm
SwiftExplicitDependencyGeneratePcm arm64 /Users/admin/builder/spi-builder-workspace/.derivedData/SDKExplicitPrecompiledModules/_Builtin_stdint-6NFTB6IBKS143IVPGT1EKB7HO.pcm
SwiftExplicitDependencyGeneratePcm arm64 /Users/admin/builder/spi-builder-workspace/.derivedData/SDKExplicitPrecompiledModules/string_h-6EVHP7A717OUS5DMC78F79HWO.pcm
SwiftExplicitDependencyGeneratePcm arm64 /Users/admin/builder/spi-builder-workspace/.derivedData/SDKExplicitPrecompiledModules/sys_types-8GCAV1YMG5UUGHUID3CA20TCH.pcm
SwiftExplicitDependencyGeneratePcm arm64 /Users/admin/builder/spi-builder-workspace/.derivedData/SDKExplicitPrecompiledModules/_Builtin_tgmath-7ULT1EUHDHW4OZPSTT33H6QGE.pcm
SwiftExplicitDependencyGeneratePcm arm64 /Users/admin/builder/spi-builder-workspace/.derivedData/SDKExplicitPrecompiledModules/_Builtin_intrinsics-437O2R2NID4WAQVENR63GR82C.pcm
SwiftExplicitDependencyGeneratePcm arm64 /Users/admin/builder/spi-builder-workspace/.derivedData/SDKExplicitPrecompiledModules/_DarwinFoundation3-8SR3855WDFHQPR6G9GHOI2C07.pcm
SwiftExplicitDependencyGeneratePcm arm64 /Users/admin/builder/spi-builder-workspace/.derivedData/SDKExplicitPrecompiledModules/_Builtin_stdatomic-3YXHN678NGYM3NL9POJ2HVEIF.pcm
SwiftExplicitDependencyGeneratePcm arm64 /Users/admin/builder/spi-builder-workspace/.derivedData/SDKExplicitPrecompiledModules/_Builtin_inttypes-6X1IQ3QK9KEVKXOK9Y79EW7J3.pcm
SwiftExplicitDependencyGeneratePcm arm64 /Users/admin/builder/spi-builder-workspace/.derivedData/SDKExplicitPrecompiledModules/Darwin-DBSQAVBBPC3D2OMU5ZI2RXMST.pcm
SwiftExplicitDependencyGeneratePcm arm64 /Users/admin/builder/spi-builder-workspace/.derivedData/SDKExplicitPrecompiledModules/simd-117QUXEUT3Z7UQCUYWV2UA228.pcm
SwiftExplicitDependencyGeneratePcm arm64 /Users/admin/builder/spi-builder-workspace/.derivedData/SDKExplicitPrecompiledModules/ObjectiveC-5250FDCE56N8508OR6XUYDKZM.pcm
SwiftExplicitDependencyGeneratePcm arm64 /Users/admin/builder/spi-builder-workspace/.derivedData/SDKExplicitPrecompiledModules/MachO-EH3F5PJCIZG05NO51CEFSZYPW.pcm
SwiftExplicitDependencyGeneratePcm arm64 /Users/admin/builder/spi-builder-workspace/.derivedData/SDKExplicitPrecompiledModules/os_object-E2DGZ0SX0TULQHULZRPO6OKNW.pcm
SwiftExplicitDependencyGeneratePcm arm64 /Users/admin/builder/spi-builder-workspace/.derivedData/SDKExplicitPrecompiledModules/os_workgroup-DBUFF7811DKMX7VPBOJPGGF1U.pcm
SwiftExplicitDependencyGeneratePcm arm64 /Users/admin/builder/spi-builder-workspace/.derivedData/SDKExplicitPrecompiledModules/Dispatch-1QL58A0V50C39KVAIC6C38SHL.pcm
SwiftExplicitDependencyGeneratePcm arm64 /Users/admin/builder/spi-builder-workspace/.derivedData/SDKExplicitPrecompiledModules/Spatial-7U8NLEFXSB8BR7PJQGVMF5A4Q.pcm
SwiftExplicitDependencyGeneratePcm arm64 /Users/admin/builder/spi-builder-workspace/.derivedData/SDKExplicitPrecompiledModules/dnssd-EP05MCI8X9XCB9GCC2I2LPUJV.pcm
SwiftExplicitDependencyGeneratePcm arm64 /Users/admin/builder/spi-builder-workspace/.derivedData/SDKExplicitPrecompiledModules/CoreFoundation-7TPJ7ENDC4L1A1ESHYI9TXS0D.pcm
SwiftExplicitDependencyGeneratePcm arm64 /Users/admin/builder/spi-builder-workspace/.derivedData/SDKExplicitPrecompiledModules/XPC-6O2DJFT3QUJ7QKTD3SNUB6PCR.pcm
SwiftExplicitDependencyGeneratePcm arm64 /Users/admin/builder/spi-builder-workspace/.derivedData/SDKExplicitPrecompiledModules/os-3GJI8H0BNAEZPQPQ1V0VVY3FY.pcm
SwiftExplicitDependencyGeneratePcm arm64 /Users/admin/builder/spi-builder-workspace/.derivedData/SDKExplicitPrecompiledModules/CoreAudioTypes-E7EH96HAL3G83QSWLT7VWYIP4.pcm
SwiftExplicitDependencyGeneratePcm arm64 /Users/admin/builder/spi-builder-workspace/.derivedData/SDKExplicitPrecompiledModules/CoreServices-2LPX99NW2QG44GNSEPKSMYBHY.pcm
SwiftExplicitDependencyGeneratePcm arm64 /Users/admin/builder/spi-builder-workspace/.derivedData/SDKExplicitPrecompiledModules/CFNetwork-2CUR2VK9S3S3WPFXPNXNUWYGN.pcm
SwiftExplicitDependencyGeneratePcm arm64 /Users/admin/builder/spi-builder-workspace/.derivedData/SDKExplicitPrecompiledModules/Security-8VMXEKVDA3MHUH9AOTP905DID.pcm
SwiftExplicitDependencyGeneratePcm arm64 /Users/admin/builder/spi-builder-workspace/.derivedData/SDKExplicitPrecompiledModules/CoreGraphics-CWSP3J98S2658BYCVL6RP99T3.pcm
SwiftExplicitDependencyGeneratePcm arm64 /Users/admin/builder/spi-builder-workspace/.derivedData/SDKExplicitPrecompiledModules/MobileCoreServices-91PEMXH7W5D3HCE5IQEFGX2K5.pcm
SwiftExplicitDependencyGeneratePcm arm64 /Users/admin/builder/spi-builder-workspace/.derivedData/SDKExplicitPrecompiledModules/CoreAudio-6IR1XRM0Q9YQZMFW89F3H4V3X.pcm
SwiftExplicitDependencyGeneratePcm arm64 /Users/admin/builder/spi-builder-workspace/.derivedData/SDKExplicitPrecompiledModules/Foundation-BSSIP64DIGUKMAYJOG1WPQ78X.pcm
SwiftExplicitDependencyGeneratePcm arm64 /Users/admin/builder/spi-builder-workspace/.derivedData/SDKExplicitPrecompiledModules/ImageIO-88D4CLEBD4CLWQKT78PZ6H1O8.pcm
SwiftExplicitDependencyGeneratePcm arm64 /Users/admin/builder/spi-builder-workspace/.derivedData/SDKExplicitPrecompiledModules/CoreText-59NY7PABM0I4V978161FOC04A.pcm
SwiftExplicitDependencyGeneratePcm arm64 /Users/admin/builder/spi-builder-workspace/.derivedData/SDKExplicitPrecompiledModules/AVRouting-53KTSRU06N7KHZMUFWVUAHAVC.pcm
SwiftExplicitDependencyGeneratePcm arm64 /Users/admin/builder/spi-builder-workspace/.derivedData/SDKExplicitPrecompiledModules/UIUtilities-6ZFJ1AK4H8IBGEBMYQBWGBYLK.pcm
SwiftExplicitDependencyGeneratePcm arm64 /Users/admin/builder/spi-builder-workspace/.derivedData/SDKExplicitPrecompiledModules/Accessibility-B6BODGZ4MQQTY0PBC4SHRP009.pcm
SwiftExplicitDependencyGeneratePcm arm64 /Users/admin/builder/spi-builder-workspace/.derivedData/SDKExplicitPrecompiledModules/Network-4N07O3JN82GNOWXYH2TBMWON5.pcm
SwiftExplicitDependencyGeneratePcm arm64 /Users/admin/builder/spi-builder-workspace/.derivedData/SDKExplicitPrecompiledModules/UserNotifications-E9ZW5TH066WIJWH9080RC5NG4.pcm
SwiftExplicitDependencyGeneratePcm arm64 /Users/admin/builder/spi-builder-workspace/.derivedData/SDKExplicitPrecompiledModules/CoreMIDI-23HL6T8YUJM8DF3NKDJAU0CM7.pcm
SwiftExplicitDependencyGeneratePcm arm64 /Users/admin/builder/spi-builder-workspace/.derivedData/SDKExplicitPrecompiledModules/Symbols-B5AU9VM9Y7NU79RLMH13Z4IFM.pcm
SwiftExplicitDependencyGeneratePcm arm64 /Users/admin/builder/spi-builder-workspace/.derivedData/SDKExplicitPrecompiledModules/DataDetection-37JIYZ2GWDA1L166PP1D9JKAF.pcm
SwiftExplicitDependencyGeneratePcm arm64 /Users/admin/builder/spi-builder-workspace/.derivedData/SDKExplicitPrecompiledModules/UniformTypeIdentifiers-95CC8U42ZA9STP5K6GP9ZVJS5.pcm
SwiftExplicitDependencyGeneratePcm arm64 /Users/admin/builder/spi-builder-workspace/.derivedData/SDKExplicitPrecompiledModules/IOSurface-38FJ1CKX9FV2RD97O64Z7QB17.pcm
SwiftExplicitDependencyGeneratePcm arm64 /Users/admin/builder/spi-builder-workspace/.derivedData/SDKExplicitPrecompiledModules/OSLog-7OT6HHTMY0ZFEQJ095LJZ6NLC.pcm
SwiftExplicitDependencyGeneratePcm arm64 /Users/admin/builder/spi-builder-workspace/.derivedData/SDKExplicitPrecompiledModules/_LocationEssentials-ETSJ65FELPWR8WH8G49R1DF2E.pcm
SwiftExplicitDependencyGeneratePcm arm64 /Users/admin/builder/spi-builder-workspace/.derivedData/SDKExplicitPrecompiledModules/CoreTransferable-7V4O8DATEQ9F7SDNTCW8YWLG3.pcm
SwiftExplicitDependencyGeneratePcm arm64 /Users/admin/builder/spi-builder-workspace/.derivedData/SDKExplicitPrecompiledModules/Metal-2KYBS7IML1SD788M91YV7Q0CC.pcm
SwiftExplicitDependencyGeneratePcm arm64 /Users/admin/builder/spi-builder-workspace/.derivedData/SDKExplicitPrecompiledModules/OpenGLES-4NY99CNDU9WUNUYEIXSS1QFGE.pcm
SwiftExplicitDependencyGeneratePcm arm64 /Users/admin/builder/spi-builder-workspace/.derivedData/SDKExplicitPrecompiledModules/AudioToolbox-BFZSY3NS10U8E5FG2JHTQ7SO8.pcm
SwiftExplicitDependencyGeneratePcm arm64 /Users/admin/builder/spi-builder-workspace/.derivedData/SDKExplicitPrecompiledModules/CoreLocation-YVXXAOMVX0JH2KO1XTTKTY51.pcm
SwiftExplicitDependencyGeneratePcm arm64 /Users/admin/builder/spi-builder-workspace/.derivedData/SDKExplicitPrecompiledModules/CloudKit-87XEUK0KFMLVKAO7BT1XG0RKM.pcm
SwiftExplicitDependencyGeneratePcm arm64 /Users/admin/builder/spi-builder-workspace/.derivedData/SDKExplicitPrecompiledModules/CoreVideo-DPU0PB5X0XLSVA2ETRGI6FJBM.pcm
SwiftExplicitDependencyGeneratePcm arm64 /Users/admin/builder/spi-builder-workspace/.derivedData/SDKExplicitPrecompiledModules/CoreImage-7S2AFJ8EIY3DUFYLEAX1JR1QV.pcm
SwiftExplicitDependencyGeneratePcm arm64 /Users/admin/builder/spi-builder-workspace/.derivedData/SDKExplicitPrecompiledModules/QuartzCore-DJSYAWKXFGVSAK5CQMOB3JSR.pcm
SwiftExplicitDependencyGeneratePcm arm64 /Users/admin/builder/spi-builder-workspace/.derivedData/SDKExplicitPrecompiledModules/CoreMedia-4OUKVT03LV547KZJDPPJRJ4F8.pcm
SwiftExplicitDependencyGeneratePcm arm64 /Users/admin/builder/spi-builder-workspace/.derivedData/SDKExplicitPrecompiledModules/SwiftUICore-543QU5V2NHKUFCYFJDKUJ7NYG.pcm
SwiftExplicitDependencyGeneratePcm arm64 /Users/admin/builder/spi-builder-workspace/.derivedData/SDKExplicitPrecompiledModules/MediaToolbox-4OQJAKJ1UOGLVUHH8TJFAFUX8.pcm
SwiftExplicitDependencyGeneratePcm arm64 /Users/admin/builder/spi-builder-workspace/.derivedData/SDKExplicitPrecompiledModules/VideoToolbox-9D68N9ZVOUSE0ZFYNU39RYT33.pcm
SwiftExplicitDependencyGeneratePcm arm64 /Users/admin/builder/spi-builder-workspace/.derivedData/SDKExplicitPrecompiledModules/AVFAudio-I2OUXVW3JAJP9H9YYQSK67OC.pcm
SwiftExplicitDependencyGeneratePcm arm64 /Users/admin/builder/spi-builder-workspace/.derivedData/SDKExplicitPrecompiledModules/UIKit-1TKWN7VC2X6N3ITMRVA2G0EB2.pcm
SwiftExplicitDependencyGeneratePcm arm64 /Users/admin/builder/spi-builder-workspace/.derivedData/SDKExplicitPrecompiledModules/AVFoundation-4DKPNMYIKC5WBJ7VZILY1MMIU.pcm
SwiftExplicitDependencyGeneratePcm arm64 /Users/admin/builder/spi-builder-workspace/.derivedData/SDKExplicitPrecompiledModules/Photos-7MEE6JGC4O3TFWLBV7USC0WXU.pcm
SwiftExplicitDependencyGeneratePcm arm64 /Users/admin/builder/spi-builder-workspace/.derivedData/SDKExplicitPrecompiledModules/ReplayKit-8DUFPI79EE9IDK4I4KTYNXC22.pcm
SwiftEmitModule normal arm64 Emitting\ module\ for\ FlipBook (in target 'FlipBook' from project 'FlipBook')
SwiftCompile normal arm64 (in target 'FlipBook' from project 'FlipBook')
    cd /Users/admin/builder/spi-builder-workspace/.swiftpm/xcode

SwiftCompile normal arm64 Compiling\ Screen.swift /Users/admin/builder/spi-builder-workspace/Sources/FlipBook/Screen.swift (in target 'FlipBook' from project 'FlipBook')
SwiftCompile normal arm64 /Users/admin/builder/spi-builder-workspace/Sources/FlipBook/Screen.swift (in target 'FlipBook' from project 'FlipBook')
    cd /Users/admin/builder/spi-builder-workspace/.swiftpm/xcode
    builtin-SwiftPerFileCompile Screen.swift
SwiftCompile normal arm64 Compiling\ Rect.swift /Users/admin/builder/spi-builder-workspace/Sources/FlipBook/Rect.swift (in target 'FlipBook' from project 'FlipBook')
SwiftCompile normal arm64 /Users/admin/builder/spi-builder-workspace/Sources/FlipBook/Rect.swift (in target 'FlipBook' from project 'FlipBook')
    cd /Users/admin/builder/spi-builder-workspace/.swiftpm/xcode
    builtin-SwiftPerFileCompile Rect.swift
SwiftCompile normal arm64 Compiling\ View.swift /Users/admin/builder/spi-builder-workspace/Sources/FlipBook/View.swift (in target 'FlipBook' from project 'FlipBook')
SwiftCompile normal arm64 /Users/admin/builder/spi-builder-workspace/Sources/FlipBook/View.swift (in target 'FlipBook' from project 'FlipBook')
    cd /Users/admin/builder/spi-builder-workspace/.swiftpm/xcode
    builtin-SwiftPerFileCompile View.swift
SwiftCompile normal arm64 Compiling\ FlipBookLivePhotoWriter.swift /Users/admin/builder/spi-builder-workspace/Sources/FlipBook/FlipBookLivePhotoWriter.swift (in target 'FlipBook' from project 'FlipBook')
/Users/admin/builder/spi-builder-workspace/Sources/FlipBook/FlipBookLivePhotoWriter.swift:206:34: warning: 'AVVideoCodecH264' was deprecated in tvOS 11.0: renamed to 'AVVideoCodecType.h264' [#DeprecatedDeclaration]
204 |             #if !os(macOS)
205 |             let videoWriterInput = AVAssetWriterInput(mediaType: .video, outputSettings: [
206 |                 AVVideoCodecKey: AVVideoCodecH264,
    |                                  |- warning: 'AVVideoCodecH264' was deprecated in tvOS 11.0: renamed to 'AVVideoCodecType.h264' [#DeprecatedDeclaration]
    |                                  `- note: use 'AVVideoCodecType.h264' instead
207 |                 AVVideoWidthKey: videoTrack.naturalSize.width,
208 |                 AVVideoHeightKey: videoTrack.naturalSize.height
/Users/admin/builder/spi-builder-workspace/Sources/FlipBook/FlipBookLivePhotoWriter.swift:392:29: warning: 'UTTypeCopyPreferredTagWithClass' was deprecated in tvOS 15.0: Use the UTType class instead. [#DeprecatedDeclaration]
390 |     ///   - resourceData: The data that the resource is composed of
391 |     internal func save(_ resource: PHAssetResource, to directory: URL, resourceData: Data) throws -> URL? {
392 |         let fileExtension = UTTypeCopyPreferredTagWithClass(resource.uniformTypeIdentifier as CFString,
    |                             `- warning: 'UTTypeCopyPreferredTagWithClass' was deprecated in tvOS 15.0: Use the UTType class instead. [#DeprecatedDeclaration]
393 |                                                             kUTTagClassFilenameExtension)?.takeRetainedValue()
394 |
/Users/admin/builder/spi-builder-workspace/Sources/FlipBook/FlipBookLivePhotoWriter.swift:393:61: warning: 'kUTTagClassFilenameExtension' was deprecated in tvOS 15.0: Use UTTagClassFilenameExtension instead. [#DeprecatedDeclaration]
391 |     internal func save(_ resource: PHAssetResource, to directory: URL, resourceData: Data) throws -> URL? {
392 |         let fileExtension = UTTypeCopyPreferredTagWithClass(resource.uniformTypeIdentifier as CFString,
393 |                                                             kUTTagClassFilenameExtension)?.takeRetainedValue()
    |                                                             `- warning: 'kUTTagClassFilenameExtension' was deprecated in tvOS 15.0: Use UTTagClassFilenameExtension instead. [#DeprecatedDeclaration]
394 |
395 |         guard let ext = fileExtension else {
/Users/admin/builder/spi-builder-workspace/Sources/FlipBook/FlipBookLivePhotoWriter.swift:412:95: warning: 'kUTTypeJPEG' was deprecated in tvOS 15.0: Use UTTypeJPEG or UTType.jpeg (swift) instead. [#DeprecatedDeclaration]
410 |     ///   - saveTo: The `URL` where the image should be written to
411 |     internal func add(_ assetIdentifier: String, toImage imageURL: URL, saveTo destinationURL: URL) -> URL? {
412 |         guard let imageDestination = CGImageDestinationCreateWithURL(destinationURL as CFURL, kUTTypeJPEG, 1, nil),
    |                                                                                               `- warning: 'kUTTypeJPEG' was deprecated in tvOS 15.0: Use UTTypeJPEG or UTType.jpeg (swift) instead. [#DeprecatedDeclaration]
413 |               let imageSource = CGImageSourceCreateWithURL(imageURL as CFURL, nil),
414 |               var imageProperties = CGImageSourceCopyPropertiesAtIndex(imageSource, 0, nil) as? [AnyHashable: Any] else {
[#DeprecatedDeclaration]: <https://docs.swift.org/compiler/documentation/diagnostics/deprecated-declaration>
SwiftCompile normal arm64 /Users/admin/builder/spi-builder-workspace/Sources/FlipBook/FlipBookLivePhotoWriter.swift (in target 'FlipBook' from project 'FlipBook')
    cd /Users/admin/builder/spi-builder-workspace/.swiftpm/xcode
    builtin-SwiftPerFileCompile FlipBookLivePhotoWriter.swift
SwiftCompile normal arm64 Compiling\ Image.swift /Users/admin/builder/spi-builder-workspace/Sources/FlipBook/Image.swift (in target 'FlipBook' from project 'FlipBook')
SwiftCompile normal arm64 /Users/admin/builder/spi-builder-workspace/Sources/FlipBook/Image.swift (in target 'FlipBook' from project 'FlipBook')
    cd /Users/admin/builder/spi-builder-workspace/.swiftpm/xcode
    builtin-SwiftPerFileCompile Image.swift
SwiftCompile normal arm64 Compiling\ RPScreenWriter.swift /Users/admin/builder/spi-builder-workspace/Sources/FlipBook/RPScreenWriter.swift (in target 'FlipBook' from project 'FlipBook')
SwiftCompile normal arm64 /Users/admin/builder/spi-builder-workspace/Sources/FlipBook/RPScreenWriter.swift (in target 'FlipBook' from project 'FlipBook')
    cd /Users/admin/builder/spi-builder-workspace/.swiftpm/xcode
    builtin-SwiftPerFileCompile RPScreenWriter.swift
SwiftCompile normal arm64 Compiling\ FlipBookAssetWriter.swift /Users/admin/builder/spi-builder-workspace/Sources/FlipBook/FlipBookAssetWriter.swift (in target 'FlipBook' from project 'FlipBook')
SwiftCompile normal arm64 /Users/admin/builder/spi-builder-workspace/Sources/FlipBook/FlipBookAssetWriter.swift (in target 'FlipBook' from project 'FlipBook')
    cd /Users/admin/builder/spi-builder-workspace/.swiftpm/xcode
    builtin-SwiftPerFileCompile FlipBookAssetWriter.swift
/Users/admin/builder/spi-builder-workspace/Sources/FlipBook/FlipBookAssetWriter.swift:417:54: warning: enum case 'success' has one associated value that is a tuple of 2 elements
415 |                                     // Handle Live Photo result
416 |                                     switch result {
417 |                                     case let .success(livePhoto, resources):
    |                                                      `- warning: enum case 'success' has one associated value that is a tuple of 2 elements
418 |                                         completion(.success(.livePhoto(livePhoto, resources)))
419 |                                     case .failure(let error):
<unknown>:0: note: 'success' declared here
/Users/admin/builder/spi-builder-workspace/Sources/FlipBook/FlipBookAssetWriter.swift:436:46: warning: enum case 'success' has one associated value that is a tuple of 2 elements
434 |                             // Handle Live Photo result
435 |                             switch result {
436 |                             case let .success(livePhoto, resources):
    |                                              `- warning: enum case 'success' has one associated value that is a tuple of 2 elements
437 |                                 completion(.success(.livePhoto(livePhoto, resources)))
438 |                             case .failure(let error):
<unknown>:0: note: 'success' declared here
/Users/admin/builder/spi-builder-workspace/Sources/FlipBook/FlipBookAssetWriter.swift:483:60: warning: 'weak' ownership of capture 'self' differs from implicitly-captured strong reference in outer scope [#ImplicitStrongCapture]
478 |
479 |                                 // Get the frames
480 |                                 DispatchQueue.global().async {
    |                                                              |- note: 'self' implicitly strongly captured here
    |                                                              `- note: add 'self' as a capture list item to silence
481 |                                     self.makeFrames(from: url, progress: { (prog) in
482 |                                         progress?(0.50 + prog * 0.25)
483 |                                     }, completion: { [weak self] images in
    |                                                            |- warning: 'weak' ownership of capture 'self' differs from implicitly-captured strong reference in outer scope [#ImplicitStrongCapture]
    |                                                            `- note: explicitly assign the capture list item to silence
484 |                                         guard images.isEmpty == false,
485 |                                               let self = self,
/Users/admin/builder/spi-builder-workspace/Sources/FlipBook/FlipBookAssetWriter.swift:607:30: warning: 'AVVideoCodecH264' was deprecated in tvOS 11.0: renamed to 'AVVideoCodecType.h264' [#DeprecatedDeclaration]
605 |         #if !os(macOS)
606 |         let settings: [String : Any] = [
607 |             AVVideoCodecKey: AVVideoCodecH264,
    |                              |- warning: 'AVVideoCodecH264' was deprecated in tvOS 11.0: renamed to 'AVVideoCodecType.h264' [#DeprecatedDeclaration]
    |                              `- note: use 'AVVideoCodecType.h264' instead
608 |             AVVideoWidthKey: size.width,
609 |             AVVideoHeightKey: size.height
SwiftCompile normal arm64 Compiling\ FlipBookCoreAnimationVideoEditor.swift /Users/admin/builder/spi-builder-workspace/Sources/FlipBook/FlipBookCoreAnimationVideoEditor.swift (in target 'FlipBook' from project 'FlipBook')
SwiftCompile normal arm64 /Users/admin/builder/spi-builder-workspace/Sources/FlipBook/FlipBookCoreAnimationVideoEditor.swift (in target 'FlipBook' from project 'FlipBook')
    cd /Users/admin/builder/spi-builder-workspace/.swiftpm/xcode
    builtin-SwiftPerFileCompile FlipBookCoreAnimationVideoEditor.swift
SwiftCompile normal arm64 Compiling\ FlipBookGIFWriter.swift /Users/admin/builder/spi-builder-workspace/Sources/FlipBook/FlipBookGIFWriter.swift (in target 'FlipBook' from project 'FlipBook')
/Users/admin/builder/spi-builder-workspace/Sources/FlipBook/FlipBookGIFWriter.swift:77:102: warning: 'kUTTypeGIF' was deprecated in tvOS 15.0: Use UTTypeGIF or UTType.gif (swift) instead. [#DeprecatedDeclaration]
 75 |                     kCGImagePropertyGIFDictionary as String: [kCGImagePropertyGIFDelayTime as String: delay]
 76 |                 ]
 77 |                 guard let destination = CGImageDestinationCreateWithURL(self.fileOutputURL as CFURL, kUTTypeGIF, count, nil) else {
    |                                                                                                      `- warning: 'kUTTypeGIF' was deprecated in tvOS 15.0: Use UTTypeGIF or UTType.gif (swift) instead. [#DeprecatedDeclaration]
 78 |                     completion(.failure(FlipBookGIFWriterError.couldNotCreateDestination))
 79 |                     return
[#DeprecatedDeclaration]: <https://docs.swift.org/compiler/documentation/diagnostics/deprecated-declaration>
SwiftCompile normal arm64 /Users/admin/builder/spi-builder-workspace/Sources/FlipBook/FlipBookGIFWriter.swift (in target 'FlipBook' from project 'FlipBook')
    cd /Users/admin/builder/spi-builder-workspace/.swiftpm/xcode
    builtin-SwiftPerFileCompile FlipBookGIFWriter.swift
SwiftCompile normal arm64 Compiling\ FlipBook.swift /Users/admin/builder/spi-builder-workspace/Sources/FlipBook/FlipBook.swift (in target 'FlipBook' from project 'FlipBook')
/Users/admin/builder/spi-builder-workspace/Sources/FlipBook/FlipBook.swift:117:17: error: cannot find 'screenRecorder' in scope
115 |             self.compositionAnimation = compositionAnimation
116 |             if #available(iOS 11.0, *) {
117 |                 screenRecorder.startCapture(handler: { [weak self] (buffer, type, error) in
    |                 `- error: cannot find 'screenRecorder' in scope
118 |                     if let error = error {
119 |                         print(error)
/Users/admin/builder/spi-builder-workspace/Sources/FlipBook/FlipBook.swift:117:69: error: cannot infer type of closure parameter 'buffer' without a type annotation
115 |             self.compositionAnimation = compositionAnimation
116 |             if #available(iOS 11.0, *) {
117 |                 screenRecorder.startCapture(handler: { [weak self] (buffer, type, error) in
    |                                                                     `- error: cannot infer type of closure parameter 'buffer' without a type annotation
118 |                     if let error = error {
119 |                         print(error)
/Users/admin/builder/spi-builder-workspace/Sources/FlipBook/FlipBook.swift:117:77: error: cannot infer type of closure parameter 'type' without a type annotation
115 |             self.compositionAnimation = compositionAnimation
116 |             if #available(iOS 11.0, *) {
117 |                 screenRecorder.startCapture(handler: { [weak self] (buffer, type, error) in
    |                                                                             `- error: cannot infer type of closure parameter 'type' without a type annotation
118 |                     if let error = error {
119 |                         print(error)
/Users/admin/builder/spi-builder-workspace/Sources/FlipBook/FlipBook.swift:117:83: error: cannot infer type of closure parameter 'error' without a type annotation
115 |             self.compositionAnimation = compositionAnimation
116 |             if #available(iOS 11.0, *) {
117 |                 screenRecorder.startCapture(handler: { [weak self] (buffer, type, error) in
    |                                                                                   `- error: cannot infer type of closure parameter 'error' without a type annotation
118 |                     if let error = error {
119 |                         print(error)
/Users/admin/builder/spi-builder-workspace/Sources/FlipBook/FlipBook.swift:185:17: error: cannot find 'screenRecorder' in scope
183 |             #else
184 |             if #available(iOS 11.0, *) {
185 |                 screenRecorder.stopCapture { [weak self] (error) in
    |                 `- error: cannot find 'screenRecorder' in scope
186 |                     guard let self = self else {
187 |                         return
/Users/admin/builder/spi-builder-workspace/Sources/FlipBook/FlipBook.swift:185:59: error: cannot infer type of closure parameter 'error' without a type annotation
183 |             #else
184 |             if #available(iOS 11.0, *) {
185 |                 screenRecorder.stopCapture { [weak self] (error) in
    |                                                           `- error: cannot infer type of closure parameter 'error' without a type annotation
186 |                     guard let self = self else {
187 |                         return
Failed frontend command:
/Applications/Xcode-27.0.0-Release.Candidate.app/Contents/Developer/Toolchains/XcodeDefault.xctoolchain/usr/bin/swift-frontend -frontend -c -primary-file /Users/admin/builder/spi-builder-workspace/Sources/FlipBook/FlipBook.swift /Users/admin/builder/spi-builder-workspace/Sources/FlipBook/FlipBookAssetWriter.swift /Users/admin/builder/spi-builder-workspace/Sources/FlipBook/FlipBookCoreAnimationVideoEditor.swift /Users/admin/builder/spi-builder-workspace/Sources/FlipBook/FlipBookGIFWriter.swift /Users/admin/builder/spi-builder-workspace/Sources/FlipBook/FlipBookLivePhotoWriter.swift /Users/admin/builder/spi-builder-workspace/Sources/FlipBook/Image.swift /Users/admin/builder/spi-builder-workspace/Sources/FlipBook/RPScreenWriter.swift /Users/admin/builder/spi-builder-workspace/Sources/FlipBook/Rect.swift /Users/admin/builder/spi-builder-workspace/Sources/FlipBook/Screen.swift /Users/admin/builder/spi-builder-workspace/Sources/FlipBook/View.swift -emit-dependencies-path /Users/admin/builder/spi-builder-workspace/.derivedData/Build/Intermediates.noindex/FlipBook.build/Debug-appletvos/FlipBook-t.build/Objects-normal/arm64/FlipBook.d -emit-const-values-path /Users/admin/builder/spi-builder-workspace/.derivedData/Build/Intermediates.noindex/FlipBook.build/Debug-appletvos/FlipBook-t.build/Objects-normal/arm64/FlipBook.swiftconstvalues -emit-reference-dependencies-path /Users/admin/builder/spi-builder-workspace/.derivedData/Build/Intermediates.noindex/FlipBook.build/Debug-appletvos/FlipBook-t.build/Objects-normal/arm64/FlipBook.swiftdeps -serialize-diagnostics-path /Users/admin/builder/spi-builder-workspace/.derivedData/Build/Intermediates.noindex/FlipBook.build/Debug-appletvos/FlipBook-t.build/Objects-normal/arm64/FlipBook.dia -target arm64-apple-tvos15.0 -disable-cross-import-overlay-search -swift-module-cross-import Photos /Applications/Xcode-27.0.0-Release.Candidate.app/Contents/Developer/Platforms/AppleTVOS.platform/Developer/SDKs/AppleTVOS.sdk/System/Library/Frameworks/Photos.framework/Modules/Photos.swiftcrossimport/AppIntents.swiftoverlay -swift-module-cross-import Photos /Applications/Xcode-27.0.0-Release.Candidate.app/Contents/Developer/Platforms/AppleTVOS.platform/Developer/SDKs/AppleTVOS27.0.sdk/System/Library/Frameworks/Photos.framework/Modules/Photos.swiftcrossimport/AppIntents.swiftoverlay -load-resolved-plugin /Applications/Xcode-27.0.0-Release.Candidate.app/Contents/Developer/Platforms/AppleTVOS.platform/Developer/usr/lib/swift/host/plugins/libFoundationMacros.dylib\#/Applications/Xcode-27.0.0-Release.Candidate.app/Contents/Developer/Platforms/AppleTVOS.platform/Developer/usr/bin/swift-plugin-server\#FoundationMacros -load-resolved-plugin /Applications/Xcode-27.0.0-Release.Candidate.app/Contents/Developer/Platforms/AppleTVOS.platform/Developer/usr/lib/swift/host/plugins/libObservationMacros.dylib\#/Applications/Xcode-27.0.0-Release.Candidate.app/Contents/Developer/Platforms/AppleTVOS.platform/Developer/usr/bin/swift-plugin-server\#ObservationMacros -load-resolved-plugin /Applications/Xcode-27.0.0-Release.Candidate.app/Contents/Developer/Platforms/AppleTVOS.platform/Developer/usr/lib/swift/host/plugins/libPreviewsMacros.dylib\#/Applications/Xcode-27.0.0-Release.Candidate.app/Contents/Developer/Platforms/AppleTVOS.platform/Developer/usr/bin/swift-plugin-server\#PreviewsMacros -load-resolved-plugin /Applications/Xcode-27.0.0-Release.Candidate.app/Contents/Developer/Platforms/AppleTVOS.platform/Developer/usr/lib/swift/host/plugins/libSwiftMacros.dylib\#/Applications/Xcode-27.0.0-Release.Candidate.app/Contents/Developer/Platforms/AppleTVOS.platform/Developer/usr/bin/swift-plugin-server\#SwiftMacros -load-resolved-plugin /Applications/Xcode-27.0.0-Release.Candidate.app/Contents/Developer/Platforms/AppleTVOS.platform/Developer/usr/lib/swift/host/plugins/libSwiftUIMacros.dylib\#/Applications/Xcode-27.0.0-Release.Candidate.app/Contents/Developer/Platforms/AppleTVOS.platform/Developer/usr/bin/swift-plugin-server\#SwiftUIMacros -disable-implicit-swift-modules -Xcc -fno-implicit-modules -Xcc -fno-implicit-module-maps -explicit-swift-module-map-file /Users/admin/builder/spi-builder-workspace/.derivedData/Build/Intermediates.noindex/FlipBook.build/Debug-appletvos/FlipBook-t.build/Objects-normal/arm64/FlipBook-dependencies-1.json -Xllvm -aarch64-use-tbi -enable-objc-interop -stack-check -sdk /Applications/Xcode-27.0.0-Release.Candidate.app/Contents/Developer/Platforms/AppleTVOS.platform/Developer/SDKs/AppleTVOS27.0.sdk -I /Users/admin/builder/spi-builder-workspace/.derivedData/Build/Products/Debug-appletvos -Isystem /Applications/Xcode-27.0.0-Release.Candidate.app/Contents/Developer/Platforms/AppleTVOS.platform/Developer/usr/lib -F /Users/admin/builder/spi-builder-workspace/.derivedData/Build/Products/Debug-appletvos -F /Applications/Xcode-27.0.0-Release.Candidate.app/Contents/Developer/Platforms/AppleTVOS.platform/Developer/Library/Frameworks -F /Applications/Xcode-27.0.0-Release.Candidate.app/Contents/Developer/Platforms/AppleTVOS.platform/Developer/SDKs/AppleTVOS27.0.sdk/Developer/Library/Frameworks -module-cache-path /Users/admin/builder/spi-builder-workspace/.derivedData/Build/Intermediates.noindex/SwiftExplicitPrecompiledModules -no-color-diagnostics -Xcc -fno-color-diagnostics -enable-testing -g -debug-info-format\=dwarf -dwarf-version\=4 -profile-generate -profile-coverage-mapping -swift-version 5 -Onone -D SWIFT_PACKAGE -D DEBUG -D SWIFT_MODULE_RESOURCE_BUNDLE_UNAVAILABLE -D Xcode -serialize-debugging-options -enable-experimental-feature DebugDescriptionMacro -empty-abi-descriptor -validate-clang-modules-once -clang-build-session-file /Users/admin/builder/spi-builder-workspace/.derivedData/ModuleCache.noindex/Session.modulevalidation -Xcc -working-directory -Xcc /Users/admin/builder/spi-builder-workspace/.swiftpm/xcode -enable-anonymous-context-mangled-names -file-compilation-dir /Users/admin/builder/spi-builder-workspace/.swiftpm/xcode -Xcc -D_LIBCPP_HARDENING_MODE\=_LIBCPP_HARDENING_MODE_DEBUG -Xcc -ivfsstatcache -Xcc /Users/admin/builder/spi-builder-workspace/.derivedData/SDKStatCaches.noindex/appletvos27.0-24J360-e829b21a6f8c9b70876ba0858053c044b32bfd8d43560033f8d89884cdb90028.sdkstatcache -Xcc -fmodules-prune-interval\=86400 -Xcc -fmodules-prune-after\=345600 -Xcc -I/Users/admin/builder/spi-builder-workspace/.derivedData/Build/Products/Debug-appletvos/include -Xcc -I/Users/admin/builder/spi-builder-workspace/.derivedData/Build/Intermediates.noindex/FlipBook.build/Debug-appletvos/FlipBook-t.build/DerivedSources-normal/arm64 -Xcc -I/Users/admin/builder/spi-builder-workspace/.derivedData/Build/Intermediates.noindex/FlipBook.build/Debug-appletvos/FlipBook-t.build/DerivedSources/arm64 -Xcc -I/Users/admin/builder/spi-builder-workspace/.derivedData/Build/Intermediates.noindex/FlipBook.build/Debug-appletvos/FlipBook-t.build/DerivedSources -Xcc -DSWIFT_PACKAGE -Xcc -DDEBUG\=1 -no-auto-bridging-header-chaining -module-name FlipBook -const-gather-protocols-file /Users/admin/builder/spi-builder-workspace/.derivedData/Build/Intermediates.noindex/FlipBook.build/Debug-appletvos/FlipBook-t.build/Objects-normal/arm64/FlipBook_const_extract_protocols.json -disable-clang-spi -clang-target arm64-apple-tvos27.0 -target-sdk-version 27.0 -target-sdk-name appletvos27.0 -in-process-plugin-server-path /Applications/Xcode-27.0.0-Release.Candidate.app/Contents/Developer/Toolchains/XcodeDefault.xctoolchain/usr/lib/swift/host/libSwiftInProcPluginServer.dylib -parse-as-library -o /Users/admin/builder/spi-builder-workspace/.derivedData/Build/Intermediates.noindex/FlipBook.build/Debug-appletvos/FlipBook-t.build/Objects-normal/arm64/FlipBook.o -debug-module-path /Users/admin/builder/spi-builder-workspace/.derivedData/Build/Intermediates.noindex/FlipBook.build/Debug-appletvos/FlipBook-t.build/Objects-normal/arm64/FlipBook.swiftmodule -index-unit-output-path /FlipBook.build/Debug-appletvos/FlipBook-t.build/Objects-normal/arm64/FlipBook.o -index-store-path /Users/admin/builder/spi-builder-workspace/.derivedData/Index.noindex/DataStore -index-system-modules
SwiftCompile normal arm64 /Users/admin/builder/spi-builder-workspace/Sources/FlipBook/FlipBook.swift (in target 'FlipBook' from project 'FlipBook')
    cd /Users/admin/builder/spi-builder-workspace/.swiftpm/xcode
    builtin-SwiftPerFileCompile FlipBook.swift
SwiftDriverJobDiscovery normal arm64 Emitting module for FlipBook (in target 'FlipBook' from project 'FlipBook')
SwiftDriver\ Compilation\ Requirements FlipBook normal arm64 com.apple.xcode.tools.swift.compiler (in target 'FlipBook' from project 'FlipBook')
    cd /Users/admin/builder/spi-builder-workspace/.swiftpm/xcode
    builtin-Swift-Compilation-Requirements -- /Applications/Xcode-27.0.0-Release.Candidate.app/Contents/Developer/Toolchains/XcodeDefault.xctoolchain/usr/bin/swiftc -parse-as-library -module-name FlipBook -Onone @/Users/admin/builder/spi-builder-workspace/.derivedData/Build/Intermediates.noindex/FlipBook.build/Debug-appletvos/FlipBook-t.build/Objects-normal/arm64/FlipBook.SwiftFileList -DSWIFT_PACKAGE -DDEBUG -DSWIFT_MODULE_RESOURCE_BUNDLE_UNAVAILABLE -DXcode -plugin-path /Applications/Xcode-27.0.0-Release.Candidate.app/Contents/Developer/Toolchains/XcodeDefault.xctoolchain/usr/lib/swift/host/plugins/testing -enable-experimental-feature DebugDescriptionMacro -sdk /Applications/Xcode-27.0.0-Release.Candidate.app/Contents/Developer/Platforms/AppleTVOS.platform/Developer/SDKs/AppleTVOS27.0.sdk -target arm64-apple-tvos15.0 -g -module-cache-path /Users/admin/builder/spi-builder-workspace/.derivedData/ModuleCache.noindex -Xfrontend -serialize-debugging-options -profile-coverage-mapping -profile-generate -enable-testing -index-store-path /Users/admin/builder/spi-builder-workspace/.derivedData/Index.noindex/DataStore -Xcc -D_LIBCPP_HARDENING_MODE\=_LIBCPP_HARDENING_MODE_DEBUG -swift-version 5 -I /Users/admin/builder/spi-builder-workspace/.derivedData/Build/Products/Debug-appletvos -Isystem /Applications/Xcode-27.0.0-Release.Candidate.app/Contents/Developer/Platforms/AppleTVOS.platform/Developer/usr/lib -F /Users/admin/builder/spi-builder-workspace/.derivedData/Build/Products/Debug-appletvos -F /Applications/Xcode-27.0.0-Release.Candidate.app/Contents/Developer/Platforms/AppleTVOS.platform/Developer/Library/Frameworks -F /Applications/Xcode-27.0.0-Release.Candidate.app/Contents/Developer/Platforms/AppleTVOS.platform/Developer/SDKs/AppleTVOS27.0.sdk/Developer/Library/Frameworks -c -j10 -enable-batch-mode -incremental -Xcc -ivfsstatcache -Xcc /Users/admin/builder/spi-builder-workspace/.derivedData/SDKStatCaches.noindex/appletvos27.0-24J360-e829b21a6f8c9b70876ba0858053c044b32bfd8d43560033f8d89884cdb90028.sdkstatcache -output-file-map /Users/admin/builder/spi-builder-workspace/.derivedData/Build/Intermediates.noindex/FlipBook.build/Debug-appletvos/FlipBook-t.build/Objects-normal/arm64/FlipBook-OutputFileMap.json -save-temps -no-color-diagnostics -explicit-module-build -module-cache-path /Users/admin/builder/spi-builder-workspace/.derivedData/Build/Intermediates.noindex/SwiftExplicitPrecompiledModules -clang-scanner-module-cache-path /Users/admin/builder/spi-builder-workspace/.derivedData/ModuleCache.noindex -sdk-module-cache-path /Users/admin/builder/spi-builder-workspace/.derivedData/SDKExplicitPrecompiledModules -emit-dependencies -emit-module -emit-module-path /Users/admin/builder/spi-builder-workspace/.derivedData/Build/Intermediates.noindex/FlipBook.build/Debug-appletvos/FlipBook-t.build/Objects-normal/arm64/FlipBook.swiftmodule -serialize-diagnostics -dependency-scan-serialize-diagnostics-path /Users/admin/builder/spi-builder-workspace/.derivedData/Build/Intermediates.noindex/FlipBook.build/Debug-appletvos/FlipBook-t.build/Objects-normal/arm64/FlipBook-dependency-scan.dia -validate-clang-modules-once -clang-build-session-file /Users/admin/builder/spi-builder-workspace/.derivedData/ModuleCache.noindex/Session.modulevalidation -Xcc -fmodules-prune-interval\=86400 -Xcc -fmodules-prune-after\=345600 -emit-const-values -const-gather-protocols-list /Users/admin/builder/spi-builder-workspace/.derivedData/Build/Intermediates.noindex/FlipBook.build/Debug-appletvos/FlipBook-t.build/Objects-normal/arm64/FlipBook_const_extract_protocols.json -Xcc -I/Users/admin/builder/spi-builder-workspace/.derivedData/Build/Products/Debug-appletvos/include -Xcc -I/Users/admin/builder/spi-builder-workspace/.derivedData/Build/Intermediates.noindex/FlipBook.build/Debug-appletvos/FlipBook-t.build/DerivedSources-normal/arm64 -Xcc -I/Users/admin/builder/spi-builder-workspace/.derivedData/Build/Intermediates.noindex/FlipBook.build/Debug-appletvos/FlipBook-t.build/DerivedSources/arm64 -Xcc -I/Users/admin/builder/spi-builder-workspace/.derivedData/Build/Intermediates.noindex/FlipBook.build/Debug-appletvos/FlipBook-t.build/DerivedSources -Xcc -DSWIFT_PACKAGE -Xcc -DDEBUG\=1 -emit-objc-header -emit-objc-header-path /Users/admin/builder/spi-builder-workspace/.derivedData/Build/Intermediates.noindex/FlipBook.build/Debug-appletvos/FlipBook-t.build/Objects-normal/arm64/FlipBook-Swift.h -working-directory /Users/admin/builder/spi-builder-workspace/.swiftpm/xcode -experimental-emit-module-separately -disable-cmo
SwiftDriverJobDiscovery normal arm64 Compiling RPScreenWriter.swift (in target 'FlipBook' from project 'FlipBook')
SwiftMergeGeneratedHeaders /Users/admin/builder/spi-builder-workspace/.derivedData/Build/Intermediates.noindex/GeneratedModuleMaps-appletvos/FlipBook-Swift.h /Users/admin/builder/spi-builder-workspace/.derivedData/Build/Intermediates.noindex/FlipBook.build/Debug-appletvos/FlipBook-t.build/Objects-normal/arm64/FlipBook-Swift.h (in target 'FlipBook' from project 'FlipBook')
    cd /Users/admin/builder/spi-builder-workspace
    builtin-swiftHeaderTool -arch arm64 /Users/admin/builder/spi-builder-workspace/.derivedData/Build/Intermediates.noindex/FlipBook.build/Debug-appletvos/FlipBook-t.build/Objects-normal/arm64/FlipBook-Swift.h -o /Users/admin/builder/spi-builder-workspace/.derivedData/Build/Intermediates.noindex/GeneratedModuleMaps-appletvos/FlipBook-Swift.h
Copy /Users/admin/builder/spi-builder-workspace/.derivedData/Build/Products/Debug-appletvos/FlipBook.swiftmodule/arm64-apple-tvos.swiftmodule /Users/admin/builder/spi-builder-workspace/.derivedData/Build/Intermediates.noindex/FlipBook.build/Debug-appletvos/FlipBook-t.build/Objects-normal/arm64/FlipBook.swiftmodule (in target 'FlipBook' from project 'FlipBook')
    cd /Users/admin/builder/spi-builder-workspace
    builtin-copy -exclude .DS_Store -exclude CVS -exclude .svn -exclude .git -exclude .hg -resolve-src-symlinks -rename /Users/admin/builder/spi-builder-workspace/.derivedData/Build/Intermediates.noindex/FlipBook.build/Debug-appletvos/FlipBook-t.build/Objects-normal/arm64/FlipBook.swiftmodule /Users/admin/builder/spi-builder-workspace/.derivedData/Build/Products/Debug-appletvos/FlipBook.swiftmodule/arm64-apple-tvos.swiftmodule
Copy /Users/admin/builder/spi-builder-workspace/.derivedData/Build/Products/Debug-appletvos/FlipBook.swiftmodule/arm64-apple-tvos.swiftdoc /Users/admin/builder/spi-builder-workspace/.derivedData/Build/Intermediates.noindex/FlipBook.build/Debug-appletvos/FlipBook-t.build/Objects-normal/arm64/FlipBook.swiftdoc (in target 'FlipBook' from project 'FlipBook')
    cd /Users/admin/builder/spi-builder-workspace
    builtin-copy -exclude .DS_Store -exclude CVS -exclude .svn -exclude .git -exclude .hg -resolve-src-symlinks -rename /Users/admin/builder/spi-builder-workspace/.derivedData/Build/Intermediates.noindex/FlipBook.build/Debug-appletvos/FlipBook-t.build/Objects-normal/arm64/FlipBook.swiftdoc /Users/admin/builder/spi-builder-workspace/.derivedData/Build/Products/Debug-appletvos/FlipBook.swiftmodule/arm64-apple-tvos.swiftdoc
Copy /Users/admin/builder/spi-builder-workspace/.derivedData/Build/Products/Debug-appletvos/FlipBook.swiftmodule/arm64-apple-tvos.abi.json /Users/admin/builder/spi-builder-workspace/.derivedData/Build/Intermediates.noindex/FlipBook.build/Debug-appletvos/FlipBook-t.build/Objects-normal/arm64/FlipBook.abi.json (in target 'FlipBook' from project 'FlipBook')
    cd /Users/admin/builder/spi-builder-workspace
    builtin-copy -exclude .DS_Store -exclude CVS -exclude .svn -exclude .git -exclude .hg -resolve-src-symlinks -rename /Users/admin/builder/spi-builder-workspace/.derivedData/Build/Intermediates.noindex/FlipBook.build/Debug-appletvos/FlipBook-t.build/Objects-normal/arm64/FlipBook.abi.json /Users/admin/builder/spi-builder-workspace/.derivedData/Build/Products/Debug-appletvos/FlipBook.swiftmodule/arm64-apple-tvos.abi.json
Copy /Users/admin/builder/spi-builder-workspace/.derivedData/Build/Products/Debug-appletvos/FlipBook.swiftmodule/Project/arm64-apple-tvos.swiftsourceinfo /Users/admin/builder/spi-builder-workspace/.derivedData/Build/Intermediates.noindex/FlipBook.build/Debug-appletvos/FlipBook-t.build/Objects-normal/arm64/FlipBook.swiftsourceinfo (in target 'FlipBook' from project 'FlipBook')
    cd /Users/admin/builder/spi-builder-workspace
    builtin-copy -exclude .DS_Store -exclude CVS -exclude .svn -exclude .git -exclude .hg -resolve-src-symlinks -rename /Users/admin/builder/spi-builder-workspace/.derivedData/Build/Intermediates.noindex/FlipBook.build/Debug-appletvos/FlipBook-t.build/Objects-normal/arm64/FlipBook.swiftsourceinfo /Users/admin/builder/spi-builder-workspace/.derivedData/Build/Products/Debug-appletvos/FlipBook.swiftmodule/Project/arm64-apple-tvos.swiftsourceinfo
SwiftDriver FlipBookTests normal arm64 com.apple.xcode.tools.swift.compiler (in target 'FlipBookTests-product' from project 'FlipBook')
    cd /Users/admin/builder/spi-builder-workspace/.swiftpm/xcode
    builtin-SwiftDriver -- /Applications/Xcode-27.0.0-Release.Candidate.app/Contents/Developer/Toolchains/XcodeDefault.xctoolchain/usr/bin/swiftc -parse-as-library -module-name FlipBookTests -Onone @/Users/admin/builder/spi-builder-workspace/.derivedData/Build/Intermediates.noindex/FlipBook.build/Debug-appletvos/FlipBookTests-p.build/Objects-normal/arm64/FlipBookTests.SwiftFileList -DSWIFT_PACKAGE -DDEBUG -DXcode -plugin-path /Applications/Xcode-27.0.0-Release.Candidate.app/Contents/Developer/Toolchains/XcodeDefault.xctoolchain/usr/lib/swift/host/plugins/testing -enable-experimental-feature DebugDescriptionMacro -sdk /Applications/Xcode-27.0.0-Release.Candidate.app/Contents/Developer/Platforms/AppleTVOS.platform/Developer/SDKs/AppleTVOS27.0.sdk -target arm64-apple-tvos17.0 -g -module-cache-path /Users/admin/builder/spi-builder-workspace/.derivedData/ModuleCache.noindex -Xfrontend -serialize-debugging-options -profile-coverage-mapping -profile-generate -enable-testing -index-store-path /Users/admin/builder/spi-builder-workspace/.derivedData/Index.noindex/DataStore -Xcc -D_LIBCPP_HARDENING_MODE\=_LIBCPP_HARDENING_MODE_DEBUG -swift-version 5 -I /Users/admin/builder/spi-builder-workspace/.derivedData/Build/Products/Debug-appletvos -Isystem /Applications/Xcode-27.0.0-Release.Candidate.app/Contents/Developer/Platforms/AppleTVOS.platform/Developer/usr/lib -F /Users/admin/builder/spi-builder-workspace/.derivedData/Build/Products/Debug-appletvos/PackageFrameworks -F /Users/admin/builder/spi-builder-workspace/.derivedData/Build/Products/Debug-appletvos -F /Applications/Xcode-27.0.0-Release.Candidate.app/Contents/Developer/Platforms/AppleTVOS.platform/Developer/Library/Frameworks -F /Applications/Xcode-27.0.0-Release.Candidate.app/Contents/Developer/Platforms/AppleTVOS.platform/Developer/SDKs/AppleTVOS27.0.sdk/Developer/Library/Frameworks -c -j10 -enable-batch-mode -incremental -Xcc -ivfsstatcache -Xcc /Users/admin/builder/spi-builder-workspace/.derivedData/SDKStatCaches.noindex/appletvos27.0-24J360-e829b21a6f8c9b70876ba0858053c044b32bfd8d43560033f8d89884cdb90028.sdkstatcache -output-file-map /Users/admin/builder/spi-builder-workspace/.derivedData/Build/Intermediates.noindex/FlipBook.build/Debug-appletvos/FlipBookTests-p.build/Objects-normal/arm64/FlipBookTests-OutputFileMap.json -save-temps -no-color-diagnostics -explicit-module-build -module-cache-path /Users/admin/builder/spi-builder-workspace/.derivedData/Build/Intermediates.noindex/SwiftExplicitPrecompiledModules -clang-scanner-module-cache-path /Users/admin/builder/spi-builder-workspace/.derivedData/ModuleCache.noindex -sdk-module-cache-path /Users/admin/builder/spi-builder-workspace/.derivedData/SDKExplicitPrecompiledModules -emit-dependencies -emit-module -emit-module-path /Users/admin/builder/spi-builder-workspace/.derivedData/Build/Intermediates.noindex/FlipBook.build/Debug-appletvos/FlipBookTests-p.build/Objects-normal/arm64/FlipBookTests.swiftmodule -serialize-diagnostics -dependency-scan-serialize-diagnostics-path /Users/admin/builder/spi-builder-workspace/.derivedData/Build/Intermediates.noindex/FlipBook.build/Debug-appletvos/FlipBookTests-p.build/Objects-normal/arm64/FlipBookTests-dependency-scan.dia -validate-clang-modules-once -clang-build-session-file /Users/admin/builder/spi-builder-workspace/.derivedData/ModuleCache.noindex/Session.modulevalidation -Xcc -fmodules-prune-interval\=86400 -Xcc -fmodules-prune-after\=345600 -emit-const-values -const-gather-protocols-list /Users/admin/builder/spi-builder-workspace/.derivedData/Build/Intermediates.noindex/FlipBook.build/Debug-appletvos/FlipBookTests-p.build/Objects-normal/arm64/FlipBookTests_const_extract_protocols.json -Xcc -I/Users/admin/builder/spi-builder-workspace/.derivedData/Build/Products/Debug-appletvos/include -Xcc -I/Users/admin/builder/spi-builder-workspace/.derivedData/Build/Intermediates.noindex/FlipBook.build/Debug-appletvos/FlipBookTests-p.build/DerivedSources-normal/arm64 -Xcc -I/Users/admin/builder/spi-builder-workspace/.derivedData/Build/Intermediates.noindex/FlipBook.build/Debug-appletvos/FlipBookTests-p.build/DerivedSources/arm64 -Xcc -I/Users/admin/builder/spi-builder-workspace/.derivedData/Build/Intermediates.noindex/FlipBook.build/Debug-appletvos/FlipBookTests-p.build/DerivedSources -Xcc -DSWIFT_PACKAGE -Xcc -DDEBUG\=1 -working-directory /Users/admin/builder/spi-builder-workspace/.swiftpm/xcode -experimental-emit-module-separately -disable-cmo
SwiftExplicitDependencyGeneratePcm arm64 /Users/admin/builder/spi-builder-workspace/.derivedData/Build/Intermediates.noindex/SwiftExplicitPrecompiledModules/XCUIAutomation-FJBJYHY5O0CJFAW58X6D04WA.pcm
SwiftExplicitDependencyGeneratePcm arm64 /Users/admin/builder/spi-builder-workspace/.derivedData/Build/Intermediates.noindex/SwiftExplicitPrecompiledModules/XCTest-7MV3G0KAJR9WCI4ZIQ137RH2R.pcm
SwiftExplicitDependencyCompileModuleFromInterface arm64 /Users/admin/builder/spi-builder-workspace/.derivedData/Build/Intermediates.noindex/SwiftExplicitPrecompiledModules/XCUIAutomation-11FHAB26TZA0P.swiftmodule
SwiftExplicitDependencyCompileModuleFromInterface arm64 /Users/admin/builder/spi-builder-workspace/.derivedData/Build/Intermediates.noindex/SwiftExplicitPrecompiledModules/XCTest-2NSBG261FIVW9.swiftmodule
SwiftEmitModule normal arm64 Emitting\ module\ for\ FlipBookTests (in target 'FlipBookTests-product' from project 'FlipBook')
SwiftCompile normal arm64 (in target 'FlipBookTests-product' from project 'FlipBook')
    cd /Users/admin/builder/spi-builder-workspace/.swiftpm/xcode

SwiftCompile normal arm64 Compiling\ XCTestManifests.swift /Users/admin/builder/spi-builder-workspace/Tests/FlipBookTests/XCTestManifests.swift (in target 'FlipBookTests-product' from project 'FlipBook')
SwiftCompile normal arm64 /Users/admin/builder/spi-builder-workspace/Tests/FlipBookTests/XCTestManifests.swift (in target 'FlipBookTests-product' from project 'FlipBook')
    cd /Users/admin/builder/spi-builder-workspace/.swiftpm/xcode
    builtin-SwiftPerFileCompile XCTestManifests.swift
SwiftDriverJobDiscovery normal arm64 Emitting module for FlipBookTests (in target 'FlipBookTests-product' from project 'FlipBook')
SwiftDriver\ Compilation\ Requirements FlipBookTests normal arm64 com.apple.xcode.tools.swift.compiler (in target 'FlipBookTests-product' from project 'FlipBook')
    cd /Users/admin/builder/spi-builder-workspace/.swiftpm/xcode
    builtin-Swift-Compilation-Requirements -- /Applications/Xcode-27.0.0-Release.Candidate.app/Contents/Developer/Toolchains/XcodeDefault.xctoolchain/usr/bin/swiftc -parse-as-library -module-name FlipBookTests -Onone @/Users/admin/builder/spi-builder-workspace/.derivedData/Build/Intermediates.noindex/FlipBook.build/Debug-appletvos/FlipBookTests-p.build/Objects-normal/arm64/FlipBookTests.SwiftFileList -DSWIFT_PACKAGE -DDEBUG -DXcode -plugin-path /Applications/Xcode-27.0.0-Release.Candidate.app/Contents/Developer/Toolchains/XcodeDefault.xctoolchain/usr/lib/swift/host/plugins/testing -enable-experimental-feature DebugDescriptionMacro -sdk /Applications/Xcode-27.0.0-Release.Candidate.app/Contents/Developer/Platforms/AppleTVOS.platform/Developer/SDKs/AppleTVOS27.0.sdk -target arm64-apple-tvos17.0 -g -module-cache-path /Users/admin/builder/spi-builder-workspace/.derivedData/ModuleCache.noindex -Xfrontend -serialize-debugging-options -profile-coverage-mapping -profile-generate -enable-testing -index-store-path /Users/admin/builder/spi-builder-workspace/.derivedData/Index.noindex/DataStore -Xcc -D_LIBCPP_HARDENING_MODE\=_LIBCPP_HARDENING_MODE_DEBUG -swift-version 5 -I /Users/admin/builder/spi-builder-workspace/.derivedData/Build/Products/Debug-appletvos -Isystem /Applications/Xcode-27.0.0-Release.Candidate.app/Contents/Developer/Platforms/AppleTVOS.platform/Developer/usr/lib -F /Users/admin/builder/spi-builder-workspace/.derivedData/Build/Products/Debug-appletvos/PackageFrameworks -F /Users/admin/builder/spi-builder-workspace/.derivedData/Build/Products/Debug-appletvos -F /Applications/Xcode-27.0.0-Release.Candidate.app/Contents/Developer/Platforms/AppleTVOS.platform/Developer/Library/Frameworks -F /Applications/Xcode-27.0.0-Release.Candidate.app/Contents/Developer/Platforms/AppleTVOS.platform/Developer/SDKs/AppleTVOS27.0.sdk/Developer/Library/Frameworks -c -j10 -enable-batch-mode -incremental -Xcc -ivfsstatcache -Xcc /Users/admin/builder/spi-builder-workspace/.derivedData/SDKStatCaches.noindex/appletvos27.0-24J360-e829b21a6f8c9b70876ba0858053c044b32bfd8d43560033f8d89884cdb90028.sdkstatcache -output-file-map /Users/admin/builder/spi-builder-workspace/.derivedData/Build/Intermediates.noindex/FlipBook.build/Debug-appletvos/FlipBookTests-p.build/Objects-normal/arm64/FlipBookTests-OutputFileMap.json -save-temps -no-color-diagnostics -explicit-module-build -module-cache-path /Users/admin/builder/spi-builder-workspace/.derivedData/Build/Intermediates.noindex/SwiftExplicitPrecompiledModules -clang-scanner-module-cache-path /Users/admin/builder/spi-builder-workspace/.derivedData/ModuleCache.noindex -sdk-module-cache-path /Users/admin/builder/spi-builder-workspace/.derivedData/SDKExplicitPrecompiledModules -emit-dependencies -emit-module -emit-module-path /Users/admin/builder/spi-builder-workspace/.derivedData/Build/Intermediates.noindex/FlipBook.build/Debug-appletvos/FlipBookTests-p.build/Objects-normal/arm64/FlipBookTests.swiftmodule -serialize-diagnostics -dependency-scan-serialize-diagnostics-path /Users/admin/builder/spi-builder-workspace/.derivedData/Build/Intermediates.noindex/FlipBook.build/Debug-appletvos/FlipBookTests-p.build/Objects-normal/arm64/FlipBookTests-dependency-scan.dia -validate-clang-modules-once -clang-build-session-file /Users/admin/builder/spi-builder-workspace/.derivedData/ModuleCache.noindex/Session.modulevalidation -Xcc -fmodules-prune-interval\=86400 -Xcc -fmodules-prune-after\=345600 -emit-const-values -const-gather-protocols-list /Users/admin/builder/spi-builder-workspace/.derivedData/Build/Intermediates.noindex/FlipBook.build/Debug-appletvos/FlipBookTests-p.build/Objects-normal/arm64/FlipBookTests_const_extract_protocols.json -Xcc -I/Users/admin/builder/spi-builder-workspace/.derivedData/Build/Products/Debug-appletvos/include -Xcc -I/Users/admin/builder/spi-builder-workspace/.derivedData/Build/Intermediates.noindex/FlipBook.build/Debug-appletvos/FlipBookTests-p.build/DerivedSources-normal/arm64 -Xcc -I/Users/admin/builder/spi-builder-workspace/.derivedData/Build/Intermediates.noindex/FlipBook.build/Debug-appletvos/FlipBookTests-p.build/DerivedSources/arm64 -Xcc -I/Users/admin/builder/spi-builder-workspace/.derivedData/Build/Intermediates.noindex/FlipBook.build/Debug-appletvos/FlipBookTests-p.build/DerivedSources -Xcc -DSWIFT_PACKAGE -Xcc -DDEBUG\=1 -working-directory /Users/admin/builder/spi-builder-workspace/.swiftpm/xcode -experimental-emit-module-separately -disable-cmo
SwiftDriverJobDiscovery normal arm64 Compiling FlipBookGIFWriter.swift (in target 'FlipBook' from project 'FlipBook')
SwiftCompile normal arm64 Compiling\ FlipBookAssetWriterUnitTests.swift /Users/admin/builder/spi-builder-workspace/Tests/FlipBookTests/FlipBookAssetWriterUnitTests.swift (in target 'FlipBookTests-product' from project 'FlipBook')
/Users/admin/builder/spi-builder-workspace/Tests/FlipBookTests/FlipBookAssetWriterUnitTests.swift:325:34: warning: enum case 'success' has one associated value that is a tuple of 2 elements
323 |             livePhotoWriter.makeLivePhoto(from: nil, videoURL: url, progress: nil) { (result) in
324 |                 switch result {
325 |                 case let .success(livePhoto, resources):
    |                                  `- warning: enum case 'success' has one associated value that is a tuple of 2 elements
326 |                     asset = .livePhoto(livePhoto, resources)
327 |                     expectation.fulfill()
<unknown>:0: note: 'success' declared here
SwiftCompile normal arm64 /Users/admin/builder/spi-builder-workspace/Tests/FlipBookTests/FlipBookAssetWriterUnitTests.swift (in target 'FlipBookTests-product' from project 'FlipBook')
    cd /Users/admin/builder/spi-builder-workspace/.swiftpm/xcode
    builtin-SwiftPerFileCompile FlipBookAssetWriterUnitTests.swift
Copy /Users/admin/builder/spi-builder-workspace/.derivedData/Build/Products/Debug-appletvos/FlipBookTests.swiftmodule/arm64-apple-tvos.swiftmodule /Users/admin/builder/spi-builder-workspace/.derivedData/Build/Intermediates.noindex/FlipBook.build/Debug-appletvos/FlipBookTests-p.build/Objects-normal/arm64/FlipBookTests.swiftmodule (in target 'FlipBookTests-product' from project 'FlipBook')
    cd /Users/admin/builder/spi-builder-workspace
    builtin-copy -exclude .DS_Store -exclude CVS -exclude .svn -exclude .git -exclude .hg -resolve-src-symlinks -rename /Users/admin/builder/spi-builder-workspace/.derivedData/Build/Intermediates.noindex/FlipBook.build/Debug-appletvos/FlipBookTests-p.build/Objects-normal/arm64/FlipBookTests.swiftmodule /Users/admin/builder/spi-builder-workspace/.derivedData/Build/Products/Debug-appletvos/FlipBookTests.swiftmodule/arm64-apple-tvos.swiftmodule
SwiftDriverJobDiscovery normal arm64 Compiling FlipBookLivePhotoWriter.swift (in target 'FlipBook' from project 'FlipBook')
Copy /Users/admin/builder/spi-builder-workspace/.derivedData/Build/Products/Debug-appletvos/FlipBookTests.swiftmodule/arm64-apple-tvos.swiftdoc /Users/admin/builder/spi-builder-workspace/.derivedData/Build/Intermediates.noindex/FlipBook.build/Debug-appletvos/FlipBookTests-p.build/Objects-normal/arm64/FlipBookTests.swiftdoc (in target 'FlipBookTests-product' from project 'FlipBook')
    cd /Users/admin/builder/spi-builder-workspace
    builtin-copy -exclude .DS_Store -exclude CVS -exclude .svn -exclude .git -exclude .hg -resolve-src-symlinks -rename /Users/admin/builder/spi-builder-workspace/.derivedData/Build/Intermediates.noindex/FlipBook.build/Debug-appletvos/FlipBookTests-p.build/Objects-normal/arm64/FlipBookTests.swiftdoc /Users/admin/builder/spi-builder-workspace/.derivedData/Build/Products/Debug-appletvos/FlipBookTests.swiftmodule/arm64-apple-tvos.swiftdoc
Copy /Users/admin/builder/spi-builder-workspace/.derivedData/Build/Products/Debug-appletvos/FlipBookTests.swiftmodule/arm64-apple-tvos.abi.json /Users/admin/builder/spi-builder-workspace/.derivedData/Build/Intermediates.noindex/FlipBook.build/Debug-appletvos/FlipBookTests-p.build/Objects-normal/arm64/FlipBookTests.abi.json (in target 'FlipBookTests-product' from project 'FlipBook')
    cd /Users/admin/builder/spi-builder-workspace
    builtin-copy -exclude .DS_Store -exclude CVS -exclude .svn -exclude .git -exclude .hg -resolve-src-symlinks -rename /Users/admin/builder/spi-builder-workspace/.derivedData/Build/Intermediates.noindex/FlipBook.build/Debug-appletvos/FlipBookTests-p.build/Objects-normal/arm64/FlipBookTests.abi.json /Users/admin/builder/spi-builder-workspace/.derivedData/Build/Products/Debug-appletvos/FlipBookTests.swiftmodule/arm64-apple-tvos.abi.json
Copy /Users/admin/builder/spi-builder-workspace/.derivedData/Build/Products/Debug-appletvos/FlipBookTests.swiftmodule/Project/arm64-apple-tvos.swiftsourceinfo /Users/admin/builder/spi-builder-workspace/.derivedData/Build/Intermediates.noindex/FlipBook.build/Debug-appletvos/FlipBookTests-p.build/Objects-normal/arm64/FlipBookTests.swiftsourceinfo (in target 'FlipBookTests-product' from project 'FlipBook')
    cd /Users/admin/builder/spi-builder-workspace
    builtin-copy -exclude .DS_Store -exclude CVS -exclude .svn -exclude .git -exclude .hg -resolve-src-symlinks -rename /Users/admin/builder/spi-builder-workspace/.derivedData/Build/Intermediates.noindex/FlipBook.build/Debug-appletvos/FlipBookTests-p.build/Objects-normal/arm64/FlipBookTests.swiftsourceinfo /Users/admin/builder/spi-builder-workspace/.derivedData/Build/Products/Debug-appletvos/FlipBookTests.swiftmodule/Project/arm64-apple-tvos.swiftsourceinfo
SwiftCompile normal arm64 Compiling\ FlipBookUnitTests.swift /Users/admin/builder/spi-builder-workspace/Tests/FlipBookTests/FlipBookUnitTests.swift (in target 'FlipBookTests-product' from project 'FlipBook')
SwiftCompile normal arm64 /Users/admin/builder/spi-builder-workspace/Tests/FlipBookTests/FlipBookUnitTests.swift (in target 'FlipBookTests-product' from project 'FlipBook')
    cd /Users/admin/builder/spi-builder-workspace/.swiftpm/xcode
    builtin-SwiftPerFileCompile FlipBookUnitTests.swift
SwiftCompile normal arm64 Compiling\ FlipBookCoreAnimationVideoEditorUnitTests.swift /Users/admin/builder/spi-builder-workspace/Tests/FlipBookTests/FlipBookCoreAnimationVideoEditorUnitTests.swift (in target 'FlipBookTests-product' from project 'FlipBook')
SwiftCompile normal arm64 /Users/admin/builder/spi-builder-workspace/Tests/FlipBookTests/FlipBookCoreAnimationVideoEditorUnitTests.swift (in target 'FlipBookTests-product' from project 'FlipBook')
    cd /Users/admin/builder/spi-builder-workspace/.swiftpm/xcode
    builtin-SwiftPerFileCompile FlipBookCoreAnimationVideoEditorUnitTests.swift
PruneExplicitPrecompiledModules /Users/admin/builder/spi-builder-workspace/.derivedData/SDKExplicitPrecompiledModules
PruneExplicitPrecompiledModules /Users/admin/builder/spi-builder-workspace/.derivedData/Build/Intermediates.noindex/SwiftExplicitPrecompiledModules
PruneExplicitPrecompiledModules /Users/admin/builder/spi-builder-workspace/.derivedData/Build/Intermediates.noindex/ExplicitPrecompiledModules
2026-09-15 14:43:28.808 xcodebuild[648:4200] [MT] IDERunDestination: Supported platforms for the buildables in the current scheme is empty.
2026-09-15 14:43:28.948 xcodebuild[648:4200] [MT] IDERunDestination: Supported platforms for the buildables in the current scheme is empty.
** BUILD FAILED **
The following build commands failed:
	SwiftCompile normal arm64 Compiling\ FlipBook.swift /Users/admin/builder/spi-builder-workspace/Sources/FlipBook/FlipBook.swift (in target 'FlipBook' from project 'FlipBook')
	SwiftCompile normal arm64 /Users/admin/builder/spi-builder-workspace/Sources/FlipBook/FlipBook.swift (in target 'FlipBook' from project 'FlipBook')
	Building workspace FlipBook with scheme FlipBook
(3 failures)
Command line invocation:
    /Applications/Xcode-27.0.0-Release.Candidate.app/Contents/Developer/usr/bin/xcodebuild -IDEClonedSourcePackagesDirPathOverride=/Users/admin/builder/spi-builder-workspace/.dependencies -resolvePackageDependencies
Resolve Package Graph
Resolved source packages:
  FlipBook: /Users/admin/builder/spi-builder-workspace
resolved source packages: FlipBook
2026-09-15 14:43:38.545 xcodebuild[756:4725] [MT] IDERunDestination: Supported platforms for the buildables in the current scheme is empty.
2026-09-15 14:43:38.648 xcodebuild[756:4725] [MT] IDERunDestination: Supported platforms for the buildables in the current scheme is empty.
{
  "dependencies" : [
  ],
  "manifest_display_name" : "FlipBook",
  "name" : "FlipBook",
  "path" : "/Users/admin/builder/spi-builder-workspace",
  "platforms" : [
    {
      "name" : "ios",
      "version" : "10.0"
    },
    {
      "name" : "macos",
      "version" : "10.15"
    },
    {
      "name" : "tvos",
      "version" : "10.0"
    }
  ],
  "products" : [
    {
      "name" : "FlipBook",
      "targets" : [
        "FlipBook"
      ],
      "type" : {
        "library" : [
          "automatic"
        ]
      }
    }
  ],
  "targets" : [
    {
      "c99name" : "FlipBookTests",
      "module_type" : "SwiftTarget",
      "name" : "FlipBookTests",
      "path" : "Tests/FlipBookTests",
      "sources" : [
        "FlipBookAssetWriterUnitTests.swift",
        "FlipBookCoreAnimationVideoEditorUnitTests.swift",
        "FlipBookGIFWriterUnitTests.swift",
        "FlipBookLivePhotoWriterUnitTests.swift",
        "FlipBookUnitTests.swift",
        "RPScreenWriterUnitTests.swift",
        "XCTestManifests.swift"
      ],
      "target_dependencies" : [
        "FlipBook"
      ],
      "type" : "test"
    },
    {
      "c99name" : "FlipBook",
      "module_type" : "SwiftTarget",
      "name" : "FlipBook",
      "path" : "Sources/FlipBook",
      "product_memberships" : [
        "FlipBook"
      ],
      "sources" : [
        "FlipBook.swift",
        "FlipBookAssetWriter.swift",
        "FlipBookCoreAnimationVideoEditor.swift",
        "FlipBookGIFWriter.swift",
        "FlipBookLivePhotoWriter.swift",
        "Image.swift",
        "RPScreenWriter.swift",
        "Rect.swift",
        "Screen.swift",
        "View.swift"
      ],
      "type" : "library"
    }
  ],
  "tools_version" : "5.1"
}
{
  "workspace" : {
    "name" : "FlipBook",
    "schemes" : [
      "FlipBook"
    ]
  }
}
2026-09-15 14:43:39.749 xcodebuild[764:4791] [MT] IDERunDestination: Supported platforms for the buildables in the current scheme is empty.
2026-09-15 14:43:39.853 xcodebuild[764:4791] [MT] IDERunDestination: Supported platforms for the buildables in the current scheme is empty.
Running build ...
env DEVELOPER_DIR=/Applications/Xcode-27.0.0-Release.Candidate.app xcrun xcodebuild -IDEClonedSourcePackagesDirPathOverride=$PWD/.dependencies -skipMacroValidation -skipPackagePluginValidation -derivedDataPath $PWD/.derivedData build -scheme FlipBook -destination generic/platform=tvOS
Command line invocation:
    /Applications/Xcode-27.0.0-Release.Candidate.app/Contents/Developer/usr/bin/xcodebuild -IDEClonedSourcePackagesDirPathOverride=/Users/admin/builder/spi-builder-workspace/.dependencies -skipMacroValidation -skipPackagePluginValidation -derivedDataPath /Users/admin/builder/spi-builder-workspace/.derivedData build -scheme FlipBook -destination generic/platform=tvOS
Resolve Package Graph
Resolved source packages:
  FlipBook: /Users/admin/builder/spi-builder-workspace
ComputePackagePrebuildTargetDependencyGraph
Prepare packages
CreateBuildRequest
SendProjectDescription
CreateBuildOperation
ComputeTargetDependencyGraph
note: Building targets in dependency order
note: Target dependency graph (3 targets)
    Target 'FlipBookTests-product' in project 'FlipBook'
        ➜ Explicit dependency on target 'FlipBook' in project 'FlipBook'
    Target 'FlipBook-product' in project 'FlipBook'
        ➜ Explicit dependency on target 'FlipBook' in project 'FlipBook'
    Target 'FlipBook' in project 'FlipBook' (no dependencies)
GatherProvisioningInputs
CreateBuildDescription
ClangStatCache /Applications/Xcode-27.0.0-Release.Candidate.app/Contents/Developer/Toolchains/XcodeDefault.xctoolchain/usr/bin/clang-stat-cache /Applications/Xcode-27.0.0-Release.Candidate.app/Contents/Developer/Platforms/AppleTVOS.platform/Developer/SDKs/AppleTVOS27.0.sdk /Users/admin/builder/spi-builder-workspace/.derivedData/SDKStatCaches.noindex/appletvos27.0-24J360-e829b21a6f8c9b70876ba0858053c044b32bfd8d43560033f8d89884cdb90028.sdkstatcache
    cd /Users/admin/builder/spi-builder-workspace/.swiftpm/xcode
    /Applications/Xcode-27.0.0-Release.Candidate.app/Contents/Developer/Toolchains/XcodeDefault.xctoolchain/usr/bin/clang-stat-cache /Applications/Xcode-27.0.0-Release.Candidate.app/Contents/Developer/Platforms/AppleTVOS.platform/Developer/SDKs/AppleTVOS27.0.sdk -o /Users/admin/builder/spi-builder-workspace/.derivedData/SDKStatCaches.noindex/appletvos27.0-24J360-e829b21a6f8c9b70876ba0858053c044b32bfd8d43560033f8d89884cdb90028.sdkstatcache
SwiftDriver FlipBookTests normal arm64 com.apple.xcode.tools.swift.compiler (in target 'FlipBookTests-product' from project 'FlipBook')
    cd /Users/admin/builder/spi-builder-workspace/.swiftpm/xcode
    builtin-SwiftDriver -- /Applications/Xcode-27.0.0-Release.Candidate.app/Contents/Developer/Toolchains/XcodeDefault.xctoolchain/usr/bin/swiftc -parse-as-library -module-name FlipBookTests -Onone @/Users/admin/builder/spi-builder-workspace/.derivedData/Build/Intermediates.noindex/FlipBook.build/Debug-appletvos/FlipBookTests-p.build/Objects-normal/arm64/FlipBookTests.SwiftFileList -DSWIFT_PACKAGE -DDEBUG -DXcode -plugin-path /Applications/Xcode-27.0.0-Release.Candidate.app/Contents/Developer/Toolchains/XcodeDefault.xctoolchain/usr/lib/swift/host/plugins/testing -enable-experimental-feature DebugDescriptionMacro -sdk /Applications/Xcode-27.0.0-Release.Candidate.app/Contents/Developer/Platforms/AppleTVOS.platform/Developer/SDKs/AppleTVOS27.0.sdk -target arm64-apple-tvos17.0 -g -module-cache-path /Users/admin/builder/spi-builder-workspace/.derivedData/ModuleCache.noindex -Xfrontend -serialize-debugging-options -profile-coverage-mapping -profile-generate -enable-testing -index-store-path /Users/admin/builder/spi-builder-workspace/.derivedData/Index.noindex/DataStore -Xcc -D_LIBCPP_HARDENING_MODE\=_LIBCPP_HARDENING_MODE_DEBUG -swift-version 5 -I /Users/admin/builder/spi-builder-workspace/.derivedData/Build/Products/Debug-appletvos -Isystem /Applications/Xcode-27.0.0-Release.Candidate.app/Contents/Developer/Platforms/AppleTVOS.platform/Developer/usr/lib -F /Users/admin/builder/spi-builder-workspace/.derivedData/Build/Products/Debug-appletvos/PackageFrameworks -F /Users/admin/builder/spi-builder-workspace/.derivedData/Build/Products/Debug-appletvos -F /Applications/Xcode-27.0.0-Release.Candidate.app/Contents/Developer/Platforms/AppleTVOS.platform/Developer/Library/Frameworks -F /Applications/Xcode-27.0.0-Release.Candidate.app/Contents/Developer/Platforms/AppleTVOS.platform/Developer/SDKs/AppleTVOS27.0.sdk/Developer/Library/Frameworks -c -j10 -enable-batch-mode -incremental -Xcc -ivfsstatcache -Xcc /Users/admin/builder/spi-builder-workspace/.derivedData/SDKStatCaches.noindex/appletvos27.0-24J360-e829b21a6f8c9b70876ba0858053c044b32bfd8d43560033f8d89884cdb90028.sdkstatcache -output-file-map /Users/admin/builder/spi-builder-workspace/.derivedData/Build/Intermediates.noindex/FlipBook.build/Debug-appletvos/FlipBookTests-p.build/Objects-normal/arm64/FlipBookTests-OutputFileMap.json -save-temps -no-color-diagnostics -explicit-module-build -module-cache-path /Users/admin/builder/spi-builder-workspace/.derivedData/Build/Intermediates.noindex/SwiftExplicitPrecompiledModules -clang-scanner-module-cache-path /Users/admin/builder/spi-builder-workspace/.derivedData/ModuleCache.noindex -sdk-module-cache-path /Users/admin/builder/spi-builder-workspace/.derivedData/SDKExplicitPrecompiledModules -emit-dependencies -emit-module -emit-module-path /Users/admin/builder/spi-builder-workspace/.derivedData/Build/Intermediates.noindex/FlipBook.build/Debug-appletvos/FlipBookTests-p.build/Objects-normal/arm64/FlipBookTests.swiftmodule -serialize-diagnostics -dependency-scan-serialize-diagnostics-path /Users/admin/builder/spi-builder-workspace/.derivedData/Build/Intermediates.noindex/FlipBook.build/Debug-appletvos/FlipBookTests-p.build/Objects-normal/arm64/FlipBookTests-dependency-scan.dia -validate-clang-modules-once -clang-build-session-file /Users/admin/builder/spi-builder-workspace/.derivedData/ModuleCache.noindex/Session.modulevalidation -Xcc -fmodules-prune-interval\=86400 -Xcc -fmodules-prune-after\=345600 -emit-const-values -const-gather-protocols-list /Users/admin/builder/spi-builder-workspace/.derivedData/Build/Intermediates.noindex/FlipBook.build/Debug-appletvos/FlipBookTests-p.build/Objects-normal/arm64/FlipBookTests_const_extract_protocols.json -Xcc -I/Users/admin/builder/spi-builder-workspace/.derivedData/Build/Products/Debug-appletvos/include -Xcc -I/Users/admin/builder/spi-builder-workspace/.derivedData/Build/Intermediates.noindex/FlipBook.build/Debug-appletvos/FlipBookTests-p.build/DerivedSources-normal/arm64 -Xcc -I/Users/admin/builder/spi-builder-workspace/.derivedData/Build/Intermediates.noindex/FlipBook.build/Debug-appletvos/FlipBookTests-p.build/DerivedSources/arm64 -Xcc -I/Users/admin/builder/spi-builder-workspace/.derivedData/Build/Intermediates.noindex/FlipBook.build/Debug-appletvos/FlipBookTests-p.build/DerivedSources -Xcc -DSWIFT_PACKAGE -Xcc -DDEBUG\=1 -working-directory /Users/admin/builder/spi-builder-workspace/.swiftpm/xcode -experimental-emit-module-separately -disable-cmo
SwiftDriver FlipBook normal arm64 com.apple.xcode.tools.swift.compiler (in target 'FlipBook' from project 'FlipBook')
    cd /Users/admin/builder/spi-builder-workspace/.swiftpm/xcode
    builtin-SwiftDriver -- /Applications/Xcode-27.0.0-Release.Candidate.app/Contents/Developer/Toolchains/XcodeDefault.xctoolchain/usr/bin/swiftc -parse-as-library -module-name FlipBook -Onone @/Users/admin/builder/spi-builder-workspace/.derivedData/Build/Intermediates.noindex/FlipBook.build/Debug-appletvos/FlipBook-t.build/Objects-normal/arm64/FlipBook.SwiftFileList -DSWIFT_PACKAGE -DDEBUG -DSWIFT_MODULE_RESOURCE_BUNDLE_UNAVAILABLE -DXcode -plugin-path /Applications/Xcode-27.0.0-Release.Candidate.app/Contents/Developer/Toolchains/XcodeDefault.xctoolchain/usr/lib/swift/host/plugins/testing -enable-experimental-feature DebugDescriptionMacro -sdk /Applications/Xcode-27.0.0-Release.Candidate.app/Contents/Developer/Platforms/AppleTVOS.platform/Developer/SDKs/AppleTVOS27.0.sdk -target arm64-apple-tvos15.0 -g -module-cache-path /Users/admin/builder/spi-builder-workspace/.derivedData/ModuleCache.noindex -Xfrontend -serialize-debugging-options -profile-coverage-mapping -profile-generate -enable-testing -index-store-path /Users/admin/builder/spi-builder-workspace/.derivedData/Index.noindex/DataStore -Xcc -D_LIBCPP_HARDENING_MODE\=_LIBCPP_HARDENING_MODE_DEBUG -swift-version 5 -I /Users/admin/builder/spi-builder-workspace/.derivedData/Build/Products/Debug-appletvos -Isystem /Applications/Xcode-27.0.0-Release.Candidate.app/Contents/Developer/Platforms/AppleTVOS.platform/Developer/usr/lib -F /Users/admin/builder/spi-builder-workspace/.derivedData/Build/Products/Debug-appletvos -F /Applications/Xcode-27.0.0-Release.Candidate.app/Contents/Developer/Platforms/AppleTVOS.platform/Developer/Library/Frameworks -F /Applications/Xcode-27.0.0-Release.Candidate.app/Contents/Developer/Platforms/AppleTVOS.platform/Developer/SDKs/AppleTVOS27.0.sdk/Developer/Library/Frameworks -c -j10 -enable-batch-mode -incremental -Xcc -ivfsstatcache -Xcc /Users/admin/builder/spi-builder-workspace/.derivedData/SDKStatCaches.noindex/appletvos27.0-24J360-e829b21a6f8c9b70876ba0858053c044b32bfd8d43560033f8d89884cdb90028.sdkstatcache -output-file-map /Users/admin/builder/spi-builder-workspace/.derivedData/Build/Intermediates.noindex/FlipBook.build/Debug-appletvos/FlipBook-t.build/Objects-normal/arm64/FlipBook-OutputFileMap.json -save-temps -no-color-diagnostics -explicit-module-build -module-cache-path /Users/admin/builder/spi-builder-workspace/.derivedData/Build/Intermediates.noindex/SwiftExplicitPrecompiledModules -clang-scanner-module-cache-path /Users/admin/builder/spi-builder-workspace/.derivedData/ModuleCache.noindex -sdk-module-cache-path /Users/admin/builder/spi-builder-workspace/.derivedData/SDKExplicitPrecompiledModules -emit-dependencies -emit-module -emit-module-path /Users/admin/builder/spi-builder-workspace/.derivedData/Build/Intermediates.noindex/FlipBook.build/Debug-appletvos/FlipBook-t.build/Objects-normal/arm64/FlipBook.swiftmodule -serialize-diagnostics -dependency-scan-serialize-diagnostics-path /Users/admin/builder/spi-builder-workspace/.derivedData/Build/Intermediates.noindex/FlipBook.build/Debug-appletvos/FlipBook-t.build/Objects-normal/arm64/FlipBook-dependency-scan.dia -validate-clang-modules-once -clang-build-session-file /Users/admin/builder/spi-builder-workspace/.derivedData/ModuleCache.noindex/Session.modulevalidation -Xcc -fmodules-prune-interval\=86400 -Xcc -fmodules-prune-after\=345600 -emit-const-values -const-gather-protocols-list /Users/admin/builder/spi-builder-workspace/.derivedData/Build/Intermediates.noindex/FlipBook.build/Debug-appletvos/FlipBook-t.build/Objects-normal/arm64/FlipBook_const_extract_protocols.json -Xcc -I/Users/admin/builder/spi-builder-workspace/.derivedData/Build/Products/Debug-appletvos/include -Xcc -I/Users/admin/builder/spi-builder-workspace/.derivedData/Build/Intermediates.noindex/FlipBook.build/Debug-appletvos/FlipBook-t.build/DerivedSources-normal/arm64 -Xcc -I/Users/admin/builder/spi-builder-workspace/.derivedData/Build/Intermediates.noindex/FlipBook.build/Debug-appletvos/FlipBook-t.build/DerivedSources/arm64 -Xcc -I/Users/admin/builder/spi-builder-workspace/.derivedData/Build/Intermediates.noindex/FlipBook.build/Debug-appletvos/FlipBook-t.build/DerivedSources -Xcc -DSWIFT_PACKAGE -Xcc -DDEBUG\=1 -emit-objc-header -emit-objc-header-path /Users/admin/builder/spi-builder-workspace/.derivedData/Build/Intermediates.noindex/FlipBook.build/Debug-appletvos/FlipBook-t.build/Objects-normal/arm64/FlipBook-Swift.h -working-directory /Users/admin/builder/spi-builder-workspace/.swiftpm/xcode -experimental-emit-module-separately -disable-cmo
SwiftCompile normal arm64 Compiling\ FlipBookCoreAnimationVideoEditor.swift /Users/admin/builder/spi-builder-workspace/Sources/FlipBook/FlipBookCoreAnimationVideoEditor.swift (in target 'FlipBook' from project 'FlipBook')
SwiftCompile normal arm64 /Users/admin/builder/spi-builder-workspace/Sources/FlipBook/FlipBookCoreAnimationVideoEditor.swift (in target 'FlipBook' from project 'FlipBook')
    cd /Users/admin/builder/spi-builder-workspace/.swiftpm/xcode
    builtin-SwiftPerFileCompile FlipBookCoreAnimationVideoEditor.swift
SwiftCompile normal arm64 Compiling\ Rect.swift /Users/admin/builder/spi-builder-workspace/Sources/FlipBook/Rect.swift (in target 'FlipBook' from project 'FlipBook')
SwiftCompile normal arm64 /Users/admin/builder/spi-builder-workspace/Sources/FlipBook/Rect.swift (in target 'FlipBook' from project 'FlipBook')
    cd /Users/admin/builder/spi-builder-workspace/.swiftpm/xcode
    builtin-SwiftPerFileCompile Rect.swift
SwiftEmitModule normal arm64 Emitting\ module\ for\ FlipBook (in target 'FlipBook' from project 'FlipBook')
SwiftCompile normal arm64 (in target 'FlipBook' from project 'FlipBook')
    cd /Users/admin/builder/spi-builder-workspace/.swiftpm/xcode

SwiftCompile normal arm64 Compiling\ Image.swift /Users/admin/builder/spi-builder-workspace/Sources/FlipBook/Image.swift (in target 'FlipBook' from project 'FlipBook')
SwiftCompile normal arm64 /Users/admin/builder/spi-builder-workspace/Sources/FlipBook/Image.swift (in target 'FlipBook' from project 'FlipBook')
    cd /Users/admin/builder/spi-builder-workspace/.swiftpm/xcode
    builtin-SwiftPerFileCompile Image.swift
SwiftCompile normal arm64 Compiling\ FlipBookAssetWriter.swift /Users/admin/builder/spi-builder-workspace/Sources/FlipBook/FlipBookAssetWriter.swift (in target 'FlipBook' from project 'FlipBook')
/Users/admin/builder/spi-builder-workspace/Sources/FlipBook/FlipBookAssetWriter.swift:417:54: warning: enum case 'success' has one associated value that is a tuple of 2 elements
415 |                                     // Handle Live Photo result
416 |                                     switch result {
417 |                                     case let .success(livePhoto, resources):
    |                                                      `- warning: enum case 'success' has one associated value that is a tuple of 2 elements
418 |                                         completion(.success(.livePhoto(livePhoto, resources)))
419 |                                     case .failure(let error):
<unknown>:0: note: 'success' declared here
/Users/admin/builder/spi-builder-workspace/Sources/FlipBook/FlipBookAssetWriter.swift:436:46: warning: enum case 'success' has one associated value that is a tuple of 2 elements
434 |                             // Handle Live Photo result
435 |                             switch result {
436 |                             case let .success(livePhoto, resources):
    |                                              `- warning: enum case 'success' has one associated value that is a tuple of 2 elements
437 |                                 completion(.success(.livePhoto(livePhoto, resources)))
438 |                             case .failure(let error):
<unknown>:0: note: 'success' declared here
/Users/admin/builder/spi-builder-workspace/Sources/FlipBook/FlipBookAssetWriter.swift:483:60: warning: 'weak' ownership of capture 'self' differs from implicitly-captured strong reference in outer scope [#ImplicitStrongCapture]
478 |
479 |                                 // Get the frames
480 |                                 DispatchQueue.global().async {
    |                                                              |- note: 'self' implicitly strongly captured here
    |                                                              `- note: add 'self' as a capture list item to silence
481 |                                     self.makeFrames(from: url, progress: { (prog) in
482 |                                         progress?(0.50 + prog * 0.25)
483 |                                     }, completion: { [weak self] images in
    |                                                            |- warning: 'weak' ownership of capture 'self' differs from implicitly-captured strong reference in outer scope [#ImplicitStrongCapture]
    |                                                            `- note: explicitly assign the capture list item to silence
484 |                                         guard images.isEmpty == false,
485 |                                               let self = self,
/Users/admin/builder/spi-builder-workspace/Sources/FlipBook/FlipBookAssetWriter.swift:607:30: warning: 'AVVideoCodecH264' was deprecated in tvOS 11.0: renamed to 'AVVideoCodecType.h264' [#DeprecatedDeclaration]
605 |         #if !os(macOS)
606 |         let settings: [String : Any] = [
607 |             AVVideoCodecKey: AVVideoCodecH264,
    |                              |- warning: 'AVVideoCodecH264' was deprecated in tvOS 11.0: renamed to 'AVVideoCodecType.h264' [#DeprecatedDeclaration]
    |                              `- note: use 'AVVideoCodecType.h264' instead
608 |             AVVideoWidthKey: size.width,
609 |             AVVideoHeightKey: size.height
/Users/admin/builder/spi-builder-workspace/Sources/FlipBook/FlipBookAssetWriter.swift:692:9: error: cannot find 'rpScreenWriter' in scope
690 |     /// - Parameter completion: Closure called when writing is finished
691 |     internal func endLiveCaptureAndWrite(completion: @escaping (Result<URL, Error>) -> Void) {
692 |         rpScreenWriter.finishWriting { (url, error) in
    |         `- error: cannot find 'rpScreenWriter' in scope
693 |             if let url = url {
694 |                 completion(.success(url))
[#DeprecatedDeclaration]: <https://docs.swift.org/compiler/documentation/diagnostics/deprecated-declaration>
[#ImplicitStrongCapture]: <https://docs.swift.org/compiler/documentation/diagnostics/implicit-strong-capture>
Failed frontend command:
/Applications/Xcode-27.0.0-Release.Candidate.app/Contents/Developer/Toolchains/XcodeDefault.xctoolchain/usr/bin/swift-frontend -frontend -c /Users/admin/builder/spi-builder-workspace/Sources/FlipBook/FlipBook.swift -primary-file /Users/admin/builder/spi-builder-workspace/Sources/FlipBook/FlipBookAssetWriter.swift /Users/admin/builder/spi-builder-workspace/Sources/FlipBook/FlipBookCoreAnimationVideoEditor.swift /Users/admin/builder/spi-builder-workspace/Sources/FlipBook/FlipBookGIFWriter.swift /Users/admin/builder/spi-builder-workspace/Sources/FlipBook/FlipBookLivePhotoWriter.swift /Users/admin/builder/spi-builder-workspace/Sources/FlipBook/Image.swift /Users/admin/builder/spi-builder-workspace/Sources/FlipBook/RPScreenWriter.swift /Users/admin/builder/spi-builder-workspace/Sources/FlipBook/Rect.swift /Users/admin/builder/spi-builder-workspace/Sources/FlipBook/Screen.swift /Users/admin/builder/spi-builder-workspace/Sources/FlipBook/View.swift -emit-dependencies-path /Users/admin/builder/spi-builder-workspace/.derivedData/Build/Intermediates.noindex/FlipBook.build/Debug-appletvos/FlipBook-t.build/Objects-normal/arm64/FlipBookAssetWriter.d -emit-const-values-path /Users/admin/builder/spi-builder-workspace/.derivedData/Build/Intermediates.noindex/FlipBook.build/Debug-appletvos/FlipBook-t.build/Objects-normal/arm64/FlipBookAssetWriter.swiftconstvalues -emit-reference-dependencies-path /Users/admin/builder/spi-builder-workspace/.derivedData/Build/Intermediates.noindex/FlipBook.build/Debug-appletvos/FlipBook-t.build/Objects-normal/arm64/FlipBookAssetWriter.swiftdeps -serialize-diagnostics-path /Users/admin/builder/spi-builder-workspace/.derivedData/Build/Intermediates.noindex/FlipBook.build/Debug-appletvos/FlipBook-t.build/Objects-normal/arm64/FlipBookAssetWriter.dia -target arm64-apple-tvos15.0 -disable-cross-import-overlay-search -swift-module-cross-import Photos /Applications/Xcode-27.0.0-Release.Candidate.app/Contents/Developer/Platforms/AppleTVOS.platform/Developer/SDKs/AppleTVOS.sdk/System/Library/Frameworks/Photos.framework/Modules/Photos.swiftcrossimport/AppIntents.swiftoverlay -swift-module-cross-import Photos /Applications/Xcode-27.0.0-Release.Candidate.app/Contents/Developer/Platforms/AppleTVOS.platform/Developer/SDKs/AppleTVOS27.0.sdk/System/Library/Frameworks/Photos.framework/Modules/Photos.swiftcrossimport/AppIntents.swiftoverlay -load-resolved-plugin /Applications/Xcode-27.0.0-Release.Candidate.app/Contents/Developer/Platforms/AppleTVOS.platform/Developer/usr/lib/swift/host/plugins/libFoundationMacros.dylib\#/Applications/Xcode-27.0.0-Release.Candidate.app/Contents/Developer/Platforms/AppleTVOS.platform/Developer/usr/bin/swift-plugin-server\#FoundationMacros -load-resolved-plugin /Applications/Xcode-27.0.0-Release.Candidate.app/Contents/Developer/Platforms/AppleTVOS.platform/Developer/usr/lib/swift/host/plugins/libObservationMacros.dylib\#/Applications/Xcode-27.0.0-Release.Candidate.app/Contents/Developer/Platforms/AppleTVOS.platform/Developer/usr/bin/swift-plugin-server\#ObservationMacros -load-resolved-plugin /Applications/Xcode-27.0.0-Release.Candidate.app/Contents/Developer/Platforms/AppleTVOS.platform/Developer/usr/lib/swift/host/plugins/libPreviewsMacros.dylib\#/Applications/Xcode-27.0.0-Release.Candidate.app/Contents/Developer/Platforms/AppleTVOS.platform/Developer/usr/bin/swift-plugin-server\#PreviewsMacros -load-resolved-plugin /Applications/Xcode-27.0.0-Release.Candidate.app/Contents/Developer/Platforms/AppleTVOS.platform/Developer/usr/lib/swift/host/plugins/libSwiftMacros.dylib\#/Applications/Xcode-27.0.0-Release.Candidate.app/Contents/Developer/Platforms/AppleTVOS.platform/Developer/usr/bin/swift-plugin-server\#SwiftMacros -load-resolved-plugin /Applications/Xcode-27.0.0-Release.Candidate.app/Contents/Developer/Platforms/AppleTVOS.platform/Developer/usr/lib/swift/host/plugins/libSwiftUIMacros.dylib\#/Applications/Xcode-27.0.0-Release.Candidate.app/Contents/Developer/Platforms/AppleTVOS.platform/Developer/usr/bin/swift-plugin-server\#SwiftUIMacros -disable-implicit-swift-modules -Xcc -fno-implicit-modules -Xcc -fno-implicit-module-maps -explicit-swift-module-map-file /Users/admin/builder/spi-builder-workspace/.derivedData/Build/Intermediates.noindex/FlipBook.build/Debug-appletvos/FlipBook-t.build/Objects-normal/arm64/FlipBook-dependencies-1.json -Xllvm -aarch64-use-tbi -enable-objc-interop -stack-check -sdk /Applications/Xcode-27.0.0-Release.Candidate.app/Contents/Developer/Platforms/AppleTVOS.platform/Developer/SDKs/AppleTVOS27.0.sdk -I /Users/admin/builder/spi-builder-workspace/.derivedData/Build/Products/Debug-appletvos -Isystem /Applications/Xcode-27.0.0-Release.Candidate.app/Contents/Developer/Platforms/AppleTVOS.platform/Developer/usr/lib -F /Users/admin/builder/spi-builder-workspace/.derivedData/Build/Products/Debug-appletvos -F /Applications/Xcode-27.0.0-Release.Candidate.app/Contents/Developer/Platforms/AppleTVOS.platform/Developer/Library/Frameworks -F /Applications/Xcode-27.0.0-Release.Candidate.app/Contents/Developer/Platforms/AppleTVOS.platform/Developer/SDKs/AppleTVOS27.0.sdk/Developer/Library/Frameworks -module-cache-path /Users/admin/builder/spi-builder-workspace/.derivedData/Build/Intermediates.noindex/SwiftExplicitPrecompiledModules -no-color-diagnostics -Xcc -fno-color-diagnostics -enable-testing -g -debug-info-format\=dwarf -dwarf-version\=4 -profile-generate -profile-coverage-mapping -swift-version 5 -Onone -D SWIFT_PACKAGE -D DEBUG -D SWIFT_MODULE_RESOURCE_BUNDLE_UNAVAILABLE -D Xcode -serialize-debugging-options -enable-experimental-feature DebugDescriptionMacro -empty-abi-descriptor -validate-clang-modules-once -clang-build-session-file /Users/admin/builder/spi-builder-workspace/.derivedData/ModuleCache.noindex/Session.modulevalidation -Xcc -working-directory -Xcc /Users/admin/builder/spi-builder-workspace/.swiftpm/xcode -enable-anonymous-context-mangled-names -file-compilation-dir /Users/admin/builder/spi-builder-workspace/.swiftpm/xcode -Xcc -D_LIBCPP_HARDENING_MODE\=_LIBCPP_HARDENING_MODE_DEBUG -Xcc -ivfsstatcache -Xcc /Users/admin/builder/spi-builder-workspace/.derivedData/SDKStatCaches.noindex/appletvos27.0-24J360-e829b21a6f8c9b70876ba0858053c044b32bfd8d43560033f8d89884cdb90028.sdkstatcache -Xcc -fmodules-prune-interval\=86400 -Xcc -fmodules-prune-after\=345600 -Xcc -I/Users/admin/builder/spi-builder-workspace/.derivedData/Build/Products/Debug-appletvos/include -Xcc -I/Users/admin/builder/spi-builder-workspace/.derivedData/Build/Intermediates.noindex/FlipBook.build/Debug-appletvos/FlipBook-t.build/DerivedSources-normal/arm64 -Xcc -I/Users/admin/builder/spi-builder-workspace/.derivedData/Build/Intermediates.noindex/FlipBook.build/Debug-appletvos/FlipBook-t.build/DerivedSources/arm64 -Xcc -I/Users/admin/builder/spi-builder-workspace/.derivedData/Build/Intermediates.noindex/FlipBook.build/Debug-appletvos/FlipBook-t.build/DerivedSources -Xcc -DSWIFT_PACKAGE -Xcc -DDEBUG\=1 -no-auto-bridging-header-chaining -module-name FlipBook -const-gather-protocols-file /Users/admin/builder/spi-builder-workspace/.derivedData/Build/Intermediates.noindex/FlipBook.build/Debug-appletvos/FlipBook-t.build/Objects-normal/arm64/FlipBook_const_extract_protocols.json -disable-clang-spi -clang-target arm64-apple-tvos27.0 -target-sdk-version 27.0 -target-sdk-name appletvos27.0 -in-process-plugin-server-path /Applications/Xcode-27.0.0-Release.Candidate.app/Contents/Developer/Toolchains/XcodeDefault.xctoolchain/usr/lib/swift/host/libSwiftInProcPluginServer.dylib -parse-as-library -o /Users/admin/builder/spi-builder-workspace/.derivedData/Build/Intermediates.noindex/FlipBook.build/Debug-appletvos/FlipBook-t.build/Objects-normal/arm64/FlipBookAssetWriter.o -debug-module-path /Users/admin/builder/spi-builder-workspace/.derivedData/Build/Intermediates.noindex/FlipBook.build/Debug-appletvos/FlipBook-t.build/Objects-normal/arm64/FlipBook.swiftmodule -index-unit-output-path /FlipBook.build/Debug-appletvos/FlipBook-t.build/Objects-normal/arm64/FlipBookAssetWriter.o -index-store-path /Users/admin/builder/spi-builder-workspace/.derivedData/Index.noindex/DataStore -index-system-modules
SwiftCompile normal arm64 /Users/admin/builder/spi-builder-workspace/Sources/FlipBook/FlipBookAssetWriter.swift (in target 'FlipBook' from project 'FlipBook')
    cd /Users/admin/builder/spi-builder-workspace/.swiftpm/xcode
    builtin-SwiftPerFileCompile FlipBookAssetWriter.swift
SwiftCompile normal arm64 Compiling\ FlipBookAssetWriterUnitTests.swift /Users/admin/builder/spi-builder-workspace/Tests/FlipBookTests/FlipBookAssetWriterUnitTests.swift (in target 'FlipBookTests-product' from project 'FlipBook')
/Users/admin/builder/spi-builder-workspace/Tests/FlipBookTests/FlipBookAssetWriterUnitTests.swift:325:34: warning: enum case 'success' has one associated value that is a tuple of 2 elements
323 |             livePhotoWriter.makeLivePhoto(from: nil, videoURL: url, progress: nil) { (result) in
324 |                 switch result {
325 |                 case let .success(livePhoto, resources):
    |                                  `- warning: enum case 'success' has one associated value that is a tuple of 2 elements
326 |                     asset = .livePhoto(livePhoto, resources)
327 |                     expectation.fulfill()
<unknown>:0: note: 'success' declared here
SwiftCompile normal arm64 /Users/admin/builder/spi-builder-workspace/Tests/FlipBookTests/FlipBookAssetWriterUnitTests.swift (in target 'FlipBookTests-product' from project 'FlipBook')
    cd /Users/admin/builder/spi-builder-workspace/.swiftpm/xcode
    builtin-SwiftPerFileCompile FlipBookAssetWriterUnitTests.swift
SwiftCompile normal arm64 Compiling\ FlipBookGIFWriterUnitTests.swift /Users/admin/builder/spi-builder-workspace/Tests/FlipBookTests/FlipBookGIFWriterUnitTests.swift (in target 'FlipBookTests-product' from project 'FlipBook')
SwiftCompile normal arm64 /Users/admin/builder/spi-builder-workspace/Tests/FlipBookTests/FlipBookGIFWriterUnitTests.swift (in target 'FlipBookTests-product' from project 'FlipBook')
    cd /Users/admin/builder/spi-builder-workspace/.swiftpm/xcode
    builtin-SwiftPerFileCompile FlipBookGIFWriterUnitTests.swift
SwiftEmitModule normal arm64 Emitting\ module\ for\ FlipBookTests (in target 'FlipBookTests-product' from project 'FlipBook')
SwiftCompile normal arm64 (in target 'FlipBookTests-product' from project 'FlipBook')
    cd /Users/admin/builder/spi-builder-workspace/.swiftpm/xcode

SwiftCompile normal arm64 Compiling\ FlipBookCoreAnimationVideoEditorUnitTests.swift /Users/admin/builder/spi-builder-workspace/Tests/FlipBookTests/FlipBookCoreAnimationVideoEditorUnitTests.swift (in target 'FlipBookTests-product' from project 'FlipBook')
/Users/admin/builder/spi-builder-workspace/Tests/FlipBookTests/FlipBookCoreAnimationVideoEditorUnitTests.swift:50:38: warning: 'tracks(withMediaType:)' was deprecated in tvOS 16.0: Use loadTracks(withMediaType:) instead [#DeprecatedDeclaration]
 48 |         let composition = AVMutableComposition()
 49 |         let asset = AVURLAsset(url: url)
 50 |         guard let videoTrack = asset.tracks(withMediaType: .video).first else {
    |                                      `- warning: 'tracks(withMediaType:)' was deprecated in tvOS 16.0: Use loadTracks(withMediaType:) instead [#DeprecatedDeclaration]
 51 |             XCTFail("No video track")
 52 |             return
/Users/admin/builder/spi-builder-workspace/Tests/FlipBookTests/FlipBookCoreAnimationVideoEditorUnitTests.swift:67:46: warning: 'preferredTransform' was deprecated in tvOS 16.0: Use load(.preferredTransform) instead [#DeprecatedDeclaration]
 65 |             return
 66 |         }
 67 |         XCTAssertEqual(transform, videoTrack.preferredTransform)
    |                                              `- warning: 'preferredTransform' was deprecated in tvOS 16.0: Use load(.preferredTransform) instead [#DeprecatedDeclaration]
 68 |     }
 69 |
/Users/admin/builder/spi-builder-workspace/Tests/FlipBookTests/FlipBookCoreAnimationVideoEditorUnitTests.swift:112:30: warning: 'tracks(withMediaType:)' was deprecated in tvOS 16.0: Use loadTracks(withMediaType:) instead [#DeprecatedDeclaration]
110 |         XCTAssertEqual(animationCallCount, 1)
111 |         XCTAssertEqual(progress > 0.0, true)
112 |         XCTAssertEqual(asset.tracks(withMediaType: .video).first != nil, true)
    |                              `- warning: 'tracks(withMediaType:)' was deprecated in tvOS 16.0: Use loadTracks(withMediaType:) instead [#DeprecatedDeclaration]
113 |     }
114 |
[#DeprecatedDeclaration]: <https://docs.swift.org/compiler/documentation/diagnostics/deprecated-declaration>
SwiftCompile normal arm64 /Users/admin/builder/spi-builder-workspace/Tests/FlipBookTests/FlipBookCoreAnimationVideoEditorUnitTests.swift (in target 'FlipBookTests-product' from project 'FlipBook')
    cd /Users/admin/builder/spi-builder-workspace/.swiftpm/xcode
    builtin-SwiftPerFileCompile FlipBookCoreAnimationVideoEditorUnitTests.swift
SwiftCompile normal arm64 Compiling\ FlipBookUnitTests.swift /Users/admin/builder/spi-builder-workspace/Tests/FlipBookTests/FlipBookUnitTests.swift (in target 'FlipBookTests-product' from project 'FlipBook')
/Users/admin/builder/spi-builder-workspace/Tests/FlipBookTests/FlipBookUnitTests.swift:122:38: warning: 'tracks(withMediaType:)' was deprecated in tvOS 16.0: Use loadTracks(withMediaType:) instead [#DeprecatedDeclaration]
120 |         }
121 |         let asset = AVURLAsset(url: url)
122 |         guard let videoTrack = asset.tracks(withMediaType: .video).first else {
    |                                      `- warning: 'tracks(withMediaType:)' was deprecated in tvOS 16.0: Use loadTracks(withMediaType:) instead [#DeprecatedDeclaration]
123 |             XCTFail("No video track")
124 |             return
/Users/admin/builder/spi-builder-workspace/Tests/FlipBookTests/FlipBookUnitTests.swift:126:35: warning: 'naturalSize' was deprecated in tvOS 16.0: Use load(.naturalSize) instead [#DeprecatedDeclaration]
124 |             return
125 |         }
126 |         XCTAssertEqual(videoTrack.naturalSize.width, view.bounds.width * view.scale)
    |                                   `- warning: 'naturalSize' was deprecated in tvOS 16.0: Use load(.naturalSize) instead [#DeprecatedDeclaration]
127 |         XCTAssertEqual(videoTrack.naturalSize.height, view.bounds.height * view.scale)
128 |     }
/Users/admin/builder/spi-builder-workspace/Tests/FlipBookTests/FlipBookUnitTests.swift:127:35: warning: 'naturalSize' was deprecated in tvOS 16.0: Use load(.naturalSize) instead [#DeprecatedDeclaration]
125 |         }
126 |         XCTAssertEqual(videoTrack.naturalSize.width, view.bounds.width * view.scale)
127 |         XCTAssertEqual(videoTrack.naturalSize.height, view.bounds.height * view.scale)
    |                                   `- warning: 'naturalSize' was deprecated in tvOS 16.0: Use load(.naturalSize) instead [#DeprecatedDeclaration]
128 |     }
129 |
/Users/admin/builder/spi-builder-workspace/Tests/FlipBookTests/FlipBookUnitTests.swift:219:38: warning: 'tracks(withMediaType:)' was deprecated in tvOS 16.0: Use loadTracks(withMediaType:) instead [#DeprecatedDeclaration]
217 |         }
218 |         let asset = AVURLAsset(url: url)
219 |         guard let videoTrack = asset.tracks(withMediaType: .video).first else {
    |                                      `- warning: 'tracks(withMediaType:)' was deprecated in tvOS 16.0: Use loadTracks(withMediaType:) instead [#DeprecatedDeclaration]
220 |             XCTFail("No video track")
221 |             return
/Users/admin/builder/spi-builder-workspace/Tests/FlipBookTests/FlipBookUnitTests.swift:223:35: warning: 'naturalSize' was deprecated in tvOS 16.0: Use load(.naturalSize) instead [#DeprecatedDeclaration]
221 |             return
222 |         }
223 |         XCTAssertEqual(videoTrack.naturalSize.width, 100.0 * View().scale)
    |                                   `- warning: 'naturalSize' was deprecated in tvOS 16.0: Use load(.naturalSize) instead [#DeprecatedDeclaration]
224 |         XCTAssertEqual(videoTrack.naturalSize.height, 100.0 * View().scale)
225 |     }
SwiftCompile normal arm64 /Users/admin/builder/spi-builder-workspace/Tests/FlipBookTests/FlipBookUnitTests.swift (in target 'FlipBookTests-product' from project 'FlipBook')
    cd /Users/admin/builder/spi-builder-workspace/.swiftpm/xcode
    builtin-SwiftPerFileCompile FlipBookUnitTests.swift
SwiftCompile normal arm64 Compiling\ FlipBookLivePhotoWriterUnitTests.swift /Users/admin/builder/spi-builder-workspace/Tests/FlipBookTests/FlipBookLivePhotoWriterUnitTests.swift (in target 'FlipBookTests-product' from project 'FlipBook')
/Users/admin/builder/spi-builder-workspace/Tests/FlipBookTests/FlipBookLivePhotoWriterUnitTests.swift:97:29: warning: 'value' was deprecated in tvOS 16.0: Use load(.value) instead [#DeprecatedDeclaration]
 95 |         XCTAssertEqual(item.key as? NSString, "com.apple.quicktime.still-image-time" as NSString)
 96 |         XCTAssertEqual(item.keySpace, AVMetadataKeySpace("mdta"))
 97 |         XCTAssertEqual(item.value as? NSNumber, 0 as NSNumber)
    |                             `- warning: 'value' was deprecated in tvOS 16.0: Use load(.value) instead [#DeprecatedDeclaration]
 98 |         XCTAssertEqual(item.dataType, "com.apple.metadata.datatype.int8")
 99 |     }
SwiftCompile normal arm64 /Users/admin/builder/spi-builder-workspace/Tests/FlipBookTests/FlipBookLivePhotoWriterUnitTests.swift (in target 'FlipBookTests-product' from project 'FlipBook')
    cd /Users/admin/builder/spi-builder-workspace/.swiftpm/xcode
    builtin-SwiftPerFileCompile FlipBookLivePhotoWriterUnitTests.swift
SwiftDriverJobDiscovery normal arm64 Compiling Rect.swift (in target 'FlipBook' from project 'FlipBook')
SwiftCompile normal arm64 Compiling\ RPScreenWriterUnitTests.swift /Users/admin/builder/spi-builder-workspace/Tests/FlipBookTests/RPScreenWriterUnitTests.swift (in target 'FlipBookTests-product' from project 'FlipBook')
SwiftCompile normal arm64 /Users/admin/builder/spi-builder-workspace/Tests/FlipBookTests/RPScreenWriterUnitTests.swift (in target 'FlipBookTests-product' from project 'FlipBook')
    cd /Users/admin/builder/spi-builder-workspace/.swiftpm/xcode
    builtin-SwiftPerFileCompile RPScreenWriterUnitTests.swift
SwiftDriverJobDiscovery normal arm64 Compiling Image.swift (in target 'FlipBook' from project 'FlipBook')
SwiftCompile normal arm64 Compiling\ XCTestManifests.swift /Users/admin/builder/spi-builder-workspace/Tests/FlipBookTests/XCTestManifests.swift (in target 'FlipBookTests-product' from project 'FlipBook')
SwiftCompile normal arm64 /Users/admin/builder/spi-builder-workspace/Tests/FlipBookTests/XCTestManifests.swift (in target 'FlipBookTests-product' from project 'FlipBook')
    cd /Users/admin/builder/spi-builder-workspace/.swiftpm/xcode
    builtin-SwiftPerFileCompile XCTestManifests.swift
SwiftCompile normal arm64 Compiling\ FlipBookGIFWriter.swift /Users/admin/builder/spi-builder-workspace/Sources/FlipBook/FlipBookGIFWriter.swift (in target 'FlipBook' from project 'FlipBook')
SwiftCompile normal arm64 /Users/admin/builder/spi-builder-workspace/Sources/FlipBook/FlipBookGIFWriter.swift (in target 'FlipBook' from project 'FlipBook')
    cd /Users/admin/builder/spi-builder-workspace/.swiftpm/xcode
    builtin-SwiftPerFileCompile FlipBookGIFWriter.swift
SwiftCompile normal arm64 Compiling\ FlipBookLivePhotoWriter.swift /Users/admin/builder/spi-builder-workspace/Sources/FlipBook/FlipBookLivePhotoWriter.swift (in target 'FlipBook' from project 'FlipBook')
SwiftCompile normal arm64 /Users/admin/builder/spi-builder-workspace/Sources/FlipBook/FlipBookLivePhotoWriter.swift (in target 'FlipBook' from project 'FlipBook')
    cd /Users/admin/builder/spi-builder-workspace/.swiftpm/xcode
    builtin-SwiftPerFileCompile FlipBookLivePhotoWriter.swift
SwiftDriverJobDiscovery normal arm64 Compiling RPScreenWriterUnitTests.swift (in target 'FlipBookTests-product' from project 'FlipBook')
SwiftCompile normal arm64 Compiling\ View.swift /Users/admin/builder/spi-builder-workspace/Sources/FlipBook/View.swift (in target 'FlipBook' from project 'FlipBook')
SwiftCompile normal arm64 /Users/admin/builder/spi-builder-workspace/Sources/FlipBook/View.swift (in target 'FlipBook' from project 'FlipBook')
    cd /Users/admin/builder/spi-builder-workspace/.swiftpm/xcode
    builtin-SwiftPerFileCompile View.swift
SwiftDriverJobDiscovery normal arm64 Compiling XCTestManifests.swift (in target 'FlipBookTests-product' from project 'FlipBook')
SwiftCompile normal arm64 Compiling\ FlipBook.swift /Users/admin/builder/spi-builder-workspace/Sources/FlipBook/FlipBook.swift (in target 'FlipBook' from project 'FlipBook')
SwiftCompile normal arm64 /Users/admin/builder/spi-builder-workspace/Sources/FlipBook/FlipBook.swift (in target 'FlipBook' from project 'FlipBook')
    cd /Users/admin/builder/spi-builder-workspace/.swiftpm/xcode
    builtin-SwiftPerFileCompile FlipBook.swift
SwiftDriverJobDiscovery normal arm64 Compiling FlipBookGIFWriterUnitTests.swift (in target 'FlipBookTests-product' from project 'FlipBook')
SwiftCompile normal arm64 Compiling\ Screen.swift /Users/admin/builder/spi-builder-workspace/Sources/FlipBook/Screen.swift (in target 'FlipBook' from project 'FlipBook')
SwiftCompile normal arm64 /Users/admin/builder/spi-builder-workspace/Sources/FlipBook/Screen.swift (in target 'FlipBook' from project 'FlipBook')
    cd /Users/admin/builder/spi-builder-workspace/.swiftpm/xcode
    builtin-SwiftPerFileCompile Screen.swift
SwiftDriverJobDiscovery normal arm64 Compiling FlipBookCoreAnimationVideoEditorUnitTests.swift (in target 'FlipBookTests-product' from project 'FlipBook')
PruneExplicitPrecompiledModules /Users/admin/builder/spi-builder-workspace/.derivedData/Build/Intermediates.noindex/ExplicitPrecompiledModules
PruneExplicitPrecompiledModules /Users/admin/builder/spi-builder-workspace/.derivedData/SDKExplicitPrecompiledModules
PruneExplicitPrecompiledModules /Users/admin/builder/spi-builder-workspace/.derivedData/Build/Intermediates.noindex/SwiftExplicitPrecompiledModules
2026-09-15 14:43:40.656 xcodebuild[765:4817] [MT] IDERunDestination: Supported platforms for the buildables in the current scheme is empty.
2026-09-15 14:43:40.760 xcodebuild[765:4817] [MT] IDERunDestination: Supported platforms for the buildables in the current scheme is empty.
** BUILD FAILED **
The following build commands failed:
	SwiftCompile normal arm64 Compiling\ FlipBookAssetWriter.swift /Users/admin/builder/spi-builder-workspace/Sources/FlipBook/FlipBookAssetWriter.swift (in target 'FlipBook' from project 'FlipBook')
	SwiftCompile normal arm64 /Users/admin/builder/spi-builder-workspace/Sources/FlipBook/FlipBookAssetWriter.swift (in target 'FlipBook' from project 'FlipBook')
	Building workspace FlipBook with scheme FlipBook
(3 failures)
BUILD FAILURE 6.4 tvOS