The Swift Package Index logo.Swift Package Index

Build Information

Failed to build SpeziConsent, reference 0.1.5 (8c37a6), with Swift 6.4 for tvOS using Xcode 27.0 on 24 Sep 2026 17:58:00 UTC.

Build Command

env DEVELOPER_DIR=/Applications/Xcode-27.0.0-Release.Candidate.app xcrun xcodebuild -IDEClonedSourcePackagesDirPathOverride=$PWD/.dependencies -skipMacroValidation -skipPackagePluginValidation -derivedDataPath $PWD/.derivedData build -scheme SpeziConsent -destination generic/platform=tvOS

Build Log

    |                                                                                                          `- error: cannot find type 'CGFloat' in scope; did you mean to use 'CGFloat'?
113 |         let columnInset = generator.columnState.getInset(for: container)
114 |         return generator.document.layout.width
/Users/admin/builder/spi-builder-workspace/.dependencies/checkouts/TPPDF/Source/Internal/Utils/PDFCalculations.swift:152:107: error: cannot find type 'CGFloat' in scope; did you mean to use 'CGFloat'?
150 |     /// - Parameter container: Container in question
151 |     /// - Returns: Available height in points
152 |     static func calculateAvailableFrameHeight(for generator: PDFGenerator, in container: PDFContainer) -> CGFloat {
    |                                                                                                           `- error: cannot find type 'CGFloat' in scope; did you mean to use 'CGFloat'?
153 |         let pageLayout = generator.document.layout
154 |
/Users/admin/builder/spi-builder-workspace/.dependencies/checkouts/TPPDF/Source/Internal/Utils/PDFCalculations.swift:186:69: error: cannot find type 'CGFloat' in scope; did you mean to use 'CGFloat'?
184 |     /// - Parameter generator: Generator currently in use holding information about the document
185 |     /// - Returns: Offset from top edge in points
186 |     static func calculateTopMinimum(for generator: PDFGenerator) -> CGFloat {
    |                                                                     `- error: cannot find type 'CGFloat' in scope; did you mean to use 'CGFloat'?
187 |         let layout = generator.layout
188 |         let pageLayout = generator.document.layout
/Users/admin/builder/spi-builder-workspace/.dependencies/checkouts/TPPDF/Source/Internal/Utils/PDFCalculations.swift:223:72: error: cannot find type 'CGFloat' in scope; did you mean to use 'CGFloat'?
221 |     /// - Parameter generator: Generator currently in use holding information about the document
222 |     /// - Returns: Offset from top edge in points
223 |     static func calculateBottomMaximum(for generator: PDFGenerator) -> CGFloat {
    |                                                                        `- error: cannot find type 'CGFloat' in scope; did you mean to use 'CGFloat'?
224 |         let layout = generator.layout
225 |         let pageLayout = generator.document.layout
/Users/admin/builder/spi-builder-workspace/.dependencies/checkouts/TPPDF/Source/Internal/Utils/PDFCalculations.swift:244:121: error: cannot find type 'CGPoint' in scope
242 |      - Returns: Position of element
243 |      */
244 |     static func calculateElementPosition(for generator: PDFGenerator, in container: PDFContainer, with size: CGSize) -> CGPoint {
    |                                                                                                                         `- error: cannot find type 'CGPoint' in scope
245 |         CGPoint(
246 |             x: calculatePositionX(for: generator, in: container, with: size),
/Users/admin/builder/spi-builder-workspace/.dependencies/checkouts/TPPDF/Source/Internal/Utils/PDFCalculations.swift:244:110: error: cannot find type 'CGSize' in scope
242 |      - Returns: Position of element
243 |      */
244 |     static func calculateElementPosition(for generator: PDFGenerator, in container: PDFContainer, with size: CGSize) -> CGPoint {
    |                                                                                                              `- error: cannot find type 'CGSize' in scope
245 |         CGPoint(
246 |             x: calculatePositionX(for: generator, in: container, with: size),
/Users/admin/builder/spi-builder-workspace/.dependencies/checkouts/TPPDF/Source/Internal/Utils/PDFCalculations.swift:253:123: error: cannot find type 'CGFloat' in scope; did you mean to use 'CGFloat'?
251 |     // MARK: - PRIVATE STATIC FUNCS
252 |
253 |     private static func calculatePositionX(for generator: PDFGenerator, in container: PDFContainer, with size: CGSize) -> CGFloat {
    |                                                                                                                           `- error: cannot find type 'CGFloat' in scope; did you mean to use 'CGFloat'?
254 |         let layout = generator.layout
255 |         let columnInset = generator.columnState.getInset(for: container)
/Users/admin/builder/spi-builder-workspace/.dependencies/checkouts/TPPDF/Source/Internal/Utils/PDFCalculations.swift:253:112: error: cannot find type 'CGSize' in scope
251 |     // MARK: - PRIVATE STATIC FUNCS
252 |
253 |     private static func calculatePositionX(for generator: PDFGenerator, in container: PDFContainer, with size: CGSize) -> CGFloat {
    |                                                                                                                `- error: cannot find type 'CGSize' in scope
254 |         let layout = generator.layout
255 |         let columnInset = generator.columnState.getInset(for: container)
/Users/admin/builder/spi-builder-workspace/.dependencies/checkouts/TPPDF/Source/Internal/Utils/PDFCalculations.swift:313:123: error: cannot find type 'CGFloat' in scope; did you mean to use 'CGFloat'?
311 |     ///   - size: Size of element
312 |     /// - Returns: Offset from the top edge
313 |     private static func calculatePositionY(for generator: PDFGenerator, in container: PDFContainer, with size: CGSize) -> CGFloat {
    |                                                                                                                           `- error: cannot find type 'CGFloat' in scope; did you mean to use 'CGFloat'?
314 |         let layout = generator.layout
315 |         let pageLayout = generator.document.layout
/Users/admin/builder/spi-builder-workspace/.dependencies/checkouts/TPPDF/Source/Internal/Utils/PDFCalculations.swift:313:112: error: cannot find type 'CGSize' in scope
311 |     ///   - size: Size of element
312 |     /// - Returns: Offset from the top edge
313 |     private static func calculatePositionY(for generator: PDFGenerator, in container: PDFContainer, with size: CGSize) -> CGFloat {
    |                                                                                                                `- error: cannot find type 'CGSize' in scope
314 |         let layout = generator.layout
315 |         let pageLayout = generator.document.layout
/Users/admin/builder/spi-builder-workspace/.dependencies/checkouts/TPPDF/Source/Internal/Utils/PDFCalculations.swift:330:129: error: cannot find type 'CGFloat' in scope; did you mean to use 'CGFloat'?
328 |     }
329 |
330 |     static func calculateContentOffset(for generator: PDFGenerator, of element: PDFRenderObject, in container: PDFContainer) -> CGFloat {
    |                                                                                                                                 `- error: cannot find type 'CGFloat' in scope; did you mean to use 'CGFloat'?
331 |         let layout = generator.layout
332 |         let pageLayout = generator.document.layout
/Users/admin/builder/spi-builder-workspace/.dependencies/checkouts/TPPDF/Source/Internal/Utils/PDFCalculations.swift:347:120: error: cannot find type 'CGFloat' in scope; did you mean to use 'CGFloat'?
345 |     }
346 |
347 |     static func calculateContentOffset(for generator: PDFGenerator, of offset: CGFloat, in container: PDFContainer) -> CGFloat {
    |                                                                                                                        `- error: cannot find type 'CGFloat' in scope; did you mean to use 'CGFloat'?
348 |         let layout = generator.layout
349 |         let pageLayout = generator.document.layout
/Users/admin/builder/spi-builder-workspace/.dependencies/checkouts/TPPDF/Source/Internal/Utils/PDFCalculations.swift:347:80: error: cannot find type 'CGFloat' in scope; did you mean to use 'CGFloat'?
345 |     }
346 |
347 |     static func calculateContentOffset(for generator: PDFGenerator, of offset: CGFloat, in container: PDFContainer) -> CGFloat {
    |                                                                                `- error: cannot find type 'CGFloat' in scope; did you mean to use 'CGFloat'?
348 |         let layout = generator.layout
349 |         let pageLayout = generator.document.layout
/Users/admin/builder/spi-builder-workspace/.dependencies/checkouts/TPPDF/Source/Internal/Utils/PDFCalculations.swift:371:10: error: cannot find type 'CGRect' in scope
369 |         text: NSAttributedString,
370 |         alignment: PDFTableCellAlignment
371 |     ) -> CGRect {
    |          `- error: cannot find type 'CGRect' in scope
372 |         let textMaxHeight = CGFloat.greatestFiniteMagnitude // PDFCalculations.calculateAvailableFrameHeight(for: generator, in: container)
373 |         let frame = CGRect(x: position.origin.x, y: position.origin.y, width: position.width, height: textMaxHeight)
/Users/admin/builder/spi-builder-workspace/.dependencies/checkouts/TPPDF/Source/Internal/Utils/PDFCalculations.swift:368:28: error: cannot find type 'CGPoint' in scope
366 |         generator _: PDFGenerator,
367 |         container _: PDFContainer,
368 |         position: (origin: CGPoint, width: CGFloat),
    |                            `- error: cannot find type 'CGPoint' in scope
369 |         text: NSAttributedString,
370 |         alignment: PDFTableCellAlignment
/Users/admin/builder/spi-builder-workspace/.dependencies/checkouts/TPPDF/Source/Internal/Utils/PDFCalculations.swift:368:44: error: cannot find type 'CGFloat' in scope; did you mean to use 'CGFloat'?
366 |         generator _: PDFGenerator,
367 |         container _: PDFContainer,
368 |         position: (origin: CGPoint, width: CGFloat),
    |                                            `- error: cannot find type 'CGFloat' in scope; did you mean to use 'CGFloat'?
369 |         text: NSAttributedString,
370 |         alignment: PDFTableCellAlignment
/Users/admin/builder/spi-builder-workspace/.dependencies/checkouts/TPPDF/Source/Internal/Utils/PDFCalculations.swift:369:15: error: cannot find type 'NSAttributedString' in scope
367 |         container _: PDFContainer,
368 |         position: (origin: CGPoint, width: CGFloat),
369 |         text: NSAttributedString,
    |               `- error: cannot find type 'NSAttributedString' in scope
370 |         alignment: PDFTableCellAlignment
371 |     ) -> CGRect {
/Users/admin/builder/spi-builder-workspace/.dependencies/checkouts/TPPDF/Source/Internal/Utils/PDFCalculations.swift:390:113: error: cannot find type 'CGRect' in scope
388 |     }
389 |
390 |     static func calculateCellFrame(generator _: PDFGenerator, origin: CGPoint, width: CGFloat, image: Image) -> CGRect {
    |                                                                                                                 `- error: cannot find type 'CGRect' in scope
391 |         let imageSize = image.size
392 |         var imageHeight = 0.0
/Users/admin/builder/spi-builder-workspace/.dependencies/checkouts/TPPDF/Source/Internal/Utils/PDFCalculations.swift:390:71: error: cannot find type 'CGPoint' in scope
388 |     }
389 |
390 |     static func calculateCellFrame(generator _: PDFGenerator, origin: CGPoint, width: CGFloat, image: Image) -> CGRect {
    |                                                                       `- error: cannot find type 'CGPoint' in scope
391 |         let imageSize = image.size
392 |         var imageHeight = 0.0
/Users/admin/builder/spi-builder-workspace/.dependencies/checkouts/TPPDF/Source/Internal/Utils/PDFCalculations.swift:390:87: error: cannot find type 'CGFloat' in scope; did you mean to use 'CGFloat'?
388 |     }
389 |
390 |     static func calculateCellFrame(generator _: PDFGenerator, origin: CGPoint, width: CGFloat, image: Image) -> CGRect {
    |                                                                                       `- error: cannot find type 'CGFloat' in scope; did you mean to use 'CGFloat'?
391 |         let imageSize = image.size
392 |         var imageHeight = 0.0
/Users/admin/builder/spi-builder-workspace/.dependencies/checkouts/TPPDF/Source/Internal/Utils/PDFCalculations.swift:390:103: error: cannot find type 'Image' in scope
388 |     }
389 |
390 |     static func calculateCellFrame(generator _: PDFGenerator, origin: CGPoint, width: CGFloat, image: Image) -> CGRect {
    |                                                                                                       `- error: cannot find type 'Image' in scope
391 |         let imageSize = image.size
392 |         var imageHeight = 0.0
/Users/admin/builder/spi-builder-workspace/.dependencies/checkouts/TPPDF/Source/Internal/Utils/PDFCalculations.swift:414:11: error: cannot find type 'CGRect' in scope
412 |         currentRange: CFRange,
413 |         textMaxWidth: CGFloat
414 |     ) -> (CGRect, CTFrame, CGSize) {
    |           `- error: cannot find type 'CGRect' in scope
415 |         let textMaxWidth = (textMaxWidth > 0) ? textMaxWidth : (generator.document.layout.width
416 |             - generator.layout.margin.left
/Users/admin/builder/spi-builder-workspace/.dependencies/checkouts/TPPDF/Source/Internal/Utils/PDFCalculations.swift:414:19: error: cannot find type 'CTFrame' in scope
412 |         currentRange: CFRange,
413 |         textMaxWidth: CGFloat
414 |     ) -> (CGRect, CTFrame, CGSize) {
    |                   `- error: cannot find type 'CTFrame' in scope
415 |         let textMaxWidth = (textMaxWidth > 0) ? textMaxWidth : (generator.document.layout.width
416 |             - generator.layout.margin.left
/Users/admin/builder/spi-builder-workspace/.dependencies/checkouts/TPPDF/Source/Internal/Utils/PDFCalculations.swift:414:28: error: cannot find type 'CGSize' in scope
412 |         currentRange: CFRange,
413 |         textMaxWidth: CGFloat
414 |     ) -> (CGRect, CTFrame, CGSize) {
    |                            `- error: cannot find type 'CGSize' in scope
415 |         let textMaxWidth = (textMaxWidth > 0) ? textMaxWidth : (generator.document.layout.width
416 |             - generator.layout.margin.left
/Users/admin/builder/spi-builder-workspace/.dependencies/checkouts/TPPDF/Source/Internal/Utils/PDFCalculations.swift:411:15: error: cannot find type 'CFAttributedString' in scope
409 |         generator: PDFGenerator,
410 |         container: PDFContainer,
411 |         text: CFAttributedString,
    |               `- error: cannot find type 'CFAttributedString' in scope
412 |         currentRange: CFRange,
413 |         textMaxWidth: CGFloat
/Users/admin/builder/spi-builder-workspace/.dependencies/checkouts/TPPDF/Source/Internal/Utils/PDFCalculations.swift:412:23: error: cannot find type 'CFRange' in scope
410 |         container: PDFContainer,
411 |         text: CFAttributedString,
412 |         currentRange: CFRange,
    |                       `- error: cannot find type 'CFRange' in scope
413 |         textMaxWidth: CGFloat
414 |     ) -> (CGRect, CTFrame, CGSize) {
/Users/admin/builder/spi-builder-workspace/.dependencies/checkouts/TPPDF/Source/Internal/Utils/PDFCalculations.swift:413:23: error: cannot find type 'CGFloat' in scope; did you mean to use 'CGFloat'?
411 |         text: CFAttributedString,
412 |         currentRange: CFRange,
413 |         textMaxWidth: CGFloat
    |                       `- error: cannot find type 'CGFloat' in scope; did you mean to use 'CGFloat'?
414 |     ) -> (CGRect, CTFrame, CGSize) {
415 |         let textMaxWidth = (textMaxWidth > 0) ? textMaxWidth : (generator.document.layout.width
/Users/admin/builder/spi-builder-workspace/.dependencies/checkouts/TPPDF/Source/Internal/Utils/PDFCalculations.swift:501:11: error: cannot find type 'CGRect' in scope
499 |         text: CFAttributedString,
500 |         currentRange: CFRange
501 |     ) -> (CGRect, CTFrame, CGSize) {
    |           `- error: cannot find type 'CGRect' in scope
502 |         let framesetter = CTFramesetterCreateWithAttributedString(text)
503 |         let framePath = BezierPath(rect: frame).cgPath
/Users/admin/builder/spi-builder-workspace/.dependencies/checkouts/TPPDF/Source/Internal/Utils/PDFCalculations.swift:501:19: error: cannot find type 'CTFrame' in scope
499 |         text: CFAttributedString,
500 |         currentRange: CFRange
501 |     ) -> (CGRect, CTFrame, CGSize) {
    |                   `- error: cannot find type 'CTFrame' in scope
502 |         let framesetter = CTFramesetterCreateWithAttributedString(text)
503 |         let framePath = BezierPath(rect: frame).cgPath
/Users/admin/builder/spi-builder-workspace/.dependencies/checkouts/TPPDF/Source/Internal/Utils/PDFCalculations.swift:501:28: error: cannot find type 'CGSize' in scope
499 |         text: CFAttributedString,
500 |         currentRange: CFRange
501 |     ) -> (CGRect, CTFrame, CGSize) {
    |                            `- error: cannot find type 'CGSize' in scope
502 |         let framesetter = CTFramesetterCreateWithAttributedString(text)
503 |         let framePath = BezierPath(rect: frame).cgPath
/Users/admin/builder/spi-builder-workspace/.dependencies/checkouts/TPPDF/Source/Internal/Utils/PDFCalculations.swift:498:16: error: cannot find type 'CGRect' in scope
496 |      */
497 |     static func calculateTextFrameAndDrawnSizeInOnePage(
498 |         frame: CGRect,
    |                `- error: cannot find type 'CGRect' in scope
499 |         text: CFAttributedString,
500 |         currentRange: CFRange
/Users/admin/builder/spi-builder-workspace/.dependencies/checkouts/TPPDF/Source/Internal/Utils/PDFCalculations.swift:499:15: error: cannot find type 'CFAttributedString' in scope
497 |     static func calculateTextFrameAndDrawnSizeInOnePage(
498 |         frame: CGRect,
499 |         text: CFAttributedString,
    |               `- error: cannot find type 'CFAttributedString' in scope
500 |         currentRange: CFRange
501 |     ) -> (CGRect, CTFrame, CGSize) {
/Users/admin/builder/spi-builder-workspace/.dependencies/checkouts/TPPDF/Source/Internal/Utils/PDFCalculations.swift:500:23: error: cannot find type 'CFRange' in scope
498 |         frame: CGRect,
499 |         text: CFAttributedString,
500 |         currentRange: CFRange
    |                       `- error: cannot find type 'CFRange' in scope
501 |     ) -> (CGRect, CTFrame, CGSize) {
502 |         let framesetter = CTFramesetterCreateWithAttributedString(text)
/Users/admin/builder/spi-builder-workspace/.dependencies/checkouts/TPPDF/Source/Internal/Utils/PDFCalculations.swift:525:11: error: cannot find type 'CGSize' in scope
523 |         size: CGSize,
524 |         sizeFit: PDFImageSizeFit
525 |     ) -> (CGSize, CGSize) {
    |           `- error: cannot find type 'CGSize' in scope
526 |         /* calculate the aspect size of image */
527 |         let size = (size == CGSize.zero) ? image.size : size
/Users/admin/builder/spi-builder-workspace/.dependencies/checkouts/TPPDF/Source/Internal/Utils/PDFCalculations.swift:525:19: error: cannot find type 'CGSize' in scope
523 |         size: CGSize,
524 |         sizeFit: PDFImageSizeFit
525 |     ) -> (CGSize, CGSize) {
    |                   `- error: cannot find type 'CGSize' in scope
526 |         /* calculate the aspect size of image */
527 |         let size = (size == CGSize.zero) ? image.size : size
/Users/admin/builder/spi-builder-workspace/.dependencies/checkouts/TPPDF/Source/Internal/Utils/PDFCalculations.swift:523:15: error: cannot find type 'CGSize' in scope
521 |         container: PDFContainer,
522 |         image: PDFImage,
523 |         size: CGSize,
    |               `- error: cannot find type 'CGSize' in scope
524 |         sizeFit: PDFImageSizeFit
525 |     ) -> (CGSize, CGSize) {
/Users/admin/builder/spi-builder-workspace/.dependencies/checkouts/TPPDF/Source/Internal/Utils/PDFCalculations.swift:557:102: error: cannot find type 'CGFloat' in scope; did you mean to use 'CGFloat'?
555 |     }
556 |
557 |     static func calculateColumnWrapInset(generator: PDFGenerator, container: PDFContainer) -> (left: CGFloat, right: CGFloat) {
    |                                                                                                      `- error: cannot find type 'CGFloat' in scope; did you mean to use 'CGFloat'?
558 |         guard let maxColumn = generator.columnState.getMaxColumns(for: container) else {
559 |             return (0, 0)
/Users/admin/builder/spi-builder-workspace/.dependencies/checkouts/TPPDF/Source/Internal/Utils/PDFCalculations.swift:557:118: error: cannot find type 'CGFloat' in scope; did you mean to use 'CGFloat'?
555 |     }
556 |
557 |     static func calculateColumnWrapInset(generator: PDFGenerator, container: PDFContainer) -> (left: CGFloat, right: CGFloat) {
    |                                                                                                                      `- error: cannot find type 'CGFloat' in scope; did you mean to use 'CGFloat'?
558 |         guard let maxColumn = generator.columnState.getMaxColumns(for: container) else {
559 |             return (0, 0)
/Users/admin/builder/spi-builder-workspace/.dependencies/checkouts/TPPDF/Source/Internal/Utils/PDFCalculations.swift:579:104: error: cannot find type 'CGFloat' in scope; did you mean to use 'CGFloat'?
577 |     }
578 |
579 |     static func calculateColumnWrapSpacing(generator: PDFGenerator, container: PDFContainer) -> (left: CGFloat, right: CGFloat) {
    |                                                                                                        `- error: cannot find type 'CGFloat' in scope; did you mean to use 'CGFloat'?
580 |         guard let maxColumn = generator.columnState.getMaxColumns(for: container) else {
581 |             return (0, 0)
/Users/admin/builder/spi-builder-workspace/.dependencies/checkouts/TPPDF/Source/Internal/Utils/PDFCalculations.swift:579:120: error: cannot find type 'CGFloat' in scope; did you mean to use 'CGFloat'?
577 |     }
578 |
579 |     static func calculateColumnWrapSpacing(generator: PDFGenerator, container: PDFContainer) -> (left: CGFloat, right: CGFloat) {
    |                                                                                                                        `- error: cannot find type 'CGFloat' in scope; did you mean to use 'CGFloat'?
580 |         guard let maxColumn = generator.columnState.getMaxColumns(for: container) else {
581 |             return (0, 0)
Failed frontend command:
/Applications/Xcode-27.0.0-Release.Candidate.app/Contents/Developer/Toolchains/XcodeDefault.xctoolchain/usr/bin/swift-frontend -frontend -emit-module -experimental-skip-non-inlinable-function-bodies-without-types /Users/admin/builder/spi-builder-workspace/.dependencies/checkouts/TPPDF/Source/API/Delegation/PDFGeneratorDelegate.swift /Users/admin/builder/spi-builder-workspace/.dependencies/checkouts/TPPDF/Source/API/Delegation/PDFGeneratorImageDelegate.swift /Users/admin/builder/spi-builder-workspace/.dependencies/checkouts/TPPDF/Source/API/Document/PDFDocument.swift /Users/admin/builder/spi-builder-workspace/.dependencies/checkouts/TPPDF/Source/API/Document/PDFDocumentBackground.swift /Users/admin/builder/spi-builder-workspace/.dependencies/checkouts/TPPDF/Source/API/External/PDFExternalDocument.swift /Users/admin/builder/spi-builder-workspace/.dependencies/checkouts/TPPDF/Source/API/Graphics/PDFBezierPath+Copying.swift /Users/admin/builder/spi-builder-workspace/.dependencies/checkouts/TPPDF/Source/API/Graphics/PDFBezierPath.swift /Users/admin/builder/spi-builder-workspace/.dependencies/checkouts/TPPDF/Source/API/Graphics/PDFBezierPathVertex.swift /Users/admin/builder/spi-builder-workspace/.dependencies/checkouts/TPPDF/Source/API/Graphics/PDFDynamicGeometryShape.swift /Users/admin/builder/spi-builder-workspace/.dependencies/checkouts/TPPDF/Source/API/Graphics/PDFLineStyle.swift /Users/admin/builder/spi-builder-workspace/.dependencies/checkouts/TPPDF/Source/API/Graphics/PDFLineType.swift /Users/admin/builder/spi-builder-workspace/.dependencies/checkouts/TPPDF/Source/API/Groups/PDFGroup+Objects.swift /Users/admin/builder/spi-builder-workspace/.dependencies/checkouts/TPPDF/Source/API/Groups/PDFGroup.swift /Users/admin/builder/spi-builder-workspace/.dependencies/checkouts/TPPDF/Source/API/Groups/PDFGroupContainer.swift /Users/admin/builder/spi-builder-workspace/.dependencies/checkouts/TPPDF/Source/API/Groups/PDFMasterGroup.swift /Users/admin/builder/spi-builder-workspace/.dependencies/checkouts/TPPDF/Source/API/Image/PDFImage.swift /Users/admin/builder/spi-builder-workspace/.dependencies/checkouts/TPPDF/Source/API/Image/PDFImageOptions.swift /Users/admin/builder/spi-builder-workspace/.dependencies/checkouts/TPPDF/Source/API/Image/PDFImageSizeFit.swift /Users/admin/builder/spi-builder-workspace/.dependencies/checkouts/TPPDF/Source/API/Layout/PDFContainer.swift /Users/admin/builder/spi-builder-workspace/.dependencies/checkouts/TPPDF/Source/API/Layout/PDFPageLayout.swift /Users/admin/builder/spi-builder-workspace/.dependencies/checkouts/TPPDF/Source/API/List/PDFList.swift /Users/admin/builder/spi-builder-workspace/.dependencies/checkouts/TPPDF/Source/API/List/PDFListItem.swift /Users/admin/builder/spi-builder-workspace/.dependencies/checkouts/TPPDF/Source/API/List/PDFListItemSymbol.swift /Users/admin/builder/spi-builder-workspace/.dependencies/checkouts/TPPDF/Source/API/Metadata/PDFInfo+Equatable.swift /Users/admin/builder/spi-builder-workspace/.dependencies/checkouts/TPPDF/Source/API/Metadata/PDFInfo.swift /Users/admin/builder/spi-builder-workspace/.dependencies/checkouts/TPPDF/Source/API/PDFGenerator+Generation.swift /Users/admin/builder/spi-builder-workspace/.dependencies/checkouts/TPPDF/Source/API/PDFGenerator.swift /Users/admin/builder/spi-builder-workspace/.dependencies/checkouts/TPPDF/Source/API/PDFGeneratorProtocol.swift /Users/admin/builder/spi-builder-workspace/.dependencies/checkouts/TPPDF/Source/API/PDFMultiDocumentGenerator.swift /Users/admin/builder/spi-builder-workspace/.dependencies/checkouts/TPPDF/Source/API/Page\ Format/PDFPageFormat+Layout.swift /Users/admin/builder/spi-builder-workspace/.dependencies/checkouts/TPPDF/Source/API/Page\ Format/PDFPageFormat+NameConstants.swift /Users/admin/builder/spi-builder-workspace/.dependencies/checkouts/TPPDF/Source/API/Page\ Format/PDFPageFormat+SizeConstants.swift /Users/admin/builder/spi-builder-workspace/.dependencies/checkouts/TPPDF/Source/API/Page\ Format/PDFPageFormat.swift /Users/admin/builder/spi-builder-workspace/.dependencies/checkouts/TPPDF/Source/API/Pagination/PDFPagination+Equatable.swift /Users/admin/builder/spi-builder-workspace/.dependencies/checkouts/TPPDF/Source/API/Pagination/PDFPagination.swift /Users/admin/builder/spi-builder-workspace/.dependencies/checkouts/TPPDF/Source/API/Pagination/PDFPaginationClosure.swift /Users/admin/builder/spi-builder-workspace/.dependencies/checkouts/TPPDF/Source/API/Pagination/PDFPaginationStyle+Equatable.swift /Users/admin/builder/spi-builder-workspace/.dependencies/checkouts/TPPDF/Source/API/Pagination/PDFPaginationStyle.swift /Users/admin/builder/spi-builder-workspace/.dependencies/checkouts/TPPDF/Source/API/Section/PDFSection.swift /Users/admin/builder/spi-builder-workspace/.dependencies/checkouts/TPPDF/Source/API/Section/PDFSectionColumn.swift /Users/admin/builder/spi-builder-workspace/.dependencies/checkouts/TPPDF/Source/API/Table\ Of\ Content/PDFTableOfContent.swift /Users/admin/builder/spi-builder-workspace/.dependencies/checkouts/TPPDF/Source/API/Table/Content/NSAttributedString+PDFTableContent.swift /Users/admin/builder/spi-builder-workspace/.dependencies/checkouts/TPPDF/Source/API/Table/Content/Number+PDFTableContentable.swift /Users/admin/builder/spi-builder-workspace/.dependencies/checkouts/TPPDF/Source/API/Table/Content/PDFTableContent+ContentType.swift /Users/admin/builder/spi-builder-workspace/.dependencies/checkouts/TPPDF/Source/API/Table/Content/PDFTableContent.swift /Users/admin/builder/spi-builder-workspace/.dependencies/checkouts/TPPDF/Source/API/Table/Content/PDFTableContentable.swift /Users/admin/builder/spi-builder-workspace/.dependencies/checkouts/TPPDF/Source/API/Table/Content/String+PDFTableContent.swift /Users/admin/builder/spi-builder-workspace/.dependencies/checkouts/TPPDF/Source/API/Table/Content/UIImage+PDFTableContent.swift /Users/admin/builder/spi-builder-workspace/.dependencies/checkouts/TPPDF/Source/API/Table/PDFTable.swift /Users/admin/builder/spi-builder-workspace/.dependencies/checkouts/TPPDF/Source/API/Table/PDFTableCell.swift /Users/admin/builder/spi-builder-workspace/.dependencies/checkouts/TPPDF/Source/API/Table/PDFTableCellAlignment.swift /Users/admin/builder/spi-builder-workspace/.dependencies/checkouts/TPPDF/Source/API/Table/PDFTableCellPosition.swift /Users/admin/builder/spi-builder-workspace/.dependencies/checkouts/TPPDF/Source/API/Table/Sections/PDFTable+CellSubscripts.swift /Users/admin/builder/spi-builder-workspace/.dependencies/checkouts/TPPDF/Source/API/Table/Sections/PDFTable+ColumnSubscripts.swift /Users/admin/builder/spi-builder-workspace/.dependencies/checkouts/TPPDF/Source/API/Table/Sections/PDFTable+RowSubscripts.swift /Users/admin/builder/spi-builder-workspace/.dependencies/checkouts/TPPDF/Source/API/Table/Sections/PDFTable+SectionSubscripts.swift /Users/admin/builder/spi-builder-workspace/.dependencies/checkouts/TPPDF/Source/API/Table/Sections/PDFTableColumn.swift /Users/admin/builder/spi-builder-workspace/.dependencies/checkouts/TPPDF/Source/API/Table/Sections/PDFTableColumns.swift /Users/admin/builder/spi-builder-workspace/.dependencies/checkouts/TPPDF/Source/API/Table/Sections/PDFTableMergeable.swift /Users/admin/builder/spi-builder-workspace/.dependencies/checkouts/TPPDF/Source/API/Table/Sections/PDFTableRow.swift /Users/admin/builder/spi-builder-workspace/.dependencies/checkouts/TPPDF/Source/API/Table/Sections/PDFTableRows.swift /Users/admin/builder/spi-builder-workspace/.dependencies/checkouts/TPPDF/Source/API/Table/Sections/PDFTableSection.swift /Users/admin/builder/spi-builder-workspace/.dependencies/checkouts/TPPDF/Source/API/Table/Style/PDFTableCellBorders.swift /Users/admin/builder/spi-builder-workspace/.dependencies/checkouts/TPPDF/Source/API/Table/Style/PDFTableCellPosition+Equatable-Hashable.swift /Users/admin/builder/spi-builder-workspace/.dependencies/checkouts/TPPDF/Source/API/Table/Style/PDFTableCellStyle.swift /Users/admin/builder/spi-builder-workspace/.dependencies/checkouts/TPPDF/Source/API/Table/Style/PDFTableStyle+Defaults.swift /Users/admin/builder/spi-builder-workspace/.dependencies/checkouts/TPPDF/Source/API/Table/Style/PDFTableStyle+Equatable.swift /Users/admin/builder/spi-builder-workspace/.dependencies/checkouts/TPPDF/Source/API/Table/Style/PDFTableStyle.swift /Users/admin/builder/spi-builder-workspace/.dependencies/checkouts/TPPDF/Source/API/Text/PDFAttributedText.swift /Users/admin/builder/spi-builder-workspace/.dependencies/checkouts/TPPDF/Source/API/Text/PDFSimpleText+Equatable.swift /Users/admin/builder/spi-builder-workspace/.dependencies/checkouts/TPPDF/Source/API/Text/PDFSimpleText.swift /Users/admin/builder/spi-builder-workspace/.dependencies/checkouts/TPPDF/Source/API/Text/PDFText.swift /Users/admin/builder/spi-builder-workspace/.dependencies/checkouts/TPPDF/Source/API/Text/PDFTextStyle.swift /Users/admin/builder/spi-builder-workspace/.dependencies/checkouts/TPPDF/Source/API/Utils/CrossPlattformGraphics.swift /Users/admin/builder/spi-builder-workspace/.dependencies/checkouts/TPPDF/Source/API/Utils/PDFConstants.swift /Users/admin/builder/spi-builder-workspace/.dependencies/checkouts/TPPDF/Source/API/Utils/PDFCopy.swift /Users/admin/builder/spi-builder-workspace/.dependencies/checkouts/TPPDF/Source/API/Utils/PDFDocumentObject.swift /Users/admin/builder/spi-builder-workspace/.dependencies/checkouts/TPPDF/Source/API/Utils/PDFError.swift /Users/admin/builder/spi-builder-workspace/.dependencies/checkouts/TPPDF/Source/API/Utils/PDFRenderObject.swift /Users/admin/builder/spi-builder-workspace/.dependencies/checkouts/TPPDF/Source/API/Utils/PDFTaggableObject.swift /Users/admin/builder/spi-builder-workspace/.dependencies/checkouts/TPPDF/Source/Internal/External/PDFExternalDocumentObject.swift /Users/admin/builder/spi-builder-workspace/.dependencies/checkouts/TPPDF/Source/Internal/External/PDFExternalPageObject.swift /Users/admin/builder/spi-builder-workspace/.dependencies/checkouts/TPPDF/Source/Internal/Graphics/PDFContext.swift /Users/admin/builder/spi-builder-workspace/.dependencies/checkouts/TPPDF/Source/Internal/Graphics/PDFContextGraphics.swift /Users/admin/builder/spi-builder-workspace/.dependencies/checkouts/TPPDF/Source/Internal/Graphics/PDFGraphics.swift /Users/admin/builder/spi-builder-workspace/.dependencies/checkouts/TPPDF/Source/Internal/Graphics/PDFLineObject.swift /Users/admin/builder/spi-builder-workspace/.dependencies/checkouts/TPPDF/Source/Internal/Graphics/PDFLineSeparatorObject+Equatable.swift /Users/admin/builder/spi-builder-workspace/.dependencies/checkouts/TPPDF/Source/Internal/Graphics/PDFLineSeparatorObject.swift /Users/admin/builder/spi-builder-workspace/.dependencies/checkouts/TPPDF/Source/Internal/Graphics/PDFRectangleObject.swift /Users/admin/builder/spi-builder-workspace/.dependencies/checkouts/TPPDF/Source/Internal/Graphics/UIColor+CloseToEqual.swift /Users/admin/builder/spi-builder-workspace/.dependencies/checkouts/TPPDF/Source/Internal/Group/PDFGroupObject.swift /Users/admin/builder/spi-builder-workspace/.dependencies/checkouts/TPPDF/Source/Internal/Image/PDFImageObject.swift /Users/admin/builder/spi-builder-workspace/.dependencies/checkouts/TPPDF/Source/Internal/Image/PDFImageRowObject.swift /Users/admin/builder/spi-builder-workspace/.dependencies/checkouts/TPPDF/Source/Internal/Layout/PDFColumnLayoutState.swift /Users/admin/builder/spi-builder-workspace/.dependencies/checkouts/TPPDF/Source/Internal/Layout/PDFIndentationObject+Equatable.swift /Users/admin/builder/spi-builder-workspace/.dependencies/checkouts/TPPDF/Source/Internal/Layout/PDFIndentationObject.swift /Users/admin/builder/spi-builder-workspace/.dependencies/checkouts/TPPDF/Source/Internal/Layout/PDFLayout+Equatable.swift /Users/admin/builder/spi-builder-workspace/.dependencies/checkouts/TPPDF/Source/Internal/Layout/PDFLayout.swift /Users/admin/builder/spi-builder-workspace/.dependencies/checkouts/TPPDF/Source/Internal/Layout/PDFLayoutHeights+Equatable.swift /Users/admin/builder/spi-builder-workspace/.dependencies/checkouts/TPPDF/Source/Internal/Layout/PDFLayoutHeights.swift /Users/admin/builder/spi-builder-workspace/.dependencies/checkouts/TPPDF/Source/Internal/Layout/PDFLayoutIndentations+Equatable.swift /Users/admin/builder/spi-builder-workspace/.dependencies/checkouts/TPPDF/Source/Internal/Layout/PDFLayoutIndentations.swift /Users/admin/builder/spi-builder-workspace/.dependencies/checkouts/TPPDF/Source/Internal/Layout/PDFMarginObject.swift /Users/admin/builder/spi-builder-workspace/.dependencies/checkouts/TPPDF/Source/Internal/Layout/PDFOffsetObject+Equatable.swift /Users/admin/builder/spi-builder-workspace/.dependencies/checkouts/TPPDF/Source/Internal/Layout/PDFOffsetObject.swift /Users/admin/builder/spi-builder-workspace/.dependencies/checkouts/TPPDF/Source/Internal/Layout/PDFPageBreakObject+Equatable.swift /Users/admin/builder/spi-builder-workspace/.dependencies/checkouts/TPPDF/Source/Internal/Layout/PDFPageBreakObject.swift /Users/admin/builder/spi-builder-workspace/.dependencies/checkouts/TPPDF/Source/Internal/Layout/PDFPageLayout+Equatable.swift /Users/admin/builder/spi-builder-workspace/.dependencies/checkouts/TPPDF/Source/Internal/Layout/PDFSectionColumnContainer.swift /Users/admin/builder/spi-builder-workspace/.dependencies/checkouts/TPPDF/Source/Internal/Layout/PDFSpaceObject.swift /Users/admin/builder/spi-builder-workspace/.dependencies/checkouts/TPPDF/Source/Internal/List/PDFListObject.swift /Users/admin/builder/spi-builder-workspace/.dependencies/checkouts/TPPDF/Source/Internal/Math/CGPoint+Math.swift /Users/admin/builder/spi-builder-workspace/.dependencies/checkouts/TPPDF/Source/Internal/Math/CGPoint+Null.swift /Users/admin/builder/spi-builder-workspace/.dependencies/checkouts/TPPDF/Source/Internal/PDFGenerator+Debug.swift /Users/admin/builder/spi-builder-workspace/.dependencies/checkouts/TPPDF/Source/Internal/PDFGenerator+Layout.swift /Users/admin/builder/spi-builder-workspace/.dependencies/checkouts/TPPDF/Source/Internal/Section/PDFColumnWrapSectionObject.swift /Users/admin/builder/spi-builder-workspace/.dependencies/checkouts/TPPDF/Source/Internal/Section/PDFSectionColumnObject.swift /Users/admin/builder/spi-builder-workspace/.dependencies/checkouts/TPPDF/Source/Internal/Section/PDFSectionObject.swift /Users/admin/builder/spi-builder-workspace/.dependencies/checkouts/TPPDF/Source/Internal/Table\ Of\ Content/PDFTableOfContentObject.swift /Users/admin/builder/spi-builder-workspace/.dependencies/checkouts/TPPDF/Source/Internal/Table/PDFTableCalculatedCell.swift /Users/admin/builder/spi-builder-workspace/.dependencies/checkouts/TPPDF/Source/Internal/Table/PDFTableMergeUtil.swift /Users/admin/builder/spi-builder-workspace/.dependencies/checkouts/TPPDF/Source/Internal/Table/PDFTableNode.swift /Users/admin/builder/spi-builder-workspace/.dependencies/checkouts/TPPDF/Source/Internal/Table/PDFTableObject.swift /Users/admin/builder/spi-builder-workspace/.dependencies/checkouts/TPPDF/Source/Internal/Table/PDFTableValidator.swift /Users/admin/builder/spi-builder-workspace/.dependencies/checkouts/TPPDF/Source/Internal/Text/PDFAttributedTextObject.swift /Users/admin/builder/spi-builder-workspace/.dependencies/checkouts/TPPDF/Source/Internal/Text/PDFFontObject.swift /Users/admin/builder/spi-builder-workspace/.dependencies/checkouts/TPPDF/Source/Internal/Text/PDFTextColorObject.swift /Users/admin/builder/spi-builder-workspace/.dependencies/checkouts/TPPDF/Source/Internal/Utils/Attributes/PDFAttributableObject.swift /Users/admin/builder/spi-builder-workspace/.dependencies/checkouts/TPPDF/Source/Internal/Utils/Attributes/PDFObjectAttribute.swift /Users/admin/builder/spi-builder-workspace/.dependencies/checkouts/TPPDF/Source/Internal/Utils/CustomStringConvertible+AutoDescribing.swift /Users/admin/builder/spi-builder-workspace/.dependencies/checkouts/TPPDF/Source/Internal/Utils/FileManager+TemporaryFiles.swift /Users/admin/builder/spi-builder-workspace/.dependencies/checkouts/TPPDF/Source/Internal/Utils/Int+RomanNumerals.swift /Users/admin/builder/spi-builder-workspace/.dependencies/checkouts/TPPDF/Source/Internal/Utils/PDFCalculations.swift /Users/admin/builder/spi-builder-workspace/.dependencies/checkouts/TPPDF/Source/Internal/Utils/PDFLocatedRenderObject.swift /Users/admin/builder/spi-builder-workspace/.dependencies/checkouts/TPPDF/Source/Internal/Utils/PDFSlicedObject.swift /Users/admin/builder/spi-builder-workspace/.dependencies/checkouts/TPPDF/Source/Internal/Utils/Stack.swift /Users/admin/builder/spi-builder-workspace/.dependencies/checkouts/TPPDF/Source/Internal/Utils/WeakRef.swift -target arm64-apple-tvos15.0 -disable-cross-import-overlay-search -load-resolved-plugin /Applications/Xcode-27.0.0-Release.Candidate.app/Contents/Developer/Platforms/AppleTVOS.platform/Developer/usr/lib/swift/host/plugins/libFoundationMacros.dylib\#/Applications/Xcode-27.0.0-Release.Candidate.app/Contents/Developer/Platforms/AppleTVOS.platform/Developer/usr/bin/swift-plugin-server\#FoundationMacros -load-resolved-plugin /Applications/Xcode-27.0.0-Release.Candidate.app/Contents/Developer/Platforms/AppleTVOS.platform/Developer/usr/lib/swift/host/plugins/libObservationMacros.dylib\#/Applications/Xcode-27.0.0-Release.Candidate.app/Contents/Developer/Platforms/AppleTVOS.platform/Developer/usr/bin/swift-plugin-server\#ObservationMacros -load-resolved-plugin /Applications/Xcode-27.0.0-Release.Candidate.app/Contents/Developer/Platforms/AppleTVOS.platform/Developer/usr/lib/swift/host/plugins/libSwiftMacros.dylib\#/Applications/Xcode-27.0.0-Release.Candidate.app/Contents/Developer/Platforms/AppleTVOS.platform/Developer/usr/bin/swift-plugin-server\#SwiftMacros -disable-implicit-swift-modules -Xcc -fno-implicit-modules -Xcc -fno-implicit-module-maps -explicit-swift-module-map-file /Users/admin/builder/spi-builder-workspace/.derivedData/Build/Intermediates.noindex/TPPDF.build/Debug-appletvos/TPPDF-t.build/Objects-normal/arm64/TPPDF-dependencies-1.json -Xllvm -aarch64-use-tbi -enable-objc-interop -stack-check -sdk /Applications/Xcode-27.0.0-Release.Candidate.app/Contents/Developer/Platforms/AppleTVOS.platform/Developer/SDKs/AppleTVOS27.0.sdk -I /Users/admin/builder/spi-builder-workspace/.derivedData/Build/Products/Debug-appletvos -Isystem /Applications/Xcode-27.0.0-Release.Candidate.app/Contents/Developer/Platforms/AppleTVOS.platform/Developer/usr/lib -F /Users/admin/builder/spi-builder-workspace/.derivedData/Build/Products/Debug-appletvos -F /Applications/Xcode-27.0.0-Release.Candidate.app/Contents/Developer/Platforms/AppleTVOS.platform/Developer/Library/Frameworks -F /Applications/Xcode-27.0.0-Release.Candidate.app/Contents/Developer/Platforms/AppleTVOS.platform/Developer/SDKs/AppleTVOS27.0.sdk/Developer/Library/Frameworks -module-cache-path /Users/admin/builder/spi-builder-workspace/.derivedData/Build/Intermediates.noindex/SwiftExplicitPrecompiledModules -no-color-diagnostics -Xcc -fno-color-diagnostics -enable-testing -g -debug-info-format\=dwarf -dwarf-version\=4 -suppress-warnings -profile-generate -profile-coverage-mapping -swift-version 5 -Onone -D SWIFT_PACKAGE -D DEBUG -D SWIFT_MODULE_RESOURCE_BUNDLE_UNAVAILABLE -D Xcode -serialize-debugging-options -enable-experimental-feature DebugDescriptionMacro -empty-abi-descriptor -validate-clang-modules-once -clang-build-session-file /Users/admin/builder/spi-builder-workspace/.derivedData/ModuleCache.noindex/Session.modulevalidation -Xcc -working-directory -Xcc /Users/admin/builder/spi-builder-workspace/.swiftpm/xcode -enable-anonymous-context-mangled-names -file-compilation-dir /Users/admin/builder/spi-builder-workspace/.swiftpm/xcode -Xcc -D_LIBCPP_HARDENING_MODE\=_LIBCPP_HARDENING_MODE_DEBUG -Xcc -ivfsstatcache -Xcc /Users/admin/builder/spi-builder-workspace/.derivedData/SDKStatCaches.noindex/appletvos27.0-24J360-e829b21a6f8c9b70876ba0858053c044b32bfd8d43560033f8d89884cdb90028.sdkstatcache -Xcc -fmodules-prune-interval\=86400 -Xcc -fmodules-prune-after\=345600 -Xcc -I/Users/admin/builder/spi-builder-workspace/.derivedData/Build/Products/Debug-appletvos/include -Xcc -I/Users/admin/builder/spi-builder-workspace/.derivedData/Build/Intermediates.noindex/TPPDF.build/Debug-appletvos/TPPDF-t.build/DerivedSources-normal/arm64 -Xcc -I/Users/admin/builder/spi-builder-workspace/.derivedData/Build/Intermediates.noindex/TPPDF.build/Debug-appletvos/TPPDF-t.build/DerivedSources/arm64 -Xcc -I/Users/admin/builder/spi-builder-workspace/.derivedData/Build/Intermediates.noindex/TPPDF.build/Debug-appletvos/TPPDF-t.build/DerivedSources -Xcc -DSWIFT_PACKAGE -Xcc -DDEBUG\=1 -no-auto-bridging-header-chaining -module-name TPPDF -package-name tppdf -const-gather-protocols-file /Users/admin/builder/spi-builder-workspace/.derivedData/Build/Intermediates.noindex/TPPDF.build/Debug-appletvos/TPPDF-t.build/Objects-normal/arm64/TPPDF_const_extract_protocols.json -disable-clang-spi -clang-target arm64-apple-tvos27.0 -target-sdk-version 27.0 -target-sdk-name appletvos27.0 -in-process-plugin-server-path /Applications/Xcode-27.0.0-Release.Candidate.app/Contents/Developer/Toolchains/XcodeDefault.xctoolchain/usr/lib/swift/host/libSwiftInProcPluginServer.dylib -emit-module-doc-path /Users/admin/builder/spi-builder-workspace/.derivedData/Build/Intermediates.noindex/TPPDF.build/Debug-appletvos/TPPDF-t.build/Objects-normal/arm64/TPPDF.swiftdoc -emit-module-source-info-path /Users/admin/builder/spi-builder-workspace/.derivedData/Build/Intermediates.noindex/TPPDF.build/Debug-appletvos/TPPDF-t.build/Objects-normal/arm64/TPPDF.swiftsourceinfo -emit-objc-header-path /Users/admin/builder/spi-builder-workspace/.derivedData/Build/Intermediates.noindex/TPPDF.build/Debug-appletvos/TPPDF-t.build/Objects-normal/arm64/TPPDF-Swift.h -serialize-diagnostics-path /Users/admin/builder/spi-builder-workspace/.derivedData/Build/Intermediates.noindex/TPPDF.build/Debug-appletvos/TPPDF-t.build/Objects-normal/arm64/TPPDF-primary-emit-module.dia -emit-dependencies-path /Users/admin/builder/spi-builder-workspace/.derivedData/Build/Intermediates.noindex/TPPDF.build/Debug-appletvos/TPPDF-t.build/Objects-normal/arm64/TPPDF-primary-emit-module.d -parse-as-library -o /Users/admin/builder/spi-builder-workspace/.derivedData/Build/Intermediates.noindex/TPPDF.build/Debug-appletvos/TPPDF-t.build/Objects-normal/arm64/TPPDF.swiftmodule -emit-abi-descriptor-path /Users/admin/builder/spi-builder-workspace/.derivedData/Build/Intermediates.noindex/TPPDF.build/Debug-appletvos/TPPDF-t.build/Objects-normal/arm64/TPPDF.abi.json
SwiftCompile normal arm64 (in target 'TPPDF' from project 'TPPDF')
    cd /Users/admin/builder/spi-builder-workspace/.swiftpm/xcode

CompileC /Users/admin/builder/spi-builder-workspace/.derivedData/Build/Intermediates.noindex/cmark-gfm.build/Debug-appletvos/cmark-gfm-t.build/Objects-normal/arm64/cmark.o /Users/admin/builder/spi-builder-workspace/.dependencies/checkouts/swift-cmark/src/cmark.c normal arm64 c com.apple.compilers.llvm.clang.1_0.compiler (in target 'cmark-gfm' from project 'cmark-gfm')
    cd /Users/admin/builder/spi-builder-workspace/.swiftpm/xcode

    Using response file: /Users/admin/builder/spi-builder-workspace/.derivedData/Build/Intermediates.noindex/cmark-gfm.build/Debug-appletvos/cmark-gfm-t.build/Objects-normal/arm64/7187679823f38a2a940e0043cdf9d637-common-args.resp

    /Applications/Xcode-27.0.0-Release.Candidate.app/Contents/Developer/Toolchains/XcodeDefault.xctoolchain/usr/bin/clang -x c -ivfsstatcache /Users/admin/builder/spi-builder-workspace/.derivedData/SDKStatCaches.noindex/appletvos27.0-24J360-e829b21a6f8c9b70876ba0858053c044b32bfd8d43560033f8d89884cdb90028.sdkstatcache -target arm64-apple-tvos15.0 -fmessage-length\=0 -fdiagnostics-show-note-include-stack -fmacro-backtrace-limit\=0 -fno-color-diagnostics -fmodules-prune-interval\=86400 -fmodules-prune-after\=345600 -fbuild-session-file\=/Users/admin/builder/spi-builder-workspace/.derivedData/ModuleCache.noindex/Session.modulevalidation -fmodules-validate-once-per-build-session -Wnon-modular-include-in-framework-module -Werror\=non-modular-include-in-framework-module -Wno-trigraphs -Wno-missing-field-initializers -Wno-missing-prototypes -Wno-return-type -Wno-missing-braces -Wparentheses -Wswitch -Wno-unused-function -Wno-unused-label -Wno-unused-parameter -Wno-unused-variable -Wunused-value -Wno-empty-body -Wno-uninitialized -Wno-unknown-pragmas -w -Wno-shadow -Wno-four-char-constants -Wno-conversion -Wno-constant-conversion -Wno-int-conversion -Wno-bool-conversion -Wno-enum-conversion -Wno-float-conversion -Wno-non-literal-null-conversion -Wno-objc-literal-conversion -Wshorten-64-to-32 -Wpointer-sign -Wno-newline-eof -Wno-implicit-fallthrough -isysroot /Applications/Xcode-27.0.0-Release.Candidate.app/Contents/Developer/Platforms/AppleTVOS.platform/Developer/SDKs/AppleTVOS27.0.sdk -fstrict-aliasing -Wdeprecated-declarations -Wno-sign-conversion -Wno-infinite-recursion -Wno-comma -Wno-block-capture-autoreleasing -Wno-strict-prototypes -Wno-semicolon-before-method-body -index-store-path /Users/admin/builder/spi-builder-workspace/.derivedData/Index.noindex/DataStore @/Users/admin/builder/spi-builder-workspace/.derivedData/Build/Intermediates.noindex/cmark-gfm.build/Debug-appletvos/cmark-gfm-t.build/Objects-normal/arm64/7187679823f38a2a940e0043cdf9d637-common-args.resp -MMD -MT dependencies -MF /Users/admin/builder/spi-builder-workspace/.derivedData/Build/Intermediates.noindex/cmark-gfm.build/Debug-appletvos/cmark-gfm-t.build/Objects-normal/arm64/cmark.d --serialize-diagnostics /Users/admin/builder/spi-builder-workspace/.derivedData/Build/Intermediates.noindex/cmark-gfm.build/Debug-appletvos/cmark-gfm-t.build/Objects-normal/arm64/cmark.dia -c /Users/admin/builder/spi-builder-workspace/.dependencies/checkouts/swift-cmark/src/cmark.c -o /Users/admin/builder/spi-builder-workspace/.derivedData/Build/Intermediates.noindex/cmark-gfm.build/Debug-appletvos/cmark-gfm-t.build/Objects-normal/arm64/cmark.o -index-unit-output-path /cmark-gfm.build/Debug-appletvos/cmark-gfm-t.build/Objects-normal/arm64/cmark.o
SwiftExplicitDependencyGeneratePcm arm64 /Users/admin/builder/spi-builder-workspace/.derivedData/SDKExplicitPrecompiledModules/libDER-9VW90WXB13JUMGRN6F5ZRJXU0.pcm
SwiftExplicitDependencyGeneratePcm arm64 /Users/admin/builder/spi-builder-workspace/.derivedData/SDKExplicitPrecompiledModules/_DarwinFoundation3-DNXKXFFQ8MRLRO9KQN10R21I0.pcm
SwiftExplicitDependencyGeneratePcm arm64 /Users/admin/builder/spi-builder-workspace/.derivedData/SDKExplicitPrecompiledModules/SwiftUICore-7SJQ9GB90ACGZV5NB09LFJIRX.pcm
SwiftExplicitDependencyGeneratePcm arm64 /Users/admin/builder/spi-builder-workspace/.derivedData/SDKExplicitPrecompiledModules/_Builtin_stdatomic-1R9WVHFT4FALJXANBPLNOQ734.pcm
CompileC /Users/admin/builder/spi-builder-workspace/.derivedData/Build/Intermediates.noindex/cmark-gfm.build/Debug-appletvos/cmark-gfm-t.build/Objects-normal/arm64/buffer.o /Users/admin/builder/spi-builder-workspace/.dependencies/checkouts/swift-cmark/src/buffer.c normal arm64 c com.apple.compilers.llvm.clang.1_0.compiler (in target 'cmark-gfm' from project 'cmark-gfm')
    cd /Users/admin/builder/spi-builder-workspace/.swiftpm/xcode

    Using response file: /Users/admin/builder/spi-builder-workspace/.derivedData/Build/Intermediates.noindex/cmark-gfm.build/Debug-appletvos/cmark-gfm-t.build/Objects-normal/arm64/7187679823f38a2a940e0043cdf9d637-common-args.resp

    /Applications/Xcode-27.0.0-Release.Candidate.app/Contents/Developer/Toolchains/XcodeDefault.xctoolchain/usr/bin/clang -x c -ivfsstatcache /Users/admin/builder/spi-builder-workspace/.derivedData/SDKStatCaches.noindex/appletvos27.0-24J360-e829b21a6f8c9b70876ba0858053c044b32bfd8d43560033f8d89884cdb90028.sdkstatcache -target arm64-apple-tvos15.0 -fmessage-length\=0 -fdiagnostics-show-note-include-stack -fmacro-backtrace-limit\=0 -fno-color-diagnostics -fmodules-prune-interval\=86400 -fmodules-prune-after\=345600 -fbuild-session-file\=/Users/admin/builder/spi-builder-workspace/.derivedData/ModuleCache.noindex/Session.modulevalidation -fmodules-validate-once-per-build-session -Wnon-modular-include-in-framework-module -Werror\=non-modular-include-in-framework-module -Wno-trigraphs -Wno-missing-field-initializers -Wno-missing-prototypes -Wno-return-type -Wno-missing-braces -Wparentheses -Wswitch -Wno-unused-function -Wno-unused-label -Wno-unused-parameter -Wno-unused-variable -Wunused-value -Wno-empty-body -Wno-uninitialized -Wno-unknown-pragmas -w -Wno-shadow -Wno-four-char-constants -Wno-conversion -Wno-constant-conversion -Wno-int-conversion -Wno-bool-conversion -Wno-enum-conversion -Wno-float-conversion -Wno-non-literal-null-conversion -Wno-objc-literal-conversion -Wshorten-64-to-32 -Wpointer-sign -Wno-newline-eof -Wno-implicit-fallthrough -isysroot /Applications/Xcode-27.0.0-Release.Candidate.app/Contents/Developer/Platforms/AppleTVOS.platform/Developer/SDKs/AppleTVOS27.0.sdk -fstrict-aliasing -Wdeprecated-declarations -Wno-sign-conversion -Wno-infinite-recursion -Wno-comma -Wno-block-capture-autoreleasing -Wno-strict-prototypes -Wno-semicolon-before-method-body -index-store-path /Users/admin/builder/spi-builder-workspace/.derivedData/Index.noindex/DataStore @/Users/admin/builder/spi-builder-workspace/.derivedData/Build/Intermediates.noindex/cmark-gfm.build/Debug-appletvos/cmark-gfm-t.build/Objects-normal/arm64/7187679823f38a2a940e0043cdf9d637-common-args.resp -MMD -MT dependencies -MF /Users/admin/builder/spi-builder-workspace/.derivedData/Build/Intermediates.noindex/cmark-gfm.build/Debug-appletvos/cmark-gfm-t.build/Objects-normal/arm64/buffer.d --serialize-diagnostics /Users/admin/builder/spi-builder-workspace/.derivedData/Build/Intermediates.noindex/cmark-gfm.build/Debug-appletvos/cmark-gfm-t.build/Objects-normal/arm64/buffer.dia -c /Users/admin/builder/spi-builder-workspace/.dependencies/checkouts/swift-cmark/src/buffer.c -o /Users/admin/builder/spi-builder-workspace/.derivedData/Build/Intermediates.noindex/cmark-gfm.build/Debug-appletvos/cmark-gfm-t.build/Objects-normal/arm64/buffer.o -index-unit-output-path /cmark-gfm.build/Debug-appletvos/cmark-gfm-t.build/Objects-normal/arm64/buffer.o
SwiftExplicitDependencyGeneratePcm arm64 /Users/admin/builder/spi-builder-workspace/.derivedData/SDKExplicitPrecompiledModules/UIKit-42T2ZGON9LDZUXRIAUKELQ554.pcm
CompileC /Users/admin/builder/spi-builder-workspace/.derivedData/Build/Intermediates.noindex/cmark-gfm.build/Debug-appletvos/cmark-gfm-t.build/Objects-normal/arm64/blocks.o /Users/admin/builder/spi-builder-workspace/.dependencies/checkouts/swift-cmark/src/blocks.c normal arm64 c com.apple.compilers.llvm.clang.1_0.compiler (in target 'cmark-gfm' from project 'cmark-gfm')
    cd /Users/admin/builder/spi-builder-workspace/.swiftpm/xcode

    Using response file: /Users/admin/builder/spi-builder-workspace/.derivedData/Build/Intermediates.noindex/cmark-gfm.build/Debug-appletvos/cmark-gfm-t.build/Objects-normal/arm64/7187679823f38a2a940e0043cdf9d637-common-args.resp

    /Applications/Xcode-27.0.0-Release.Candidate.app/Contents/Developer/Toolchains/XcodeDefault.xctoolchain/usr/bin/clang -x c -ivfsstatcache /Users/admin/builder/spi-builder-workspace/.derivedData/SDKStatCaches.noindex/appletvos27.0-24J360-e829b21a6f8c9b70876ba0858053c044b32bfd8d43560033f8d89884cdb90028.sdkstatcache -target arm64-apple-tvos15.0 -fmessage-length\=0 -fdiagnostics-show-note-include-stack -fmacro-backtrace-limit\=0 -fno-color-diagnostics -fmodules-prune-interval\=86400 -fmodules-prune-after\=345600 -fbuild-session-file\=/Users/admin/builder/spi-builder-workspace/.derivedData/ModuleCache.noindex/Session.modulevalidation -fmodules-validate-once-per-build-session -Wnon-modular-include-in-framework-module -Werror\=non-modular-include-in-framework-module -Wno-trigraphs -Wno-missing-field-initializers -Wno-missing-prototypes -Wno-return-type -Wno-missing-braces -Wparentheses -Wswitch -Wno-unused-function -Wno-unused-label -Wno-unused-parameter -Wno-unused-variable -Wunused-value -Wno-empty-body -Wno-uninitialized -Wno-unknown-pragmas -w -Wno-shadow -Wno-four-char-constants -Wno-conversion -Wno-constant-conversion -Wno-int-conversion -Wno-bool-conversion -Wno-enum-conversion -Wno-float-conversion -Wno-non-literal-null-conversion -Wno-objc-literal-conversion -Wshorten-64-to-32 -Wpointer-sign -Wno-newline-eof -Wno-implicit-fallthrough -isysroot /Applications/Xcode-27.0.0-Release.Candidate.app/Contents/Developer/Platforms/AppleTVOS.platform/Developer/SDKs/AppleTVOS27.0.sdk -fstrict-aliasing -Wdeprecated-declarations -Wno-sign-conversion -Wno-infinite-recursion -Wno-comma -Wno-block-capture-autoreleasing -Wno-strict-prototypes -Wno-semicolon-before-method-body -index-store-path /Users/admin/builder/spi-builder-workspace/.derivedData/Index.noindex/DataStore @/Users/admin/builder/spi-builder-workspace/.derivedData/Build/Intermediates.noindex/cmark-gfm.build/Debug-appletvos/cmark-gfm-t.build/Objects-normal/arm64/7187679823f38a2a940e0043cdf9d637-common-args.resp -MMD -MT dependencies -MF /Users/admin/builder/spi-builder-workspace/.derivedData/Build/Intermediates.noindex/cmark-gfm.build/Debug-appletvos/cmark-gfm-t.build/Objects-normal/arm64/blocks.d --serialize-diagnostics /Users/admin/builder/spi-builder-workspace/.derivedData/Build/Intermediates.noindex/cmark-gfm.build/Debug-appletvos/cmark-gfm-t.build/Objects-normal/arm64/blocks.dia -c /Users/admin/builder/spi-builder-workspace/.dependencies/checkouts/swift-cmark/src/blocks.c -o /Users/admin/builder/spi-builder-workspace/.derivedData/Build/Intermediates.noindex/cmark-gfm.build/Debug-appletvos/cmark-gfm-t.build/Objects-normal/arm64/blocks.o -index-unit-output-path /cmark-gfm.build/Debug-appletvos/cmark-gfm-t.build/Objects-normal/arm64/blocks.o
CompileC /Users/admin/builder/spi-builder-workspace/.derivedData/Build/Intermediates.noindex/cmark-gfm.build/Debug-appletvos/cmark-gfm-t.build/Objects-normal/arm64/arena.o /Users/admin/builder/spi-builder-workspace/.dependencies/checkouts/swift-cmark/src/arena.c normal arm64 c com.apple.compilers.llvm.clang.1_0.compiler (in target 'cmark-gfm' from project 'cmark-gfm')
    cd /Users/admin/builder/spi-builder-workspace/.swiftpm/xcode

    Using response file: /Users/admin/builder/spi-builder-workspace/.derivedData/Build/Intermediates.noindex/cmark-gfm.build/Debug-appletvos/cmark-gfm-t.build/Objects-normal/arm64/7187679823f38a2a940e0043cdf9d637-common-args.resp

    /Applications/Xcode-27.0.0-Release.Candidate.app/Contents/Developer/Toolchains/XcodeDefault.xctoolchain/usr/bin/clang -x c -ivfsstatcache /Users/admin/builder/spi-builder-workspace/.derivedData/SDKStatCaches.noindex/appletvos27.0-24J360-e829b21a6f8c9b70876ba0858053c044b32bfd8d43560033f8d89884cdb90028.sdkstatcache -target arm64-apple-tvos15.0 -fmessage-length\=0 -fdiagnostics-show-note-include-stack -fmacro-backtrace-limit\=0 -fno-color-diagnostics -fmodules-prune-interval\=86400 -fmodules-prune-after\=345600 -fbuild-session-file\=/Users/admin/builder/spi-builder-workspace/.derivedData/ModuleCache.noindex/Session.modulevalidation -fmodules-validate-once-per-build-session -Wnon-modular-include-in-framework-module -Werror\=non-modular-include-in-framework-module -Wno-trigraphs -Wno-missing-field-initializers -Wno-missing-prototypes -Wno-return-type -Wno-missing-braces -Wparentheses -Wswitch -Wno-unused-function -Wno-unused-label -Wno-unused-parameter -Wno-unused-variable -Wunused-value -Wno-empty-body -Wno-uninitialized -Wno-unknown-pragmas -w -Wno-shadow -Wno-four-char-constants -Wno-conversion -Wno-constant-conversion -Wno-int-conversion -Wno-bool-conversion -Wno-enum-conversion -Wno-float-conversion -Wno-non-literal-null-conversion -Wno-objc-literal-conversion -Wshorten-64-to-32 -Wpointer-sign -Wno-newline-eof -Wno-implicit-fallthrough -isysroot /Applications/Xcode-27.0.0-Release.Candidate.app/Contents/Developer/Platforms/AppleTVOS.platform/Developer/SDKs/AppleTVOS27.0.sdk -fstrict-aliasing -Wdeprecated-declarations -Wno-sign-conversion -Wno-infinite-recursion -Wno-comma -Wno-block-capture-autoreleasing -Wno-strict-prototypes -Wno-semicolon-before-method-body -index-store-path /Users/admin/builder/spi-builder-workspace/.derivedData/Index.noindex/DataStore @/Users/admin/builder/spi-builder-workspace/.derivedData/Build/Intermediates.noindex/cmark-gfm.build/Debug-appletvos/cmark-gfm-t.build/Objects-normal/arm64/7187679823f38a2a940e0043cdf9d637-common-args.resp -MMD -MT dependencies -MF /Users/admin/builder/spi-builder-workspace/.derivedData/Build/Intermediates.noindex/cmark-gfm.build/Debug-appletvos/cmark-gfm-t.build/Objects-normal/arm64/arena.d --serialize-diagnostics /Users/admin/builder/spi-builder-workspace/.derivedData/Build/Intermediates.noindex/cmark-gfm.build/Debug-appletvos/cmark-gfm-t.build/Objects-normal/arm64/arena.dia -c /Users/admin/builder/spi-builder-workspace/.dependencies/checkouts/swift-cmark/src/arena.c -o /Users/admin/builder/spi-builder-workspace/.derivedData/Build/Intermediates.noindex/cmark-gfm.build/Debug-appletvos/cmark-gfm-t.build/Objects-normal/arm64/arena.o -index-unit-output-path /cmark-gfm.build/Debug-appletvos/cmark-gfm-t.build/Objects-normal/arm64/arena.o
PrecompileModule /Users/admin/builder/spi-builder-workspace/.derivedData/Build/Intermediates.noindex/ExplicitPrecompiledModules/cmark_gfm-ATXW01W6SKDPD285FJLKDUJR3.scan
    cd /
    builtin-precompileModule /Users/admin/builder/spi-builder-workspace/.derivedData/Build/Intermediates.noindex/ExplicitPrecompiledModules/cmark_gfm-ATXW01W6SKDPD285FJLKDUJR3.scan
PrecompileModule /Users/admin/builder/spi-builder-workspace/.derivedData/Build/Intermediates.noindex/ExplicitPrecompiledModules/_Builtin_inttypes-210JUWZJO6RQ52KAB2THKAOFM.scan
    cd /
    builtin-precompileModule /Users/admin/builder/spi-builder-workspace/.derivedData/Build/Intermediates.noindex/ExplicitPrecompiledModules/_Builtin_inttypes-210JUWZJO6RQ52KAB2THKAOFM.scan
PrecompileModule /Users/admin/builder/spi-builder-workspace/.derivedData/Build/Intermediates.noindex/ExplicitPrecompiledModules/_DarwinFoundation1-6WFMWS88U8MX9A4FXTDH7E0V3.scan
    cd /
    builtin-precompileModule /Users/admin/builder/spi-builder-workspace/.derivedData/Build/Intermediates.noindex/ExplicitPrecompiledModules/_DarwinFoundation1-6WFMWS88U8MX9A4FXTDH7E0V3.scan
SwiftCompile normal arm64 Compiling\ PDFGeneratorDelegate.swift,\ PDFGeneratorImageDelegate.swift,\ PDFDocument.swift,\ PDFDocumentBackground.swift,\ PDFExternalDocument.swift,\ PDFBezierPath+Copying.swift,\ PDFBezierPath.swift,\ PDFBezierPathVertex.swift,\ PDFDynamicGeometryShape.swift,\ PDFLineStyle.swift,\ PDFLineType.swift,\ PDFGroup+Objects.swift,\ PDFGroup.swift,\ PDFGroupContainer.swift /Users/admin/builder/spi-builder-workspace/.dependencies/checkouts/TPPDF/Source/API/Delegation/PDFGeneratorDelegate.swift /Users/admin/builder/spi-builder-workspace/.dependencies/checkouts/TPPDF/Source/API/Delegation/PDFGeneratorImageDelegate.swift /Users/admin/builder/spi-builder-workspace/.dependencies/checkouts/TPPDF/Source/API/Document/PDFDocument.swift /Users/admin/builder/spi-builder-workspace/.dependencies/checkouts/TPPDF/Source/API/Document/PDFDocumentBackground.swift /Users/admin/builder/spi-builder-workspace/.dependencies/checkouts/TPPDF/Source/API/External/PDFExternalDocument.swift /Users/admin/builder/spi-builder-workspace/.dependencies/checkouts/TPPDF/Source/API/Graphics/PDFBezierPath+Copying.swift /Users/admin/builder/spi-builder-workspace/.dependencies/checkouts/TPPDF/Source/API/Graphics/PDFBezierPath.swift /Users/admin/builder/spi-builder-workspace/.dependencies/checkouts/TPPDF/Source/API/Graphics/PDFBezierPathVertex.swift /Users/admin/builder/spi-builder-workspace/.dependencies/checkouts/TPPDF/Source/API/Graphics/PDFDynamicGeometryShape.swift /Users/admin/builder/spi-builder-workspace/.dependencies/checkouts/TPPDF/Source/API/Graphics/PDFLineStyle.swift /Users/admin/builder/spi-builder-workspace/.dependencies/checkouts/TPPDF/Source/API/Graphics/PDFLineType.swift /Users/admin/builder/spi-builder-workspace/.dependencies/checkouts/TPPDF/Source/API/Groups/PDFGroup+Objects.swift /Users/admin/builder/spi-builder-workspace/.dependencies/checkouts/TPPDF/Source/API/Groups/PDFGroup.swift /Users/admin/builder/spi-builder-workspace/.dependencies/checkouts/TPPDF/Source/API/Groups/PDFGroupContainer.swift (in target 'TPPDF' from project 'TPPDF')
/Users/admin/builder/spi-builder-workspace/.dependencies/checkouts/TPPDF/Source/API/Pagination/PDFPagination.swift:59:26: error: cannot find type 'NSAttributedString' in scope
57 |         range: (start: Int, end: Int) = (0, Int.max),
58 |         hiddenPages: [Int] = [],
59 |         textAttributes: [NSAttributedString.Key: Any] = [:]
   |                          `- error: cannot find type 'NSAttributedString' in scope
60 |     ) {
61 |         self.container = container
/Users/admin/builder/spi-builder-workspace/.dependencies/checkouts/TPPDF/Source/API/Document/PDFDocumentBackground.swift:8:23: error: cannot find type 'Color' in scope
 6 |      * Defaults to `nil`, which results in a transparent background
 7 |      */
 8 |     public var color: Color?
   |                       `- error: cannot find type 'Color' in scope
 9 | }
10 |
/Users/admin/builder/spi-builder-workspace/.dependencies/checkouts/TPPDF/Source/API/Document/PDFDocument.swift:75:82: error: cannot find type 'CGFloat' in scope; did you mean to use 'CGFloat'?
 73 |      * - Parameter space: Space distance in points
 74 |      */
 75 |     public func add(_ container: PDFContainer = PDFContainer.contentLeft, space: CGFloat) {
    |                                                                                  `- error: cannot find type 'CGFloat' in scope; did you mean to use 'CGFloat'?
 76 |         objects += [(container, PDFSpaceObject(space: space))]
 77 |     }
/Users/admin/builder/spi-builder-workspace/.dependencies/checkouts/TPPDF/Source/API/Document/PDFDocument.swift:113:116: error: cannot find type 'CGFloat' in scope; did you mean to use 'CGFloat'?
111 |      *     - spacing: Horizontal distance between images
112 |      */
113 |     public func add(_ container: PDFContainer = PDFContainer.contentLeft, imagesInRow images: [PDFImage], spacing: CGFloat = 5.0) {
    |                                                                                                                    `- error: cannot find type 'CGFloat' in scope; did you mean to use 'CGFloat'?
114 |         objects += [(container, PDFImageRowObject(images: images, spacing: spacing))]
115 |     }
/Users/admin/builder/spi-builder-workspace/.dependencies/checkouts/TPPDF/Source/API/Document/PDFDocument.swift:127:102: error: cannot find type 'CGFloat' in scope; did you mean to use 'CGFloat'?
125 |      *    - spacing: Horizontal distance between images
126 |      */
127 |     public func add(_ container: PDFContainer = PDFContainer.contentLeft, text: String, lineSpacing: CGFloat = 1.0) {
    |                                                                                                      `- error: cannot find type 'CGFloat' in scope; did you mean to use 'CGFloat'?
128 |         add(container, textObject: PDFSimpleText(text: text, spacing: lineSpacing))
129 |     }
/Users/admin/builder/spi-builder-workspace/.dependencies/checkouts/TPPDF/Source/API/Document/PDFDocument.swift:147:91: error: cannot find type 'NSAttributedString' in scope
145 |      * - Parameter text: An attributed string
146 |      */
147 |     public func add(_ container: PDFContainer = PDFContainer.contentLeft, attributedText: NSAttributedString) {
    |                                                                                           `- error: cannot find type 'NSAttributedString' in scope
148 |         add(container, attributedTextObject: PDFAttributedText(text: attributedText))
149 |     }
/Users/admin/builder/spi-builder-workspace/.dependencies/checkouts/TPPDF/Source/API/Document/PDFDocument.swift:167:81: error: cannot find type 'Font' in scope
165 |      * - Parameter font: Font of text
166 |      */
167 |     public func set(_ container: PDFContainer = PDFContainer.contentLeft, font: Font) {
    |                                                                                 `- error: cannot find type 'Font' in scope
168 |         objects += [(container, PDFFontObject(font: font))]
169 |     }
/Users/admin/builder/spi-builder-workspace/.dependencies/checkouts/TPPDF/Source/API/Document/PDFDocument.swift:186:86: error: cannot find type 'Color' in scope
184 |      * - Parameter color: Color of the text
185 |      */
186 |     public func set(_ container: PDFContainer = PDFContainer.contentLeft, textColor: Color) {
    |                                                                                      `- error: cannot find type 'Color' in scope
187 |         objects += [(container, PDFTextColorObject(color: textColor))]
188 |     }
/Users/admin/builder/spi-builder-workspace/.dependencies/checkouts/TPPDF/Source/API/Document/PDFDocument.swift:244:83: error: cannot find type 'CGFloat' in scope; did you mean to use 'CGFloat'?
242 |      *    - left: If `true` then the left side indentation is set, else the right indentation is set
243 |      */
244 |     public func set(_ container: PDFContainer = PDFContainer.contentLeft, indent: CGFloat, left: Bool) {
    |                                                                                   `- error: cannot find type 'CGFloat' in scope; did you mean to use 'CGFloat'?
245 |         objects += [(container, PDFIndentationObject(indentation: indent, left: left, insideSectionColumn: false))]
246 |     }
/Users/admin/builder/spi-builder-workspace/.dependencies/checkouts/TPPDF/Source/API/Document/PDFDocument.swift:254:91: error: cannot find type 'CGFloat' in scope; did you mean to use 'CGFloat'?
252 |      * - Parameter absoluteOffset: Points from the top
253 |      */
254 |     public func set(_ container: PDFContainer = PDFContainer.contentLeft, absoluteOffset: CGFloat) {
    |                                                                                           `- error: cannot find type 'CGFloat' in scope; did you mean to use 'CGFloat'?
255 |         objects += [(container, PDFOffsetObject(offset: absoluteOffset))]
256 |     }
/Users/admin/builder/spi-builder-workspace/.dependencies/checkouts/TPPDF/Source/API/Document/PDFDocument.swift:285:101: error: cannot find type 'CGFloat' in scope; did you mean to use 'CGFloat'?
283 |
284 |     /// Starts a column section with automatic wrapping
285 |     public func enable(_ container: PDFContainer = PDFContainer.contentLeft, columns: Int, widths: [CGFloat], spacings: [CGFloat]) {
    |                                                                                                     `- error: cannot find type 'CGFloat' in scope; did you mean to use 'CGFloat'?
286 |         assert(columns > 1, "A column wrap section must have more than one column")
287 |         assert(widths.count >= columns, "A colum wrap section must have at least the same amount of width values as columns")
/Users/admin/builder/spi-builder-workspace/.dependencies/checkouts/TPPDF/Source/API/Document/PDFDocument.swift:285:122: error: cannot find type 'CGFloat' in scope; did you mean to use 'CGFloat'?
283 |
284 |     /// Starts a column section with automatic wrapping
285 |     public func enable(_ container: PDFContainer = PDFContainer.contentLeft, columns: Int, widths: [CGFloat], spacings: [CGFloat]) {
    |                                                                                                                          `- error: cannot find type 'CGFloat' in scope; did you mean to use 'CGFloat'?
286 |         assert(columns > 1, "A column wrap section must have more than one column")
287 |         assert(widths.count >= columns, "A colum wrap section must have at least the same amount of width values as columns")
/Users/admin/builder/spi-builder-workspace/.dependencies/checkouts/TPPDF/Source/API/Utils/PDFRenderObject.swift:26:17: error: cannot find type 'CGRect' in scope
24 |     var attributes: [(attribute: PDFObjectAttribute, frame: CGRect)] = []
25 |
26 |     init(frame: CGRect = .null, attributes: [(attribute: PDFObjectAttribute, frame: CGRect)] = []) {
   |                 `- error: cannot find type 'CGRect' in scope
27 |         self.frame = frame
28 |         self.attributes = attributes
/Users/admin/builder/spi-builder-workspace/.dependencies/checkouts/TPPDF/Source/API/Utils/PDFRenderObject.swift:26:85: error: cannot find type 'CGRect' in scope
24 |     var attributes: [(attribute: PDFObjectAttribute, frame: CGRect)] = []
25 |
26 |     init(frame: CGRect = .null, attributes: [(attribute: PDFObjectAttribute, frame: CGRect)] = []) {
   |                                                                                     `- error: cannot find type 'CGRect' in scope
27 |         self.frame = frame
28 |         self.attributes = attributes
/Users/admin/builder/spi-builder-workspace/.dependencies/checkouts/TPPDF/Source/Internal/Layout/PDFSpaceObject.swift:28:17: error: cannot find type 'CGFloat' in scope; did you mean to use 'CGFloat'?
26 |      - Parameter space: Height of space object
27 |      */
28 |     init(space: CGFloat) {
   |                 `- error: cannot find type 'CGFloat' in scope; did you mean to use 'CGFloat'?
29 |         self.space = space
30 |     }
/Users/admin/builder/spi-builder-workspace/.dependencies/checkouts/TPPDF/Source/Internal/Image/PDFImageObject.swift:34:43: error: cannot find type 'CGFloat' in scope; did you mean to use 'CGFloat'?
 32 |      - Parameter captionSpacing: Spacing to caption, defaults to zero
 33 |      */
 34 |     init(image: PDFImage, captionSpacing: CGFloat = 0) {
    |                                           `- error: cannot find type 'CGFloat' in scope; did you mean to use 'CGFloat'?
 35 |         self.image = image
 36 |         self.captionSpacing = captionSpacing
/Users/admin/builder/spi-builder-workspace/.dependencies/checkouts/TPPDF/Source/Internal/Image/PDFImageRowObject.swift:19:39: error: cannot find type 'CGFloat' in scope; did you mean to use 'CGFloat'?
17 |     var captionSpacing: CGFloat
18 |
19 |     init(images: [PDFImage], spacing: CGFloat = 1.0, captionSpacing: CGFloat = 5.0) {
   |                                       `- error: cannot find type 'CGFloat' in scope; did you mean to use 'CGFloat'?
20 |         self.images = images
21 |         self.spacing = spacing
/Users/admin/builder/spi-builder-workspace/.dependencies/checkouts/TPPDF/Source/Internal/Image/PDFImageRowObject.swift:19:70: error: cannot find type 'CGFloat' in scope; did you mean to use 'CGFloat'?
17 |     var captionSpacing: CGFloat
18 |
19 |     init(images: [PDFImage], spacing: CGFloat = 1.0, captionSpacing: CGFloat = 5.0) {
   |                                                                      `- error: cannot find type 'CGFloat' in scope; did you mean to use 'CGFloat'?
20 |         self.images = images
21 |         self.spacing = spacing
/Users/admin/builder/spi-builder-workspace/.dependencies/checkouts/TPPDF/Source/API/Text/PDFSimpleText.swift:41:40: error: cannot find type 'CGFloat' in scope; did you mean to use 'CGFloat'?
39 |      *     - style: Reference to ``PDFTextStyle``, defaults to `nil`
40 |      */
41 |     public init(text: String, spacing: CGFloat = 0, style: PDFTextStyle? = nil) {
   |                                        `- error: cannot find type 'CGFloat' in scope; did you mean to use 'CGFloat'?
42 |         self.text = text
43 |         self.spacing = spacing
/Users/admin/builder/spi-builder-workspace/.dependencies/checkouts/TPPDF/Source/Internal/Text/PDFFontObject.swift:28:16: error: cannot find type 'Font' in scope
26 |      - Parameter font: New font
27 |      */
28 |     init(font: Font) {
   |                `- error: cannot find type 'Font' in scope
29 |         self.font = font
30 |     }
/Users/admin/builder/spi-builder-workspace/.dependencies/checkouts/TPPDF/Source/API/Document/PDFDocument.swift:177:53: error: cannot find 'Font' in scope
175 |      */
176 |     public func resetFont(_ container: PDFContainer = PDFContainer.contentLeft) {
177 |         objects += [(container, PDFFontObject(font: Font.systemFont(ofSize: PDFConstants.defaultFontSize)))]
    |                                                     `- error: cannot find 'Font' in scope
178 |     }
179 |
/Users/admin/builder/spi-builder-workspace/.dependencies/checkouts/TPPDF/Source/Internal/Text/PDFTextColorObject.swift:28:17: error: cannot find type 'Color' in scope
26 |      - Parameter textColor: New text color
27 |      */
28 |     init(color: Color) {
   |                 `- error: cannot find type 'Color' in scope
29 |         self.color = color
30 |     }
/Users/admin/builder/spi-builder-workspace/.dependencies/checkouts/TPPDF/Source/API/Document/PDFDocument.swift:196:59: error: cannot find 'Color' in scope
194 |      */
195 |     public func resetTextColor(_ container: PDFContainer = PDFContainer.contentLeft) {
196 |         objects += [(container, PDFTextColorObject(color: Color.black))]
    |                                                           `- error: cannot find 'Color' in scope
197 |     }
198 |
/Users/admin/builder/spi-builder-workspace/.dependencies/checkouts/TPPDF/Source/Internal/Layout/PDFIndentationObject.swift:40:23: error: cannot find type 'CGFloat' in scope; did you mean to use 'CGFloat'?
38 |      - Parameter left: Offset is from left side if `true`, from right if `false`
39 |      */
40 |     init(indentation: CGFloat, left: Bool, insideSectionColumn: Bool) {
   |                       `- error: cannot find type 'CGFloat' in scope; did you mean to use 'CGFloat'?
41 |         self.indentation = indentation
42 |         self.left = left
/Users/admin/builder/spi-builder-workspace/.dependencies/checkouts/TPPDF/Source/Internal/Layout/PDFOffsetObject.swift:28:18: error: cannot find type 'CGFloat' in scope; did you mean to use 'CGFloat'?
26 |      - Parameter offset: Points from the top edge of the container
27 |      */
28 |     init(offset: CGFloat) {
   |                  `- error: cannot find type 'CGFloat' in scope; did you mean to use 'CGFloat'?
29 |         self.offset = offset
30 |     }
/Users/admin/builder/spi-builder-workspace/.dependencies/checkouts/TPPDF/Source/API/Document/PDFDocument.swift:260:36: error: 'PDFPageBreakObject' cannot be constructed because it has no accessible initializers
258 |     /// Creates a new page by adding a page break object
259 |     public func createNewPage() {
260 |         objects += [(.contentLeft, PDFPageBreakObject())]
    |                                    `- error: 'PDFPageBreakObject' cannot be constructed because it has no accessible initializers
261 |     }
262 |
/Users/admin/builder/spi-builder-workspace/.dependencies/checkouts/TPPDF/Source/API/List/PDFList.swift:37:38: error: cannot find type 'CGFloat' in scope; did you mean to use 'CGFloat'?
 35 |      *                           If not enough indentation levels are provided, the default value `0` will be used for `pre` and `past`.
 36 |      */
 37 |     public init(indentations: [(pre: CGFloat, past: CGFloat)]) {
    |                                      `- error: cannot find type 'CGFloat' in scope; did you mean to use 'CGFloat'?
 38 |         self.levelIndentations = indentations
 39 |     }
/Users/admin/builder/spi-builder-workspace/.dependencies/checkouts/TPPDF/Source/API/List/PDFList.swift:37:53: error: cannot find type 'CGFloat' in scope; did you mean to use 'CGFloat'?
 35 |      *                           If not enough indentation levels are provided, the default value `0` will be used for `pre` and `past`.
 36 |      */
 37 |     public init(indentations: [(pre: CGFloat, past: CGFloat)]) {
    |                                                     `- error: cannot find type 'CGFloat' in scope; did you mean to use 'CGFloat'?
 38 |         self.levelIndentations = indentations
 39 |     }
/Users/admin/builder/spi-builder-workspace/.dependencies/checkouts/TPPDF/Source/Internal/Math/CGPoint+Math.swift:47:51: error: cannot find type 'CGPoint' in scope
45 |      - Returns: Subtracted point
46 |      */
47 |     static func - (lhs: CGPoint, rhs: CGPoint) -> CGPoint {
   |                                                   `- error: cannot find type 'CGPoint' in scope
48 |         CGPoint(x: lhs.x - rhs.x, y: lhs.y - rhs.y)
49 |     }
/Users/admin/builder/spi-builder-workspace/.dependencies/checkouts/TPPDF/Source/Internal/Math/CGPoint+Math.swift:47:25: error: cannot find type 'CGPoint' in scope
45 |      - Returns: Subtracted point
46 |      */
47 |     static func - (lhs: CGPoint, rhs: CGPoint) -> CGPoint {
   |                         `- error: cannot find type 'CGPoint' in scope
48 |         CGPoint(x: lhs.x - rhs.x, y: lhs.y - rhs.y)
49 |     }
/Users/admin/builder/spi-builder-workspace/.dependencies/checkouts/TPPDF/Source/Internal/Math/CGPoint+Math.swift:47:39: error: cannot find type 'CGPoint' in scope
45 |      - Returns: Subtracted point
46 |      */
47 |     static func - (lhs: CGPoint, rhs: CGPoint) -> CGPoint {
   |                                       `- error: cannot find type 'CGPoint' in scope
48 |         CGPoint(x: lhs.x - rhs.x, y: lhs.y - rhs.y)
49 |     }
/Users/admin/builder/spi-builder-workspace/.dependencies/checkouts/TPPDF/Source/Internal/Section/PDFColumnWrapSectionObject.swift:21:45: error: cannot find type 'CGFloat' in scope; did you mean to use 'CGFloat'?
19 |     var addPageBreak: Bool
20 |
21 |     convenience init(columns: Int, widths: [CGFloat], spacings: [CGFloat]) {
   |                                             `- error: cannot find type 'CGFloat' in scope; did you mean to use 'CGFloat'?
22 |         self.init(columns: columns, widths: widths, spacings: spacings, isDisable: false, addPageBreak: false)
23 |     }
/Users/admin/builder/spi-builder-workspace/.dependencies/checkouts/TPPDF/Source/Internal/Section/PDFColumnWrapSectionObject.swift:21:66: error: cannot find type 'CGFloat' in scope; did you mean to use 'CGFloat'?
19 |     var addPageBreak: Bool
20 |
21 |     convenience init(columns: Int, widths: [CGFloat], spacings: [CGFloat]) {
   |                                                                  `- error: cannot find type 'CGFloat' in scope; did you mean to use 'CGFloat'?
22 |         self.init(columns: columns, widths: widths, spacings: spacings, isDisable: false, addPageBreak: false)
23 |     }
/Users/admin/builder/spi-builder-workspace/.dependencies/checkouts/TPPDF/Source/Internal/Section/PDFColumnWrapSectionObject.swift:29:33: error: cannot find type 'CGFloat' in scope; did you mean to use 'CGFloat'?
27 |     }
28 |
29 |     init(columns: Int, widths: [CGFloat], spacings: [CGFloat], isDisable: Bool, addPageBreak: Bool) {
   |                                 `- error: cannot find type 'CGFloat' in scope; did you mean to use 'CGFloat'?
30 |         self.columns = columns
31 |         self.widths = widths
/Users/admin/builder/spi-builder-workspace/.dependencies/checkouts/TPPDF/Source/Internal/Section/PDFColumnWrapSectionObject.swift:29:54: error: cannot find type 'CGFloat' in scope; did you mean to use 'CGFloat'?
27 |     }
28 |
29 |     init(columns: Int, widths: [CGFloat], spacings: [CGFloat], isDisable: Bool, addPageBreak: Bool) {
   |                                                      `- error: cannot find type 'CGFloat' in scope; did you mean to use 'CGFloat'?
30 |         self.columns = columns
31 |         self.widths = widths
/Users/admin/builder/spi-builder-workspace/.dependencies/checkouts/TPPDF/Source/API/Groups/PDFGroup.swift:56:33: error: cannot find type 'Color' in scope
 54 |      * Will be overlayed by ``PDFGroup/backgroundImage`` and ``PDFGroup/backgroundShape``
 55 |      */
 56 |     public var backgroundColor: Color?
    |                                 `- error: cannot find type 'Color' in scope
 57 |
 58 |     /**
/Users/admin/builder/spi-builder-workspace/.dependencies/checkouts/TPPDF/Source/API/Groups/PDFGroup.swift:84:25: error: cannot find type 'EdgeInsets' in scope
 82 |      * Useful to add a spacing between the content and the ``PDFGroup/outline``
 83 |      */
 84 |     public var padding: EdgeInsets
    |                         `- error: cannot find type 'EdgeInsets' in scope
 85 |
 86 |     // MARK: - INTERNAL VARS
/Users/admin/builder/spi-builder-workspace/.dependencies/checkouts/TPPDF/Source/Internal/Group/PDFGroupObject.swift:28:26: error: cannot find type 'Color' in scope
 26 |         allowsBreaks: Bool,
 27 |         isFullPage: Bool,
 28 |         backgroundColor: Color?,
    |                          `- error: cannot find type 'Color' in scope
 29 |         backgroundImage: PDFImage?,
 30 |         backgroundShape: PDFDynamicGeometryShape?,
/Users/admin/builder/spi-builder-workspace/.dependencies/checkouts/TPPDF/Source/Internal/Group/PDFGroupObject.swift:32:18: error: cannot find type 'EdgeInsets' in scope
 30 |         backgroundShape: PDFDynamicGeometryShape?,
 31 |         outline: PDFLineStyle,
 32 |         padding: EdgeInsets
    |                  `- error: cannot find type 'EdgeInsets' in scope
 33 |     ) {
 34 |         self.objects = objects
/Users/admin/builder/spi-builder-workspace/.dependencies/checkouts/TPPDF/Source/API/Graphics/PDFBezierPath+Copying.swift:16:26: error: cannot find type 'NSCopying' in scope
14 | // MARK: - PDFBezierPath + NSCopying
15 |
16 | extension PDFBezierPath: NSCopying {
   |                          `- error: cannot find type 'NSCopying' in scope
17 |     /// Creates a copy of this path with references to the same vertices
18 |     public func copy(with _: NSZone? = nil) -> Any {
/Users/admin/builder/spi-builder-workspace/.dependencies/checkouts/TPPDF/Source/API/Graphics/PDFBezierPath+Copying.swift:18:30: error: cannot find type 'NSZone' in scope
16 | extension PDFBezierPath: NSCopying {
17 |     /// Creates a copy of this path with references to the same vertices
18 |     public func copy(with _: NSZone? = nil) -> Any {
   |                              `- error: cannot find type 'NSZone' in scope
19 |         let path = PDFBezierPath(ref: refFrame)
20 |         path.elements = elements
/Users/admin/builder/spi-builder-workspace/.dependencies/checkouts/TPPDF/Source/API/Graphics/PDFBezierPath.swift:67:19: error: cannot find type 'CGRect' in scope
 65 |
 66 |     /// Frame used as reference for vertext anchors
 67 |     var refFrame: CGRect
    |                   `- error: cannot find type 'CGRect' in scope
 68 |
 69 |     /// Elements in this path
/Users/admin/builder/spi-builder-workspace/.dependencies/checkouts/TPPDF/Source/API/Graphics/PDFBezierPath.swift:60:55: error: cannot find type 'CGFloat' in scope; did you mean to use 'CGFloat'?
 58 |
 59 |         /// See ``PDFBezierPath/addArc(withCenter:radius:startAngle:endAngle:clockwise:)`` for details
 60 |         case arc(center: PDFBezierPathVertex, radius: CGFloat, startAngle: CGFloat, endAngle: CGFloat, clockwise: Bool)
    |                                                       `- error: cannot find type 'CGFloat' in scope; did you mean to use 'CGFloat'?
 61 |
 62 |         /// See ``PDFBezierPath/close()`` for details
/Users/admin/builder/spi-builder-workspace/.dependencies/checkouts/TPPDF/Source/API/Graphics/PDFBezierPath.swift:60:76: error: cannot find type 'CGFloat' in scope; did you mean to use 'CGFloat'?
 58 |
 59 |         /// See ``PDFBezierPath/addArc(withCenter:radius:startAngle:endAngle:clockwise:)`` for details
 60 |         case arc(center: PDFBezierPathVertex, radius: CGFloat, startAngle: CGFloat, endAngle: CGFloat, clockwise: Bool)
    |                                                                            `- error: cannot find type 'CGFloat' in scope; did you mean to use 'CGFloat'?
 61 |
 62 |         /// See ``PDFBezierPath/close()`` for details
/Users/admin/builder/spi-builder-workspace/.dependencies/checkouts/TPPDF/Source/API/Graphics/PDFBezierPath.swift:60:95: error: cannot find type 'CGFloat' in scope; did you mean to use 'CGFloat'?
 58 |
 59 |         /// See ``PDFBezierPath/addArc(withCenter:radius:startAngle:endAngle:clockwise:)`` for details
 60 |         case arc(center: PDFBezierPathVertex, radius: CGFloat, startAngle: CGFloat, endAngle: CGFloat, clockwise: Bool)
    |                                                                                               `- error: cannot find type 'CGFloat' in scope; did you mean to use 'CGFloat'?
 61 |
 62 |         /// See ``PDFBezierPath/close()`` for details
/Users/admin/builder/spi-builder-workspace/.dependencies/checkouts/TPPDF/Source/API/Graphics/PDFBezierPath.swift:79:22: error: cannot find type 'CGRect' in scope
 77 |      * - Parameter ref: Reference frame
 78 |      */
 79 |     public init(ref: CGRect) {
    |                      `- error: cannot find type 'CGRect' in scope
 80 |         self.refFrame = ref
 81 |     }
/Users/admin/builder/spi-builder-workspace/.dependencies/checkouts/TPPDF/Source/API/Graphics/PDFBezierPath.swift:175:72: error: cannot find type 'CGFloat' in scope; did you mean to use 'CGFloat'?
173 |      *      - clockwise: The direction in which to draw the arc.
174 |      */
175 |     public func addArc(withCenter center: PDFBezierPathVertex, radius: CGFloat, startAngle: CGFloat, endAngle: CGFloat, clockwise: Bool) {
    |                                                                        `- error: cannot find type 'CGFloat' in scope; did you mean to use 'CGFloat'?
176 |         elements.append(.arc(center: center, radius: radius, startAngle: startAngle, endAngle: endAngle, clockwise: clockwise))
177 |     }
/Users/admin/builder/spi-builder-workspace/.dependencies/checkouts/TPPDF/Source/API/Graphics/PDFBezierPath.swift:175:93: error: cannot find type 'CGFloat' in scope; did you mean to use 'CGFloat'?
173 |      *      - clockwise: The direction in which to draw the arc.
174 |      */
175 |     public func addArc(withCenter center: PDFBezierPathVertex, radius: CGFloat, startAngle: CGFloat, endAngle: CGFloat, clockwise: Bool) {
    |                                                                                             `- error: cannot find type 'CGFloat' in scope; did you mean to use 'CGFloat'?
176 |         elements.append(.arc(center: center, radius: radius, startAngle: startAngle, endAngle: endAngle, clockwise: clockwise))
177 |     }
/Users/admin/builder/spi-builder-workspace/.dependencies/checkouts/TPPDF/Source/API/Graphics/PDFBezierPath.swift:175:112: error: cannot find type 'CGFloat' in scope; did you mean to use 'CGFloat'?
173 |      *      - clockwise: The direction in which to draw the arc.
174 |      */
175 |     public func addArc(withCenter center: PDFBezierPathVertex, radius: CGFloat, startAngle: CGFloat, endAngle: CGFloat, clockwise: Bool) {
    |                                                                                                                `- error: cannot find type 'CGFloat' in scope; did you mean to use 'CGFloat'?
176 |         elements.append(.arc(center: center, radius: radius, startAngle: startAngle, endAngle: endAngle, clockwise: clockwise))
177 |     }
/Users/admin/builder/spi-builder-workspace/.dependencies/checkouts/TPPDF/Source/API/Graphics/PDFBezierPath.swift:194:49: error: cannot find type 'BezierPath' in scope
192 |      * - Returns: `UIBezierPath` for iOS or `NSBezierPath` for macOS
193 |      */
194 |     public func bezierPath(in frame: CGRect) -> BezierPath { // swiftlint:disable:this function_body_length
    |                                                 `- error: cannot find type 'BezierPath' in scope
195 |         let bezierPath = BezierPath()
196 |         for element in elements {
/Users/admin/builder/spi-builder-workspace/.dependencies/checkouts/TPPDF/Source/API/Graphics/PDFBezierPath.swift:194:38: error: cannot find type 'CGRect' in scope
192 |      * - Returns: `UIBezierPath` for iOS or `NSBezierPath` for macOS
193 |      */
194 |     public func bezierPath(in frame: CGRect) -> BezierPath { // swiftlint:disable:this function_body_length
    |                                      `- error: cannot find type 'CGRect' in scope
195 |         let bezierPath = BezierPath()
196 |         for element in elements {
/Users/admin/builder/spi-builder-workspace/.dependencies/checkouts/TPPDF/Source/API/Graphics/PDFBezierPath.swift:267:77: error: cannot find type 'CGPoint' in scope
265 |      * - Returns: Scaled coordinates relative to given `frame`
266 |      */
267 |     private func calculate(point: PDFBezierPathVertex, in frame: CGRect) -> CGPoint {
    |                                                                             `- error: cannot find type 'CGPoint' in scope
268 |         let diff = CGVector(
269 |             dx: calculateDiffX(point: point, in: frame),
/Users/admin/builder/spi-builder-workspace/.dependencies/checkouts/TPPDF/Source/API/Graphics/PDFBezierPath.swift:267:66: error: cannot find type 'CGRect' in scope
265 |      * - Returns: Scaled coordinates relative to given `frame`
266 |      */
267 |     private func calculate(point: PDFBezierPathVertex, in frame: CGRect) -> CGPoint {
    |                                                                  `- error: cannot find type 'CGRect' in scope
268 |         let diff = CGVector(
269 |             dx: calculateDiffX(point: point, in: frame),
/Users/admin/builder/spi-builder-workspace/.dependencies/checkouts/TPPDF/Source/API/Graphics/PDFBezierPath.swift:286:82: error: cannot find type 'CGFloat' in scope; did you mean to use 'CGFloat'?
284 |      * - Returns: Scaled horizontal coordinates relative to given `frame`
285 |      */
286 |     private func calculateDiffX(point: PDFBezierPathVertex, in frame: CGRect) -> CGFloat {
    |                                                                                  `- error: cannot find type 'CGFloat' in scope; did you mean to use 'CGFloat'?
287 |         switch point.anchor {
288 |         case .topLeft, .middleLeft, .bottomLeft:
/Users/admin/builder/spi-builder-workspace/.dependencies/checkouts/TPPDF/Source/API/Graphics/PDFBezierPath.swift:286:71: error: cannot find type 'CGRect' in scope
284 |      * - Returns: Scaled horizontal coordinates relative to given `frame`
285 |      */
286 |     private func calculateDiffX(point: PDFBezierPathVertex, in frame: CGRect) -> CGFloat {
    |                                                                       `- error: cannot find type 'CGRect' in scope
287 |         switch point.anchor {
288 |         case .topLeft, .middleLeft, .bottomLeft:
/Users/admin/builder/spi-builder-workspace/.dependencies/checkouts/TPPDF/Source/API/Graphics/PDFBezierPath.swift:308:82: error: cannot find type 'CGFloat' in scope; did you mean to use 'CGFloat'?
306 |      * - Returns: Scaled vertical coordinates relative to given `frame`
307 |      */
308 |     private func calculateDiffY(point: PDFBezierPathVertex, in frame: CGRect) -> CGFloat {
    |                                                                                  `- error: cannot find type 'CGFloat' in scope; did you mean to use 'CGFloat'?
309 |         switch point.anchor {
310 |         case .topLeft, .topCenter, .topRight:
/Users/admin/builder/spi-builder-workspace/.dependencies/checkouts/TPPDF/Source/API/Graphics/PDFBezierPath.swift:308:71: error: cannot find type 'CGRect' in scope
306 |      * - Returns: Scaled vertical coordinates relative to given `frame`
307 |      */
308 |     private func calculateDiffY(point: PDFBezierPathVertex, in frame: CGRect) -> CGFloat {
    |                                                                       `- error: cannot find type 'CGRect' in scope
309 |         switch point.anchor {
310 |         case .topLeft, .topCenter, .topRight:
/Users/admin/builder/spi-builder-workspace/.dependencies/checkouts/TPPDF/Source/API/Graphics/PDFBezierPath.swift:195:26: error: cannot find 'BezierPath' in scope
193 |      */
194 |     public func bezierPath(in frame: CGRect) -> BezierPath { // swiftlint:disable:this function_body_length
195 |         let bezierPath = BezierPath()
    |                          `- error: cannot find 'BezierPath' in scope
196 |         for element in elements {
197 |             switch element {
/Users/admin/builder/spi-builder-workspace/.dependencies/checkouts/TPPDF/Source/API/Graphics/PDFBezierPath.swift:268:20: error: cannot find 'CGVector' in scope
266 |      */
267 |     private func calculate(point: PDFBezierPathVertex, in frame: CGRect) -> CGPoint {
268 |         let diff = CGVector(
    |                    `- error: cannot find 'CGVector' in scope
269 |             dx: calculateDiffX(point: point, in: frame),
270 |             dy: calculateDiffY(point: point, in: frame)
/Users/admin/builder/spi-builder-workspace/.dependencies/checkouts/TPPDF/Source/Internal/Math/CGPoint+Math.swift:23:52: error: cannot find type 'CGPoint' in scope
21 |      - Returns: Translated point
22 |      */
23 |     static func + (lhs: CGPoint, rhs: CGVector) -> CGPoint {
   |                                                    `- error: cannot find type 'CGPoint' in scope
24 |         CGPoint(x: lhs.x + rhs.dx, y: lhs.y + rhs.dy)
25 |     }
/Users/admin/builder/spi-builder-workspace/.dependencies/checkouts/TPPDF/Source/Internal/Math/CGPoint+Math.swift:23:25: error: cannot find type 'CGPoint' in scope
21 |      - Returns: Translated point
22 |      */
23 |     static func + (lhs: CGPoint, rhs: CGVector) -> CGPoint {
   |                         `- error: cannot find type 'CGPoint' in scope
24 |         CGPoint(x: lhs.x + rhs.dx, y: lhs.y + rhs.dy)
25 |     }
/Users/admin/builder/spi-builder-workspace/.dependencies/checkouts/TPPDF/Source/Internal/Math/CGPoint+Math.swift:23:39: error: cannot find type 'CGVector' in scope
21 |      - Returns: Translated point
22 |      */
23 |     static func + (lhs: CGPoint, rhs: CGVector) -> CGPoint {
   |                                       `- error: cannot find type 'CGVector' in scope
24 |         CGPoint(x: lhs.x + rhs.dx, y: lhs.y + rhs.dy)
25 |     }
/Users/admin/builder/spi-builder-workspace/.dependencies/checkouts/TPPDF/Source/Internal/Math/CGPoint+Math.swift:35:51: error: cannot find type 'CGPoint' in scope
33 |      - Returns: Added point
34 |      */
35 |     static func + (lhs: CGPoint, rhs: CGPoint) -> CGPoint {
   |                                                   `- error: cannot find type 'CGPoint' in scope
36 |         CGPoint(x: lhs.x + rhs.x, y: lhs.y + rhs.y)
37 |     }
/Users/admin/builder/spi-builder-workspace/.dependencies/checkouts/TPPDF/Source/Internal/Math/CGPoint+Math.swift:35:25: error: cannot find type 'CGPoint' in scope
33 |      - Returns: Added point
34 |      */
35 |     static func + (lhs: CGPoint, rhs: CGPoint) -> CGPoint {
   |                         `- error: cannot find type 'CGPoint' in scope
36 |         CGPoint(x: lhs.x + rhs.x, y: lhs.y + rhs.y)
37 |     }
/Users/admin/builder/spi-builder-workspace/.dependencies/checkouts/TPPDF/Source/Internal/Math/CGPoint+Math.swift:35:39: error: cannot find type 'CGPoint' in scope
33 |      - Returns: Added point
34 |      */
35 |     static func + (lhs: CGPoint, rhs: CGPoint) -> CGPoint {
   |                                       `- error: cannot find type 'CGPoint' in scope
36 |         CGPoint(x: lhs.x + rhs.x, y: lhs.y + rhs.y)
37 |     }
/Users/admin/builder/spi-builder-workspace/.dependencies/checkouts/TPPDF/Source/Internal/Math/CGPoint+Math.swift:59:53: error: cannot find type 'CGPoint' in scope
57 |      - Returns: Moved point
58 |      */
59 |     static func + (lhs: CGPoint, value: CGFloat) -> CGPoint {
   |                                                     `- error: cannot find type 'CGPoint' in scope
60 |         CGPoint(x: lhs.x + value, y: lhs.y + value)
61 |     }
/Users/admin/builder/spi-builder-workspace/.dependencies/checkouts/TPPDF/Source/Internal/Math/CGPoint+Math.swift:59:25: error: cannot find type 'CGPoint' in scope
57 |      - Returns: Moved point
58 |      */
59 |     static func + (lhs: CGPoint, value: CGFloat) -> CGPoint {
   |                         `- error: cannot find type 'CGPoint' in scope
60 |         CGPoint(x: lhs.x + value, y: lhs.y + value)
61 |     }
/Users/admin/builder/spi-builder-workspace/.dependencies/checkouts/TPPDF/Source/Internal/Math/CGPoint+Math.swift:59:41: error: cannot find type 'CGFloat' in scope; did you mean to use 'CGFloat'?
57 |      - Returns: Moved point
58 |      */
59 |     static func + (lhs: CGPoint, value: CGFloat) -> CGPoint {
   |                                         `- error: cannot find type 'CGFloat' in scope; did you mean to use 'CGFloat'?
60 |         CGPoint(x: lhs.x + value, y: lhs.y + value)
61 |     }
/Users/admin/builder/spi-builder-workspace/.dependencies/checkouts/TPPDF/Source/API/Graphics/PDFBezierPathVertex.swift:47:26: error: cannot find type 'CGPoint' in scope
45 |
46 |     /// Position of the vertex, relative to the ``PDFBezierPath`` using this vertex.
47 |     public var position: CGPoint
   |                          `- error: cannot find type 'CGPoint' in scope
48 |
49 |     /**
/Users/admin/builder/spi-builder-workspace/.dependencies/checkouts/TPPDF/Source/API/Graphics/PDFBezierPathVertex.swift:63:27: error: cannot find type 'CGPoint' in scope
61 |      *   - anchor: See ``PDFBezierPathVertex/anchor``
62 |      */
63 |     public init(position: CGPoint, anchor: Anchor) {
   |                           `- error: cannot find type 'CGPoint' in scope
64 |         self.position = position
65 |         self.anchor = anchor
/Users/admin/builder/spi-builder-workspace/.dependencies/checkouts/TPPDF/Source/API/Graphics/PDFDynamicGeometryShape.swift:20:27: error: cannot find type 'Color' in scope
18 |
19 |     /// Color used to fill the shape
20 |     public var fillColor: Color = .black
   |                           `- error: cannot find type 'Color' in scope
21 |
22 |     /// Line style used to stroke the shape
/Users/admin/builder/spi-builder-workspace/.dependencies/checkouts/TPPDF/Source/API/Graphics/PDFDynamicGeometryShape.swift:33:49: error: cannot find type 'Color' in scope
31 |      *    - strolke: See ``PDFDynamicGeometryShape/stroke`
32 |      */
33 |     public init(path: PDFBezierPath, fillColor: Color, stroke: PDFLineStyle) {
   |                                                 `- error: cannot find type 'Color' in scope
34 |         self.path = path
35 |         self.fillColor = fillColor
/Users/admin/builder/spi-builder-workspace/.dependencies/checkouts/TPPDF/Source/API/Graphics/PDFLineStyle.swift:20:23: error: cannot find type 'Color' in scope
18 |
19 |     /// Color of the line
20 |     public var color: Color
   |                       `- error: cannot find type 'Color' in scope
21 |
22 |     /// Width of the line
/Users/admin/builder/spi-builder-workspace/.dependencies/checkouts/TPPDF/Source/API/Graphics/PDFLineStyle.swift:23:23: error: cannot find type 'CGFloat' in scope; did you mean to use 'CGFloat'?
21 |
22 |     /// Width of the line
23 |     public var width: CGFloat
   |                       `- error: cannot find type 'CGFloat' in scope; did you mean to use 'CGFloat'?
24 |
25 |     /// Defines the width of this radius (Only for rect draw, not for line)
/Users/admin/builder/spi-builder-workspace/.dependencies/checkouts/TPPDF/Source/API/Graphics/PDFLineStyle.swift:26:24: error: cannot find type 'CGFloat' in scope; did you mean to use 'CGFloat'?
24 |
25 |     /// Defines the width of this radius (Only for rect draw, not for line)
26 |     public var radius: CGFloat?
   |                        `- error: cannot find type 'CGFloat' in scope; did you mean to use 'CGFloat'?
27 |
28 |     /**
/Users/admin/builder/spi-builder-workspace/.dependencies/checkouts/TPPDF/Source/API/Graphics/PDFLineStyle.swift:37:51: error: cannot find type 'Color' in scope
35 |      *    - radius: See ``PDFLineStyle/radius``
36 |      */
37 |     public init(type: PDFLineType = .full, color: Color = .black, width: CGFloat = 0.25, radius: CGFloat? = nil) {
   |                                                   `- error: cannot find type 'Color' in scope
38 |         self.type = type
39 |         self.color = color
/Users/admin/builder/spi-builder-workspace/.dependencies/checkouts/TPPDF/Source/API/Graphics/PDFLineStyle.swift:37:74: error: cannot find type 'CGFloat' in scope; did you mean to use 'CGFloat'?
35 |      *    - radius: See ``PDFLineStyle/radius``
36 |      */
37 |     public init(type: PDFLineType = .full, color: Color = .black, width: CGFloat = 0.25, radius: CGFloat? = nil) {
   |                                                                          `- error: cannot find type 'CGFloat' in scope; did you mean to use 'CGFloat'?
38 |         self.type = type
39 |         self.color = color
/Users/admin/builder/spi-builder-workspace/.dependencies/checkouts/TPPDF/Source/API/Graphics/PDFLineStyle.swift:37:98: error: cannot find type 'CGFloat' in scope; did you mean to use 'CGFloat'?
35 |      *    - radius: See ``PDFLineStyle/radius``
36 |      */
37 |     public init(type: PDFLineType = .full, color: Color = .black, width: CGFloat = 0.25, radius: CGFloat? = nil) {
   |                                                                                                  `- error: cannot find type 'CGFloat' in scope; did you mean to use 'CGFloat'?
38 |         self.type = type
39 |         self.color = color
/Users/admin/builder/spi-builder-workspace/.dependencies/checkouts/TPPDF/Source/API/Groups/PDFGroup+Objects.swift:25:78: error: cannot find type 'CGFloat' in scope; did you mean to use 'CGFloat'?
 23 |      * - Parameter space: Space distance in points
 24 |      */
 25 |     func add(_ container: PDFGroupContainer = PDFGroupContainer.left, space: CGFloat) {
    |                                                                              `- error: cannot find type 'CGFloat' in scope; did you mean to use 'CGFloat'?
 26 |         objects += [(container, PDFSpaceObject(space: space))]
 27 |     }
/Users/admin/builder/spi-builder-workspace/.dependencies/checkouts/TPPDF/Source/API/Groups/PDFGroup+Objects.swift:62:105: error: cannot find type 'CGFloat' in scope; did you mean to use 'CGFloat'?
 60 |      * - Parameter spacing: Horizontal distance between images
 61 |      */
 62 |     func add(_ container: PDFGroupContainer = PDFGroupContainer.left, imagesInRow: [PDFImage], spacing: CGFloat = 5.0) {
    |                                                                                                         `- error: cannot find type 'CGFloat' in scope; did you mean to use 'CGFloat'?
 63 |         objects += [(container, PDFImageRowObject(images: imagesInRow, spacing: spacing))]
 64 |     }
/Users/admin/builder/spi-builder-workspace/.dependencies/checkouts/TPPDF/Source/API/Groups/PDFGroup+Objects.swift:76:98: error: cannot find type 'CGFloat' in scope; did you mean to use 'CGFloat'?
 74 |      *     - spacing: Horizontal distance between images
 75 |      */
 76 |     func add(_ container: PDFGroupContainer = PDFGroupContainer.left, text: String, lineSpacing: CGFloat = 1.0) {
    |                                                                                                  `- error: cannot find type 'CGFloat' in scope; did you mean to use 'CGFloat'?
 77 |         add(container, textObject: PDFSimpleText(text: text, spacing: lineSpacing))
 78 |     }
/Users/admin/builder/spi-builder-workspace/.dependencies/checkouts/TPPDF/Source/API/Groups/PDFGroup+Objects.swift:96:87: error: cannot find type 'NSAttributedString' in scope
 94 |      * - Parameter text: An attributed string
 95 |      */
 96 |     func add(_ container: PDFGroupContainer = PDFGroupContainer.left, attributedText: NSAttributedString) {
    |                                                                                       `- error: cannot find type 'NSAttributedString' in scope
 97 |         add(container, attributedTextObject: PDFAttributedText(text: attributedText))
 98 |     }
/Users/admin/builder/spi-builder-workspace/.dependencies/checkouts/TPPDF/Source/API/Groups/PDFGroup+Objects.swift:116:77: error: cannot find type 'Font' in scope
114 |      * - Parameter font: Font of text
115 |      */
116 |     func set(_ container: PDFGroupContainer = PDFGroupContainer.left, font: Font) {
    |                                                                             `- error: cannot find type 'Font' in scope
117 |         objects += [(container, PDFFontObject(font: font))]
118 |     }
/Users/admin/builder/spi-builder-workspace/.dependencies/checkouts/TPPDF/Source/API/Groups/PDFGroup+Objects.swift:135:82: error: cannot find type 'Color' in scope
133 |      * - Parameter color: Color of the text
134 |      */
135 |     func set(_ container: PDFGroupContainer = PDFGroupContainer.left, textColor: Color) {
    |                                                                                  `- error: cannot find type 'Color' in scope
136 |         objects += [(container, PDFTextColorObject(color: textColor))]
137 |     }
/Users/admin/builder/spi-builder-workspace/.dependencies/checkouts/TPPDF/Source/API/Groups/PDFGroup+Objects.swift:182:84: error: cannot find type 'CGFloat' in scope; did you mean to use 'CGFloat'?
180 |      *     - left: If `true` then the left side indentation is set, else the right indentation is set
181 |      */
182 |     func set(_ container: PDFGroupContainer = PDFGroupContainer.left, indentation: CGFloat, left: Bool) {
    |                                                                                    `- error: cannot find type 'CGFloat' in scope; did you mean to use 'CGFloat'?
183 |         objects += [(container, PDFIndentationObject(indentation: indentation, left: left, insideSectionColumn: false))]
184 |     }
/Users/admin/builder/spi-builder-workspace/.dependencies/checkouts/TPPDF/Source/API/Groups/PDFGroup+Objects.swift:192:87: error: cannot find type 'CGFloat' in scope; did you mean to use 'CGFloat'?
190 |      * - Parameter offset: Points from the top
191 |      */
192 |     func set(_ container: PDFGroupContainer = PDFGroupContainer.left, absoluteOffset: CGFloat) {
    |                                                                                       `- error: cannot find type 'CGFloat' in scope; did you mean to use 'CGFloat'?
193 |         objects += [(container, PDFOffsetObject(offset: absoluteOffset))]
194 |     }
/Users/admin/builder/spi-builder-workspace/.dependencies/checkouts/TPPDF/Source/API/Groups/PDFGroup+Objects.swift:126:53: error: cannot find 'Font' in scope
124 |      */
125 |     func resetFont(_ container: PDFGroupContainer = PDFGroupContainer.left) {
126 |         objects += [(container, PDFFontObject(font: Font.systemFont(ofSize: PDFConstants.defaultFontSize)))]
    |                                                     `- error: cannot find 'Font' in scope
127 |     }
128 |
/Users/admin/builder/spi-builder-workspace/.dependencies/checkouts/TPPDF/Source/API/Groups/PDFGroup+Objects.swift:145:59: error: cannot find 'Color' in scope
143 |      */
144 |     func resetTextColor(_ container: PDFGroupContainer = PDFGroupContainer.left) {
145 |         objects += [(container, PDFTextColorObject(color: Color.black))]
    |                                                           `- error: cannot find 'Color' in scope
146 |     }
147 |
/Users/admin/builder/spi-builder-workspace/.dependencies/checkouts/TPPDF/Source/API/Groups/PDFGroup.swift:96:26: error: cannot find type 'Color' in scope
 94 |     public init(
 95 |         allowsBreaks: Bool = false,
 96 |         backgroundColor: Color? = nil,
    |                          `- error: cannot find type 'Color' in scope
 97 |         backgroundImage: PDFImage? = nil,
 98 |         backgroundShape: PDFDynamicGeometryShape? = nil,
SwiftCompile normal arm64 /Users/admin/builder/spi-builder-workspace/.dependencies/checkouts/TPPDF/Source/API/Delegation/PDFGeneratorDelegate.swift (in target 'TPPDF' from project 'TPPDF')
    cd /Users/admin/builder/spi-builder-workspace/.swiftpm/xcode
    builtin-SwiftPerFileCompile PDFGeneratorDelegate.swift
SwiftCompile normal arm64 /Users/admin/builder/spi-builder-workspace/.dependencies/checkouts/TPPDF/Source/API/Delegation/PDFGeneratorImageDelegate.swift (in target 'TPPDF' from project 'TPPDF')
    cd /Users/admin/builder/spi-builder-workspace/.swiftpm/xcode
    builtin-SwiftPerFileCompile PDFGeneratorImageDelegate.swift
SwiftCompile normal arm64 /Users/admin/builder/spi-builder-workspace/.dependencies/checkouts/TPPDF/Source/API/Document/PDFDocument.swift (in target 'TPPDF' from project 'TPPDF')
    cd /Users/admin/builder/spi-builder-workspace/.swiftpm/xcode
    builtin-SwiftPerFileCompile PDFDocument.swift
SwiftCompile normal arm64 /Users/admin/builder/spi-builder-workspace/.dependencies/checkouts/TPPDF/Source/API/Document/PDFDocumentBackground.swift (in target 'TPPDF' from project 'TPPDF')
    cd /Users/admin/builder/spi-builder-workspace/.swiftpm/xcode
    builtin-SwiftPerFileCompile PDFDocumentBackground.swift
SwiftCompile normal arm64 /Users/admin/builder/spi-builder-workspace/.dependencies/checkouts/TPPDF/Source/API/External/PDFExternalDocument.swift (in target 'TPPDF' from project 'TPPDF')
    cd /Users/admin/builder/spi-builder-workspace/.swiftpm/xcode
    builtin-SwiftPerFileCompile PDFExternalDocument.swift
SwiftCompile normal arm64 /Users/admin/builder/spi-builder-workspace/.dependencies/checkouts/TPPDF/Source/API/Graphics/PDFBezierPath+Copying.swift (in target 'TPPDF' from project 'TPPDF')
    cd /Users/admin/builder/spi-builder-workspace/.swiftpm/xcode
    builtin-SwiftPerFileCompile PDFBezierPath+Copying.swift
SwiftCompile normal arm64 /Users/admin/builder/spi-builder-workspace/.dependencies/checkouts/TPPDF/Source/API/Graphics/PDFBezierPath.swift (in target 'TPPDF' from project 'TPPDF')
    cd /Users/admin/builder/spi-builder-workspace/.swiftpm/xcode
    builtin-SwiftPerFileCompile PDFBezierPath.swift
SwiftCompile normal arm64 /Users/admin/builder/spi-builder-workspace/.dependencies/checkouts/TPPDF/Source/API/Graphics/PDFBezierPathVertex.swift (in target 'TPPDF' from project 'TPPDF')
    cd /Users/admin/builder/spi-builder-workspace/.swiftpm/xcode
    builtin-SwiftPerFileCompile PDFBezierPathVertex.swift
SwiftCompile normal arm64 /Users/admin/builder/spi-builder-workspace/.dependencies/checkouts/TPPDF/Source/API/Graphics/PDFDynamicGeometryShape.swift (in target 'TPPDF' from project 'TPPDF')
    cd /Users/admin/builder/spi-builder-workspace/.swiftpm/xcode
    builtin-SwiftPerFileCompile PDFDynamicGeometryShape.swift
SwiftCompile normal arm64 /Users/admin/builder/spi-builder-workspace/.dependencies/checkouts/TPPDF/Source/API/Graphics/PDFLineStyle.swift (in target 'TPPDF' from project 'TPPDF')
    cd /Users/admin/builder/spi-builder-workspace/.swiftpm/xcode
    builtin-SwiftPerFileCompile PDFLineStyle.swift
SwiftCompile normal arm64 /Users/admin/builder/spi-builder-workspace/.dependencies/checkouts/TPPDF/Source/API/Graphics/PDFLineType.swift (in target 'TPPDF' from project 'TPPDF')
    cd /Users/admin/builder/spi-builder-workspace/.swiftpm/xcode
    builtin-SwiftPerFileCompile PDFLineType.swift
SwiftCompile normal arm64 /Users/admin/builder/spi-builder-workspace/.dependencies/checkouts/TPPDF/Source/API/Groups/PDFGroup+Objects.swift (in target 'TPPDF' from project 'TPPDF')
    cd /Users/admin/builder/spi-builder-workspace/.swiftpm/xcode
    builtin-SwiftPerFileCompile PDFGroup+Objects.swift
SwiftCompile normal arm64 /Users/admin/builder/spi-builder-workspace/.dependencies/checkouts/TPPDF/Source/API/Groups/PDFGroup.swift (in target 'TPPDF' from project 'TPPDF')
    cd /Users/admin/builder/spi-builder-workspace/.swiftpm/xcode
    builtin-SwiftPerFileCompile PDFGroup.swift
SwiftCompile normal arm64 /Users/admin/builder/spi-builder-workspace/.dependencies/checkouts/TPPDF/Source/API/Groups/PDFGroupContainer.swift (in target 'TPPDF' from project 'TPPDF')
    cd /Users/admin/builder/spi-builder-workspace/.swiftpm/xcode
    builtin-SwiftPerFileCompile PDFGroupContainer.swift
SwiftCompile normal arm64 Compiling\ PDFSimpleText.swift,\ PDFText.swift,\ PDFTextStyle.swift,\ CrossPlattformGraphics.swift,\ PDFConstants.swift,\ PDFCopy.swift,\ PDFDocumentObject.swift,\ PDFError.swift,\ PDFRenderObject.swift,\ PDFTaggableObject.swift,\ PDFExternalDocumentObject.swift,\ PDFExternalPageObject.swift,\ PDFContext.swift,\ PDFContextGraphics.swift /Users/admin/builder/spi-builder-workspace/.dependencies/checkouts/TPPDF/Source/API/Text/PDFSimpleText.swift /Users/admin/builder/spi-builder-workspace/.dependencies/checkouts/TPPDF/Source/API/Text/PDFText.swift /Users/admin/builder/spi-builder-workspace/.dependencies/checkouts/TPPDF/Source/API/Text/PDFTextStyle.swift /Users/admin/builder/spi-builder-workspace/.dependencies/checkouts/TPPDF/Source/API/Utils/CrossPlattformGraphics.swift /Users/admin/builder/spi-builder-workspace/.dependencies/checkouts/TPPDF/Source/API/Utils/PDFConstants.swift /Users/admin/builder/spi-builder-workspace/.dependencies/checkouts/TPPDF/Source/API/Utils/PDFCopy.swift /Users/admin/builder/spi-builder-workspace/.dependencies/checkouts/TPPDF/Source/API/Utils/PDFDocumentObject.swift /Users/admin/builder/spi-builder-workspace/.dependencies/checkouts/TPPDF/Source/API/Utils/PDFError.swift /Users/admin/builder/spi-builder-workspace/.dependencies/checkouts/TPPDF/Source/API/Utils/PDFRenderObject.swift /Users/admin/builder/spi-builder-workspace/.dependencies/checkouts/TPPDF/Source/API/Utils/PDFTaggableObject.swift /Users/admin/builder/spi-builder-workspace/.dependencies/checkouts/TPPDF/Source/Internal/External/PDFExternalDocumentObject.swift /Users/admin/builder/spi-builder-workspace/.dependencies/checkouts/TPPDF/Source/Internal/External/PDFExternalPageObject.swift /Users/admin/builder/spi-builder-workspace/.dependencies/checkouts/TPPDF/Source/Internal/Graphics/PDFContext.swift /Users/admin/builder/spi-builder-workspace/.dependencies/checkouts/TPPDF/Source/Internal/Graphics/PDFContextGraphics.swift (in target 'TPPDF' from project 'TPPDF')
/Users/admin/builder/spi-builder-workspace/.dependencies/checkouts/TPPDF/Source/API/Text/PDFSimpleText.swift:41:40: error: cannot find type 'CGFloat' in scope
39 |      *     - style: Reference to ``PDFTextStyle``, defaults to `nil`
40 |      */
41 |     public init(text: String, spacing: CGFloat = 0, style: PDFTextStyle? = nil) {
   |                                        `- error: cannot find type 'CGFloat' in scope
42 |         self.text = text
43 |         self.spacing = spacing
/Users/admin/builder/spi-builder-workspace/.dependencies/checkouts/TPPDF/Source/API/Text/PDFSimpleText.swift:28:25: error: cannot find type 'CGFloat' in scope
26 |
27 |     //// Line spacing if multiple lines
28 |     public var spacing: CGFloat
   |                         `- error: cannot find type 'CGFloat' in scope
29 |
30 |     /// Weak reference to style used by this text object
/Users/admin/builder/spi-builder-workspace/.dependencies/checkouts/TPPDF/Source/API/Text/PDFTextStyle.swift:27:22: error: cannot find type 'Font' in scope
25 |
26 |     /// Font of the text
27 |     public var font: Font?
   |                      `- error: cannot find type 'Font' in scope
28 |
29 |     /// Color of the text
/Users/admin/builder/spi-builder-workspace/.dependencies/checkouts/TPPDF/Source/API/Text/PDFTextStyle.swift:30:23: error: cannot find type 'Color' in scope
28 |
29 |     /// Color of the text
30 |     public var color: Color?
   |                       `- error: cannot find type 'Color' in scope
31 |
32 |     /**
/Users/admin/builder/spi-builder-workspace/.dependencies/checkouts/TPPDF/Source/API/Text/PDFTextStyle.swift:43:37: error: cannot find type 'Font' in scope
41 |      *     - color: Color of text, defaults to `nil`
42 |      */
43 |     public init(name: String, font: Font? = nil, color: Color? = nil) {
   |                                     `- error: cannot find type 'Font' in scope
44 |         self.name = name
45 |         self.font = font
/Users/admin/builder/spi-builder-workspace/.dependencies/checkouts/TPPDF/Source/API/Text/PDFTextStyle.swift:43:57: error: cannot find type 'Color' in scope
41 |      *     - color: Color of text, defaults to `nil`
42 |      */
43 |     public init(name: String, font: Font? = nil, color: Color? = nil) {
   |                                                         `- error: cannot find type 'Color' in scope
44 |         self.name = name
45 |         self.font = font
/Users/admin/builder/spi-builder-workspace/.dependencies/checkouts/TPPDF/Source/API/Utils/CrossPlattformGraphics.swift:246:11: error: cannot find type 'CGContext' in scope
244 | #endif
245 |
246 | extension CGContext {
    |           `- error: cannot find type 'CGContext' in scope
247 |     func draw(image: CGImage, in rect: CGRect, flipped: Bool) {
248 |         guard flipped else {
/Users/admin/builder/spi-builder-workspace/.dependencies/checkouts/TPPDF/Source/Internal/Math/CGPoint+Math.swift:23:52: error: cannot find type 'CGPoint' in scope
21 |      - Returns: Translated point
22 |      */
23 |     static func + (lhs: CGPoint, rhs: CGVector) -> CGPoint {
   |                                                    `- error: cannot find type 'CGPoint' in scope
24 |         CGPoint(x: lhs.x + rhs.dx, y: lhs.y + rhs.dy)
25 |     }
/Users/admin/builder/spi-builder-workspace/.dependencies/checkouts/TPPDF/Source/Internal/Math/CGPoint+Math.swift:23:25: error: cannot find type 'CGPoint' in scope
21 |      - Returns: Translated point
22 |      */
23 |     static func + (lhs: CGPoint, rhs: CGVector) -> CGPoint {
   |                         `- error: cannot find type 'CGPoint' in scope
24 |         CGPoint(x: lhs.x + rhs.dx, y: lhs.y + rhs.dy)
25 |     }
/Users/admin/builder/spi-builder-workspace/.dependencies/checkouts/TPPDF/Source/Internal/Math/CGPoint+Math.swift:23:39: error: cannot find type 'CGVector' in scope
21 |      - Returns: Translated point
22 |      */
23 |     static func + (lhs: CGPoint, rhs: CGVector) -> CGPoint {
   |                                       `- error: cannot find type 'CGVector' in scope
24 |         CGPoint(x: lhs.x + rhs.dx, y: lhs.y + rhs.dy)
25 |     }
/Users/admin/builder/spi-builder-workspace/.dependencies/checkouts/TPPDF/Source/Internal/Math/CGPoint+Math.swift:35:51: error: cannot find type 'CGPoint' in scope
33 |      - Returns: Added point
34 |      */
35 |     static func + (lhs: CGPoint, rhs: CGPoint) -> CGPoint {
   |                                                   `- error: cannot find type 'CGPoint' in scope
36 |         CGPoint(x: lhs.x + rhs.x, y: lhs.y + rhs.y)
37 |     }
/Users/admin/builder/spi-builder-workspace/.dependencies/checkouts/TPPDF/Source/Internal/Math/CGPoint+Math.swift:35:25: error: cannot find type 'CGPoint' in scope
33 |      - Returns: Added point
34 |      */
35 |     static func + (lhs: CGPoint, rhs: CGPoint) -> CGPoint {
   |                         `- error: cannot find type 'CGPoint' in scope
36 |         CGPoint(x: lhs.x + rhs.x, y: lhs.y + rhs.y)
37 |     }
/Users/admin/builder/spi-builder-workspace/.dependencies/checkouts/TPPDF/Source/Internal/Math/CGPoint+Math.swift:35:39: error: cannot find type 'CGPoint' in scope
33 |      - Returns: Added point
34 |      */
35 |     static func + (lhs: CGPoint, rhs: CGPoint) -> CGPoint {
   |                                       `- error: cannot find type 'CGPoint' in scope
36 |         CGPoint(x: lhs.x + rhs.x, y: lhs.y + rhs.y)
37 |     }
/Users/admin/builder/spi-builder-workspace/.dependencies/checkouts/TPPDF/Source/Internal/Math/CGPoint+Math.swift:59:53: error: cannot find type 'CGPoint' in scope
57 |      - Returns: Moved point
58 |      */
59 |     static func + (lhs: CGPoint, value: CGFloat) -> CGPoint {
   |                                                     `- error: cannot find type 'CGPoint' in scope
60 |         CGPoint(x: lhs.x + value, y: lhs.y + value)
61 |     }
/Users/admin/builder/spi-builder-workspace/.dependencies/checkouts/TPPDF/Source/Internal/Math/CGPoint+Math.swift:59:25: error: cannot find type 'CGPoint' in scope
57 |      - Returns: Moved point
58 |      */
59 |     static func + (lhs: CGPoint, value: CGFloat) -> CGPoint {
   |                         `- error: cannot find type 'CGPoint' in scope
60 |         CGPoint(x: lhs.x + value, y: lhs.y + value)
61 |     }
/Users/admin/builder/spi-builder-workspace/.dependencies/checkouts/TPPDF/Source/Internal/Math/CGPoint+Math.swift:59:41: error: cannot find type 'CGFloat' in scope; did you mean to use 'CGFloat'?
57 |      - Returns: Moved point
58 |      */
59 |     static func + (lhs: CGPoint, value: CGFloat) -> CGPoint {
   |                                         `- error: cannot find type 'CGFloat' in scope; did you mean to use 'CGFloat'?
60 |         CGPoint(x: lhs.x + value, y: lhs.y + value)
61 |     }
/Users/admin/builder/spi-builder-workspace/.dependencies/checkouts/TPPDF/Source/API/Utils/PDFRenderObject.swift:21:16: error: cannot find type 'CGRect' in scope
19 | public class PDFRenderObject: CustomStringConvertible {
20 |     /// Frame of this object
21 |     var frame: CGRect = .null
   |                `- error: cannot find type 'CGRect' in scope
22 |
23 |     ///  Attributes set for this object, and their calculated frame
/Users/admin/builder/spi-builder-workspace/.dependencies/checkouts/TPPDF/Source/API/Utils/PDFRenderObject.swift:24:61: error: cannot find type 'CGRect' in scope
22 |
23 |     ///  Attributes set for this object, and their calculated frame
24 |     var attributes: [(attribute: PDFObjectAttribute, frame: CGRect)] = []
   |                                                             `- error: cannot find type 'CGRect' in scope
25 |
26 |     init(frame: CGRect = .null, attributes: [(attribute: PDFObjectAttribute, frame: CGRect)] = []) {
/Users/admin/builder/spi-builder-workspace/.dependencies/checkouts/TPPDF/Source/API/Utils/PDFRenderObject.swift:26:17: error: cannot find type 'CGRect' in scope
24 |     var attributes: [(attribute: PDFObjectAttribute, frame: CGRect)] = []
25 |
26 |     init(frame: CGRect = .null, attributes: [(attribute: PDFObjectAttribute, frame: CGRect)] = []) {
   |                 `- error: cannot find type 'CGRect' in scope
27 |         self.frame = frame
28 |         self.attributes = attributes
/Users/admin/builder/spi-builder-workspace/.dependencies/checkouts/TPPDF/Source/API/Utils/PDFRenderObject.swift:26:85: error: cannot find type 'CGRect' in scope
24 |     var attributes: [(attribute: PDFObjectAttribute, frame: CGRect)] = []
25 |
26 |     init(frame: CGRect = .null, attributes: [(attribute: PDFObjectAttribute, frame: CGRect)] = []) {
   |                                                                                     `- error: cannot find type 'CGRect' in scope
27 |         self.frame = frame
28 |         self.attributes = attributes
/Users/admin/builder/spi-builder-workspace/.dependencies/checkouts/TPPDF/Source/API/Utils/PDFRenderObject.swift:72:39: error: cannot find type 'CFURL' in scope
70 |             switch attribute {
71 |             case let .link(url):
72 |                 context.setURL(url as CFURL, for: frame.applying(context.userSpaceToDeviceSpaceTransform))
   |                                       `- error: cannot find type 'CFURL' in scope
73 |             }
74 |         }
/Users/admin/builder/spi-builder-workspace/.dependencies/checkouts/TPPDF/Source/Internal/External/PDFExternalPageObject.swift:17:16: error: cannot find type 'CGPDFPage' in scope
15 |     var page: CGPDFPage
16 |
17 |     init(page: CGPDFPage) {
   |                `- error: cannot find type 'CGPDFPage' in scope
18 |         self.page = page
19 |     }
/Users/admin/builder/spi-builder-workspace/.dependencies/checkouts/TPPDF/Source/Internal/External/PDFExternalPageObject.swift:15:15: error: cannot find type 'CGPDFPage' in scope
13 |
14 | class PDFExternalPageObject: PDFRenderObject {
15 |     var page: CGPDFPage
   |               `- error: cannot find type 'CGPDFPage' in scope
16 |
17 |     init(page: CGPDFPage) {
SwiftCompile normal arm64 /Users/admin/builder/spi-builder-workspace/.dependencies/checkouts/TPPDF/Source/API/Text/PDFSimpleText.swift (in target 'TPPDF' from project 'TPPDF')
    cd /Users/admin/builder/spi-builder-workspace/.swiftpm/xcode
    builtin-SwiftPerFileCompile PDFSimpleText.swift
SwiftCompile normal arm64 /Users/admin/builder/spi-builder-workspace/.dependencies/checkouts/TPPDF/Source/API/Text/PDFText.swift (in target 'TPPDF' from project 'TPPDF')
    cd /Users/admin/builder/spi-builder-workspace/.swiftpm/xcode
    builtin-SwiftPerFileCompile PDFText.swift
SwiftCompile normal arm64 /Users/admin/builder/spi-builder-workspace/.dependencies/checkouts/TPPDF/Source/API/Text/PDFTextStyle.swift (in target 'TPPDF' from project 'TPPDF')
    cd /Users/admin/builder/spi-builder-workspace/.swiftpm/xcode
    builtin-SwiftPerFileCompile PDFTextStyle.swift
SwiftCompile normal arm64 /Users/admin/builder/spi-builder-workspace/.dependencies/checkouts/TPPDF/Source/API/Utils/CrossPlattformGraphics.swift (in target 'TPPDF' from project 'TPPDF')
    cd /Users/admin/builder/spi-builder-workspace/.swiftpm/xcode
    builtin-SwiftPerFileCompile CrossPlattformGraphics.swift
SwiftCompile normal arm64 /Users/admin/builder/spi-builder-workspace/.dependencies/checkouts/TPPDF/Source/API/Utils/PDFConstants.swift (in target 'TPPDF' from project 'TPPDF')
    cd /Users/admin/builder/spi-builder-workspace/.swiftpm/xcode
    builtin-SwiftPerFileCompile PDFConstants.swift
SwiftCompile normal arm64 /Users/admin/builder/spi-builder-workspace/.dependencies/checkouts/TPPDF/Source/API/Utils/PDFCopy.swift (in target 'TPPDF' from project 'TPPDF')
    cd /Users/admin/builder/spi-builder-workspace/.swiftpm/xcode
    builtin-SwiftPerFileCompile PDFCopy.swift
SwiftCompile normal arm64 /Users/admin/builder/spi-builder-workspace/.dependencies/checkouts/TPPDF/Source/API/Utils/PDFDocumentObject.swift (in target 'TPPDF' from project 'TPPDF')
    cd /Users/admin/builder/spi-builder-workspace/.swiftpm/xcode
    builtin-SwiftPerFileCompile PDFDocumentObject.swift
SwiftCompile normal arm64 /Users/admin/builder/spi-builder-workspace/.dependencies/checkouts/TPPDF/Source/API/Utils/PDFError.swift (in target 'TPPDF' from project 'TPPDF')
    cd /Users/admin/builder/spi-builder-workspace/.swiftpm/xcode
    builtin-SwiftPerFileCompile PDFError.swift
SwiftCompile normal arm64 /Users/admin/builder/spi-builder-workspace/.dependencies/checkouts/TPPDF/Source/API/Utils/PDFRenderObject.swift (in target 'TPPDF' from project 'TPPDF')
    cd /Users/admin/builder/spi-builder-workspace/.swiftpm/xcode
    builtin-SwiftPerFileCompile PDFRenderObject.swift
SwiftCompile normal arm64 /Users/admin/builder/spi-builder-workspace/.dependencies/checkouts/TPPDF/Source/API/Utils/PDFTaggableObject.swift (in target 'TPPDF' from project 'TPPDF')
    cd /Users/admin/builder/spi-builder-workspace/.swiftpm/xcode
    builtin-SwiftPerFileCompile PDFTaggableObject.swift
SwiftCompile normal arm64 /Users/admin/builder/spi-builder-workspace/.dependencies/checkouts/TPPDF/Source/Internal/External/PDFExternalDocumentObject.swift (in target 'TPPDF' from project 'TPPDF')
    cd /Users/admin/builder/spi-builder-workspace/.swiftpm/xcode
    builtin-SwiftPerFileCompile PDFExternalDocumentObject.swift
SwiftCompile normal arm64 /Users/admin/builder/spi-builder-workspace/.dependencies/checkouts/TPPDF/Source/Internal/External/PDFExternalPageObject.swift (in target 'TPPDF' from project 'TPPDF')
    cd /Users/admin/builder/spi-builder-workspace/.swiftpm/xcode
    builtin-SwiftPerFileCompile PDFExternalPageObject.swift
SwiftCompile normal arm64 /Users/admin/builder/spi-builder-workspace/.dependencies/checkouts/TPPDF/Source/Internal/Graphics/PDFContext.swift (in target 'TPPDF' from project 'TPPDF')
    cd /Users/admin/builder/spi-builder-workspace/.swiftpm/xcode
    builtin-SwiftPerFileCompile PDFContext.swift
SwiftCompile normal arm64 /Users/admin/builder/spi-builder-workspace/.dependencies/checkouts/TPPDF/Source/Internal/Graphics/PDFContextGraphics.swift (in target 'TPPDF' from project 'TPPDF')
    cd /Users/admin/builder/spi-builder-workspace/.swiftpm/xcode
    builtin-SwiftPerFileCompile PDFContextGraphics.swift
/Users/admin/builder/spi-builder-workspace/.dependencies/checkouts/TPPDF/Source/Internal/Graphics/PDFContext.swift:83:58: error: extra argument 'flipped' in call
 81 |     func draw(image: CGImage, in frame: CGRect, flipped: Bool) {
 82 |         applyDelayedCommands()
 83 |         cgContext.draw(image: image, in: frame, flipped: flipped)
    |                                                          `- error: extra argument 'flipped' in call
 84 |         currentPageContainsDrawnContent = true
 85 |     }
/Users/admin/builder/spi-builder-workspace/.dependencies/checkouts/TPPDF/Source/Internal/Graphics/PDFContextGraphics.swift:29:68: error: cannot find type 'Image' in scope
27 |     }
28 |
29 |     static func getImage(from context: CGContext, size: CGSize) -> Image? {
   |                                                                    `- error: cannot find type 'Image' in scope
30 |         guard let cgImage = context.makeImage() else {
31 |             return nil
/Users/admin/builder/spi-builder-workspace/.dependencies/checkouts/TPPDF/Source/API/Utils/CrossPlattformGraphics.swift:247:22: error: cannot find type 'CGImage' in scope
245 |
246 | extension CGContext {
247 |     func draw(image: CGImage, in rect: CGRect, flipped: Bool) {
    |                      `- error: cannot find type 'CGImage' in scope
248 |         guard flipped else {
249 |             draw(image, in: rect)
SwiftExplicitDependencyGeneratePcm arm64 /Users/admin/builder/spi-builder-workspace/.derivedData/Build/Intermediates.noindex/SwiftExplicitPrecompiledModules/_SwiftSyntaxCShims-DGKN5B59Y829682EF9W6OBFOV.pcm
SwiftExplicitDependencyGeneratePcm arm64 /Users/admin/builder/spi-builder-workspace/.derivedData/SDKExplicitPrecompiledModules/_Builtin_inttypes-489CMR9E9YGXYB1ZU4Y2FSN2V.pcm
CompileC /Users/admin/builder/spi-builder-workspace/.derivedData/Build/Intermediates.noindex/cmark-gfm.build/Debug-appletvos/cmark-gfm-extensions-t.build/Objects-normal/arm64/tasklist.o /Users/admin/builder/spi-builder-workspace/.dependencies/checkouts/swift-cmark/extensions/tasklist.c normal arm64 c com.apple.compilers.llvm.clang.1_0.compiler (in target 'cmark-gfm-extensions' from project 'cmark-gfm')
    cd /Users/admin/builder/spi-builder-workspace/.swiftpm/xcode

    Using response file: /Users/admin/builder/spi-builder-workspace/.derivedData/Build/Intermediates.noindex/cmark-gfm.build/Debug-appletvos/cmark-gfm-extensions-t.build/Objects-normal/arm64/7187679823f38a2a940e0043cdf9d637-common-args.resp

    /Applications/Xcode-27.0.0-Release.Candidate.app/Contents/Developer/Toolchains/XcodeDefault.xctoolchain/usr/bin/clang -x c -ivfsstatcache /Users/admin/builder/spi-builder-workspace/.derivedData/SDKStatCaches.noindex/appletvos27.0-24J360-e829b21a6f8c9b70876ba0858053c044b32bfd8d43560033f8d89884cdb90028.sdkstatcache -target arm64-apple-tvos15.0 -fmessage-length\=0 -fdiagnostics-show-note-include-stack -fmacro-backtrace-limit\=0 -fno-color-diagnostics -fmodules-prune-interval\=86400 -fmodules-prune-after\=345600 -fbuild-session-file\=/Users/admin/builder/spi-builder-workspace/.derivedData/ModuleCache.noindex/Session.modulevalidation -fmodules-validate-once-per-build-session -Wnon-modular-include-in-framework-module -Werror\=non-modular-include-in-framework-module -Wno-trigraphs -Wno-missing-field-initializers -Wno-missing-prototypes -Wno-return-type -Wno-missing-braces -Wparentheses -Wswitch -Wno-unused-function -Wno-unused-label -Wno-unused-parameter -Wno-unused-variable -Wunused-value -Wno-empty-body -Wno-uninitialized -Wno-unknown-pragmas -w -Wno-shadow -Wno-four-char-constants -Wno-conversion -Wno-constant-conversion -Wno-int-conversion -Wno-bool-conversion -Wno-enum-conversion -Wno-float-conversion -Wno-non-literal-null-conversion -Wno-objc-literal-conversion -Wshorten-64-to-32 -Wpointer-sign -Wno-newline-eof -Wno-implicit-fallthrough -isysroot /Applications/Xcode-27.0.0-Release.Candidate.app/Contents/Developer/Platforms/AppleTVOS.platform/Developer/SDKs/AppleTVOS27.0.sdk -fstrict-aliasing -Wdeprecated-declarations -Wno-sign-conversion -Wno-infinite-recursion -Wno-comma -Wno-block-capture-autoreleasing -Wno-strict-prototypes -Wno-semicolon-before-method-body -index-store-path /Users/admin/builder/spi-builder-workspace/.derivedData/Index.noindex/DataStore @/Users/admin/builder/spi-builder-workspace/.derivedData/Build/Intermediates.noindex/cmark-gfm.build/Debug-appletvos/cmark-gfm-extensions-t.build/Objects-normal/arm64/7187679823f38a2a940e0043cdf9d637-common-args.resp -MMD -MT dependencies -MF /Users/admin/builder/spi-builder-workspace/.derivedData/Build/Intermediates.noindex/cmark-gfm.build/Debug-appletvos/cmark-gfm-extensions-t.build/Objects-normal/arm64/tasklist.d --serialize-diagnostics /Users/admin/builder/spi-builder-workspace/.derivedData/Build/Intermediates.noindex/cmark-gfm.build/Debug-appletvos/cmark-gfm-extensions-t.build/Objects-normal/arm64/tasklist.dia -c /Users/admin/builder/spi-builder-workspace/.dependencies/checkouts/swift-cmark/extensions/tasklist.c -o /Users/admin/builder/spi-builder-workspace/.derivedData/Build/Intermediates.noindex/cmark-gfm.build/Debug-appletvos/cmark-gfm-extensions-t.build/Objects-normal/arm64/tasklist.o -index-unit-output-path /cmark-gfm.build/Debug-appletvos/cmark-gfm-extensions-t.build/Objects-normal/arm64/tasklist.o
CompileC /Users/admin/builder/spi-builder-workspace/.derivedData/Build/Intermediates.noindex/cmark-gfm.build/Debug-appletvos/cmark-gfm-extensions-t.build/Objects-normal/arm64/tagfilter.o /Users/admin/builder/spi-builder-workspace/.dependencies/checkouts/swift-cmark/extensions/tagfilter.c normal arm64 c com.apple.compilers.llvm.clang.1_0.compiler (in target 'cmark-gfm-extensions' from project 'cmark-gfm')
    cd /Users/admin/builder/spi-builder-workspace/.swiftpm/xcode

    Using response file: /Users/admin/builder/spi-builder-workspace/.derivedData/Build/Intermediates.noindex/cmark-gfm.build/Debug-appletvos/cmark-gfm-extensions-t.build/Objects-normal/arm64/7187679823f38a2a940e0043cdf9d637-common-args.resp

    /Applications/Xcode-27.0.0-Release.Candidate.app/Contents/Developer/Toolchains/XcodeDefault.xctoolchain/usr/bin/clang -x c -ivfsstatcache /Users/admin/builder/spi-builder-workspace/.derivedData/SDKStatCaches.noindex/appletvos27.0-24J360-e829b21a6f8c9b70876ba0858053c044b32bfd8d43560033f8d89884cdb90028.sdkstatcache -target arm64-apple-tvos15.0 -fmessage-length\=0 -fdiagnostics-show-note-include-stack -fmacro-backtrace-limit\=0 -fno-color-diagnostics -fmodules-prune-interval\=86400 -fmodules-prune-after\=345600 -fbuild-session-file\=/Users/admin/builder/spi-builder-workspace/.derivedData/ModuleCache.noindex/Session.modulevalidation -fmodules-validate-once-per-build-session -Wnon-modular-include-in-framework-module -Werror\=non-modular-include-in-framework-module -Wno-trigraphs -Wno-missing-field-initializers -Wno-missing-prototypes -Wno-return-type -Wno-missing-braces -Wparentheses -Wswitch -Wno-unused-function -Wno-unused-label -Wno-unused-parameter -Wno-unused-variable -Wunused-value -Wno-empty-body -Wno-uninitialized -Wno-unknown-pragmas -w -Wno-shadow -Wno-four-char-constants -Wno-conversion -Wno-constant-conversion -Wno-int-conversion -Wno-bool-conversion -Wno-enum-conversion -Wno-float-conversion -Wno-non-literal-null-conversion -Wno-objc-literal-conversion -Wshorten-64-to-32 -Wpointer-sign -Wno-newline-eof -Wno-implicit-fallthrough -isysroot /Applications/Xcode-27.0.0-Release.Candidate.app/Contents/Developer/Platforms/AppleTVOS.platform/Developer/SDKs/AppleTVOS27.0.sdk -fstrict-aliasing -Wdeprecated-declarations -Wno-sign-conversion -Wno-infinite-recursion -Wno-comma -Wno-block-capture-autoreleasing -Wno-strict-prototypes -Wno-semicolon-before-method-body -index-store-path /Users/admin/builder/spi-builder-workspace/.derivedData/Index.noindex/DataStore @/Users/admin/builder/spi-builder-workspace/.derivedData/Build/Intermediates.noindex/cmark-gfm.build/Debug-appletvos/cmark-gfm-extensions-t.build/Objects-normal/arm64/7187679823f38a2a940e0043cdf9d637-common-args.resp -MMD -MT dependencies -MF /Users/admin/builder/spi-builder-workspace/.derivedData/Build/Intermediates.noindex/cmark-gfm.build/Debug-appletvos/cmark-gfm-extensions-t.build/Objects-normal/arm64/tagfilter.d --serialize-diagnostics /Users/admin/builder/spi-builder-workspace/.derivedData/Build/Intermediates.noindex/cmark-gfm.build/Debug-appletvos/cmark-gfm-extensions-t.build/Objects-normal/arm64/tagfilter.dia -c /Users/admin/builder/spi-builder-workspace/.dependencies/checkouts/swift-cmark/extensions/tagfilter.c -o /Users/admin/builder/spi-builder-workspace/.derivedData/Build/Intermediates.noindex/cmark-gfm.build/Debug-appletvos/cmark-gfm-extensions-t.build/Objects-normal/arm64/tagfilter.o -index-unit-output-path /cmark-gfm.build/Debug-appletvos/cmark-gfm-extensions-t.build/Objects-normal/arm64/tagfilter.o
Ld /Users/admin/builder/spi-builder-workspace/.derivedData/Build/Products/Debug-appletvos/cmark-gfm.o normal (in target 'cmark-gfm' from project 'cmark-gfm')
    cd /Users/admin/builder/spi-builder-workspace/.dependencies/checkouts/swift-cmark
    /Applications/Xcode-27.0.0-Release.Candidate.app/Contents/Developer/Toolchains/XcodeDefault.xctoolchain/usr/bin/clang -Xlinker -reproducible -target arm64-apple-tvos15.0 -r -isysroot /Applications/Xcode-27.0.0-Release.Candidate.app/Contents/Developer/Platforms/AppleTVOS.platform/Developer/SDKs/AppleTVOS27.0.sdk -O0 -w -Xlinker -no_warn_duplicate_libraries -F/Users/admin/builder/spi-builder-workspace/.derivedData/Build/Intermediates.noindex/EagerLinkingTBDs/Debug-appletvos -F/Users/admin/builder/spi-builder-workspace/.derivedData/Build/Products/Debug-appletvos -iframework /Applications/Xcode-27.0.0-Release.Candidate.app/Contents/Developer/Platforms/AppleTVOS.platform/Developer/Library/Frameworks -iframework /Applications/Xcode-27.0.0-Release.Candidate.app/Contents/Developer/Platforms/AppleTVOS.platform/Developer/SDKs/AppleTVOS27.0.sdk/Developer/Library/Frameworks -filelist /Users/admin/builder/spi-builder-workspace/.derivedData/Build/Intermediates.noindex/cmark-gfm.build/Debug-appletvos/cmark-gfm-t.build/Objects-normal/arm64/cmark-gfm.LinkFileList -nostdlib -Xlinker -object_path_lto -Xlinker /Users/admin/builder/spi-builder-workspace/.derivedData/Build/Intermediates.noindex/cmark-gfm.build/Debug-appletvos/cmark-gfm-t.build/Objects-normal/arm64/cmark-gfm_lto.o -Xlinker -no_deduplicate -Xlinker -debug_variant -Xlinker -dependency_info -Xlinker /Users/admin/builder/spi-builder-workspace/.derivedData/Build/Intermediates.noindex/cmark-gfm.build/Debug-appletvos/cmark-gfm-t.build/Objects-normal/arm64/cmark-gfm_dependency_info.dat -o /Users/admin/builder/spi-builder-workspace/.derivedData/Build/Products/Debug-appletvos/cmark-gfm.o
CompileC /Users/admin/builder/spi-builder-workspace/.derivedData/Build/Intermediates.noindex/cmark-gfm.build/Debug-appletvos/cmark-gfm-extensions-t.build/Objects-normal/arm64/table.o /Users/admin/builder/spi-builder-workspace/.dependencies/checkouts/swift-cmark/extensions/table.c normal arm64 c com.apple.compilers.llvm.clang.1_0.compiler (in target 'cmark-gfm-extensions' from project 'cmark-gfm')
    cd /Users/admin/builder/spi-builder-workspace/.swiftpm/xcode

    Using response file: /Users/admin/builder/spi-builder-workspace/.derivedData/Build/Intermediates.noindex/cmark-gfm.build/Debug-appletvos/cmark-gfm-extensions-t.build/Objects-normal/arm64/7187679823f38a2a940e0043cdf9d637-common-args.resp

    /Applications/Xcode-27.0.0-Release.Candidate.app/Contents/Developer/Toolchains/XcodeDefault.xctoolchain/usr/bin/clang -x c -ivfsstatcache /Users/admin/builder/spi-builder-workspace/.derivedData/SDKStatCaches.noindex/appletvos27.0-24J360-e829b21a6f8c9b70876ba0858053c044b32bfd8d43560033f8d89884cdb90028.sdkstatcache -target arm64-apple-tvos15.0 -fmessage-length\=0 -fdiagnostics-show-note-include-stack -fmacro-backtrace-limit\=0 -fno-color-diagnostics -fmodules-prune-interval\=86400 -fmodules-prune-after\=345600 -fbuild-session-file\=/Users/admin/builder/spi-builder-workspace/.derivedData/ModuleCache.noindex/Session.modulevalidation -fmodules-validate-once-per-build-session -Wnon-modular-include-in-framework-module -Werror\=non-modular-include-in-framework-module -Wno-trigraphs -Wno-missing-field-initializers -Wno-missing-prototypes -Wno-return-type -Wno-missing-braces -Wparentheses -Wswitch -Wno-unused-function -Wno-unused-label -Wno-unused-parameter -Wno-unused-variable -Wunused-value -Wno-empty-body -Wno-uninitialized -Wno-unknown-pragmas -w -Wno-shadow -Wno-four-char-constants -Wno-conversion -Wno-constant-conversion -Wno-int-conversion -Wno-bool-conversion -Wno-enum-conversion -Wno-float-conversion -Wno-non-literal-null-conversion -Wno-objc-literal-conversion -Wshorten-64-to-32 -Wpointer-sign -Wno-newline-eof -Wno-implicit-fallthrough -isysroot /Applications/Xcode-27.0.0-Release.Candidate.app/Contents/Developer/Platforms/AppleTVOS.platform/Developer/SDKs/AppleTVOS27.0.sdk -fstrict-aliasing -Wdeprecated-declarations -Wno-sign-conversion -Wno-infinite-recursion -Wno-comma -Wno-block-capture-autoreleasing -Wno-strict-prototypes -Wno-semicolon-before-method-body -index-store-path /Users/admin/builder/spi-builder-workspace/.derivedData/Index.noindex/DataStore @/Users/admin/builder/spi-builder-workspace/.derivedData/Build/Intermediates.noindex/cmark-gfm.build/Debug-appletvos/cmark-gfm-extensions-t.build/Objects-normal/arm64/7187679823f38a2a940e0043cdf9d637-common-args.resp -MMD -MT dependencies -MF /Users/admin/builder/spi-builder-workspace/.derivedData/Build/Intermediates.noindex/cmark-gfm.build/Debug-appletvos/cmark-gfm-extensions-t.build/Objects-normal/arm64/table.d --serialize-diagnostics /Users/admin/builder/spi-builder-workspace/.derivedData/Build/Intermediates.noindex/cmark-gfm.build/Debug-appletvos/cmark-gfm-extensions-t.build/Objects-normal/arm64/table.dia -c /Users/admin/builder/spi-builder-workspace/.dependencies/checkouts/swift-cmark/extensions/table.c -o /Users/admin/builder/spi-builder-workspace/.derivedData/Build/Intermediates.noindex/cmark-gfm.build/Debug-appletvos/cmark-gfm-extensions-t.build/Objects-normal/arm64/table.o -index-unit-output-path /cmark-gfm.build/Debug-appletvos/cmark-gfm-extensions-t.build/Objects-normal/arm64/table.o
SwiftExplicitDependencyGeneratePcm arm64 /Users/admin/builder/spi-builder-workspace/.derivedData/SDKExplicitPrecompiledModules/Darwin-4SSYTF9FPWUAJVNBQDXTH3HIS.pcm
CompileC /Users/admin/builder/spi-builder-workspace/.derivedData/Build/Intermediates.noindex/cmark-gfm.build/Debug-appletvos/cmark-gfm-extensions-t.build/Objects-normal/arm64/strikethrough.o /Users/admin/builder/spi-builder-workspace/.dependencies/checkouts/swift-cmark/extensions/strikethrough.c normal arm64 c com.apple.compilers.llvm.clang.1_0.compiler (in target 'cmark-gfm-extensions' from project 'cmark-gfm')
    cd /Users/admin/builder/spi-builder-workspace/.swiftpm/xcode

    Using response file: /Users/admin/builder/spi-builder-workspace/.derivedData/Build/Intermediates.noindex/cmark-gfm.build/Debug-appletvos/cmark-gfm-extensions-t.build/Objects-normal/arm64/7187679823f38a2a940e0043cdf9d637-common-args.resp

    /Applications/Xcode-27.0.0-Release.Candidate.app/Contents/Developer/Toolchains/XcodeDefault.xctoolchain/usr/bin/clang -x c -ivfsstatcache /Users/admin/builder/spi-builder-workspace/.derivedData/SDKStatCaches.noindex/appletvos27.0-24J360-e829b21a6f8c9b70876ba0858053c044b32bfd8d43560033f8d89884cdb90028.sdkstatcache -target arm64-apple-tvos15.0 -fmessage-length\=0 -fdiagnostics-show-note-include-stack -fmacro-backtrace-limit\=0 -fno-color-diagnostics -fmodules-prune-interval\=86400 -fmodules-prune-after\=345600 -fbuild-session-file\=/Users/admin/builder/spi-builder-workspace/.derivedData/ModuleCache.noindex/Session.modulevalidation -fmodules-validate-once-per-build-session -Wnon-modular-include-in-framework-module -Werror\=non-modular-include-in-framework-module -Wno-trigraphs -Wno-missing-field-initializers -Wno-missing-prototypes -Wno-return-type -Wno-missing-braces -Wparentheses -Wswitch -Wno-unused-function -Wno-unused-label -Wno-unused-parameter -Wno-unused-variable -Wunused-value -Wno-empty-body -Wno-uninitialized -Wno-unknown-pragmas -w -Wno-shadow -Wno-four-char-constants -Wno-conversion -Wno-constant-conversion -Wno-int-conversion -Wno-bool-conversion -Wno-enum-conversion -Wno-float-conversion -Wno-non-literal-null-conversion -Wno-objc-literal-conversion -Wshorten-64-to-32 -Wpointer-sign -Wno-newline-eof -Wno-implicit-fallthrough -isysroot /Applications/Xcode-27.0.0-Release.Candidate.app/Contents/Developer/Platforms/AppleTVOS.platform/Developer/SDKs/AppleTVOS27.0.sdk -fstrict-aliasing -Wdeprecated-declarations -Wno-sign-conversion -Wno-infinite-recursion -Wno-comma -Wno-block-capture-autoreleasing -Wno-strict-prototypes -Wno-semicolon-before-method-body -index-store-path /Users/admin/builder/spi-builder-workspace/.derivedData/Index.noindex/DataStore @/Users/admin/builder/spi-builder-workspace/.derivedData/Build/Intermediates.noindex/cmark-gfm.build/Debug-appletvos/cmark-gfm-extensions-t.build/Objects-normal/arm64/7187679823f38a2a940e0043cdf9d637-common-args.resp -MMD -MT dependencies -MF /Users/admin/builder/spi-builder-workspace/.derivedData/Build/Intermediates.noindex/cmark-gfm.build/Debug-appletvos/cmark-gfm-extensions-t.build/Objects-normal/arm64/strikethrough.d --serialize-diagnostics /Users/admin/builder/spi-builder-workspace/.derivedData/Build/Intermediates.noindex/cmark-gfm.build/Debug-appletvos/cmark-gfm-extensions-t.build/Objects-normal/arm64/strikethrough.dia -c /Users/admin/builder/spi-builder-workspace/.dependencies/checkouts/swift-cmark/extensions/strikethrough.c -o /Users/admin/builder/spi-builder-workspace/.derivedData/Build/Intermediates.noindex/cmark-gfm.build/Debug-appletvos/cmark-gfm-extensions-t.build/Objects-normal/arm64/strikethrough.o -index-unit-output-path /cmark-gfm.build/Debug-appletvos/cmark-gfm-extensions-t.build/Objects-normal/arm64/strikethrough.o
CompileC /Users/admin/builder/spi-builder-workspace/.derivedData/Build/Intermediates.noindex/cmark-gfm.build/Debug-appletvos/cmark-gfm-extensions-t.build/Objects-normal/arm64/ext_scanners.o /Users/admin/builder/spi-builder-workspace/.dependencies/checkouts/swift-cmark/extensions/ext_scanners.c normal arm64 c com.apple.compilers.llvm.clang.1_0.compiler (in target 'cmark-gfm-extensions' from project 'cmark-gfm')
    cd /Users/admin/builder/spi-builder-workspace/.swiftpm/xcode

    Using response file: /Users/admin/builder/spi-builder-workspace/.derivedData/Build/Intermediates.noindex/cmark-gfm.build/Debug-appletvos/cmark-gfm-extensions-t.build/Objects-normal/arm64/7187679823f38a2a940e0043cdf9d637-common-args.resp

    /Applications/Xcode-27.0.0-Release.Candidate.app/Contents/Developer/Toolchains/XcodeDefault.xctoolchain/usr/bin/clang -x c -ivfsstatcache /Users/admin/builder/spi-builder-workspace/.derivedData/SDKStatCaches.noindex/appletvos27.0-24J360-e829b21a6f8c9b70876ba0858053c044b32bfd8d43560033f8d89884cdb90028.sdkstatcache -target arm64-apple-tvos15.0 -fmessage-length\=0 -fdiagnostics-show-note-include-stack -fmacro-backtrace-limit\=0 -fno-color-diagnostics -fmodules-prune-interval\=86400 -fmodules-prune-after\=345600 -fbuild-session-file\=/Users/admin/builder/spi-builder-workspace/.derivedData/ModuleCache.noindex/Session.modulevalidation -fmodules-validate-once-per-build-session -Wnon-modular-include-in-framework-module -Werror\=non-modular-include-in-framework-module -Wno-trigraphs -Wno-missing-field-initializers -Wno-missing-prototypes -Wno-return-type -Wno-missing-braces -Wparentheses -Wswitch -Wno-unused-function -Wno-unused-label -Wno-unused-parameter -Wno-unused-variable -Wunused-value -Wno-empty-body -Wno-uninitialized -Wno-unknown-pragmas -w -Wno-shadow -Wno-four-char-constants -Wno-conversion -Wno-constant-conversion -Wno-int-conversion -Wno-bool-conversion -Wno-enum-conversion -Wno-float-conversion -Wno-non-literal-null-conversion -Wno-objc-literal-conversion -Wshorten-64-to-32 -Wpointer-sign -Wno-newline-eof -Wno-implicit-fallthrough -isysroot /Applications/Xcode-27.0.0-Release.Candidate.app/Contents/Developer/Platforms/AppleTVOS.platform/Developer/SDKs/AppleTVOS27.0.sdk -fstrict-aliasing -Wdeprecated-declarations -Wno-sign-conversion -Wno-infinite-recursion -Wno-comma -Wno-block-capture-autoreleasing -Wno-strict-prototypes -Wno-semicolon-before-method-body -index-store-path /Users/admin/builder/spi-builder-workspace/.derivedData/Index.noindex/DataStore @/Users/admin/builder/spi-builder-workspace/.derivedData/Build/Intermediates.noindex/cmark-gfm.build/Debug-appletvos/cmark-gfm-extensions-t.build/Objects-normal/arm64/7187679823f38a2a940e0043cdf9d637-common-args.resp -MMD -MT dependencies -MF /Users/admin/builder/spi-builder-workspace/.derivedData/Build/Intermediates.noindex/cmark-gfm.build/Debug-appletvos/cmark-gfm-extensions-t.build/Objects-normal/arm64/ext_scanners.d --serialize-diagnostics /Users/admin/builder/spi-builder-workspace/.derivedData/Build/Intermediates.noindex/cmark-gfm.build/Debug-appletvos/cmark-gfm-extensions-t.build/Objects-normal/arm64/ext_scanners.dia -c /Users/admin/builder/spi-builder-workspace/.dependencies/checkouts/swift-cmark/extensions/ext_scanners.c -o /Users/admin/builder/spi-builder-workspace/.derivedData/Build/Intermediates.noindex/cmark-gfm.build/Debug-appletvos/cmark-gfm-extensions-t.build/Objects-normal/arm64/ext_scanners.o -index-unit-output-path /cmark-gfm.build/Debug-appletvos/cmark-gfm-extensions-t.build/Objects-normal/arm64/ext_scanners.o
CompileC /Users/admin/builder/spi-builder-workspace/.derivedData/Build/Intermediates.noindex/cmark-gfm.build/Debug-appletvos/cmark-gfm-extensions-t.build/Objects-normal/arm64/core-extensions.o /Users/admin/builder/spi-builder-workspace/.dependencies/checkouts/swift-cmark/extensions/core-extensions.c normal arm64 c com.apple.compilers.llvm.clang.1_0.compiler (in target 'cmark-gfm-extensions' from project 'cmark-gfm')
    cd /Users/admin/builder/spi-builder-workspace/.swiftpm/xcode

    Using response file: /Users/admin/builder/spi-builder-workspace/.derivedData/Build/Intermediates.noindex/cmark-gfm.build/Debug-appletvos/cmark-gfm-extensions-t.build/Objects-normal/arm64/7187679823f38a2a940e0043cdf9d637-common-args.resp

    /Applications/Xcode-27.0.0-Release.Candidate.app/Contents/Developer/Toolchains/XcodeDefault.xctoolchain/usr/bin/clang -x c -ivfsstatcache /Users/admin/builder/spi-builder-workspace/.derivedData/SDKStatCaches.noindex/appletvos27.0-24J360-e829b21a6f8c9b70876ba0858053c044b32bfd8d43560033f8d89884cdb90028.sdkstatcache -target arm64-apple-tvos15.0 -fmessage-length\=0 -fdiagnostics-show-note-include-stack -fmacro-backtrace-limit\=0 -fno-color-diagnostics -fmodules-prune-interval\=86400 -fmodules-prune-after\=345600 -fbuild-session-file\=/Users/admin/builder/spi-builder-workspace/.derivedData/ModuleCache.noindex/Session.modulevalidation -fmodules-validate-once-per-build-session -Wnon-modular-include-in-framework-module -Werror\=non-modular-include-in-framework-module -Wno-trigraphs -Wno-missing-field-initializers -Wno-missing-prototypes -Wno-return-type -Wno-missing-braces -Wparentheses -Wswitch -Wno-unused-function -Wno-unused-label -Wno-unused-parameter -Wno-unused-variable -Wunused-value -Wno-empty-body -Wno-uninitialized -Wno-unknown-pragmas -w -Wno-shadow -Wno-four-char-constants -Wno-conversion -Wno-constant-conversion -Wno-int-conversion -Wno-bool-conversion -Wno-enum-conversion -Wno-float-conversion -Wno-non-literal-null-conversion -Wno-objc-literal-conversion -Wshorten-64-to-32 -Wpointer-sign -Wno-newline-eof -Wno-implicit-fallthrough -isysroot /Applications/Xcode-27.0.0-Release.Candidate.app/Contents/Developer/Platforms/AppleTVOS.platform/Developer/SDKs/AppleTVOS27.0.sdk -fstrict-aliasing -Wdeprecated-declarations -Wno-sign-conversion -Wno-infinite-recursion -Wno-comma -Wno-block-capture-autoreleasing -Wno-strict-prototypes -Wno-semicolon-before-method-body -index-store-path /Users/admin/builder/spi-builder-workspace/.derivedData/Index.noindex/DataStore @/Users/admin/builder/spi-builder-workspace/.derivedData/Build/Intermediates.noindex/cmark-gfm.build/Debug-appletvos/cmark-gfm-extensions-t.build/Objects-normal/arm64/7187679823f38a2a940e0043cdf9d637-common-args.resp -MMD -MT dependencies -MF /Users/admin/builder/spi-builder-workspace/.derivedData/Build/Intermediates.noindex/cmark-gfm.build/Debug-appletvos/cmark-gfm-extensions-t.build/Objects-normal/arm64/core-extensions.d --serialize-diagnostics /Users/admin/builder/spi-builder-workspace/.derivedData/Build/Intermediates.noindex/cmark-gfm.build/Debug-appletvos/cmark-gfm-extensions-t.build/Objects-normal/arm64/core-extensions.dia -c /Users/admin/builder/spi-builder-workspace/.dependencies/checkouts/swift-cmark/extensions/core-extensions.c -o /Users/admin/builder/spi-builder-workspace/.derivedData/Build/Intermediates.noindex/cmark-gfm.build/Debug-appletvos/cmark-gfm-extensions-t.build/Objects-normal/arm64/core-extensions.o -index-unit-output-path /cmark-gfm.build/Debug-appletvos/cmark-gfm-extensions-t.build/Objects-normal/arm64/core-extensions.o
PrecompileModule /Users/admin/builder/spi-builder-workspace/.derivedData/Build/Intermediates.noindex/ExplicitPrecompiledModules/Darwin-5T9V3RBKHWLTZRH07YF5UQNLG.scan
    cd /
    builtin-precompileModule /Users/admin/builder/spi-builder-workspace/.derivedData/Build/Intermediates.noindex/ExplicitPrecompiledModules/Darwin-5T9V3RBKHWLTZRH07YF5UQNLG.scan
PrecompileModule /Users/admin/builder/spi-builder-workspace/.derivedData/Build/Intermediates.noindex/ExplicitPrecompiledModules/_DarwinFoundation2-1D5Z5AASQ3UELCP2N3TG2IE5B.scan
    cd /
    builtin-precompileModule /Users/admin/builder/spi-builder-workspace/.derivedData/Build/Intermediates.noindex/ExplicitPrecompiledModules/_DarwinFoundation2-1D5Z5AASQ3UELCP2N3TG2IE5B.scan
PrecompileModule /Users/admin/builder/spi-builder-workspace/.derivedData/Build/Intermediates.noindex/ExplicitPrecompiledModules/_Builtin_limits-2BZZSGD6YSDHW5AVT9LKUUHA0.scan
    cd /
    builtin-precompileModule /Users/admin/builder/spi-builder-workspace/.derivedData/Build/Intermediates.noindex/ExplicitPrecompiledModules/_Builtin_limits-2BZZSGD6YSDHW5AVT9LKUUHA0.scan
SwiftCompile normal arm64 Compiling\ PDFGraphics.swift,\ PDFLineObject.swift,\ PDFLineSeparatorObject+Equatable.swift,\ PDFLineSeparatorObject.swift,\ PDFRectangleObject.swift,\ UIColor+CloseToEqual.swift,\ PDFGroupObject.swift,\ PDFImageObject.swift,\ PDFImageRowObject.swift,\ PDFColumnLayoutState.swift,\ PDFIndentationObject+Equatable.swift,\ PDFIndentationObject.swift,\ PDFLayout+Equatable.swift,\ PDFLayout.swift /Users/admin/builder/spi-builder-workspace/.dependencies/checkouts/TPPDF/Source/Internal/Graphics/PDFGraphics.swift /Users/admin/builder/spi-builder-workspace/.dependencies/checkouts/TPPDF/Source/Internal/Graphics/PDFLineObject.swift /Users/admin/builder/spi-builder-workspace/.dependencies/checkouts/TPPDF/Source/Internal/Graphics/PDFLineSeparatorObject+Equatable.swift /Users/admin/builder/spi-builder-workspace/.dependencies/checkouts/TPPDF/Source/Internal/Graphics/PDFLineSeparatorObject.swift /Users/admin/builder/spi-builder-workspace/.dependencies/checkouts/TPPDF/Source/Internal/Graphics/PDFRectangleObject.swift /Users/admin/builder/spi-builder-workspace/.dependencies/checkouts/TPPDF/Source/Internal/Graphics/UIColor+CloseToEqual.swift /Users/admin/builder/spi-builder-workspace/.dependencies/checkouts/TPPDF/Source/Internal/Group/PDFGroupObject.swift /Users/admin/builder/spi-builder-workspace/.dependencies/checkouts/TPPDF/Source/Internal/Image/PDFImageObject.swift /Users/admin/builder/spi-builder-workspace/.dependencies/checkouts/TPPDF/Source/Internal/Image/PDFImageRowObject.swift /Users/admin/builder/spi-builder-workspace/.dependencies/checkouts/TPPDF/Source/Internal/Layout/PDFColumnLayoutState.swift /Users/admin/builder/spi-builder-workspace/.dependencies/checkouts/TPPDF/Source/Internal/Layout/PDFIndentationObject+Equatable.swift /Users/admin/builder/spi-builder-workspace/.dependencies/checkouts/TPPDF/Source/Internal/Layout/PDFIndentationObject.swift /Users/admin/builder/spi-builder-workspace/.dependencies/checkouts/TPPDF/Source/Internal/Layout/PDFLayout+Equatable.swift /Users/admin/builder/spi-builder-workspace/.dependencies/checkouts/TPPDF/Source/Internal/Layout/PDFLayout.swift (in target 'TPPDF' from project 'TPPDF')
/Users/admin/builder/spi-builder-workspace/.dependencies/checkouts/TPPDF/Source/Internal/Graphics/PDFGraphics.swift:36:57: error: cannot find type 'CGPoint' in scope
 34 |      - Parameter style: Style of drawn line
 35 |      */
 36 |     static func drawLine(in context: PDFContext, start: CGPoint, end: CGPoint, style: PDFLineStyle) {
    |                                                         `- error: cannot find type 'CGPoint' in scope
 37 |         guard style.type != .none else {
 38 |             return
/Users/admin/builder/spi-builder-workspace/.dependencies/checkouts/TPPDF/Source/Internal/Graphics/PDFGraphics.swift:36:71: error: cannot find type 'CGPoint' in scope
 34 |      - Parameter style: Style of drawn line
 35 |      */
 36 |     static func drawLine(in context: PDFContext, start: CGPoint, end: CGPoint, style: PDFLineStyle) {
    |                                                                       `- error: cannot find type 'CGPoint' in scope
 37 |         guard style.type != .none else {
 38 |             return
/Users/admin/builder/spi-builder-workspace/.dependencies/checkouts/TPPDF/Source/Internal/Graphics/PDFGraphics.swift:59:56: error: cannot find type 'CGRect' in scope
 57 |      - Parameter fill: Inner color
 58 |      */
 59 |     static func drawRect(in context: PDFContext, rect: CGRect, outline: PDFLineStyle, fill: Color = .clear) {
    |                                                        `- error: cannot find type 'CGRect' in scope
 60 |         var path = BezierPath(rect: rect)
 61 |         if let radius = outline.radius {
/Users/admin/builder/spi-builder-workspace/.dependencies/checkouts/TPPDF/Source/Internal/Graphics/PDFGraphics.swift:59:93: error: cannot find type 'Color' in scope
 57 |      - Parameter fill: Inner color
 58 |      */
 59 |     static func drawRect(in context: PDFContext, rect: CGRect, outline: PDFLineStyle, fill: Color = .clear) {
    |                                                                                             `- error: cannot find type 'Color' in scope
 60 |         var path = BezierPath(rect: rect)
 61 |         if let radius = outline.radius {
/Users/admin/builder/spi-builder-workspace/.dependencies/checkouts/TPPDF/Source/Internal/Graphics/PDFGraphics.swift:76:56: error: cannot find type 'CGRect' in scope
 74 |      - Parameter fill: Inner color
 75 |      */
 76 |     static func drawRect(in context: PDFContext, rect: CGRect, outline: PDFLineStyle, pattern: FillPattern) {
    |                                                        `- error: cannot find type 'CGRect' in scope
 77 |         var path = BezierPath(rect: rect)
 78 |         if let radius = outline.radius {
/Users/admin/builder/spi-builder-workspace/.dependencies/checkouts/TPPDF/Source/Internal/Graphics/PDFGraphics.swift:97:32: error: cannot find type 'BezierPath' in scope
 95 |      *     - fillColor: ``Color`` used to fill the shape
 96 |      */
 97 |     static func drawPath(path: BezierPath, in context: PDFContext, outline: PDFLineStyle, fillColor: Color) {
    |                                `- error: cannot find type 'BezierPath' in scope
 98 |         prepareForDrawingPath(path: path.cgPath, in: context, strokeStyle: outline)
 99 |         context.setFillColor(fillColor.cgColor)
/Users/admin/builder/spi-builder-workspace/.dependencies/checkouts/TPPDF/Source/Internal/Graphics/PDFGraphics.swift:97:102: error: cannot find type 'Color' in scope
 95 |      *     - fillColor: ``Color`` used to fill the shape
 96 |      */
 97 |     static func drawPath(path: BezierPath, in context: PDFContext, outline: PDFLineStyle, fillColor: Color) {
    |                                                                                                      `- error: cannot find type 'Color' in scope
 98 |         prepareForDrawingPath(path: path.cgPath, in: context, strokeStyle: outline)
 99 |         context.setFillColor(fillColor.cgColor)
/Users/admin/builder/spi-builder-workspace/.dependencies/checkouts/TPPDF/Source/Internal/Graphics/PDFGraphics.swift:106:45: error: cannot find type 'CGPath' in scope
104 |      * Helper method to prepare the graphics context `context` to draw the given `path`
105 |      */
106 |     static func prepareForDrawingPath(path: CGPath, in context: PDFContext, strokeStyle: PDFLineStyle) {
    |                                             `- error: cannot find type 'CGPath' in scope
107 |         context.beginPath()
108 |         context.addPath(path)
/Users/admin/builder/spi-builder-workspace/.dependencies/checkouts/TPPDF/Source/Internal/Graphics/PDFGraphics.swift:128:65: error: cannot find type 'CGFloat' in scope
126 |      - Returns: Array with dash values
127 |      */
128 |     static func createDashes(style: PDFLineStyle) -> (lengths: [CGFloat], cap: CGLineCap)? {
    |                                                                 `- error: cannot find type 'CGFloat' in scope
129 |         switch style.type {
130 |         case .dashed:
/Users/admin/builder/spi-builder-workspace/.dependencies/checkouts/TPPDF/Source/Internal/Graphics/PDFGraphics.swift:128:80: error: cannot find type 'CGLineCap' in scope
126 |      - Returns: Array with dash values
127 |      */
128 |     static func createDashes(style: PDFLineStyle) -> (lengths: [CGFloat], cap: CGLineCap)? {
    |                                                                                `- error: cannot find type 'CGLineCap' in scope
129 |         switch style.type {
130 |         case .dashed:
/Users/admin/builder/spi-builder-workspace/.dependencies/checkouts/TPPDF/Source/Internal/Graphics/PDFGraphics.swift:157:104: error: cannot find type 'Image' in scope
155 |                                        shouldResize: Bool, shouldCompress: Bool,
156 |                                        quality: CGFloat,
157 |                                        roundCorners: RectCorner = [], cornerRadius: CGFloat? = nil) -> Image {
    |                                                                                                        `- error: cannot find type 'Image' in scope
158 |         var finalImage = image
159 |
/Users/admin/builder/spi-builder-workspace/.dependencies/checkouts/TPPDF/Source/Internal/Graphics/PDFGraphics.swift:154:47: error: cannot find type 'Image' in scope
152 |      - Returns: Resized, compressed and rounded copy of `image`
153 |      */
154 |     static func resizeAndCompressImage(image: Image, frame: CGRect,
    |                                               `- error: cannot find type 'Image' in scope
155 |                                        shouldResize: Bool, shouldCompress: Bool,
156 |                                        quality: CGFloat,
/Users/admin/builder/spi-builder-workspace/.dependencies/checkouts/TPPDF/Source/Internal/Graphics/PDFGraphics.swift:154:61: error: cannot find type 'CGRect' in scope
152 |      - Returns: Resized, compressed and rounded copy of `image`
153 |      */
154 |     static func resizeAndCompressImage(image: Image, frame: CGRect,
    |                                                             `- error: cannot find type 'CGRect' in scope
155 |                                        shouldResize: Bool, shouldCompress: Bool,
156 |                                        quality: CGFloat,
/Users/admin/builder/spi-builder-workspace/.dependencies/checkouts/TPPDF/Source/Internal/Graphics/PDFGraphics.swift:156:49: error: cannot find type 'CGFloat' in scope
154 |     static func resizeAndCompressImage(image: Image, frame: CGRect,
155 |                                        shouldResize: Bool, shouldCompress: Bool,
156 |                                        quality: CGFloat,
    |                                                 `- error: cannot find type 'CGFloat' in scope
157 |                                        roundCorners: RectCorner = [], cornerRadius: CGFloat? = nil) -> Image {
158 |         var finalImage = image
/Users/admin/builder/spi-builder-workspace/.dependencies/checkouts/TPPDF/Source/Internal/Graphics/PDFGraphics.swift:157:54: error: cannot find type 'RectCorner' in scope
155 |                                        shouldResize: Bool, shouldCompress: Bool,
156 |                                        quality: CGFloat,
157 |                                        roundCorners: RectCorner = [], cornerRadius: CGFloat? = nil) -> Image {
    |                                                      `- error: cannot find type 'RectCorner' in scope
158 |         var finalImage = image
159 |
/Users/admin/builder/spi-builder-workspace/.dependencies/checkouts/TPPDF/Source/Internal/Graphics/PDFGraphics.swift:157:85: error: cannot find type 'CGFloat' in scope
155 |                                        shouldResize: Bool, shouldCompress: Bool,
156 |                                        quality: CGFloat,
157 |                                        roundCorners: RectCorner = [], cornerRadius: CGFloat? = nil) -> Image {
    |                                                                                     `- error: cannot find type 'CGFloat' in scope
158 |         var finalImage = image
159 |
/Users/admin/builder/spi-builder-workspace/.dependencies/checkouts/TPPDF/Source/Internal/Graphics/PDFGraphics.swift:182:74: error: cannot find type 'Image' in scope
180 |      - Returns: Resized version of `image`
181 |      */
182 |     static func resize(image: Image, frame: CGRect, quality: CGFloat) -> Image {
    |                                                                          `- error: cannot find type 'Image' in scope
183 |         let factor: CGFloat = min(3 * quality, 1)
184 |         let resizeFactor = factor.isZero ? 0.2 : factor
/Users/admin/builder/spi-builder-workspace/.dependencies/checkouts/TPPDF/Source/Internal/Graphics/PDFGraphics.swift:182:31: error: cannot find type 'Image' in scope
180 |      - Returns: Resized version of `image`
181 |      */
182 |     static func resize(image: Image, frame: CGRect, quality: CGFloat) -> Image {
    |                               `- error: cannot find type 'Image' in scope
183 |         let factor: CGFloat = min(3 * quality, 1)
184 |         let resizeFactor = factor.isZero ? 0.2 : factor
/Users/admin/builder/spi-builder-workspace/.dependencies/checkouts/TPPDF/Source/Internal/Graphics/PDFGraphics.swift:182:45: error: cannot find type 'CGRect' in scope
180 |      - Returns: Resized version of `image`
181 |      */
182 |     static func resize(image: Image, frame: CGRect, quality: CGFloat) -> Image {
    |                                             `- error: cannot find type 'CGRect' in scope
183 |         let factor: CGFloat = min(3 * quality, 1)
184 |         let resizeFactor = factor.isZero ? 0.2 : factor
/Users/admin/builder/spi-builder-workspace/.dependencies/checkouts/TPPDF/Source/Internal/Graphics/PDFGraphics.swift:182:62: error: cannot find type 'CGFloat' in scope
180 |      - Returns: Resized version of `image`
181 |      */
182 |     static func resize(image: Image, frame: CGRect, quality: CGFloat) -> Image {
    |                                                              `- error: cannot find type 'CGFloat' in scope
183 |         let factor: CGFloat = min(3 * quality, 1)
184 |         let resizeFactor = factor.isZero ? 0.2 : factor
/Users/admin/builder/spi-builder-workspace/.dependencies/checkouts/TPPDF/Source/Internal/Graphics/PDFGraphics.swift:217:61: error: cannot find type 'Image' in scope
215 |      - Returns: Compressed image
216 |      */
217 |     static func compress(image: Image, quality: CGFloat) -> Image {
    |                                                             `- error: cannot find type 'Image' in scope
218 |         #if os(iOS) || os(visionOS)
219 |             guard let data = image.jpegData(compressionQuality: quality) else {
/Users/admin/builder/spi-builder-workspace/.dependencies/checkouts/TPPDF/Source/Internal/Graphics/PDFGraphics.swift:217:33: error: cannot find type 'Image' in scope
215 |      - Returns: Compressed image
216 |      */
217 |     static func compress(image: Image, quality: CGFloat) -> Image {
    |                                 `- error: cannot find type 'Image' in scope
218 |         #if os(iOS) || os(visionOS)
219 |             guard let data = image.jpegData(compressionQuality: quality) else {
/Users/admin/builder/spi-builder-workspace/.dependencies/checkouts/TPPDF/Source/Internal/Graphics/PDFGraphics.swift:217:49: error: cannot find type 'CGFloat' in scope
215 |      - Returns: Compressed image
216 |      */
217 |     static func compress(image: Image, quality: CGFloat) -> Image {
    |                                                 `- error: cannot find type 'CGFloat' in scope
218 |         #if os(iOS) || os(visionOS)
219 |             guard let data = image.jpegData(compressionQuality: quality) else {
/Users/admin/builder/spi-builder-workspace/.dependencies/checkouts/TPPDF/Source/Internal/Graphics/PDFGraphics.swift:245:104: error: cannot find type 'Image' in scope
243 |      - Returns: Manipulated image
244 |      */
245 |     static func round(image: Image, frameSize: CGSize, corners: RectCorner, cornerRadius: CGFloat?) -> Image {
    |                                                                                                        `- error: cannot find type 'Image' in scope
246 |         let size = image.size
247 |
/Users/admin/builder/spi-builder-workspace/.dependencies/checkouts/TPPDF/Source/Internal/Graphics/PDFGraphics.swift:245:30: error: cannot find type 'Image' in scope
243 |      - Returns: Manipulated image
244 |      */
245 |     static func round(image: Image, frameSize: CGSize, corners: RectCorner, cornerRadius: CGFloat?) -> Image {
    |                              `- error: cannot find type 'Image' in scope
246 |         let size = image.size
247 |
/Users/admin/builder/spi-builder-workspace/.dependencies/checkouts/TPPDF/Source/Internal/Graphics/PDFGraphics.swift:245:48: error: cannot find type 'CGSize' in scope
243 |      - Returns: Manipulated image
244 |      */
245 |     static func round(image: Image, frameSize: CGSize, corners: RectCorner, cornerRadius: CGFloat?) -> Image {
    |                                                `- error: cannot find type 'CGSize' in scope
246 |         let size = image.size
247 |
/Users/admin/builder/spi-builder-workspace/.dependencies/checkouts/TPPDF/Source/Internal/Graphics/PDFGraphics.swift:245:65: error: cannot find type 'RectCorner' in scope
243 |      - Returns: Manipulated image
244 |      */
245 |     static func round(image: Image, frameSize: CGSize, corners: RectCorner, cornerRadius: CGFloat?) -> Image {
    |                                                                 `- error: cannot find type 'RectCorner' in scope
246 |         let size = image.size
247 |
/Users/admin/builder/spi-builder-workspace/.dependencies/checkouts/TPPDF/Source/Internal/Graphics/PDFGraphics.swift:245:91: error: cannot find type 'CGFloat' in scope
243 |      - Returns: Manipulated image
244 |      */
245 |     static func round(image: Image, frameSize: CGSize, corners: RectCorner, cornerRadius: CGFloat?) -> Image {
    |                                                                                           `- error: cannot find type 'CGFloat' in scope
246 |         let size = image.size
247 |
/Users/admin/builder/spi-builder-workspace/.dependencies/checkouts/TPPDF/Source/Internal/Graphics/PDFGraphics.swift:288:32: error: cannot find type 'Color' in scope
286 |      */
287 |     enum FillPattern {
288 |         case dotted(foreColor: Color, backColor: Color)
    |                                `- error: cannot find type 'Color' in scope
289 |         func setFill(in context: PDFContext) {
290 |             switch self {
/Users/admin/builder/spi-builder-workspace/.dependencies/checkouts/TPPDF/Source/Internal/Graphics/PDFGraphics.swift:288:50: error: cannot find type 'Color' in scope
286 |      */
287 |     enum FillPattern {
288 |         case dotted(foreColor: Color, backColor: Color)
    |                                                  `- error: cannot find type 'Color' in scope
289 |         func setFill(in context: PDFContext) {
290 |             switch self {
/Users/admin/builder/spi-builder-workspace/.dependencies/checkouts/TPPDF/Source/Internal/Graphics/PDFGraphics.swift:41:20: error: cannot find 'CGMutablePath' in scope
 39 |         }
 40 |
 41 |         let path = CGMutablePath()
    |                    `- error: cannot find 'CGMutablePath' in scope
 42 |         path.move(to: start)
 43 |         path.addLine(to: end)
/Users/admin/builder/spi-builder-workspace/.dependencies/checkouts/TPPDF/Source/Internal/Graphics/PDFGraphics.swift:60:20: error: cannot find 'BezierPath' in scope
 58 |      */
 59 |     static func drawRect(in context: PDFContext, rect: CGRect, outline: PDFLineStyle, fill: Color = .clear) {
 60 |         var path = BezierPath(rect: rect)
    |                    `- error: cannot find 'BezierPath' in scope
 61 |         if let radius = outline.radius {
 62 |             path = BezierPath(roundedRect: rect, cornerRadius: radius)
/Users/admin/builder/spi-builder-workspace/.dependencies/checkouts/TPPDF/Source/API/Graphics/PDFLineStyle.swift:26:24: error: cannot find type 'CGFloat' in scope
24 |
25 |     /// Defines the width of this radius (Only for rect draw, not for line)
26 |     public var radius: CGFloat?
   |                        `- error: cannot find type 'CGFloat' in scope
27 |
28 |     /**
/Users/admin/builder/spi-builder-workspace/.dependencies/checkouts/TPPDF/Source/Internal/Graphics/PDFGraphics.swift:62:20: error: cannot find 'BezierPath' in scope
 60 |         var path = BezierPath(rect: rect)
 61 |         if let radius = outline.radius {
 62 |             path = BezierPath(roundedRect: rect, cornerRadius: radius)
    |                    `- error: cannot find 'BezierPath' in scope
 63 |         }
 64 |         prepareForDrawingPath(path: path.cgPath, in: context, strokeStyle: outline)
/Users/admin/builder/spi-builder-workspace/.dependencies/checkouts/TPPDF/Source/Internal/Graphics/PDFGraphics.swift:77:20: error: cannot find 'BezierPath' in scope
 75 |      */
 76 |     static func drawRect(in context: PDFContext, rect: CGRect, outline: PDFLineStyle, pattern: FillPattern) {
 77 |         var path = BezierPath(rect: rect)
    |                    `- error: cannot find 'BezierPath' in scope
 78 |         if let radius = outline.radius {
 79 |             path = BezierPath(roundedRect: rect, cornerRadius: radius)
/Users/admin/builder/spi-builder-workspace/.dependencies/checkouts/TPPDF/Source/Internal/Graphics/PDFGraphics.swift:79:20: error: cannot find 'BezierPath' in scope
 77 |         var path = BezierPath(rect: rect)
 78 |         if let radius = outline.radius {
 79 |             path = BezierPath(roundedRect: rect, cornerRadius: radius)
    |                    `- error: cannot find 'BezierPath' in scope
 80 |         }
 81 |         prepareForDrawingPath(path: path.cgPath, in: context, strokeStyle: outline)
/Users/admin/builder/spi-builder-workspace/.dependencies/checkouts/TPPDF/Source/API/Graphics/PDFLineStyle.swift:23:23: error: cannot find type 'CGFloat' in scope; did you mean to use 'CGFloat'?
21 |
22 |     /// Width of the line
23 |     public var width: CGFloat
   |                       `- error: cannot find type 'CGFloat' in scope; did you mean to use 'CGFloat'?
24 |
25 |     /// Defines the width of this radius (Only for rect draw, not for line)
/Users/admin/builder/spi-builder-workspace/.dependencies/checkouts/TPPDF/Source/API/Graphics/PDFLineStyle.swift:20:23: error: cannot find type 'Color' in scope
18 |
19 |     /// Color of the line
20 |     public var color: Color
   |                       `- error: cannot find type 'Color' in scope
21 |
22 |     /// Width of the line
/Users/admin/builder/spi-builder-workspace/.dependencies/checkouts/TPPDF/Source/Internal/Graphics/PDFGraphics.swift:131:58: error: cannot infer contextual base in reference to member 'butt'
129 |         switch style.type {
130 |         case .dashed:
131 |             return ([style.width * 3, style.width * 3], .butt)
    |                                                          `- error: cannot infer contextual base in reference to member 'butt'
132 |         case .dotted:
133 |             return ([0, style.width * 2], .round)
/Users/admin/builder/spi-builder-workspace/.dependencies/checkouts/TPPDF/Source/Internal/Graphics/PDFGraphics.swift:133:44: error: cannot infer contextual base in reference to member 'round'
131 |             return ([style.width * 3, style.width * 3], .butt)
132 |         case .dotted:
133 |             return ([0, style.width * 2], .round)
    |                                            `- error: cannot infer contextual base in reference to member 'round'
134 |         default:
135 |             return nil
/Users/admin/builder/spi-builder-workspace/.dependencies/checkouts/TPPDF/Source/Internal/Graphics/PDFGraphics.swift:183:21: error: cannot find type 'CGFloat' in scope; did you mean to use 'CGFloat'?
181 |      */
182 |     static func resize(image: Image, frame: CGRect, quality: CGFloat) -> Image {
183 |         let factor: CGFloat = min(3 * quality, 1)
    |                     `- error: cannot find type 'CGFloat' in scope; did you mean to use 'CGFloat'?
184 |         let resizeFactor = factor.isZero ? 0.2 : factor
185 |
/Users/admin/builder/spi-builder-workspace/.dependencies/checkouts/TPPDF/Source/Internal/Graphics/PDFGraphics.swift:187:20: error: cannot find 'CGSize' in scope
185 |
186 |         // If there is a floating point error, e.g. 24.000000000000004, then UIKit will use the next higher integer value, but AppKit does not
187 |         let size = CGSize(width: floor(frame.width * resizeFactor),
    |                    `- error: cannot find 'CGSize' in scope
188 |                           height: floor(frame.height * resizeFactor))
189 |
SwiftCompile normal arm64 /Users/admin/builder/spi-builder-workspace/.dependencies/checkouts/TPPDF/Source/Internal/Graphics/PDFGraphics.swift (in target 'TPPDF' from project 'TPPDF')
    cd /Users/admin/builder/spi-builder-workspace/.swiftpm/xcode
    builtin-SwiftPerFileCompile PDFGraphics.swift
SwiftCompile normal arm64 /Users/admin/builder/spi-builder-workspace/.dependencies/checkouts/TPPDF/Source/Internal/Graphics/PDFLineObject.swift (in target 'TPPDF' from project 'TPPDF')
    cd /Users/admin/builder/spi-builder-workspace/.swiftpm/xcode
    builtin-SwiftPerFileCompile PDFLineObject.swift
SwiftCompile normal arm64 /Users/admin/builder/spi-builder-workspace/.dependencies/checkouts/TPPDF/Source/Internal/Graphics/PDFLineSeparatorObject+Equatable.swift (in target 'TPPDF' from project 'TPPDF')
    cd /Users/admin/builder/spi-builder-workspace/.swiftpm/xcode
    builtin-SwiftPerFileCompile PDFLineSeparatorObject+Equatable.swift
SwiftCompile normal arm64 /Users/admin/builder/spi-builder-workspace/.dependencies/checkouts/TPPDF/Source/Internal/Graphics/PDFLineSeparatorObject.swift (in target 'TPPDF' from project 'TPPDF')
    cd /Users/admin/builder/spi-builder-workspace/.swiftpm/xcode
    builtin-SwiftPerFileCompile PDFLineSeparatorObject.swift
SwiftCompile normal arm64 /Users/admin/builder/spi-builder-workspace/.dependencies/checkouts/TPPDF/Source/Internal/Graphics/PDFRectangleObject.swift (in target 'TPPDF' from project 'TPPDF')
    cd /Users/admin/builder/spi-builder-workspace/.swiftpm/xcode
    builtin-SwiftPerFileCompile PDFRectangleObject.swift
SwiftCompile normal arm64 /Users/admin/builder/spi-builder-workspace/.dependencies/checkouts/TPPDF/Source/Internal/Graphics/UIColor+CloseToEqual.swift (in target 'TPPDF' from project 'TPPDF')
    cd /Users/admin/builder/spi-builder-workspace/.swiftpm/xcode
    builtin-SwiftPerFileCompile UIColor+CloseToEqual.swift
SwiftCompile normal arm64 /Users/admin/builder/spi-builder-workspace/.dependencies/checkouts/TPPDF/Source/Internal/Group/PDFGroupObject.swift (in target 'TPPDF' from project 'TPPDF')
    cd /Users/admin/builder/spi-builder-workspace/.swiftpm/xcode
    builtin-SwiftPerFileCompile PDFGroupObject.swift
SwiftCompile normal arm64 /Users/admin/builder/spi-builder-workspace/.dependencies/checkouts/TPPDF/Source/Internal/Image/PDFImageObject.swift (in target 'TPPDF' from project 'TPPDF')
    cd /Users/admin/builder/spi-builder-workspace/.swiftpm/xcode
    builtin-SwiftPerFileCompile PDFImageObject.swift
SwiftCompile normal arm64 /Users/admin/builder/spi-builder-workspace/.dependencies/checkouts/TPPDF/Source/Internal/Image/PDFImageRowObject.swift (in target 'TPPDF' from project 'TPPDF')
    cd /Users/admin/builder/spi-builder-workspace/.swiftpm/xcode
    builtin-SwiftPerFileCompile PDFImageRowObject.swift
SwiftCompile normal arm64 /Users/admin/builder/spi-builder-workspace/.dependencies/checkouts/TPPDF/Source/Internal/Layout/PDFColumnLayoutState.swift (in target 'TPPDF' from project 'TPPDF')
    cd /Users/admin/builder/spi-builder-workspace/.swiftpm/xcode
    builtin-SwiftPerFileCompile PDFColumnLayoutState.swift
SwiftCompile normal arm64 /Users/admin/builder/spi-builder-workspace/.dependencies/checkouts/TPPDF/Source/Internal/Layout/PDFIndentationObject+Equatable.swift (in target 'TPPDF' from project 'TPPDF')
    cd /Users/admin/builder/spi-builder-workspace/.swiftpm/xcode
    builtin-SwiftPerFileCompile PDFIndentationObject+Equatable.swift
SwiftCompile normal arm64 /Users/admin/builder/spi-builder-workspace/.dependencies/checkouts/TPPDF/Source/Internal/Layout/PDFIndentationObject.swift (in target 'TPPDF' from project 'TPPDF')
    cd /Users/admin/builder/spi-builder-workspace/.swiftpm/xcode
    builtin-SwiftPerFileCompile PDFIndentationObject.swift
SwiftCompile normal arm64 /Users/admin/builder/spi-builder-workspace/.dependencies/checkouts/TPPDF/Source/Internal/Layout/PDFLayout+Equatable.swift (in target 'TPPDF' from project 'TPPDF')
    cd /Users/admin/builder/spi-builder-workspace/.swiftpm/xcode
    builtin-SwiftPerFileCompile PDFLayout+Equatable.swift
SwiftCompile normal arm64 /Users/admin/builder/spi-builder-workspace/.dependencies/checkouts/TPPDF/Source/Internal/Layout/PDFLayout.swift (in target 'TPPDF' from project 'TPPDF')
    cd /Users/admin/builder/spi-builder-workspace/.swiftpm/xcode
    builtin-SwiftPerFileCompile PDFLayout.swift
SwiftCompile normal arm64 Compiling\ Number+PDFTableContentable.swift,\ PDFTableContent+ContentType.swift,\ PDFTableContent.swift,\ PDFTableContentable.swift,\ String+PDFTableContent.swift,\ UIImage+PDFTableContent.swift,\ PDFTable.swift,\ PDFTableCell.swift,\ PDFTableCellAlignment.swift,\ PDFTableCellPosition.swift,\ PDFTable+CellSubscripts.swift,\ PDFTable+ColumnSubscripts.swift,\ PDFTable+RowSubscripts.swift,\ PDFTable+SectionSubscripts.swift /Users/admin/builder/spi-builder-workspace/.dependencies/checkouts/TPPDF/Source/API/Table/Content/Number+PDFTableContentable.swift /Users/admin/builder/spi-builder-workspace/.dependencies/checkouts/TPPDF/Source/API/Table/Content/PDFTableContent+ContentType.swift /Users/admin/builder/spi-builder-workspace/.dependencies/checkouts/TPPDF/Source/API/Table/Content/PDFTableContent.swift /Users/admin/builder/spi-builder-workspace/.dependencies/checkouts/TPPDF/Source/API/Table/Content/PDFTableContentable.swift /Users/admin/builder/spi-builder-workspace/.dependencies/checkouts/TPPDF/Source/API/Table/Content/String+PDFTableContent.swift /Users/admin/builder/spi-builder-workspace/.dependencies/checkouts/TPPDF/Source/API/Table/Content/UIImage+PDFTableContent.swift /Users/admin/builder/spi-builder-workspace/.dependencies/checkouts/TPPDF/Source/API/Table/PDFTable.swift /Users/admin/builder/spi-builder-workspace/.dependencies/checkouts/TPPDF/Source/API/Table/PDFTableCell.swift /Users/admin/builder/spi-builder-workspace/.dependencies/checkouts/TPPDF/Source/API/Table/PDFTableCellAlignment.swift /Users/admin/builder/spi-builder-workspace/.dependencies/checkouts/TPPDF/Source/API/Table/PDFTableCellPosition.swift /Users/admin/builder/spi-builder-workspace/.dependencies/checkouts/TPPDF/Source/API/Table/Sections/PDFTable+CellSubscripts.swift /Users/admin/builder/spi-builder-workspace/.dependencies/checkouts/TPPDF/Source/API/Table/Sections/PDFTable+ColumnSubscripts.swift /Users/admin/builder/spi-builder-workspace/.dependencies/checkouts/TPPDF/Source/API/Table/Sections/PDFTable+RowSubscripts.swift /Users/admin/builder/spi-builder-workspace/.dependencies/checkouts/TPPDF/Source/API/Table/Sections/PDFTable+SectionSubscripts.swift (in target 'TPPDF' from project 'TPPDF')
SwiftCompile normal arm64 /Users/admin/builder/spi-builder-workspace/.dependencies/checkouts/TPPDF/Source/API/Table/Content/Number+PDFTableContentable.swift (in target 'TPPDF' from project 'TPPDF')
    cd /Users/admin/builder/spi-builder-workspace/.swiftpm/xcode
    builtin-SwiftPerFileCompile Number+PDFTableContentable.swift
SwiftCompile normal arm64 /Users/admin/builder/spi-builder-workspace/.dependencies/checkouts/TPPDF/Source/API/Table/Content/PDFTableContent+ContentType.swift (in target 'TPPDF' from project 'TPPDF')
    cd /Users/admin/builder/spi-builder-workspace/.swiftpm/xcode
    builtin-SwiftPerFileCompile PDFTableContent+ContentType.swift
SwiftCompile normal arm64 /Users/admin/builder/spi-builder-workspace/.dependencies/checkouts/TPPDF/Source/API/Table/Content/PDFTableContent.swift (in target 'TPPDF' from project 'TPPDF')
    cd /Users/admin/builder/spi-builder-workspace/.swiftpm/xcode
    builtin-SwiftPerFileCompile PDFTableContent.swift
SwiftCompile normal arm64 /Users/admin/builder/spi-builder-workspace/.dependencies/checkouts/TPPDF/Source/API/Table/Content/PDFTableContentable.swift (in target 'TPPDF' from project 'TPPDF')
    cd /Users/admin/builder/spi-builder-workspace/.swiftpm/xcode
    builtin-SwiftPerFileCompile PDFTableContentable.swift
SwiftCompile normal arm64 /Users/admin/builder/spi-builder-workspace/.dependencies/checkouts/TPPDF/Source/API/Table/Content/String+PDFTableContent.swift (in target 'TPPDF' from project 'TPPDF')
    cd /Users/admin/builder/spi-builder-workspace/.swiftpm/xcode
    builtin-SwiftPerFileCompile String+PDFTableContent.swift
SwiftCompile normal arm64 /Users/admin/builder/spi-builder-workspace/.dependencies/checkouts/TPPDF/Source/API/Table/Content/UIImage+PDFTableContent.swift (in target 'TPPDF' from project 'TPPDF')
    cd /Users/admin/builder/spi-builder-workspace/.swiftpm/xcode
    builtin-SwiftPerFileCompile UIImage+PDFTableContent.swift
SwiftCompile normal arm64 /Users/admin/builder/spi-builder-workspace/.dependencies/checkouts/TPPDF/Source/API/Table/PDFTable.swift (in target 'TPPDF' from project 'TPPDF')
    cd /Users/admin/builder/spi-builder-workspace/.swiftpm/xcode
    builtin-SwiftPerFileCompile PDFTable.swift
SwiftCompile normal arm64 /Users/admin/builder/spi-builder-workspace/.dependencies/checkouts/TPPDF/Source/API/Table/PDFTableCell.swift (in target 'TPPDF' from project 'TPPDF')
    cd /Users/admin/builder/spi-builder-workspace/.swiftpm/xcode
    builtin-SwiftPerFileCompile PDFTableCell.swift
SwiftCompile normal arm64 /Users/admin/builder/spi-builder-workspace/.dependencies/checkouts/TPPDF/Source/API/Table/PDFTableCellAlignment.swift (in target 'TPPDF' from project 'TPPDF')
    cd /Users/admin/builder/spi-builder-workspace/.swiftpm/xcode
    builtin-SwiftPerFileCompile PDFTableCellAlignment.swift
SwiftCompile normal arm64 /Users/admin/builder/spi-builder-workspace/.dependencies/checkouts/TPPDF/Source/API/Table/PDFTableCellPosition.swift (in target 'TPPDF' from project 'TPPDF')
    cd /Users/admin/builder/spi-builder-workspace/.swiftpm/xcode
    builtin-SwiftPerFileCompile PDFTableCellPosition.swift
SwiftCompile normal arm64 /Users/admin/builder/spi-builder-workspace/.dependencies/checkouts/TPPDF/Source/API/Table/Sections/PDFTable+CellSubscripts.swift (in target 'TPPDF' from project 'TPPDF')
    cd /Users/admin/builder/spi-builder-workspace/.swiftpm/xcode
    builtin-SwiftPerFileCompile PDFTable+CellSubscripts.swift
SwiftCompile normal arm64 /Users/admin/builder/spi-builder-workspace/.dependencies/checkouts/TPPDF/Source/API/Table/Sections/PDFTable+ColumnSubscripts.swift (in target 'TPPDF' from project 'TPPDF')
    cd /Users/admin/builder/spi-builder-workspace/.swiftpm/xcode
    builtin-SwiftPerFileCompile PDFTable+ColumnSubscripts.swift
SwiftCompile normal arm64 /Users/admin/builder/spi-builder-workspace/.dependencies/checkouts/TPPDF/Source/API/Table/Sections/PDFTable+RowSubscripts.swift (in target 'TPPDF' from project 'TPPDF')
    cd /Users/admin/builder/spi-builder-workspace/.swiftpm/xcode
    builtin-SwiftPerFileCompile PDFTable+RowSubscripts.swift
SwiftCompile normal arm64 /Users/admin/builder/spi-builder-workspace/.dependencies/checkouts/TPPDF/Source/API/Table/Sections/PDFTable+SectionSubscripts.swift (in target 'TPPDF' from project 'TPPDF')
    cd /Users/admin/builder/spi-builder-workspace/.swiftpm/xcode
    builtin-SwiftPerFileCompile PDFTable+SectionSubscripts.swift
PrecompileModule /Users/admin/builder/spi-builder-workspace/.derivedData/Build/Intermediates.noindex/ExplicitPrecompiledModules/_Builtin_stdint-93J53XF21JLX98V76H8GAHEHP.scan
    cd /
    builtin-precompileModule /Users/admin/builder/spi-builder-workspace/.derivedData/Build/Intermediates.noindex/ExplicitPrecompiledModules/_Builtin_stdint-93J53XF21JLX98V76H8GAHEHP.scan
SwiftCompile normal arm64 Compiling\ PDFLayoutHeights+Equatable.swift,\ PDFLayoutHeights.swift,\ PDFLayoutIndentations+Equatable.swift,\ PDFLayoutIndentations.swift,\ PDFMarginObject.swift,\ PDFOffsetObject+Equatable.swift,\ PDFOffsetObject.swift,\ PDFPageBreakObject+Equatable.swift,\ PDFPageBreakObject.swift,\ PDFPageLayout+Equatable.swift,\ PDFSectionColumnContainer.swift,\ PDFSpaceObject.swift,\ PDFListObject.swift /Users/admin/builder/spi-builder-workspace/.dependencies/checkouts/TPPDF/Source/Internal/Layout/PDFLayoutHeights+Equatable.swift /Users/admin/builder/spi-builder-workspace/.dependencies/checkouts/TPPDF/Source/Internal/Layout/PDFLayoutHeights.swift /Users/admin/builder/spi-builder-workspace/.dependencies/checkouts/TPPDF/Source/Internal/Layout/PDFLayoutIndentations+Equatable.swift /Users/admin/builder/spi-builder-workspace/.dependencies/checkouts/TPPDF/Source/Internal/Layout/PDFLayoutIndentations.swift /Users/admin/builder/spi-builder-workspace/.dependencies/checkouts/TPPDF/Source/Internal/Layout/PDFMarginObject.swift /Users/admin/builder/spi-builder-workspace/.dependencies/checkouts/TPPDF/Source/Internal/Layout/PDFOffsetObject+Equatable.swift /Users/admin/builder/spi-builder-workspace/.dependencies/checkouts/TPPDF/Source/Internal/Layout/PDFOffsetObject.swift /Users/admin/builder/spi-builder-workspace/.dependencies/checkouts/TPPDF/Source/Internal/Layout/PDFPageBreakObject+Equatable.swift /Users/admin/builder/spi-builder-workspace/.dependencies/checkouts/TPPDF/Source/Internal/Layout/PDFPageBreakObject.swift /Users/admin/builder/spi-builder-workspace/.dependencies/checkouts/TPPDF/Source/Internal/Layout/PDFPageLayout+Equatable.swift /Users/admin/builder/spi-builder-workspace/.dependencies/checkouts/TPPDF/Source/Internal/Layout/PDFSectionColumnContainer.swift /Users/admin/builder/spi-builder-workspace/.dependencies/checkouts/TPPDF/Source/Internal/Layout/PDFSpaceObject.swift /Users/admin/builder/spi-builder-workspace/.dependencies/checkouts/TPPDF/Source/Internal/List/PDFListObject.swift (in target 'TPPDF' from project 'TPPDF')
SwiftCompile normal arm64 /Users/admin/builder/spi-builder-workspace/.dependencies/checkouts/TPPDF/Source/Internal/Layout/PDFLayoutHeights+Equatable.swift (in target 'TPPDF' from project 'TPPDF')
    cd /Users/admin/builder/spi-builder-workspace/.swiftpm/xcode
    builtin-SwiftPerFileCompile PDFLayoutHeights+Equatable.swift
SwiftCompile normal arm64 /Users/admin/builder/spi-builder-workspace/.dependencies/checkouts/TPPDF/Source/Internal/Layout/PDFLayoutHeights.swift (in target 'TPPDF' from project 'TPPDF')
    cd /Users/admin/builder/spi-builder-workspace/.swiftpm/xcode
    builtin-SwiftPerFileCompile PDFLayoutHeights.swift
SwiftCompile normal arm64 /Users/admin/builder/spi-builder-workspace/.dependencies/checkouts/TPPDF/Source/Internal/Layout/PDFLayoutIndentations+Equatable.swift (in target 'TPPDF' from project 'TPPDF')
    cd /Users/admin/builder/spi-builder-workspace/.swiftpm/xcode
    builtin-SwiftPerFileCompile PDFLayoutIndentations+Equatable.swift
SwiftCompile normal arm64 /Users/admin/builder/spi-builder-workspace/.dependencies/checkouts/TPPDF/Source/Internal/Layout/PDFLayoutIndentations.swift (in target 'TPPDF' from project 'TPPDF')
    cd /Users/admin/builder/spi-builder-workspace/.swiftpm/xcode
    builtin-SwiftPerFileCompile PDFLayoutIndentations.swift
SwiftCompile normal arm64 /Users/admin/builder/spi-builder-workspace/.dependencies/checkouts/TPPDF/Source/Internal/Layout/PDFMarginObject.swift (in target 'TPPDF' from project 'TPPDF')
    cd /Users/admin/builder/spi-builder-workspace/.swiftpm/xcode
    builtin-SwiftPerFileCompile PDFMarginObject.swift
SwiftCompile normal arm64 /Users/admin/builder/spi-builder-workspace/.dependencies/checkouts/TPPDF/Source/Internal/Layout/PDFOffsetObject+Equatable.swift (in target 'TPPDF' from project 'TPPDF')
    cd /Users/admin/builder/spi-builder-workspace/.swiftpm/xcode
    builtin-SwiftPerFileCompile PDFOffsetObject+Equatable.swift
SwiftCompile normal arm64 /Users/admin/builder/spi-builder-workspace/.dependencies/checkouts/TPPDF/Source/Internal/Layout/PDFOffsetObject.swift (in target 'TPPDF' from project 'TPPDF')
    cd /Users/admin/builder/spi-builder-workspace/.swiftpm/xcode
    builtin-SwiftPerFileCompile PDFOffsetObject.swift
SwiftCompile normal arm64 /Users/admin/builder/spi-builder-workspace/.dependencies/checkouts/TPPDF/Source/Internal/Layout/PDFPageBreakObject+Equatable.swift (in target 'TPPDF' from project 'TPPDF')
    cd /Users/admin/builder/spi-builder-workspace/.swiftpm/xcode
    builtin-SwiftPerFileCompile PDFPageBreakObject+Equatable.swift
SwiftCompile normal arm64 /Users/admin/builder/spi-builder-workspace/.dependencies/checkouts/TPPDF/Source/Internal/Layout/PDFPageBreakObject.swift (in target 'TPPDF' from project 'TPPDF')
    cd /Users/admin/builder/spi-builder-workspace/.swiftpm/xcode
    builtin-SwiftPerFileCompile PDFPageBreakObject.swift
SwiftCompile normal arm64 /Users/admin/builder/spi-builder-workspace/.dependencies/checkouts/TPPDF/Source/Internal/Layout/PDFPageLayout+Equatable.swift (in target 'TPPDF' from project 'TPPDF')
    cd /Users/admin/builder/spi-builder-workspace/.swiftpm/xcode
    builtin-SwiftPerFileCompile PDFPageLayout+Equatable.swift
SwiftCompile normal arm64 /Users/admin/builder/spi-builder-workspace/.dependencies/checkouts/TPPDF/Source/Internal/Layout/PDFSectionColumnContainer.swift (in target 'TPPDF' from project 'TPPDF')
    cd /Users/admin/builder/spi-builder-workspace/.swiftpm/xcode
    builtin-SwiftPerFileCompile PDFSectionColumnContainer.swift
SwiftCompile normal arm64 /Users/admin/builder/spi-builder-workspace/.dependencies/checkouts/TPPDF/Source/Internal/Layout/PDFSpaceObject.swift (in target 'TPPDF' from project 'TPPDF')
    cd /Users/admin/builder/spi-builder-workspace/.swiftpm/xcode
    builtin-SwiftPerFileCompile PDFSpaceObject.swift
SwiftCompile normal arm64 /Users/admin/builder/spi-builder-workspace/.dependencies/checkouts/TPPDF/Source/Internal/List/PDFListObject.swift (in target 'TPPDF' from project 'TPPDF')
    cd /Users/admin/builder/spi-builder-workspace/.swiftpm/xcode
    builtin-SwiftPerFileCompile PDFListObject.swift
PrecompileModule /Users/admin/builder/spi-builder-workspace/.derivedData/Build/Intermediates.noindex/ExplicitPrecompiledModules/_DarwinFoundation3-34AI4YO30XK6FZ5XD9VN0UP42.scan
    cd /
    builtin-precompileModule /Users/admin/builder/spi-builder-workspace/.derivedData/Build/Intermediates.noindex/ExplicitPrecompiledModules/_DarwinFoundation3-34AI4YO30XK6FZ5XD9VN0UP42.scan
PruneExplicitPrecompiledModules /Users/admin/builder/spi-builder-workspace/.derivedData/SDKExplicitPrecompiledModules
PruneExplicitPrecompiledModules /Users/admin/builder/spi-builder-workspace/.derivedData/Build/Intermediates.noindex/ExplicitPrecompiledModules
PruneExplicitPrecompiledModules /Users/admin/builder/spi-builder-workspace/.derivedData/Build/Intermediates.noindex/SwiftExplicitPrecompiledModules
2026-09-24 13:57:56.296 xcodebuild[1897:9685] [MT] IDERunDestination: Supported platforms for the buildables in the current scheme is empty.
** BUILD FAILED **
The following build commands failed:
	SwiftEmitModule normal arm64 Emitting\ module\ for\ TPPDF (in target 'TPPDF' from project 'TPPDF')
	SwiftCompile normal arm64 (in target 'TPPDF' from project 'TPPDF')
	Building workspace SpeziConsent with scheme SpeziConsent
(3 failures)
BUILD FAILURE 6.4 tvOS