The Swift Package Index logo.Swift Package Index

Build Information

Failed to build SwiftMarshal, reference main (40cc21), with Swift 6.2 for Wasm on 15 Oct 2026 22:28:47 UTC.

Build Command

bash -c docker run --pull=always --rm -v "checkouts-53886768-0":/host -w "$PWD" -e JAVA_HOME="/root/.sdkman/candidates/java/current" -e SPI_BUILD="1" -e SPI_PROCESSING="1" registry.gitlab.com/saguaro1/spi-images:wasm-6.2-latest swift build --swift-sdk swift-6.2-RELEASE_wasm 2>&1

Build Log

========================================
RunAll
========================================
Builder version: 5.1.3
Interrupt handler set up.
========================================
Checkout
========================================
Clone URL: https://github.com/ericodx/swift-marshal.git
Reference: main
Initialized empty Git repository in /host/spi-builder-workspace/.git/
hint: Using 'master' as the name for the initial branch. This default branch name
hint: is subject to change. To configure the initial branch name to use in all
hint: of your new repositories, which will suppress this warning, call:
hint:
hint: 	git config --global init.defaultBranch <name>
hint:
hint: Names commonly chosen instead of 'master' are 'main', 'trunk' and
hint: 'development'. The just-created branch can be renamed via this command:
hint:
hint: 	git branch -m <name>
From https://github.com/ericodx/swift-marshal
 * branch            main       -> FETCH_HEAD
 * [new branch]      main       -> origin/main
HEAD is now at 40cc210 Merge pull request #13 from ericodx/fix/comment-trivia-reordering
Cloned https://github.com/ericodx/swift-marshal.git
Revision (git rev-parse @):
40cc210ddfcbeef468e85f37c9d528ceb2b76d5c
SPI manifest file found: $PWD/.spi.yml
SUCCESS checkout https://github.com/ericodx/swift-marshal.git at main
========================================
Build
========================================
Selected platform:         wasm
Swift version:             6.2
Building package at path:  $PWD
https://github.com/ericodx/swift-marshal.git
Running build ...
bash -c docker run --pull=always --rm -v "checkouts-53886768-0":/host -w "$PWD" -e JAVA_HOME="/root/.sdkman/candidates/java/current" -e SPI_BUILD="1" -e SPI_PROCESSING="1" registry.gitlab.com/saguaro1/spi-images:wasm-6.2-latest swift build --swift-sdk swift-6.2-RELEASE_wasm 2>&1
wasm-6.2-latest: Pulling from saguaro1/spi-images
Digest: sha256:0563b842faffea9ddc6fe15fbd2051d02dff3ef29dc4b5bfe0a0910a084eee81
Status: Image is up to date for registry.gitlab.com/saguaro1/spi-images:wasm-6.2-latest
Fetching https://github.com/swiftlang/swift-syntax.git
[1/80777] Fetching swift-syntax
Fetched https://github.com/swiftlang/swift-syntax.git from cache (6.11s)
Computing version for https://github.com/swiftlang/swift-syntax.git
Computed https://github.com/swiftlang/swift-syntax.git at 603.0.2 (7.11s)
Creating working copy for https://github.com/swiftlang/swift-syntax.git
Working copy of https://github.com/swiftlang/swift-syntax.git resolved at 603.0.2
[1/1] Compiling plugin SwiftMarshalCommandPlugin
[2/2] Compiling plugin SwiftMarshalPlugin
Building for debugging...
[2/45] Write sources
[20/45] Compiling _SwiftSyntaxCShims PlatformMutex.c
[22/45] Write swift-version-24593BA9C3E375BF.txt
[24/61] Emitting module SwiftSyntax602
[25/61] Emitting module SwiftSyntax600
[26/61] Emitting module SwiftSyntax603
[27/61] Compiling SwiftSyntax603 Empty.swift
[28/61] Emitting module SwiftSyntax603
[29/62] Compiling SwiftSyntax603 Empty.swift
[32/63] Emitting module SwiftSyntax602
[33/63] Compiling SwiftSyntax602 Empty.swift
[35/68] Compiling SwiftSyntax510 Empty.swift
[36/68] Emitting module SwiftSyntax510
[38/69] Compiling SwiftSyntax510 Empty.swift
[41/72] Emitting module SwiftSyntax509
[42/72] Compiling SwiftSyntax509 Empty.swift
[42/73] Wrapping AST for SwiftSyntax603 for debugging
[44/73] Compiling SwiftSyntax602 Empty.swift
[46/76] Wrapping AST for SwiftSyntax602 for debugging
[48/76] Emitting module SwiftSyntax509
[49/76] Compiling SwiftSyntax509 Empty.swift
[49/77] Wrapping AST for SwiftSyntax510 for debugging
[51/77] Wrapping AST for SwiftSyntax603 for debugging
[52/77] Wrapping AST for SwiftSyntax509 for debugging
[54/77] Compiling SwiftSyntax600 Empty.swift
[54/78] Wrapping AST for SwiftSyntax602 for debugging
[56/78] Wrapping AST for SwiftSyntax510 for debugging
[57/78] Wrapping AST for SwiftSyntax509 for debugging
[59/78] Emitting module SwiftSyntax600
[60/78] Compiling SwiftSyntax600 Empty.swift
[61/79] Emitting module SwiftSyntax601
[62/79] Compiling SwiftSyntax601 Empty.swift
[62/79] Wrapping AST for SwiftSyntax600 for debugging
[66/80] Wrapping AST for SwiftSyntax601 for debugging
[68/143] Compiling SwiftSyntax601 Empty.swift
[69/143] Emitting module SwiftSyntax601
[70/144] Wrapping AST for SwiftSyntax601 for debugging
[72/207] Compiling SwiftSyntax AbsolutePosition.swift
[73/207] Compiling SwiftSyntax AbsoluteSyntaxInfo.swift
[74/207] Compiling SwiftSyntax ArenaAllocatedBuffer.swift
[75/207] Compiling SwiftSyntax Assert.swift
[76/207] Compiling SwiftSyntax BumpPtrAllocator.swift
[77/207] Compiling SwiftSyntax CommonAncestor.swift
[78/207] Compiling SwiftSyntax Convenience.swift
[79/207] Compiling SwiftSyntax CustomTraits.swift
[80/207] Compiling SwiftSyntax EditorPlaceholder.swift
[81/215] Compiling SwiftSyntax RawSyntaxNodesEF.swift
[82/215] Compiling SwiftSyntax RawSyntaxNodesGHI.swift
[83/215] Compiling SwiftSyntax RawSyntaxNodesJKLMN.swift
[84/215] Compiling SwiftSyntax RawSyntaxNodesOP.swift
[85/215] Compiling SwiftSyntax RawSyntaxNodesQRS.swift
[86/215] Compiling SwiftSyntax RawSyntaxNodesTUVWXYZ.swift
[87/215] Compiling SwiftSyntax RawSyntaxValidation.swift
[88/215] Compiling SwiftSyntax SyntaxNodesAB.swift
[89/215] Compiling SwiftSyntax SyntaxRewriter.swift
[90/215] Compiling SwiftSyntax ChildNameForKeyPath.swift
[91/215] Compiling SwiftSyntax Keyword.swift
[92/215] Compiling SwiftSyntax RenamedChildrenCompatibility.swift
[93/215] Compiling SwiftSyntax RenamedNodesCompatibility.swift
[94/215] Compiling SwiftSyntax SyntaxAnyVisitor.swift
[95/215] Compiling SwiftSyntax SyntaxBaseNodes.swift
[96/215] Compiling SwiftSyntax SyntaxCollections.swift
[97/215] Compiling SwiftSyntax SyntaxEnum.swift
[98/215] Compiling SwiftSyntax SyntaxKind.swift
[99/215] Emitting module SwiftSyntax
[101/223] Compiling SwiftSyntax Identifier.swift
[102/223] Compiling SwiftSyntax MemoryLayout.swift
[103/223] Compiling SwiftSyntax MissingNodeInitializers.swift
[104/223] Compiling SwiftSyntax RawSyntax.swift
[105/223] Compiling SwiftSyntax RawSyntaxArena.swift
[106/223] Compiling SwiftSyntax RawSyntaxLayoutView.swift
[107/223] Compiling SwiftSyntax RawSyntaxNodeProtocol.swift
[108/223] Compiling SwiftSyntax RawSyntaxTokenView.swift
[109/223] Compiling SwiftSyntax SourceEdit.swift
[110/223] Compiling SwiftSyntax SourceLength.swift
[111/223] Compiling SwiftSyntax SourceLocation.swift
[112/223] Compiling SwiftSyntax SourcePresence.swift
[113/223] Compiling SwiftSyntax SwiftSyntaxCompatibility.swift
[114/223] Compiling SwiftSyntax Syntax.swift
[115/223] Compiling SwiftSyntax SyntaxChildren.swift
[116/223] Compiling SwiftSyntax SyntaxCollection.swift
[117/223] Compiling SwiftSyntax SyntaxHashable.swift
[118/223] Compiling SwiftSyntax SyntaxIdentifier.swift
[119/223] Compiling SwiftSyntax SyntaxNodeStructure.swift
[120/223] Compiling SwiftSyntax SyntaxProtocol.swift
[121/223] Compiling SwiftSyntax SyntaxText.swift
[122/223] Compiling SwiftSyntax SyntaxTreeViewMode.swift
[123/223] Compiling SwiftSyntax TokenDiagnostic.swift
[124/223] Compiling SwiftSyntax TokenSequence.swift
[125/223] Compiling SwiftSyntax TokenSyntax.swift
[126/223] Compiling SwiftSyntax Trivia.swift
[127/223] Compiling SwiftSyntax Utils.swift
[137/223] Compiling SwiftSyntax SyntaxTraits.swift
[138/223] Compiling SwiftSyntax SyntaxVisitor.swift
[139/223] Compiling SwiftSyntax TokenKind.swift
[140/223] Compiling SwiftSyntax Tokens.swift
[141/223] Compiling SwiftSyntax TriviaPieces.swift
[142/223] Compiling SwiftSyntax RawSyntaxNodesAB.swift
[143/223] Compiling SwiftSyntax RawSyntaxNodesC.swift
[144/223] Compiling SwiftSyntax RawSyntaxNodesD.swift
[198/223] Compiling SwiftSyntax SyntaxNodesC.swift
[199/223] Compiling SwiftSyntax SyntaxNodesD.swift
[200/223] Compiling SwiftSyntax SyntaxNodesEF.swift
[201/223] Compiling SwiftSyntax SyntaxNodesGHI.swift
[202/223] Compiling SwiftSyntax SyntaxNodesJKLMN.swift
[203/223] Compiling SwiftSyntax SyntaxNodesOP.swift
[204/223] Compiling SwiftSyntax SyntaxNodesQRS.swift
[205/223] Compiling SwiftSyntax SyntaxNodesTUVWXYZ.swift
[206/236] Wrapping AST for SwiftSyntax for debugging
[208/266] Compiling SwiftParser StringLiterals.swift
[209/266] Compiling SwiftParser SwiftParserCompatibility.swift
[210/266] Compiling SwiftParser SwiftVersion.swift
[211/266] Compiling SwiftParser SyntaxUtils.swift
[212/266] Compiling SwiftParser TokenConsumer.swift
[213/266] Compiling SwiftParser TokenPrecedence.swift
[214/271] Compiling SwiftParser Lexeme.swift
[215/271] Compiling SwiftParser LexemeSequence.swift
[216/271] Compiling SwiftParser Lexer.swift
[217/271] Compiling SwiftParser RegexLiteralLexer.swift
[218/271] Compiling SwiftParser UnicodeScalarExtensions.swift
[219/271] Compiling SwiftParser Lookahead.swift
[220/271] Compiling SwiftParser LoopProgressCondition.swift
[221/271] Compiling SwiftParser Modifiers.swift
[222/271] Compiling SwiftParser Names.swift
[223/271] Compiling SwiftParser Nominals.swift
[224/271] Compiling SwiftParser Parameters.swift
[225/271] Compiling SwiftParser ParseSourceFile.swift
[226/271] Emitting module SwiftParser
[227/271] Compiling SwiftParser TokenSpec.swift
[228/271] Compiling SwiftParser TokenSpecSet.swift
[229/271] Compiling SwiftParser TopLevel.swift
[230/271] Compiling SwiftParser TriviaParser.swift
[231/271] Compiling SwiftParser Types.swift
[232/271] Compiling SwiftParser Attributes.swift
[233/271] Compiling SwiftParser Availability.swift
[234/271] Compiling SwiftParser CharacterInfo.swift
[235/271] Compiling SwiftParser CollectionNodes+Parsable.swift
[236/271] Compiling SwiftParser CompilerFiles.swift
[237/271] Compiling SwiftParser Declarations.swift
[238/271] Compiling SwiftParser Parser.swift
[239/271] Compiling SwiftParser Patterns.swift
[240/271] Compiling SwiftParser Recovery.swift
[241/271] Compiling SwiftParser Specifiers.swift
[242/271] Compiling SwiftParser Statements.swift
[243/271] Compiling SwiftParser StringLiteralRepresentedLiteralValue.swift
[244/271] Compiling SwiftParser Directives.swift
[245/271] Compiling SwiftParser ExpressionInterpretedAsVersionTuple.swift
[246/271] Compiling SwiftParser Expressions.swift
[247/271] Compiling SwiftParser IncrementalParseTransition.swift
[248/271] Compiling SwiftParser IsValidIdentifier.swift
[249/271] Compiling SwiftParser Cursor.swift
[250/271] Compiling SwiftParser ExperimentalFeatures.swift
[251/271] Compiling SwiftParser IsLexerClassified.swift
[252/271] Compiling SwiftParser LayoutNodes+Parsable.swift
[253/271] Compiling SwiftParser Parser+TokenSpecSet.swift
[254/271] Compiling SwiftParser TokenSpecStaticMembers.swift
[255/272] Wrapping AST for SwiftParser for debugging
[257/333] Emitting module swift_marshal
[258/341] Compiling swift_marshal RawConfiguration.swift
[259/341] Compiling swift_marshal RawMemberRule.swift
[260/341] Compiling swift_marshal MemberDeclaration.swift
[261/341] Compiling swift_marshal MemberDiscoveryInfo.swift
[262/341] Compiling swift_marshal MemberKind.swift
[263/341] Compiling swift_marshal SyntaxMemberDeclaration.swift
[264/341] Compiling swift_marshal SyntaxTypeDeclaration.swift
[265/341] Compiling swift_marshal TypeDiscoveryInfo.swift
[266/341] Compiling swift_marshal TypeKind.swift
[267/341] Compiling swift_marshal FileReading.swift
[268/341] Compiling swift_marshal CheckResult.swift
[269/341] Compiling swift_marshal FixResult.swift
[270/341] Compiling swift_marshal Pipeline.swift
[271/341] Compiling swift_marshal PipelineCoordinator.swift
[272/341] Compiling swift_marshal SyntaxClassifyOutput.swift
[273/341] Compiling swift_marshal SyntaxClassifyStage.swift
[274/341] Compiling swift_marshal ParseInput.swift
[275/341] Compiling swift_marshal ParseOutput.swift
[276/341] Compiling swift_marshal ParseStage.swift
[277/341] Compiling swift_marshal Stage.swift
[278/341] Compiling swift_marshal ReorderOutput.swift
[279/341] Compiling swift_marshal ReorderReportStage.swift
[280/341] Compiling swift_marshal TypeReorderResult.swift
[281/341] Compiling swift_marshal ReportOutput.swift
[282/341] Compiling swift_marshal ApplyRewriteStage.swift
[283/341] Compiling swift_marshal Visibility.swift
[284/341] Compiling swift_marshal ReorderEngine.swift
[285/341] Compiling swift_marshal MemberOutputBuilder.swift
[286/341] Compiling swift_marshal SyntaxMemberDeclarationBuilder.swift
[287/341] Compiling swift_marshal SyntaxTypeDeclarationBuilder.swift
[288/341] Compiling swift_marshal TypeOutputBuilder.swift
[289/341] Compiling swift_marshal UnifiedMemberDiscoveryVisitor.swift
[290/341] Compiling swift_marshal UnifiedTypeDiscoveryVisitor.swift
[291/341] Compiling swift_marshal UnifiedVisitorBase.swift
[292/341] Compiling swift_marshal ArgumentParsingError.swift
[293/341] Compiling swift_marshal ExitCode.swift
[294/341] Compiling swift_marshal HelpText.swift
[295/341] Compiling swift_marshal ValidationError.swift
[296/341] Compiling swift_marshal CheckCommand.swift
[297/341] Compiling swift_marshal CommandParsing.swift
[298/341] Compiling swift_marshal CommonCommandOptions.swift
[299/341] Compiling swift_marshal FixCommand.swift
[300/341] Compiling swift_marshal InitCommand.swift
[301/341] Compiling swift_marshal IndexedSyntaxMember.swift
/host/spi-builder-workspace/Sources/SwiftMarshal/SwiftMarshal.swift:40:67: error: reference to var 'stderr' is not concurrency-safe because it involves shared mutable state
38 |
39 |             default:
40 |                 fputs("error: unknown command '\(subcommand)'\n", stderr)
   |                                                                   `- error: reference to var 'stderr' is not concurrency-safe because it involves shared mutable state
41 |                 fputs(HelpText.usage + "\n", stderr)
42 |                 return .error
/usr/include/stdio.h:151:14: note: var declared here
149 | extern FILE *stdin;		/* Standard input stream.  */
150 | extern FILE *stdout;		/* Standard output stream.  */
151 | extern FILE *stderr;		/* Standard error output stream.  */
    |              `- note: var declared here
152 | /* C89/C99 say they're macros.  Make them happy.  */
153 | #define stdin stdin
/host/spi-builder-workspace/Sources/SwiftMarshal/SwiftMarshal.swift:41:46: error: reference to var 'stderr' is not concurrency-safe because it involves shared mutable state
39 |             default:
40 |                 fputs("error: unknown command '\(subcommand)'\n", stderr)
41 |                 fputs(HelpText.usage + "\n", stderr)
   |                                              `- error: reference to var 'stderr' is not concurrency-safe because it involves shared mutable state
42 |                 return .error
43 |
/usr/include/stdio.h:151:14: note: var declared here
149 | extern FILE *stdin;		/* Standard input stream.  */
150 | extern FILE *stdout;		/* Standard output stream.  */
151 | extern FILE *stderr;		/* Standard error output stream.  */
    |              `- note: var declared here
152 | /* C89/C99 say they're macros.  Make them happy.  */
153 | #define stdin stdin
/host/spi-builder-workspace/Sources/SwiftMarshal/SwiftMarshal.swift:48:61: error: reference to var 'stderr' is not concurrency-safe because it involves shared mutable state
46 |             return code
47 |         } catch {
48 |             fputs("error: \(error.localizedDescription)\n", stderr)
   |                                                             `- error: reference to var 'stderr' is not concurrency-safe because it involves shared mutable state
49 |             return .error
50 |         }
/usr/include/stdio.h:151:14: note: var declared here
149 | extern FILE *stdin;		/* Standard input stream.  */
150 | extern FILE *stdout;		/* Standard output stream.  */
151 | extern FILE *stderr;		/* Standard error output stream.  */
    |              `- note: var declared here
152 | /* C89/C99 say they're macros.  Make them happy.  */
153 | #define stdin stdin
[302/341] Compiling swift_marshal MemberReorderingRewriter.swift
/host/spi-builder-workspace/Sources/SwiftMarshal/SwiftMarshal.swift:40:67: error: reference to var 'stderr' is not concurrency-safe because it involves shared mutable state
38 |
39 |             default:
40 |                 fputs("error: unknown command '\(subcommand)'\n", stderr)
   |                                                                   `- error: reference to var 'stderr' is not concurrency-safe because it involves shared mutable state
41 |                 fputs(HelpText.usage + "\n", stderr)
42 |                 return .error
/usr/include/stdio.h:151:14: note: var declared here
149 | extern FILE *stdin;		/* Standard input stream.  */
150 | extern FILE *stdout;		/* Standard output stream.  */
151 | extern FILE *stderr;		/* Standard error output stream.  */
    |              `- note: var declared here
152 | /* C89/C99 say they're macros.  Make them happy.  */
153 | #define stdin stdin
/host/spi-builder-workspace/Sources/SwiftMarshal/SwiftMarshal.swift:41:46: error: reference to var 'stderr' is not concurrency-safe because it involves shared mutable state
39 |             default:
40 |                 fputs("error: unknown command '\(subcommand)'\n", stderr)
41 |                 fputs(HelpText.usage + "\n", stderr)
   |                                              `- error: reference to var 'stderr' is not concurrency-safe because it involves shared mutable state
42 |                 return .error
43 |
/usr/include/stdio.h:151:14: note: var declared here
149 | extern FILE *stdin;		/* Standard input stream.  */
150 | extern FILE *stdout;		/* Standard output stream.  */
151 | extern FILE *stderr;		/* Standard error output stream.  */
    |              `- note: var declared here
152 | /* C89/C99 say they're macros.  Make them happy.  */
153 | #define stdin stdin
/host/spi-builder-workspace/Sources/SwiftMarshal/SwiftMarshal.swift:48:61: error: reference to var 'stderr' is not concurrency-safe because it involves shared mutable state
46 |             return code
47 |         } catch {
48 |             fputs("error: \(error.localizedDescription)\n", stderr)
   |                                                             `- error: reference to var 'stderr' is not concurrency-safe because it involves shared mutable state
49 |             return .error
50 |         }
/usr/include/stdio.h:151:14: note: var declared here
149 | extern FILE *stdin;		/* Standard input stream.  */
150 | extern FILE *stdout;		/* Standard output stream.  */
151 | extern FILE *stderr;		/* Standard error output stream.  */
    |              `- note: var declared here
152 | /* C89/C99 say they're macros.  Make them happy.  */
153 | #define stdin stdin
[303/341] Compiling swift_marshal RewriteOutput.swift
/host/spi-builder-workspace/Sources/SwiftMarshal/SwiftMarshal.swift:40:67: error: reference to var 'stderr' is not concurrency-safe because it involves shared mutable state
38 |
39 |             default:
40 |                 fputs("error: unknown command '\(subcommand)'\n", stderr)
   |                                                                   `- error: reference to var 'stderr' is not concurrency-safe because it involves shared mutable state
41 |                 fputs(HelpText.usage + "\n", stderr)
42 |                 return .error
/usr/include/stdio.h:151:14: note: var declared here
149 | extern FILE *stdin;		/* Standard input stream.  */
150 | extern FILE *stdout;		/* Standard output stream.  */
151 | extern FILE *stderr;		/* Standard error output stream.  */
    |              `- note: var declared here
152 | /* C89/C99 say they're macros.  Make them happy.  */
153 | #define stdin stdin
/host/spi-builder-workspace/Sources/SwiftMarshal/SwiftMarshal.swift:41:46: error: reference to var 'stderr' is not concurrency-safe because it involves shared mutable state
39 |             default:
40 |                 fputs("error: unknown command '\(subcommand)'\n", stderr)
41 |                 fputs(HelpText.usage + "\n", stderr)
   |                                              `- error: reference to var 'stderr' is not concurrency-safe because it involves shared mutable state
42 |                 return .error
43 |
/usr/include/stdio.h:151:14: note: var declared here
149 | extern FILE *stdin;		/* Standard input stream.  */
150 | extern FILE *stdout;		/* Standard output stream.  */
151 | extern FILE *stderr;		/* Standard error output stream.  */
    |              `- note: var declared here
152 | /* C89/C99 say they're macros.  Make them happy.  */
153 | #define stdin stdin
/host/spi-builder-workspace/Sources/SwiftMarshal/SwiftMarshal.swift:48:61: error: reference to var 'stderr' is not concurrency-safe because it involves shared mutable state
46 |             return code
47 |         } catch {
48 |             fputs("error: \(error.localizedDescription)\n", stderr)
   |                                                             `- error: reference to var 'stderr' is not concurrency-safe because it involves shared mutable state
49 |             return .error
50 |         }
/usr/include/stdio.h:151:14: note: var declared here
149 | extern FILE *stdin;		/* Standard input stream.  */
150 | extern FILE *stdout;		/* Standard output stream.  */
151 | extern FILE *stderr;		/* Standard error output stream.  */
    |              `- note: var declared here
152 | /* C89/C99 say they're macros.  Make them happy.  */
153 | #define stdin stdin
[304/341] Compiling swift_marshal RewritePlanOutput.swift
/host/spi-builder-workspace/Sources/SwiftMarshal/SwiftMarshal.swift:40:67: error: reference to var 'stderr' is not concurrency-safe because it involves shared mutable state
38 |
39 |             default:
40 |                 fputs("error: unknown command '\(subcommand)'\n", stderr)
   |                                                                   `- error: reference to var 'stderr' is not concurrency-safe because it involves shared mutable state
41 |                 fputs(HelpText.usage + "\n", stderr)
42 |                 return .error
/usr/include/stdio.h:151:14: note: var declared here
149 | extern FILE *stdin;		/* Standard input stream.  */
150 | extern FILE *stdout;		/* Standard output stream.  */
151 | extern FILE *stderr;		/* Standard error output stream.  */
    |              `- note: var declared here
152 | /* C89/C99 say they're macros.  Make them happy.  */
153 | #define stdin stdin
/host/spi-builder-workspace/Sources/SwiftMarshal/SwiftMarshal.swift:41:46: error: reference to var 'stderr' is not concurrency-safe because it involves shared mutable state
39 |             default:
40 |                 fputs("error: unknown command '\(subcommand)'\n", stderr)
41 |                 fputs(HelpText.usage + "\n", stderr)
   |                                              `- error: reference to var 'stderr' is not concurrency-safe because it involves shared mutable state
42 |                 return .error
43 |
/usr/include/stdio.h:151:14: note: var declared here
149 | extern FILE *stdin;		/* Standard input stream.  */
150 | extern FILE *stdout;		/* Standard output stream.  */
151 | extern FILE *stderr;		/* Standard error output stream.  */
    |              `- note: var declared here
152 | /* C89/C99 say they're macros.  Make them happy.  */
153 | #define stdin stdin
/host/spi-builder-workspace/Sources/SwiftMarshal/SwiftMarshal.swift:48:61: error: reference to var 'stderr' is not concurrency-safe because it involves shared mutable state
46 |             return code
47 |         } catch {
48 |             fputs("error: \(error.localizedDescription)\n", stderr)
   |                                                             `- error: reference to var 'stderr' is not concurrency-safe because it involves shared mutable state
49 |             return .error
50 |         }
/usr/include/stdio.h:151:14: note: var declared here
149 | extern FILE *stdin;		/* Standard input stream.  */
150 | extern FILE *stdout;		/* Standard output stream.  */
151 | extern FILE *stderr;		/* Standard error output stream.  */
    |              `- note: var declared here
152 | /* C89/C99 say they're macros.  Make them happy.  */
153 | #define stdin stdin
[305/341] Compiling swift_marshal RewritePlanStage.swift
/host/spi-builder-workspace/Sources/SwiftMarshal/SwiftMarshal.swift:40:67: error: reference to var 'stderr' is not concurrency-safe because it involves shared mutable state
38 |
39 |             default:
40 |                 fputs("error: unknown command '\(subcommand)'\n", stderr)
   |                                                                   `- error: reference to var 'stderr' is not concurrency-safe because it involves shared mutable state
41 |                 fputs(HelpText.usage + "\n", stderr)
42 |                 return .error
/usr/include/stdio.h:151:14: note: var declared here
149 | extern FILE *stdin;		/* Standard input stream.  */
150 | extern FILE *stdout;		/* Standard output stream.  */
151 | extern FILE *stderr;		/* Standard error output stream.  */
    |              `- note: var declared here
152 | /* C89/C99 say they're macros.  Make them happy.  */
153 | #define stdin stdin
/host/spi-builder-workspace/Sources/SwiftMarshal/SwiftMarshal.swift:41:46: error: reference to var 'stderr' is not concurrency-safe because it involves shared mutable state
39 |             default:
40 |                 fputs("error: unknown command '\(subcommand)'\n", stderr)
41 |                 fputs(HelpText.usage + "\n", stderr)
   |                                              `- error: reference to var 'stderr' is not concurrency-safe because it involves shared mutable state
42 |                 return .error
43 |
/usr/include/stdio.h:151:14: note: var declared here
149 | extern FILE *stdin;		/* Standard input stream.  */
150 | extern FILE *stdout;		/* Standard output stream.  */
151 | extern FILE *stderr;		/* Standard error output stream.  */
    |              `- note: var declared here
152 | /* C89/C99 say they're macros.  Make them happy.  */
153 | #define stdin stdin
/host/spi-builder-workspace/Sources/SwiftMarshal/SwiftMarshal.swift:48:61: error: reference to var 'stderr' is not concurrency-safe because it involves shared mutable state
46 |             return code
47 |         } catch {
48 |             fputs("error: \(error.localizedDescription)\n", stderr)
   |                                                             `- error: reference to var 'stderr' is not concurrency-safe because it involves shared mutable state
49 |             return .error
50 |         }
/usr/include/stdio.h:151:14: note: var declared here
149 | extern FILE *stdin;		/* Standard input stream.  */
150 | extern FILE *stdout;		/* Standard output stream.  */
151 | extern FILE *stderr;		/* Standard error output stream.  */
    |              `- note: var declared here
152 | /* C89/C99 say they're macros.  Make them happy.  */
153 | #define stdin stdin
[306/341] Compiling swift_marshal TypeRewritePlan.swift
/host/spi-builder-workspace/Sources/SwiftMarshal/SwiftMarshal.swift:40:67: error: reference to var 'stderr' is not concurrency-safe because it involves shared mutable state
38 |
39 |             default:
40 |                 fputs("error: unknown command '\(subcommand)'\n", stderr)
   |                                                                   `- error: reference to var 'stderr' is not concurrency-safe because it involves shared mutable state
41 |                 fputs(HelpText.usage + "\n", stderr)
42 |                 return .error
/usr/include/stdio.h:151:14: note: var declared here
149 | extern FILE *stdin;		/* Standard input stream.  */
150 | extern FILE *stdout;		/* Standard output stream.  */
151 | extern FILE *stderr;		/* Standard error output stream.  */
    |              `- note: var declared here
152 | /* C89/C99 say they're macros.  Make them happy.  */
153 | #define stdin stdin
/host/spi-builder-workspace/Sources/SwiftMarshal/SwiftMarshal.swift:41:46: error: reference to var 'stderr' is not concurrency-safe because it involves shared mutable state
39 |             default:
40 |                 fputs("error: unknown command '\(subcommand)'\n", stderr)
41 |                 fputs(HelpText.usage + "\n", stderr)
   |                                              `- error: reference to var 'stderr' is not concurrency-safe because it involves shared mutable state
42 |                 return .error
43 |
/usr/include/stdio.h:151:14: note: var declared here
149 | extern FILE *stdin;		/* Standard input stream.  */
150 | extern FILE *stdout;		/* Standard output stream.  */
151 | extern FILE *stderr;		/* Standard error output stream.  */
    |              `- note: var declared here
152 | /* C89/C99 say they're macros.  Make them happy.  */
153 | #define stdin stdin
/host/spi-builder-workspace/Sources/SwiftMarshal/SwiftMarshal.swift:48:61: error: reference to var 'stderr' is not concurrency-safe because it involves shared mutable state
46 |             return code
47 |         } catch {
48 |             fputs("error: \(error.localizedDescription)\n", stderr)
   |                                                             `- error: reference to var 'stderr' is not concurrency-safe because it involves shared mutable state
49 |             return .error
50 |         }
/usr/include/stdio.h:151:14: note: var declared here
149 | extern FILE *stdin;		/* Standard input stream.  */
150 | extern FILE *stdout;		/* Standard output stream.  */
151 | extern FILE *stderr;		/* Standard error output stream.  */
    |              `- note: var declared here
152 | /* C89/C99 say they're macros.  Make them happy.  */
153 | #define stdin stdin
[307/341] Compiling swift_marshal SwiftMarshal.swift
/host/spi-builder-workspace/Sources/SwiftMarshal/SwiftMarshal.swift:40:67: error: reference to var 'stderr' is not concurrency-safe because it involves shared mutable state
38 |
39 |             default:
40 |                 fputs("error: unknown command '\(subcommand)'\n", stderr)
   |                                                                   `- error: reference to var 'stderr' is not concurrency-safe because it involves shared mutable state
41 |                 fputs(HelpText.usage + "\n", stderr)
42 |                 return .error
/usr/include/stdio.h:151:14: note: var declared here
149 | extern FILE *stdin;		/* Standard input stream.  */
150 | extern FILE *stdout;		/* Standard output stream.  */
151 | extern FILE *stderr;		/* Standard error output stream.  */
    |              `- note: var declared here
152 | /* C89/C99 say they're macros.  Make them happy.  */
153 | #define stdin stdin
/host/spi-builder-workspace/Sources/SwiftMarshal/SwiftMarshal.swift:41:46: error: reference to var 'stderr' is not concurrency-safe because it involves shared mutable state
39 |             default:
40 |                 fputs("error: unknown command '\(subcommand)'\n", stderr)
41 |                 fputs(HelpText.usage + "\n", stderr)
   |                                              `- error: reference to var 'stderr' is not concurrency-safe because it involves shared mutable state
42 |                 return .error
43 |
/usr/include/stdio.h:151:14: note: var declared here
149 | extern FILE *stdin;		/* Standard input stream.  */
150 | extern FILE *stdout;		/* Standard output stream.  */
151 | extern FILE *stderr;		/* Standard error output stream.  */
    |              `- note: var declared here
152 | /* C89/C99 say they're macros.  Make them happy.  */
153 | #define stdin stdin
/host/spi-builder-workspace/Sources/SwiftMarshal/SwiftMarshal.swift:48:61: error: reference to var 'stderr' is not concurrency-safe because it involves shared mutable state
46 |             return code
47 |         } catch {
48 |             fputs("error: \(error.localizedDescription)\n", stderr)
   |                                                             `- error: reference to var 'stderr' is not concurrency-safe because it involves shared mutable state
49 |             return .error
50 |         }
/usr/include/stdio.h:151:14: note: var declared here
149 | extern FILE *stdin;		/* Standard input stream.  */
150 | extern FILE *stdout;		/* Standard output stream.  */
151 | extern FILE *stderr;		/* Standard error output stream.  */
    |              `- note: var declared here
152 | /* C89/C99 say they're macros.  Make them happy.  */
153 | #define stdin stdin
[308/341] Compiling swift_marshal Version.swift
/host/spi-builder-workspace/Sources/SwiftMarshal/SwiftMarshal.swift:40:67: error: reference to var 'stderr' is not concurrency-safe because it involves shared mutable state
38 |
39 |             default:
40 |                 fputs("error: unknown command '\(subcommand)'\n", stderr)
   |                                                                   `- error: reference to var 'stderr' is not concurrency-safe because it involves shared mutable state
41 |                 fputs(HelpText.usage + "\n", stderr)
42 |                 return .error
/usr/include/stdio.h:151:14: note: var declared here
149 | extern FILE *stdin;		/* Standard input stream.  */
150 | extern FILE *stdout;		/* Standard output stream.  */
151 | extern FILE *stderr;		/* Standard error output stream.  */
    |              `- note: var declared here
152 | /* C89/C99 say they're macros.  Make them happy.  */
153 | #define stdin stdin
/host/spi-builder-workspace/Sources/SwiftMarshal/SwiftMarshal.swift:41:46: error: reference to var 'stderr' is not concurrency-safe because it involves shared mutable state
39 |             default:
40 |                 fputs("error: unknown command '\(subcommand)'\n", stderr)
41 |                 fputs(HelpText.usage + "\n", stderr)
   |                                              `- error: reference to var 'stderr' is not concurrency-safe because it involves shared mutable state
42 |                 return .error
43 |
/usr/include/stdio.h:151:14: note: var declared here
149 | extern FILE *stdin;		/* Standard input stream.  */
150 | extern FILE *stdout;		/* Standard output stream.  */
151 | extern FILE *stderr;		/* Standard error output stream.  */
    |              `- note: var declared here
152 | /* C89/C99 say they're macros.  Make them happy.  */
153 | #define stdin stdin
/host/spi-builder-workspace/Sources/SwiftMarshal/SwiftMarshal.swift:48:61: error: reference to var 'stderr' is not concurrency-safe because it involves shared mutable state
46 |             return code
47 |         } catch {
48 |             fputs("error: \(error.localizedDescription)\n", stderr)
   |                                                             `- error: reference to var 'stderr' is not concurrency-safe because it involves shared mutable state
49 |             return .error
50 |         }
/usr/include/stdio.h:151:14: note: var declared here
149 | extern FILE *stdin;		/* Standard input stream.  */
150 | extern FILE *stdout;		/* Standard output stream.  */
151 | extern FILE *stderr;		/* Standard error output stream.  */
    |              `- note: var declared here
152 | /* C89/C99 say they're macros.  Make them happy.  */
153 | #define stdin stdin
[309/341] Compiling swift_marshal InitError.swift
[310/341] Compiling swift_marshal ResolvedCommand.swift
[311/341] Compiling swift_marshal Configuration.swift
[312/341] Compiling swift_marshal ConfigurationLoader.swift
[313/341] Compiling swift_marshal ConfigurationMapper.swift
[314/341] Compiling swift_marshal ConfigurationService.swift
[315/341] Compiling swift_marshal ExtensionsStrategy.swift
[316/341] Compiling swift_marshal MemberOrderingRule.swift
[317/341] Compiling swift_marshal MethodKind.swift
[318/341] Compiling swift_marshal FileIOActor.swift
[319/341] Compiling swift_marshal FileReader.swift
[320/341] Compiling swift_marshal FileReadingError.swift
[321/341] Compiling swift_marshal FileReadingHelper.swift
[322/341] Compiling swift_marshal FileWritingError.swift
[323/341] Compiling swift_marshal SwiftFileResolver.swift
[324/341] Compiling swift_marshal ProjectDetector.swift
[325/341] Compiling swift_marshal ProjectKind.swift
BUILD FAILURE 6.2 wasm