The Swift Package Index logo.Swift Package Index

Build Information

Failed to build FlutterSwiftUI, reference main (04391d), with Swift 6.4 for macOS (Xcode) using Xcode 27.0 on 22 Sep 2026 02:05:13 UTC.

Build Command

env DEVELOPER_DIR=/Applications/Xcode-27.0.0-Release.Candidate.app xcrun xcodebuild -IDEClonedSourcePackagesDirPathOverride=$PWD/.dependencies -skipMacroValidation -skipPackagePluginValidation -derivedDataPath $PWD/.derivedData build -scheme FlutterSwiftUI -destination platform=macOS,arch=arm64

Build Log

========================================
RunAll
========================================
Builder version: 5.1.0
Interrupt handler set up.
========================================
Checkout
========================================
Clone URL: https://github.com/miracle101000/FlutterSwiftUI.git
Reference: main
Initialized empty Git repository in /Users/admin/builder/spi-builder-workspace/.git/
From https://github.com/miracle101000/FlutterSwiftUI
 * branch            main       -> FETCH_HEAD
 * [new branch]      main       -> origin/main
HEAD is now at 04391da chore: fixing readme
Cloned https://github.com/miracle101000/FlutterSwiftUI.git
Revision (git rev-parse @):
04391da3a3a35c0147a2856ca3af8bf153b7d3ee
SUCCESS checkout https://github.com/miracle101000/FlutterSwiftUI.git at main
========================================
Build
========================================
Selected platform:         macosXcodebuild
Swift version:             6.4
Building package at path:  $PWD
https://github.com/miracle101000/FlutterSwiftUI.git
Command line invocation:
    /Applications/Xcode-27.0.0-Release.Candidate.app/Contents/Developer/usr/bin/xcodebuild -IDEClonedSourcePackagesDirPathOverride=/Users/admin/builder/spi-builder-workspace/.dependencies -resolvePackageDependencies
Resolve Package Graph
Resolve Package Graph
Resolved source packages:
  FlutterSwiftUI: /Users/admin/builder/spi-builder-workspace
resolved source packages: FlutterSwiftUI
2026-09-21 22:04:25.760 xcodebuild[524:3022] [MT] IDERunDestination: Supported platforms for the buildables in the current scheme is empty.
{
  "dependencies" : [
  ],
  "manifest_display_name" : "FlutterSwiftUI",
  "name" : "FlutterSwiftUI",
  "path" : "/Users/admin/builder/spi-builder-workspace",
  "platforms" : [
    {
      "name" : "ios",
      "version" : "16.0"
    }
  ],
  "products" : [
    {
      "name" : "FlutterSwiftUI",
      "targets" : [
        "FlutterSwiftUI"
      ],
      "type" : {
        "library" : [
          "automatic"
        ]
      }
    }
  ],
  "targets" : [
    {
      "c99name" : "FlutterSwiftUITests",
      "module_type" : "SwiftTarget",
      "name" : "FlutterSwiftUITests",
      "path" : "Tests/FlutterSwiftUITests",
      "sources" : [
        "FlutterSwiftUITests.swift"
      ],
      "target_dependencies" : [
        "FlutterSwiftUI"
      ],
      "type" : "test"
    },
    {
      "c99name" : "FlutterSwiftUI",
      "module_type" : "SwiftTarget",
      "name" : "FlutterSwiftUI",
      "path" : "Sources/FlutterSwiftUI",
      "product_memberships" : [
        "FlutterSwiftUI"
      ],
      "sources" : [
        "Align.swift",
        "AnimatedContainer.swift",
        "AnimatedFractionallySizedBox.swift",
        "AnimatedOpacity.swift",
        "AnimatedPadding.swift",
        "AnimatedPositioned.swift",
        "AnimatedPositionedDirectional.swift",
        "AnimatedRotation.swift",
        "AnimatedScale.swift",
        "AnimatedSlide.swift",
        "AppBar.swift",
        "AspectRatio.swift",
        "CarouselSlider.swift",
        "Center.swift",
        "CircleAvatar.swift",
        "CircularProgressIndicator.swift",
        "ClipRRect.swift",
        "Column.swift",
        "ConstrainedBox.swift",
        "Container.swift",
        "CustomScrollView.swift",
        "CustomTextField.swift",
        "Divider.swift",
        "Expanded.swift",
        "FittedBox.swift",
        "FlutterSwiftUI.swift",
        "FractionallySizedBox.swift",
        "GestureDetector.swift",
        "GridView.swift",
        "GridViewBuilder.swift",
        "GridViewCount.swift",
        "IgnorePointer.swift",
        "ImageWidget.swift",
        "LayoutComponent.swift",
        "LimitedBox.swift",
        "ListView.swift",
        "ListViewBuilder.swift",
        "ListViewSeparated.swift",
        "NestedScrollView.swift",
        "Opacity.swift",
        "Padding.swift",
        "PageView.swift",
        "PageViewBuilder.swift",
        "PageViewComponents.swift",
        "PageViewCustom.swift",
        "Positioned.swift",
        "PositionedFill.swift",
        "Reoderable.swift",
        "RichText.swift",
        "RotatedBox.swift",
        "Rotation.swift",
        "Row.swift",
        "Scaffold.swift",
        "ScrollableComponents.swift",
        "SingleChildScrollView.swift",
        "SizedBox.swift",
        "Stack.swift",
        "TabBarView.swift",
        "TextEditingController.swift",
        "Transform.swift",
        "TransformRotate.swift",
        "TransformScale.swift"
      ],
      "type" : "library"
    }
  ],
  "tools_version" : "5.9"
}
{
  "workspace" : {
    "name" : "FlutterSwiftUI",
    "schemes" : [
      "FlutterSwiftUI"
    ]
  }
}
2026-09-21 22:04:58.432 xcodebuild[623:3806] [MT] IDERunDestination: Supported platforms for the buildables in the current scheme is empty.
Running build ...
env DEVELOPER_DIR=/Applications/Xcode-27.0.0-Release.Candidate.app xcrun xcodebuild -IDEClonedSourcePackagesDirPathOverride=$PWD/.dependencies -skipMacroValidation -skipPackagePluginValidation -derivedDataPath $PWD/.derivedData build -scheme FlutterSwiftUI -destination platform=macOS,arch=arm64
Command line invocation:
    /Applications/Xcode-27.0.0-Release.Candidate.app/Contents/Developer/usr/bin/xcodebuild -IDEClonedSourcePackagesDirPathOverride=/Users/admin/builder/spi-builder-workspace/.dependencies -skipMacroValidation -skipPackagePluginValidation -derivedDataPath /Users/admin/builder/spi-builder-workspace/.derivedData build -scheme FlutterSwiftUI -destination platform=macOS,arch=arm64
Resolve Package Graph
Resolved source packages:
  FlutterSwiftUI: /Users/admin/builder/spi-builder-workspace
ComputePackagePrebuildTargetDependencyGraph
Prepare packages
CreateBuildRequest
SendProjectDescription
CreateBuildOperation
ComputeTargetDependencyGraph
note: Building targets in dependency order
note: Target dependency graph (2 targets)
    Target 'FlutterSwiftUI-product' in project 'FlutterSwiftUI'
        ➜ Explicit dependency on target 'FlutterSwiftUI' in project 'FlutterSwiftUI'
    Target 'FlutterSwiftUI' in project 'FlutterSwiftUI' (no dependencies)
GatherProvisioningInputs
CreateBuildDescription
ExecuteExternalTool /Applications/Xcode-27.0.0-Release.Candidate.app/Contents/Developer/Toolchains/XcodeDefault.xctoolchain/usr/bin/clang -v -E -dM -isysroot /Applications/Xcode-27.0.0-Release.Candidate.app/Contents/Developer/Platforms/MacOSX.platform/Developer/SDKs/MacOSX27.0.sdk -x c -c /dev/null
ExecuteExternalTool /Applications/Xcode-27.0.0-Release.Candidate.app/Contents/Developer/Toolchains/XcodeDefault.xctoolchain/usr/bin/swiftc --version
ExecuteExternalTool /Applications/Xcode-27.0.0-Release.Candidate.app/Contents/Developer/Toolchains/XcodeDefault.xctoolchain/usr/bin/ld -version_details
Build description signature: 6664fb0c87b7ff7eb33e8e9af11bfe50
Build description path: /Users/admin/builder/spi-builder-workspace/.derivedData/Build/Intermediates.noindex/XCBuildData/6664fb0c87b7ff7eb33e8e9af11bfe50.xcbuilddata
CreateBuildDirectory /Users/admin/builder/spi-builder-workspace/.derivedData/SDKExplicitPrecompiledModules
    cd /Users/admin/builder/spi-builder-workspace/.swiftpm/xcode
    builtin-create-build-directory /Users/admin/builder/spi-builder-workspace/.derivedData/SDKExplicitPrecompiledModules
CreateBuildDirectory /Users/admin/builder/spi-builder-workspace/.derivedData/ModuleCache.noindex
    cd /Users/admin/builder/spi-builder-workspace/.swiftpm/xcode
    builtin-create-build-directory /Users/admin/builder/spi-builder-workspace/.derivedData/ModuleCache.noindex
CreateBuildDirectory /Users/admin/builder/spi-builder-workspace/.derivedData/CompilationCache.noindex
    cd /Users/admin/builder/spi-builder-workspace/.swiftpm/xcode
    builtin-create-build-directory /Users/admin/builder/spi-builder-workspace/.derivedData/CompilationCache.noindex
CreateBuildDirectory /Users/admin/builder/spi-builder-workspace/.derivedData/Build/Products
    cd /Users/admin/builder/spi-builder-workspace/.swiftpm/xcode
    builtin-create-build-directory /Users/admin/builder/spi-builder-workspace/.derivedData/Build/Products
ClangStatCache /Applications/Xcode-27.0.0-Release.Candidate.app/Contents/Developer/Toolchains/XcodeDefault.xctoolchain/usr/bin/clang-stat-cache /Applications/Xcode-27.0.0-Release.Candidate.app/Contents/Developer/Platforms/MacOSX.platform/Developer/SDKs/MacOSX27.0.sdk /Users/admin/builder/spi-builder-workspace/.derivedData/SDKStatCaches.noindex/macosx27.0-26A425-e829b21a6f8c9b70876ba0858053c0446a22442a12e9d48fe1a705f55a1adfc4.sdkstatcache
    cd /Users/admin/builder/spi-builder-workspace/.swiftpm/xcode
    /Applications/Xcode-27.0.0-Release.Candidate.app/Contents/Developer/Toolchains/XcodeDefault.xctoolchain/usr/bin/clang-stat-cache /Applications/Xcode-27.0.0-Release.Candidate.app/Contents/Developer/Platforms/MacOSX.platform/Developer/SDKs/MacOSX27.0.sdk -o /Users/admin/builder/spi-builder-workspace/.derivedData/SDKStatCaches.noindex/macosx27.0-26A425-e829b21a6f8c9b70876ba0858053c0446a22442a12e9d48fe1a705f55a1adfc4.sdkstatcache
CreateBuildDirectory /Users/admin/builder/spi-builder-workspace/.derivedData/Build/Intermediates.noindex
    cd /Users/admin/builder/spi-builder-workspace/.swiftpm/xcode
    builtin-create-build-directory /Users/admin/builder/spi-builder-workspace/.derivedData/Build/Intermediates.noindex
CreateBuildDirectory /Users/admin/builder/spi-builder-workspace/.derivedData/Build/Intermediates.noindex/SwiftExplicitPrecompiledModules
    cd /Users/admin/builder/spi-builder-workspace/.swiftpm/xcode
    builtin-create-build-directory /Users/admin/builder/spi-builder-workspace/.derivedData/Build/Intermediates.noindex/SwiftExplicitPrecompiledModules
CreateBuildDirectory /Users/admin/builder/spi-builder-workspace/.derivedData/Build/Intermediates.noindex/ExplicitPrecompiledModules
    cd /Users/admin/builder/spi-builder-workspace/.swiftpm/xcode
    builtin-create-build-directory /Users/admin/builder/spi-builder-workspace/.derivedData/Build/Intermediates.noindex/ExplicitPrecompiledModules
CreateBuildDirectory /Users/admin/builder/spi-builder-workspace/.derivedData/Build/Intermediates.noindex/PrecompiledHeaders
    cd /Users/admin/builder/spi-builder-workspace/.swiftpm/xcode
    builtin-create-build-directory /Users/admin/builder/spi-builder-workspace/.derivedData/Build/Intermediates.noindex/PrecompiledHeaders
CreateBuildDirectory /Users/admin/builder/spi-builder-workspace/.derivedData/Build/Intermediates.noindex/EagerLinkingTBDs/Debug
    cd /Users/admin/builder/spi-builder-workspace/.swiftpm/xcode
    builtin-create-build-directory /Users/admin/builder/spi-builder-workspace/.derivedData/Build/Intermediates.noindex/EagerLinkingTBDs/Debug
CreateBuildDirectory /Users/admin/builder/spi-builder-workspace/.derivedData/Build/Products/Debug
    cd /Users/admin/builder/spi-builder-workspace/.swiftpm/xcode
    builtin-create-build-directory /Users/admin/builder/spi-builder-workspace/.derivedData/Build/Products/Debug
CreateBuildDirectory /Users/admin/builder/spi-builder-workspace/.derivedData/Build/Products/Debug/PackageFrameworks
    cd /Users/admin/builder/spi-builder-workspace/.swiftpm/xcode
    builtin-create-build-directory /Users/admin/builder/spi-builder-workspace/.derivedData/Build/Products/Debug/PackageFrameworks
WriteAuxiliaryFile /Users/admin/builder/spi-builder-workspace/.derivedData/Build/Intermediates.noindex/FlutterSwiftUI.build/Debug/FlutterSwiftUI-t.build/FlutterSwiftUI.DependencyStaticMetadataFileList (in target 'FlutterSwiftUI' from project 'FlutterSwiftUI')
    cd /Users/admin/builder/spi-builder-workspace
    write-file /Users/admin/builder/spi-builder-workspace/.derivedData/Build/Intermediates.noindex/FlutterSwiftUI.build/Debug/FlutterSwiftUI-t.build/FlutterSwiftUI.DependencyStaticMetadataFileList
WriteAuxiliaryFile /Users/admin/builder/spi-builder-workspace/.derivedData/Build/Intermediates.noindex/FlutterSwiftUI.build/Debug/FlutterSwiftUI-t.build/FlutterSwiftUI.modulemap (in target 'FlutterSwiftUI' from project 'FlutterSwiftUI')
    cd /Users/admin/builder/spi-builder-workspace
    write-file /Users/admin/builder/spi-builder-workspace/.derivedData/Build/Intermediates.noindex/FlutterSwiftUI.build/Debug/FlutterSwiftUI-t.build/FlutterSwiftUI.modulemap
WriteAuxiliaryFile /Users/admin/builder/spi-builder-workspace/.derivedData/Build/Intermediates.noindex/FlutterSwiftUI.build/Debug/FlutterSwiftUI-t.build/FlutterSwiftUI.DependencyMetadataFileList (in target 'FlutterSwiftUI' from project 'FlutterSwiftUI')
    cd /Users/admin/builder/spi-builder-workspace
    write-file /Users/admin/builder/spi-builder-workspace/.derivedData/Build/Intermediates.noindex/FlutterSwiftUI.build/Debug/FlutterSwiftUI-t.build/FlutterSwiftUI.DependencyMetadataFileList
WriteAuxiliaryFile /Users/admin/builder/spi-builder-workspace/.derivedData/Build/Intermediates.noindex/FlutterSwiftUI.build/Debug/FlutterSwiftUI-t.build/Objects-normal/arm64/FlutterSwiftUI.SwiftConstValuesFileList (in target 'FlutterSwiftUI' from project 'FlutterSwiftUI')
    cd /Users/admin/builder/spi-builder-workspace
    write-file /Users/admin/builder/spi-builder-workspace/.derivedData/Build/Intermediates.noindex/FlutterSwiftUI.build/Debug/FlutterSwiftUI-t.build/Objects-normal/arm64/FlutterSwiftUI.SwiftConstValuesFileList
WriteAuxiliaryFile /Users/admin/builder/spi-builder-workspace/.derivedData/Build/Intermediates.noindex/FlutterSwiftUI.build/Debug/FlutterSwiftUI-t.build/Objects-normal/arm64/FlutterSwiftUI-OutputFileMap.json (in target 'FlutterSwiftUI' from project 'FlutterSwiftUI')
    cd /Users/admin/builder/spi-builder-workspace
    write-file /Users/admin/builder/spi-builder-workspace/.derivedData/Build/Intermediates.noindex/FlutterSwiftUI.build/Debug/FlutterSwiftUI-t.build/Objects-normal/arm64/FlutterSwiftUI-OutputFileMap.json
WriteAuxiliaryFile /Users/admin/builder/spi-builder-workspace/.derivedData/Build/Intermediates.noindex/FlutterSwiftUI.build/Debug/FlutterSwiftUI-t.build/Objects-normal/arm64/FlutterSwiftUI.SwiftFileList (in target 'FlutterSwiftUI' from project 'FlutterSwiftUI')
    cd /Users/admin/builder/spi-builder-workspace
    write-file /Users/admin/builder/spi-builder-workspace/.derivedData/Build/Intermediates.noindex/FlutterSwiftUI.build/Debug/FlutterSwiftUI-t.build/Objects-normal/arm64/FlutterSwiftUI.SwiftFileList
WriteAuxiliaryFile /Users/admin/builder/spi-builder-workspace/.derivedData/Build/Intermediates.noindex/FlutterSwiftUI.build/Debug/FlutterSwiftUI-t.build/Objects-normal/arm64/FlutterSwiftUI_const_extract_protocols.json (in target 'FlutterSwiftUI' from project 'FlutterSwiftUI')
    cd /Users/admin/builder/spi-builder-workspace
    write-file /Users/admin/builder/spi-builder-workspace/.derivedData/Build/Intermediates.noindex/FlutterSwiftUI.build/Debug/FlutterSwiftUI-t.build/Objects-normal/arm64/FlutterSwiftUI_const_extract_protocols.json
WriteAuxiliaryFile /Users/admin/builder/spi-builder-workspace/.derivedData/Build/Intermediates.noindex/FlutterSwiftUI.build/Debug/FlutterSwiftUI-t.build/Objects-normal/arm64/FlutterSwiftUI.LinkFileList (in target 'FlutterSwiftUI' from project 'FlutterSwiftUI')
    cd /Users/admin/builder/spi-builder-workspace
    write-file /Users/admin/builder/spi-builder-workspace/.derivedData/Build/Intermediates.noindex/FlutterSwiftUI.build/Debug/FlutterSwiftUI-t.build/Objects-normal/arm64/FlutterSwiftUI.LinkFileList
Copy /Users/admin/builder/spi-builder-workspace/.derivedData/Build/Intermediates.noindex/GeneratedModuleMaps/FlutterSwiftUI.modulemap /Users/admin/builder/spi-builder-workspace/.derivedData/Build/Intermediates.noindex/FlutterSwiftUI.build/Debug/FlutterSwiftUI-t.build/FlutterSwiftUI.modulemap (in target 'FlutterSwiftUI' from project 'FlutterSwiftUI')
    cd /Users/admin/builder/spi-builder-workspace
    builtin-copy -exclude .DS_Store -exclude CVS -exclude .svn -exclude .git -exclude .hg -resolve-src-symlinks /Users/admin/builder/spi-builder-workspace/.derivedData/Build/Intermediates.noindex/FlutterSwiftUI.build/Debug/FlutterSwiftUI-t.build/FlutterSwiftUI.modulemap /Users/admin/builder/spi-builder-workspace/.derivedData/Build/Intermediates.noindex/GeneratedModuleMaps
SwiftDriver FlutterSwiftUI normal arm64 com.apple.xcode.tools.swift.compiler (in target 'FlutterSwiftUI' from project 'FlutterSwiftUI')
    cd /Users/admin/builder/spi-builder-workspace/.swiftpm/xcode
    builtin-SwiftDriver -- /Applications/Xcode-27.0.0-Release.Candidate.app/Contents/Developer/Toolchains/XcodeDefault.xctoolchain/usr/bin/swiftc -parse-as-library -module-name FlutterSwiftUI -Onone @/Users/admin/builder/spi-builder-workspace/.derivedData/Build/Intermediates.noindex/FlutterSwiftUI.build/Debug/FlutterSwiftUI-t.build/Objects-normal/arm64/FlutterSwiftUI.SwiftFileList -DSWIFT_PACKAGE -DDEBUG -DSWIFT_MODULE_RESOURCE_BUNDLE_UNAVAILABLE -DXcode -plugin-path /Applications/Xcode-27.0.0-Release.Candidate.app/Contents/Developer/Toolchains/XcodeDefault.xctoolchain/usr/lib/swift/host/plugins/testing -enable-experimental-feature DebugDescriptionMacro -sdk /Applications/Xcode-27.0.0-Release.Candidate.app/Contents/Developer/Platforms/MacOSX.platform/Developer/SDKs/MacOSX27.0.sdk -target arm64-apple-macos12.0 -g -module-cache-path /Users/admin/builder/spi-builder-workspace/.derivedData/ModuleCache.noindex -Xfrontend -serialize-debugging-options -profile-coverage-mapping -profile-generate -enable-testing -index-store-path /Users/admin/builder/spi-builder-workspace/.derivedData/Index.noindex/DataStore -Xcc -D_LIBCPP_HARDENING_MODE\=_LIBCPP_HARDENING_MODE_DEBUG -swift-version 5 -I /Users/admin/builder/spi-builder-workspace/.derivedData/Build/Products/Debug -Isystem /Applications/Xcode-27.0.0-Release.Candidate.app/Contents/Developer/Platforms/MacOSX.platform/Developer/usr/lib -F /Users/admin/builder/spi-builder-workspace/.derivedData/Build/Products/Debug -F /Applications/Xcode-27.0.0-Release.Candidate.app/Contents/Developer/Platforms/MacOSX.platform/Developer/Library/Frameworks -c -j10 -enable-batch-mode -incremental -Xcc -ivfsstatcache -Xcc /Users/admin/builder/spi-builder-workspace/.derivedData/SDKStatCaches.noindex/macosx27.0-26A425-e829b21a6f8c9b70876ba0858053c0446a22442a12e9d48fe1a705f55a1adfc4.sdkstatcache -output-file-map /Users/admin/builder/spi-builder-workspace/.derivedData/Build/Intermediates.noindex/FlutterSwiftUI.build/Debug/FlutterSwiftUI-t.build/Objects-normal/arm64/FlutterSwiftUI-OutputFileMap.json -save-temps -no-color-diagnostics -explicit-module-build -module-cache-path /Users/admin/builder/spi-builder-workspace/.derivedData/Build/Intermediates.noindex/SwiftExplicitPrecompiledModules -clang-scanner-module-cache-path /Users/admin/builder/spi-builder-workspace/.derivedData/ModuleCache.noindex -sdk-module-cache-path /Users/admin/builder/spi-builder-workspace/.derivedData/SDKExplicitPrecompiledModules -emit-dependencies -emit-module -emit-module-path /Users/admin/builder/spi-builder-workspace/.derivedData/Build/Intermediates.noindex/FlutterSwiftUI.build/Debug/FlutterSwiftUI-t.build/Objects-normal/arm64/FlutterSwiftUI.swiftmodule -serialize-diagnostics -dependency-scan-serialize-diagnostics-path /Users/admin/builder/spi-builder-workspace/.derivedData/Build/Intermediates.noindex/FlutterSwiftUI.build/Debug/FlutterSwiftUI-t.build/Objects-normal/arm64/FlutterSwiftUI-dependency-scan.dia -validate-clang-modules-once -clang-build-session-file /Users/admin/builder/spi-builder-workspace/.derivedData/ModuleCache.noindex/Session.modulevalidation -Xcc -fmodules-prune-interval\=86400 -Xcc -fmodules-prune-after\=345600 -package-name spi_builder_workspace -emit-const-values -const-gather-protocols-list /Users/admin/builder/spi-builder-workspace/.derivedData/Build/Intermediates.noindex/FlutterSwiftUI.build/Debug/FlutterSwiftUI-t.build/Objects-normal/arm64/FlutterSwiftUI_const_extract_protocols.json -Xcc -I/Users/admin/builder/spi-builder-workspace/.derivedData/Build/Products/Debug/include -Xcc -I/Users/admin/builder/spi-builder-workspace/.derivedData/Build/Intermediates.noindex/FlutterSwiftUI.build/Debug/FlutterSwiftUI-t.build/DerivedSources-normal/arm64 -Xcc -I/Users/admin/builder/spi-builder-workspace/.derivedData/Build/Intermediates.noindex/FlutterSwiftUI.build/Debug/FlutterSwiftUI-t.build/DerivedSources/arm64 -Xcc -I/Users/admin/builder/spi-builder-workspace/.derivedData/Build/Intermediates.noindex/FlutterSwiftUI.build/Debug/FlutterSwiftUI-t.build/DerivedSources -Xcc -DSWIFT_PACKAGE -Xcc -DDEBUG\=1 -emit-objc-header -emit-objc-header-path /Users/admin/builder/spi-builder-workspace/.derivedData/Build/Intermediates.noindex/FlutterSwiftUI.build/Debug/FlutterSwiftUI-t.build/Objects-normal/arm64/FlutterSwiftUI-Swift.h -working-directory /Users/admin/builder/spi-builder-workspace/.swiftpm/xcode -experimental-emit-module-separately -disable-cmo
SwiftExplicitDependencyGeneratePcm arm64 /Users/admin/builder/spi-builder-workspace/.derivedData/SDKExplicitPrecompiledModules/SwiftShims-C4V0DQ62WSTCYBYGILXXGQNO3.pcm
SwiftExplicitDependencyGeneratePcm arm64 /Users/admin/builder/spi-builder-workspace/.derivedData/SDKExplicitPrecompiledModules/DeveloperToolsSupport-13SNQ6N57G3DOS3KQA7V91OE7.pcm
SwiftExplicitDependencyGeneratePcm arm64 /Users/admin/builder/spi-builder-workspace/.derivedData/SDKExplicitPrecompiledModules/ptrauth-2W92ZJRLNJU99RJUQGGJG3OC3.pcm
SwiftExplicitDependencyGeneratePcm arm64 /Users/admin/builder/spi-builder-workspace/.derivedData/SDKExplicitPrecompiledModules/_Builtin_stddef-3GI9GOKXSW3QCTFOI1USFLDZO.pcm
SwiftExplicitDependencyGeneratePcm arm64 /Users/admin/builder/spi-builder-workspace/.derivedData/SDKExplicitPrecompiledModules/_AvailabilityInternal-CJTV5E7EL3MWRA437DUFPBVN2.pcm
SwiftExplicitDependencyGeneratePcm arm64 /Users/admin/builder/spi-builder-workspace/.derivedData/SDKExplicitPrecompiledModules/ptrcheck-DHLCBWKPNUZOYTPJ1J3QVTCXK.pcm
SwiftExplicitDependencyGeneratePcm arm64 /Users/admin/builder/spi-builder-workspace/.derivedData/SDKExplicitPrecompiledModules/_Builtin_stdbool-KYV2HKP8IKLKMKQS9DGA2GUQ.pcm
SwiftExplicitDependencyGeneratePcm arm64 /Users/admin/builder/spi-builder-workspace/.derivedData/SDKExplicitPrecompiledModules/_Builtin_stdarg-7CFWA9OSW5N24E7PG4ZOCF1VH.pcm
SwiftExplicitDependencyGeneratePcm arm64 /Users/admin/builder/spi-builder-workspace/.derivedData/SDKExplicitPrecompiledModules/_Builtin_float-105CRCDRP90FQCQO5ZX1LHV7H.pcm
SwiftExplicitDependencyGeneratePcm arm64 /Users/admin/builder/spi-builder-workspace/.derivedData/SDKExplicitPrecompiledModules/_SwiftConcurrencyShims-BLUUWKI6AGMD7TJ4RGYS7DP6T.pcm
SwiftExplicitDependencyGeneratePcm arm64 /Users/admin/builder/spi-builder-workspace/.derivedData/SDKExplicitPrecompiledModules/_DarwinFoundation1-7PRJIG163YE9KSKYA3BS35ZZP.pcm
SwiftExplicitDependencyGeneratePcm arm64 /Users/admin/builder/spi-builder-workspace/.derivedData/SDKExplicitPrecompiledModules/_Builtin_limits-AXGUGXBFPC0I7QDLJFB0K341Y.pcm
SwiftExplicitDependencyGeneratePcm arm64 /Users/admin/builder/spi-builder-workspace/.derivedData/SDKExplicitPrecompiledModules/_DarwinFoundation2-94WUUGE4H5R03OWXE0QFZX1DN.pcm
SwiftExplicitDependencyGeneratePcm arm64 /Users/admin/builder/spi-builder-workspace/.derivedData/SDKExplicitPrecompiledModules/_Builtin_tgmath-52XE6HC8DWOG6S7B5QAI046D1.pcm
SwiftExplicitDependencyGeneratePcm arm64 /Users/admin/builder/spi-builder-workspace/.derivedData/SDKExplicitPrecompiledModules/string_h-10WPXBF3YFYMX5HUAW06LSABR.pcm
SwiftExplicitDependencyGeneratePcm arm64 /Users/admin/builder/spi-builder-workspace/.derivedData/SDKExplicitPrecompiledModules/_Builtin_stdint-22CBBOK8BNSF0UELDCAXSHGB.pcm
SwiftExplicitDependencyGeneratePcm arm64 /Users/admin/builder/spi-builder-workspace/.derivedData/SDKExplicitPrecompiledModules/sys_types-F4RNCN6UR5R5OWTLTOUM7TN3E.pcm
SwiftExplicitDependencyGeneratePcm arm64 /Users/admin/builder/spi-builder-workspace/.derivedData/SDKExplicitPrecompiledModules/_Builtin_stdatomic-8LN7S35C6I48KJOCW7VPXX04X.pcm
SwiftExplicitDependencyGeneratePcm arm64 /Users/admin/builder/spi-builder-workspace/.derivedData/SDKExplicitPrecompiledModules/libDER-5RCYOD0PCUUY2UGMBNE9LI8N9.pcm
SwiftExplicitDependencyGeneratePcm arm64 /Users/admin/builder/spi-builder-workspace/.derivedData/SDKExplicitPrecompiledModules/_DarwinFoundation3-32PO5Q4RCB6WXH5VFO3HA3AVS.pcm
SwiftExplicitDependencyGeneratePcm arm64 /Users/admin/builder/spi-builder-workspace/.derivedData/SDKExplicitPrecompiledModules/_Builtin_intrinsics-4O6R03GTH5FLWSHEUBP0Z3GZ2.pcm
SwiftExplicitDependencyGeneratePcm arm64 /Users/admin/builder/spi-builder-workspace/.derivedData/SDKExplicitPrecompiledModules/_Builtin_inttypes-1U6AP9A8AJ4G9WD98E9RHLGTJ.pcm
SwiftExplicitDependencyGeneratePcm arm64 /Users/admin/builder/spi-builder-workspace/.derivedData/SDKExplicitPrecompiledModules/Darwin-1RAAWNGKQM8YGHV0YJNNN5YDY.pcm
SwiftExplicitDependencyGeneratePcm arm64 /Users/admin/builder/spi-builder-workspace/.derivedData/SDKExplicitPrecompiledModules/simd-A9TKR8OE9APRJ1RNS7F0OBY4Q.pcm
SwiftExplicitDependencyGeneratePcm arm64 /Users/admin/builder/spi-builder-workspace/.derivedData/SDKExplicitPrecompiledModules/MachO-AWTJ65TFR7TMST2NUE6ZCC1SL.pcm
SwiftExplicitDependencyGeneratePcm arm64 /Users/admin/builder/spi-builder-workspace/.derivedData/SDKExplicitPrecompiledModules/CUPS-45MNISAOHSEBD6VQA5G0MXN9H.pcm
SwiftExplicitDependencyGeneratePcm arm64 /Users/admin/builder/spi-builder-workspace/.derivedData/SDKExplicitPrecompiledModules/libkern-22MDXN9G35RPO3OLKX9B2PN16.pcm
SwiftExplicitDependencyGeneratePcm arm64 /Users/admin/builder/spi-builder-workspace/.derivedData/SDKExplicitPrecompiledModules/launch-2XAORMJNLLVS0OVKC1M0752GY.pcm
SwiftExplicitDependencyGeneratePcm arm64 /Users/admin/builder/spi-builder-workspace/.derivedData/SDKExplicitPrecompiledModules/ObjectiveC-B89IQP2TC4CFSWOUMTUZRI1VZ.pcm
SwiftExplicitDependencyGeneratePcm arm64 /Users/admin/builder/spi-builder-workspace/.derivedData/SDKExplicitPrecompiledModules/Spatial-2JNOU2HNJ0Q174XCFCD0GCOUQ.pcm
SwiftExplicitDependencyGeneratePcm arm64 /Users/admin/builder/spi-builder-workspace/.derivedData/SDKExplicitPrecompiledModules/os_object-3KLCCI03OX6OQTLJ92KQH2KIO.pcm
SwiftExplicitDependencyGeneratePcm arm64 /Users/admin/builder/spi-builder-workspace/.derivedData/SDKExplicitPrecompiledModules/os_workgroup-10SJ5M8R2OB4BG1TPFL9SZMKV.pcm
SwiftExplicitDependencyGeneratePcm arm64 /Users/admin/builder/spi-builder-workspace/.derivedData/SDKExplicitPrecompiledModules/Dispatch-NAMWF9KN29KC7Z5OS3TTTAE8.pcm
SwiftExplicitDependencyGeneratePcm arm64 /Users/admin/builder/spi-builder-workspace/.derivedData/SDKExplicitPrecompiledModules/CoreFoundation-4ZIITQ30SOGUQE8KJAB99ZV0Q.pcm
SwiftExplicitDependencyGeneratePcm arm64 /Users/admin/builder/spi-builder-workspace/.derivedData/SDKExplicitPrecompiledModules/XPC-E1MSAZG4ZNL24S2WK6K6Y7GWW.pcm
SwiftExplicitDependencyGeneratePcm arm64 /Users/admin/builder/spi-builder-workspace/.derivedData/SDKExplicitPrecompiledModules/os-BYOEVK2GEMB4Q8WWHGZGREA00.pcm
SwiftExplicitDependencyGeneratePcm arm64 /Users/admin/builder/spi-builder-workspace/.derivedData/SDKExplicitPrecompiledModules/Security-ESPJ7FP0YAY1EL3VXBGY9MCZ8.pcm
SwiftExplicitDependencyGeneratePcm arm64 /Users/admin/builder/spi-builder-workspace/.derivedData/SDKExplicitPrecompiledModules/CFNetwork-CVHS5CT20191MFYXQIEDWSRGJ.pcm
SwiftExplicitDependencyGeneratePcm arm64 /Users/admin/builder/spi-builder-workspace/.derivedData/SDKExplicitPrecompiledModules/IOKit-6H3X691EDBH124EYTC2PEOP5T.pcm
SwiftExplicitDependencyGeneratePcm arm64 /Users/admin/builder/spi-builder-workspace/.derivedData/SDKExplicitPrecompiledModules/CoreAudioTypes-EEH2XZ47XX4YM3FOOISUYVRQE.pcm
SwiftExplicitDependencyGeneratePcm arm64 /Users/admin/builder/spi-builder-workspace/.derivedData/SDKExplicitPrecompiledModules/ColorSync-BBCIZDDQ6O3QECFAWJQ6RU4ZJ.pcm
SwiftExplicitDependencyGeneratePcm arm64 /Users/admin/builder/spi-builder-workspace/.derivedData/SDKExplicitPrecompiledModules/DiskArbitration-ZNZZU7T0SYELB0DAR56WQF0R.pcm
SwiftExplicitDependencyGeneratePcm arm64 /Users/admin/builder/spi-builder-workspace/.derivedData/SDKExplicitPrecompiledModules/CoreGraphics-5TRMNDB7ZP6FFMRNSZCWEOZMD.pcm
SwiftExplicitDependencyGeneratePcm arm64 /Users/admin/builder/spi-builder-workspace/.derivedData/SDKExplicitPrecompiledModules/CoreServices-CGCGY0FOMEQGSNMO3HQSC09XU.pcm
SwiftExplicitDependencyGeneratePcm arm64 /Users/admin/builder/spi-builder-workspace/.derivedData/SDKExplicitPrecompiledModules/ImageIO-88YNP2EU498GB5YXIFJ9ANNYW.pcm
SwiftExplicitDependencyGeneratePcm arm64 /Users/admin/builder/spi-builder-workspace/.derivedData/SDKExplicitPrecompiledModules/CoreText-C1WSF2HWGIKVJ2XHWBKXQBSEY.pcm
SwiftExplicitDependencyGeneratePcm arm64 /Users/admin/builder/spi-builder-workspace/.derivedData/SDKExplicitPrecompiledModules/Foundation-44WR0NU86C67CV5BW8W1MGKNG.pcm
SwiftExplicitDependencyGeneratePcm arm64 /Users/admin/builder/spi-builder-workspace/.derivedData/SDKExplicitPrecompiledModules/CoreAudio-8XPVZMQXZVBU162UQPW77JTL1.pcm
SwiftExplicitDependencyGeneratePcm arm64 /Users/admin/builder/spi-builder-workspace/.derivedData/SDKExplicitPrecompiledModules/CoreTransferable-2HJ1Z8HJBPECRD89AVJ0X7S63.pcm
SwiftExplicitDependencyGeneratePcm arm64 /Users/admin/builder/spi-builder-workspace/.derivedData/SDKExplicitPrecompiledModules/Accessibility-6F38G4T85MOHD9AA2EH4U2PJS.pcm
SwiftExplicitDependencyGeneratePcm arm64 /Users/admin/builder/spi-builder-workspace/.derivedData/SDKExplicitPrecompiledModules/UniformTypeIdentifiers-5LG8RE3Q01MBLZVRR3FFHHL5H.pcm
SwiftExplicitDependencyGeneratePcm arm64 /Users/admin/builder/spi-builder-workspace/.derivedData/SDKExplicitPrecompiledModules/Symbols-2NFSQR6R0R96WH1KKGBXW1J.pcm
SwiftExplicitDependencyGeneratePcm arm64 /Users/admin/builder/spi-builder-workspace/.derivedData/SDKExplicitPrecompiledModules/DataDetection-5GDUUWT6YIA10PE5D9A8SXWZ9.pcm
SwiftExplicitDependencyGeneratePcm arm64 /Users/admin/builder/spi-builder-workspace/.derivedData/SDKExplicitPrecompiledModules/OSLog-1GSRGGGEESVJH9OULZA91RAA3.pcm
SwiftExplicitDependencyGeneratePcm arm64 /Users/admin/builder/spi-builder-workspace/.derivedData/SDKExplicitPrecompiledModules/ApplicationServices-ALXSS633FQY42UMJSLR6MNLSK.pcm
SwiftExplicitDependencyGeneratePcm arm64 /Users/admin/builder/spi-builder-workspace/.derivedData/SDKExplicitPrecompiledModules/IOSurface-1TUG4NQVIPJF59WSUNATZ447F.pcm
SwiftExplicitDependencyGeneratePcm arm64 /Users/admin/builder/spi-builder-workspace/.derivedData/SDKExplicitPrecompiledModules/CoreData-4EPJ39F9L3QQ9486B5AMG5G6J.pcm
SwiftExplicitDependencyGeneratePcm arm64 /Users/admin/builder/spi-builder-workspace/.derivedData/SDKExplicitPrecompiledModules/OpenGL-FXV81CD8YS42YTVJKJH1VLGA.pcm
SwiftExplicitDependencyGeneratePcm arm64 /Users/admin/builder/spi-builder-workspace/.derivedData/SDKExplicitPrecompiledModules/Metal-KM8CI04R5X5OUWMGRMNZE4KP.pcm
SwiftExplicitDependencyGeneratePcm arm64 /Users/admin/builder/spi-builder-workspace/.derivedData/SDKExplicitPrecompiledModules/CoreVideo-11TKSDKW0L2K02H4B9ZHWLM3B.pcm
SwiftExplicitDependencyGeneratePcm arm64 /Users/admin/builder/spi-builder-workspace/.derivedData/SDKExplicitPrecompiledModules/CoreMedia-699WGYGEEF2LGFEEGSCM9Y1UF.pcm
SwiftExplicitDependencyGeneratePcm arm64 /Users/admin/builder/spi-builder-workspace/.derivedData/SDKExplicitPrecompiledModules/QuartzCore-AP21NXF3BYPWOG416U3DI6QME.pcm
SwiftExplicitDependencyGeneratePcm arm64 /Users/admin/builder/spi-builder-workspace/.derivedData/SDKExplicitPrecompiledModules/CoreImage-AKYY8VSFWQ6KIIXG3EQJ7PW5T.pcm
SwiftExplicitDependencyGeneratePcm arm64 /Users/admin/builder/spi-builder-workspace/.derivedData/SDKExplicitPrecompiledModules/SwiftUICore-ESLJM4CVIQEQNCRTK6KPAF1I7.pcm
SwiftExplicitDependencyGeneratePcm arm64 /Users/admin/builder/spi-builder-workspace/.derivedData/SDKExplicitPrecompiledModules/AppKit-C2WRQ26QXORUMMNQB0M8H4QYD.pcm
SwiftExplicitDependencyGeneratePcm arm64 /Users/admin/builder/spi-builder-workspace/.derivedData/SDKExplicitPrecompiledModules/SwiftUI-5IEOINZEJ69OCDVRMHPS5W4XI.pcm
SwiftEmitModule normal arm64 Emitting\ module\ for\ FlutterSwiftUI (in target 'FlutterSwiftUI' from project 'FlutterSwiftUI')
/Users/admin/builder/spi-builder-workspace/Sources/FlutterSwiftUI/CustomTextField.swift:53:23: error: cannot find type 'UIKeyboardType' in scope
 51 |     let underlined: Bool
 52 |     /// Keyboard type
 53 |     let keyboardType: UIKeyboardType
    |                       `- error: cannot find type 'UIKeyboardType' in scope
 54 |
 55 |     // MARK: - State Management
/Users/admin/builder/spi-builder-workspace/Sources/FlutterSwiftUI/CustomTextField.swift:85:23: error: cannot find type 'UIKeyboardType' in scope
 83 |         outlined: Bool = false,
 84 |         underlined: Bool = false,
 85 |         keyboardType: UIKeyboardType = .default
    |                       `- error: cannot find type 'UIKeyboardType' in scope
 86 |     ) {
 87 |         self.controller = controller
/Users/admin/builder/spi-builder-workspace/Sources/FlutterSwiftUI/ImageWidget.swift:13:22: error: cannot find type 'UIImage' in scope
 11 |         case url(URL)
 12 |         case data(Data)
 13 |         case uiImage(UIImage)
    |                      `- error: cannot find type 'UIImage' in scope
 14 |     }
 15 |
/Users/admin/builder/spi-builder-workspace/Sources/FlutterSwiftUI/ImageWidget.swift:31:31: error: cannot find type 'UIImage' in scope
 29 |     // MARK: - State Management
 30 |
 31 |     @State private var image: UIImage? = nil
    |                               `- error: cannot find type 'UIImage' in scope
 32 |     @State private var isLoading = true
 33 |     @State private var hasError = false
macro expansion @State:2:24: error: cannot find type 'UIImage' in scope
`- /Users/admin/builder/spi-builder-workspace/Sources/FlutterSwiftUI/ImageWidget.swift:31:45: note: expanded code originates here
 29 |     // MARK: - State Management
 30 |
 31 |     @State private var image: UIImage? = nil
    |     `- note: in expansion of macro 'State' on property 'image' here
    +--- macro expansion @State ----------------------------------------
    | 1 | private var __image = SwiftUICore.State._makeStorage(({
    | 2 |             let value: UIImage? = nil
    |   |                        `- error: cannot find type 'UIImage' in scope
    | 3 |             return value
    | 4 |         }))
    +-------------------------------------------------------------------
 32 |     @State private var isLoading = true
 33 |     @State private var hasError = false
macro expansion @State:8:27: error: cannot find type 'UIImage' in scope
`- /Users/admin/builder/spi-builder-workspace/Sources/FlutterSwiftUI/ImageWidget.swift:31:45: note: expanded code originates here
 29 |     // MARK: - State Management
 30 |
 31 |     @State private var image: UIImage? = nil
    |     `- note: in expansion of macro 'State' on property 'image' here
    +--- macro expansion @State ----------------------------------------
    | 6 | @SwiftUICore._StatePropertyWrapperStorage(initialValue: "JHMxNEZsdXR0ZXJTd2lmdFVJMTFJbWFnZVdpZGdldFY1aW1hZ2UzM182NzAzN0EzRUVCREIxNTg4MEMzNDE4QUY2MjQ0MTc3RUxMNVN0YXRlZk1wXzIwX2luaXRpYWxTdG9yZWRWYWx1ZV9mTXVf")
    | 7 | private var _image: SwiftUICore.State<_>! = SwiftUICore._stateNil(of: {
    | 8 |         SwiftUICore.State<UIImage?>(initialValue: nil)
    |   |                           `- error: cannot find type 'UIImage' in scope
    | 9 |     })
    |10 |
    +-------------------------------------------------------------------
 32 |     @State private var isLoading = true
 33 |     @State private var hasError = false
macro expansion @State:7:39: error: could not infer type for placeholder
`- /Users/admin/builder/spi-builder-workspace/Sources/FlutterSwiftUI/ImageWidget.swift:31:45: note: expanded code originates here
 29 |     // MARK: - State Management
 30 |
 31 |     @State private var image: UIImage? = nil
    |     `- note: in expansion of macro 'State' on property 'image' here
    +--- macro expansion @State ----------------------------------------
    | 5 |
    | 6 | @SwiftUICore._StatePropertyWrapperStorage(initialValue: "JHMxNEZsdXR0ZXJTd2lmdFVJMTFJbWFnZVdpZGdldFY1aW1hZ2UzM182NzAzN0EzRUVCREIxNTg4MEMzNDE4QUY2MjQ0MTc3RUxMNVN0YXRlZk1wXzIwX2luaXRpYWxTdG9yZWRWYWx1ZV9mTXVf")
    | 7 | private var _image: SwiftUICore.State<_>! = SwiftUICore._stateNil(of: {
    |   |                                       `- error: could not infer type for placeholder
    | 8 |         SwiftUICore.State<UIImage?>(initialValue: nil)
    | 9 |     })
    +-------------------------------------------------------------------
 32 |     @State private var isLoading = true
 33 |     @State private var hasError = false
macro expansion @State:12:40: error: cannot find type 'UIImage' in scope
`- /Users/admin/builder/spi-builder-workspace/Sources/FlutterSwiftUI/ImageWidget.swift:31:45: note: expanded code originates here
 29 |     // MARK: - State Management
 30 |
 31 |     @State private var image: UIImage? = nil
    |     `- note: in expansion of macro 'State' on property 'image' here
    +--- macro expansion @State ----------------------------------------
    |10 |
    |11 | @SwiftUICore._StateProjectedValue
    |12 | private var $image = SwiftUICore.State<UIImage?>(initialValue: nil).projectedValue
    |   |                                        `- error: cannot find type 'UIImage' in scope
    |13 |
    |14 | @SwiftUICore._StateInitialStoredValue("U3dpZnRVSUNvcmUuU3RhdGUuX21ha2VTdG9yYWdlKCh7IGxldCB2YWx1ZTogVUlJbWFnZT8gPSBuaWwKcmV0dXJuIHZhbHVlIH0pKQ==")
    +-------------------------------------------------------------------
 32 |     @State private var isLoading = true
 33 |     @State private var hasError = false
macro expansion @State:16:20: error: cannot find type 'UIImage' in scope
`- /Users/admin/builder/spi-builder-workspace/Sources/FlutterSwiftUI/ImageWidget.swift:31:45: note: expanded code originates here
 29 |     // MARK: - State Management
 30 |
 31 |     @State private var image: UIImage? = nil
    |     `- note: in expansion of macro 'State' on property 'image' here
    +--- macro expansion @State ----------------------------------------
    |14 | @SwiftUICore._StateInitialStoredValue("U3dpZnRVSUNvcmUuU3RhdGUuX21ha2VTdG9yYWdlKCh7IGxldCB2YWx1ZTogVUlJbWFnZT8gPSBuaWwKcmV0dXJuIHZhbHVlIH0pKQ==")
    |15 | private static var $s14FlutterSwiftUI11ImageWidgetV5image33_67037A3EEBDB15880C3418AF6244177ELL5StatefMp_20_initialStoredValue_fMu_ = (SwiftUICore.State._makeStorage(initialValue: {
    |16 |             let x: UIImage? = nil
    |   |                    `- error: cannot find type 'UIImage' in scope
    |17 |             return x
    |18 |         }()))
    +-------------------------------------------------------------------
 32 |     @State private var isLoading = true
 33 |     @State private var hasError = false
/Users/admin/builder/spi-builder-workspace/Sources/FlutterSwiftUI/ImageWidget.swift:260:18: error: cannot find type 'UIImage' in scope
258 |     /// Initialize with UIImage
259 |     init(
260 |         uiImage: UIImage,
    |                  `- error: cannot find type 'UIImage' in scope
261 |         altText: String = "",
262 |         borderRadius: BorderRadius = BorderRadius(all: 8),
Failed frontend command:
SwiftCompile normal arm64 (in target 'FlutterSwiftUI' from project 'FlutterSwiftUI')
    cd /Users/admin/builder/spi-builder-workspace/.swiftpm/xcode

/Applications/Xcode-27.0.0-Release.Candidate.app/Contents/Developer/Toolchains/XcodeDefault.xctoolchain/usr/bin/swift-frontend -frontend -emit-module -experimental-skip-non-inlinable-function-bodies-without-types /Users/admin/builder/spi-builder-workspace/Sources/FlutterSwiftUI/Align.swift /Users/admin/builder/spi-builder-workspace/Sources/FlutterSwiftUI/AnimatedContainer.swift /Users/admin/builder/spi-builder-workspace/Sources/FlutterSwiftUI/AnimatedFractionallySizedBox.swift /Users/admin/builder/spi-builder-workspace/Sources/FlutterSwiftUI/AnimatedOpacity.swift /Users/admin/builder/spi-builder-workspace/Sources/FlutterSwiftUI/AnimatedPadding.swift /Users/admin/builder/spi-builder-workspace/Sources/FlutterSwiftUI/AnimatedPositioned.swift /Users/admin/builder/spi-builder-workspace/Sources/FlutterSwiftUI/AnimatedPositionedDirectional.swift /Users/admin/builder/spi-builder-workspace/Sources/FlutterSwiftUI/AnimatedRotation.swift /Users/admin/builder/spi-builder-workspace/Sources/FlutterSwiftUI/AnimatedScale.swift /Users/admin/builder/spi-builder-workspace/Sources/FlutterSwiftUI/AnimatedSlide.swift /Users/admin/builder/spi-builder-workspace/Sources/FlutterSwiftUI/AppBar.swift /Users/admin/builder/spi-builder-workspace/Sources/FlutterSwiftUI/AspectRatio.swift /Users/admin/builder/spi-builder-workspace/Sources/FlutterSwiftUI/CarouselSlider.swift /Users/admin/builder/spi-builder-workspace/Sources/FlutterSwiftUI/Center.swift /Users/admin/builder/spi-builder-workspace/Sources/FlutterSwiftUI/CircleAvatar.swift /Users/admin/builder/spi-builder-workspace/Sources/FlutterSwiftUI/CircularProgressIndicator.swift /Users/admin/builder/spi-builder-workspace/Sources/FlutterSwiftUI/ClipRRect.swift /Users/admin/builder/spi-builder-workspace/Sources/FlutterSwiftUI/Column.swift /Users/admin/builder/spi-builder-workspace/Sources/FlutterSwiftUI/ConstrainedBox.swift /Users/admin/builder/spi-builder-workspace/Sources/FlutterSwiftUI/Container.swift /Users/admin/builder/spi-builder-workspace/Sources/FlutterSwiftUI/CustomScrollView.swift /Users/admin/builder/spi-builder-workspace/Sources/FlutterSwiftUI/CustomTextField.swift /Users/admin/builder/spi-builder-workspace/Sources/FlutterSwiftUI/Divider.swift /Users/admin/builder/spi-builder-workspace/Sources/FlutterSwiftUI/Expanded.swift /Users/admin/builder/spi-builder-workspace/Sources/FlutterSwiftUI/FittedBox.swift /Users/admin/builder/spi-builder-workspace/Sources/FlutterSwiftUI/FlutterSwiftUI.swift /Users/admin/builder/spi-builder-workspace/Sources/FlutterSwiftUI/FractionallySizedBox.swift /Users/admin/builder/spi-builder-workspace/Sources/FlutterSwiftUI/GestureDetector.swift /Users/admin/builder/spi-builder-workspace/Sources/FlutterSwiftUI/GridView.swift /Users/admin/builder/spi-builder-workspace/Sources/FlutterSwiftUI/GridViewBuilder.swift /Users/admin/builder/spi-builder-workspace/Sources/FlutterSwiftUI/GridViewCount.swift /Users/admin/builder/spi-builder-workspace/Sources/FlutterSwiftUI/IgnorePointer.swift /Users/admin/builder/spi-builder-workspace/Sources/FlutterSwiftUI/ImageWidget.swift /Users/admin/builder/spi-builder-workspace/Sources/FlutterSwiftUI/LayoutComponent.swift /Users/admin/builder/spi-builder-workspace/Sources/FlutterSwiftUI/LimitedBox.swift /Users/admin/builder/spi-builder-workspace/Sources/FlutterSwiftUI/ListView.swift /Users/admin/builder/spi-builder-workspace/Sources/FlutterSwiftUI/ListViewBuilder.swift /Users/admin/builder/spi-builder-workspace/Sources/FlutterSwiftUI/ListViewSeparated.swift /Users/admin/builder/spi-builder-workspace/Sources/FlutterSwiftUI/NestedScrollView.swift /Users/admin/builder/spi-builder-workspace/Sources/FlutterSwiftUI/Opacity.swift /Users/admin/builder/spi-builder-workspace/Sources/FlutterSwiftUI/Padding.swift /Users/admin/builder/spi-builder-workspace/Sources/FlutterSwiftUI/PageView.swift /Users/admin/builder/spi-builder-workspace/Sources/FlutterSwiftUI/PageViewBuilder.swift /Users/admin/builder/spi-builder-workspace/Sources/FlutterSwiftUI/PageViewComponents.swift /Users/admin/builder/spi-builder-workspace/Sources/FlutterSwiftUI/PageViewCustom.swift /Users/admin/builder/spi-builder-workspace/Sources/FlutterSwiftUI/Positioned.swift /Users/admin/builder/spi-builder-workspace/Sources/FlutterSwiftUI/PositionedFill.swift /Users/admin/builder/spi-builder-workspace/Sources/FlutterSwiftUI/Reoderable.swift /Users/admin/builder/spi-builder-workspace/Sources/FlutterSwiftUI/RichText.swift /Users/admin/builder/spi-builder-workspace/Sources/FlutterSwiftUI/RotatedBox.swift /Users/admin/builder/spi-builder-workspace/Sources/FlutterSwiftUI/Rotation.swift /Users/admin/builder/spi-builder-workspace/Sources/FlutterSwiftUI/Row.swift /Users/admin/builder/spi-builder-workspace/Sources/FlutterSwiftUI/Scaffold.swift /Users/admin/builder/spi-builder-workspace/Sources/FlutterSwiftUI/ScrollableComponents.swift /Users/admin/builder/spi-builder-workspace/Sources/FlutterSwiftUI/SingleChildScrollView.swift /Users/admin/builder/spi-builder-workspace/Sources/FlutterSwiftUI/SizedBox.swift /Users/admin/builder/spi-builder-workspace/Sources/FlutterSwiftUI/Stack.swift /Users/admin/builder/spi-builder-workspace/Sources/FlutterSwiftUI/TabBarView.swift /Users/admin/builder/spi-builder-workspace/Sources/FlutterSwiftUI/TextEditingController.swift /Users/admin/builder/spi-builder-workspace/Sources/FlutterSwiftUI/Transform.swift /Users/admin/builder/spi-builder-workspace/Sources/FlutterSwiftUI/TransformRotate.swift /Users/admin/builder/spi-builder-workspace/Sources/FlutterSwiftUI/TransformScale.swift -target arm64-apple-macos12.0 -disable-cross-import-overlay-search -load-resolved-plugin /Applications/Xcode-27.0.0-Release.Candidate.app/Contents/Developer/Platforms/MacOSX.platform/Developer/usr/lib/swift/host/plugins/libFoundationMacros.dylib\#/Applications/Xcode-27.0.0-Release.Candidate.app/Contents/Developer/Platforms/MacOSX.platform/Developer/usr/bin/swift-plugin-server\#FoundationMacros -load-resolved-plugin /Applications/Xcode-27.0.0-Release.Candidate.app/Contents/Developer/Platforms/MacOSX.platform/Developer/usr/lib/swift/host/plugins/libObservationMacros.dylib\#/Applications/Xcode-27.0.0-Release.Candidate.app/Contents/Developer/Platforms/MacOSX.platform/Developer/usr/bin/swift-plugin-server\#ObservationMacros -load-resolved-plugin /Applications/Xcode-27.0.0-Release.Candidate.app/Contents/Developer/Platforms/MacOSX.platform/Developer/usr/lib/swift/host/plugins/libPreviewsMacros.dylib\#/Applications/Xcode-27.0.0-Release.Candidate.app/Contents/Developer/Platforms/MacOSX.platform/Developer/usr/bin/swift-plugin-server\#PreviewsMacros -load-resolved-plugin /Applications/Xcode-27.0.0-Release.Candidate.app/Contents/Developer/Platforms/MacOSX.platform/Developer/usr/lib/swift/host/plugins/libSwiftMacros.dylib\#/Applications/Xcode-27.0.0-Release.Candidate.app/Contents/Developer/Platforms/MacOSX.platform/Developer/usr/bin/swift-plugin-server\#SwiftMacros -load-resolved-plugin /Applications/Xcode-27.0.0-Release.Candidate.app/Contents/Developer/Platforms/MacOSX.platform/Developer/usr/lib/swift/host/plugins/libSwiftUIMacros.dylib\#/Applications/Xcode-27.0.0-Release.Candidate.app/Contents/Developer/Platforms/MacOSX.platform/Developer/usr/bin/swift-plugin-server\#SwiftUIMacros -disable-implicit-swift-modules -Xcc -fno-implicit-modules -Xcc -fno-implicit-module-maps -explicit-swift-module-map-file /Users/admin/builder/spi-builder-workspace/.derivedData/Build/Intermediates.noindex/FlutterSwiftUI.build/Debug/FlutterSwiftUI-t.build/Objects-normal/arm64/FlutterSwiftUI-dependencies-1.json -Xllvm -aarch64-use-tbi -enable-objc-interop -stack-check -sdk /Applications/Xcode-27.0.0-Release.Candidate.app/Contents/Developer/Platforms/MacOSX.platform/Developer/SDKs/MacOSX27.0.sdk -I /Users/admin/builder/spi-builder-workspace/.derivedData/Build/Products/Debug -Isystem /Applications/Xcode-27.0.0-Release.Candidate.app/Contents/Developer/Platforms/MacOSX.platform/Developer/usr/lib -F /Users/admin/builder/spi-builder-workspace/.derivedData/Build/Products/Debug -F /Applications/Xcode-27.0.0-Release.Candidate.app/Contents/Developer/Platforms/MacOSX.platform/Developer/Library/Frameworks -module-cache-path /Users/admin/builder/spi-builder-workspace/.derivedData/Build/Intermediates.noindex/SwiftExplicitPrecompiledModules -no-color-diagnostics -Xcc -fno-color-diagnostics -enable-testing -g -debug-info-format\=dwarf -dwarf-version\=4 -profile-generate -profile-coverage-mapping -swift-version 5 -Onone -D SWIFT_PACKAGE -D DEBUG -D SWIFT_MODULE_RESOURCE_BUNDLE_UNAVAILABLE -D Xcode -serialize-debugging-options -enable-experimental-feature DebugDescriptionMacro -empty-abi-descriptor -validate-clang-modules-once -clang-build-session-file /Users/admin/builder/spi-builder-workspace/.derivedData/ModuleCache.noindex/Session.modulevalidation -Xcc -working-directory -Xcc /Users/admin/builder/spi-builder-workspace/.swiftpm/xcode -enable-anonymous-context-mangled-names -file-compilation-dir /Users/admin/builder/spi-builder-workspace/.swiftpm/xcode -Xcc -D_LIBCPP_HARDENING_MODE\=_LIBCPP_HARDENING_MODE_DEBUG -Xcc -ivfsstatcache -Xcc /Users/admin/builder/spi-builder-workspace/.derivedData/SDKStatCaches.noindex/macosx27.0-26A425-e829b21a6f8c9b70876ba0858053c0446a22442a12e9d48fe1a705f55a1adfc4.sdkstatcache -Xcc -fmodules-prune-interval\=86400 -Xcc -fmodules-prune-after\=345600 -Xcc -I/Users/admin/builder/spi-builder-workspace/.derivedData/Build/Products/Debug/include -Xcc -I/Users/admin/builder/spi-builder-workspace/.derivedData/Build/Intermediates.noindex/FlutterSwiftUI.build/Debug/FlutterSwiftUI-t.build/DerivedSources-normal/arm64 -Xcc -I/Users/admin/builder/spi-builder-workspace/.derivedData/Build/Intermediates.noindex/FlutterSwiftUI.build/Debug/FlutterSwiftUI-t.build/DerivedSources/arm64 -Xcc -I/Users/admin/builder/spi-builder-workspace/.derivedData/Build/Intermediates.noindex/FlutterSwiftUI.build/Debug/FlutterSwiftUI-t.build/DerivedSources -Xcc -DSWIFT_PACKAGE -Xcc -DDEBUG\=1 -no-auto-bridging-header-chaining -module-name FlutterSwiftUI -package-name spi_builder_workspace -const-gather-protocols-file /Users/admin/builder/spi-builder-workspace/.derivedData/Build/Intermediates.noindex/FlutterSwiftUI.build/Debug/FlutterSwiftUI-t.build/Objects-normal/arm64/FlutterSwiftUI_const_extract_protocols.json -disable-clang-spi -clang-target arm64-apple-macos27.0 -target-sdk-version 27.0 -target-sdk-name macosx27.0 -in-process-plugin-server-path /Applications/Xcode-27.0.0-Release.Candidate.app/Contents/Developer/Toolchains/XcodeDefault.xctoolchain/usr/lib/swift/host/libSwiftInProcPluginServer.dylib -emit-module-doc-path /Users/admin/builder/spi-builder-workspace/.derivedData/Build/Intermediates.noindex/FlutterSwiftUI.build/Debug/FlutterSwiftUI-t.build/Objects-normal/arm64/FlutterSwiftUI.swiftdoc -emit-module-source-info-path /Users/admin/builder/spi-builder-workspace/.derivedData/Build/Intermediates.noindex/FlutterSwiftUI.build/Debug/FlutterSwiftUI-t.build/Objects-normal/arm64/FlutterSwiftUI.swiftsourceinfo -emit-objc-header-path /Users/admin/builder/spi-builder-workspace/.derivedData/Build/Intermediates.noindex/FlutterSwiftUI.build/Debug/FlutterSwiftUI-t.build/Objects-normal/arm64/FlutterSwiftUI-Swift.h -serialize-diagnostics-path /Users/admin/builder/spi-builder-workspace/.derivedData/Build/Intermediates.noindex/FlutterSwiftUI.build/Debug/FlutterSwiftUI-t.build/Objects-normal/arm64/FlutterSwiftUI-primary-emit-module.dia -emit-dependencies-path /Users/admin/builder/spi-builder-workspace/.derivedData/Build/Intermediates.noindex/FlutterSwiftUI.build/Debug/FlutterSwiftUI-t.build/Objects-normal/arm64/FlutterSwiftUI-primary-emit-module.d -parse-as-library -o /Users/admin/builder/spi-builder-workspace/.derivedData/Build/Intermediates.noindex/FlutterSwiftUI.build/Debug/FlutterSwiftUI-t.build/Objects-normal/arm64/FlutterSwiftUI.swiftmodule -emit-abi-descriptor-path /Users/admin/builder/spi-builder-workspace/.derivedData/Build/Intermediates.noindex/FlutterSwiftUI.build/Debug/FlutterSwiftUI-t.build/Objects-normal/arm64/FlutterSwiftUI.abi.json
SwiftCompile normal arm64 Compiling\ NestedScrollView.swift,\ Opacity.swift,\ Padding.swift,\ PageView.swift,\ PageViewBuilder.swift,\ PageViewComponents.swift /Users/admin/builder/spi-builder-workspace/Sources/FlutterSwiftUI/NestedScrollView.swift /Users/admin/builder/spi-builder-workspace/Sources/FlutterSwiftUI/Opacity.swift /Users/admin/builder/spi-builder-workspace/Sources/FlutterSwiftUI/Padding.swift /Users/admin/builder/spi-builder-workspace/Sources/FlutterSwiftUI/PageView.swift /Users/admin/builder/spi-builder-workspace/Sources/FlutterSwiftUI/PageViewBuilder.swift /Users/admin/builder/spi-builder-workspace/Sources/FlutterSwiftUI/PageViewComponents.swift (in target 'FlutterSwiftUI' from project 'FlutterSwiftUI')
SwiftCompile normal arm64 /Users/admin/builder/spi-builder-workspace/Sources/FlutterSwiftUI/NestedScrollView.swift (in target 'FlutterSwiftUI' from project 'FlutterSwiftUI')
    cd /Users/admin/builder/spi-builder-workspace/.swiftpm/xcode
    builtin-SwiftPerFileCompile NestedScrollView.swift
SwiftCompile normal arm64 /Users/admin/builder/spi-builder-workspace/Sources/FlutterSwiftUI/Opacity.swift (in target 'FlutterSwiftUI' from project 'FlutterSwiftUI')
    cd /Users/admin/builder/spi-builder-workspace/.swiftpm/xcode
    builtin-SwiftPerFileCompile Opacity.swift
SwiftCompile normal arm64 /Users/admin/builder/spi-builder-workspace/Sources/FlutterSwiftUI/Padding.swift (in target 'FlutterSwiftUI' from project 'FlutterSwiftUI')
    cd /Users/admin/builder/spi-builder-workspace/.swiftpm/xcode
    builtin-SwiftPerFileCompile Padding.swift
SwiftCompile normal arm64 /Users/admin/builder/spi-builder-workspace/Sources/FlutterSwiftUI/PageView.swift (in target 'FlutterSwiftUI' from project 'FlutterSwiftUI')
    cd /Users/admin/builder/spi-builder-workspace/.swiftpm/xcode
    builtin-SwiftPerFileCompile PageView.swift
SwiftCompile normal arm64 /Users/admin/builder/spi-builder-workspace/Sources/FlutterSwiftUI/PageViewBuilder.swift (in target 'FlutterSwiftUI' from project 'FlutterSwiftUI')
    cd /Users/admin/builder/spi-builder-workspace/.swiftpm/xcode
    builtin-SwiftPerFileCompile PageViewBuilder.swift
SwiftCompile normal arm64 /Users/admin/builder/spi-builder-workspace/Sources/FlutterSwiftUI/PageViewComponents.swift (in target 'FlutterSwiftUI' from project 'FlutterSwiftUI')
    cd /Users/admin/builder/spi-builder-workspace/.swiftpm/xcode
    builtin-SwiftPerFileCompile PageViewComponents.swift
/Users/admin/builder/spi-builder-workspace/Sources/FlutterSwiftUI/PageView.swift:64:23: error: 'PageTabViewStyle' is unavailable in macOS
 62 |             }
 63 |         }
 64 |         .tabViewStyle(PageTabViewStyle(indexDisplayMode: .never))
    |                       `- error: 'PageTabViewStyle' is unavailable in macOS
 65 |         // For vertical paging, rotate the TabView (this is a common workaround).
 66 |         .rotationEffect(scrollDirection == .vertical ? Angle(degrees: 90) : Angle(degrees: 0))
SwiftUI.PageTabViewStyle:3:27: note: 'PageTabViewStyle' has been explicitly marked unavailable here
 1 | @available(iOS 14.0, tvOS 14.0, watchOS 7.0, *)
 2 | @available(macOS, unavailable)
 3 | nonisolated public struct PageTabViewStyle : TabViewStyle, ~Sendable {
   |                           `- note: 'PageTabViewStyle' has been explicitly marked unavailable here
 4 |     public struct IndexDisplayMode : Sendable {
 5 |         public static let automatic: PageTabViewStyle.IndexDisplayMode
SwiftCompile normal arm64 Compiling\ Rotation.swift,\ Row.swift,\ Scaffold.swift,\ ScrollableComponents.swift,\ SingleChildScrollView.swift,\ SizedBox.swift /Users/admin/builder/spi-builder-workspace/Sources/FlutterSwiftUI/Rotation.swift /Users/admin/builder/spi-builder-workspace/Sources/FlutterSwiftUI/Row.swift /Users/admin/builder/spi-builder-workspace/Sources/FlutterSwiftUI/Scaffold.swift /Users/admin/builder/spi-builder-workspace/Sources/FlutterSwiftUI/ScrollableComponents.swift /Users/admin/builder/spi-builder-workspace/Sources/FlutterSwiftUI/SingleChildScrollView.swift /Users/admin/builder/spi-builder-workspace/Sources/FlutterSwiftUI/SizedBox.swift (in target 'FlutterSwiftUI' from project 'FlutterSwiftUI')
/Users/admin/builder/spi-builder-workspace/Sources/FlutterSwiftUI/Scaffold.swift:191:32: error: cannot find 'UIApplication' in scope
189 |         .onAppear {
190 |             if let statusBarColor = statusBarColor {
191 |                 if let scene = UIApplication.shared.connectedScenes.first as? UIWindowScene,
    |                                `- error: cannot find 'UIApplication' in scope
192 |                    let window = scene.windows.first {
193 |                     window.rootViewController?.view.backgroundColor = UIColor(statusBarColor)
/Users/admin/builder/spi-builder-workspace/Sources/FlutterSwiftUI/Scaffold.swift:193:71: error: cannot find 'UIColor' in scope
191 |                 if let scene = UIApplication.shared.connectedScenes.first as? UIWindowScene,
192 |                    let window = scene.windows.first {
193 |                     window.rootViewController?.view.backgroundColor = UIColor(statusBarColor)
    |                                                                       `- error: cannot find 'UIColor' in scope
194 |                 }
195 |             }
/Users/admin/builder/spi-builder-workspace/Sources/FlutterSwiftUI/Scaffold.swift:191:79: error: cannot find type 'UIWindowScene' in scope
189 |         .onAppear {
190 |             if let statusBarColor = statusBarColor {
191 |                 if let scene = UIApplication.shared.connectedScenes.first as? UIWindowScene,
    |                                                                               `- error: cannot find type 'UIWindowScene' in scope
192 |                    let window = scene.windows.first {
193 |                     window.rootViewController?.view.backgroundColor = UIColor(statusBarColor)
/Users/admin/builder/spi-builder-workspace/Sources/FlutterSwiftUI/SingleChildScrollView.swift:88:17: warning: initialization of immutable value 'newOffset' was never used; consider replacing with assignment to '_' or removing it [#NoUsage]
 86 |
 87 |         controller.scrollBy = { (x: CGFloat, y: CGFloat) in
 88 |             let newOffset = CGPoint(x: scrollOffset.x + x, y: scrollOffset.y + y)
    |                 `- warning: initialization of immutable value 'newOffset' was never used; consider replacing with assignment to '_' or removing it [#NoUsage]
 89 |             withAnimation {
 90 |                 // Note: SwiftUI's ScrollViewReader does not support direct scrolling to a CGPoint.
SwiftCompile normal arm64 /Users/admin/builder/spi-builder-workspace/Sources/FlutterSwiftUI/Rotation.swift (in target 'FlutterSwiftUI' from project 'FlutterSwiftUI')
    cd /Users/admin/builder/spi-builder-workspace/.swiftpm/xcode
    builtin-SwiftPerFileCompile Rotation.swift
SwiftCompile normal arm64 /Users/admin/builder/spi-builder-workspace/Sources/FlutterSwiftUI/Row.swift (in target 'FlutterSwiftUI' from project 'FlutterSwiftUI')
    cd /Users/admin/builder/spi-builder-workspace/.swiftpm/xcode
    builtin-SwiftPerFileCompile Row.swift
SwiftCompile normal arm64 /Users/admin/builder/spi-builder-workspace/Sources/FlutterSwiftUI/Scaffold.swift (in target 'FlutterSwiftUI' from project 'FlutterSwiftUI')
    cd /Users/admin/builder/spi-builder-workspace/.swiftpm/xcode
    builtin-SwiftPerFileCompile Scaffold.swift
SwiftCompile normal arm64 /Users/admin/builder/spi-builder-workspace/Sources/FlutterSwiftUI/ScrollableComponents.swift (in target 'FlutterSwiftUI' from project 'FlutterSwiftUI')
    cd /Users/admin/builder/spi-builder-workspace/.swiftpm/xcode
    builtin-SwiftPerFileCompile ScrollableComponents.swift
SwiftCompile normal arm64 /Users/admin/builder/spi-builder-workspace/Sources/FlutterSwiftUI/SingleChildScrollView.swift (in target 'FlutterSwiftUI' from project 'FlutterSwiftUI')
    cd /Users/admin/builder/spi-builder-workspace/.swiftpm/xcode
    builtin-SwiftPerFileCompile SingleChildScrollView.swift
SwiftCompile normal arm64 /Users/admin/builder/spi-builder-workspace/Sources/FlutterSwiftUI/SizedBox.swift (in target 'FlutterSwiftUI' from project 'FlutterSwiftUI')
    cd /Users/admin/builder/spi-builder-workspace/.swiftpm/xcode
    builtin-SwiftPerFileCompile SizedBox.swift
SwiftCompile normal arm64 Compiling\ Stack.swift,\ TabBarView.swift,\ TextEditingController.swift,\ Transform.swift,\ TransformRotate.swift,\ TransformScale.swift /Users/admin/builder/spi-builder-workspace/Sources/FlutterSwiftUI/Stack.swift /Users/admin/builder/spi-builder-workspace/Sources/FlutterSwiftUI/TabBarView.swift /Users/admin/builder/spi-builder-workspace/Sources/FlutterSwiftUI/TextEditingController.swift /Users/admin/builder/spi-builder-workspace/Sources/FlutterSwiftUI/Transform.swift /Users/admin/builder/spi-builder-workspace/Sources/FlutterSwiftUI/TransformRotate.swift /Users/admin/builder/spi-builder-workspace/Sources/FlutterSwiftUI/TransformScale.swift (in target 'FlutterSwiftUI' from project 'FlutterSwiftUI')
SwiftCompile normal arm64 /Users/admin/builder/spi-builder-workspace/Sources/FlutterSwiftUI/Stack.swift (in target 'FlutterSwiftUI' from project 'FlutterSwiftUI')
    cd /Users/admin/builder/spi-builder-workspace/.swiftpm/xcode
    builtin-SwiftPerFileCompile Stack.swift
SwiftCompile normal arm64 /Users/admin/builder/spi-builder-workspace/Sources/FlutterSwiftUI/TabBarView.swift (in target 'FlutterSwiftUI' from project 'FlutterSwiftUI')
    cd /Users/admin/builder/spi-builder-workspace/.swiftpm/xcode
    builtin-SwiftPerFileCompile TabBarView.swift
SwiftCompile normal arm64 /Users/admin/builder/spi-builder-workspace/Sources/FlutterSwiftUI/TextEditingController.swift (in target 'FlutterSwiftUI' from project 'FlutterSwiftUI')
    cd /Users/admin/builder/spi-builder-workspace/.swiftpm/xcode
    builtin-SwiftPerFileCompile TextEditingController.swift
SwiftCompile normal arm64 /Users/admin/builder/spi-builder-workspace/Sources/FlutterSwiftUI/Transform.swift (in target 'FlutterSwiftUI' from project 'FlutterSwiftUI')
    cd /Users/admin/builder/spi-builder-workspace/.swiftpm/xcode
    builtin-SwiftPerFileCompile Transform.swift
SwiftCompile normal arm64 /Users/admin/builder/spi-builder-workspace/Sources/FlutterSwiftUI/TransformRotate.swift (in target 'FlutterSwiftUI' from project 'FlutterSwiftUI')
    cd /Users/admin/builder/spi-builder-workspace/.swiftpm/xcode
    builtin-SwiftPerFileCompile TransformRotate.swift
SwiftCompile normal arm64 /Users/admin/builder/spi-builder-workspace/Sources/FlutterSwiftUI/TransformScale.swift (in target 'FlutterSwiftUI' from project 'FlutterSwiftUI')
    cd /Users/admin/builder/spi-builder-workspace/.swiftpm/xcode
    builtin-SwiftPerFileCompile TransformScale.swift
/Users/admin/builder/spi-builder-workspace/Sources/FlutterSwiftUI/TabBarView.swift:62:35: error: cannot find 'UIColor' in scope
 60 |                 .padding()
 61 |                 .frame(maxWidth: .infinity, maxHeight: .infinity)
 62 |                 .background(Color(UIColor.systemBackground))
    |                                   `- error: cannot find 'UIColor' in scope
 63 |         }
 64 |     }
SwiftCompile normal arm64 Compiling\ ImageWidget.swift,\ LayoutComponent.swift,\ LimitedBox.swift,\ ListView.swift,\ ListViewBuilder.swift,\ ListViewSeparated.swift /Users/admin/builder/spi-builder-workspace/Sources/FlutterSwiftUI/ImageWidget.swift /Users/admin/builder/spi-builder-workspace/Sources/FlutterSwiftUI/LayoutComponent.swift /Users/admin/builder/spi-builder-workspace/Sources/FlutterSwiftUI/LimitedBox.swift /Users/admin/builder/spi-builder-workspace/Sources/FlutterSwiftUI/ListView.swift /Users/admin/builder/spi-builder-workspace/Sources/FlutterSwiftUI/ListViewBuilder.swift /Users/admin/builder/spi-builder-workspace/Sources/FlutterSwiftUI/ListViewSeparated.swift (in target 'FlutterSwiftUI' from project 'FlutterSwiftUI')
/Users/admin/builder/spi-builder-workspace/Sources/FlutterSwiftUI/ImageWidget.swift:13:22: error: cannot find type 'UIImage' in scope
 11 |         case url(URL)
 12 |         case data(Data)
 13 |         case uiImage(UIImage)
    |                      `- error: cannot find type 'UIImage' in scope
 14 |     }
 15 |
/Users/admin/builder/spi-builder-workspace/Sources/FlutterSwiftUI/ImageWidget.swift:31:31: error: cannot find type 'UIImage' in scope
 29 |     // MARK: - State Management
 30 |
 31 |     @State private var image: UIImage? = nil
    |                               `- error: cannot find type 'UIImage' in scope
 32 |     @State private var isLoading = true
 33 |     @State private var hasError = false
macro expansion @State:2:24: error: cannot find type 'UIImage' in scope
`- /Users/admin/builder/spi-builder-workspace/Sources/FlutterSwiftUI/ImageWidget.swift:31:45: note: expanded code originates here
 29 |     // MARK: - State Management
 30 |
 31 |     @State private var image: UIImage? = nil
    |     `- note: in expansion of macro 'State' on property 'image' here
    +--- macro expansion @State ----------------------------------------
    | 1 | private var __image = SwiftUICore.State._makeStorage(({
    | 2 |             let value: UIImage? = nil
    |   |                        `- error: cannot find type 'UIImage' in scope
    | 3 |             return value
    | 4 |         }))
    +-------------------------------------------------------------------
 32 |     @State private var isLoading = true
 33 |     @State private var hasError = false
macro expansion @State:8:27: error: cannot find type 'UIImage' in scope
`- /Users/admin/builder/spi-builder-workspace/Sources/FlutterSwiftUI/ImageWidget.swift:31:45: note: expanded code originates here
 29 |     // MARK: - State Management
 30 |
 31 |     @State private var image: UIImage? = nil
    |     `- note: in expansion of macro 'State' on property 'image' here
    +--- macro expansion @State ----------------------------------------
    | 6 | @SwiftUICore._StatePropertyWrapperStorage(initialValue: "JHMxNEZsdXR0ZXJTd2lmdFVJMTFJbWFnZVdpZGdldFY1aW1hZ2UzM182NzAzN0EzRUVCREIxNTg4MEMzNDE4QUY2MjQ0MTc3RUxMNVN0YXRlZk1wXzIwX2luaXRpYWxTdG9yZWRWYWx1ZV9mTXVf")
    | 7 | private var _image: SwiftUICore.State<_>! = SwiftUICore._stateNil(of: {
    | 8 |         SwiftUICore.State<UIImage?>(initialValue: nil)
    |   |                           `- error: cannot find type 'UIImage' in scope
    | 9 |     })
    |10 |
    +-------------------------------------------------------------------
 32 |     @State private var isLoading = true
 33 |     @State private var hasError = false
macro expansion @State:7:39: error: could not infer type for placeholder
`- /Users/admin/builder/spi-builder-workspace/Sources/FlutterSwiftUI/ImageWidget.swift:31:45: note: expanded code originates here
 29 |     // MARK: - State Management
 30 |
 31 |     @State private var image: UIImage? = nil
    |     `- note: in expansion of macro 'State' on property 'image' here
    +--- macro expansion @State ----------------------------------------
    | 5 |
    | 6 | @SwiftUICore._StatePropertyWrapperStorage(initialValue: "JHMxNEZsdXR0ZXJTd2lmdFVJMTFJbWFnZVdpZGdldFY1aW1hZ2UzM182NzAzN0EzRUVCREIxNTg4MEMzNDE4QUY2MjQ0MTc3RUxMNVN0YXRlZk1wXzIwX2luaXRpYWxTdG9yZWRWYWx1ZV9mTXVf")
    | 7 | private var _image: SwiftUICore.State<_>! = SwiftUICore._stateNil(of: {
    |   |                                       `- error: could not infer type for placeholder
    | 8 |         SwiftUICore.State<UIImage?>(initialValue: nil)
    | 9 |     })
    +-------------------------------------------------------------------
 32 |     @State private var isLoading = true
 33 |     @State private var hasError = false
macro expansion @State:12:40: error: cannot find type 'UIImage' in scope
`- /Users/admin/builder/spi-builder-workspace/Sources/FlutterSwiftUI/ImageWidget.swift:31:45: note: expanded code originates here
 29 |     // MARK: - State Management
 30 |
 31 |     @State private var image: UIImage? = nil
    |     `- note: in expansion of macro 'State' on property 'image' here
    +--- macro expansion @State ----------------------------------------
    |10 |
    |11 | @SwiftUICore._StateProjectedValue
    |12 | private var $image = SwiftUICore.State<UIImage?>(initialValue: nil).projectedValue
    |   |                                        `- error: cannot find type 'UIImage' in scope
    |13 |
    |14 | @SwiftUICore._StateInitialStoredValue("U3dpZnRVSUNvcmUuU3RhdGUuX21ha2VTdG9yYWdlKCh7IGxldCB2YWx1ZTogVUlJbWFnZT8gPSBuaWwKcmV0dXJuIHZhbHVlIH0pKQ==")
    +-------------------------------------------------------------------
 32 |     @State private var isLoading = true
 33 |     @State private var hasError = false
macro expansion @State:16:20: error: cannot find type 'UIImage' in scope
`- /Users/admin/builder/spi-builder-workspace/Sources/FlutterSwiftUI/ImageWidget.swift:31:45: note: expanded code originates here
 29 |     // MARK: - State Management
 30 |
 31 |     @State private var image: UIImage? = nil
    |     `- note: in expansion of macro 'State' on property 'image' here
    +--- macro expansion @State ----------------------------------------
    |14 | @SwiftUICore._StateInitialStoredValue("U3dpZnRVSUNvcmUuU3RhdGUuX21ha2VTdG9yYWdlKCh7IGxldCB2YWx1ZTogVUlJbWFnZT8gPSBuaWwKcmV0dXJuIHZhbHVlIH0pKQ==")
    |15 | private static var $s14FlutterSwiftUI11ImageWidgetV5image33_67037A3EEBDB15880C3418AF6244177ELL5StatefMp_20_initialStoredValue_fMu_ = (SwiftUICore.State._makeStorage(initialValue: {
    |16 |             let x: UIImage? = nil
    |   |                    `- error: cannot find type 'UIImage' in scope
    |17 |             return x
    |18 |         }()))
    +-------------------------------------------------------------------
 32 |     @State private var isLoading = true
 33 |     @State private var hasError = false
/Users/admin/builder/spi-builder-workspace/Sources/FlutterSwiftUI/ImageWidget.swift:260:18: error: cannot find type 'UIImage' in scope
258 |     /// Initialize with UIImage
259 |     init(
260 |         uiImage: UIImage,
    |                  `- error: cannot find type 'UIImage' in scope
261 |         altText: String = "",
262 |         borderRadius: BorderRadius = BorderRadius(all: 8),
macro expansion @_StateInitialStoredValue:4:32: error: cannot find type 'UIImage' in scope
`- /Users/admin/builder/spi-builder-workspace/Sources/FlutterSwiftUI/ImageWidget.swift:31:45: note: expanded code originates here
 29 |     // MARK: - State Management
 30 |
 31 |     @State private var image: UIImage? = nil
    |     `- note: in expansion of macro 'State' on property 'image' here
    +--- macro expansion @State ----------------------------------------
    |12 | private var $image = SwiftUICore.State<UIImage?>(initialValue: nil).projectedValue
    |13 |
    |14 | @SwiftUICore._StateInitialStoredValue("U3dpZnRVSUNvcmUuU3RhdGUuX21ha2VTdG9yYWdlKCh7IGxldCB2YWx1ZTogVUlJbWFnZT8gPSBuaWwKcmV0dXJuIHZhbHVlIH0pKQ==")
    |   | `- note: in expansion of macro '_StateInitialStoredValue' on static property '$s14FlutterSwiftUI11ImageWidgetV5image33_67037A3EEBDB15880C3418AF6244177ELL5StatefMp_20_initialStoredValue_fMu_' here
    |15 | private static var $s14FlutterSwiftUI11ImageWidgetV5image33_67037A3EEBDB15880C3418AF6244177ELL5StatefMp_20_initialStoredValue_fMu_ = (SwiftUICore.State._makeStorage(initialValue: {
    |16 |             let x: UIImage? = nil
    |17 |             return x
    |18 |         }()))
    |   +--- macro expansion @_StateInitialStoredValue -----------------
    |   |2 |     get {
    |   |3 |         SwiftUICore.State._makeStorage(({
    |   |4 |                     let value: UIImage? = nil
    |   |  |                                `- error: cannot find type 'UIImage' in scope
    |   |5 |                     return value
    |   |6 |                 }))
    |   +---------------------------------------------------------------
    +-------------------------------------------------------------------
 32 |     @State private var isLoading = true
 33 |     @State private var hasError = false
/Users/admin/builder/spi-builder-workspace/Sources/FlutterSwiftUI/ImageWidget.swift:107:35: error: cannot find 'UIImage' in scope
105 |             .map(\.data)
106 |             .tryMap { data in
107 |                 guard let image = UIImage(data: data) else {
    |                                   `- error: cannot find 'UIImage' in scope
108 |                     throw ImageError.invalidImageData
109 |                 }
/Users/admin/builder/spi-builder-workspace/Sources/FlutterSwiftUI/ImageWidget.swift:119:33: error: cannot infer type of closure parameter 'image' without a type annotation
117 |                     }
118 |                 },
119 |                 receiveValue: { image in
    |                                 `- error: cannot infer type of closure parameter 'image' without a type annotation
120 |                     self.image = image
121 |                     isLoading = false
/Users/admin/builder/spi-builder-workspace/Sources/FlutterSwiftUI/ImageWidget.swift:128:27: error: cannot find 'UIImage' in scope
126 |
127 |     private func loadFromData(_ data: Data) {
128 |         guard let image = UIImage(data: data) else {
    |                           `- error: cannot find 'UIImage' in scope
129 |             handleError(ImageError.invalidImageData)
130 |             return
SwiftCompile normal arm64 /Users/admin/builder/spi-builder-workspace/Sources/FlutterSwiftUI/ImageWidget.swift (in target 'FlutterSwiftUI' from project 'FlutterSwiftUI')
    cd /Users/admin/builder/spi-builder-workspace/.swiftpm/xcode
    builtin-SwiftPerFileCompile ImageWidget.swift
SwiftCompile normal arm64 /Users/admin/builder/spi-builder-workspace/Sources/FlutterSwiftUI/LayoutComponent.swift (in target 'FlutterSwiftUI' from project 'FlutterSwiftUI')
    cd /Users/admin/builder/spi-builder-workspace/.swiftpm/xcode
    builtin-SwiftPerFileCompile LayoutComponent.swift
SwiftCompile normal arm64 /Users/admin/builder/spi-builder-workspace/Sources/FlutterSwiftUI/LimitedBox.swift (in target 'FlutterSwiftUI' from project 'FlutterSwiftUI')
    cd /Users/admin/builder/spi-builder-workspace/.swiftpm/xcode
    builtin-SwiftPerFileCompile LimitedBox.swift
SwiftCompile normal arm64 /Users/admin/builder/spi-builder-workspace/Sources/FlutterSwiftUI/ListView.swift (in target 'FlutterSwiftUI' from project 'FlutterSwiftUI')
    cd /Users/admin/builder/spi-builder-workspace/.swiftpm/xcode
    builtin-SwiftPerFileCompile ListView.swift
SwiftCompile normal arm64 /Users/admin/builder/spi-builder-workspace/Sources/FlutterSwiftUI/ListViewBuilder.swift (in target 'FlutterSwiftUI' from project 'FlutterSwiftUI')
    cd /Users/admin/builder/spi-builder-workspace/.swiftpm/xcode
    builtin-SwiftPerFileCompile ListViewBuilder.swift
SwiftCompile normal arm64 /Users/admin/builder/spi-builder-workspace/Sources/FlutterSwiftUI/ListViewSeparated.swift (in target 'FlutterSwiftUI' from project 'FlutterSwiftUI')
    cd /Users/admin/builder/spi-builder-workspace/.swiftpm/xcode
    builtin-SwiftPerFileCompile ListViewSeparated.swift
SwiftCompile normal arm64 Compiling\ PageViewCustom.swift,\ Positioned.swift,\ PositionedFill.swift,\ Reoderable.swift,\ RichText.swift,\ RotatedBox.swift /Users/admin/builder/spi-builder-workspace/Sources/FlutterSwiftUI/PageViewCustom.swift /Users/admin/builder/spi-builder-workspace/Sources/FlutterSwiftUI/Positioned.swift /Users/admin/builder/spi-builder-workspace/Sources/FlutterSwiftUI/PositionedFill.swift /Users/admin/builder/spi-builder-workspace/Sources/FlutterSwiftUI/Reoderable.swift /Users/admin/builder/spi-builder-workspace/Sources/FlutterSwiftUI/RichText.swift /Users/admin/builder/spi-builder-workspace/Sources/FlutterSwiftUI/RotatedBox.swift (in target 'FlutterSwiftUI' from project 'FlutterSwiftUI')
/Users/admin/builder/spi-builder-workspace/Sources/FlutterSwiftUI/PageViewCustom.swift:80:23: error: 'PageTabViewStyle' is unavailable in macOS
 78 |             }
 79 |         }
 80 |         .tabViewStyle(PageTabViewStyle(indexDisplayMode: .never))
    |                       `- error: 'PageTabViewStyle' is unavailable in macOS
 81 |         // For vertical scrolling, rotate the TabView (a common workaround).
 82 |         .rotationEffect(scrollDirection == .vertical ? Angle(degrees: 90) : Angle(degrees: 0))
SwiftUI.PageTabViewStyle:3:27: note: 'PageTabViewStyle' has been explicitly marked unavailable here
 1 | @available(iOS 14.0, tvOS 14.0, watchOS 7.0, *)
 2 | @available(macOS, unavailable)
 3 | nonisolated public struct PageTabViewStyle : TabViewStyle, ~Sendable {
   |                           `- note: 'PageTabViewStyle' has been explicitly marked unavailable here
 4 |     public struct IndexDisplayMode : Sendable {
 5 |         public static let automatic: PageTabViewStyle.IndexDisplayMode
/Users/admin/builder/spi-builder-workspace/Sources/FlutterSwiftUI/Reoderable.swift:70:24: error: 'editMode' is unavailable in macOS
68 |         .listStyle(PlainListStyle())
69 |         // Enable edit mode so the user can drag and drop items
70 |         .environment(\.editMode, .constant(.active))
   |                        `- error: 'editMode' is unavailable in macOS
71 |     }
72 | }
SwiftUI.EnvironmentValues.editMode:4:14: note: 'editMode' has been explicitly marked unavailable here
2 | @available(macOS, unavailable)
3 |   @available(watchOS, unavailable)
4 |   public var editMode: Binding<EditMode>? { get set }}
  |              `- note: 'editMode' has been explicitly marked unavailable here
5 |
/Users/admin/builder/spi-builder-workspace/Sources/FlutterSwiftUI/RichText.swift:90:26: error: 'kerning' is only available in macOS 13.0 or newer
 37 | ///   - gradientAngle: The angle (in degrees) for the gradient direction. Defaults to 0.
 38 | ///   - onTap: An optional closure executed when the text is tapped.
 39 | public struct TextSpanView: View {
    |               `- note: add '@available' attribute to enclosing struct
 40 |     let text: String?
 41 |     let textAlign: TextAlignment
    :
 79 |     }
 80 |
 81 |     public var body: some View {
    |                `- note: add '@available' attribute to enclosing property
 82 |         Group {
 83 |             if let text = text {
    :
 88 |                         .fontWeight(fontWeight)
 89 |                         .lineSpacing(lineSpacing ?? 0)
 90 |                         .kerning(letterSpacing ?? 0)
    |                          |- error: 'kerning' is only available in macOS 13.0 or newer
    |                          `- note: add 'if #available' version check
 91 |                         .multilineTextAlignment(textAlign)
 92 |                         .lineLimit(maxLines)
SwiftCompile normal arm64 /Users/admin/builder/spi-builder-workspace/Sources/FlutterSwiftUI/PageViewCustom.swift (in target 'FlutterSwiftUI' from project 'FlutterSwiftUI')
    cd /Users/admin/builder/spi-builder-workspace/.swiftpm/xcode
    builtin-SwiftPerFileCompile PageViewCustom.swift
SwiftCompile normal arm64 /Users/admin/builder/spi-builder-workspace/Sources/FlutterSwiftUI/Positioned.swift (in target 'FlutterSwiftUI' from project 'FlutterSwiftUI')
    cd /Users/admin/builder/spi-builder-workspace/.swiftpm/xcode
    builtin-SwiftPerFileCompile Positioned.swift
SwiftCompile normal arm64 /Users/admin/builder/spi-builder-workspace/Sources/FlutterSwiftUI/PositionedFill.swift (in target 'FlutterSwiftUI' from project 'FlutterSwiftUI')
    cd /Users/admin/builder/spi-builder-workspace/.swiftpm/xcode
    builtin-SwiftPerFileCompile PositionedFill.swift
SwiftCompile normal arm64 /Users/admin/builder/spi-builder-workspace/Sources/FlutterSwiftUI/Reoderable.swift (in target 'FlutterSwiftUI' from project 'FlutterSwiftUI')
    cd /Users/admin/builder/spi-builder-workspace/.swiftpm/xcode
    builtin-SwiftPerFileCompile Reoderable.swift
SwiftCompile normal arm64 /Users/admin/builder/spi-builder-workspace/Sources/FlutterSwiftUI/RichText.swift (in target 'FlutterSwiftUI' from project 'FlutterSwiftUI')
    cd /Users/admin/builder/spi-builder-workspace/.swiftpm/xcode
    builtin-SwiftPerFileCompile RichText.swift
SwiftCompile normal arm64 /Users/admin/builder/spi-builder-workspace/Sources/FlutterSwiftUI/RotatedBox.swift (in target 'FlutterSwiftUI' from project 'FlutterSwiftUI')
    cd /Users/admin/builder/spi-builder-workspace/.swiftpm/xcode
    builtin-SwiftPerFileCompile RotatedBox.swift
SwiftCompile normal arm64 Compiling\ FractionallySizedBox.swift,\ GestureDetector.swift,\ GridView.swift,\ GridViewBuilder.swift,\ GridViewCount.swift,\ IgnorePointer.swift /Users/admin/builder/spi-builder-workspace/Sources/FlutterSwiftUI/FractionallySizedBox.swift /Users/admin/builder/spi-builder-workspace/Sources/FlutterSwiftUI/GestureDetector.swift /Users/admin/builder/spi-builder-workspace/Sources/FlutterSwiftUI/GridView.swift /Users/admin/builder/spi-builder-workspace/Sources/FlutterSwiftUI/GridViewBuilder.swift /Users/admin/builder/spi-builder-workspace/Sources/FlutterSwiftUI/GridViewCount.swift /Users/admin/builder/spi-builder-workspace/Sources/FlutterSwiftUI/IgnorePointer.swift (in target 'FlutterSwiftUI' from project 'FlutterSwiftUI')
SwiftCompile normal arm64 /Users/admin/builder/spi-builder-workspace/Sources/FlutterSwiftUI/FractionallySizedBox.swift (in target 'FlutterSwiftUI' from project 'FlutterSwiftUI')
    cd /Users/admin/builder/spi-builder-workspace/.swiftpm/xcode
    builtin-SwiftPerFileCompile FractionallySizedBox.swift
SwiftCompile normal arm64 /Users/admin/builder/spi-builder-workspace/Sources/FlutterSwiftUI/GestureDetector.swift (in target 'FlutterSwiftUI' from project 'FlutterSwiftUI')
    cd /Users/admin/builder/spi-builder-workspace/.swiftpm/xcode
    builtin-SwiftPerFileCompile GestureDetector.swift
SwiftCompile normal arm64 /Users/admin/builder/spi-builder-workspace/Sources/FlutterSwiftUI/GridView.swift (in target 'FlutterSwiftUI' from project 'FlutterSwiftUI')
    cd /Users/admin/builder/spi-builder-workspace/.swiftpm/xcode
    builtin-SwiftPerFileCompile GridView.swift
SwiftCompile normal arm64 /Users/admin/builder/spi-builder-workspace/Sources/FlutterSwiftUI/GridViewBuilder.swift (in target 'FlutterSwiftUI' from project 'FlutterSwiftUI')
    cd /Users/admin/builder/spi-builder-workspace/.swiftpm/xcode
    builtin-SwiftPerFileCompile GridViewBuilder.swift
SwiftCompile normal arm64 /Users/admin/builder/spi-builder-workspace/Sources/FlutterSwiftUI/GridViewCount.swift (in target 'FlutterSwiftUI' from project 'FlutterSwiftUI')
    cd /Users/admin/builder/spi-builder-workspace/.swiftpm/xcode
    builtin-SwiftPerFileCompile GridViewCount.swift
SwiftCompile normal arm64 /Users/admin/builder/spi-builder-workspace/Sources/FlutterSwiftUI/IgnorePointer.swift (in target 'FlutterSwiftUI' from project 'FlutterSwiftUI')
    cd /Users/admin/builder/spi-builder-workspace/.swiftpm/xcode
    builtin-SwiftPerFileCompile IgnorePointer.swift
SwiftCompile normal arm64 Compiling\ CircleAvatar.swift,\ CircularProgressIndicator.swift,\ ClipRRect.swift,\ Column.swift,\ ConstrainedBox.swift,\ Container.swift /Users/admin/builder/spi-builder-workspace/Sources/FlutterSwiftUI/CircleAvatar.swift /Users/admin/builder/spi-builder-workspace/Sources/FlutterSwiftUI/CircularProgressIndicator.swift /Users/admin/builder/spi-builder-workspace/Sources/FlutterSwiftUI/ClipRRect.swift /Users/admin/builder/spi-builder-workspace/Sources/FlutterSwiftUI/Column.swift /Users/admin/builder/spi-builder-workspace/Sources/FlutterSwiftUI/ConstrainedBox.swift /Users/admin/builder/spi-builder-workspace/Sources/FlutterSwiftUI/Container.swift (in target 'FlutterSwiftUI' from project 'FlutterSwiftUI')
SwiftCompile normal arm64 /Users/admin/builder/spi-builder-workspace/Sources/FlutterSwiftUI/CircleAvatar.swift (in target 'FlutterSwiftUI' from project 'FlutterSwiftUI')
    cd /Users/admin/builder/spi-builder-workspace/.swiftpm/xcode
    builtin-SwiftPerFileCompile CircleAvatar.swift
SwiftCompile normal arm64 /Users/admin/builder/spi-builder-workspace/Sources/FlutterSwiftUI/CircularProgressIndicator.swift (in target 'FlutterSwiftUI' from project 'FlutterSwiftUI')
    cd /Users/admin/builder/spi-builder-workspace/.swiftpm/xcode
    builtin-SwiftPerFileCompile CircularProgressIndicator.swift
SwiftCompile normal arm64 /Users/admin/builder/spi-builder-workspace/Sources/FlutterSwiftUI/ClipRRect.swift (in target 'FlutterSwiftUI' from project 'FlutterSwiftUI')
    cd /Users/admin/builder/spi-builder-workspace/.swiftpm/xcode
    builtin-SwiftPerFileCompile ClipRRect.swift
SwiftCompile normal arm64 /Users/admin/builder/spi-builder-workspace/Sources/FlutterSwiftUI/Column.swift (in target 'FlutterSwiftUI' from project 'FlutterSwiftUI')
    cd /Users/admin/builder/spi-builder-workspace/.swiftpm/xcode
    builtin-SwiftPerFileCompile Column.swift
SwiftCompile normal arm64 /Users/admin/builder/spi-builder-workspace/Sources/FlutterSwiftUI/ConstrainedBox.swift (in target 'FlutterSwiftUI' from project 'FlutterSwiftUI')
    cd /Users/admin/builder/spi-builder-workspace/.swiftpm/xcode
    builtin-SwiftPerFileCompile ConstrainedBox.swift
SwiftCompile normal arm64 /Users/admin/builder/spi-builder-workspace/Sources/FlutterSwiftUI/Container.swift (in target 'FlutterSwiftUI' from project 'FlutterSwiftUI')
    cd /Users/admin/builder/spi-builder-workspace/.swiftpm/xcode
    builtin-SwiftPerFileCompile Container.swift
SwiftCompile normal arm64 Compiling\ AnimatedRotation.swift,\ AnimatedScale.swift,\ AnimatedSlide.swift,\ AppBar.swift,\ AspectRatio.swift,\ CarouselSlider.swift,\ Center.swift /Users/admin/builder/spi-builder-workspace/Sources/FlutterSwiftUI/AnimatedRotation.swift /Users/admin/builder/spi-builder-workspace/Sources/FlutterSwiftUI/AnimatedScale.swift /Users/admin/builder/spi-builder-workspace/Sources/FlutterSwiftUI/AnimatedSlide.swift /Users/admin/builder/spi-builder-workspace/Sources/FlutterSwiftUI/AppBar.swift /Users/admin/builder/spi-builder-workspace/Sources/FlutterSwiftUI/AspectRatio.swift /Users/admin/builder/spi-builder-workspace/Sources/FlutterSwiftUI/CarouselSlider.swift /Users/admin/builder/spi-builder-workspace/Sources/FlutterSwiftUI/Center.swift (in target 'FlutterSwiftUI' from project 'FlutterSwiftUI')
SwiftCompile normal arm64 /Users/admin/builder/spi-builder-workspace/Sources/FlutterSwiftUI/AnimatedRotation.swift (in target 'FlutterSwiftUI' from project 'FlutterSwiftUI')
    cd /Users/admin/builder/spi-builder-workspace/.swiftpm/xcode
    builtin-SwiftPerFileCompile AnimatedRotation.swift
SwiftCompile normal arm64 /Users/admin/builder/spi-builder-workspace/Sources/FlutterSwiftUI/AnimatedScale.swift (in target 'FlutterSwiftUI' from project 'FlutterSwiftUI')
    cd /Users/admin/builder/spi-builder-workspace/.swiftpm/xcode
    builtin-SwiftPerFileCompile AnimatedScale.swift
SwiftCompile normal arm64 /Users/admin/builder/spi-builder-workspace/Sources/FlutterSwiftUI/AnimatedSlide.swift (in target 'FlutterSwiftUI' from project 'FlutterSwiftUI')
    cd /Users/admin/builder/spi-builder-workspace/.swiftpm/xcode
    builtin-SwiftPerFileCompile AnimatedSlide.swift
SwiftCompile normal arm64 /Users/admin/builder/spi-builder-workspace/Sources/FlutterSwiftUI/AppBar.swift (in target 'FlutterSwiftUI' from project 'FlutterSwiftUI')
    cd /Users/admin/builder/spi-builder-workspace/.swiftpm/xcode
    builtin-SwiftPerFileCompile AppBar.swift
SwiftCompile normal arm64 /Users/admin/builder/spi-builder-workspace/Sources/FlutterSwiftUI/AspectRatio.swift (in target 'FlutterSwiftUI' from project 'FlutterSwiftUI')
    cd /Users/admin/builder/spi-builder-workspace/.swiftpm/xcode
    builtin-SwiftPerFileCompile AspectRatio.swift
SwiftCompile normal arm64 /Users/admin/builder/spi-builder-workspace/Sources/FlutterSwiftUI/CarouselSlider.swift (in target 'FlutterSwiftUI' from project 'FlutterSwiftUI')
    cd /Users/admin/builder/spi-builder-workspace/.swiftpm/xcode
    builtin-SwiftPerFileCompile CarouselSlider.swift
SwiftCompile normal arm64 /Users/admin/builder/spi-builder-workspace/Sources/FlutterSwiftUI/Center.swift (in target 'FlutterSwiftUI' from project 'FlutterSwiftUI')
    cd /Users/admin/builder/spi-builder-workspace/.swiftpm/xcode
    builtin-SwiftPerFileCompile Center.swift
SwiftCompile normal arm64 Compiling\ Align.swift,\ AnimatedContainer.swift,\ AnimatedFractionallySizedBox.swift,\ AnimatedOpacity.swift,\ AnimatedPadding.swift,\ AnimatedPositioned.swift,\ AnimatedPositionedDirectional.swift /Users/admin/builder/spi-builder-workspace/Sources/FlutterSwiftUI/Align.swift /Users/admin/builder/spi-builder-workspace/Sources/FlutterSwiftUI/AnimatedContainer.swift /Users/admin/builder/spi-builder-workspace/Sources/FlutterSwiftUI/AnimatedFractionallySizedBox.swift /Users/admin/builder/spi-builder-workspace/Sources/FlutterSwiftUI/AnimatedOpacity.swift /Users/admin/builder/spi-builder-workspace/Sources/FlutterSwiftUI/AnimatedPadding.swift /Users/admin/builder/spi-builder-workspace/Sources/FlutterSwiftUI/AnimatedPositioned.swift /Users/admin/builder/spi-builder-workspace/Sources/FlutterSwiftUI/AnimatedPositionedDirectional.swift (in target 'FlutterSwiftUI' from project 'FlutterSwiftUI')
SwiftCompile normal arm64 /Users/admin/builder/spi-builder-workspace/Sources/FlutterSwiftUI/Align.swift (in target 'FlutterSwiftUI' from project 'FlutterSwiftUI')
    cd /Users/admin/builder/spi-builder-workspace/.swiftpm/xcode
    builtin-SwiftPerFileCompile Align.swift
SwiftCompile normal arm64 /Users/admin/builder/spi-builder-workspace/Sources/FlutterSwiftUI/AnimatedContainer.swift (in target 'FlutterSwiftUI' from project 'FlutterSwiftUI')
    cd /Users/admin/builder/spi-builder-workspace/.swiftpm/xcode
    builtin-SwiftPerFileCompile AnimatedContainer.swift
SwiftCompile normal arm64 /Users/admin/builder/spi-builder-workspace/Sources/FlutterSwiftUI/AnimatedFractionallySizedBox.swift (in target 'FlutterSwiftUI' from project 'FlutterSwiftUI')
    cd /Users/admin/builder/spi-builder-workspace/.swiftpm/xcode
    builtin-SwiftPerFileCompile AnimatedFractionallySizedBox.swift
SwiftCompile normal arm64 /Users/admin/builder/spi-builder-workspace/Sources/FlutterSwiftUI/AnimatedOpacity.swift (in target 'FlutterSwiftUI' from project 'FlutterSwiftUI')
    cd /Users/admin/builder/spi-builder-workspace/.swiftpm/xcode
    builtin-SwiftPerFileCompile AnimatedOpacity.swift
SwiftCompile normal arm64 /Users/admin/builder/spi-builder-workspace/Sources/FlutterSwiftUI/AnimatedPadding.swift (in target 'FlutterSwiftUI' from project 'FlutterSwiftUI')
    cd /Users/admin/builder/spi-builder-workspace/.swiftpm/xcode
    builtin-SwiftPerFileCompile AnimatedPadding.swift
SwiftCompile normal arm64 /Users/admin/builder/spi-builder-workspace/Sources/FlutterSwiftUI/AnimatedPositioned.swift (in target 'FlutterSwiftUI' from project 'FlutterSwiftUI')
    cd /Users/admin/builder/spi-builder-workspace/.swiftpm/xcode
    builtin-SwiftPerFileCompile AnimatedPositioned.swift
SwiftCompile normal arm64 /Users/admin/builder/spi-builder-workspace/Sources/FlutterSwiftUI/AnimatedPositionedDirectional.swift (in target 'FlutterSwiftUI' from project 'FlutterSwiftUI')
    cd /Users/admin/builder/spi-builder-workspace/.swiftpm/xcode
    builtin-SwiftPerFileCompile AnimatedPositionedDirectional.swift
SwiftCompile normal arm64 Compiling\ CustomScrollView.swift,\ CustomTextField.swift,\ Divider.swift,\ Expanded.swift,\ FittedBox.swift,\ FlutterSwiftUI.swift /Users/admin/builder/spi-builder-workspace/Sources/FlutterSwiftUI/CustomScrollView.swift /Users/admin/builder/spi-builder-workspace/Sources/FlutterSwiftUI/CustomTextField.swift /Users/admin/builder/spi-builder-workspace/Sources/FlutterSwiftUI/Divider.swift /Users/admin/builder/spi-builder-workspace/Sources/FlutterSwiftUI/Expanded.swift /Users/admin/builder/spi-builder-workspace/Sources/FlutterSwiftUI/FittedBox.swift /Users/admin/builder/spi-builder-workspace/Sources/FlutterSwiftUI/FlutterSwiftUI.swift (in target 'FlutterSwiftUI' from project 'FlutterSwiftUI')
SwiftCompile normal arm64 /Users/admin/builder/spi-builder-workspace/Sources/FlutterSwiftUI/CustomScrollView.swift (in target 'FlutterSwiftUI' from project 'FlutterSwiftUI')
    cd /Users/admin/builder/spi-builder-workspace/.swiftpm/xcode
    builtin-SwiftPerFileCompile CustomScrollView.swift
SwiftCompile normal arm64 /Users/admin/builder/spi-builder-workspace/Sources/FlutterSwiftUI/CustomTextField.swift (in target 'FlutterSwiftUI' from project 'FlutterSwiftUI')
    cd /Users/admin/builder/spi-builder-workspace/.swiftpm/xcode
    builtin-SwiftPerFileCompile CustomTextField.swift
SwiftCompile normal arm64 /Users/admin/builder/spi-builder-workspace/Sources/FlutterSwiftUI/Divider.swift (in target 'FlutterSwiftUI' from project 'FlutterSwiftUI')
    cd /Users/admin/builder/spi-builder-workspace/.swiftpm/xcode
    builtin-SwiftPerFileCompile Divider.swift
SwiftCompile normal arm64 /Users/admin/builder/spi-builder-workspace/Sources/FlutterSwiftUI/Expanded.swift (in target 'FlutterSwiftUI' from project 'FlutterSwiftUI')
    cd /Users/admin/builder/spi-builder-workspace/.swiftpm/xcode
    builtin-SwiftPerFileCompile Expanded.swift
SwiftCompile normal arm64 /Users/admin/builder/spi-builder-workspace/Sources/FlutterSwiftUI/FittedBox.swift (in target 'FlutterSwiftUI' from project 'FlutterSwiftUI')
    cd /Users/admin/builder/spi-builder-workspace/.swiftpm/xcode
    builtin-SwiftPerFileCompile FittedBox.swift
SwiftCompile normal arm64 /Users/admin/builder/spi-builder-workspace/Sources/FlutterSwiftUI/FlutterSwiftUI.swift (in target 'FlutterSwiftUI' from project 'FlutterSwiftUI')
    cd /Users/admin/builder/spi-builder-workspace/.swiftpm/xcode
    builtin-SwiftPerFileCompile FlutterSwiftUI.swift
PruneExplicitPrecompiledModules /Users/admin/builder/spi-builder-workspace/.derivedData/SDKExplicitPrecompiledModules
PruneExplicitPrecompiledModules /Users/admin/builder/spi-builder-workspace/.derivedData/Build/Intermediates.noindex/ExplicitPrecompiledModules
PruneExplicitPrecompiledModules /Users/admin/builder/spi-builder-workspace/.derivedData/Build/Intermediates.noindex/SwiftExplicitPrecompiledModules
2026-09-21 22:04:59.980 xcodebuild[624:3850] [MT] IDERunDestination: Supported platforms for the buildables in the current scheme is empty.
--- xcodebuild: WARNING: Using the first of multiple matching destinations:
{ platform:macOS, arch:arm64, id:4fdc9f3d40def413b04d4fcb7e9bc2bd6e686c63, name:My Mac }
{ platform:macOS, arch:arm64, variant:Mac Catalyst, id:4fdc9f3d40def413b04d4fcb7e9bc2bd6e686c63, name:My Mac }
{ platform:macOS, arch:arm64, variant:DriverKit, id:4fdc9f3d40def413b04d4fcb7e9bc2bd6e686c63, name:My Mac }
{ platform:macOS, arch:arm64, variant:Designed for [iPad,iPhone], id:4fdc9f3d40def413b04d4fcb7e9bc2bd6e686c63, name:My Mac }
** BUILD FAILED **
The following build commands failed:
	SwiftCompile normal arm64 (in target 'FlutterSwiftUI' from project 'FlutterSwiftUI')
	SwiftEmitModule normal arm64 Emitting\ module\ for\ FlutterSwiftUI (in target 'FlutterSwiftUI' from project 'FlutterSwiftUI')
	Building workspace FlutterSwiftUI with scheme FlutterSwiftUI
(3 failures)
Command line invocation:
    /Applications/Xcode-27.0.0-Release.Candidate.app/Contents/Developer/usr/bin/xcodebuild -IDEClonedSourcePackagesDirPathOverride=/Users/admin/builder/spi-builder-workspace/.dependencies -resolvePackageDependencies
Resolve Package Graph
Resolved source packages:
  FlutterSwiftUI: /Users/admin/builder/spi-builder-workspace
resolved source packages: FlutterSwiftUI
2026-09-21 22:05:09.639 xcodebuild[744:4417] [MT] IDERunDestination: Supported platforms for the buildables in the current scheme is empty.
{
  "dependencies" : [
  ],
  "manifest_display_name" : "FlutterSwiftUI",
  "name" : "FlutterSwiftUI",
  "path" : "/Users/admin/builder/spi-builder-workspace",
  "platforms" : [
    {
      "name" : "ios",
      "version" : "16.0"
    }
  ],
  "products" : [
    {
      "name" : "FlutterSwiftUI",
      "targets" : [
        "FlutterSwiftUI"
      ],
      "type" : {
        "library" : [
          "automatic"
        ]
      }
    }
  ],
  "targets" : [
    {
      "c99name" : "FlutterSwiftUITests",
      "module_type" : "SwiftTarget",
      "name" : "FlutterSwiftUITests",
      "path" : "Tests/FlutterSwiftUITests",
      "sources" : [
        "FlutterSwiftUITests.swift"
      ],
      "target_dependencies" : [
        "FlutterSwiftUI"
      ],
      "type" : "test"
    },
    {
      "c99name" : "FlutterSwiftUI",
      "module_type" : "SwiftTarget",
      "name" : "FlutterSwiftUI",
      "path" : "Sources/FlutterSwiftUI",
      "product_memberships" : [
        "FlutterSwiftUI"
      ],
      "sources" : [
        "Align.swift",
        "AnimatedContainer.swift",
        "AnimatedFractionallySizedBox.swift",
        "AnimatedOpacity.swift",
        "AnimatedPadding.swift",
        "AnimatedPositioned.swift",
        "AnimatedPositionedDirectional.swift",
        "AnimatedRotation.swift",
        "AnimatedScale.swift",
        "AnimatedSlide.swift",
        "AppBar.swift",
        "AspectRatio.swift",
        "CarouselSlider.swift",
        "Center.swift",
        "CircleAvatar.swift",
        "CircularProgressIndicator.swift",
        "ClipRRect.swift",
        "Column.swift",
        "ConstrainedBox.swift",
        "Container.swift",
        "CustomScrollView.swift",
        "CustomTextField.swift",
        "Divider.swift",
        "Expanded.swift",
        "FittedBox.swift",
        "FlutterSwiftUI.swift",
        "FractionallySizedBox.swift",
        "GestureDetector.swift",
        "GridView.swift",
        "GridViewBuilder.swift",
        "GridViewCount.swift",
        "IgnorePointer.swift",
        "ImageWidget.swift",
        "LayoutComponent.swift",
        "LimitedBox.swift",
        "ListView.swift",
        "ListViewBuilder.swift",
        "ListViewSeparated.swift",
        "NestedScrollView.swift",
        "Opacity.swift",
        "Padding.swift",
        "PageView.swift",
        "PageViewBuilder.swift",
        "PageViewComponents.swift",
        "PageViewCustom.swift",
        "Positioned.swift",
        "PositionedFill.swift",
        "Reoderable.swift",
        "RichText.swift",
        "RotatedBox.swift",
        "Rotation.swift",
        "Row.swift",
        "Scaffold.swift",
        "ScrollableComponents.swift",
        "SingleChildScrollView.swift",
        "SizedBox.swift",
        "Stack.swift",
        "TabBarView.swift",
        "TextEditingController.swift",
        "Transform.swift",
        "TransformRotate.swift",
        "TransformScale.swift"
      ],
      "type" : "library"
    }
  ],
  "tools_version" : "5.9"
}
{
  "workspace" : {
    "name" : "FlutterSwiftUI",
    "schemes" : [
      "FlutterSwiftUI"
    ]
  }
}
2026-09-21 22:05:10.887 xcodebuild[753:4507] [MT] IDERunDestination: Supported platforms for the buildables in the current scheme is empty.
Running build ...
env DEVELOPER_DIR=/Applications/Xcode-27.0.0-Release.Candidate.app xcrun xcodebuild -IDEClonedSourcePackagesDirPathOverride=$PWD/.dependencies -skipMacroValidation -skipPackagePluginValidation -derivedDataPath $PWD/.derivedData build -scheme FlutterSwiftUI -destination platform=macOS,arch=arm64
Command line invocation:
    /Applications/Xcode-27.0.0-Release.Candidate.app/Contents/Developer/usr/bin/xcodebuild -IDEClonedSourcePackagesDirPathOverride=/Users/admin/builder/spi-builder-workspace/.dependencies -skipMacroValidation -skipPackagePluginValidation -derivedDataPath /Users/admin/builder/spi-builder-workspace/.derivedData build -scheme FlutterSwiftUI -destination platform=macOS,arch=arm64
Resolve Package Graph
Resolved source packages:
  FlutterSwiftUI: /Users/admin/builder/spi-builder-workspace
ComputePackagePrebuildTargetDependencyGraph
Prepare packages
CreateBuildRequest
SendProjectDescription
CreateBuildOperation
ComputeTargetDependencyGraph
note: Building targets in dependency order
note: Target dependency graph (2 targets)
    Target 'FlutterSwiftUI-product' in project 'FlutterSwiftUI'
        ➜ Explicit dependency on target 'FlutterSwiftUI' in project 'FlutterSwiftUI'
    Target 'FlutterSwiftUI' in project 'FlutterSwiftUI' (no dependencies)
GatherProvisioningInputs
CreateBuildDescription
ClangStatCache /Applications/Xcode-27.0.0-Release.Candidate.app/Contents/Developer/Toolchains/XcodeDefault.xctoolchain/usr/bin/clang-stat-cache /Applications/Xcode-27.0.0-Release.Candidate.app/Contents/Developer/Platforms/MacOSX.platform/Developer/SDKs/MacOSX27.0.sdk /Users/admin/builder/spi-builder-workspace/.derivedData/SDKStatCaches.noindex/macosx27.0-26A425-e829b21a6f8c9b70876ba0858053c0446a22442a12e9d48fe1a705f55a1adfc4.sdkstatcache
    cd /Users/admin/builder/spi-builder-workspace/.swiftpm/xcode
    /Applications/Xcode-27.0.0-Release.Candidate.app/Contents/Developer/Toolchains/XcodeDefault.xctoolchain/usr/bin/clang-stat-cache /Applications/Xcode-27.0.0-Release.Candidate.app/Contents/Developer/Platforms/MacOSX.platform/Developer/SDKs/MacOSX27.0.sdk -o /Users/admin/builder/spi-builder-workspace/.derivedData/SDKStatCaches.noindex/macosx27.0-26A425-e829b21a6f8c9b70876ba0858053c0446a22442a12e9d48fe1a705f55a1adfc4.sdkstatcache
SwiftDriver FlutterSwiftUI normal arm64 com.apple.xcode.tools.swift.compiler (in target 'FlutterSwiftUI' from project 'FlutterSwiftUI')
    cd /Users/admin/builder/spi-builder-workspace/.swiftpm/xcode
    builtin-SwiftDriver -- /Applications/Xcode-27.0.0-Release.Candidate.app/Contents/Developer/Toolchains/XcodeDefault.xctoolchain/usr/bin/swiftc -parse-as-library -module-name FlutterSwiftUI -Onone @/Users/admin/builder/spi-builder-workspace/.derivedData/Build/Intermediates.noindex/FlutterSwiftUI.build/Debug/FlutterSwiftUI-t.build/Objects-normal/arm64/FlutterSwiftUI.SwiftFileList -DSWIFT_PACKAGE -DDEBUG -DSWIFT_MODULE_RESOURCE_BUNDLE_UNAVAILABLE -DXcode -plugin-path /Applications/Xcode-27.0.0-Release.Candidate.app/Contents/Developer/Toolchains/XcodeDefault.xctoolchain/usr/lib/swift/host/plugins/testing -enable-experimental-feature DebugDescriptionMacro -sdk /Applications/Xcode-27.0.0-Release.Candidate.app/Contents/Developer/Platforms/MacOSX.platform/Developer/SDKs/MacOSX27.0.sdk -target arm64-apple-macos12.0 -g -module-cache-path /Users/admin/builder/spi-builder-workspace/.derivedData/ModuleCache.noindex -Xfrontend -serialize-debugging-options -profile-coverage-mapping -profile-generate -enable-testing -index-store-path /Users/admin/builder/spi-builder-workspace/.derivedData/Index.noindex/DataStore -Xcc -D_LIBCPP_HARDENING_MODE\=_LIBCPP_HARDENING_MODE_DEBUG -swift-version 5 -I /Users/admin/builder/spi-builder-workspace/.derivedData/Build/Products/Debug -Isystem /Applications/Xcode-27.0.0-Release.Candidate.app/Contents/Developer/Platforms/MacOSX.platform/Developer/usr/lib -F /Users/admin/builder/spi-builder-workspace/.derivedData/Build/Products/Debug -F /Applications/Xcode-27.0.0-Release.Candidate.app/Contents/Developer/Platforms/MacOSX.platform/Developer/Library/Frameworks -c -j10 -enable-batch-mode -incremental -Xcc -ivfsstatcache -Xcc /Users/admin/builder/spi-builder-workspace/.derivedData/SDKStatCaches.noindex/macosx27.0-26A425-e829b21a6f8c9b70876ba0858053c0446a22442a12e9d48fe1a705f55a1adfc4.sdkstatcache -output-file-map /Users/admin/builder/spi-builder-workspace/.derivedData/Build/Intermediates.noindex/FlutterSwiftUI.build/Debug/FlutterSwiftUI-t.build/Objects-normal/arm64/FlutterSwiftUI-OutputFileMap.json -save-temps -no-color-diagnostics -explicit-module-build -module-cache-path /Users/admin/builder/spi-builder-workspace/.derivedData/Build/Intermediates.noindex/SwiftExplicitPrecompiledModules -clang-scanner-module-cache-path /Users/admin/builder/spi-builder-workspace/.derivedData/ModuleCache.noindex -sdk-module-cache-path /Users/admin/builder/spi-builder-workspace/.derivedData/SDKExplicitPrecompiledModules -emit-dependencies -emit-module -emit-module-path /Users/admin/builder/spi-builder-workspace/.derivedData/Build/Intermediates.noindex/FlutterSwiftUI.build/Debug/FlutterSwiftUI-t.build/Objects-normal/arm64/FlutterSwiftUI.swiftmodule -serialize-diagnostics -dependency-scan-serialize-diagnostics-path /Users/admin/builder/spi-builder-workspace/.derivedData/Build/Intermediates.noindex/FlutterSwiftUI.build/Debug/FlutterSwiftUI-t.build/Objects-normal/arm64/FlutterSwiftUI-dependency-scan.dia -validate-clang-modules-once -clang-build-session-file /Users/admin/builder/spi-builder-workspace/.derivedData/ModuleCache.noindex/Session.modulevalidation -Xcc -fmodules-prune-interval\=86400 -Xcc -fmodules-prune-after\=345600 -package-name spi_builder_workspace -emit-const-values -const-gather-protocols-list /Users/admin/builder/spi-builder-workspace/.derivedData/Build/Intermediates.noindex/FlutterSwiftUI.build/Debug/FlutterSwiftUI-t.build/Objects-normal/arm64/FlutterSwiftUI_const_extract_protocols.json -Xcc -I/Users/admin/builder/spi-builder-workspace/.derivedData/Build/Products/Debug/include -Xcc -I/Users/admin/builder/spi-builder-workspace/.derivedData/Build/Intermediates.noindex/FlutterSwiftUI.build/Debug/FlutterSwiftUI-t.build/DerivedSources-normal/arm64 -Xcc -I/Users/admin/builder/spi-builder-workspace/.derivedData/Build/Intermediates.noindex/FlutterSwiftUI.build/Debug/FlutterSwiftUI-t.build/DerivedSources/arm64 -Xcc -I/Users/admin/builder/spi-builder-workspace/.derivedData/Build/Intermediates.noindex/FlutterSwiftUI.build/Debug/FlutterSwiftUI-t.build/DerivedSources -Xcc -DSWIFT_PACKAGE -Xcc -DDEBUG\=1 -emit-objc-header -emit-objc-header-path /Users/admin/builder/spi-builder-workspace/.derivedData/Build/Intermediates.noindex/FlutterSwiftUI.build/Debug/FlutterSwiftUI-t.build/Objects-normal/arm64/FlutterSwiftUI-Swift.h -working-directory /Users/admin/builder/spi-builder-workspace/.swiftpm/xcode -experimental-emit-module-separately -disable-cmo
SwiftCompile normal arm64 Compiling\ CircleAvatar.swift,\ CircularProgressIndicator.swift,\ ClipRRect.swift,\ Column.swift,\ ConstrainedBox.swift,\ Container.swift /Users/admin/builder/spi-builder-workspace/Sources/FlutterSwiftUI/CircleAvatar.swift /Users/admin/builder/spi-builder-workspace/Sources/FlutterSwiftUI/CircularProgressIndicator.swift /Users/admin/builder/spi-builder-workspace/Sources/FlutterSwiftUI/ClipRRect.swift /Users/admin/builder/spi-builder-workspace/Sources/FlutterSwiftUI/Column.swift /Users/admin/builder/spi-builder-workspace/Sources/FlutterSwiftUI/ConstrainedBox.swift /Users/admin/builder/spi-builder-workspace/Sources/FlutterSwiftUI/Container.swift (in target 'FlutterSwiftUI' from project 'FlutterSwiftUI')
SwiftCompile normal arm64 /Users/admin/builder/spi-builder-workspace/Sources/FlutterSwiftUI/CircleAvatar.swift (in target 'FlutterSwiftUI' from project 'FlutterSwiftUI')
    cd /Users/admin/builder/spi-builder-workspace/.swiftpm/xcode
    builtin-SwiftPerFileCompile CircleAvatar.swift
SwiftCompile normal arm64 /Users/admin/builder/spi-builder-workspace/Sources/FlutterSwiftUI/CircularProgressIndicator.swift (in target 'FlutterSwiftUI' from project 'FlutterSwiftUI')
    cd /Users/admin/builder/spi-builder-workspace/.swiftpm/xcode
    builtin-SwiftPerFileCompile CircularProgressIndicator.swift
SwiftCompile normal arm64 /Users/admin/builder/spi-builder-workspace/Sources/FlutterSwiftUI/ClipRRect.swift (in target 'FlutterSwiftUI' from project 'FlutterSwiftUI')
    cd /Users/admin/builder/spi-builder-workspace/.swiftpm/xcode
    builtin-SwiftPerFileCompile ClipRRect.swift
SwiftCompile normal arm64 /Users/admin/builder/spi-builder-workspace/Sources/FlutterSwiftUI/Column.swift (in target 'FlutterSwiftUI' from project 'FlutterSwiftUI')
    cd /Users/admin/builder/spi-builder-workspace/.swiftpm/xcode
    builtin-SwiftPerFileCompile Column.swift
SwiftCompile normal arm64 /Users/admin/builder/spi-builder-workspace/Sources/FlutterSwiftUI/ConstrainedBox.swift (in target 'FlutterSwiftUI' from project 'FlutterSwiftUI')
    cd /Users/admin/builder/spi-builder-workspace/.swiftpm/xcode
    builtin-SwiftPerFileCompile ConstrainedBox.swift
SwiftCompile normal arm64 /Users/admin/builder/spi-builder-workspace/Sources/FlutterSwiftUI/Container.swift (in target 'FlutterSwiftUI' from project 'FlutterSwiftUI')
    cd /Users/admin/builder/spi-builder-workspace/.swiftpm/xcode
    builtin-SwiftPerFileCompile Container.swift
SwiftCompile normal arm64 Compiling\ Align.swift,\ AnimatedContainer.swift,\ AnimatedFractionallySizedBox.swift,\ AnimatedOpacity.swift,\ AnimatedPadding.swift,\ AnimatedPositioned.swift,\ AnimatedPositionedDirectional.swift /Users/admin/builder/spi-builder-workspace/Sources/FlutterSwiftUI/Align.swift /Users/admin/builder/spi-builder-workspace/Sources/FlutterSwiftUI/AnimatedContainer.swift /Users/admin/builder/spi-builder-workspace/Sources/FlutterSwiftUI/AnimatedFractionallySizedBox.swift /Users/admin/builder/spi-builder-workspace/Sources/FlutterSwiftUI/AnimatedOpacity.swift /Users/admin/builder/spi-builder-workspace/Sources/FlutterSwiftUI/AnimatedPadding.swift /Users/admin/builder/spi-builder-workspace/Sources/FlutterSwiftUI/AnimatedPositioned.swift /Users/admin/builder/spi-builder-workspace/Sources/FlutterSwiftUI/AnimatedPositionedDirectional.swift (in target 'FlutterSwiftUI' from project 'FlutterSwiftUI')
SwiftCompile normal arm64 /Users/admin/builder/spi-builder-workspace/Sources/FlutterSwiftUI/Align.swift (in target 'FlutterSwiftUI' from project 'FlutterSwiftUI')
    cd /Users/admin/builder/spi-builder-workspace/.swiftpm/xcode
    builtin-SwiftPerFileCompile Align.swift
SwiftCompile normal arm64 /Users/admin/builder/spi-builder-workspace/Sources/FlutterSwiftUI/AnimatedContainer.swift (in target 'FlutterSwiftUI' from project 'FlutterSwiftUI')
    cd /Users/admin/builder/spi-builder-workspace/.swiftpm/xcode
    builtin-SwiftPerFileCompile AnimatedContainer.swift
SwiftCompile normal arm64 /Users/admin/builder/spi-builder-workspace/Sources/FlutterSwiftUI/AnimatedFractionallySizedBox.swift (in target 'FlutterSwiftUI' from project 'FlutterSwiftUI')
    cd /Users/admin/builder/spi-builder-workspace/.swiftpm/xcode
    builtin-SwiftPerFileCompile AnimatedFractionallySizedBox.swift
SwiftCompile normal arm64 /Users/admin/builder/spi-builder-workspace/Sources/FlutterSwiftUI/AnimatedOpacity.swift (in target 'FlutterSwiftUI' from project 'FlutterSwiftUI')
    cd /Users/admin/builder/spi-builder-workspace/.swiftpm/xcode
    builtin-SwiftPerFileCompile AnimatedOpacity.swift
SwiftCompile normal arm64 /Users/admin/builder/spi-builder-workspace/Sources/FlutterSwiftUI/AnimatedPadding.swift (in target 'FlutterSwiftUI' from project 'FlutterSwiftUI')
    cd /Users/admin/builder/spi-builder-workspace/.swiftpm/xcode
    builtin-SwiftPerFileCompile AnimatedPadding.swift
SwiftCompile normal arm64 /Users/admin/builder/spi-builder-workspace/Sources/FlutterSwiftUI/AnimatedPositioned.swift (in target 'FlutterSwiftUI' from project 'FlutterSwiftUI')
    cd /Users/admin/builder/spi-builder-workspace/.swiftpm/xcode
    builtin-SwiftPerFileCompile AnimatedPositioned.swift
SwiftCompile normal arm64 /Users/admin/builder/spi-builder-workspace/Sources/FlutterSwiftUI/AnimatedPositionedDirectional.swift (in target 'FlutterSwiftUI' from project 'FlutterSwiftUI')
    cd /Users/admin/builder/spi-builder-workspace/.swiftpm/xcode
    builtin-SwiftPerFileCompile AnimatedPositionedDirectional.swift
SwiftCompile normal arm64 Compiling\ PageViewCustom.swift,\ Positioned.swift,\ PositionedFill.swift,\ Reoderable.swift,\ RichText.swift,\ RotatedBox.swift /Users/admin/builder/spi-builder-workspace/Sources/FlutterSwiftUI/PageViewCustom.swift /Users/admin/builder/spi-builder-workspace/Sources/FlutterSwiftUI/Positioned.swift /Users/admin/builder/spi-builder-workspace/Sources/FlutterSwiftUI/PositionedFill.swift /Users/admin/builder/spi-builder-workspace/Sources/FlutterSwiftUI/Reoderable.swift /Users/admin/builder/spi-builder-workspace/Sources/FlutterSwiftUI/RichText.swift /Users/admin/builder/spi-builder-workspace/Sources/FlutterSwiftUI/RotatedBox.swift (in target 'FlutterSwiftUI' from project 'FlutterSwiftUI')
SwiftCompile normal arm64 /Users/admin/builder/spi-builder-workspace/Sources/FlutterSwiftUI/PageViewCustom.swift (in target 'FlutterSwiftUI' from project 'FlutterSwiftUI')
    cd /Users/admin/builder/spi-builder-workspace/.swiftpm/xcode
    builtin-SwiftPerFileCompile PageViewCustom.swift
SwiftCompile normal arm64 /Users/admin/builder/spi-builder-workspace/Sources/FlutterSwiftUI/Positioned.swift (in target 'FlutterSwiftUI' from project 'FlutterSwiftUI')
    cd /Users/admin/builder/spi-builder-workspace/.swiftpm/xcode
    builtin-SwiftPerFileCompile Positioned.swift
SwiftCompile normal arm64 /Users/admin/builder/spi-builder-workspace/Sources/FlutterSwiftUI/PositionedFill.swift (in target 'FlutterSwiftUI' from project 'FlutterSwiftUI')
    cd /Users/admin/builder/spi-builder-workspace/.swiftpm/xcode
    builtin-SwiftPerFileCompile PositionedFill.swift
SwiftCompile normal arm64 /Users/admin/builder/spi-builder-workspace/Sources/FlutterSwiftUI/Reoderable.swift (in target 'FlutterSwiftUI' from project 'FlutterSwiftUI')
    cd /Users/admin/builder/spi-builder-workspace/.swiftpm/xcode
    builtin-SwiftPerFileCompile Reoderable.swift
SwiftCompile normal arm64 /Users/admin/builder/spi-builder-workspace/Sources/FlutterSwiftUI/RichText.swift (in target 'FlutterSwiftUI' from project 'FlutterSwiftUI')
    cd /Users/admin/builder/spi-builder-workspace/.swiftpm/xcode
    builtin-SwiftPerFileCompile RichText.swift
SwiftCompile normal arm64 /Users/admin/builder/spi-builder-workspace/Sources/FlutterSwiftUI/RotatedBox.swift (in target 'FlutterSwiftUI' from project 'FlutterSwiftUI')
    cd /Users/admin/builder/spi-builder-workspace/.swiftpm/xcode
    builtin-SwiftPerFileCompile RotatedBox.swift
/Users/admin/builder/spi-builder-workspace/Sources/FlutterSwiftUI/PageViewCustom.swift:80:23: error: 'PageTabViewStyle' is unavailable in macOS
 78 |             }
 79 |         }
 80 |         .tabViewStyle(PageTabViewStyle(indexDisplayMode: .never))
    |                       `- error: 'PageTabViewStyle' is unavailable in macOS
 81 |         // For vertical scrolling, rotate the TabView (a common workaround).
 82 |         .rotationEffect(scrollDirection == .vertical ? Angle(degrees: 90) : Angle(degrees: 0))
SwiftUI.PageTabViewStyle:3:27: note: 'PageTabViewStyle' has been explicitly marked unavailable here
 1 | @available(iOS 14.0, tvOS 14.0, watchOS 7.0, *)
 2 | @available(macOS, unavailable)
 3 | nonisolated public struct PageTabViewStyle : TabViewStyle, ~Sendable {
   |                           `- note: 'PageTabViewStyle' has been explicitly marked unavailable here
 4 |     public struct IndexDisplayMode : Sendable {
 5 |         public static let automatic: PageTabViewStyle.IndexDisplayMode
/Users/admin/builder/spi-builder-workspace/Sources/FlutterSwiftUI/Reoderable.swift:70:24: error: 'editMode' is unavailable in macOS
68 |         .listStyle(PlainListStyle())
69 |         // Enable edit mode so the user can drag and drop items
70 |         .environment(\.editMode, .constant(.active))
   |                        `- error: 'editMode' is unavailable in macOS
71 |     }
72 | }
SwiftUI.EnvironmentValues.editMode:4:14: note: 'editMode' has been explicitly marked unavailable here
2 | @available(macOS, unavailable)
3 |   @available(watchOS, unavailable)
4 |   public var editMode: Binding<EditMode>? { get set }}
  |              `- note: 'editMode' has been explicitly marked unavailable here
5 |
/Users/admin/builder/spi-builder-workspace/Sources/FlutterSwiftUI/RichText.swift:90:26: error: 'kerning' is only available in macOS 13.0 or newer
 37 | ///   - gradientAngle: The angle (in degrees) for the gradient direction. Defaults to 0.
 38 | ///   - onTap: An optional closure executed when the text is tapped.
 39 | public struct TextSpanView: View {
    |               `- note: add '@available' attribute to enclosing struct
 40 |     let text: String?
 41 |     let textAlign: TextAlignment
    :
 79 |     }
 80 |
 81 |     public var body: some View {
    |                `- note: add '@available' attribute to enclosing property
 82 |         Group {
 83 |             if let text = text {
    :
 88 |                         .fontWeight(fontWeight)
 89 |                         .lineSpacing(lineSpacing ?? 0)
 90 |                         .kerning(letterSpacing ?? 0)
    |                          |- error: 'kerning' is only available in macOS 13.0 or newer
    |                          `- note: add 'if #available' version check
 91 |                         .multilineTextAlignment(textAlign)
 92 |                         .lineLimit(maxLines)
SwiftCompile normal arm64 Compiling\ Rotation.swift,\ Row.swift,\ Scaffold.swift,\ ScrollableComponents.swift,\ SingleChildScrollView.swift,\ SizedBox.swift /Users/admin/builder/spi-builder-workspace/Sources/FlutterSwiftUI/Rotation.swift /Users/admin/builder/spi-builder-workspace/Sources/FlutterSwiftUI/Row.swift /Users/admin/builder/spi-builder-workspace/Sources/FlutterSwiftUI/Scaffold.swift /Users/admin/builder/spi-builder-workspace/Sources/FlutterSwiftUI/ScrollableComponents.swift /Users/admin/builder/spi-builder-workspace/Sources/FlutterSwiftUI/SingleChildScrollView.swift /Users/admin/builder/spi-builder-workspace/Sources/FlutterSwiftUI/SizedBox.swift (in target 'FlutterSwiftUI' from project 'FlutterSwiftUI')
SwiftCompile normal arm64 /Users/admin/builder/spi-builder-workspace/Sources/FlutterSwiftUI/Rotation.swift (in target 'FlutterSwiftUI' from project 'FlutterSwiftUI')
    cd /Users/admin/builder/spi-builder-workspace/.swiftpm/xcode
    builtin-SwiftPerFileCompile Rotation.swift
SwiftCompile normal arm64 /Users/admin/builder/spi-builder-workspace/Sources/FlutterSwiftUI/Row.swift (in target 'FlutterSwiftUI' from project 'FlutterSwiftUI')
    cd /Users/admin/builder/spi-builder-workspace/.swiftpm/xcode
    builtin-SwiftPerFileCompile Row.swift
SwiftCompile normal arm64 /Users/admin/builder/spi-builder-workspace/Sources/FlutterSwiftUI/Scaffold.swift (in target 'FlutterSwiftUI' from project 'FlutterSwiftUI')
    cd /Users/admin/builder/spi-builder-workspace/.swiftpm/xcode
    builtin-SwiftPerFileCompile Scaffold.swift
SwiftCompile normal arm64 /Users/admin/builder/spi-builder-workspace/Sources/FlutterSwiftUI/ScrollableComponents.swift (in target 'FlutterSwiftUI' from project 'FlutterSwiftUI')
    cd /Users/admin/builder/spi-builder-workspace/.swiftpm/xcode
    builtin-SwiftPerFileCompile ScrollableComponents.swift
SwiftCompile normal arm64 /Users/admin/builder/spi-builder-workspace/Sources/FlutterSwiftUI/SingleChildScrollView.swift (in target 'FlutterSwiftUI' from project 'FlutterSwiftUI')
    cd /Users/admin/builder/spi-builder-workspace/.swiftpm/xcode
    builtin-SwiftPerFileCompile SingleChildScrollView.swift
SwiftCompile normal arm64 /Users/admin/builder/spi-builder-workspace/Sources/FlutterSwiftUI/SizedBox.swift (in target 'FlutterSwiftUI' from project 'FlutterSwiftUI')
    cd /Users/admin/builder/spi-builder-workspace/.swiftpm/xcode
    builtin-SwiftPerFileCompile SizedBox.swift
/Users/admin/builder/spi-builder-workspace/Sources/FlutterSwiftUI/Scaffold.swift:191:32: error: cannot find 'UIApplication' in scope
189 |         .onAppear {
190 |             if let statusBarColor = statusBarColor {
191 |                 if let scene = UIApplication.shared.connectedScenes.first as? UIWindowScene,
    |                                `- error: cannot find 'UIApplication' in scope
192 |                    let window = scene.windows.first {
193 |                     window.rootViewController?.view.backgroundColor = UIColor(statusBarColor)
/Users/admin/builder/spi-builder-workspace/Sources/FlutterSwiftUI/Scaffold.swift:193:71: error: cannot find 'UIColor' in scope
191 |                 if let scene = UIApplication.shared.connectedScenes.first as? UIWindowScene,
192 |                    let window = scene.windows.first {
193 |                     window.rootViewController?.view.backgroundColor = UIColor(statusBarColor)
    |                                                                       `- error: cannot find 'UIColor' in scope
194 |                 }
195 |             }
/Users/admin/builder/spi-builder-workspace/Sources/FlutterSwiftUI/Scaffold.swift:191:79: error: cannot find type 'UIWindowScene' in scope
189 |         .onAppear {
190 |             if let statusBarColor = statusBarColor {
191 |                 if let scene = UIApplication.shared.connectedScenes.first as? UIWindowScene,
    |                                                                               `- error: cannot find type 'UIWindowScene' in scope
192 |                    let window = scene.windows.first {
193 |                     window.rootViewController?.view.backgroundColor = UIColor(statusBarColor)
/Users/admin/builder/spi-builder-workspace/Sources/FlutterSwiftUI/SingleChildScrollView.swift:88:17: warning: initialization of immutable value 'newOffset' was never used; consider replacing with assignment to '_' or removing it [#NoUsage]
 86 |
 87 |         controller.scrollBy = { (x: CGFloat, y: CGFloat) in
 88 |             let newOffset = CGPoint(x: scrollOffset.x + x, y: scrollOffset.y + y)
    |                 `- warning: initialization of immutable value 'newOffset' was never used; consider replacing with assignment to '_' or removing it [#NoUsage]
 89 |             withAnimation {
 90 |                 // Note: SwiftUI's ScrollViewReader does not support direct scrolling to a CGPoint.
SwiftCompile normal arm64 Compiling\ CustomScrollView.swift,\ CustomTextField.swift,\ Divider.swift,\ Expanded.swift,\ FittedBox.swift,\ FlutterSwiftUI.swift /Users/admin/builder/spi-builder-workspace/Sources/FlutterSwiftUI/CustomScrollView.swift /Users/admin/builder/spi-builder-workspace/Sources/FlutterSwiftUI/CustomTextField.swift /Users/admin/builder/spi-builder-workspace/Sources/FlutterSwiftUI/Divider.swift /Users/admin/builder/spi-builder-workspace/Sources/FlutterSwiftUI/Expanded.swift /Users/admin/builder/spi-builder-workspace/Sources/FlutterSwiftUI/FittedBox.swift /Users/admin/builder/spi-builder-workspace/Sources/FlutterSwiftUI/FlutterSwiftUI.swift (in target 'FlutterSwiftUI' from project 'FlutterSwiftUI')
/Users/admin/builder/spi-builder-workspace/Sources/FlutterSwiftUI/CustomScrollView.swift:127:17: warning: initialization of immutable value 'newOffset' was never used; consider replacing with assignment to '_' or removing it [#NoUsage]
125 |
126 |         controller.scrollBy = { (x: CGFloat, y: CGFloat) in
127 |             let newOffset = CGPoint(
    |                 `- warning: initialization of immutable value 'newOffset' was never used; consider replacing with assignment to '_' or removing it [#NoUsage]
128 |                 x: scrollOffset.x + x,
129 |                 y: scrollOffset.y + y
/Users/admin/builder/spi-builder-workspace/Sources/FlutterSwiftUI/CustomScrollView.swift:158:18: error: 'scrollBounceBehavior(_:axes:)' is only available in macOS 13.3 or newer
152 |
153 | // MARK: - Bounce Behavior Modifier
154 | public extension View {
    |        `- note: add '@available' attribute to enclosing extension
155 |     @ViewBuilder
156 |     func applyBounceBehavior() -> some View {
    |          `- note: add '@available' attribute to enclosing instance method
157 |         if #available(iOS 16.4, *) {
158 |             self.scrollBounceBehavior(.automatic)
    |                  |- error: 'scrollBounceBehavior(_:axes:)' is only available in macOS 13.3 or newer
    |                  `- note: add 'if #available' version check
159 |         } else {
160 |             self // Fallback for earlier versions
/Users/admin/builder/spi-builder-workspace/Sources/FlutterSwiftUI/CustomTextField.swift:53:23: error: cannot find type 'UIKeyboardType' in scope
 51 |     let underlined: Bool
 52 |     /// Keyboard type
 53 |     let keyboardType: UIKeyboardType
    |                       `- error: cannot find type 'UIKeyboardType' in scope
 54 |
 55 |     // MARK: - State Management
/Users/admin/builder/spi-builder-workspace/Sources/FlutterSwiftUI/CustomTextField.swift:85:23: error: cannot find type 'UIKeyboardType' in scope
 83 |         outlined: Bool = false,
 84 |         underlined: Bool = false,
 85 |         keyboardType: UIKeyboardType = .default
    |                       `- error: cannot find type 'UIKeyboardType' in scope
 86 |     ) {
 87 |         self.controller = controller
SwiftCompile normal arm64 /Users/admin/builder/spi-builder-workspace/Sources/FlutterSwiftUI/CustomScrollView.swift (in target 'FlutterSwiftUI' from project 'FlutterSwiftUI')
    cd /Users/admin/builder/spi-builder-workspace/.swiftpm/xcode
    builtin-SwiftPerFileCompile CustomScrollView.swift
SwiftCompile normal arm64 /Users/admin/builder/spi-builder-workspace/Sources/FlutterSwiftUI/CustomTextField.swift (in target 'FlutterSwiftUI' from project 'FlutterSwiftUI')
    cd /Users/admin/builder/spi-builder-workspace/.swiftpm/xcode
    builtin-SwiftPerFileCompile CustomTextField.swift
SwiftCompile normal arm64 /Users/admin/builder/spi-builder-workspace/Sources/FlutterSwiftUI/Divider.swift (in target 'FlutterSwiftUI' from project 'FlutterSwiftUI')
    cd /Users/admin/builder/spi-builder-workspace/.swiftpm/xcode
    builtin-SwiftPerFileCompile Divider.swift
SwiftCompile normal arm64 /Users/admin/builder/spi-builder-workspace/Sources/FlutterSwiftUI/Expanded.swift (in target 'FlutterSwiftUI' from project 'FlutterSwiftUI')
    cd /Users/admin/builder/spi-builder-workspace/.swiftpm/xcode
    builtin-SwiftPerFileCompile Expanded.swift
SwiftCompile normal arm64 /Users/admin/builder/spi-builder-workspace/Sources/FlutterSwiftUI/FittedBox.swift (in target 'FlutterSwiftUI' from project 'FlutterSwiftUI')
    cd /Users/admin/builder/spi-builder-workspace/.swiftpm/xcode
    builtin-SwiftPerFileCompile FittedBox.swift
SwiftCompile normal arm64 /Users/admin/builder/spi-builder-workspace/Sources/FlutterSwiftUI/FlutterSwiftUI.swift (in target 'FlutterSwiftUI' from project 'FlutterSwiftUI')
    cd /Users/admin/builder/spi-builder-workspace/.swiftpm/xcode
    builtin-SwiftPerFileCompile FlutterSwiftUI.swift
SwiftCompile normal arm64 Compiling\ ImageWidget.swift,\ LayoutComponent.swift,\ LimitedBox.swift,\ ListView.swift,\ ListViewBuilder.swift,\ ListViewSeparated.swift /Users/admin/builder/spi-builder-workspace/Sources/FlutterSwiftUI/ImageWidget.swift /Users/admin/builder/spi-builder-workspace/Sources/FlutterSwiftUI/LayoutComponent.swift /Users/admin/builder/spi-builder-workspace/Sources/FlutterSwiftUI/LimitedBox.swift /Users/admin/builder/spi-builder-workspace/Sources/FlutterSwiftUI/ListView.swift /Users/admin/builder/spi-builder-workspace/Sources/FlutterSwiftUI/ListViewBuilder.swift /Users/admin/builder/spi-builder-workspace/Sources/FlutterSwiftUI/ListViewSeparated.swift (in target 'FlutterSwiftUI' from project 'FlutterSwiftUI')
/Users/admin/builder/spi-builder-workspace/Sources/FlutterSwiftUI/ImageWidget.swift:13:22: error: cannot find type 'UIImage' in scope
 11 |         case url(URL)
 12 |         case data(Data)
 13 |         case uiImage(UIImage)
    |                      `- error: cannot find type 'UIImage' in scope
 14 |     }
 15 |
/Users/admin/builder/spi-builder-workspace/Sources/FlutterSwiftUI/ImageWidget.swift:31:31: error: cannot find type 'UIImage' in scope
 29 |     // MARK: - State Management
 30 |
 31 |     @State private var image: UIImage? = nil
    |                               `- error: cannot find type 'UIImage' in scope
 32 |     @State private var isLoading = true
 33 |     @State private var hasError = false
macro expansion @State:2:24: error: cannot find type 'UIImage' in scope
`- /Users/admin/builder/spi-builder-workspace/Sources/FlutterSwiftUI/ImageWidget.swift:31:45: note: expanded code originates here
 29 |     // MARK: - State Management
 30 |
 31 |     @State private var image: UIImage? = nil
    |     `- note: in expansion of macro 'State' on property 'image' here
    +--- macro expansion @State ----------------------------------------
    | 1 | private var __image = SwiftUICore.State._makeStorage(({
    | 2 |             let value: UIImage? = nil
    |   |                        `- error: cannot find type 'UIImage' in scope
    | 3 |             return value
    | 4 |         }))
    +-------------------------------------------------------------------
 32 |     @State private var isLoading = true
 33 |     @State private var hasError = false
macro expansion @State:8:27: error: cannot find type 'UIImage' in scope
`- /Users/admin/builder/spi-builder-workspace/Sources/FlutterSwiftUI/ImageWidget.swift:31:45: note: expanded code originates here
 29 |     // MARK: - State Management
 30 |
 31 |     @State private var image: UIImage? = nil
    |     `- note: in expansion of macro 'State' on property 'image' here
    +--- macro expansion @State ----------------------------------------
    | 6 | @SwiftUICore._StatePropertyWrapperStorage(initialValue: "JHMxNEZsdXR0ZXJTd2lmdFVJMTFJbWFnZVdpZGdldFY1aW1hZ2UzM182NzAzN0EzRUVCREIxNTg4MEMzNDE4QUY2MjQ0MTc3RUxMNVN0YXRlZk1wXzIwX2luaXRpYWxTdG9yZWRWYWx1ZV9mTXVf")
    | 7 | private var _image: SwiftUICore.State<_>! = SwiftUICore._stateNil(of: {
    | 8 |         SwiftUICore.State<UIImage?>(initialValue: nil)
    |   |                           `- error: cannot find type 'UIImage' in scope
    | 9 |     })
    |10 |
    +-------------------------------------------------------------------
 32 |     @State private var isLoading = true
 33 |     @State private var hasError = false
macro expansion @State:7:39: error: could not infer type for placeholder
`- /Users/admin/builder/spi-builder-workspace/Sources/FlutterSwiftUI/ImageWidget.swift:31:45: note: expanded code originates here
 29 |     // MARK: - State Management
 30 |
 31 |     @State private var image: UIImage? = nil
    |     `- note: in expansion of macro 'State' on property 'image' here
    +--- macro expansion @State ----------------------------------------
    | 5 |
    | 6 | @SwiftUICore._StatePropertyWrapperStorage(initialValue: "JHMxNEZsdXR0ZXJTd2lmdFVJMTFJbWFnZVdpZGdldFY1aW1hZ2UzM182NzAzN0EzRUVCREIxNTg4MEMzNDE4QUY2MjQ0MTc3RUxMNVN0YXRlZk1wXzIwX2luaXRpYWxTdG9yZWRWYWx1ZV9mTXVf")
    | 7 | private var _image: SwiftUICore.State<_>! = SwiftUICore._stateNil(of: {
    |   |                                       `- error: could not infer type for placeholder
    | 8 |         SwiftUICore.State<UIImage?>(initialValue: nil)
    | 9 |     })
    +-------------------------------------------------------------------
 32 |     @State private var isLoading = true
 33 |     @State private var hasError = false
macro expansion @State:12:40: error: cannot find type 'UIImage' in scope
`- /Users/admin/builder/spi-builder-workspace/Sources/FlutterSwiftUI/ImageWidget.swift:31:45: note: expanded code originates here
 29 |     // MARK: - State Management
 30 |
 31 |     @State private var image: UIImage? = nil
    |     `- note: in expansion of macro 'State' on property 'image' here
    +--- macro expansion @State ----------------------------------------
    |10 |
    |11 | @SwiftUICore._StateProjectedValue
    |12 | private var $image = SwiftUICore.State<UIImage?>(initialValue: nil).projectedValue
    |   |                                        `- error: cannot find type 'UIImage' in scope
    |13 |
    |14 | @SwiftUICore._StateInitialStoredValue("U3dpZnRVSUNvcmUuU3RhdGUuX21ha2VTdG9yYWdlKCh7IGxldCB2YWx1ZTogVUlJbWFnZT8gPSBuaWwKcmV0dXJuIHZhbHVlIH0pKQ==")
    +-------------------------------------------------------------------
 32 |     @State private var isLoading = true
 33 |     @State private var hasError = false
macro expansion @State:16:20: error: cannot find type 'UIImage' in scope
`- /Users/admin/builder/spi-builder-workspace/Sources/FlutterSwiftUI/ImageWidget.swift:31:45: note: expanded code originates here
 29 |     // MARK: - State Management
 30 |
 31 |     @State private var image: UIImage? = nil
    |     `- note: in expansion of macro 'State' on property 'image' here
    +--- macro expansion @State ----------------------------------------
    |14 | @SwiftUICore._StateInitialStoredValue("U3dpZnRVSUNvcmUuU3RhdGUuX21ha2VTdG9yYWdlKCh7IGxldCB2YWx1ZTogVUlJbWFnZT8gPSBuaWwKcmV0dXJuIHZhbHVlIH0pKQ==")
    |15 | private static var $s14FlutterSwiftUI11ImageWidgetV5image33_67037A3EEBDB15880C3418AF6244177ELL5StatefMp_20_initialStoredValue_fMu_ = (SwiftUICore.State._makeStorage(initialValue: {
    |16 |             let x: UIImage? = nil
    |   |                    `- error: cannot find type 'UIImage' in scope
    |17 |             return x
    |18 |         }()))
    +-------------------------------------------------------------------
 32 |     @State private var isLoading = true
 33 |     @State private var hasError = false
/Users/admin/builder/spi-builder-workspace/Sources/FlutterSwiftUI/ImageWidget.swift:260:18: error: cannot find type 'UIImage' in scope
258 |     /// Initialize with UIImage
259 |     init(
260 |         uiImage: UIImage,
    |                  `- error: cannot find type 'UIImage' in scope
261 |         altText: String = "",
262 |         borderRadius: BorderRadius = BorderRadius(all: 8),
macro expansion @_StateInitialStoredValue:4:32: error: cannot find type 'UIImage' in scope
`- /Users/admin/builder/spi-builder-workspace/Sources/FlutterSwiftUI/ImageWidget.swift:31:45: note: expanded code originates here
 29 |     // MARK: - State Management
 30 |
 31 |     @State private var image: UIImage? = nil
    |     `- note: in expansion of macro 'State' on property 'image' here
    +--- macro expansion @State ----------------------------------------
    |12 | private var $image = SwiftUICore.State<UIImage?>(initialValue: nil).projectedValue
    |13 |
    |14 | @SwiftUICore._StateInitialStoredValue("U3dpZnRVSUNvcmUuU3RhdGUuX21ha2VTdG9yYWdlKCh7IGxldCB2YWx1ZTogVUlJbWFnZT8gPSBuaWwKcmV0dXJuIHZhbHVlIH0pKQ==")
    |   | `- note: in expansion of macro '_StateInitialStoredValue' on static property '$s14FlutterSwiftUI11ImageWidgetV5image33_67037A3EEBDB15880C3418AF6244177ELL5StatefMp_20_initialStoredValue_fMu_' here
    |15 | private static var $s14FlutterSwiftUI11ImageWidgetV5image33_67037A3EEBDB15880C3418AF6244177ELL5StatefMp_20_initialStoredValue_fMu_ = (SwiftUICore.State._makeStorage(initialValue: {
    |16 |             let x: UIImage? = nil
    |17 |             return x
    |18 |         }()))
    |   +--- macro expansion @_StateInitialStoredValue -----------------
    |   |2 |     get {
    |   |3 |         SwiftUICore.State._makeStorage(({
    |   |4 |                     let value: UIImage? = nil
    |   |  |                                `- error: cannot find type 'UIImage' in scope
    |   |5 |                     return value
    |   |6 |                 }))
    |   +---------------------------------------------------------------
    +-------------------------------------------------------------------
 32 |     @State private var isLoading = true
 33 |     @State private var hasError = false
/Users/admin/builder/spi-builder-workspace/Sources/FlutterSwiftUI/ImageWidget.swift:107:35: error: cannot find 'UIImage' in scope
105 |             .map(\.data)
106 |             .tryMap { data in
107 |                 guard let image = UIImage(data: data) else {
    |                                   `- error: cannot find 'UIImage' in scope
108 |                     throw ImageError.invalidImageData
109 |                 }
/Users/admin/builder/spi-builder-workspace/Sources/FlutterSwiftUI/ImageWidget.swift:119:33: error: cannot infer type of closure parameter 'image' without a type annotation
117 |                     }
118 |                 },
119 |                 receiveValue: { image in
    |                                 `- error: cannot infer type of closure parameter 'image' without a type annotation
120 |                     self.image = image
121 |                     isLoading = false
/Users/admin/builder/spi-builder-workspace/Sources/FlutterSwiftUI/ImageWidget.swift:128:27: error: cannot find 'UIImage' in scope
126 |
127 |     private func loadFromData(_ data: Data) {
128 |         guard let image = UIImage(data: data) else {
    |                           `- error: cannot find 'UIImage' in scope
129 |             handleError(ImageError.invalidImageData)
130 |             return
SwiftCompile normal arm64 /Users/admin/builder/spi-builder-workspace/Sources/FlutterSwiftUI/ImageWidget.swift (in target 'FlutterSwiftUI' from project 'FlutterSwiftUI')
    cd /Users/admin/builder/spi-builder-workspace/.swiftpm/xcode
    builtin-SwiftPerFileCompile ImageWidget.swift
SwiftCompile normal arm64 /Users/admin/builder/spi-builder-workspace/Sources/FlutterSwiftUI/LayoutComponent.swift (in target 'FlutterSwiftUI' from project 'FlutterSwiftUI')
    cd /Users/admin/builder/spi-builder-workspace/.swiftpm/xcode
    builtin-SwiftPerFileCompile LayoutComponent.swift
SwiftCompile normal arm64 /Users/admin/builder/spi-builder-workspace/Sources/FlutterSwiftUI/LimitedBox.swift (in target 'FlutterSwiftUI' from project 'FlutterSwiftUI')
    cd /Users/admin/builder/spi-builder-workspace/.swiftpm/xcode
    builtin-SwiftPerFileCompile LimitedBox.swift
SwiftCompile normal arm64 /Users/admin/builder/spi-builder-workspace/Sources/FlutterSwiftUI/ListView.swift (in target 'FlutterSwiftUI' from project 'FlutterSwiftUI')
    cd /Users/admin/builder/spi-builder-workspace/.swiftpm/xcode
    builtin-SwiftPerFileCompile ListView.swift
SwiftCompile normal arm64 /Users/admin/builder/spi-builder-workspace/Sources/FlutterSwiftUI/ListViewBuilder.swift (in target 'FlutterSwiftUI' from project 'FlutterSwiftUI')
    cd /Users/admin/builder/spi-builder-workspace/.swiftpm/xcode
    builtin-SwiftPerFileCompile ListViewBuilder.swift
SwiftCompile normal arm64 /Users/admin/builder/spi-builder-workspace/Sources/FlutterSwiftUI/ListViewSeparated.swift (in target 'FlutterSwiftUI' from project 'FlutterSwiftUI')
    cd /Users/admin/builder/spi-builder-workspace/.swiftpm/xcode
    builtin-SwiftPerFileCompile ListViewSeparated.swift
SwiftCompile normal arm64 Compiling\ NestedScrollView.swift,\ Opacity.swift,\ Padding.swift,\ PageView.swift,\ PageViewBuilder.swift,\ PageViewComponents.swift /Users/admin/builder/spi-builder-workspace/Sources/FlutterSwiftUI/NestedScrollView.swift /Users/admin/builder/spi-builder-workspace/Sources/FlutterSwiftUI/Opacity.swift /Users/admin/builder/spi-builder-workspace/Sources/FlutterSwiftUI/Padding.swift /Users/admin/builder/spi-builder-workspace/Sources/FlutterSwiftUI/PageView.swift /Users/admin/builder/spi-builder-workspace/Sources/FlutterSwiftUI/PageViewBuilder.swift /Users/admin/builder/spi-builder-workspace/Sources/FlutterSwiftUI/PageViewComponents.swift (in target 'FlutterSwiftUI' from project 'FlutterSwiftUI')
/Users/admin/builder/spi-builder-workspace/Sources/FlutterSwiftUI/PageView.swift:64:23: error: 'PageTabViewStyle' is unavailable in macOS
 62 |             }
 63 |         }
 64 |         .tabViewStyle(PageTabViewStyle(indexDisplayMode: .never))
    |                       `- error: 'PageTabViewStyle' is unavailable in macOS
 65 |         // For vertical paging, rotate the TabView (this is a common workaround).
 66 |         .rotationEffect(scrollDirection == .vertical ? Angle(degrees: 90) : Angle(degrees: 0))
SwiftUI.PageTabViewStyle:3:27: note: 'PageTabViewStyle' has been explicitly marked unavailable here
 1 | @available(iOS 14.0, tvOS 14.0, watchOS 7.0, *)
 2 | @available(macOS, unavailable)
 3 | nonisolated public struct PageTabViewStyle : TabViewStyle, ~Sendable {
   |                           `- note: 'PageTabViewStyle' has been explicitly marked unavailable here
 4 |     public struct IndexDisplayMode : Sendable {
 5 |         public static let automatic: PageTabViewStyle.IndexDisplayMode
SwiftCompile normal arm64 /Users/admin/builder/spi-builder-workspace/Sources/FlutterSwiftUI/NestedScrollView.swift (in target 'FlutterSwiftUI' from project 'FlutterSwiftUI')
    cd /Users/admin/builder/spi-builder-workspace/.swiftpm/xcode
    builtin-SwiftPerFileCompile NestedScrollView.swift
SwiftCompile normal arm64 /Users/admin/builder/spi-builder-workspace/Sources/FlutterSwiftUI/Opacity.swift (in target 'FlutterSwiftUI' from project 'FlutterSwiftUI')
    cd /Users/admin/builder/spi-builder-workspace/.swiftpm/xcode
    builtin-SwiftPerFileCompile Opacity.swift
SwiftCompile normal arm64 /Users/admin/builder/spi-builder-workspace/Sources/FlutterSwiftUI/Padding.swift (in target 'FlutterSwiftUI' from project 'FlutterSwiftUI')
    cd /Users/admin/builder/spi-builder-workspace/.swiftpm/xcode
    builtin-SwiftPerFileCompile Padding.swift
SwiftCompile normal arm64 /Users/admin/builder/spi-builder-workspace/Sources/FlutterSwiftUI/PageView.swift (in target 'FlutterSwiftUI' from project 'FlutterSwiftUI')
    cd /Users/admin/builder/spi-builder-workspace/.swiftpm/xcode
    builtin-SwiftPerFileCompile PageView.swift
SwiftCompile normal arm64 /Users/admin/builder/spi-builder-workspace/Sources/FlutterSwiftUI/PageViewBuilder.swift (in target 'FlutterSwiftUI' from project 'FlutterSwiftUI')
    cd /Users/admin/builder/spi-builder-workspace/.swiftpm/xcode
    builtin-SwiftPerFileCompile PageViewBuilder.swift
SwiftCompile normal arm64 /Users/admin/builder/spi-builder-workspace/Sources/FlutterSwiftUI/PageViewComponents.swift (in target 'FlutterSwiftUI' from project 'FlutterSwiftUI')
    cd /Users/admin/builder/spi-builder-workspace/.swiftpm/xcode
    builtin-SwiftPerFileCompile PageViewComponents.swift
SwiftCompile normal arm64 Compiling\ FractionallySizedBox.swift,\ GestureDetector.swift,\ GridView.swift,\ GridViewBuilder.swift,\ GridViewCount.swift,\ IgnorePointer.swift /Users/admin/builder/spi-builder-workspace/Sources/FlutterSwiftUI/FractionallySizedBox.swift /Users/admin/builder/spi-builder-workspace/Sources/FlutterSwiftUI/GestureDetector.swift /Users/admin/builder/spi-builder-workspace/Sources/FlutterSwiftUI/GridView.swift /Users/admin/builder/spi-builder-workspace/Sources/FlutterSwiftUI/GridViewBuilder.swift /Users/admin/builder/spi-builder-workspace/Sources/FlutterSwiftUI/GridViewCount.swift /Users/admin/builder/spi-builder-workspace/Sources/FlutterSwiftUI/IgnorePointer.swift (in target 'FlutterSwiftUI' from project 'FlutterSwiftUI')
SwiftCompile normal arm64 /Users/admin/builder/spi-builder-workspace/Sources/FlutterSwiftUI/FractionallySizedBox.swift (in target 'FlutterSwiftUI' from project 'FlutterSwiftUI')
    cd /Users/admin/builder/spi-builder-workspace/.swiftpm/xcode
    builtin-SwiftPerFileCompile FractionallySizedBox.swift
SwiftCompile normal arm64 /Users/admin/builder/spi-builder-workspace/Sources/FlutterSwiftUI/GestureDetector.swift (in target 'FlutterSwiftUI' from project 'FlutterSwiftUI')
    cd /Users/admin/builder/spi-builder-workspace/.swiftpm/xcode
    builtin-SwiftPerFileCompile GestureDetector.swift
SwiftCompile normal arm64 /Users/admin/builder/spi-builder-workspace/Sources/FlutterSwiftUI/GridView.swift (in target 'FlutterSwiftUI' from project 'FlutterSwiftUI')
    cd /Users/admin/builder/spi-builder-workspace/.swiftpm/xcode
    builtin-SwiftPerFileCompile GridView.swift
SwiftCompile normal arm64 /Users/admin/builder/spi-builder-workspace/Sources/FlutterSwiftUI/GridViewBuilder.swift (in target 'FlutterSwiftUI' from project 'FlutterSwiftUI')
    cd /Users/admin/builder/spi-builder-workspace/.swiftpm/xcode
    builtin-SwiftPerFileCompile GridViewBuilder.swift
SwiftCompile normal arm64 /Users/admin/builder/spi-builder-workspace/Sources/FlutterSwiftUI/GridViewCount.swift (in target 'FlutterSwiftUI' from project 'FlutterSwiftUI')
    cd /Users/admin/builder/spi-builder-workspace/.swiftpm/xcode
    builtin-SwiftPerFileCompile GridViewCount.swift
SwiftCompile normal arm64 /Users/admin/builder/spi-builder-workspace/Sources/FlutterSwiftUI/IgnorePointer.swift (in target 'FlutterSwiftUI' from project 'FlutterSwiftUI')
    cd /Users/admin/builder/spi-builder-workspace/.swiftpm/xcode
    builtin-SwiftPerFileCompile IgnorePointer.swift
SwiftCompile normal arm64 Compiling\ AnimatedRotation.swift,\ AnimatedScale.swift,\ AnimatedSlide.swift,\ AppBar.swift,\ AspectRatio.swift,\ CarouselSlider.swift,\ Center.swift /Users/admin/builder/spi-builder-workspace/Sources/FlutterSwiftUI/AnimatedRotation.swift /Users/admin/builder/spi-builder-workspace/Sources/FlutterSwiftUI/AnimatedScale.swift /Users/admin/builder/spi-builder-workspace/Sources/FlutterSwiftUI/AnimatedSlide.swift /Users/admin/builder/spi-builder-workspace/Sources/FlutterSwiftUI/AppBar.swift /Users/admin/builder/spi-builder-workspace/Sources/FlutterSwiftUI/AspectRatio.swift /Users/admin/builder/spi-builder-workspace/Sources/FlutterSwiftUI/CarouselSlider.swift /Users/admin/builder/spi-builder-workspace/Sources/FlutterSwiftUI/Center.swift (in target 'FlutterSwiftUI' from project 'FlutterSwiftUI')
SwiftCompile normal arm64 /Users/admin/builder/spi-builder-workspace/Sources/FlutterSwiftUI/AnimatedRotation.swift (in target 'FlutterSwiftUI' from project 'FlutterSwiftUI')
    cd /Users/admin/builder/spi-builder-workspace/.swiftpm/xcode
    builtin-SwiftPerFileCompile AnimatedRotation.swift
SwiftCompile normal arm64 /Users/admin/builder/spi-builder-workspace/Sources/FlutterSwiftUI/AnimatedScale.swift (in target 'FlutterSwiftUI' from project 'FlutterSwiftUI')
    cd /Users/admin/builder/spi-builder-workspace/.swiftpm/xcode
    builtin-SwiftPerFileCompile AnimatedScale.swift
SwiftCompile normal arm64 /Users/admin/builder/spi-builder-workspace/Sources/FlutterSwiftUI/AnimatedSlide.swift (in target 'FlutterSwiftUI' from project 'FlutterSwiftUI')
    cd /Users/admin/builder/spi-builder-workspace/.swiftpm/xcode
    builtin-SwiftPerFileCompile AnimatedSlide.swift
SwiftCompile normal arm64 /Users/admin/builder/spi-builder-workspace/Sources/FlutterSwiftUI/AppBar.swift (in target 'FlutterSwiftUI' from project 'FlutterSwiftUI')
    cd /Users/admin/builder/spi-builder-workspace/.swiftpm/xcode
    builtin-SwiftPerFileCompile AppBar.swift
SwiftCompile normal arm64 /Users/admin/builder/spi-builder-workspace/Sources/FlutterSwiftUI/AspectRatio.swift (in target 'FlutterSwiftUI' from project 'FlutterSwiftUI')
    cd /Users/admin/builder/spi-builder-workspace/.swiftpm/xcode
    builtin-SwiftPerFileCompile AspectRatio.swift
SwiftCompile normal arm64 /Users/admin/builder/spi-builder-workspace/Sources/FlutterSwiftUI/CarouselSlider.swift (in target 'FlutterSwiftUI' from project 'FlutterSwiftUI')
    cd /Users/admin/builder/spi-builder-workspace/.swiftpm/xcode
    builtin-SwiftPerFileCompile CarouselSlider.swift
SwiftCompile normal arm64 /Users/admin/builder/spi-builder-workspace/Sources/FlutterSwiftUI/Center.swift (in target 'FlutterSwiftUI' from project 'FlutterSwiftUI')
    cd /Users/admin/builder/spi-builder-workspace/.swiftpm/xcode
    builtin-SwiftPerFileCompile Center.swift
SwiftEmitModule normal arm64 Emitting\ module\ for\ FlutterSwiftUI (in target 'FlutterSwiftUI' from project 'FlutterSwiftUI')
/Users/admin/builder/spi-builder-workspace/Sources/FlutterSwiftUI/CustomTextField.swift:53:23: error: cannot find type 'UIKeyboardType' in scope
 51 |     let underlined: Bool
 52 |     /// Keyboard type
 53 |     let keyboardType: UIKeyboardType
    |                       `- error: cannot find type 'UIKeyboardType' in scope
 54 |
 55 |     // MARK: - State Management
/Users/admin/builder/spi-builder-workspace/Sources/FlutterSwiftUI/CustomTextField.swift:85:23: error: cannot find type 'UIKeyboardType' in scope
 83 |         outlined: Bool = false,
 84 |         underlined: Bool = false,
 85 |         keyboardType: UIKeyboardType = .default
    |                       `- error: cannot find type 'UIKeyboardType' in scope
 86 |     ) {
 87 |         self.controller = controller
/Users/admin/builder/spi-builder-workspace/Sources/FlutterSwiftUI/ImageWidget.swift:13:22: error: cannot find type 'UIImage' in scope
 11 |         case url(URL)
 12 |         case data(Data)
 13 |         case uiImage(UIImage)
    |                      `- error: cannot find type 'UIImage' in scope
 14 |     }
 15 |
/Users/admin/builder/spi-builder-workspace/Sources/FlutterSwiftUI/ImageWidget.swift:31:31: error: cannot find type 'UIImage' in scope
 29 |     // MARK: - State Management
 30 |
 31 |     @State private var image: UIImage? = nil
    |                               `- error: cannot find type 'UIImage' in scope
 32 |     @State private var isLoading = true
 33 |     @State private var hasError = false
macro expansion @State:2:24: error: cannot find type 'UIImage' in scope
`- /Users/admin/builder/spi-builder-workspace/Sources/FlutterSwiftUI/ImageWidget.swift:31:45: note: expanded code originates here
 29 |     // MARK: - State Management
 30 |
 31 |     @State private var image: UIImage? = nil
    |     `- note: in expansion of macro 'State' on property 'image' here
    +--- macro expansion @State ----------------------------------------
    | 1 | private var __image = SwiftUICore.State._makeStorage(({
    | 2 |             let value: UIImage? = nil
    |   |                        `- error: cannot find type 'UIImage' in scope
    | 3 |             return value
    | 4 |         }))
    +-------------------------------------------------------------------
 32 |     @State private var isLoading = true
 33 |     @State private var hasError = false
macro expansion @State:8:27: error: cannot find type 'UIImage' in scope
`- /Users/admin/builder/spi-builder-workspace/Sources/FlutterSwiftUI/ImageWidget.swift:31:45: note: expanded code originates here
 29 |     // MARK: - State Management
 30 |
 31 |     @State private var image: UIImage? = nil
    |     `- note: in expansion of macro 'State' on property 'image' here
    +--- macro expansion @State ----------------------------------------
    | 6 | @SwiftUICore._StatePropertyWrapperStorage(initialValue: "JHMxNEZsdXR0ZXJTd2lmdFVJMTFJbWFnZVdpZGdldFY1aW1hZ2UzM182NzAzN0EzRUVCREIxNTg4MEMzNDE4QUY2MjQ0MTc3RUxMNVN0YXRlZk1wXzIwX2luaXRpYWxTdG9yZWRWYWx1ZV9mTXVf")
    | 7 | private var _image: SwiftUICore.State<_>! = SwiftUICore._stateNil(of: {
    | 8 |         SwiftUICore.State<UIImage?>(initialValue: nil)
    |   |                           `- error: cannot find type 'UIImage' in scope
    | 9 |     })
    |10 |
    +-------------------------------------------------------------------
 32 |     @State private var isLoading = true
 33 |     @State private var hasError = false
macro expansion @State:7:39: error: could not infer type for placeholder
`- /Users/admin/builder/spi-builder-workspace/Sources/FlutterSwiftUI/ImageWidget.swift:31:45: note: expanded code originates here
 29 |     // MARK: - State Management
 30 |
 31 |     @State private var image: UIImage? = nil
    |     `- note: in expansion of macro 'State' on property 'image' here
    +--- macro expansion @State ----------------------------------------
    | 5 |
    | 6 | @SwiftUICore._StatePropertyWrapperStorage(initialValue: "JHMxNEZsdXR0ZXJTd2lmdFVJMTFJbWFnZVdpZGdldFY1aW1hZ2UzM182NzAzN0EzRUVCREIxNTg4MEMzNDE4QUY2MjQ0MTc3RUxMNVN0YXRlZk1wXzIwX2luaXRpYWxTdG9yZWRWYWx1ZV9mTXVf")
    | 7 | private var _image: SwiftUICore.State<_>! = SwiftUICore._stateNil(of: {
    |   |                                       `- error: could not infer type for placeholder
    | 8 |         SwiftUICore.State<UIImage?>(initialValue: nil)
    | 9 |     })
    +-------------------------------------------------------------------
 32 |     @State private var isLoading = true
 33 |     @State private var hasError = false
macro expansion @State:12:40: error: cannot find type 'UIImage' in scope
`- /Users/admin/builder/spi-builder-workspace/Sources/FlutterSwiftUI/ImageWidget.swift:31:45: note: expanded code originates here
 29 |     // MARK: - State Management
 30 |
 31 |     @State private var image: UIImage? = nil
    |     `- note: in expansion of macro 'State' on property 'image' here
    +--- macro expansion @State ----------------------------------------
    |10 |
    |11 | @SwiftUICore._StateProjectedValue
    |12 | private var $image = SwiftUICore.State<UIImage?>(initialValue: nil).projectedValue
    |   |                                        `- error: cannot find type 'UIImage' in scope
    |13 |
    |14 | @SwiftUICore._StateInitialStoredValue("U3dpZnRVSUNvcmUuU3RhdGUuX21ha2VTdG9yYWdlKCh7IGxldCB2YWx1ZTogVUlJbWFnZT8gPSBuaWwKcmV0dXJuIHZhbHVlIH0pKQ==")
    +-------------------------------------------------------------------
 32 |     @State private var isLoading = true
 33 |     @State private var hasError = false
macro expansion @State:16:20: error: cannot find type 'UIImage' in scope
`- /Users/admin/builder/spi-builder-workspace/Sources/FlutterSwiftUI/ImageWidget.swift:31:45: note: expanded code originates here
 29 |     // MARK: - State Management
 30 |
 31 |     @State private var image: UIImage? = nil
    |     `- note: in expansion of macro 'State' on property 'image' here
    +--- macro expansion @State ----------------------------------------
    |14 | @SwiftUICore._StateInitialStoredValue("U3dpZnRVSUNvcmUuU3RhdGUuX21ha2VTdG9yYWdlKCh7IGxldCB2YWx1ZTogVUlJbWFnZT8gPSBuaWwKcmV0dXJuIHZhbHVlIH0pKQ==")
    |15 | private static var $s14FlutterSwiftUI11ImageWidgetV5image33_67037A3EEBDB15880C3418AF6244177ELL5StatefMp_20_initialStoredValue_fMu_ = (SwiftUICore.State._makeStorage(initialValue: {
    |16 |             let x: UIImage? = nil
    |   |                    `- error: cannot find type 'UIImage' in scope
    |17 |             return x
    |18 |         }()))
    +-------------------------------------------------------------------
 32 |     @State private var isLoading = true
 33 |     @State private var hasError = false
/Users/admin/builder/spi-builder-workspace/Sources/FlutterSwiftUI/ImageWidget.swift:260:18: error: cannot find type 'UIImage' in scope
258 |     /// Initialize with UIImage
259 |     init(
260 |         uiImage: UIImage,
    |                  `- error: cannot find type 'UIImage' in scope
261 |         altText: String = "",
262 |         borderRadius: BorderRadius = BorderRadius(all: 8),
Failed frontend command:
/Applications/Xcode-27.0.0-Release.Candidate.app/Contents/Developer/Toolchains/XcodeDefault.xctoolchain/usr/bin/swift-frontend -frontend -emit-module -experimental-skip-non-inlinable-function-bodies-without-types /Users/admin/builder/spi-builder-workspace/Sources/FlutterSwiftUI/Align.swift /Users/admin/builder/spi-builder-workspace/Sources/FlutterSwiftUI/AnimatedContainer.swift /Users/admin/builder/spi-builder-workspace/Sources/FlutterSwiftUI/AnimatedFractionallySizedBox.swift /Users/admin/builder/spi-builder-workspace/Sources/FlutterSwiftUI/AnimatedOpacity.swift /Users/admin/builder/spi-builder-workspace/Sources/FlutterSwiftUI/AnimatedPadding.swift /Users/admin/builder/spi-builder-workspace/Sources/FlutterSwiftUI/AnimatedPositioned.swift /Users/admin/builder/spi-builder-workspace/Sources/FlutterSwiftUI/AnimatedPositionedDirectional.swift /Users/admin/builder/spi-builder-workspace/Sources/FlutterSwiftUI/AnimatedRotation.swift /Users/admin/builder/spi-builder-workspace/Sources/FlutterSwiftUI/AnimatedScale.swift /Users/admin/builder/spi-builder-workspace/Sources/FlutterSwiftUI/AnimatedSlide.swift /Users/admin/builder/spi-builder-workspace/Sources/FlutterSwiftUI/AppBar.swift /Users/admin/builder/spi-builder-workspace/Sources/FlutterSwiftUI/AspectRatio.swift /Users/admin/builder/spi-builder-workspace/Sources/FlutterSwiftUI/CarouselSlider.swift /Users/admin/builder/spi-builder-workspace/Sources/FlutterSwiftUI/Center.swift /Users/admin/builder/spi-builder-workspace/Sources/FlutterSwiftUI/CircleAvatar.swift /Users/admin/builder/spi-builder-workspace/Sources/FlutterSwiftUI/CircularProgressIndicator.swift /Users/admin/builder/spi-builder-workspace/Sources/FlutterSwiftUI/ClipRRect.swift /Users/admin/builder/spi-builder-workspace/Sources/FlutterSwiftUI/Column.swift /Users/admin/builder/spi-builder-workspace/Sources/FlutterSwiftUI/ConstrainedBox.swift /Users/admin/builder/spi-builder-workspace/Sources/FlutterSwiftUI/Container.swift /Users/admin/builder/spi-builder-workspace/Sources/FlutterSwiftUI/CustomScrollView.swift /Users/admin/builder/spi-builder-workspace/Sources/FlutterSwiftUI/CustomTextField.swift /Users/admin/builder/spi-builder-workspace/Sources/FlutterSwiftUI/Divider.swift /Users/admin/builder/spi-builder-workspace/Sources/FlutterSwiftUI/Expanded.swift /Users/admin/builder/spi-builder-workspace/Sources/FlutterSwiftUI/FittedBox.swift /Users/admin/builder/spi-builder-workspace/Sources/FlutterSwiftUI/FlutterSwiftUI.swift /Users/admin/builder/spi-builder-workspace/Sources/FlutterSwiftUI/FractionallySizedBox.swift /Users/admin/builder/spi-builder-workspace/Sources/FlutterSwiftUI/GestureDetector.swift /Users/admin/builder/spi-builder-workspace/Sources/FlutterSwiftUI/GridView.swift /Users/admin/builder/spi-builder-workspace/Sources/FlutterSwiftUI/GridViewBuilder.swift /Users/admin/builder/spi-builder-workspace/Sources/FlutterSwiftUI/GridViewCount.swift /Users/admin/builder/spi-builder-workspace/Sources/FlutterSwiftUI/IgnorePointer.swift /Users/admin/builder/spi-builder-workspace/Sources/FlutterSwiftUI/ImageWidget.swift /Users/admin/builder/spi-builder-workspace/Sources/FlutterSwiftUI/LayoutComponent.swift /Users/admin/builder/spi-builder-workspace/Sources/FlutterSwiftUI/LimitedBox.swift /Users/admin/builder/spi-builder-workspace/Sources/FlutterSwiftUI/ListView.swift /Users/admin/builder/spi-builder-workspace/Sources/FlutterSwiftUI/ListViewBuilder.swift /Users/admin/builder/spi-builder-workspace/Sources/FlutterSwiftUI/ListViewSeparated.swift /Users/admin/builder/spi-builder-workspace/Sources/FlutterSwiftUI/NestedScrollView.swift /Users/admin/builder/spi-builder-workspace/Sources/FlutterSwiftUI/Opacity.swift /Users/admin/builder/spi-builder-workspace/Sources/FlutterSwiftUI/Padding.swift /Users/admin/builder/spi-builder-workspace/Sources/FlutterSwiftUI/PageView.swift /Users/admin/builder/spi-builder-workspace/Sources/FlutterSwiftUI/PageViewBuilder.swift /Users/admin/builder/spi-builder-workspace/Sources/FlutterSwiftUI/PageViewComponents.swift /Users/admin/builder/spi-builder-workspace/Sources/FlutterSwiftUI/PageViewCustom.swift /Users/admin/builder/spi-builder-workspace/Sources/FlutterSwiftUI/Positioned.swift /Users/admin/builder/spi-builder-workspace/Sources/FlutterSwiftUI/PositionedFill.swift /Users/admin/builder/spi-builder-workspace/Sources/FlutterSwiftUI/Reoderable.swift /Users/admin/builder/spi-builder-workspace/Sources/FlutterSwiftUI/RichText.swift /Users/admin/builder/spi-builder-workspace/Sources/FlutterSwiftUI/RotatedBox.swift /Users/admin/builder/spi-builder-workspace/Sources/FlutterSwiftUI/Rotation.swift /Users/admin/builder/spi-builder-workspace/Sources/FlutterSwiftUI/Row.swift /Users/admin/builder/spi-builder-workspace/Sources/FlutterSwiftUI/Scaffold.swift /Users/admin/builder/spi-builder-workspace/Sources/FlutterSwiftUI/ScrollableComponents.swift /Users/admin/builder/spi-builder-workspace/Sources/FlutterSwiftUI/SingleChildScrollView.swift /Users/admin/builder/spi-builder-workspace/Sources/FlutterSwiftUI/SizedBox.swift /Users/admin/builder/spi-builder-workspace/Sources/FlutterSwiftUI/Stack.swift /Users/admin/builder/spi-builder-workspace/Sources/FlutterSwiftUI/TabBarView.swift /Users/admin/builder/spi-builder-workspace/Sources/FlutterSwiftUI/TextEditingController.swift /Users/admin/builder/spi-builder-workspace/Sources/FlutterSwiftUI/Transform.swift /Users/admin/builder/spi-builder-workspace/Sources/FlutterSwiftUI/TransformRotate.swift /Users/admin/builder/spi-builder-workspace/Sources/FlutterSwiftUI/TransformScale.swift -target arm64-apple-macos12.0 -disable-cross-import-overlay-search -load-resolved-plugin /Applications/Xcode-27.0.0-Release.Candidate.app/Contents/Developer/Platforms/MacOSX.platform/Developer/usr/lib/swift/host/plugins/libFoundationMacros.dylib\#/Applications/Xcode-27.0.0-Release.Candidate.app/Contents/Developer/Platforms/MacOSX.platform/Developer/usr/bin/swift-plugin-server\#FoundationMacros -load-resolved-plugin /Applications/Xcode-27.0.0-Release.Candidate.app/Contents/Developer/Platforms/MacOSX.platform/Developer/usr/lib/swift/host/plugins/libObservationMacros.dylib\#/Applications/Xcode-27.0.0-Release.Candidate.app/Contents/Developer/Platforms/MacOSX.platform/Developer/usr/bin/swift-plugin-server\#ObservationMacros -load-resolved-plugin /Applications/Xcode-27.0.0-Release.Candidate.app/Contents/Developer/Platforms/MacOSX.platform/Developer/usr/lib/swift/host/plugins/libPreviewsMacros.dylib\#/Applications/Xcode-27.0.0-Release.Candidate.app/Contents/Developer/Platforms/MacOSX.platform/Developer/usr/bin/swift-plugin-server\#PreviewsMacros -load-resolved-plugin /Applications/Xcode-27.0.0-Release.Candidate.app/Contents/Developer/Platforms/MacOSX.platform/Developer/usr/lib/swift/host/plugins/libSwiftMacros.dylib\#/Applications/Xcode-27.0.0-Release.Candidate.app/Contents/Developer/Platforms/MacOSX.platform/Developer/usr/bin/swift-plugin-server\#SwiftMacros -load-resolved-plugin /Applications/Xcode-27.0.0-Release.Candidate.app/Contents/Developer/Platforms/MacOSX.platform/Developer/usr/lib/swift/host/plugins/libSwiftUIMacros.dylib\#/Applications/Xcode-27.0.0-Release.Candidate.app/Contents/Developer/Platforms/MacOSX.platform/Developer/usr/bin/swift-plugin-server\#SwiftUIMacros -disable-implicit-swift-modules -Xcc -fno-implicit-modules -Xcc -fno-implicit-module-maps -explicit-swift-module-map-file /Users/admin/builder/spi-builder-workspace/.derivedData/Build/Intermediates.noindex/FlutterSwiftUI.build/Debug/FlutterSwiftUI-t.build/Objects-normal/arm64/FlutterSwiftUI-dependencies-1.json -Xllvm -aarch64-use-tbi -enable-objc-interop -stack-check -sdk /Applications/Xcode-27.0.0-Release.Candidate.app/Contents/Developer/Platforms/MacOSX.platform/Developer/SDKs/MacOSX27.0.sdk -I /Users/admin/builder/spi-builder-workspace/.derivedData/Build/Products/Debug -Isystem /Applications/Xcode-27.0.0-Release.Candidate.app/Contents/Developer/Platforms/MacOSX.platform/Developer/usr/lib -F /Users/admin/builder/spi-builder-workspace/.derivedData/Build/Products/Debug -F /Applications/Xcode-27.0.0-Release.Candidate.app/Contents/Developer/Platforms/MacOSX.platform/Developer/Library/Frameworks -module-cache-path /Users/admin/builder/spi-builder-workspace/.derivedData/Build/Intermediates.noindex/SwiftExplicitPrecompiledModules -no-color-diagnostics -Xcc -fno-color-diagnostics -enable-testing -g -debug-info-format\=dwarf -dwarf-version\=4 -profile-generate -profile-coverage-mapping -swift-version 5 -Onone -D SWIFT_PACKAGE -D DEBUG -D SWIFT_MODULE_RESOURCE_BUNDLE_UNAVAILABLE -D Xcode -serialize-debugging-options -enable-experimental-feature DebugDescriptionMacro -empty-abi-descriptor -validate-clang-modules-once -clang-build-session-file /Users/admin/builder/spi-builder-workspace/.derivedData/ModuleCache.noindex/Session.modulevalidation -Xcc -working-directory -Xcc /Users/admin/builder/spi-builder-workspace/.swiftpm/xcode -enable-anonymous-context-mangled-names -file-compilation-dir /Users/admin/builder/spi-builder-workspace/.swiftpm/xcode -Xcc -D_LIBCPP_HARDENING_MODE\=_LIBCPP_HARDENING_MODE_DEBUG -Xcc -ivfsstatcache -Xcc /Users/admin/builder/spi-builder-workspace/.derivedData/SDKStatCaches.noindex/macosx27.0-26A425-e829b21a6f8c9b70876ba0858053c0446a22442a12e9d48fe1a705f55a1adfc4.sdkstatcache -Xcc -fmodules-prune-interval\=86400 -Xcc -fmodules-prune-after\=345600 -Xcc -I/Users/admin/builder/spi-builder-workspace/.derivedData/Build/Products/Debug/include -Xcc -I/Users/admin/builder/spi-builder-workspace/.derivedData/Build/Intermediates.noindex/FlutterSwiftUI.build/Debug/FlutterSwiftUI-t.build/DerivedSources-normal/arm64 -Xcc -I/Users/admin/builder/spi-builder-workspace/.derivedData/Build/Intermediates.noindex/FlutterSwiftUI.build/Debug/FlutterSwiftUI-t.build/DerivedSources/arm64 -Xcc -I/Users/admin/builder/spi-builder-workspace/.derivedData/Build/Intermediates.noindex/FlutterSwiftUI.build/Debug/FlutterSwiftUI-t.build/DerivedSources -Xcc -DSWIFT_PACKAGE -Xcc -DDEBUG\=1 -no-auto-bridging-header-chaining -module-name FlutterSwiftUI -package-name spi_builder_workspace -const-gather-protocols-file /Users/admin/builder/spi-builder-workspace/.derivedData/Build/Intermediates.noindex/FlutterSwiftUI.build/Debug/FlutterSwiftUI-t.build/Objects-normal/arm64/FlutterSwiftUI_const_extract_protocols.json -disable-clang-spi -clang-target arm64-apple-macos27.0 -target-sdk-version 27.0 -target-sdk-name macosx27.0 -in-process-plugin-server-path /Applications/Xcode-27.0.0-Release.Candidate.app/Contents/Developer/Toolchains/XcodeDefault.xctoolchain/usr/lib/swift/host/libSwiftInProcPluginServer.dylib -emit-module-doc-path /Users/admin/builder/spi-builder-workspace/.derivedData/Build/Intermediates.noindex/FlutterSwiftUI.build/Debug/FlutterSwiftUI-t.build/Objects-normal/arm64/FlutterSwiftUI.swiftdoc -emit-module-source-info-path /Users/admin/builder/spi-builder-workspace/.derivedData/Build/Intermediates.noindex/FlutterSwiftUI.build/Debug/FlutterSwiftUI-t.build/Objects-normal/arm64/FlutterSwiftUI.swiftsourceinfo -emit-objc-header-path /Users/admin/builder/spi-builder-workspace/.derivedData/Build/Intermediates.noindex/FlutterSwiftUI.build/Debug/FlutterSwiftUI-t.build/Objects-normal/arm64/FlutterSwiftUI-Swift.h -serialize-diagnostics-path /Users/admin/builder/spi-builder-workspace/.derivedData/Build/Intermediates.noindex/FlutterSwiftUI.build/Debug/FlutterSwiftUI-t.build/Objects-normal/arm64/FlutterSwiftUI-primary-emit-module.dia -emit-dependencies-path /Users/admin/builder/spi-builder-workspace/.derivedData/Build/Intermediates.noindex/FlutterSwiftUI.build/Debug/FlutterSwiftUI-t.build/Objects-normal/arm64/FlutterSwiftUI-primary-emit-module.d -parse-as-library -o /Users/admin/builder/spi-builder-workspace/.derivedData/Build/Intermediates.noindex/FlutterSwiftUI.build/Debug/FlutterSwiftUI-t.build/Objects-normal/arm64/FlutterSwiftUI.swiftmodule -emit-abi-descriptor-path /Users/admin/builder/spi-builder-workspace/.derivedData/Build/Intermediates.noindex/FlutterSwiftUI.build/Debug/FlutterSwiftUI-t.build/Objects-normal/arm64/FlutterSwiftUI.abi.json
SwiftCompile normal arm64 (in target 'FlutterSwiftUI' from project 'FlutterSwiftUI')
    cd /Users/admin/builder/spi-builder-workspace/.swiftpm/xcode

SwiftCompile normal arm64 Compiling\ Stack.swift,\ TabBarView.swift,\ TextEditingController.swift,\ Transform.swift,\ TransformRotate.swift,\ TransformScale.swift /Users/admin/builder/spi-builder-workspace/Sources/FlutterSwiftUI/Stack.swift /Users/admin/builder/spi-builder-workspace/Sources/FlutterSwiftUI/TabBarView.swift /Users/admin/builder/spi-builder-workspace/Sources/FlutterSwiftUI/TextEditingController.swift /Users/admin/builder/spi-builder-workspace/Sources/FlutterSwiftUI/Transform.swift /Users/admin/builder/spi-builder-workspace/Sources/FlutterSwiftUI/TransformRotate.swift /Users/admin/builder/spi-builder-workspace/Sources/FlutterSwiftUI/TransformScale.swift (in target 'FlutterSwiftUI' from project 'FlutterSwiftUI')
SwiftCompile normal arm64 /Users/admin/builder/spi-builder-workspace/Sources/FlutterSwiftUI/Stack.swift (in target 'FlutterSwiftUI' from project 'FlutterSwiftUI')
    cd /Users/admin/builder/spi-builder-workspace/.swiftpm/xcode
    builtin-SwiftPerFileCompile Stack.swift
SwiftCompile normal arm64 /Users/admin/builder/spi-builder-workspace/Sources/FlutterSwiftUI/TabBarView.swift (in target 'FlutterSwiftUI' from project 'FlutterSwiftUI')
    cd /Users/admin/builder/spi-builder-workspace/.swiftpm/xcode
    builtin-SwiftPerFileCompile TabBarView.swift
SwiftCompile normal arm64 /Users/admin/builder/spi-builder-workspace/Sources/FlutterSwiftUI/TextEditingController.swift (in target 'FlutterSwiftUI' from project 'FlutterSwiftUI')
    cd /Users/admin/builder/spi-builder-workspace/.swiftpm/xcode
    builtin-SwiftPerFileCompile TextEditingController.swift
SwiftCompile normal arm64 /Users/admin/builder/spi-builder-workspace/Sources/FlutterSwiftUI/Transform.swift (in target 'FlutterSwiftUI' from project 'FlutterSwiftUI')
    cd /Users/admin/builder/spi-builder-workspace/.swiftpm/xcode
    builtin-SwiftPerFileCompile Transform.swift
SwiftCompile normal arm64 /Users/admin/builder/spi-builder-workspace/Sources/FlutterSwiftUI/TransformRotate.swift (in target 'FlutterSwiftUI' from project 'FlutterSwiftUI')
    cd /Users/admin/builder/spi-builder-workspace/.swiftpm/xcode
    builtin-SwiftPerFileCompile TransformRotate.swift
SwiftCompile normal arm64 /Users/admin/builder/spi-builder-workspace/Sources/FlutterSwiftUI/TransformScale.swift (in target 'FlutterSwiftUI' from project 'FlutterSwiftUI')
    cd /Users/admin/builder/spi-builder-workspace/.swiftpm/xcode
    builtin-SwiftPerFileCompile TransformScale.swift
PruneExplicitPrecompiledModules /Users/admin/builder/spi-builder-workspace/.derivedData/Build/Intermediates.noindex/ExplicitPrecompiledModules
PruneExplicitPrecompiledModules /Users/admin/builder/spi-builder-workspace/.derivedData/Build/Intermediates.noindex/SwiftExplicitPrecompiledModules
PruneExplicitPrecompiledModules /Users/admin/builder/spi-builder-workspace/.derivedData/SDKExplicitPrecompiledModules
2026-09-21 22:05:11.878 xcodebuild[754:4534] [MT] IDERunDestination: Supported platforms for the buildables in the current scheme is empty.
--- xcodebuild: WARNING: Using the first of multiple matching destinations:
{ platform:macOS, arch:arm64, id:4fdc9f3d40def413b04d4fcb7e9bc2bd6e686c63, name:My Mac }
{ platform:macOS, arch:arm64, variant:Mac Catalyst, id:4fdc9f3d40def413b04d4fcb7e9bc2bd6e686c63, name:My Mac }
{ platform:macOS, arch:arm64, variant:DriverKit, id:4fdc9f3d40def413b04d4fcb7e9bc2bd6e686c63, name:My Mac }
{ platform:macOS, arch:arm64, variant:Designed for [iPad,iPhone], id:4fdc9f3d40def413b04d4fcb7e9bc2bd6e686c63, name:My Mac }
** BUILD FAILED **
The following build commands failed:
	SwiftEmitModule normal arm64 Emitting\ module\ for\ FlutterSwiftUI (in target 'FlutterSwiftUI' from project 'FlutterSwiftUI')
	SwiftCompile normal arm64 (in target 'FlutterSwiftUI' from project 'FlutterSwiftUI')
	Building workspace FlutterSwiftUI with scheme FlutterSwiftUI
(3 failures)
BUILD FAILURE 6.4 macosXcodebuild