Build Information
Failed to build IconSelector, reference v1.0.0 (bb40ec), with Swift 6.4 for macOS (Xcode) using Xcode 27.0 on 17 Sep 2026 12:25:38 UTC.
Build Command
env DEVELOPER_DIR=/Applications/Xcode-27.0.0-Release.Candidate.app xcrun xcodebuild -IDEClonedSourcePackagesDirPathOverride=$PWD/.dependencies -skipMacroValidation -skipPackagePluginValidation -derivedDataPath $PWD/.derivedData build -scheme IconSelector -destination platform=macOS,arch=arm64Build Log
========================================
RunAll
========================================
Builder version: 5.1.0
Interrupt handler set up.
========================================
Checkout
========================================
Clone URL: https://github.com/jellybeansoup/ios-icon-selector.git
Reference: v1.0.0
Initialized empty Git repository in /Users/admin/builder/spi-builder-workspace/.git/
From https://github.com/jellybeansoup/ios-icon-selector
* tag v1.0.0 -> FETCH_HEAD
HEAD is now at bb40ec9 Remove the travis configuration
Cloned https://github.com/jellybeansoup/ios-icon-selector.git
Revision (git rev-parse @):
bb40ec934ccd7e3364f038311c31802975a187f0
SUCCESS checkout https://github.com/jellybeansoup/ios-icon-selector.git at v1.0.0
========================================
Build
========================================
Selected platform: macosXcodebuild
Swift version: 6.4
Building package at path: $PWD
https://github.com/jellybeansoup/ios-icon-selector.git
Command line invocation:
/Applications/Xcode-27.0.0-Release.Candidate.app/Contents/Developer/usr/bin/xcodebuild -IDEClonedSourcePackagesDirPathOverride=/Users/admin/builder/spi-builder-workspace/.dependencies -resolvePackageDependencies
resolved source packages:
{
"dependencies" : [
],
"manifest_display_name" : "IconSelector",
"name" : "IconSelector",
"path" : "/Users/admin/builder/spi-builder-workspace",
"platforms" : [
{
"name" : "ios",
"version" : "10.3"
}
],
"products" : [
{
"name" : "IconSelector",
"targets" : [
"IconSelector"
],
"type" : {
"library" : [
"automatic"
]
}
}
],
"targets" : [
{
"c99name" : "IconSelectorTests",
"module_type" : "SwiftTarget",
"name" : "IconSelectorTests",
"path" : "src/IconSelectorTests",
"sources" : [
"IconSelectorTests.swift"
],
"target_dependencies" : [
"IconSelector"
],
"type" : "test"
},
{
"c99name" : "IconSelector",
"module_type" : "SwiftTarget",
"name" : "IconSelector",
"path" : "src/IconSelector",
"product_memberships" : [
"IconSelector"
],
"sources" : [
"Icon.swift",
"IconSelector.swift",
"IconSelectorViewController.swift",
"IconView.swift",
"UIApplication.swift"
],
"type" : "library"
}
],
"tools_version" : "5.1"
}
{
"project" : {
"configurations" : [
"Debug",
"Release"
],
"name" : "IconSelector",
"schemes" : [
"IconSelector"
],
"targets" : [
"IconSelector",
"IconSelectorTests"
]
}
}
Running build ...
env DEVELOPER_DIR=/Applications/Xcode-27.0.0-Release.Candidate.app xcrun xcodebuild -IDEClonedSourcePackagesDirPathOverride=$PWD/.dependencies -skipMacroValidation -skipPackagePluginValidation -derivedDataPath $PWD/.derivedData build -scheme IconSelector -destination platform=macOS,arch=arm64
Command line invocation:
/Applications/Xcode-27.0.0-Release.Candidate.app/Contents/Developer/usr/bin/xcodebuild -IDEClonedSourcePackagesDirPathOverride=/Users/admin/builder/spi-builder-workspace/.dependencies -skipMacroValidation -skipPackagePluginValidation -derivedDataPath /Users/admin/builder/spi-builder-workspace/.derivedData build -scheme IconSelector -destination platform=macOS,arch=arm64
ComputePackagePrebuildTargetDependencyGraph
Prepare packages
CreateBuildRequest
SendProjectDescription
CreateBuildOperation
ComputeTargetDependencyGraph
note: Building targets in dependency order
note: Target dependency graph (1 target)
Target 'IconSelector' in project 'IconSelector' (no dependencies)
GatherProvisioningInputs
CreateBuildDescription
ExecuteExternalTool /Applications/Xcode-27.0.0-Release.Candidate.app/Contents/Developer/Toolchains/XcodeDefault.xctoolchain/usr/bin/clang -v -E -dM -isysroot /Applications/Xcode-27.0.0-Release.Candidate.app/Contents/Developer/Platforms/MacOSX.platform/Developer/SDKs/MacOSX27.0.sdk -x c -c /dev/null
ExecuteExternalTool /Applications/Xcode-27.0.0-Release.Candidate.app/Contents/Developer/Toolchains/XcodeDefault.xctoolchain/usr/bin/clang -v -E -dM -arch arm64 -isysroot /Applications/Xcode-27.0.0-Release.Candidate.app/Contents/Developer/Platforms/MacOSX.platform/Developer/SDKs/MacOSX27.0.sdk -x c -c /dev/null
ExecuteExternalTool /Applications/Xcode-27.0.0-Release.Candidate.app/Contents/Developer/Toolchains/XcodeDefault.xctoolchain/usr/bin/swiftc --version
ExecuteExternalTool /Applications/Xcode-27.0.0-Release.Candidate.app/Contents/Developer/Toolchains/XcodeDefault.xctoolchain/usr/bin/ld -version_details
Build description signature: 7b213050389ed17910e269185e6e9ca9
Build description path: /Users/admin/builder/spi-builder-workspace/.derivedData/Build/Intermediates.noindex/XCBuildData/7b213050389ed17910e269185e6e9ca9.xcbuilddata
/Users/admin/builder/spi-builder-workspace/IconSelector.xcodeproj: error: The macOS deployment target 'MACOSX_DEPLOYMENT_TARGET' is set to 10.15, but the range of supported deployment target versions is 12.0 to 27.0.x. (in target 'IconSelector' from project 'IconSelector')
--- xcodebuild: WARNING: Using the first of multiple matching destinations:
{ platform:macOS, arch:arm64, variant:Mac Catalyst, id:6b917694c5ee44e35aedbd31488a8e4b081cb141, name:My Mac }
{ platform:macOS, arch:arm64, variant:Designed for [iPad,iPhone], id:6b917694c5ee44e35aedbd31488a8e4b081cb141, name:My Mac }
** BUILD FAILED **
The following build commands failed:
Building project IconSelector with scheme IconSelector
(1 failure)
Command line invocation:
/Applications/Xcode-27.0.0-Release.Candidate.app/Contents/Developer/usr/bin/xcodebuild -IDEClonedSourcePackagesDirPathOverride=/Users/admin/builder/spi-builder-workspace/.dependencies -resolvePackageDependencies
resolved source packages:
{
"dependencies" : [
],
"manifest_display_name" : "IconSelector",
"name" : "IconSelector",
"path" : "/Users/admin/builder/spi-builder-workspace",
"platforms" : [
{
"name" : "ios",
"version" : "10.3"
}
],
"products" : [
{
"name" : "IconSelector",
"targets" : [
"IconSelector"
],
"type" : {
"library" : [
"automatic"
]
}
}
],
"targets" : [
{
"c99name" : "IconSelectorTests",
"module_type" : "SwiftTarget",
"name" : "IconSelectorTests",
"path" : "src/IconSelectorTests",
"sources" : [
"IconSelectorTests.swift"
],
"target_dependencies" : [
"IconSelector"
],
"type" : "test"
},
{
"c99name" : "IconSelector",
"module_type" : "SwiftTarget",
"name" : "IconSelector",
"path" : "src/IconSelector",
"product_memberships" : [
"IconSelector"
],
"sources" : [
"Icon.swift",
"IconSelector.swift",
"IconSelectorViewController.swift",
"IconView.swift",
"UIApplication.swift"
],
"type" : "library"
}
],
"tools_version" : "5.1"
}
{
"project" : {
"configurations" : [
"Debug",
"Release"
],
"name" : "IconSelector",
"schemes" : [
"IconSelector"
],
"targets" : [
"IconSelector",
"IconSelectorTests"
]
}
}
Running build ...
env DEVELOPER_DIR=/Applications/Xcode-27.0.0-Release.Candidate.app xcrun xcodebuild -IDEClonedSourcePackagesDirPathOverride=$PWD/.dependencies -skipMacroValidation -skipPackagePluginValidation -derivedDataPath $PWD/.derivedData build -scheme IconSelector -destination platform=macOS,arch=arm64
Command line invocation:
/Applications/Xcode-27.0.0-Release.Candidate.app/Contents/Developer/usr/bin/xcodebuild -IDEClonedSourcePackagesDirPathOverride=/Users/admin/builder/spi-builder-workspace/.dependencies -skipMacroValidation -skipPackagePluginValidation -derivedDataPath /Users/admin/builder/spi-builder-workspace/.derivedData build -scheme IconSelector -destination platform=macOS,arch=arm64
ComputePackagePrebuildTargetDependencyGraph
Prepare packages
CreateBuildRequest
SendProjectDescription
CreateBuildOperation
ComputeTargetDependencyGraph
note: Building targets in dependency order
note: Target dependency graph (1 target)
Target 'IconSelector' in project 'IconSelector' (no dependencies)
GatherProvisioningInputs
CreateBuildDescription
/Users/admin/builder/spi-builder-workspace/IconSelector.xcodeproj: error: The macOS deployment target 'MACOSX_DEPLOYMENT_TARGET' is set to 10.15, but the range of supported deployment target versions is 12.0 to 27.0.x. (in target 'IconSelector' from project 'IconSelector')
--- xcodebuild: WARNING: Using the first of multiple matching destinations:
{ platform:macOS, arch:arm64, variant:Mac Catalyst, id:6b917694c5ee44e35aedbd31488a8e4b081cb141, name:My Mac }
{ platform:macOS, arch:arm64, variant:Designed for [iPad,iPhone], id:6b917694c5ee44e35aedbd31488a8e4b081cb141, name:My Mac }
** BUILD FAILED **
The following build commands failed:
Building project IconSelector with scheme IconSelector
(1 failure)
BUILD FAILURE 6.4 macosXcodebuild