The Swift Package Index logo.Swift Package Index

Build Information

Failed to build AdaptiveCardUI, reference main (4ac1a3), with Swift 6.4 for visionOS using Xcode 27.0 on 17 Sep 2026 12:46:26 UTC.

Build Command

env DEVELOPER_DIR=/Applications/Xcode-27.0.0-Release.Candidate.app xcrun xcodebuild -IDEClonedSourcePackagesDirPathOverride=$PWD/.dependencies -skipMacroValidation -skipPackagePluginValidation -derivedDataPath $PWD/.derivedData build -scheme AdaptiveCardUI-Package -destination generic/platform=xrOS

Build Log

ExtractAppIntentsMetadata (in target 'DefaultCodable' from project 'DefaultCodable')
    cd /Users/admin/builder/spi-builder-workspace/.dependencies/checkouts/DefaultCodable
    /Applications/Xcode-27.0.0-Release.Candidate.app/Contents/Developer/Toolchains/XcodeDefault.xctoolchain/usr/bin/appintentsmetadataprocessor --toolchain-dir /var/run/com.apple.security.cryptexd/mnt/com.apple.MobileAsset.MetalToolchain-v27.1.266.1.Pf1il8/Metal.xctoolchain --module-name DefaultCodable --sdk-root /Applications/Xcode-27.0.0-Release.Candidate.app/Contents/Developer/Platforms/XROS.platform/Developer/SDKs/XROS27.0.sdk --xcode-version 27A266a --platform-family xrOS --deployment-target 1.0 --bundle-identifier defaultcodable.DefaultCodable --output /Users/admin/builder/spi-builder-workspace/.derivedData/Build/Products/Debug-xros/DefaultCodable.appintents --target-triple arm64-apple-xros1.0 --binary-file /Users/admin/builder/spi-builder-workspace/.derivedData/Build/Products/Debug-xros/DefaultCodable.o --dependency-file /Users/admin/builder/spi-builder-workspace/.derivedData/Build/Intermediates.noindex/DefaultCodable.build/Debug-xros/DefaultCodable-t.build/Objects-normal/arm64/DefaultCodable_dependency_info.dat --stringsdata-file /Users/admin/builder/spi-builder-workspace/.derivedData/Build/Intermediates.noindex/DefaultCodable.build/Debug-xros/DefaultCodable-t.build/Objects-normal/arm64/ExtractedAppShortcutsMetadata.stringsdata --source-file-list /Users/admin/builder/spi-builder-workspace/.derivedData/Build/Intermediates.noindex/DefaultCodable.build/Debug-xros/DefaultCodable-t.build/Objects-normal/arm64/DefaultCodable.SwiftFileList --metadata-file-list /Users/admin/builder/spi-builder-workspace/.derivedData/Build/Intermediates.noindex/DefaultCodable.build/Debug-xros/DefaultCodable-t.build/DefaultCodable.DependencyMetadataFileList --static-metadata-file-list /Users/admin/builder/spi-builder-workspace/.derivedData/Build/Intermediates.noindex/DefaultCodable.build/Debug-xros/DefaultCodable-t.build/DefaultCodable.DependencyStaticMetadataFileList --swift-const-vals-list /Users/admin/builder/spi-builder-workspace/.derivedData/Build/Intermediates.noindex/DefaultCodable.build/Debug-xros/DefaultCodable-t.build/Objects-normal/arm64/DefaultCodable.SwiftConstValuesFileList --force --compile-time-extraction --deployment-aware-processing --no-app-shortcuts-localization
2026-09-17 08:46:16.125 appintentsmetadataprocessor[1323:7256] Starting appintentsmetadataprocessor export
2026-09-17 08:46:16.246 appintentsmetadataprocessor[1323:7256] Extracted no relevant App Intents symbols, skipping writing output
SwiftDriverJobDiscovery normal arm64 Compiling Task.swift (in target 'ConcurrencyExtras' from project 'swift-concurrency-extras')
SwiftDriver\ Compilation ConcurrencyExtras normal arm64 com.apple.xcode.tools.swift.compiler (in target 'ConcurrencyExtras' from project 'swift-concurrency-extras')
    cd /Users/admin/builder/spi-builder-workspace/.swiftpm/xcode
    builtin-Swift-Compilation -- /Applications/Xcode-27.0.0-Release.Candidate.app/Contents/Developer/Toolchains/XcodeDefault.xctoolchain/usr/bin/swiftc -parse-as-library -module-name ConcurrencyExtras -Onone @/Users/admin/builder/spi-builder-workspace/.derivedData/Build/Intermediates.noindex/swift-concurrency-extras.build/Debug-xros/ConcurrencyExtras-t.build/Objects-normal/arm64/ConcurrencyExtras.SwiftFileList -DSWIFT_PACKAGE -DDEBUG -DSWIFT_MODULE_RESOURCE_BUNDLE_UNAVAILABLE -DXcode -plugin-path /Applications/Xcode-27.0.0-Release.Candidate.app/Contents/Developer/Toolchains/XcodeDefault.xctoolchain/usr/lib/swift/host/plugins/testing -enable-experimental-feature DebugDescriptionMacro -sdk /Applications/Xcode-27.0.0-Release.Candidate.app/Contents/Developer/Platforms/XROS.platform/Developer/SDKs/XROS27.0.sdk -target arm64-apple-xros1.0 -g -module-cache-path /Users/admin/builder/spi-builder-workspace/.derivedData/ModuleCache.noindex -Xfrontend -serialize-debugging-options -enable-testing -suppress-warnings -index-store-path /Users/admin/builder/spi-builder-workspace/.derivedData/Index.noindex/DataStore -Xcc -D_LIBCPP_HARDENING_MODE\=_LIBCPP_HARDENING_MODE_DEBUG -swift-version 5 -I /Users/admin/builder/spi-builder-workspace/.derivedData/Build/Products/Debug-xros -Isystem /Applications/Xcode-27.0.0-Release.Candidate.app/Contents/Developer/Platforms/XROS.platform/Developer/usr/lib -F /Users/admin/builder/spi-builder-workspace/.derivedData/Build/Products/Debug-xros -F /Applications/Xcode-27.0.0-Release.Candidate.app/Contents/Developer/Platforms/XROS.platform/Developer/Library/Frameworks -F /Applications/Xcode-27.0.0-Release.Candidate.app/Contents/Developer/Platforms/XROS.platform/Developer/SDKs/XROS27.0.sdk/Developer/Library/Frameworks -c -j10 -enable-batch-mode -incremental -Xcc -ivfsstatcache -Xcc /Users/admin/builder/spi-builder-workspace/.derivedData/SDKStatCaches.noindex/xros27.0-24M361-e829b21a6f8c9b70876ba0858053c044735bd543db762f57723cac368afd1ce4.sdkstatcache -output-file-map /Users/admin/builder/spi-builder-workspace/.derivedData/Build/Intermediates.noindex/swift-concurrency-extras.build/Debug-xros/ConcurrencyExtras-t.build/Objects-normal/arm64/ConcurrencyExtras-OutputFileMap.json -save-temps -no-color-diagnostics -explicit-module-build -module-cache-path /Users/admin/builder/spi-builder-workspace/.derivedData/Build/Intermediates.noindex/SwiftExplicitPrecompiledModules -clang-scanner-module-cache-path /Users/admin/builder/spi-builder-workspace/.derivedData/ModuleCache.noindex -sdk-module-cache-path /Users/admin/builder/spi-builder-workspace/.derivedData/SDKExplicitPrecompiledModules -emit-dependencies -emit-module -emit-module-path /Users/admin/builder/spi-builder-workspace/.derivedData/Build/Intermediates.noindex/swift-concurrency-extras.build/Debug-xros/ConcurrencyExtras-t.build/Objects-normal/arm64/ConcurrencyExtras.swiftmodule -serialize-diagnostics -dependency-scan-serialize-diagnostics-path /Users/admin/builder/spi-builder-workspace/.derivedData/Build/Intermediates.noindex/swift-concurrency-extras.build/Debug-xros/ConcurrencyExtras-t.build/Objects-normal/arm64/ConcurrencyExtras-dependency-scan.dia -validate-clang-modules-once -clang-build-session-file /Users/admin/builder/spi-builder-workspace/.derivedData/ModuleCache.noindex/Session.modulevalidation -Xcc -fmodules-prune-interval\=86400 -Xcc -fmodules-prune-after\=345600 -emit-const-values -const-gather-protocols-list /Users/admin/builder/spi-builder-workspace/.derivedData/Build/Intermediates.noindex/swift-concurrency-extras.build/Debug-xros/ConcurrencyExtras-t.build/Objects-normal/arm64/ConcurrencyExtras_const_extract_protocols.json -Xcc -I/Users/admin/builder/spi-builder-workspace/.derivedData/Build/Products/Debug-xros/include -Xcc -I/Users/admin/builder/spi-builder-workspace/.derivedData/Build/Intermediates.noindex/swift-concurrency-extras.build/Debug-xros/ConcurrencyExtras-t.build/DerivedSources-normal/arm64 -Xcc -I/Users/admin/builder/spi-builder-workspace/.derivedData/Build/Intermediates.noindex/swift-concurrency-extras.build/Debug-xros/ConcurrencyExtras-t.build/DerivedSources/arm64 -Xcc -I/Users/admin/builder/spi-builder-workspace/.derivedData/Build/Intermediates.noindex/swift-concurrency-extras.build/Debug-xros/ConcurrencyExtras-t.build/DerivedSources -Xcc -DSWIFT_PACKAGE -Xcc -DDEBUG\=1 -emit-objc-header -emit-objc-header-path /Users/admin/builder/spi-builder-workspace/.derivedData/Build/Intermediates.noindex/swift-concurrency-extras.build/Debug-xros/ConcurrencyExtras-t.build/Objects-normal/arm64/ConcurrencyExtras-Swift.h -working-directory /Users/admin/builder/spi-builder-workspace/.swiftpm/xcode -experimental-emit-module-separately -disable-cmo
SwiftDriverJobDiscovery normal arm64 Compiling AnyValue.swift (in target 'AnyValue' from project 'AnyValue')
SwiftDriver\ Compilation AnyValue normal arm64 com.apple.xcode.tools.swift.compiler (in target 'AnyValue' from project 'AnyValue')
    cd /Users/admin/builder/spi-builder-workspace/.swiftpm/xcode
    builtin-Swift-Compilation -- /Applications/Xcode-27.0.0-Release.Candidate.app/Contents/Developer/Toolchains/XcodeDefault.xctoolchain/usr/bin/swiftc -parse-as-library -module-name AnyValue -Onone @/Users/admin/builder/spi-builder-workspace/.derivedData/Build/Intermediates.noindex/AnyValue.build/Debug-xros/AnyValue-t.build/Objects-normal/arm64/AnyValue.SwiftFileList -DSWIFT_PACKAGE -DDEBUG -DSWIFT_MODULE_RESOURCE_BUNDLE_UNAVAILABLE -DXcode -plugin-path /Applications/Xcode-27.0.0-Release.Candidate.app/Contents/Developer/Toolchains/XcodeDefault.xctoolchain/usr/lib/swift/host/plugins/testing -enable-experimental-feature DebugDescriptionMacro -sdk /Applications/Xcode-27.0.0-Release.Candidate.app/Contents/Developer/Platforms/XROS.platform/Developer/SDKs/XROS27.0.sdk -target arm64-apple-xros1.0 -g -module-cache-path /Users/admin/builder/spi-builder-workspace/.derivedData/ModuleCache.noindex -Xfrontend -serialize-debugging-options -enable-testing -suppress-warnings -index-store-path /Users/admin/builder/spi-builder-workspace/.derivedData/Index.noindex/DataStore -Xcc -D_LIBCPP_HARDENING_MODE\=_LIBCPP_HARDENING_MODE_DEBUG -swift-version 5 -I /Users/admin/builder/spi-builder-workspace/.derivedData/Build/Products/Debug-xros -Isystem /Applications/Xcode-27.0.0-Release.Candidate.app/Contents/Developer/Platforms/XROS.platform/Developer/usr/lib -F /Users/admin/builder/spi-builder-workspace/.derivedData/Build/Products/Debug-xros -F /Applications/Xcode-27.0.0-Release.Candidate.app/Contents/Developer/Platforms/XROS.platform/Developer/Library/Frameworks -F /Applications/Xcode-27.0.0-Release.Candidate.app/Contents/Developer/Platforms/XROS.platform/Developer/SDKs/XROS27.0.sdk/Developer/Library/Frameworks -c -j10 -enable-batch-mode -incremental -Xcc -ivfsstatcache -Xcc /Users/admin/builder/spi-builder-workspace/.derivedData/SDKStatCaches.noindex/xros27.0-24M361-e829b21a6f8c9b70876ba0858053c044735bd543db762f57723cac368afd1ce4.sdkstatcache -output-file-map /Users/admin/builder/spi-builder-workspace/.derivedData/Build/Intermediates.noindex/AnyValue.build/Debug-xros/AnyValue-t.build/Objects-normal/arm64/AnyValue-OutputFileMap.json -save-temps -no-color-diagnostics -explicit-module-build -module-cache-path /Users/admin/builder/spi-builder-workspace/.derivedData/Build/Intermediates.noindex/SwiftExplicitPrecompiledModules -clang-scanner-module-cache-path /Users/admin/builder/spi-builder-workspace/.derivedData/ModuleCache.noindex -sdk-module-cache-path /Users/admin/builder/spi-builder-workspace/.derivedData/SDKExplicitPrecompiledModules -emit-dependencies -emit-module -emit-module-path /Users/admin/builder/spi-builder-workspace/.derivedData/Build/Intermediates.noindex/AnyValue.build/Debug-xros/AnyValue-t.build/Objects-normal/arm64/AnyValue.swiftmodule -serialize-diagnostics -dependency-scan-serialize-diagnostics-path /Users/admin/builder/spi-builder-workspace/.derivedData/Build/Intermediates.noindex/AnyValue.build/Debug-xros/AnyValue-t.build/Objects-normal/arm64/AnyValue-dependency-scan.dia -validate-clang-modules-once -clang-build-session-file /Users/admin/builder/spi-builder-workspace/.derivedData/ModuleCache.noindex/Session.modulevalidation -Xcc -fmodules-prune-interval\=86400 -Xcc -fmodules-prune-after\=345600 -emit-const-values -const-gather-protocols-list /Users/admin/builder/spi-builder-workspace/.derivedData/Build/Intermediates.noindex/AnyValue.build/Debug-xros/AnyValue-t.build/Objects-normal/arm64/AnyValue_const_extract_protocols.json -Xcc -I/Users/admin/builder/spi-builder-workspace/.derivedData/Build/Products/Debug-xros/include -Xcc -I/Users/admin/builder/spi-builder-workspace/.derivedData/Build/Intermediates.noindex/AnyValue.build/Debug-xros/AnyValue-t.build/DerivedSources-normal/arm64 -Xcc -I/Users/admin/builder/spi-builder-workspace/.derivedData/Build/Intermediates.noindex/AnyValue.build/Debug-xros/AnyValue-t.build/DerivedSources/arm64 -Xcc -I/Users/admin/builder/spi-builder-workspace/.derivedData/Build/Intermediates.noindex/AnyValue.build/Debug-xros/AnyValue-t.build/DerivedSources -Xcc -DSWIFT_PACKAGE -Xcc -DDEBUG\=1 -emit-objc-header -emit-objc-header-path /Users/admin/builder/spi-builder-workspace/.derivedData/Build/Intermediates.noindex/AnyValue.build/Debug-xros/AnyValue-t.build/Objects-normal/arm64/AnyValue-Swift.h -working-directory /Users/admin/builder/spi-builder-workspace/.swiftpm/xcode -experimental-emit-module-separately -disable-cmo
Ld /Users/admin/builder/spi-builder-workspace/.derivedData/Build/Products/Debug-xros/ConcurrencyExtras.o normal (in target 'ConcurrencyExtras' from project 'swift-concurrency-extras')
    cd /Users/admin/builder/spi-builder-workspace/.dependencies/checkouts/swift-concurrency-extras
    /Applications/Xcode-27.0.0-Release.Candidate.app/Contents/Developer/Toolchains/XcodeDefault.xctoolchain/usr/bin/clang -Xlinker -reproducible -target arm64-apple-xros1.0 -r -isysroot /Applications/Xcode-27.0.0-Release.Candidate.app/Contents/Developer/Platforms/XROS.platform/Developer/SDKs/XROS27.0.sdk -O0 -w -Xlinker -no_warn_duplicate_libraries -F/Users/admin/builder/spi-builder-workspace/.derivedData/Build/Intermediates.noindex/EagerLinkingTBDs/Debug-xros -F/Users/admin/builder/spi-builder-workspace/.derivedData/Build/Products/Debug-xros -iframework /Applications/Xcode-27.0.0-Release.Candidate.app/Contents/Developer/Platforms/XROS.platform/Developer/Library/Frameworks -iframework /Applications/Xcode-27.0.0-Release.Candidate.app/Contents/Developer/Platforms/XROS.platform/Developer/SDKs/XROS27.0.sdk/Developer/Library/Frameworks -filelist /Users/admin/builder/spi-builder-workspace/.derivedData/Build/Intermediates.noindex/swift-concurrency-extras.build/Debug-xros/ConcurrencyExtras-t.build/Objects-normal/arm64/ConcurrencyExtras.LinkFileList -nostdlib -Xlinker -object_path_lto -Xlinker /Users/admin/builder/spi-builder-workspace/.derivedData/Build/Intermediates.noindex/swift-concurrency-extras.build/Debug-xros/ConcurrencyExtras-t.build/Objects-normal/arm64/ConcurrencyExtras_lto.o -Xlinker -no_deduplicate -Xlinker -dependency_info -Xlinker /Users/admin/builder/spi-builder-workspace/.derivedData/Build/Intermediates.noindex/swift-concurrency-extras.build/Debug-xros/ConcurrencyExtras-t.build/Objects-normal/arm64/ConcurrencyExtras_dependency_info.dat -fobjc-link-runtime -L/Applications/Xcode-27.0.0-Release.Candidate.app/Contents/Developer/Toolchains/XcodeDefault.xctoolchain/usr/lib/swift/xros -L/usr/lib/swift -Xlinker -add_ast_path -Xlinker /Users/admin/builder/spi-builder-workspace/.derivedData/Build/Intermediates.noindex/swift-concurrency-extras.build/Debug-xros/ConcurrencyExtras-t.build/Objects-normal/arm64/ConcurrencyExtras.swiftmodule -o /Users/admin/builder/spi-builder-workspace/.derivedData/Build/Products/Debug-xros/ConcurrencyExtras.o
Ld /Users/admin/builder/spi-builder-workspace/.derivedData/Build/Products/Debug-xros/AnyValue.o normal (in target 'AnyValue' from project 'AnyValue')
    cd /Users/admin/builder/spi-builder-workspace/.dependencies/checkouts/AnyValue
    /Applications/Xcode-27.0.0-Release.Candidate.app/Contents/Developer/Toolchains/XcodeDefault.xctoolchain/usr/bin/clang -Xlinker -reproducible -target arm64-apple-xros1.0 -r -isysroot /Applications/Xcode-27.0.0-Release.Candidate.app/Contents/Developer/Platforms/XROS.platform/Developer/SDKs/XROS27.0.sdk -O0 -w -Xlinker -no_warn_duplicate_libraries -F/Users/admin/builder/spi-builder-workspace/.derivedData/Build/Intermediates.noindex/EagerLinkingTBDs/Debug-xros -F/Users/admin/builder/spi-builder-workspace/.derivedData/Build/Products/Debug-xros -iframework /Applications/Xcode-27.0.0-Release.Candidate.app/Contents/Developer/Platforms/XROS.platform/Developer/Library/Frameworks -iframework /Applications/Xcode-27.0.0-Release.Candidate.app/Contents/Developer/Platforms/XROS.platform/Developer/SDKs/XROS27.0.sdk/Developer/Library/Frameworks -filelist /Users/admin/builder/spi-builder-workspace/.derivedData/Build/Intermediates.noindex/AnyValue.build/Debug-xros/AnyValue-t.build/Objects-normal/arm64/AnyValue.LinkFileList -nostdlib -Xlinker -object_path_lto -Xlinker /Users/admin/builder/spi-builder-workspace/.derivedData/Build/Intermediates.noindex/AnyValue.build/Debug-xros/AnyValue-t.build/Objects-normal/arm64/AnyValue_lto.o -Xlinker -no_deduplicate -Xlinker -dependency_info -Xlinker /Users/admin/builder/spi-builder-workspace/.derivedData/Build/Intermediates.noindex/AnyValue.build/Debug-xros/AnyValue-t.build/Objects-normal/arm64/AnyValue_dependency_info.dat -fobjc-link-runtime -L/Applications/Xcode-27.0.0-Release.Candidate.app/Contents/Developer/Toolchains/XcodeDefault.xctoolchain/usr/lib/swift/xros -L/usr/lib/swift -Xlinker -add_ast_path -Xlinker /Users/admin/builder/spi-builder-workspace/.derivedData/Build/Intermediates.noindex/AnyValue.build/Debug-xros/AnyValue-t.build/Objects-normal/arm64/AnyValue.swiftmodule -o /Users/admin/builder/spi-builder-workspace/.derivedData/Build/Products/Debug-xros/AnyValue.o
ExtractAppIntentsMetadata (in target 'ConcurrencyExtras' from project 'swift-concurrency-extras')
    cd /Users/admin/builder/spi-builder-workspace/.dependencies/checkouts/swift-concurrency-extras
    /Applications/Xcode-27.0.0-Release.Candidate.app/Contents/Developer/Toolchains/XcodeDefault.xctoolchain/usr/bin/appintentsmetadataprocessor --toolchain-dir /var/run/com.apple.security.cryptexd/mnt/com.apple.MobileAsset.MetalToolchain-v27.1.266.1.Pf1il8/Metal.xctoolchain --module-name ConcurrencyExtras --sdk-root /Applications/Xcode-27.0.0-Release.Candidate.app/Contents/Developer/Platforms/XROS.platform/Developer/SDKs/XROS27.0.sdk --xcode-version 27A266a --platform-family xrOS --deployment-target 1.0 --bundle-identifier swift-concurrency-extras.ConcurrencyExtras --output /Users/admin/builder/spi-builder-workspace/.derivedData/Build/Products/Debug-xros/ConcurrencyExtras.appintents --target-triple arm64-apple-xros1.0 --binary-file /Users/admin/builder/spi-builder-workspace/.derivedData/Build/Products/Debug-xros/ConcurrencyExtras.o --dependency-file /Users/admin/builder/spi-builder-workspace/.derivedData/Build/Intermediates.noindex/swift-concurrency-extras.build/Debug-xros/ConcurrencyExtras-t.build/Objects-normal/arm64/ConcurrencyExtras_dependency_info.dat --stringsdata-file /Users/admin/builder/spi-builder-workspace/.derivedData/Build/Intermediates.noindex/swift-concurrency-extras.build/Debug-xros/ConcurrencyExtras-t.build/Objects-normal/arm64/ExtractedAppShortcutsMetadata.stringsdata --source-file-list /Users/admin/builder/spi-builder-workspace/.derivedData/Build/Intermediates.noindex/swift-concurrency-extras.build/Debug-xros/ConcurrencyExtras-t.build/Objects-normal/arm64/ConcurrencyExtras.SwiftFileList --metadata-file-list /Users/admin/builder/spi-builder-workspace/.derivedData/Build/Intermediates.noindex/swift-concurrency-extras.build/Debug-xros/ConcurrencyExtras-t.build/ConcurrencyExtras.DependencyMetadataFileList --static-metadata-file-list /Users/admin/builder/spi-builder-workspace/.derivedData/Build/Intermediates.noindex/swift-concurrency-extras.build/Debug-xros/ConcurrencyExtras-t.build/ConcurrencyExtras.DependencyStaticMetadataFileList --swift-const-vals-list /Users/admin/builder/spi-builder-workspace/.derivedData/Build/Intermediates.noindex/swift-concurrency-extras.build/Debug-xros/ConcurrencyExtras-t.build/Objects-normal/arm64/ConcurrencyExtras.SwiftConstValuesFileList --force --compile-time-extraction --deployment-aware-processing --no-app-shortcuts-localization
2026-09-17 08:46:16.170 appintentsmetadataprocessor[1334:7299] Starting appintentsmetadataprocessor export
2026-09-17 08:46:16.276 appintentsmetadataprocessor[1334:7299] Extracted no relevant App Intents symbols, skipping writing output
ExtractAppIntentsMetadata (in target 'AnyValue' from project 'AnyValue')
    cd /Users/admin/builder/spi-builder-workspace/.dependencies/checkouts/AnyValue
    /Applications/Xcode-27.0.0-Release.Candidate.app/Contents/Developer/Toolchains/XcodeDefault.xctoolchain/usr/bin/appintentsmetadataprocessor --toolchain-dir /var/run/com.apple.security.cryptexd/mnt/com.apple.MobileAsset.MetalToolchain-v27.1.266.1.Pf1il8/Metal.xctoolchain --module-name AnyValue --sdk-root /Applications/Xcode-27.0.0-Release.Candidate.app/Contents/Developer/Platforms/XROS.platform/Developer/SDKs/XROS27.0.sdk --xcode-version 27A266a --platform-family xrOS --deployment-target 1.0 --bundle-identifier anyvalue.AnyValue --output /Users/admin/builder/spi-builder-workspace/.derivedData/Build/Products/Debug-xros/AnyValue.appintents --target-triple arm64-apple-xros1.0 --binary-file /Users/admin/builder/spi-builder-workspace/.derivedData/Build/Products/Debug-xros/AnyValue.o --dependency-file /Users/admin/builder/spi-builder-workspace/.derivedData/Build/Intermediates.noindex/AnyValue.build/Debug-xros/AnyValue-t.build/Objects-normal/arm64/AnyValue_dependency_info.dat --stringsdata-file /Users/admin/builder/spi-builder-workspace/.derivedData/Build/Intermediates.noindex/AnyValue.build/Debug-xros/AnyValue-t.build/Objects-normal/arm64/ExtractedAppShortcutsMetadata.stringsdata --source-file-list /Users/admin/builder/spi-builder-workspace/.derivedData/Build/Intermediates.noindex/AnyValue.build/Debug-xros/AnyValue-t.build/Objects-normal/arm64/AnyValue.SwiftFileList --metadata-file-list /Users/admin/builder/spi-builder-workspace/.derivedData/Build/Intermediates.noindex/AnyValue.build/Debug-xros/AnyValue-t.build/AnyValue.DependencyMetadataFileList --static-metadata-file-list /Users/admin/builder/spi-builder-workspace/.derivedData/Build/Intermediates.noindex/AnyValue.build/Debug-xros/AnyValue-t.build/AnyValue.DependencyStaticMetadataFileList --swift-const-vals-list /Users/admin/builder/spi-builder-workspace/.derivedData/Build/Intermediates.noindex/AnyValue.build/Debug-xros/AnyValue-t.build/Objects-normal/arm64/AnyValue.SwiftConstValuesFileList --force --compile-time-extraction --deployment-aware-processing --no-app-shortcuts-localization
2026-09-17 08:46:16.174 appintentsmetadataprocessor[1335:7304] Starting appintentsmetadataprocessor export
2026-09-17 08:46:16.276 appintentsmetadataprocessor[1335:7304] Extracted no relevant App Intents symbols, skipping writing output
SwiftExplicitDependencyCompileModuleFromInterface arm64 /Users/admin/builder/spi-builder-workspace/.derivedData/Build/Intermediates.noindex/SwiftExplicitPrecompiledModules/XCTest-3R6MGK98ZOBMC.swiftmodule
SwiftExplicitDependencyGeneratePcm arm64 /Users/admin/builder/spi-builder-workspace/.derivedData/SDKExplicitPrecompiledModules/AVFoundation-DFCX8GQJWVA3CZBITWEHAZEFX.pcm
SwiftEmitModule normal arm64 Emitting\ module\ for\ AdaptiveCard (in target 'AdaptiveCard' from project 'AdaptiveCardUI')
SwiftCompile normal arm64 (in target 'AdaptiveCard' from project 'AdaptiveCardUI')
    cd /Users/admin/builder/spi-builder-workspace/.swiftpm/xcode

SwiftCompile normal arm64 Compiling\ FontWeight.swift,\ HAlignment.swift,\ ImageFillMode.swift,\ ImageSize.swift,\ ImageStyle.swift /Users/admin/builder/spi-builder-workspace/Sources/AdaptiveCard/Common/FontWeight.swift /Users/admin/builder/spi-builder-workspace/Sources/AdaptiveCard/Common/HAlignment.swift /Users/admin/builder/spi-builder-workspace/Sources/AdaptiveCard/Common/ImageFillMode.swift /Users/admin/builder/spi-builder-workspace/Sources/AdaptiveCard/Common/ImageSize.swift /Users/admin/builder/spi-builder-workspace/Sources/AdaptiveCard/Common/ImageStyle.swift (in target 'AdaptiveCard' from project 'AdaptiveCardUI')
SwiftCompile normal arm64 /Users/admin/builder/spi-builder-workspace/Sources/AdaptiveCard/Common/FontWeight.swift (in target 'AdaptiveCard' from project 'AdaptiveCardUI')
    cd /Users/admin/builder/spi-builder-workspace/.swiftpm/xcode
    builtin-SwiftPerFileCompile FontWeight.swift
SwiftCompile normal arm64 /Users/admin/builder/spi-builder-workspace/Sources/AdaptiveCard/Common/HAlignment.swift (in target 'AdaptiveCard' from project 'AdaptiveCardUI')
    cd /Users/admin/builder/spi-builder-workspace/.swiftpm/xcode
    builtin-SwiftPerFileCompile HAlignment.swift
SwiftCompile normal arm64 /Users/admin/builder/spi-builder-workspace/Sources/AdaptiveCard/Common/ImageFillMode.swift (in target 'AdaptiveCard' from project 'AdaptiveCardUI')
    cd /Users/admin/builder/spi-builder-workspace/.swiftpm/xcode
    builtin-SwiftPerFileCompile ImageFillMode.swift
SwiftCompile normal arm64 /Users/admin/builder/spi-builder-workspace/Sources/AdaptiveCard/Common/ImageSize.swift (in target 'AdaptiveCard' from project 'AdaptiveCardUI')
    cd /Users/admin/builder/spi-builder-workspace/.swiftpm/xcode
    builtin-SwiftPerFileCompile ImageSize.swift
SwiftCompile normal arm64 /Users/admin/builder/spi-builder-workspace/Sources/AdaptiveCard/Common/ImageStyle.swift (in target 'AdaptiveCard' from project 'AdaptiveCardUI')
    cd /Users/admin/builder/spi-builder-workspace/.swiftpm/xcode
    builtin-SwiftPerFileCompile ImageStyle.swift
SwiftCompile normal arm64 Compiling\ ItemIdentifier.swift,\ PixelDimension.swift,\ SemanticVersion.swift,\ Spacing.swift,\ TextColor.swift /Users/admin/builder/spi-builder-workspace/Sources/AdaptiveCard/Common/ItemIdentifier.swift /Users/admin/builder/spi-builder-workspace/Sources/AdaptiveCard/Common/PixelDimension.swift /Users/admin/builder/spi-builder-workspace/Sources/AdaptiveCard/Common/SemanticVersion.swift /Users/admin/builder/spi-builder-workspace/Sources/AdaptiveCard/Common/Spacing.swift /Users/admin/builder/spi-builder-workspace/Sources/AdaptiveCard/Common/TextColor.swift (in target 'AdaptiveCard' from project 'AdaptiveCardUI')
SwiftCompile normal arm64 /Users/admin/builder/spi-builder-workspace/Sources/AdaptiveCard/Common/ItemIdentifier.swift (in target 'AdaptiveCard' from project 'AdaptiveCardUI')
    cd /Users/admin/builder/spi-builder-workspace/.swiftpm/xcode
    builtin-SwiftPerFileCompile ItemIdentifier.swift
SwiftCompile normal arm64 /Users/admin/builder/spi-builder-workspace/Sources/AdaptiveCard/Common/PixelDimension.swift (in target 'AdaptiveCard' from project 'AdaptiveCardUI')
    cd /Users/admin/builder/spi-builder-workspace/.swiftpm/xcode
    builtin-SwiftPerFileCompile PixelDimension.swift
SwiftCompile normal arm64 /Users/admin/builder/spi-builder-workspace/Sources/AdaptiveCard/Common/SemanticVersion.swift (in target 'AdaptiveCard' from project 'AdaptiveCardUI')
    cd /Users/admin/builder/spi-builder-workspace/.swiftpm/xcode
    builtin-SwiftPerFileCompile SemanticVersion.swift
SwiftCompile normal arm64 /Users/admin/builder/spi-builder-workspace/Sources/AdaptiveCard/Common/Spacing.swift (in target 'AdaptiveCard' from project 'AdaptiveCardUI')
    cd /Users/admin/builder/spi-builder-workspace/.swiftpm/xcode
    builtin-SwiftPerFileCompile Spacing.swift
SwiftCompile normal arm64 /Users/admin/builder/spi-builder-workspace/Sources/AdaptiveCard/Common/TextColor.swift (in target 'AdaptiveCard' from project 'AdaptiveCardUI')
    cd /Users/admin/builder/spi-builder-workspace/.swiftpm/xcode
    builtin-SwiftPerFileCompile TextColor.swift
SwiftCompile normal arm64 Compiling\ CustomCardElement.swift,\ Fallback.swift,\ Image.swift,\ RichTextBlock.swift /Users/admin/builder/spi-builder-workspace/Sources/AdaptiveCard/Elements/CustomCardElement.swift /Users/admin/builder/spi-builder-workspace/Sources/AdaptiveCard/Elements/Fallback.swift /Users/admin/builder/spi-builder-workspace/Sources/AdaptiveCard/Elements/Image.swift /Users/admin/builder/spi-builder-workspace/Sources/AdaptiveCard/Elements/RichTextBlock.swift (in target 'AdaptiveCard' from project 'AdaptiveCardUI')
SwiftCompile normal arm64 /Users/admin/builder/spi-builder-workspace/Sources/AdaptiveCard/Elements/CustomCardElement.swift (in target 'AdaptiveCard' from project 'AdaptiveCardUI')
    cd /Users/admin/builder/spi-builder-workspace/.swiftpm/xcode
    builtin-SwiftPerFileCompile CustomCardElement.swift
SwiftCompile normal arm64 /Users/admin/builder/spi-builder-workspace/Sources/AdaptiveCard/Elements/Fallback.swift (in target 'AdaptiveCard' from project 'AdaptiveCardUI')
    cd /Users/admin/builder/spi-builder-workspace/.swiftpm/xcode
    builtin-SwiftPerFileCompile Fallback.swift
SwiftCompile normal arm64 /Users/admin/builder/spi-builder-workspace/Sources/AdaptiveCard/Elements/Image.swift (in target 'AdaptiveCard' from project 'AdaptiveCardUI')
    cd /Users/admin/builder/spi-builder-workspace/.swiftpm/xcode
    builtin-SwiftPerFileCompile Image.swift
SwiftCompile normal arm64 /Users/admin/builder/spi-builder-workspace/Sources/AdaptiveCard/Elements/RichTextBlock.swift (in target 'AdaptiveCard' from project 'AdaptiveCardUI')
    cd /Users/admin/builder/spi-builder-workspace/.swiftpm/xcode
    builtin-SwiftPerFileCompile RichTextBlock.swift
SwiftCompile normal arm64 Compiling\ TextBlock.swift,\ TextRun.swift,\ UnknownCardElement.swift,\ UnknownColumnSetElement.swift /Users/admin/builder/spi-builder-workspace/Sources/AdaptiveCard/Elements/TextBlock.swift /Users/admin/builder/spi-builder-workspace/Sources/AdaptiveCard/Elements/TextRun.swift /Users/admin/builder/spi-builder-workspace/Sources/AdaptiveCard/Elements/UnknownCardElement.swift /Users/admin/builder/spi-builder-workspace/Sources/AdaptiveCard/Elements/UnknownColumnSetElement.swift (in target 'AdaptiveCard' from project 'AdaptiveCardUI')
SwiftCompile normal arm64 /Users/admin/builder/spi-builder-workspace/Sources/AdaptiveCard/Elements/TextBlock.swift (in target 'AdaptiveCard' from project 'AdaptiveCardUI')
    cd /Users/admin/builder/spi-builder-workspace/.swiftpm/xcode
    builtin-SwiftPerFileCompile TextBlock.swift
SwiftCompile normal arm64 /Users/admin/builder/spi-builder-workspace/Sources/AdaptiveCard/Elements/TextRun.swift (in target 'AdaptiveCard' from project 'AdaptiveCardUI')
    cd /Users/admin/builder/spi-builder-workspace/.swiftpm/xcode
    builtin-SwiftPerFileCompile TextRun.swift
SwiftCompile normal arm64 /Users/admin/builder/spi-builder-workspace/Sources/AdaptiveCard/Elements/UnknownCardElement.swift (in target 'AdaptiveCard' from project 'AdaptiveCardUI')
    cd /Users/admin/builder/spi-builder-workspace/.swiftpm/xcode
    builtin-SwiftPerFileCompile UnknownCardElement.swift
SwiftCompile normal arm64 /Users/admin/builder/spi-builder-workspace/Sources/AdaptiveCard/Elements/UnknownColumnSetElement.swift (in target 'AdaptiveCard' from project 'AdaptiveCardUI')
    cd /Users/admin/builder/spi-builder-workspace/.swiftpm/xcode
    builtin-SwiftPerFileCompile UnknownColumnSetElement.swift
SwiftCompile normal arm64 Compiling\ FactSet.swift,\ ImageSet.swift,\ CardElement.swift,\ CardElementProtocol.swift /Users/admin/builder/spi-builder-workspace/Sources/AdaptiveCard/Containers/FactSet.swift /Users/admin/builder/spi-builder-workspace/Sources/AdaptiveCard/Containers/ImageSet.swift /Users/admin/builder/spi-builder-workspace/Sources/AdaptiveCard/Elements/CardElement.swift /Users/admin/builder/spi-builder-workspace/Sources/AdaptiveCard/Elements/CardElementProtocol.swift (in target 'AdaptiveCard' from project 'AdaptiveCardUI')
SwiftCompile normal arm64 /Users/admin/builder/spi-builder-workspace/Sources/AdaptiveCard/Containers/FactSet.swift (in target 'AdaptiveCard' from project 'AdaptiveCardUI')
    cd /Users/admin/builder/spi-builder-workspace/.swiftpm/xcode
    builtin-SwiftPerFileCompile FactSet.swift
SwiftCompile normal arm64 /Users/admin/builder/spi-builder-workspace/Sources/AdaptiveCard/Containers/ImageSet.swift (in target 'AdaptiveCard' from project 'AdaptiveCardUI')
    cd /Users/admin/builder/spi-builder-workspace/.swiftpm/xcode
    builtin-SwiftPerFileCompile ImageSet.swift
SwiftCompile normal arm64 /Users/admin/builder/spi-builder-workspace/Sources/AdaptiveCard/Elements/CardElement.swift (in target 'AdaptiveCard' from project 'AdaptiveCardUI')
    cd /Users/admin/builder/spi-builder-workspace/.swiftpm/xcode
    builtin-SwiftPerFileCompile CardElement.swift
SwiftCompile normal arm64 /Users/admin/builder/spi-builder-workspace/Sources/AdaptiveCard/Elements/CardElementProtocol.swift (in target 'AdaptiveCard' from project 'AdaptiveCardUI')
    cd /Users/admin/builder/spi-builder-workspace/.swiftpm/xcode
    builtin-SwiftPerFileCompile CardElementProtocol.swift
SwiftCompile normal arm64 Compiling\ BackgroundImage.swift,\ BlockElementHeight.swift,\ ContainerStyle.swift,\ FontSize.swift,\ FontType.swift /Users/admin/builder/spi-builder-workspace/Sources/AdaptiveCard/Common/BackgroundImage.swift /Users/admin/builder/spi-builder-workspace/Sources/AdaptiveCard/Common/BlockElementHeight.swift /Users/admin/builder/spi-builder-workspace/Sources/AdaptiveCard/Common/ContainerStyle.swift /Users/admin/builder/spi-builder-workspace/Sources/AdaptiveCard/Common/FontSize.swift /Users/admin/builder/spi-builder-workspace/Sources/AdaptiveCard/Common/FontType.swift (in target 'AdaptiveCard' from project 'AdaptiveCardUI')
SwiftCompile normal arm64 /Users/admin/builder/spi-builder-workspace/Sources/AdaptiveCard/Common/BackgroundImage.swift (in target 'AdaptiveCard' from project 'AdaptiveCardUI')
    cd /Users/admin/builder/spi-builder-workspace/.swiftpm/xcode
    builtin-SwiftPerFileCompile BackgroundImage.swift
SwiftCompile normal arm64 /Users/admin/builder/spi-builder-workspace/Sources/AdaptiveCard/Common/BlockElementHeight.swift (in target 'AdaptiveCard' from project 'AdaptiveCardUI')
    cd /Users/admin/builder/spi-builder-workspace/.swiftpm/xcode
    builtin-SwiftPerFileCompile BlockElementHeight.swift
SwiftCompile normal arm64 /Users/admin/builder/spi-builder-workspace/Sources/AdaptiveCard/Common/ContainerStyle.swift (in target 'AdaptiveCard' from project 'AdaptiveCardUI')
    cd /Users/admin/builder/spi-builder-workspace/.swiftpm/xcode
    builtin-SwiftPerFileCompile ContainerStyle.swift
SwiftCompile normal arm64 /Users/admin/builder/spi-builder-workspace/Sources/AdaptiveCard/Common/FontSize.swift (in target 'AdaptiveCard' from project 'AdaptiveCardUI')
    cd /Users/admin/builder/spi-builder-workspace/.swiftpm/xcode
    builtin-SwiftPerFileCompile FontSize.swift
SwiftCompile normal arm64 /Users/admin/builder/spi-builder-workspace/Sources/AdaptiveCard/Common/FontType.swift (in target 'AdaptiveCard' from project 'AdaptiveCardUI')
    cd /Users/admin/builder/spi-builder-workspace/.swiftpm/xcode
    builtin-SwiftPerFileCompile FontType.swift
SwiftCompile normal arm64 Compiling\ Column.swift,\ ColumnSetElement.swift,\ ColumnSetElementProtocol.swift,\ ColumnWidth.swift /Users/admin/builder/spi-builder-workspace/Sources/AdaptiveCard/Elements/Column.swift /Users/admin/builder/spi-builder-workspace/Sources/AdaptiveCard/Elements/ColumnSetElement.swift /Users/admin/builder/spi-builder-workspace/Sources/AdaptiveCard/Elements/ColumnSetElementProtocol.swift /Users/admin/builder/spi-builder-workspace/Sources/AdaptiveCard/Elements/ColumnWidth.swift (in target 'AdaptiveCard' from project 'AdaptiveCardUI')
SwiftCompile normal arm64 /Users/admin/builder/spi-builder-workspace/Sources/AdaptiveCard/Elements/Column.swift (in target 'AdaptiveCard' from project 'AdaptiveCardUI')
    cd /Users/admin/builder/spi-builder-workspace/.swiftpm/xcode
    builtin-SwiftPerFileCompile Column.swift
SwiftCompile normal arm64 /Users/admin/builder/spi-builder-workspace/Sources/AdaptiveCard/Elements/ColumnSetElement.swift (in target 'AdaptiveCard' from project 'AdaptiveCardUI')
    cd /Users/admin/builder/spi-builder-workspace/.swiftpm/xcode
    builtin-SwiftPerFileCompile ColumnSetElement.swift
SwiftCompile normal arm64 /Users/admin/builder/spi-builder-workspace/Sources/AdaptiveCard/Elements/ColumnSetElementProtocol.swift (in target 'AdaptiveCard' from project 'AdaptiveCardUI')
    cd /Users/admin/builder/spi-builder-workspace/.swiftpm/xcode
    builtin-SwiftPerFileCompile ColumnSetElementProtocol.swift
SwiftCompile normal arm64 /Users/admin/builder/spi-builder-workspace/Sources/AdaptiveCard/Elements/ColumnWidth.swift (in target 'AdaptiveCard' from project 'AdaptiveCardUI')
    cd /Users/admin/builder/spi-builder-workspace/.swiftpm/xcode
    builtin-SwiftPerFileCompile ColumnWidth.swift
SwiftCompile normal arm64 Compiling\ SubmitAction.swift,\ TargetElement.swift,\ ToggleVisibilityAction.swift,\ UnknownAction.swift,\ AdaptiveCard.swift /Users/admin/builder/spi-builder-workspace/Sources/AdaptiveCard/Actions/SubmitAction.swift /Users/admin/builder/spi-builder-workspace/Sources/AdaptiveCard/Actions/TargetElement.swift /Users/admin/builder/spi-builder-workspace/Sources/AdaptiveCard/Actions/ToggleVisibilityAction.swift /Users/admin/builder/spi-builder-workspace/Sources/AdaptiveCard/Actions/UnknownAction.swift /Users/admin/builder/spi-builder-workspace/Sources/AdaptiveCard/AdaptiveCard.swift (in target 'AdaptiveCard' from project 'AdaptiveCardUI')
SwiftCompile normal arm64 /Users/admin/builder/spi-builder-workspace/Sources/AdaptiveCard/Actions/SubmitAction.swift (in target 'AdaptiveCard' from project 'AdaptiveCardUI')
    cd /Users/admin/builder/spi-builder-workspace/.swiftpm/xcode
    builtin-SwiftPerFileCompile SubmitAction.swift
SwiftCompile normal arm64 /Users/admin/builder/spi-builder-workspace/Sources/AdaptiveCard/Actions/TargetElement.swift (in target 'AdaptiveCard' from project 'AdaptiveCardUI')
    cd /Users/admin/builder/spi-builder-workspace/.swiftpm/xcode
    builtin-SwiftPerFileCompile TargetElement.swift
SwiftCompile normal arm64 /Users/admin/builder/spi-builder-workspace/Sources/AdaptiveCard/Actions/ToggleVisibilityAction.swift (in target 'AdaptiveCard' from project 'AdaptiveCardUI')
    cd /Users/admin/builder/spi-builder-workspace/.swiftpm/xcode
    builtin-SwiftPerFileCompile ToggleVisibilityAction.swift
SwiftCompile normal arm64 /Users/admin/builder/spi-builder-workspace/Sources/AdaptiveCard/Actions/UnknownAction.swift (in target 'AdaptiveCard' from project 'AdaptiveCardUI')
    cd /Users/admin/builder/spi-builder-workspace/.swiftpm/xcode
    builtin-SwiftPerFileCompile UnknownAction.swift
SwiftCompile normal arm64 /Users/admin/builder/spi-builder-workspace/Sources/AdaptiveCard/AdaptiveCard.swift (in target 'AdaptiveCard' from project 'AdaptiveCardUI')
    cd /Users/admin/builder/spi-builder-workspace/.swiftpm/xcode
    builtin-SwiftPerFileCompile AdaptiveCard.swift
SwiftCompile normal arm64 Compiling\ VAlignment.swift,\ ActionSet.swift,\ ColumnSet.swift,\ Container.swift,\ Fact.swift /Users/admin/builder/spi-builder-workspace/Sources/AdaptiveCard/Common/VAlignment.swift /Users/admin/builder/spi-builder-workspace/Sources/AdaptiveCard/Containers/ActionSet.swift /Users/admin/builder/spi-builder-workspace/Sources/AdaptiveCard/Containers/ColumnSet.swift /Users/admin/builder/spi-builder-workspace/Sources/AdaptiveCard/Containers/Container.swift /Users/admin/builder/spi-builder-workspace/Sources/AdaptiveCard/Containers/Fact.swift (in target 'AdaptiveCard' from project 'AdaptiveCardUI')
SwiftCompile normal arm64 /Users/admin/builder/spi-builder-workspace/Sources/AdaptiveCard/Common/VAlignment.swift (in target 'AdaptiveCard' from project 'AdaptiveCardUI')
    cd /Users/admin/builder/spi-builder-workspace/.swiftpm/xcode
    builtin-SwiftPerFileCompile VAlignment.swift
SwiftCompile normal arm64 /Users/admin/builder/spi-builder-workspace/Sources/AdaptiveCard/Containers/ActionSet.swift (in target 'AdaptiveCard' from project 'AdaptiveCardUI')
    cd /Users/admin/builder/spi-builder-workspace/.swiftpm/xcode
    builtin-SwiftPerFileCompile ActionSet.swift
SwiftCompile normal arm64 /Users/admin/builder/spi-builder-workspace/Sources/AdaptiveCard/Containers/ColumnSet.swift (in target 'AdaptiveCard' from project 'AdaptiveCardUI')
    cd /Users/admin/builder/spi-builder-workspace/.swiftpm/xcode
    builtin-SwiftPerFileCompile ColumnSet.swift
SwiftCompile normal arm64 /Users/admin/builder/spi-builder-workspace/Sources/AdaptiveCard/Containers/Container.swift (in target 'AdaptiveCard' from project 'AdaptiveCardUI')
    cd /Users/admin/builder/spi-builder-workspace/.swiftpm/xcode
    builtin-SwiftPerFileCompile Container.swift
SwiftCompile normal arm64 /Users/admin/builder/spi-builder-workspace/Sources/AdaptiveCard/Containers/Fact.swift (in target 'AdaptiveCard' from project 'AdaptiveCardUI')
    cd /Users/admin/builder/spi-builder-workspace/.swiftpm/xcode
    builtin-SwiftPerFileCompile Fact.swift
SwiftExplicitDependencyGeneratePcm arm64 /Users/admin/builder/spi-builder-workspace/.derivedData/SDKExplicitPrecompiledModules/ARKitCore-307YVPJLQNB66BTBIONHZNP86.pcm
SwiftDriverJobDiscovery normal arm64 Compiling FontWeight.swift, HAlignment.swift, ImageFillMode.swift, ImageSize.swift, ImageStyle.swift (in target 'AdaptiveCard' from project 'AdaptiveCardUI')
SwiftCompile normal arm64 Compiling\ Action.swift,\ ActionProtocol.swift,\ ActionStyle.swift,\ OpenURLAction.swift,\ ShowCardAction.swift /Users/admin/builder/spi-builder-workspace/Sources/AdaptiveCard/Actions/Action.swift /Users/admin/builder/spi-builder-workspace/Sources/AdaptiveCard/Actions/ActionProtocol.swift /Users/admin/builder/spi-builder-workspace/Sources/AdaptiveCard/Actions/ActionStyle.swift /Users/admin/builder/spi-builder-workspace/Sources/AdaptiveCard/Actions/OpenURLAction.swift /Users/admin/builder/spi-builder-workspace/Sources/AdaptiveCard/Actions/ShowCardAction.swift (in target 'AdaptiveCard' from project 'AdaptiveCardUI')
SwiftCompile normal arm64 /Users/admin/builder/spi-builder-workspace/Sources/AdaptiveCard/Actions/Action.swift (in target 'AdaptiveCard' from project 'AdaptiveCardUI')
    cd /Users/admin/builder/spi-builder-workspace/.swiftpm/xcode
    builtin-SwiftPerFileCompile Action.swift
SwiftCompile normal arm64 /Users/admin/builder/spi-builder-workspace/Sources/AdaptiveCard/Actions/ActionProtocol.swift (in target 'AdaptiveCard' from project 'AdaptiveCardUI')
    cd /Users/admin/builder/spi-builder-workspace/.swiftpm/xcode
    builtin-SwiftPerFileCompile ActionProtocol.swift
SwiftCompile normal arm64 /Users/admin/builder/spi-builder-workspace/Sources/AdaptiveCard/Actions/ActionStyle.swift (in target 'AdaptiveCard' from project 'AdaptiveCardUI')
    cd /Users/admin/builder/spi-builder-workspace/.swiftpm/xcode
    builtin-SwiftPerFileCompile ActionStyle.swift
SwiftCompile normal arm64 /Users/admin/builder/spi-builder-workspace/Sources/AdaptiveCard/Actions/OpenURLAction.swift (in target 'AdaptiveCard' from project 'AdaptiveCardUI')
    cd /Users/admin/builder/spi-builder-workspace/.swiftpm/xcode
    builtin-SwiftPerFileCompile OpenURLAction.swift
SwiftCompile normal arm64 /Users/admin/builder/spi-builder-workspace/Sources/AdaptiveCard/Actions/ShowCardAction.swift (in target 'AdaptiveCard' from project 'AdaptiveCardUI')
    cd /Users/admin/builder/spi-builder-workspace/.swiftpm/xcode
    builtin-SwiftPerFileCompile ShowCardAction.swift
SwiftDriverJobDiscovery normal arm64 Compiling BackgroundImage.swift, BlockElementHeight.swift, ContainerStyle.swift, FontSize.swift, FontType.swift (in target 'AdaptiveCard' from project 'AdaptiveCardUI')
SwiftDriverJobDiscovery normal arm64 Compiling ItemIdentifier.swift, PixelDimension.swift, SemanticVersion.swift, Spacing.swift, TextColor.swift (in target 'AdaptiveCard' from project 'AdaptiveCardUI')
SwiftDriverJobDiscovery normal arm64 Emitting module for AdaptiveCard (in target 'AdaptiveCard' from project 'AdaptiveCardUI')
SwiftDriver\ Compilation\ Requirements AdaptiveCard normal arm64 com.apple.xcode.tools.swift.compiler (in target 'AdaptiveCard' from project 'AdaptiveCardUI')
    cd /Users/admin/builder/spi-builder-workspace/.swiftpm/xcode
    builtin-Swift-Compilation-Requirements -- /Applications/Xcode-27.0.0-Release.Candidate.app/Contents/Developer/Toolchains/XcodeDefault.xctoolchain/usr/bin/swiftc -parse-as-library -module-name AdaptiveCard -Onone @/Users/admin/builder/spi-builder-workspace/.derivedData/Build/Intermediates.noindex/AdaptiveCardUI.build/Debug-xros/AdaptiveCard-t.build/Objects-normal/arm64/AdaptiveCard.SwiftFileList -DSWIFT_PACKAGE -DDEBUG -DSWIFT_MODULE_RESOURCE_BUNDLE_UNAVAILABLE -DXcode -plugin-path /Applications/Xcode-27.0.0-Release.Candidate.app/Contents/Developer/Toolchains/XcodeDefault.xctoolchain/usr/lib/swift/host/plugins/testing -enable-experimental-feature DebugDescriptionMacro -sdk /Applications/Xcode-27.0.0-Release.Candidate.app/Contents/Developer/Platforms/XROS.platform/Developer/SDKs/XROS27.0.sdk -target arm64-apple-xros1.0 -g -module-cache-path /Users/admin/builder/spi-builder-workspace/.derivedData/ModuleCache.noindex -Xfrontend -serialize-debugging-options -enable-testing -index-store-path /Users/admin/builder/spi-builder-workspace/.derivedData/Index.noindex/DataStore -Xcc -D_LIBCPP_HARDENING_MODE\=_LIBCPP_HARDENING_MODE_DEBUG -swift-version 5 -I /Users/admin/builder/spi-builder-workspace/.derivedData/Build/Products/Debug-xros -Isystem /Applications/Xcode-27.0.0-Release.Candidate.app/Contents/Developer/Platforms/XROS.platform/Developer/usr/lib -F /Users/admin/builder/spi-builder-workspace/.derivedData/Build/Products/Debug-xros/PackageFrameworks -F /Users/admin/builder/spi-builder-workspace/.derivedData/Build/Products/Debug-xros -F /Applications/Xcode-27.0.0-Release.Candidate.app/Contents/Developer/Platforms/XROS.platform/Developer/Library/Frameworks -F /Applications/Xcode-27.0.0-Release.Candidate.app/Contents/Developer/Platforms/XROS.platform/Developer/SDKs/XROS27.0.sdk/Developer/Library/Frameworks -emit-localized-strings -emit-localized-strings-path /Users/admin/builder/spi-builder-workspace/.derivedData/Build/Intermediates.noindex/AdaptiveCardUI.build/Debug-xros/AdaptiveCard-t.build/Objects-normal/arm64 -c -j10 -enable-batch-mode -incremental -Xcc -ivfsstatcache -Xcc /Users/admin/builder/spi-builder-workspace/.derivedData/SDKStatCaches.noindex/xros27.0-24M361-e829b21a6f8c9b70876ba0858053c044735bd543db762f57723cac368afd1ce4.sdkstatcache -output-file-map /Users/admin/builder/spi-builder-workspace/.derivedData/Build/Intermediates.noindex/AdaptiveCardUI.build/Debug-xros/AdaptiveCard-t.build/Objects-normal/arm64/AdaptiveCard-OutputFileMap.json -save-temps -no-color-diagnostics -explicit-module-build -module-cache-path /Users/admin/builder/spi-builder-workspace/.derivedData/Build/Intermediates.noindex/SwiftExplicitPrecompiledModules -clang-scanner-module-cache-path /Users/admin/builder/spi-builder-workspace/.derivedData/ModuleCache.noindex -sdk-module-cache-path /Users/admin/builder/spi-builder-workspace/.derivedData/SDKExplicitPrecompiledModules -emit-dependencies -emit-module -emit-module-path /Users/admin/builder/spi-builder-workspace/.derivedData/Build/Intermediates.noindex/AdaptiveCardUI.build/Debug-xros/AdaptiveCard-t.build/Objects-normal/arm64/AdaptiveCard.swiftmodule -serialize-diagnostics -dependency-scan-serialize-diagnostics-path /Users/admin/builder/spi-builder-workspace/.derivedData/Build/Intermediates.noindex/AdaptiveCardUI.build/Debug-xros/AdaptiveCard-t.build/Objects-normal/arm64/AdaptiveCard-dependency-scan.dia -validate-clang-modules-once -clang-build-session-file /Users/admin/builder/spi-builder-workspace/.derivedData/ModuleCache.noindex/Session.modulevalidation -Xcc -fmodules-prune-interval\=86400 -Xcc -fmodules-prune-after\=345600 -emit-const-values -const-gather-protocols-list /Users/admin/builder/spi-builder-workspace/.derivedData/Build/Intermediates.noindex/AdaptiveCardUI.build/Debug-xros/AdaptiveCard-t.build/Objects-normal/arm64/AdaptiveCard_const_extract_protocols.json -Xcc -I/Users/admin/builder/spi-builder-workspace/.derivedData/Build/Products/Debug-xros/include -Xcc -I/Users/admin/builder/spi-builder-workspace/.derivedData/Build/Intermediates.noindex/AdaptiveCardUI.build/Debug-xros/AdaptiveCard-t.build/DerivedSources-normal/arm64 -Xcc -I/Users/admin/builder/spi-builder-workspace/.derivedData/Build/Intermediates.noindex/AdaptiveCardUI.build/Debug-xros/AdaptiveCard-t.build/DerivedSources/arm64 -Xcc -I/Users/admin/builder/spi-builder-workspace/.derivedData/Build/Intermediates.noindex/AdaptiveCardUI.build/Debug-xros/AdaptiveCard-t.build/DerivedSources -Xcc -DSWIFT_PACKAGE -Xcc -DDEBUG\=1 -emit-objc-header -emit-objc-header-path /Users/admin/builder/spi-builder-workspace/.derivedData/Build/Intermediates.noindex/AdaptiveCardUI.build/Debug-xros/AdaptiveCard-t.build/Objects-normal/arm64/AdaptiveCard-Swift.h -working-directory /Users/admin/builder/spi-builder-workspace/.swiftpm/xcode -experimental-emit-module-separately -disable-cmo
SwiftMergeGeneratedHeaders /Users/admin/builder/spi-builder-workspace/.derivedData/Build/Intermediates.noindex/GeneratedModuleMaps-xros/AdaptiveCard-Swift.h /Users/admin/builder/spi-builder-workspace/.derivedData/Build/Intermediates.noindex/AdaptiveCardUI.build/Debug-xros/AdaptiveCard-t.build/Objects-normal/arm64/AdaptiveCard-Swift.h (in target 'AdaptiveCard' from project 'AdaptiveCardUI')
    cd /Users/admin/builder/spi-builder-workspace
    builtin-swiftHeaderTool -arch arm64 /Users/admin/builder/spi-builder-workspace/.derivedData/Build/Intermediates.noindex/AdaptiveCardUI.build/Debug-xros/AdaptiveCard-t.build/Objects-normal/arm64/AdaptiveCard-Swift.h -o /Users/admin/builder/spi-builder-workspace/.derivedData/Build/Intermediates.noindex/GeneratedModuleMaps-xros/AdaptiveCard-Swift.h
Copy /Users/admin/builder/spi-builder-workspace/.derivedData/Build/Products/Debug-xros/AdaptiveCard.swiftmodule/arm64-apple-xros.swiftmodule /Users/admin/builder/spi-builder-workspace/.derivedData/Build/Intermediates.noindex/AdaptiveCardUI.build/Debug-xros/AdaptiveCard-t.build/Objects-normal/arm64/AdaptiveCard.swiftmodule (in target 'AdaptiveCard' from project 'AdaptiveCardUI')
    cd /Users/admin/builder/spi-builder-workspace
    builtin-copy -exclude .DS_Store -exclude CVS -exclude .svn -exclude .git -exclude .hg -resolve-src-symlinks -rename /Users/admin/builder/spi-builder-workspace/.derivedData/Build/Intermediates.noindex/AdaptiveCardUI.build/Debug-xros/AdaptiveCard-t.build/Objects-normal/arm64/AdaptiveCard.swiftmodule /Users/admin/builder/spi-builder-workspace/.derivedData/Build/Products/Debug-xros/AdaptiveCard.swiftmodule/arm64-apple-xros.swiftmodule
Copy /Users/admin/builder/spi-builder-workspace/.derivedData/Build/Products/Debug-xros/AdaptiveCard.swiftmodule/arm64-apple-xros.swiftdoc /Users/admin/builder/spi-builder-workspace/.derivedData/Build/Intermediates.noindex/AdaptiveCardUI.build/Debug-xros/AdaptiveCard-t.build/Objects-normal/arm64/AdaptiveCard.swiftdoc (in target 'AdaptiveCard' from project 'AdaptiveCardUI')
    cd /Users/admin/builder/spi-builder-workspace
    builtin-copy -exclude .DS_Store -exclude CVS -exclude .svn -exclude .git -exclude .hg -resolve-src-symlinks -rename /Users/admin/builder/spi-builder-workspace/.derivedData/Build/Intermediates.noindex/AdaptiveCardUI.build/Debug-xros/AdaptiveCard-t.build/Objects-normal/arm64/AdaptiveCard.swiftdoc /Users/admin/builder/spi-builder-workspace/.derivedData/Build/Products/Debug-xros/AdaptiveCard.swiftmodule/arm64-apple-xros.swiftdoc
Copy /Users/admin/builder/spi-builder-workspace/.derivedData/Build/Products/Debug-xros/AdaptiveCard.swiftmodule/arm64-apple-xros.abi.json /Users/admin/builder/spi-builder-workspace/.derivedData/Build/Intermediates.noindex/AdaptiveCardUI.build/Debug-xros/AdaptiveCard-t.build/Objects-normal/arm64/AdaptiveCard.abi.json (in target 'AdaptiveCard' from project 'AdaptiveCardUI')
    cd /Users/admin/builder/spi-builder-workspace
    builtin-copy -exclude .DS_Store -exclude CVS -exclude .svn -exclude .git -exclude .hg -resolve-src-symlinks -rename /Users/admin/builder/spi-builder-workspace/.derivedData/Build/Intermediates.noindex/AdaptiveCardUI.build/Debug-xros/AdaptiveCard-t.build/Objects-normal/arm64/AdaptiveCard.abi.json /Users/admin/builder/spi-builder-workspace/.derivedData/Build/Products/Debug-xros/AdaptiveCard.swiftmodule/arm64-apple-xros.abi.json
Copy /Users/admin/builder/spi-builder-workspace/.derivedData/Build/Products/Debug-xros/AdaptiveCard.swiftmodule/Project/arm64-apple-xros.swiftsourceinfo /Users/admin/builder/spi-builder-workspace/.derivedData/Build/Intermediates.noindex/AdaptiveCardUI.build/Debug-xros/AdaptiveCard-t.build/Objects-normal/arm64/AdaptiveCard.swiftsourceinfo (in target 'AdaptiveCard' from project 'AdaptiveCardUI')
    cd /Users/admin/builder/spi-builder-workspace
    builtin-copy -exclude .DS_Store -exclude CVS -exclude .svn -exclude .git -exclude .hg -resolve-src-symlinks -rename /Users/admin/builder/spi-builder-workspace/.derivedData/Build/Intermediates.noindex/AdaptiveCardUI.build/Debug-xros/AdaptiveCard-t.build/Objects-normal/arm64/AdaptiveCard.swiftsourceinfo /Users/admin/builder/spi-builder-workspace/.derivedData/Build/Products/Debug-xros/AdaptiveCard.swiftmodule/Project/arm64-apple-xros.swiftsourceinfo
SwiftDriverJobDiscovery normal arm64 Compiling CustomCardElement.swift, Fallback.swift, Image.swift, RichTextBlock.swift (in target 'AdaptiveCard' from project 'AdaptiveCardUI')
SwiftExplicitDependencyGeneratePcm arm64 /Users/admin/builder/spi-builder-workspace/.derivedData/SDKExplicitPrecompiledModules/ARKit-27VDPOZ50FG2MJG7OFV6IFQYQ.pcm
SwiftDriverJobDiscovery normal arm64 Compiling FactSet.swift, ImageSet.swift, CardElement.swift, CardElementProtocol.swift (in target 'AdaptiveCard' from project 'AdaptiveCardUI')
SwiftDriverJobDiscovery normal arm64 Compiling Column.swift, ColumnSetElement.swift, ColumnSetElementProtocol.swift, ColumnWidth.swift (in target 'AdaptiveCard' from project 'AdaptiveCardUI')
SwiftCompile normal arm64 Compiling\ NSRecursiveLock.swift /Users/admin/builder/spi-builder-workspace/.dependencies/checkouts/combine-schedulers/Sources/CombineSchedulers/Internal/NSRecursiveLock.swift (in target 'CombineSchedulers' from project 'combine-schedulers')
SwiftCompile normal arm64 /Users/admin/builder/spi-builder-workspace/.dependencies/checkouts/combine-schedulers/Sources/CombineSchedulers/Internal/NSRecursiveLock.swift (in target 'CombineSchedulers' from project 'combine-schedulers')
    cd /Users/admin/builder/spi-builder-workspace/.swiftpm/xcode
    builtin-SwiftPerFileCompile NSRecursiveLock.swift
SwiftEmitModule normal arm64 Emitting\ module\ for\ CombineSchedulers (in target 'CombineSchedulers' from project 'combine-schedulers')
SwiftCompile normal arm64 (in target 'CombineSchedulers' from project 'combine-schedulers')
    cd /Users/admin/builder/spi-builder-workspace/.swiftpm/xcode

SwiftCompile normal arm64 Compiling\ UIScheduler.swift /Users/admin/builder/spi-builder-workspace/.dependencies/checkouts/combine-schedulers/Sources/CombineSchedulers/UIScheduler.swift (in target 'CombineSchedulers' from project 'combine-schedulers')
SwiftCompile normal arm64 /Users/admin/builder/spi-builder-workspace/.dependencies/checkouts/combine-schedulers/Sources/CombineSchedulers/UIScheduler.swift (in target 'CombineSchedulers' from project 'combine-schedulers')
    cd /Users/admin/builder/spi-builder-workspace/.swiftpm/xcode
    builtin-SwiftPerFileCompile UIScheduler.swift
SwiftCompile normal arm64 Compiling\ Timer.swift /Users/admin/builder/spi-builder-workspace/.dependencies/checkouts/combine-schedulers/Sources/CombineSchedulers/Timer.swift (in target 'CombineSchedulers' from project 'combine-schedulers')
SwiftCompile normal arm64 /Users/admin/builder/spi-builder-workspace/.dependencies/checkouts/combine-schedulers/Sources/CombineSchedulers/Timer.swift (in target 'CombineSchedulers' from project 'combine-schedulers')
    cd /Users/admin/builder/spi-builder-workspace/.swiftpm/xcode
    builtin-SwiftPerFileCompile Timer.swift
SwiftCompile normal arm64 Compiling\ TestScheduler.swift /Users/admin/builder/spi-builder-workspace/.dependencies/checkouts/combine-schedulers/Sources/CombineSchedulers/TestScheduler.swift (in target 'CombineSchedulers' from project 'combine-schedulers')
SwiftCompile normal arm64 /Users/admin/builder/spi-builder-workspace/.dependencies/checkouts/combine-schedulers/Sources/CombineSchedulers/TestScheduler.swift (in target 'CombineSchedulers' from project 'combine-schedulers')
    cd /Users/admin/builder/spi-builder-workspace/.swiftpm/xcode
    builtin-SwiftPerFileCompile TestScheduler.swift
SwiftCompile normal arm64 Compiling\ SwiftUI.swift /Users/admin/builder/spi-builder-workspace/.dependencies/checkouts/combine-schedulers/Sources/CombineSchedulers/SwiftUI.swift (in target 'CombineSchedulers' from project 'combine-schedulers')
SwiftCompile normal arm64 /Users/admin/builder/spi-builder-workspace/.dependencies/checkouts/combine-schedulers/Sources/CombineSchedulers/SwiftUI.swift (in target 'CombineSchedulers' from project 'combine-schedulers')
    cd /Users/admin/builder/spi-builder-workspace/.swiftpm/xcode
    builtin-SwiftPerFileCompile SwiftUI.swift
SwiftEmitModule normal arm64 Emitting\ module\ for\ SnapshotTesting (in target 'SnapshotTesting' from project 'swift-snapshot-testing')
SwiftCompile normal arm64 (in target 'SnapshotTesting' from project 'swift-snapshot-testing')
    cd /Users/admin/builder/spi-builder-workspace/.swiftpm/xcode

SwiftDriverJobDiscovery normal arm64 Compiling TextBlock.swift, TextRun.swift, UnknownCardElement.swift, UnknownColumnSetElement.swift (in target 'AdaptiveCard' from project 'AdaptiveCardUI')
SwiftCompile normal arm64 Compiling\ UIView.swift,\ UIViewController.swift,\ URLRequest.swift /Users/admin/builder/spi-builder-workspace/.dependencies/checkouts/swift-snapshot-testing/Sources/SnapshotTesting/Snapshotting/UIView.swift /Users/admin/builder/spi-builder-workspace/.dependencies/checkouts/swift-snapshot-testing/Sources/SnapshotTesting/Snapshotting/UIViewController.swift /Users/admin/builder/spi-builder-workspace/.dependencies/checkouts/swift-snapshot-testing/Sources/SnapshotTesting/Snapshotting/URLRequest.swift (in target 'SnapshotTesting' from project 'swift-snapshot-testing')
SwiftCompile normal arm64 /Users/admin/builder/spi-builder-workspace/.dependencies/checkouts/swift-snapshot-testing/Sources/SnapshotTesting/Snapshotting/UIView.swift (in target 'SnapshotTesting' from project 'swift-snapshot-testing')
    cd /Users/admin/builder/spi-builder-workspace/.swiftpm/xcode
    builtin-SwiftPerFileCompile UIView.swift
SwiftCompile normal arm64 /Users/admin/builder/spi-builder-workspace/.dependencies/checkouts/swift-snapshot-testing/Sources/SnapshotTesting/Snapshotting/UIViewController.swift (in target 'SnapshotTesting' from project 'swift-snapshot-testing')
    cd /Users/admin/builder/spi-builder-workspace/.swiftpm/xcode
    builtin-SwiftPerFileCompile UIViewController.swift
SwiftCompile normal arm64 /Users/admin/builder/spi-builder-workspace/.dependencies/checkouts/swift-snapshot-testing/Sources/SnapshotTesting/Snapshotting/URLRequest.swift (in target 'SnapshotTesting' from project 'swift-snapshot-testing')
    cd /Users/admin/builder/spi-builder-workspace/.swiftpm/xcode
    builtin-SwiftPerFileCompile URLRequest.swift
SwiftDriverJobDiscovery normal arm64 Compiling SubmitAction.swift, TargetElement.swift, ToggleVisibilityAction.swift, UnknownAction.swift, AdaptiveCard.swift (in target 'AdaptiveCard' from project 'AdaptiveCardUI')
SwiftCompile normal arm64 Compiling\ Data.swift,\ Encodable.swift,\ NSBezierPath.swift /Users/admin/builder/spi-builder-workspace/.dependencies/checkouts/swift-snapshot-testing/Sources/SnapshotTesting/Snapshotting/Data.swift /Users/admin/builder/spi-builder-workspace/.dependencies/checkouts/swift-snapshot-testing/Sources/SnapshotTesting/Snapshotting/Encodable.swift /Users/admin/builder/spi-builder-workspace/.dependencies/checkouts/swift-snapshot-testing/Sources/SnapshotTesting/Snapshotting/NSBezierPath.swift (in target 'SnapshotTesting' from project 'swift-snapshot-testing')
SwiftCompile normal arm64 /Users/admin/builder/spi-builder-workspace/.dependencies/checkouts/swift-snapshot-testing/Sources/SnapshotTesting/Snapshotting/Data.swift (in target 'SnapshotTesting' from project 'swift-snapshot-testing')
    cd /Users/admin/builder/spi-builder-workspace/.swiftpm/xcode
    builtin-SwiftPerFileCompile Data.swift
SwiftCompile normal arm64 /Users/admin/builder/spi-builder-workspace/.dependencies/checkouts/swift-snapshot-testing/Sources/SnapshotTesting/Snapshotting/Encodable.swift (in target 'SnapshotTesting' from project 'swift-snapshot-testing')
    cd /Users/admin/builder/spi-builder-workspace/.swiftpm/xcode
    builtin-SwiftPerFileCompile Encodable.swift
SwiftCompile normal arm64 /Users/admin/builder/spi-builder-workspace/.dependencies/checkouts/swift-snapshot-testing/Sources/SnapshotTesting/Snapshotting/NSBezierPath.swift (in target 'SnapshotTesting' from project 'swift-snapshot-testing')
    cd /Users/admin/builder/spi-builder-workspace/.swiftpm/xcode
    builtin-SwiftPerFileCompile NSBezierPath.swift
SwiftDriverJobDiscovery normal arm64 Compiling NSRecursiveLock.swift (in target 'CombineSchedulers' from project 'combine-schedulers')
SwiftCompile normal arm64 Compiling\ AssertSnapshot.swift,\ Async.swift,\ Internal.swift,\ PlistEncoder.swift /Users/admin/builder/spi-builder-workspace/.dependencies/checkouts/swift-snapshot-testing/Sources/SnapshotTesting/AssertSnapshot.swift /Users/admin/builder/spi-builder-workspace/.dependencies/checkouts/swift-snapshot-testing/Sources/SnapshotTesting/Async.swift /Users/admin/builder/spi-builder-workspace/.dependencies/checkouts/swift-snapshot-testing/Sources/SnapshotTesting/Common/Internal.swift /Users/admin/builder/spi-builder-workspace/.dependencies/checkouts/swift-snapshot-testing/Sources/SnapshotTesting/Common/PlistEncoder.swift (in target 'SnapshotTesting' from project 'swift-snapshot-testing')
SwiftCompile normal arm64 /Users/admin/builder/spi-builder-workspace/.dependencies/checkouts/swift-snapshot-testing/Sources/SnapshotTesting/AssertSnapshot.swift (in target 'SnapshotTesting' from project 'swift-snapshot-testing')
    cd /Users/admin/builder/spi-builder-workspace/.swiftpm/xcode
    builtin-SwiftPerFileCompile AssertSnapshot.swift
SwiftCompile normal arm64 /Users/admin/builder/spi-builder-workspace/.dependencies/checkouts/swift-snapshot-testing/Sources/SnapshotTesting/Async.swift (in target 'SnapshotTesting' from project 'swift-snapshot-testing')
    cd /Users/admin/builder/spi-builder-workspace/.swiftpm/xcode
    builtin-SwiftPerFileCompile Async.swift
SwiftCompile normal arm64 /Users/admin/builder/spi-builder-workspace/.dependencies/checkouts/swift-snapshot-testing/Sources/SnapshotTesting/Common/Internal.swift (in target 'SnapshotTesting' from project 'swift-snapshot-testing')
    cd /Users/admin/builder/spi-builder-workspace/.swiftpm/xcode
    builtin-SwiftPerFileCompile Internal.swift
SwiftCompile normal arm64 /Users/admin/builder/spi-builder-workspace/.dependencies/checkouts/swift-snapshot-testing/Sources/SnapshotTesting/Common/PlistEncoder.swift (in target 'SnapshotTesting' from project 'swift-snapshot-testing')
    cd /Users/admin/builder/spi-builder-workspace/.swiftpm/xcode
    builtin-SwiftPerFileCompile PlistEncoder.swift
SwiftDriverJobDiscovery normal arm64 Compiling Action.swift, ActionProtocol.swift, ActionStyle.swift, OpenURLAction.swift, ShowCardAction.swift (in target 'AdaptiveCard' from project 'AdaptiveCardUI')
SwiftCompile normal arm64 Compiling\ SnapshotTestingConfiguration.swift,\ SnapshotsTestTrait.swift,\ Snapshotting.swift,\ Any.swift /Users/admin/builder/spi-builder-workspace/.dependencies/checkouts/swift-snapshot-testing/Sources/SnapshotTesting/SnapshotTestingConfiguration.swift /Users/admin/builder/spi-builder-workspace/.dependencies/checkouts/swift-snapshot-testing/Sources/SnapshotTesting/SnapshotsTestTrait.swift /Users/admin/builder/spi-builder-workspace/.dependencies/checkouts/swift-snapshot-testing/Sources/SnapshotTesting/Snapshotting.swift /Users/admin/builder/spi-builder-workspace/.dependencies/checkouts/swift-snapshot-testing/Sources/SnapshotTesting/Snapshotting/Any.swift (in target 'SnapshotTesting' from project 'swift-snapshot-testing')
SwiftCompile normal arm64 /Users/admin/builder/spi-builder-workspace/.dependencies/checkouts/swift-snapshot-testing/Sources/SnapshotTesting/SnapshotTestingConfiguration.swift (in target 'SnapshotTesting' from project 'swift-snapshot-testing')
    cd /Users/admin/builder/spi-builder-workspace/.swiftpm/xcode
    builtin-SwiftPerFileCompile SnapshotTestingConfiguration.swift
SwiftCompile normal arm64 /Users/admin/builder/spi-builder-workspace/.dependencies/checkouts/swift-snapshot-testing/Sources/SnapshotTesting/SnapshotsTestTrait.swift (in target 'SnapshotTesting' from project 'swift-snapshot-testing')
    cd /Users/admin/builder/spi-builder-workspace/.swiftpm/xcode
    builtin-SwiftPerFileCompile SnapshotsTestTrait.swift
SwiftCompile normal arm64 /Users/admin/builder/spi-builder-workspace/.dependencies/checkouts/swift-snapshot-testing/Sources/SnapshotTesting/Snapshotting.swift (in target 'SnapshotTesting' from project 'swift-snapshot-testing')
    cd /Users/admin/builder/spi-builder-workspace/.swiftpm/xcode
    builtin-SwiftPerFileCompile Snapshotting.swift
SwiftCompile normal arm64 /Users/admin/builder/spi-builder-workspace/.dependencies/checkouts/swift-snapshot-testing/Sources/SnapshotTesting/Snapshotting/Any.swift (in target 'SnapshotTesting' from project 'swift-snapshot-testing')
    cd /Users/admin/builder/spi-builder-workspace/.swiftpm/xcode
    builtin-SwiftPerFileCompile Any.swift
SwiftDriverJobDiscovery normal arm64 Compiling UIScheduler.swift (in target 'CombineSchedulers' from project 'combine-schedulers')
SwiftCompile normal arm64 Compiling\ SwiftUIView.swift,\ UIBezierPath.swift,\ UIImage.swift /Users/admin/builder/spi-builder-workspace/.dependencies/checkouts/swift-snapshot-testing/Sources/SnapshotTesting/Snapshotting/SwiftUIView.swift /Users/admin/builder/spi-builder-workspace/.dependencies/checkouts/swift-snapshot-testing/Sources/SnapshotTesting/Snapshotting/UIBezierPath.swift /Users/admin/builder/spi-builder-workspace/.dependencies/checkouts/swift-snapshot-testing/Sources/SnapshotTesting/Snapshotting/UIImage.swift (in target 'SnapshotTesting' from project 'swift-snapshot-testing')
SwiftCompile normal arm64 /Users/admin/builder/spi-builder-workspace/.dependencies/checkouts/swift-snapshot-testing/Sources/SnapshotTesting/Snapshotting/SwiftUIView.swift (in target 'SnapshotTesting' from project 'swift-snapshot-testing')
    cd /Users/admin/builder/spi-builder-workspace/.swiftpm/xcode
    builtin-SwiftPerFileCompile SwiftUIView.swift
SwiftCompile normal arm64 /Users/admin/builder/spi-builder-workspace/.dependencies/checkouts/swift-snapshot-testing/Sources/SnapshotTesting/Snapshotting/UIBezierPath.swift (in target 'SnapshotTesting' from project 'swift-snapshot-testing')
    cd /Users/admin/builder/spi-builder-workspace/.swiftpm/xcode
    builtin-SwiftPerFileCompile UIBezierPath.swift
SwiftCompile normal arm64 /Users/admin/builder/spi-builder-workspace/.dependencies/checkouts/swift-snapshot-testing/Sources/SnapshotTesting/Snapshotting/UIImage.swift (in target 'SnapshotTesting' from project 'swift-snapshot-testing')
    cd /Users/admin/builder/spi-builder-workspace/.swiftpm/xcode
    builtin-SwiftPerFileCompile UIImage.swift
SwiftDriverJobDiscovery normal arm64 Compiling VAlignment.swift, ActionSet.swift, ColumnSet.swift, Container.swift, Fact.swift (in target 'AdaptiveCard' from project 'AdaptiveCardUI')
SwiftCompile normal arm64 Compiling\ SceneKit.swift,\ SpriteKit.swift,\ String.swift /Users/admin/builder/spi-builder-workspace/.dependencies/checkouts/swift-snapshot-testing/Sources/SnapshotTesting/Snapshotting/SceneKit.swift /Users/admin/builder/spi-builder-workspace/.dependencies/checkouts/swift-snapshot-testing/Sources/SnapshotTesting/Snapshotting/SpriteKit.swift /Users/admin/builder/spi-builder-workspace/.dependencies/checkouts/swift-snapshot-testing/Sources/SnapshotTesting/Snapshotting/String.swift (in target 'SnapshotTesting' from project 'swift-snapshot-testing')
SwiftCompile normal arm64 /Users/admin/builder/spi-builder-workspace/.dependencies/checkouts/swift-snapshot-testing/Sources/SnapshotTesting/Snapshotting/SceneKit.swift (in target 'SnapshotTesting' from project 'swift-snapshot-testing')
    cd /Users/admin/builder/spi-builder-workspace/.swiftpm/xcode
    builtin-SwiftPerFileCompile SceneKit.swift
SwiftCompile normal arm64 /Users/admin/builder/spi-builder-workspace/.dependencies/checkouts/swift-snapshot-testing/Sources/SnapshotTesting/Snapshotting/SpriteKit.swift (in target 'SnapshotTesting' from project 'swift-snapshot-testing')
    cd /Users/admin/builder/spi-builder-workspace/.swiftpm/xcode
    builtin-SwiftPerFileCompile SpriteKit.swift
SwiftCompile normal arm64 /Users/admin/builder/spi-builder-workspace/.dependencies/checkouts/swift-snapshot-testing/Sources/SnapshotTesting/Snapshotting/String.swift (in target 'SnapshotTesting' from project 'swift-snapshot-testing')
    cd /Users/admin/builder/spi-builder-workspace/.swiftpm/xcode
    builtin-SwiftPerFileCompile String.swift
SwiftDriverJobDiscovery normal arm64 Emitting module for CombineSchedulers (in target 'CombineSchedulers' from project 'combine-schedulers')
SwiftDriver\ Compilation\ Requirements CombineSchedulers normal arm64 com.apple.xcode.tools.swift.compiler (in target 'CombineSchedulers' from project 'combine-schedulers')
    cd /Users/admin/builder/spi-builder-workspace/.swiftpm/xcode
    builtin-Swift-Compilation-Requirements -- /Applications/Xcode-27.0.0-Release.Candidate.app/Contents/Developer/Toolchains/XcodeDefault.xctoolchain/usr/bin/swiftc -parse-as-library -module-name CombineSchedulers -Onone @/Users/admin/builder/spi-builder-workspace/.derivedData/Build/Intermediates.noindex/combine-schedulers.build/Debug-xros/CombineSchedulers-t.build/Objects-normal/arm64/CombineSchedulers.SwiftFileList -DSWIFT_PACKAGE -DDEBUG -DSWIFT_MODULE_RESOURCE_BUNDLE_UNAVAILABLE -DXcode -plugin-path /Applications/Xcode-27.0.0-Release.Candidate.app/Contents/Developer/Toolchains/XcodeDefault.xctoolchain/usr/lib/swift/host/plugins/testing -enable-experimental-feature DebugDescriptionMacro -sdk /Applications/Xcode-27.0.0-Release.Candidate.app/Contents/Developer/Platforms/XROS.platform/Developer/SDKs/XROS27.0.sdk -target arm64-apple-xros1.0 -g -module-cache-path /Users/admin/builder/spi-builder-workspace/.derivedData/ModuleCache.noindex -Xfrontend -serialize-debugging-options -enable-testing -suppress-warnings -index-store-path /Users/admin/builder/spi-builder-workspace/.derivedData/Index.noindex/DataStore -Xcc -D_LIBCPP_HARDENING_MODE\=_LIBCPP_HARDENING_MODE_DEBUG -swift-version 5 -I /Users/admin/builder/spi-builder-workspace/.derivedData/Build/Products/Debug-xros -Isystem /Applications/Xcode-27.0.0-Release.Candidate.app/Contents/Developer/Platforms/XROS.platform/Developer/usr/lib -F /Users/admin/builder/spi-builder-workspace/.derivedData/Build/Products/Debug-xros/PackageFrameworks -F /Users/admin/builder/spi-builder-workspace/.derivedData/Build/Products/Debug-xros -F /Applications/Xcode-27.0.0-Release.Candidate.app/Contents/Developer/Platforms/XROS.platform/Developer/Library/Frameworks -F /Applications/Xcode-27.0.0-Release.Candidate.app/Contents/Developer/Platforms/XROS.platform/Developer/SDKs/XROS27.0.sdk/Developer/Library/Frameworks -c -j10 -enable-batch-mode -incremental -Xcc -ivfsstatcache -Xcc /Users/admin/builder/spi-builder-workspace/.derivedData/SDKStatCaches.noindex/xros27.0-24M361-e829b21a6f8c9b70876ba0858053c044735bd543db762f57723cac368afd1ce4.sdkstatcache -output-file-map /Users/admin/builder/spi-builder-workspace/.derivedData/Build/Intermediates.noindex/combine-schedulers.build/Debug-xros/CombineSchedulers-t.build/Objects-normal/arm64/CombineSchedulers-OutputFileMap.json -save-temps -no-color-diagnostics -explicit-module-build -module-cache-path /Users/admin/builder/spi-builder-workspace/.derivedData/Build/Intermediates.noindex/SwiftExplicitPrecompiledModules -clang-scanner-module-cache-path /Users/admin/builder/spi-builder-workspace/.derivedData/ModuleCache.noindex -sdk-module-cache-path /Users/admin/builder/spi-builder-workspace/.derivedData/SDKExplicitPrecompiledModules -emit-dependencies -emit-module -emit-module-path /Users/admin/builder/spi-builder-workspace/.derivedData/Build/Intermediates.noindex/combine-schedulers.build/Debug-xros/CombineSchedulers-t.build/Objects-normal/arm64/CombineSchedulers.swiftmodule -serialize-diagnostics -dependency-scan-serialize-diagnostics-path /Users/admin/builder/spi-builder-workspace/.derivedData/Build/Intermediates.noindex/combine-schedulers.build/Debug-xros/CombineSchedulers-t.build/Objects-normal/arm64/CombineSchedulers-dependency-scan.dia -validate-clang-modules-once -clang-build-session-file /Users/admin/builder/spi-builder-workspace/.derivedData/ModuleCache.noindex/Session.modulevalidation -Xcc -fmodules-prune-interval\=86400 -Xcc -fmodules-prune-after\=345600 -emit-const-values -const-gather-protocols-list /Users/admin/builder/spi-builder-workspace/.derivedData/Build/Intermediates.noindex/combine-schedulers.build/Debug-xros/CombineSchedulers-t.build/Objects-normal/arm64/CombineSchedulers_const_extract_protocols.json -Xcc -I/Users/admin/builder/spi-builder-workspace/.derivedData/Build/Products/Debug-xros/include -Xcc -I/Users/admin/builder/spi-builder-workspace/.derivedData/Build/Intermediates.noindex/combine-schedulers.build/Debug-xros/CombineSchedulers-t.build/DerivedSources-normal/arm64 -Xcc -I/Users/admin/builder/spi-builder-workspace/.derivedData/Build/Intermediates.noindex/combine-schedulers.build/Debug-xros/CombineSchedulers-t.build/DerivedSources/arm64 -Xcc -I/Users/admin/builder/spi-builder-workspace/.derivedData/Build/Intermediates.noindex/combine-schedulers.build/Debug-xros/CombineSchedulers-t.build/DerivedSources -Xcc -DSWIFT_PACKAGE -Xcc -DDEBUG\=1 -emit-objc-header -emit-objc-header-path /Users/admin/builder/spi-builder-workspace/.derivedData/Build/Intermediates.noindex/combine-schedulers.build/Debug-xros/CombineSchedulers-t.build/Objects-normal/arm64/CombineSchedulers-Swift.h -working-directory /Users/admin/builder/spi-builder-workspace/.swiftpm/xcode -experimental-emit-module-separately -disable-cmo
SwiftDriverJobDiscovery normal arm64 Compiling TestScheduler.swift (in target 'CombineSchedulers' from project 'combine-schedulers')
SwiftCompile normal arm64 Compiling\ CALayer.swift,\ CGPath.swift,\ CaseIterable.swift /Users/admin/builder/spi-builder-workspace/.dependencies/checkouts/swift-snapshot-testing/Sources/SnapshotTesting/Snapshotting/CALayer.swift /Users/admin/builder/spi-builder-workspace/.dependencies/checkouts/swift-snapshot-testing/Sources/SnapshotTesting/Snapshotting/CGPath.swift /Users/admin/builder/spi-builder-workspace/.dependencies/checkouts/swift-snapshot-testing/Sources/SnapshotTesting/Snapshotting/CaseIterable.swift (in target 'SnapshotTesting' from project 'swift-snapshot-testing')
SwiftCompile normal arm64 /Users/admin/builder/spi-builder-workspace/.dependencies/checkouts/swift-snapshot-testing/Sources/SnapshotTesting/Snapshotting/CALayer.swift (in target 'SnapshotTesting' from project 'swift-snapshot-testing')
    cd /Users/admin/builder/spi-builder-workspace/.swiftpm/xcode
    builtin-SwiftPerFileCompile CALayer.swift
SwiftCompile normal arm64 /Users/admin/builder/spi-builder-workspace/.dependencies/checkouts/swift-snapshot-testing/Sources/SnapshotTesting/Snapshotting/CGPath.swift (in target 'SnapshotTesting' from project 'swift-snapshot-testing')
    cd /Users/admin/builder/spi-builder-workspace/.swiftpm/xcode
    builtin-SwiftPerFileCompile CGPath.swift
SwiftCompile normal arm64 /Users/admin/builder/spi-builder-workspace/.dependencies/checkouts/swift-snapshot-testing/Sources/SnapshotTesting/Snapshotting/CaseIterable.swift (in target 'SnapshotTesting' from project 'swift-snapshot-testing')
    cd /Users/admin/builder/spi-builder-workspace/.swiftpm/xcode
    builtin-SwiftPerFileCompile CaseIterable.swift
SwiftMergeGeneratedHeaders /Users/admin/builder/spi-builder-workspace/.derivedData/Build/Intermediates.noindex/GeneratedModuleMaps-xros/CombineSchedulers-Swift.h /Users/admin/builder/spi-builder-workspace/.derivedData/Build/Intermediates.noindex/combine-schedulers.build/Debug-xros/CombineSchedulers-t.build/Objects-normal/arm64/CombineSchedulers-Swift.h (in target 'CombineSchedulers' from project 'combine-schedulers')
    cd /Users/admin/builder/spi-builder-workspace/.dependencies/checkouts/combine-schedulers
    builtin-swiftHeaderTool -arch arm64 /Users/admin/builder/spi-builder-workspace/.derivedData/Build/Intermediates.noindex/combine-schedulers.build/Debug-xros/CombineSchedulers-t.build/Objects-normal/arm64/CombineSchedulers-Swift.h -o /Users/admin/builder/spi-builder-workspace/.derivedData/Build/Intermediates.noindex/GeneratedModuleMaps-xros/CombineSchedulers-Swift.h
SwiftDriverJobDiscovery normal arm64 Compiling Timer.swift (in target 'CombineSchedulers' from project 'combine-schedulers')
Copy /Users/admin/builder/spi-builder-workspace/.derivedData/Build/Products/Debug-xros/CombineSchedulers.swiftmodule/arm64-apple-xros.swiftmodule /Users/admin/builder/spi-builder-workspace/.derivedData/Build/Intermediates.noindex/combine-schedulers.build/Debug-xros/CombineSchedulers-t.build/Objects-normal/arm64/CombineSchedulers.swiftmodule (in target 'CombineSchedulers' from project 'combine-schedulers')
    cd /Users/admin/builder/spi-builder-workspace/.dependencies/checkouts/combine-schedulers
    builtin-copy -exclude .DS_Store -exclude CVS -exclude .svn -exclude .git -exclude .hg -resolve-src-symlinks -rename /Users/admin/builder/spi-builder-workspace/.derivedData/Build/Intermediates.noindex/combine-schedulers.build/Debug-xros/CombineSchedulers-t.build/Objects-normal/arm64/CombineSchedulers.swiftmodule /Users/admin/builder/spi-builder-workspace/.derivedData/Build/Products/Debug-xros/CombineSchedulers.swiftmodule/arm64-apple-xros.swiftmodule
Copy /Users/admin/builder/spi-builder-workspace/.derivedData/Build/Products/Debug-xros/CombineSchedulers.swiftmodule/arm64-apple-xros.swiftdoc /Users/admin/builder/spi-builder-workspace/.derivedData/Build/Intermediates.noindex/combine-schedulers.build/Debug-xros/CombineSchedulers-t.build/Objects-normal/arm64/CombineSchedulers.swiftdoc (in target 'CombineSchedulers' from project 'combine-schedulers')
    cd /Users/admin/builder/spi-builder-workspace/.dependencies/checkouts/combine-schedulers
    builtin-copy -exclude .DS_Store -exclude CVS -exclude .svn -exclude .git -exclude .hg -resolve-src-symlinks -rename /Users/admin/builder/spi-builder-workspace/.derivedData/Build/Intermediates.noindex/combine-schedulers.build/Debug-xros/CombineSchedulers-t.build/Objects-normal/arm64/CombineSchedulers.swiftdoc /Users/admin/builder/spi-builder-workspace/.derivedData/Build/Products/Debug-xros/CombineSchedulers.swiftmodule/arm64-apple-xros.swiftdoc
Copy /Users/admin/builder/spi-builder-workspace/.derivedData/Build/Products/Debug-xros/CombineSchedulers.swiftmodule/arm64-apple-xros.abi.json /Users/admin/builder/spi-builder-workspace/.derivedData/Build/Intermediates.noindex/combine-schedulers.build/Debug-xros/CombineSchedulers-t.build/Objects-normal/arm64/CombineSchedulers.abi.json (in target 'CombineSchedulers' from project 'combine-schedulers')
    cd /Users/admin/builder/spi-builder-workspace/.dependencies/checkouts/combine-schedulers
    builtin-copy -exclude .DS_Store -exclude CVS -exclude .svn -exclude .git -exclude .hg -resolve-src-symlinks -rename /Users/admin/builder/spi-builder-workspace/.derivedData/Build/Intermediates.noindex/combine-schedulers.build/Debug-xros/CombineSchedulers-t.build/Objects-normal/arm64/CombineSchedulers.abi.json /Users/admin/builder/spi-builder-workspace/.derivedData/Build/Products/Debug-xros/CombineSchedulers.swiftmodule/arm64-apple-xros.abi.json
Copy /Users/admin/builder/spi-builder-workspace/.derivedData/Build/Products/Debug-xros/CombineSchedulers.swiftmodule/Project/arm64-apple-xros.swiftsourceinfo /Users/admin/builder/spi-builder-workspace/.derivedData/Build/Intermediates.noindex/combine-schedulers.build/Debug-xros/CombineSchedulers-t.build/Objects-normal/arm64/CombineSchedulers.swiftsourceinfo (in target 'CombineSchedulers' from project 'combine-schedulers')
    cd /Users/admin/builder/spi-builder-workspace/.dependencies/checkouts/combine-schedulers
    builtin-copy -exclude .DS_Store -exclude CVS -exclude .svn -exclude .git -exclude .hg -resolve-src-symlinks -rename /Users/admin/builder/spi-builder-workspace/.derivedData/Build/Intermediates.noindex/combine-schedulers.build/Debug-xros/CombineSchedulers-t.build/Objects-normal/arm64/CombineSchedulers.swiftsourceinfo /Users/admin/builder/spi-builder-workspace/.derivedData/Build/Products/Debug-xros/CombineSchedulers.swiftmodule/Project/arm64-apple-xros.swiftsourceinfo
SwiftCompile normal arm64 Compiling\ String+SpecialCharacters.swift,\ View.swift,\ XCTAttachment.swift,\ Diff.swift /Users/admin/builder/spi-builder-workspace/.dependencies/checkouts/swift-snapshot-testing/Sources/SnapshotTesting/Common/String+SpecialCharacters.swift /Users/admin/builder/spi-builder-workspace/.dependencies/checkouts/swift-snapshot-testing/Sources/SnapshotTesting/Common/View.swift /Users/admin/builder/spi-builder-workspace/.dependencies/checkouts/swift-snapshot-testing/Sources/SnapshotTesting/Common/XCTAttachment.swift /Users/admin/builder/spi-builder-workspace/.dependencies/checkouts/swift-snapshot-testing/Sources/SnapshotTesting/Diff.swift (in target 'SnapshotTesting' from project 'swift-snapshot-testing')
SwiftCompile normal arm64 /Users/admin/builder/spi-builder-workspace/.dependencies/checkouts/swift-snapshot-testing/Sources/SnapshotTesting/Common/String+SpecialCharacters.swift (in target 'SnapshotTesting' from project 'swift-snapshot-testing')
    cd /Users/admin/builder/spi-builder-workspace/.swiftpm/xcode
    builtin-SwiftPerFileCompile String+SpecialCharacters.swift
SwiftCompile normal arm64 /Users/admin/builder/spi-builder-workspace/.dependencies/checkouts/swift-snapshot-testing/Sources/SnapshotTesting/Common/View.swift (in target 'SnapshotTesting' from project 'swift-snapshot-testing')
    cd /Users/admin/builder/spi-builder-workspace/.swiftpm/xcode
    builtin-SwiftPerFileCompile View.swift
SwiftCompile normal arm64 /Users/admin/builder/spi-builder-workspace/.dependencies/checkouts/swift-snapshot-testing/Sources/SnapshotTesting/Common/XCTAttachment.swift (in target 'SnapshotTesting' from project 'swift-snapshot-testing')
    cd /Users/admin/builder/spi-builder-workspace/.swiftpm/xcode
    builtin-SwiftPerFileCompile XCTAttachment.swift
SwiftCompile normal arm64 /Users/admin/builder/spi-builder-workspace/.dependencies/checkouts/swift-snapshot-testing/Sources/SnapshotTesting/Diff.swift (in target 'SnapshotTesting' from project 'swift-snapshot-testing')
    cd /Users/admin/builder/spi-builder-workspace/.swiftpm/xcode
    builtin-SwiftPerFileCompile Diff.swift
SwiftCompile normal arm64 Compiling\ NSImage.swift,\ NSView.swift,\ NSViewController.swift /Users/admin/builder/spi-builder-workspace/.dependencies/checkouts/swift-snapshot-testing/Sources/SnapshotTesting/Snapshotting/NSImage.swift /Users/admin/builder/spi-builder-workspace/.dependencies/checkouts/swift-snapshot-testing/Sources/SnapshotTesting/Snapshotting/NSView.swift /Users/admin/builder/spi-builder-workspace/.dependencies/checkouts/swift-snapshot-testing/Sources/SnapshotTesting/Snapshotting/NSViewController.swift (in target 'SnapshotTesting' from project 'swift-snapshot-testing')
SwiftCompile normal arm64 /Users/admin/builder/spi-builder-workspace/.dependencies/checkouts/swift-snapshot-testing/Sources/SnapshotTesting/Snapshotting/NSImage.swift (in target 'SnapshotTesting' from project 'swift-snapshot-testing')
    cd /Users/admin/builder/spi-builder-workspace/.swiftpm/xcode
    builtin-SwiftPerFileCompile NSImage.swift
SwiftCompile normal arm64 /Users/admin/builder/spi-builder-workspace/.dependencies/checkouts/swift-snapshot-testing/Sources/SnapshotTesting/Snapshotting/NSView.swift (in target 'SnapshotTesting' from project 'swift-snapshot-testing')
    cd /Users/admin/builder/spi-builder-workspace/.swiftpm/xcode
    builtin-SwiftPerFileCompile NSView.swift
SwiftCompile normal arm64 /Users/admin/builder/spi-builder-workspace/.dependencies/checkouts/swift-snapshot-testing/Sources/SnapshotTesting/Snapshotting/NSViewController.swift (in target 'SnapshotTesting' from project 'swift-snapshot-testing')
    cd /Users/admin/builder/spi-builder-workspace/.swiftpm/xcode
    builtin-SwiftPerFileCompile NSViewController.swift
SwiftDriverJobDiscovery normal arm64 Compiling UIView.swift, UIViewController.swift, URLRequest.swift (in target 'SnapshotTesting' from project 'swift-snapshot-testing')
SwiftCompile normal arm64 Compiling\ Diffing.swift,\ Wait.swift,\ Deprecations.swift,\ RecordIssue.swift /Users/admin/builder/spi-builder-workspace/.dependencies/checkouts/swift-snapshot-testing/Sources/SnapshotTesting/Diffing.swift /Users/admin/builder/spi-builder-workspace/.dependencies/checkouts/swift-snapshot-testing/Sources/SnapshotTesting/Extensions/Wait.swift /Users/admin/builder/spi-builder-workspace/.dependencies/checkouts/swift-snapshot-testing/Sources/SnapshotTesting/Internal/Deprecations.swift /Users/admin/builder/spi-builder-workspace/.dependencies/checkouts/swift-snapshot-testing/Sources/SnapshotTesting/Internal/RecordIssue.swift (in target 'SnapshotTesting' from project 'swift-snapshot-testing')
SwiftCompile normal arm64 /Users/admin/builder/spi-builder-workspace/.dependencies/checkouts/swift-snapshot-testing/Sources/SnapshotTesting/Diffing.swift (in target 'SnapshotTesting' from project 'swift-snapshot-testing')
    cd /Users/admin/builder/spi-builder-workspace/.swiftpm/xcode
    builtin-SwiftPerFileCompile Diffing.swift
SwiftCompile normal arm64 /Users/admin/builder/spi-builder-workspace/.dependencies/checkouts/swift-snapshot-testing/Sources/SnapshotTesting/Extensions/Wait.swift (in target 'SnapshotTesting' from project 'swift-snapshot-testing')
    cd /Users/admin/builder/spi-builder-workspace/.swiftpm/xcode
    builtin-SwiftPerFileCompile Wait.swift
SwiftCompile normal arm64 /Users/admin/builder/spi-builder-workspace/.dependencies/checkouts/swift-snapshot-testing/Sources/SnapshotTesting/Internal/Deprecations.swift (in target 'SnapshotTesting' from project 'swift-snapshot-testing')
    cd /Users/admin/builder/spi-builder-workspace/.swiftpm/xcode
    builtin-SwiftPerFileCompile Deprecations.swift
SwiftCompile normal arm64 /Users/admin/builder/spi-builder-workspace/.dependencies/checkouts/swift-snapshot-testing/Sources/SnapshotTesting/Internal/RecordIssue.swift (in target 'SnapshotTesting' from project 'swift-snapshot-testing')
    cd /Users/admin/builder/spi-builder-workspace/.swiftpm/xcode
    builtin-SwiftPerFileCompile RecordIssue.swift
SwiftDriverJobDiscovery normal arm64 Compiling CALayer.swift, CGPath.swift, CaseIterable.swift (in target 'SnapshotTesting' from project 'swift-snapshot-testing')
SwiftCompile normal arm64 Compiling\ ImmediateScheduler.swift,\ Deprecations.swift /Users/admin/builder/spi-builder-workspace/.dependencies/checkouts/combine-schedulers/Sources/CombineSchedulers/ImmediateScheduler.swift /Users/admin/builder/spi-builder-workspace/.dependencies/checkouts/combine-schedulers/Sources/CombineSchedulers/Internal/Deprecations.swift (in target 'CombineSchedulers' from project 'combine-schedulers')
SwiftCompile normal arm64 /Users/admin/builder/spi-builder-workspace/.dependencies/checkouts/combine-schedulers/Sources/CombineSchedulers/ImmediateScheduler.swift (in target 'CombineSchedulers' from project 'combine-schedulers')
    cd /Users/admin/builder/spi-builder-workspace/.swiftpm/xcode
    builtin-SwiftPerFileCompile ImmediateScheduler.swift
SwiftCompile normal arm64 /Users/admin/builder/spi-builder-workspace/.dependencies/checkouts/combine-schedulers/Sources/CombineSchedulers/Internal/Deprecations.swift (in target 'CombineSchedulers' from project 'combine-schedulers')
    cd /Users/admin/builder/spi-builder-workspace/.swiftpm/xcode
    builtin-SwiftPerFileCompile Deprecations.swift
SwiftDriverJobDiscovery normal arm64 Compiling NSImage.swift, NSView.swift, NSViewController.swift (in target 'SnapshotTesting' from project 'swift-snapshot-testing')
SwiftDriverJobDiscovery normal arm64 Emitting module for SnapshotTesting (in target 'SnapshotTesting' from project 'swift-snapshot-testing')
SwiftCompile normal arm64 Compiling\ Lock.swift /Users/admin/builder/spi-builder-workspace/.dependencies/checkouts/combine-schedulers/Sources/CombineSchedulers/Internal/Lock.swift (in target 'CombineSchedulers' from project 'combine-schedulers')
SwiftCompile normal arm64 /Users/admin/builder/spi-builder-workspace/.dependencies/checkouts/combine-schedulers/Sources/CombineSchedulers/Internal/Lock.swift (in target 'CombineSchedulers' from project 'combine-schedulers')
    cd /Users/admin/builder/spi-builder-workspace/.swiftpm/xcode
    builtin-SwiftPerFileCompile Lock.swift
SwiftDriver\ Compilation\ Requirements SnapshotTesting normal arm64 com.apple.xcode.tools.swift.compiler (in target 'SnapshotTesting' from project 'swift-snapshot-testing')
    cd /Users/admin/builder/spi-builder-workspace/.swiftpm/xcode
    builtin-Swift-Compilation-Requirements -- /Applications/Xcode-27.0.0-Release.Candidate.app/Contents/Developer/Toolchains/XcodeDefault.xctoolchain/usr/bin/swiftc -parse-as-library -module-name SnapshotTesting -Onone @/Users/admin/builder/spi-builder-workspace/.derivedData/Build/Intermediates.noindex/swift-snapshot-testing.build/Debug-xros/SnapshotTesting-t.build/Objects-normal/arm64/SnapshotTesting.SwiftFileList -DSWIFT_PACKAGE -DDEBUG -DSWIFT_MODULE_RESOURCE_BUNDLE_UNAVAILABLE -DXcode -plugin-path /Applications/Xcode-27.0.0-Release.Candidate.app/Contents/Developer/Toolchains/XcodeDefault.xctoolchain/usr/lib/swift/host/plugins/testing -enable-experimental-feature DebugDescriptionMacro -sdk /Applications/Xcode-27.0.0-Release.Candidate.app/Contents/Developer/Platforms/XROS.platform/Developer/SDKs/XROS27.0.sdk -target arm64-apple-xros1.0 -g -module-cache-path /Users/admin/builder/spi-builder-workspace/.derivedData/ModuleCache.noindex -Xfrontend -serialize-debugging-options -enable-testing -suppress-warnings -index-store-path /Users/admin/builder/spi-builder-workspace/.derivedData/Index.noindex/DataStore -Xcc -D_LIBCPP_HARDENING_MODE\=_LIBCPP_HARDENING_MODE_DEBUG -swift-version 5 -I /Users/admin/builder/spi-builder-workspace/.derivedData/Build/Products/Debug-xros -Isystem /Applications/Xcode-27.0.0-Release.Candidate.app/Contents/Developer/Platforms/XROS.platform/Developer/usr/lib -F /Users/admin/builder/spi-builder-workspace/.derivedData/Build/Products/Debug-xros -F /Applications/Xcode-27.0.0-Release.Candidate.app/Contents/Developer/Platforms/XROS.platform/Developer/Library/Frameworks -F /Applications/Xcode-27.0.0-Release.Candidate.app/Contents/Developer/Platforms/XROS.platform/Developer/SDKs/XROS27.0.sdk/Developer/Library/Frameworks -c -j10 -enable-batch-mode -incremental -Xcc -ivfsstatcache -Xcc /Users/admin/builder/spi-builder-workspace/.derivedData/SDKStatCaches.noindex/xros27.0-24M361-e829b21a6f8c9b70876ba0858053c044735bd543db762f57723cac368afd1ce4.sdkstatcache -output-file-map /Users/admin/builder/spi-builder-workspace/.derivedData/Build/Intermediates.noindex/swift-snapshot-testing.build/Debug-xros/SnapshotTesting-t.build/Objects-normal/arm64/SnapshotTesting-OutputFileMap.json -save-temps -no-color-diagnostics -explicit-module-build -module-cache-path /Users/admin/builder/spi-builder-workspace/.derivedData/Build/Intermediates.noindex/SwiftExplicitPrecompiledModules -clang-scanner-module-cache-path /Users/admin/builder/spi-builder-workspace/.derivedData/ModuleCache.noindex -sdk-module-cache-path /Users/admin/builder/spi-builder-workspace/.derivedData/SDKExplicitPrecompiledModules -emit-dependencies -emit-module -emit-module-path /Users/admin/builder/spi-builder-workspace/.derivedData/Build/Intermediates.noindex/swift-snapshot-testing.build/Debug-xros/SnapshotTesting-t.build/Objects-normal/arm64/SnapshotTesting.swiftmodule -serialize-diagnostics -dependency-scan-serialize-diagnostics-path /Users/admin/builder/spi-builder-workspace/.derivedData/Build/Intermediates.noindex/swift-snapshot-testing.build/Debug-xros/SnapshotTesting-t.build/Objects-normal/arm64/SnapshotTesting-dependency-scan.dia -user-module-version 1.19.5 -validate-clang-modules-once -clang-build-session-file /Users/admin/builder/spi-builder-workspace/.derivedData/ModuleCache.noindex/Session.modulevalidation -Xcc -fmodules-prune-interval\=86400 -Xcc -fmodules-prune-after\=345600 -package-name swift_snapshot_testing -emit-const-values -const-gather-protocols-list /Users/admin/builder/spi-builder-workspace/.derivedData/Build/Intermediates.noindex/swift-snapshot-testing.build/Debug-xros/SnapshotTesting-t.build/Objects-normal/arm64/SnapshotTesting_const_extract_protocols.json -Xcc -I/Users/admin/builder/spi-builder-workspace/.derivedData/Build/Products/Debug-xros/include -Xcc -I/Users/admin/builder/spi-builder-workspace/.derivedData/Build/Intermediates.noindex/swift-snapshot-testing.build/Debug-xros/SnapshotTesting-t.build/DerivedSources-normal/arm64 -Xcc -I/Users/admin/builder/spi-builder-workspace/.derivedData/Build/Intermediates.noindex/swift-snapshot-testing.build/Debug-xros/SnapshotTesting-t.build/DerivedSources/arm64 -Xcc -I/Users/admin/builder/spi-builder-workspace/.derivedData/Build/Intermediates.noindex/swift-snapshot-testing.build/Debug-xros/SnapshotTesting-t.build/DerivedSources -Xcc -DSWIFT_PACKAGE -Xcc -DDEBUG\=1 -emit-objc-header -emit-objc-header-path /Users/admin/builder/spi-builder-workspace/.derivedData/Build/Intermediates.noindex/swift-snapshot-testing.build/Debug-xros/SnapshotTesting-t.build/Objects-normal/arm64/SnapshotTesting-Swift.h -working-directory /Users/admin/builder/spi-builder-workspace/.swiftpm/xcode -experimental-emit-module-separately -disable-cmo
SwiftDriverJobDiscovery normal arm64 Compiling String+SpecialCharacters.swift, View.swift, XCTAttachment.swift, Diff.swift (in target 'SnapshotTesting' from project 'swift-snapshot-testing')
SwiftCompile normal arm64 Compiling\ AnyScheduler.swift,\ Concurrency.swift /Users/admin/builder/spi-builder-workspace/.dependencies/checkouts/combine-schedulers/Sources/CombineSchedulers/AnyScheduler.swift /Users/admin/builder/spi-builder-workspace/.dependencies/checkouts/combine-schedulers/Sources/CombineSchedulers/Concurrency.swift (in target 'CombineSchedulers' from project 'combine-schedulers')
SwiftCompile normal arm64 /Users/admin/builder/spi-builder-workspace/.dependencies/checkouts/combine-schedulers/Sources/CombineSchedulers/AnyScheduler.swift (in target 'CombineSchedulers' from project 'combine-schedulers')
    cd /Users/admin/builder/spi-builder-workspace/.swiftpm/xcode
    builtin-SwiftPerFileCompile AnyScheduler.swift
SwiftCompile normal arm64 /Users/admin/builder/spi-builder-workspace/.dependencies/checkouts/combine-schedulers/Sources/CombineSchedulers/Concurrency.swift (in target 'CombineSchedulers' from project 'combine-schedulers')
    cd /Users/admin/builder/spi-builder-workspace/.swiftpm/xcode
    builtin-SwiftPerFileCompile Concurrency.swift
SwiftMergeGeneratedHeaders /Users/admin/builder/spi-builder-workspace/.derivedData/Build/Intermediates.noindex/GeneratedModuleMaps-xros/SnapshotTesting-Swift.h /Users/admin/builder/spi-builder-workspace/.derivedData/Build/Intermediates.noindex/swift-snapshot-testing.build/Debug-xros/SnapshotTesting-t.build/Objects-normal/arm64/SnapshotTesting-Swift.h (in target 'SnapshotTesting' from project 'swift-snapshot-testing')
    cd /Users/admin/builder/spi-builder-workspace/.dependencies/checkouts/swift-snapshot-testing
    builtin-swiftHeaderTool -arch arm64 /Users/admin/builder/spi-builder-workspace/.derivedData/Build/Intermediates.noindex/swift-snapshot-testing.build/Debug-xros/SnapshotTesting-t.build/Objects-normal/arm64/SnapshotTesting-Swift.h -o /Users/admin/builder/spi-builder-workspace/.derivedData/Build/Intermediates.noindex/GeneratedModuleMaps-xros/SnapshotTesting-Swift.h
SwiftDriverJobDiscovery normal arm64 Compiling Lock.swift (in target 'CombineSchedulers' from project 'combine-schedulers')
Copy /Users/admin/builder/spi-builder-workspace/.derivedData/Build/Products/Debug-xros/SnapshotTesting.swiftmodule/arm64-apple-xros.swiftmodule /Users/admin/builder/spi-builder-workspace/.derivedData/Build/Intermediates.noindex/swift-snapshot-testing.build/Debug-xros/SnapshotTesting-t.build/Objects-normal/arm64/SnapshotTesting.swiftmodule (in target 'SnapshotTesting' from project 'swift-snapshot-testing')
    cd /Users/admin/builder/spi-builder-workspace/.dependencies/checkouts/swift-snapshot-testing
    builtin-copy -exclude .DS_Store -exclude CVS -exclude .svn -exclude .git -exclude .hg -resolve-src-symlinks -rename /Users/admin/builder/spi-builder-workspace/.derivedData/Build/Intermediates.noindex/swift-snapshot-testing.build/Debug-xros/SnapshotTesting-t.build/Objects-normal/arm64/SnapshotTesting.swiftmodule /Users/admin/builder/spi-builder-workspace/.derivedData/Build/Products/Debug-xros/SnapshotTesting.swiftmodule/arm64-apple-xros.swiftmodule
Copy /Users/admin/builder/spi-builder-workspace/.derivedData/Build/Products/Debug-xros/SnapshotTesting.swiftmodule/arm64-apple-xros.swiftdoc /Users/admin/builder/spi-builder-workspace/.derivedData/Build/Intermediates.noindex/swift-snapshot-testing.build/Debug-xros/SnapshotTesting-t.build/Objects-normal/arm64/SnapshotTesting.swiftdoc (in target 'SnapshotTesting' from project 'swift-snapshot-testing')
    cd /Users/admin/builder/spi-builder-workspace/.dependencies/checkouts/swift-snapshot-testing
    builtin-copy -exclude .DS_Store -exclude CVS -exclude .svn -exclude .git -exclude .hg -resolve-src-symlinks -rename /Users/admin/builder/spi-builder-workspace/.derivedData/Build/Intermediates.noindex/swift-snapshot-testing.build/Debug-xros/SnapshotTesting-t.build/Objects-normal/arm64/SnapshotTesting.swiftdoc /Users/admin/builder/spi-builder-workspace/.derivedData/Build/Products/Debug-xros/SnapshotTesting.swiftmodule/arm64-apple-xros.swiftdoc
Copy /Users/admin/builder/spi-builder-workspace/.derivedData/Build/Products/Debug-xros/SnapshotTesting.swiftmodule/arm64-apple-xros.abi.json /Users/admin/builder/spi-builder-workspace/.derivedData/Build/Intermediates.noindex/swift-snapshot-testing.build/Debug-xros/SnapshotTesting-t.build/Objects-normal/arm64/SnapshotTesting.abi.json (in target 'SnapshotTesting' from project 'swift-snapshot-testing')
    cd /Users/admin/builder/spi-builder-workspace/.dependencies/checkouts/swift-snapshot-testing
    builtin-copy -exclude .DS_Store -exclude CVS -exclude .svn -exclude .git -exclude .hg -resolve-src-symlinks -rename /Users/admin/builder/spi-builder-workspace/.derivedData/Build/Intermediates.noindex/swift-snapshot-testing.build/Debug-xros/SnapshotTesting-t.build/Objects-normal/arm64/SnapshotTesting.abi.json /Users/admin/builder/spi-builder-workspace/.derivedData/Build/Products/Debug-xros/SnapshotTesting.swiftmodule/arm64-apple-xros.abi.json
Copy /Users/admin/builder/spi-builder-workspace/.derivedData/Build/Products/Debug-xros/SnapshotTesting.swiftmodule/Project/arm64-apple-xros.swiftsourceinfo /Users/admin/builder/spi-builder-workspace/.derivedData/Build/Intermediates.noindex/swift-snapshot-testing.build/Debug-xros/SnapshotTesting-t.build/Objects-normal/arm64/SnapshotTesting.swiftsourceinfo (in target 'SnapshotTesting' from project 'swift-snapshot-testing')
    cd /Users/admin/builder/spi-builder-workspace/.dependencies/checkouts/swift-snapshot-testing
    builtin-copy -exclude .DS_Store -exclude CVS -exclude .svn -exclude .git -exclude .hg -resolve-src-symlinks -rename /Users/admin/builder/spi-builder-workspace/.derivedData/Build/Intermediates.noindex/swift-snapshot-testing.build/Debug-xros/SnapshotTesting-t.build/Objects-normal/arm64/SnapshotTesting.swiftsourceinfo /Users/admin/builder/spi-builder-workspace/.derivedData/Build/Products/Debug-xros/SnapshotTesting.swiftmodule/Project/arm64-apple-xros.swiftsourceinfo
SwiftCompile normal arm64 Compiling\ UnimplementedScheduler.swift /Users/admin/builder/spi-builder-workspace/.dependencies/checkouts/combine-schedulers/Sources/CombineSchedulers/UnimplementedScheduler.swift (in target 'CombineSchedulers' from project 'combine-schedulers')
SwiftCompile normal arm64 /Users/admin/builder/spi-builder-workspace/.dependencies/checkouts/combine-schedulers/Sources/CombineSchedulers/UnimplementedScheduler.swift (in target 'CombineSchedulers' from project 'combine-schedulers')
    cd /Users/admin/builder/spi-builder-workspace/.swiftpm/xcode
    builtin-SwiftPerFileCompile UnimplementedScheduler.swift
SwiftCompile normal arm64 Compiling\ UIKit.swift /Users/admin/builder/spi-builder-workspace/.dependencies/checkouts/combine-schedulers/Sources/CombineSchedulers/UIKit.swift (in target 'CombineSchedulers' from project 'combine-schedulers')
SwiftCompile normal arm64 /Users/admin/builder/spi-builder-workspace/.dependencies/checkouts/combine-schedulers/Sources/CombineSchedulers/UIKit.swift (in target 'CombineSchedulers' from project 'combine-schedulers')
    cd /Users/admin/builder/spi-builder-workspace/.swiftpm/xcode
    builtin-SwiftPerFileCompile UIKit.swift
SwiftDriverJobDiscovery normal arm64 Compiling ImmediateScheduler.swift, Deprecations.swift (in target 'CombineSchedulers' from project 'combine-schedulers')
SwiftDriver\ Compilation AdaptiveCard normal arm64 com.apple.xcode.tools.swift.compiler (in target 'AdaptiveCard' from project 'AdaptiveCardUI')
    cd /Users/admin/builder/spi-builder-workspace/.swiftpm/xcode
    builtin-Swift-Compilation -- /Applications/Xcode-27.0.0-Release.Candidate.app/Contents/Developer/Toolchains/XcodeDefault.xctoolchain/usr/bin/swiftc -parse-as-library -module-name AdaptiveCard -Onone @/Users/admin/builder/spi-builder-workspace/.derivedData/Build/Intermediates.noindex/AdaptiveCardUI.build/Debug-xros/AdaptiveCard-t.build/Objects-normal/arm64/AdaptiveCard.SwiftFileList -DSWIFT_PACKAGE -DDEBUG -DSWIFT_MODULE_RESOURCE_BUNDLE_UNAVAILABLE -DXcode -plugin-path /Applications/Xcode-27.0.0-Release.Candidate.app/Contents/Developer/Toolchains/XcodeDefault.xctoolchain/usr/lib/swift/host/plugins/testing -enable-experimental-feature DebugDescriptionMacro -sdk /Applications/Xcode-27.0.0-Release.Candidate.app/Contents/Developer/Platforms/XROS.platform/Developer/SDKs/XROS27.0.sdk -target arm64-apple-xros1.0 -g -module-cache-path /Users/admin/builder/spi-builder-workspace/.derivedData/ModuleCache.noindex -Xfrontend -serialize-debugging-options -enable-testing -index-store-path /Users/admin/builder/spi-builder-workspace/.derivedData/Index.noindex/DataStore -Xcc -D_LIBCPP_HARDENING_MODE\=_LIBCPP_HARDENING_MODE_DEBUG -swift-version 5 -I /Users/admin/builder/spi-builder-workspace/.derivedData/Build/Products/Debug-xros -Isystem /Applications/Xcode-27.0.0-Release.Candidate.app/Contents/Developer/Platforms/XROS.platform/Developer/usr/lib -F /Users/admin/builder/spi-builder-workspace/.derivedData/Build/Products/Debug-xros/PackageFrameworks -F /Users/admin/builder/spi-builder-workspace/.derivedData/Build/Products/Debug-xros -F /Applications/Xcode-27.0.0-Release.Candidate.app/Contents/Developer/Platforms/XROS.platform/Developer/Library/Frameworks -F /Applications/Xcode-27.0.0-Release.Candidate.app/Contents/Developer/Platforms/XROS.platform/Developer/SDKs/XROS27.0.sdk/Developer/Library/Frameworks -emit-localized-strings -emit-localized-strings-path /Users/admin/builder/spi-builder-workspace/.derivedData/Build/Intermediates.noindex/AdaptiveCardUI.build/Debug-xros/AdaptiveCard-t.build/Objects-normal/arm64 -c -j10 -enable-batch-mode -incremental -Xcc -ivfsstatcache -Xcc /Users/admin/builder/spi-builder-workspace/.derivedData/SDKStatCaches.noindex/xros27.0-24M361-e829b21a6f8c9b70876ba0858053c044735bd543db762f57723cac368afd1ce4.sdkstatcache -output-file-map /Users/admin/builder/spi-builder-workspace/.derivedData/Build/Intermediates.noindex/AdaptiveCardUI.build/Debug-xros/AdaptiveCard-t.build/Objects-normal/arm64/AdaptiveCard-OutputFileMap.json -save-temps -no-color-diagnostics -explicit-module-build -module-cache-path /Users/admin/builder/spi-builder-workspace/.derivedData/Build/Intermediates.noindex/SwiftExplicitPrecompiledModules -clang-scanner-module-cache-path /Users/admin/builder/spi-builder-workspace/.derivedData/ModuleCache.noindex -sdk-module-cache-path /Users/admin/builder/spi-builder-workspace/.derivedData/SDKExplicitPrecompiledModules -emit-dependencies -emit-module -emit-module-path /Users/admin/builder/spi-builder-workspace/.derivedData/Build/Intermediates.noindex/AdaptiveCardUI.build/Debug-xros/AdaptiveCard-t.build/Objects-normal/arm64/AdaptiveCard.swiftmodule -serialize-diagnostics -dependency-scan-serialize-diagnostics-path /Users/admin/builder/spi-builder-workspace/.derivedData/Build/Intermediates.noindex/AdaptiveCardUI.build/Debug-xros/AdaptiveCard-t.build/Objects-normal/arm64/AdaptiveCard-dependency-scan.dia -validate-clang-modules-once -clang-build-session-file /Users/admin/builder/spi-builder-workspace/.derivedData/ModuleCache.noindex/Session.modulevalidation -Xcc -fmodules-prune-interval\=86400 -Xcc -fmodules-prune-after\=345600 -emit-const-values -const-gather-protocols-list /Users/admin/builder/spi-builder-workspace/.derivedData/Build/Intermediates.noindex/AdaptiveCardUI.build/Debug-xros/AdaptiveCard-t.build/Objects-normal/arm64/AdaptiveCard_const_extract_protocols.json -Xcc -I/Users/admin/builder/spi-builder-workspace/.derivedData/Build/Products/Debug-xros/include -Xcc -I/Users/admin/builder/spi-builder-workspace/.derivedData/Build/Intermediates.noindex/AdaptiveCardUI.build/Debug-xros/AdaptiveCard-t.build/DerivedSources-normal/arm64 -Xcc -I/Users/admin/builder/spi-builder-workspace/.derivedData/Build/Intermediates.noindex/AdaptiveCardUI.build/Debug-xros/AdaptiveCard-t.build/DerivedSources/arm64 -Xcc -I/Users/admin/builder/spi-builder-workspace/.derivedData/Build/Intermediates.noindex/AdaptiveCardUI.build/Debug-xros/AdaptiveCard-t.build/DerivedSources -Xcc -DSWIFT_PACKAGE -Xcc -DDEBUG\=1 -emit-objc-header -emit-objc-header-path /Users/admin/builder/spi-builder-workspace/.derivedData/Build/Intermediates.noindex/AdaptiveCardUI.build/Debug-xros/AdaptiveCard-t.build/Objects-normal/arm64/AdaptiveCard-Swift.h -working-directory /Users/admin/builder/spi-builder-workspace/.swiftpm/xcode -experimental-emit-module-separately -disable-cmo
SwiftDriverJobDiscovery normal arm64 Compiling AnyScheduler.swift, Concurrency.swift (in target 'CombineSchedulers' from project 'combine-schedulers')
Ld /Users/admin/builder/spi-builder-workspace/.derivedData/Build/Products/Debug-xros/AdaptiveCard.o normal (in target 'AdaptiveCard' from project 'AdaptiveCardUI')
    cd /Users/admin/builder/spi-builder-workspace
    /Applications/Xcode-27.0.0-Release.Candidate.app/Contents/Developer/Toolchains/XcodeDefault.xctoolchain/usr/bin/clang -Xlinker -reproducible -target arm64-apple-xros1.0 -r -isysroot /Applications/Xcode-27.0.0-Release.Candidate.app/Contents/Developer/Platforms/XROS.platform/Developer/SDKs/XROS27.0.sdk -O0 -Xlinker -no_warn_duplicate_libraries -F/Users/admin/builder/spi-builder-workspace/.derivedData/Build/Intermediates.noindex/EagerLinkingTBDs/Debug-xros -F/Users/admin/builder/spi-builder-workspace/.derivedData/Build/Products/Debug-xros/PackageFrameworks -F/Users/admin/builder/spi-builder-workspace/.derivedData/Build/Products/Debug-xros -iframework /Applications/Xcode-27.0.0-Release.Candidate.app/Contents/Developer/Platforms/XROS.platform/Developer/Library/Frameworks -iframework /Applications/Xcode-27.0.0-Release.Candidate.app/Contents/Developer/Platforms/XROS.platform/Developer/SDKs/XROS27.0.sdk/Developer/Library/Frameworks -filelist /Users/admin/builder/spi-builder-workspace/.derivedData/Build/Intermediates.noindex/AdaptiveCardUI.build/Debug-xros/AdaptiveCard-t.build/Objects-normal/arm64/AdaptiveCard.LinkFileList -nostdlib -Xlinker -object_path_lto -Xlinker /Users/admin/builder/spi-builder-workspace/.derivedData/Build/Intermediates.noindex/AdaptiveCardUI.build/Debug-xros/AdaptiveCard-t.build/Objects-normal/arm64/AdaptiveCard_lto.o -Xlinker -no_deduplicate -Xlinker -dependency_info -Xlinker /Users/admin/builder/spi-builder-workspace/.derivedData/Build/Intermediates.noindex/AdaptiveCardUI.build/Debug-xros/AdaptiveCard-t.build/Objects-normal/arm64/AdaptiveCard_dependency_info.dat -fobjc-link-runtime -L/Applications/Xcode-27.0.0-Release.Candidate.app/Contents/Developer/Toolchains/XcodeDefault.xctoolchain/usr/lib/swift/xros -L/usr/lib/swift -Xlinker -add_ast_path -Xlinker /Users/admin/builder/spi-builder-workspace/.derivedData/Build/Intermediates.noindex/AdaptiveCardUI.build/Debug-xros/AdaptiveCard-t.build/Objects-normal/arm64/AdaptiveCard.swiftmodule -o /Users/admin/builder/spi-builder-workspace/.derivedData/Build/Products/Debug-xros/AdaptiveCard.o
SwiftDriverJobDiscovery normal arm64 Compiling UnimplementedScheduler.swift (in target 'CombineSchedulers' from project 'combine-schedulers')
SwiftDriver NetworkImage normal arm64 com.apple.xcode.tools.swift.compiler (in target 'NetworkImage' from project 'NetworkImage')
    cd /Users/admin/builder/spi-builder-workspace/.swiftpm/xcode
    builtin-SwiftDriver -- /Applications/Xcode-27.0.0-Release.Candidate.app/Contents/Developer/Toolchains/XcodeDefault.xctoolchain/usr/bin/swiftc -parse-as-library -module-name NetworkImage -Onone @/Users/admin/builder/spi-builder-workspace/.derivedData/Build/Intermediates.noindex/NetworkImage.build/Debug-xros/NetworkImage-t.build/Objects-normal/arm64/NetworkImage.SwiftFileList -DSWIFT_PACKAGE -DDEBUG -DSWIFT_MODULE_RESOURCE_BUNDLE_UNAVAILABLE -DXcode -plugin-path /Applications/Xcode-27.0.0-Release.Candidate.app/Contents/Developer/Toolchains/XcodeDefault.xctoolchain/usr/lib/swift/host/plugins/testing -enable-experimental-feature DebugDescriptionMacro -sdk /Applications/Xcode-27.0.0-Release.Candidate.app/Contents/Developer/Platforms/XROS.platform/Developer/SDKs/XROS27.0.sdk -target arm64-apple-xros1.0 -g -module-cache-path /Users/admin/builder/spi-builder-workspace/.derivedData/ModuleCache.noindex -Xfrontend -serialize-debugging-options -enable-testing -suppress-warnings -index-store-path /Users/admin/builder/spi-builder-workspace/.derivedData/Index.noindex/DataStore -Xcc -D_LIBCPP_HARDENING_MODE\=_LIBCPP_HARDENING_MODE_DEBUG -swift-version 5 -I /Users/admin/builder/spi-builder-workspace/.derivedData/Build/Products/Debug-xros -Isystem /Applications/Xcode-27.0.0-Release.Candidate.app/Contents/Developer/Platforms/XROS.platform/Developer/usr/lib -F /Users/admin/builder/spi-builder-workspace/.derivedData/Build/Products/Debug-xros/PackageFrameworks -F /Users/admin/builder/spi-builder-workspace/.derivedData/Build/Products/Debug-xros -F /Applications/Xcode-27.0.0-Release.Candidate.app/Contents/Developer/Platforms/XROS.platform/Developer/Library/Frameworks -F /Applications/Xcode-27.0.0-Release.Candidate.app/Contents/Developer/Platforms/XROS.platform/Developer/SDKs/XROS27.0.sdk/Developer/Library/Frameworks -c -j10 -enable-batch-mode -incremental -Xcc -ivfsstatcache -Xcc /Users/admin/builder/spi-builder-workspace/.derivedData/SDKStatCaches.noindex/xros27.0-24M361-e829b21a6f8c9b70876ba0858053c044735bd543db762f57723cac368afd1ce4.sdkstatcache -output-file-map /Users/admin/builder/spi-builder-workspace/.derivedData/Build/Intermediates.noindex/NetworkImage.build/Debug-xros/NetworkImage-t.build/Objects-normal/arm64/NetworkImage-OutputFileMap.json -save-temps -no-color-diagnostics -explicit-module-build -module-cache-path /Users/admin/builder/spi-builder-workspace/.derivedData/Build/Intermediates.noindex/SwiftExplicitPrecompiledModules -clang-scanner-module-cache-path /Users/admin/builder/spi-builder-workspace/.derivedData/ModuleCache.noindex -sdk-module-cache-path /Users/admin/builder/spi-builder-workspace/.derivedData/SDKExplicitPrecompiledModules -emit-dependencies -emit-module -emit-module-path /Users/admin/builder/spi-builder-workspace/.derivedData/Build/Intermediates.noindex/NetworkImage.build/Debug-xros/NetworkImage-t.build/Objects-normal/arm64/NetworkImage.swiftmodule -serialize-diagnostics -dependency-scan-serialize-diagnostics-path /Users/admin/builder/spi-builder-workspace/.derivedData/Build/Intermediates.noindex/NetworkImage.build/Debug-xros/NetworkImage-t.build/Objects-normal/arm64/NetworkImage-dependency-scan.dia -validate-clang-modules-once -clang-build-session-file /Users/admin/builder/spi-builder-workspace/.derivedData/ModuleCache.noindex/Session.modulevalidation -Xcc -fmodules-prune-interval\=86400 -Xcc -fmodules-prune-after\=345600 -emit-const-values -const-gather-protocols-list /Users/admin/builder/spi-builder-workspace/.derivedData/Build/Intermediates.noindex/NetworkImage.build/Debug-xros/NetworkImage-t.build/Objects-normal/arm64/NetworkImage_const_extract_protocols.json -Xcc -I/Users/admin/builder/spi-builder-workspace/.derivedData/Build/Products/Debug-xros/include -Xcc -I/Users/admin/builder/spi-builder-workspace/.derivedData/Build/Intermediates.noindex/NetworkImage.build/Debug-xros/NetworkImage-t.build/DerivedSources-normal/arm64 -Xcc -I/Users/admin/builder/spi-builder-workspace/.derivedData/Build/Intermediates.noindex/NetworkImage.build/Debug-xros/NetworkImage-t.build/DerivedSources/arm64 -Xcc -I/Users/admin/builder/spi-builder-workspace/.derivedData/Build/Intermediates.noindex/NetworkImage.build/Debug-xros/NetworkImage-t.build/DerivedSources -Xcc -DSWIFT_PACKAGE -Xcc -DDEBUG\=1 -emit-objc-header -emit-objc-header-path /Users/admin/builder/spi-builder-workspace/.derivedData/Build/Intermediates.noindex/NetworkImage.build/Debug-xros/NetworkImage-t.build/Objects-normal/arm64/NetworkImage-Swift.h -working-directory /Users/admin/builder/spi-builder-workspace/.swiftpm/xcode -experimental-emit-module-separately -disable-cmo
ExtractAppIntentsMetadata (in target 'AdaptiveCard' from project 'AdaptiveCardUI')
    cd /Users/admin/builder/spi-builder-workspace
    /Applications/Xcode-27.0.0-Release.Candidate.app/Contents/Developer/Toolchains/XcodeDefault.xctoolchain/usr/bin/appintentsmetadataprocessor --toolchain-dir /var/run/com.apple.security.cryptexd/mnt/com.apple.MobileAsset.MetalToolchain-v27.1.266.1.Pf1il8/Metal.xctoolchain --module-name AdaptiveCard --sdk-root /Applications/Xcode-27.0.0-Release.Candidate.app/Contents/Developer/Platforms/XROS.platform/Developer/SDKs/XROS27.0.sdk --xcode-version 27A266a --platform-family xrOS --deployment-target 1.0 --bundle-identifier spi-builder-workspace.AdaptiveCard --output /Users/admin/builder/spi-builder-workspace/.derivedData/Build/Products/Debug-xros/AdaptiveCard.appintents --target-triple arm64-apple-xros1.0 --binary-file /Users/admin/builder/spi-builder-workspace/.derivedData/Build/Products/Debug-xros/AdaptiveCard.o --dependency-file /Users/admin/builder/spi-builder-workspace/.derivedData/Build/Intermediates.noindex/AdaptiveCardUI.build/Debug-xros/AdaptiveCard-t.build/Objects-normal/arm64/AdaptiveCard_dependency_info.dat --stringsdata-file /Users/admin/builder/spi-builder-workspace/.derivedData/Build/Intermediates.noindex/AdaptiveCardUI.build/Debug-xros/AdaptiveCard-t.build/Objects-normal/arm64/ExtractedAppShortcutsMetadata.stringsdata --source-file-list /Users/admin/builder/spi-builder-workspace/.derivedData/Build/Intermediates.noindex/AdaptiveCardUI.build/Debug-xros/AdaptiveCard-t.build/Objects-normal/arm64/AdaptiveCard.SwiftFileList --metadata-file-list /Users/admin/builder/spi-builder-workspace/.derivedData/Build/Intermediates.noindex/AdaptiveCardUI.build/Debug-xros/AdaptiveCard-t.build/AdaptiveCard.DependencyMetadataFileList --static-metadata-file-list /Users/admin/builder/spi-builder-workspace/.derivedData/Build/Intermediates.noindex/AdaptiveCardUI.build/Debug-xros/AdaptiveCard-t.build/AdaptiveCard.DependencyStaticMetadataFileList --swift-const-vals-list /Users/admin/builder/spi-builder-workspace/.derivedData/Build/Intermediates.noindex/AdaptiveCardUI.build/Debug-xros/AdaptiveCard-t.build/Objects-normal/arm64/AdaptiveCard.SwiftConstValuesFileList --force --compile-time-extraction --deployment-aware-processing --no-app-shortcuts-localization
2026-09-17 08:46:18.202 appintentsmetadataprocessor[1384:7613] Starting appintentsmetadataprocessor export
2026-09-17 08:46:18.308 appintentsmetadataprocessor[1384:7613] Extracted no relevant App Intents symbols, skipping writing output
SwiftDriverJobDiscovery normal arm64 Compiling SceneKit.swift, SpriteKit.swift, String.swift (in target 'SnapshotTesting' from project 'swift-snapshot-testing')
SwiftDriverJobDiscovery normal arm64 Compiling Data.swift, Encodable.swift, NSBezierPath.swift (in target 'SnapshotTesting' from project 'swift-snapshot-testing')
SwiftDriverJobDiscovery normal arm64 Compiling SnapshotTestingConfiguration.swift, SnapshotsTestTrait.swift, Snapshotting.swift, Any.swift (in target 'SnapshotTesting' from project 'swift-snapshot-testing')
SwiftDriverJobDiscovery normal arm64 Compiling Diffing.swift, Wait.swift, Deprecations.swift, RecordIssue.swift (in target 'SnapshotTesting' from project 'swift-snapshot-testing')
SwiftCompile normal arm64 Compiling\ Image+OSImage.swift /Users/admin/builder/spi-builder-workspace/.dependencies/checkouts/NetworkImage/Sources/NetworkImage/SwiftUI/Image+OSImage.swift (in target 'NetworkImage' from project 'NetworkImage')
SwiftCompile normal arm64 /Users/admin/builder/spi-builder-workspace/.dependencies/checkouts/NetworkImage/Sources/NetworkImage/SwiftUI/Image+OSImage.swift (in target 'NetworkImage' from project 'NetworkImage')
    cd /Users/admin/builder/spi-builder-workspace/.swiftpm/xcode
    builtin-SwiftPerFileCompile Image+OSImage.swift
SwiftCompile normal arm64 Compiling\ ImageDownloader.swift,\ ImagePrefetcher.swift /Users/admin/builder/spi-builder-workspace/.dependencies/checkouts/NetworkImage/Sources/NetworkImage/Core/ImageDownloader.swift /Users/admin/builder/spi-builder-workspace/.dependencies/checkouts/NetworkImage/Sources/NetworkImage/Core/ImagePrefetcher.swift (in target 'NetworkImage' from project 'NetworkImage')
/Users/admin/builder/spi-builder-workspace/.dependencies/checkouts/NetworkImage/Sources/NetworkImage/Core/ImageCache.swift:8:33: error: cannot find type 'OSImage' in scope
 6 | public protocol ImageCache: AnyObject {
 7 |     /// Returns the image associated with a given URL.
 8 |     func image(for url: URL) -> OSImage?
   |                                 `- error: cannot find type 'OSImage' in scope
 9 |
10 |     /// Stores the image in the cache, associated with the specified URL.
/Users/admin/builder/spi-builder-workspace/.dependencies/checkouts/NetworkImage/Sources/NetworkImage/Core/ImageCache.swift:11:28: error: cannot find type 'OSImage' in scope
 9 |
10 |     /// Stores the image in the cache, associated with the specified URL.
11 |     func setImage(_ image: OSImage, for url: URL)
   |                            `- error: cannot find type 'OSImage' in scope
12 | }
13 |
SwiftCompile normal arm64 /Users/admin/builder/spi-builder-workspace/.dependencies/checkouts/NetworkImage/Sources/NetworkImage/Core/ImageDownloader.swift (in target 'NetworkImage' from project 'NetworkImage')
    cd /Users/admin/builder/spi-builder-workspace/.swiftpm/xcode
    builtin-SwiftPerFileCompile ImageDownloader.swift
SwiftCompile normal arm64 /Users/admin/builder/spi-builder-workspace/.dependencies/checkouts/NetworkImage/Sources/NetworkImage/Core/ImagePrefetcher.swift (in target 'NetworkImage' from project 'NetworkImage')
    cd /Users/admin/builder/spi-builder-workspace/.swiftpm/xcode
    builtin-SwiftPerFileCompile ImagePrefetcher.swift
SwiftCompile normal arm64 Compiling\ ImageCache.swift,\ ImageDecoding.swift /Users/admin/builder/spi-builder-workspace/.dependencies/checkouts/NetworkImage/Sources/NetworkImage/Core/ImageCache.swift /Users/admin/builder/spi-builder-workspace/.dependencies/checkouts/NetworkImage/Sources/NetworkImage/Core/ImageDecoding.swift (in target 'NetworkImage' from project 'NetworkImage')
/Users/admin/builder/spi-builder-workspace/.dependencies/checkouts/NetworkImage/Sources/NetworkImage/Core/ImageCache.swift:8:33: error: cannot find type 'OSImage' in scope
 6 | public protocol ImageCache: AnyObject {
 7 |     /// Returns the image associated with a given URL.
 8 |     func image(for url: URL) -> OSImage?
   |                                 `- error: cannot find type 'OSImage' in scope
 9 |
10 |     /// Stores the image in the cache, associated with the specified URL.
/Users/admin/builder/spi-builder-workspace/.dependencies/checkouts/NetworkImage/Sources/NetworkImage/Core/ImageCache.swift:11:28: error: cannot find type 'OSImage' in scope
 9 |
10 |     /// Stores the image in the cache, associated with the specified URL.
11 |     func setImage(_ image: OSImage, for url: URL)
   |                            `- error: cannot find type 'OSImage' in scope
12 | }
13 |
Failed frontend command:
/Applications/Xcode-27.0.0-Release.Candidate.app/Contents/Developer/Toolchains/XcodeDefault.xctoolchain/usr/bin/swift-frontend -frontend -c -primary-file /Users/admin/builder/spi-builder-workspace/.dependencies/checkouts/NetworkImage/Sources/NetworkImage/Core/ImageCache.swift -primary-file /Users/admin/builder/spi-builder-workspace/.dependencies/checkouts/NetworkImage/Sources/NetworkImage/Core/ImageDecoding.swift /Users/admin/builder/spi-builder-workspace/.dependencies/checkouts/NetworkImage/Sources/NetworkImage/Core/ImageDownloader.swift /Users/admin/builder/spi-builder-workspace/.dependencies/checkouts/NetworkImage/Sources/NetworkImage/Core/ImagePrefetcher.swift /Users/admin/builder/spi-builder-workspace/.dependencies/checkouts/NetworkImage/Sources/NetworkImage/Core/ImmediateImageCache.swift /Users/admin/builder/spi-builder-workspace/.dependencies/checkouts/NetworkImage/Sources/NetworkImage/Core/NetworkImageError.swift /Users/admin/builder/spi-builder-workspace/.dependencies/checkouts/NetworkImage/Sources/NetworkImage/Core/NetworkImageStore.swift /Users/admin/builder/spi-builder-workspace/.dependencies/checkouts/NetworkImage/Sources/NetworkImage/Core/URLSession+NetworkImage.swift /Users/admin/builder/spi-builder-workspace/.dependencies/checkouts/NetworkImage/Sources/NetworkImage/SwiftUI/Image+OSImage.swift /Users/admin/builder/spi-builder-workspace/.dependencies/checkouts/NetworkImage/Sources/NetworkImage/SwiftUI/NetworkImage.swift /Users/admin/builder/spi-builder-workspace/.dependencies/checkouts/NetworkImage/Sources/NetworkImage/SwiftUI/NetworkImageState.swift /Users/admin/builder/spi-builder-workspace/.dependencies/checkouts/NetworkImage/Sources/NetworkImage/SwiftUI/NetworkImageStyle.swift /Users/admin/builder/spi-builder-workspace/.dependencies/checkouts/NetworkImage/Sources/NetworkImage/SwiftUI/ResizableNetworkImageStyle.swift /Users/admin/builder/spi-builder-workspace/.dependencies/checkouts/NetworkImage/Sources/NetworkImage/UIKit/NetworkImageView.swift -emit-dependencies-path /Users/admin/builder/spi-builder-workspace/.derivedData/Build/Intermediates.noindex/NetworkImage.build/Debug-xros/NetworkImage-t.build/Objects-normal/arm64/ImageCache.d -emit-const-values-path /Users/admin/builder/spi-builder-workspace/.derivedData/Build/Intermediates.noindex/NetworkImage.build/Debug-xros/NetworkImage-t.build/Objects-normal/arm64/ImageCache.swiftconstvalues -emit-reference-dependencies-path /Users/admin/builder/spi-builder-workspace/.derivedData/Build/Intermediates.noindex/NetworkImage.build/Debug-xros/NetworkImage-t.build/Objects-normal/arm64/ImageCache.swiftdeps -serialize-diagnostics-path /Users/admin/builder/spi-builder-workspace/.derivedData/Build/Intermediates.noindex/NetworkImage.build/Debug-xros/NetworkImage-t.build/Objects-normal/arm64/ImageCache.dia -emit-dependencies-path /Users/admin/builder/spi-builder-workspace/.derivedData/Build/Intermediates.noindex/NetworkImage.build/Debug-xros/NetworkImage-t.build/Objects-normal/arm64/ImageDecoding.d -emit-const-values-path /Users/admin/builder/spi-builder-workspace/.derivedData/Build/Intermediates.noindex/NetworkImage.build/Debug-xros/NetworkImage-t.build/Objects-normal/arm64/ImageDecoding.swiftconstvalues -emit-reference-dependencies-path /Users/admin/builder/spi-builder-workspace/.derivedData/Build/Intermediates.noindex/NetworkImage.build/Debug-xros/NetworkImage-t.build/Objects-normal/arm64/ImageDecoding.swiftdeps -serialize-diagnostics-path /Users/admin/builder/spi-builder-workspace/.derivedData/Build/Intermediates.noindex/NetworkImage.build/Debug-xros/NetworkImage-t.build/Objects-normal/arm64/ImageDecoding.dia -target arm64-apple-xros1.0 -module-can-import-version Combine 3023 0 -module-can-import-version SwiftUI 8.0.84.1 8.0.84 -disable-cross-import-overlay-search -load-resolved-plugin /Applications/Xcode-27.0.0-Release.Candidate.app/Contents/Developer/Platforms/XROS.platform/Developer/usr/lib/swift/host/plugins/libFoundationMacros.dylib\#/Applications/Xcode-27.0.0-Release.Candidate.app/Contents/Developer/Platforms/XROS.platform/Developer/usr/bin/swift-plugin-server\#FoundationMacros -load-resolved-plugin /Applications/Xcode-27.0.0-Release.Candidate.app/Contents/Developer/Platforms/XROS.platform/Developer/usr/lib/swift/host/plugins/libObservationMacros.dylib\#/Applications/Xcode-27.0.0-Release.Candidate.app/Contents/Developer/Platforms/XROS.platform/Developer/usr/bin/swift-plugin-server\#ObservationMacros -load-resolved-plugin /Applications/Xcode-27.0.0-Release.Candidate.app/Contents/Developer/Platforms/XROS.platform/Developer/usr/lib/swift/host/plugins/libPreviewsMacros.dylib\#/Applications/Xcode-27.0.0-Release.Candidate.app/Contents/Developer/Platforms/XROS.platform/Developer/usr/bin/swift-plugin-server\#PreviewsMacros -load-resolved-plugin /Applications/Xcode-27.0.0-Release.Candidate.app/Contents/Developer/Platforms/XROS.platform/Developer/usr/lib/swift/host/plugins/libSwiftMacros.dylib\#/Applications/Xcode-27.0.0-Release.Candidate.app/Contents/Developer/Platforms/XROS.platform/Developer/usr/bin/swift-plugin-server\#SwiftMacros -load-resolved-plugin /Applications/Xcode-27.0.0-Release.Candidate.app/Contents/Developer/Platforms/XROS.platform/Developer/usr/lib/swift/host/plugins/libSwiftUIMacros.dylib\#/Applications/Xcode-27.0.0-Release.Candidate.app/Contents/Developer/Platforms/XROS.platform/Developer/usr/bin/swift-plugin-server\#SwiftUIMacros -disable-implicit-swift-modules -Xcc -fno-implicit-modules -Xcc -fno-implicit-module-maps -explicit-swift-module-map-file /Users/admin/builder/spi-builder-workspace/.derivedData/Build/Intermediates.noindex/NetworkImage.build/Debug-xros/NetworkImage-t.build/Objects-normal/arm64/NetworkImage-dependencies-1.json -Xllvm -aarch64-use-tbi -enable-objc-interop -stack-check -sdk /Applications/Xcode-27.0.0-Release.Candidate.app/Contents/Developer/Platforms/XROS.platform/Developer/SDKs/XROS27.0.sdk -I /Users/admin/builder/spi-builder-workspace/.derivedData/Build/Products/Debug-xros -Isystem /Applications/Xcode-27.0.0-Release.Candidate.app/Contents/Developer/Platforms/XROS.platform/Developer/usr/lib -F /Users/admin/builder/spi-builder-workspace/.derivedData/Build/Products/Debug-xros/PackageFrameworks -F /Users/admin/builder/spi-builder-workspace/.derivedData/Build/Products/Debug-xros -F /Applications/Xcode-27.0.0-Release.Candidate.app/Contents/Developer/Platforms/XROS.platform/Developer/Library/Frameworks -F /Applications/Xcode-27.0.0-Release.Candidate.app/Contents/Developer/Platforms/XROS.platform/Developer/SDKs/XROS27.0.sdk/Developer/Library/Frameworks -module-cache-path /Users/admin/builder/spi-builder-workspace/.derivedData/Build/Intermediates.noindex/SwiftExplicitPrecompiledModules -no-color-diagnostics -Xcc -fno-color-diagnostics -enable-testing -g -debug-info-format\=dwarf -dwarf-version\=4 -suppress-warnings -swift-version 5 -Onone -D SWIFT_PACKAGE -D DEBUG -D SWIFT_MODULE_RESOURCE_BUNDLE_UNAVAILABLE -D Xcode -serialize-debugging-options -enable-experimental-feature DebugDescriptionMacro -empty-abi-descriptor -validate-clang-modules-once -clang-build-session-file /Users/admin/builder/spi-builder-workspace/.derivedData/ModuleCache.noindex/Session.modulevalidation -Xcc -working-directory -Xcc /Users/admin/builder/spi-builder-workspace/.swiftpm/xcode -enable-anonymous-context-mangled-names -file-compilation-dir /Users/admin/builder/spi-builder-workspace/.swiftpm/xcode -Xcc -D_LIBCPP_HARDENING_MODE\=_LIBCPP_HARDENING_MODE_DEBUG -Xcc -ivfsstatcache -Xcc /Users/admin/builder/spi-builder-workspace/.derivedData/SDKStatCaches.noindex/xros27.0-24M361-e829b21a6f8c9b70876ba0858053c044735bd543db762f57723cac368afd1ce4.sdkstatcache -Xcc -fmodules-prune-interval\=86400 -Xcc -fmodules-prune-after\=345600 -Xcc -I/Users/admin/builder/spi-builder-workspace/.derivedData/Build/Products/Debug-xros/include -Xcc -I/Users/admin/builder/spi-builder-workspace/.derivedData/Build/Intermediates.noindex/NetworkImage.build/Debug-xros/NetworkImage-t.build/DerivedSources-normal/arm64 -Xcc -I/Users/admin/builder/spi-builder-workspace/.derivedData/Build/Intermediates.noindex/NetworkImage.build/Debug-xros/NetworkImage-t.build/DerivedSources/arm64 -Xcc -I/Users/admin/builder/spi-builder-workspace/.derivedData/Build/Intermediates.noindex/NetworkImage.build/Debug-xros/NetworkImage-t.build/DerivedSources -Xcc -DSWIFT_PACKAGE -Xcc -DDEBUG\=1 -no-auto-bridging-header-chaining -module-name NetworkImage -const-gather-protocols-file /Users/admin/builder/spi-builder-workspace/.derivedData/Build/Intermediates.noindex/NetworkImage.build/Debug-xros/NetworkImage-t.build/Objects-normal/arm64/NetworkImage_const_extract_protocols.json -disable-clang-spi -clang-target arm64-apple-xros27.0 -target-sdk-version 27.0 -target-sdk-name xros27.0 -in-process-plugin-server-path /Applications/Xcode-27.0.0-Release.Candidate.app/Contents/Developer/Toolchains/XcodeDefault.xctoolchain/usr/lib/swift/host/libSwiftInProcPluginServer.dylib -parse-as-library -o /Users/admin/builder/spi-builder-workspace/.derivedData/Build/Intermediates.noindex/NetworkImage.build/Debug-xros/NetworkImage-t.build/Objects-normal/arm64/ImageCache.o -o /Users/admin/builder/spi-builder-workspace/.derivedData/Build/Intermediates.noindex/NetworkImage.build/Debug-xros/NetworkImage-t.build/Objects-normal/arm64/ImageDecoding.o -debug-module-path /Users/admin/builder/spi-builder-workspace/.derivedData/Build/Intermediates.noindex/NetworkImage.build/Debug-xros/NetworkImage-t.build/Objects-normal/arm64/NetworkImage.swiftmodule -index-unit-output-path /NetworkImage.build/Debug-xros/NetworkImage-t.build/Objects-normal/arm64/ImageCache.o -index-unit-output-path /NetworkImage.build/Debug-xros/NetworkImage-t.build/Objects-normal/arm64/ImageDecoding.o -index-store-path /Users/admin/builder/spi-builder-workspace/.derivedData/Index.noindex/DataStore -index-system-modules
SwiftCompile normal arm64 /Users/admin/builder/spi-builder-workspace/.dependencies/checkouts/NetworkImage/Sources/NetworkImage/Core/ImageCache.swift (in target 'NetworkImage' from project 'NetworkImage')
    cd /Users/admin/builder/spi-builder-workspace/.swiftpm/xcode
    builtin-SwiftPerFileCompile ImageCache.swift
SwiftCompile normal arm64 /Users/admin/builder/spi-builder-workspace/.dependencies/checkouts/NetworkImage/Sources/NetworkImage/Core/ImageDecoding.swift (in target 'NetworkImage' from project 'NetworkImage')
    cd /Users/admin/builder/spi-builder-workspace/.swiftpm/xcode
    builtin-SwiftPerFileCompile ImageDecoding.swift
SwiftCompile normal arm64 Compiling\ NetworkImageStyle.swift /Users/admin/builder/spi-builder-workspace/.dependencies/checkouts/NetworkImage/Sources/NetworkImage/SwiftUI/NetworkImageStyle.swift (in target 'NetworkImage' from project 'NetworkImage')
/Users/admin/builder/spi-builder-workspace/.dependencies/checkouts/NetworkImage/Sources/NetworkImage/SwiftUI/ResizableNetworkImageStyle.swift:56:47: error: type 'ResizableNetworkImageStyle.Defaults' has no member 'backgroundColor'
54 |         ///   - errorPlaceholder: An image to display when there is an error or the URL is `nil`.
55 |         public init(
56 |             backgroundColor: Color = Defaults.backgroundColor,
   |                                               `- error: type 'ResizableNetworkImageStyle.Defaults' has no member 'backgroundColor'
57 |             foregroundColor: Color = Defaults.foregroundColor,
58 |             contentMode: ContentMode = .fill,
/Users/admin/builder/spi-builder-workspace/.dependencies/checkouts/NetworkImage/Sources/NetworkImage/SwiftUI/ResizableNetworkImageStyle.swift:57:47: error: type 'ResizableNetworkImageStyle.Defaults' has no member 'foregroundColor'
55 |         public init(
56 |             backgroundColor: Color = Defaults.backgroundColor,
57 |             foregroundColor: Color = Defaults.foregroundColor,
   |                                               `- error: type 'ResizableNetworkImageStyle.Defaults' has no member 'foregroundColor'
58 |             contentMode: ContentMode = .fill,
59 |             errorPlaceholder: Image? = Defaults.errorPlaceholder
SwiftCompile normal arm64 /Users/admin/builder/spi-builder-workspace/.dependencies/checkouts/NetworkImage/Sources/NetworkImage/SwiftUI/NetworkImageStyle.swift (in target 'NetworkImage' from project 'NetworkImage')
    cd /Users/admin/builder/spi-builder-workspace/.swiftpm/xcode
    builtin-SwiftPerFileCompile NetworkImageStyle.swift
SwiftCompile normal arm64 Compiling\ NetworkImageState.swift /Users/admin/builder/spi-builder-workspace/.dependencies/checkouts/NetworkImage/Sources/NetworkImage/SwiftUI/NetworkImageState.swift (in target 'NetworkImage' from project 'NetworkImage')
/Users/admin/builder/spi-builder-workspace/.dependencies/checkouts/NetworkImage/Sources/NetworkImage/Core/NetworkImageStore.swift:11:24: error: cannot find type 'OSImage' in scope
 9 |             case notRequested
10 |             case loading
11 |             case image(OSImage, elapsedTime: TimeInterval)
   |                        `- error: cannot find type 'OSImage' in scope
12 |             case failed
13 |         }
/Users/admin/builder/spi-builder-workspace/.dependencies/checkouts/NetworkImage/Sources/NetworkImage/SwiftUI/Image+OSImage.swift:7:23: error: cannot find type 'OSImage' in scope
 5 |     @available(macOS 10.15, iOS 13.0, tvOS 13.0, watchOS 6.0, *)
 6 |     public extension Image {
 7 |         init(osImage: OSImage) {
   |                       `- error: cannot find type 'OSImage' in scope
 8 |             #if os(iOS) || os(tvOS) || os(watchOS)
 9 |                 self.init(uiImage: osImage)
SwiftCompile normal arm64 /Users/admin/builder/spi-builder-workspace/.dependencies/checkouts/NetworkImage/Sources/NetworkImage/SwiftUI/NetworkImageState.swift (in target 'NetworkImage' from project 'NetworkImage')
    cd /Users/admin/builder/spi-builder-workspace/.swiftpm/xcode
    builtin-SwiftPerFileCompile NetworkImageState.swift
SwiftEmitModule normal arm64 Emitting\ module\ for\ NetworkImage (in target 'NetworkImage' from project 'NetworkImage')
/Users/admin/builder/spi-builder-workspace/.dependencies/checkouts/NetworkImage/Sources/NetworkImage/Core/ImageCache.swift:8:33: error: cannot find type 'OSImage' in scope
 6 | public protocol ImageCache: AnyObject {
 7 |     /// Returns the image associated with a given URL.
 8 |     func image(for url: URL) -> OSImage?
   |                                 `- error: cannot find type 'OSImage' in scope
 9 |
10 |     /// Stores the image in the cache, associated with the specified URL.
/Users/admin/builder/spi-builder-workspace/.dependencies/checkouts/NetworkImage/Sources/NetworkImage/Core/ImageCache.swift:11:28: error: cannot find type 'OSImage' in scope
 9 |
10 |     /// Stores the image in the cache, associated with the specified URL.
11 |     func setImage(_ image: OSImage, for url: URL)
   |                            `- error: cannot find type 'OSImage' in scope
12 | }
13 |
SwiftCompile normal arm64 (in target 'NetworkImage' from project 'NetworkImage')
    cd /Users/admin/builder/spi-builder-workspace/.swiftpm/xcode

SwiftCompile normal arm64 Compiling\ NetworkImage.swift /Users/admin/builder/spi-builder-workspace/.dependencies/checkouts/NetworkImage/Sources/NetworkImage/SwiftUI/NetworkImage.swift (in target 'NetworkImage' from project 'NetworkImage')
SwiftCompile normal arm64 /Users/admin/builder/spi-builder-workspace/.dependencies/checkouts/NetworkImage/Sources/NetworkImage/SwiftUI/NetworkImage.swift (in target 'NetworkImage' from project 'NetworkImage')
    cd /Users/admin/builder/spi-builder-workspace/.swiftpm/xcode
    builtin-SwiftPerFileCompile NetworkImage.swift
PruneExplicitPrecompiledModules /Users/admin/builder/spi-builder-workspace/.derivedData/Build/Intermediates.noindex/SwiftExplicitPrecompiledModules
PruneExplicitPrecompiledModules /Users/admin/builder/spi-builder-workspace/.derivedData/Build/Intermediates.noindex/ExplicitPrecompiledModules
PruneExplicitPrecompiledModules /Users/admin/builder/spi-builder-workspace/.derivedData/SDKExplicitPrecompiledModules
2026-09-17 08:46:01.958 xcodebuild[1059:6080] [MT] IDERunDestination: Supported platforms for the buildables in the current scheme is empty.
2026-09-17 08:46:02.060 xcodebuild[1059:6080] [MT] IDERunDestination: Supported platforms for the buildables in the current scheme is empty.
** BUILD FAILED **
The following build commands failed:
	SwiftCompile normal arm64 Compiling\ ImageCache.swift,\ ImageDecoding.swift /Users/admin/builder/spi-builder-workspace/.dependencies/checkouts/NetworkImage/Sources/NetworkImage/Core/ImageCache.swift /Users/admin/builder/spi-builder-workspace/.dependencies/checkouts/NetworkImage/Sources/NetworkImage/Core/ImageDecoding.swift (in target 'NetworkImage' from project 'NetworkImage')
	SwiftCompile normal arm64 /Users/admin/builder/spi-builder-workspace/.dependencies/checkouts/NetworkImage/Sources/NetworkImage/Core/ImageCache.swift (in target 'NetworkImage' from project 'NetworkImage')
	Building workspace AdaptiveCardUI with scheme AdaptiveCardUI-Package
(3 failures)
Command line invocation:
    /Applications/Xcode-27.0.0-Release.Candidate.app/Contents/Developer/usr/bin/xcodebuild -IDEClonedSourcePackagesDirPathOverride=/Users/admin/builder/spi-builder-workspace/.dependencies -resolvePackageDependencies
Resolve Package Graph
Resolved source packages:
  swift-custom-dump: https://github.com/pointfreeco/swift-custom-dump @ 1.7.3
  AdaptiveCardUI: /Users/admin/builder/spi-builder-workspace
  DefaultCodable: https://github.com/gonzalezreal/DefaultCodable @ 1.2.1
  swift-concurrency-extras: https://github.com/pointfreeco/swift-concurrency-extras @ 0.1.2
  swift-snapshot-testing: https://github.com/pointfreeco/swift-snapshot-testing @ 1.19.5
  xctest-dynamic-overlay: https://github.com/pointfreeco/xctest-dynamic-overlay @ 0.9.0
  swift-syntax: https://github.com/swiftlang/swift-syntax @ 604.0.0
  NetworkImage: https://github.com/gonzalezreal/NetworkImage @ 1.1.1
  combine-schedulers: https://github.com/pointfreeco/combine-schedulers @ 0.11.0
  swift-issue-reporting: https://github.com/pointfreeco/swift-issue-reporting @ 2.1.0
  AnyValue: https://github.com/gonzalezreal/AnyValue @ 1.0.0
resolved source packages: swift-custom-dump, AdaptiveCardUI, DefaultCodable, swift-concurrency-extras, swift-snapshot-testing, xctest-dynamic-overlay, swift-syntax, NetworkImage, combine-schedulers, swift-issue-reporting, AnyValue
2026-09-17 08:46:19.806 xcodebuild[1391:7750] [MT] IDERunDestination: Supported platforms for the buildables in the current scheme is empty.
2026-09-17 08:46:19.907 xcodebuild[1391:7750] [MT] IDERunDestination: Supported platforms for the buildables in the current scheme is empty.
{
  "default_localization" : "en",
  "dependencies" : [
    {
      "identity" : "defaultcodable",
      "requirement" : {
        "range" : [
          {
            "lower_bound" : "1.2.0",
            "upper_bound" : "2.0.0"
          }
        ]
      },
      "type" : "sourceControl",
      "url" : "https://github.com/gonzalezreal/DefaultCodable"
    },
    {
      "identity" : "anyvalue",
      "requirement" : {
        "range" : [
          {
            "lower_bound" : "1.0.0",
            "upper_bound" : "2.0.0"
          }
        ]
      },
      "type" : "sourceControl",
      "url" : "https://github.com/gonzalezreal/AnyValue"
    },
    {
      "identity" : "networkimage",
      "requirement" : {
        "range" : [
          {
            "lower_bound" : "1.1.1",
            "upper_bound" : "2.0.0"
          }
        ]
      },
      "type" : "sourceControl",
      "url" : "https://github.com/gonzalezreal/NetworkImage"
    },
    {
      "identity" : "combine-schedulers",
      "requirement" : {
        "range" : [
          {
            "lower_bound" : "0.1.2",
            "upper_bound" : "1.0.0"
          }
        ]
      },
      "type" : "sourceControl",
      "url" : "https://github.com/pointfreeco/combine-schedulers"
    },
    {
      "identity" : "swift-snapshot-testing",
      "requirement" : {
        "range" : [
          {
            "lower_bound" : "1.8.1",
            "upper_bound" : "2.0.0"
          }
        ]
      },
      "type" : "sourceControl",
      "url" : "https://github.com/pointfreeco/swift-snapshot-testing"
    }
  ],
  "manifest_display_name" : "AdaptiveCardUI",
  "name" : "AdaptiveCardUI",
  "path" : "/Users/admin/builder/spi-builder-workspace",
  "platforms" : [
    {
      "name" : "macos",
      "version" : "10.12"
    },
    {
      "name" : "ios",
      "version" : "11.0"
    },
    {
      "name" : "tvos",
      "version" : "11.0"
    },
    {
      "name" : "watchos",
      "version" : "3.0"
    }
  ],
  "products" : [
    {
      "name" : "AdaptiveCard",
      "targets" : [
        "AdaptiveCard"
      ],
      "type" : {
        "library" : [
          "automatic"
        ]
      }
    },
    {
      "name" : "AdaptiveCardUI",
      "targets" : [
        "AdaptiveCardUI"
      ],
      "type" : {
        "library" : [
          "automatic"
        ]
      }
    }
  ],
  "targets" : [
    {
      "c99name" : "AdaptiveCardUITests",
      "module_type" : "SwiftTarget",
      "name" : "AdaptiveCardUITests",
      "path" : "Tests/AdaptiveCardUITests",
      "product_dependencies" : [
        "SnapshotTesting"
      ],
      "sources" : [
        "Configuration/ActionSetConfigurationTests.swift",
        "Configuration/FontConfigurationTests.swift",
        "Configuration/ImageSizeConfigurationTests.swift",
        "Configuration/ShowCardConfigurationTests.swift",
        "Configuration/SpacingConfigurationTests.swift",
        "Logic/AdaptiveCardDuplicateIdentifiersTests.swift",
        "Logic/AdaptiveCardFeatureAdaptableTests.swift",
        "Logic/AdaptiveCardImageURLsTests.swift",
        "Logic/AdaptiveCardStoreTests.swift",
        "Logic/AdaptiveCardToggleVisibilityTests.swift",
        "UI/ActionRenderingTests.swift",
        "UI/AdaptiveCardConfiguration+Test.swift",
        "UI/ColorTests.swift",
        "UI/ColumnSetRenderingTests.swift",
        "UI/ContainerRenderingTests.swift",
        "UI/CustomCardElementRenderingTests.swift",
        "UI/CustomCardElements/RepoLanguage.swift",
        "UI/CustomCardElements/RepoLanguageView.swift",
        "UI/CustomCardElements/StarCount.swift",
        "UI/CustomCardElements/StarCountView.swift",
        "UI/FactSetRenderingTests.swift",
        "UI/ImageRenderingTests.swift",
        "UI/ImageSetRenderingTests.swift",
        "UI/RichTextBlockRenderingTests.swift",
        "UI/TestHelpers.swift",
        "UI/TextBlockRenderingTests.swift",
        "UI/TextElementTests.swift"
      ],
      "target_dependencies" : [
        "AdaptiveCardUI"
      ],
      "type" : "test"
    },
    {
      "c99name" : "AdaptiveCardUI",
      "module_type" : "SwiftTarget",
      "name" : "AdaptiveCardUI",
      "path" : "Sources/AdaptiveCardUI",
      "product_dependencies" : [
        "NetworkImage",
        "CombineSchedulers"
      ],
      "product_memberships" : [
        "AdaptiveCardUI"
      ],
      "resources" : [
        {
          "path" : "/Users/admin/builder/spi-builder-workspace/Sources/AdaptiveCardUI/en.lproj/Localizable.strings",
          "rule" : {
            "process" : {
              "localization" : "en"
            }
          }
        }
      ],
      "sources" : [
        "Configuration/ActionSetConfiguration.swift",
        "Configuration/AdaptiveCardConfiguration.swift",
        "Configuration/Color+Configuration.swift",
        "Configuration/ContainerConfiguration.swift",
        "Configuration/ContainerStyleConfiguration.swift",
        "Configuration/EnvironmentValues+Configuration.swift",
        "Configuration/FactSetConfiguration.swift",
        "Configuration/FontConfiguration.swift",
        "Configuration/FontTypeConfiguration.swift",
        "Configuration/ImageSizeConfiguration.swift",
        "Configuration/ShowCardConfiguration.swift",
        "Configuration/SpacingConfiguration.swift",
        "Configuration/TextBlockConfiguration.swift",
        "Configuration/TextColorConfiguration.swift",
        "Configuration/TextColorPair.swift",
        "Configuration/View+Configuration.swift",
        "Internal/Exports.swift",
        "Logic/FeatureAdaptation/Action+FeatureAdaptable.swift",
        "Logic/FeatureAdaptation/AdaptiveCard+FeatureAdaptable.swift",
        "Logic/FeatureAdaptation/CardElement+FeatureAdaptable.swift",
        "Logic/FeatureAdaptation/ColumnSetElement+FeatureAdaptable.swift",
        "Logic/FeatureAdaptation/Fallback+FeatureAdaptable.swift",
        "Logic/FeatureAdaptation/FeatureAdaptable.swift",
        "Logic/Store/AdaptiveCard+DuplicateIdentifiers.swift",
        "Logic/Store/AdaptiveCard+ImageURLs.swift",
        "Logic/Store/AdaptiveCardCache.swift",
        "Logic/Store/AdaptiveCardDownloader.swift",
        "Logic/Store/AdaptiveCardStore.swift",
        "Logic/Store/ImmediateAdaptiveCardCache.swift",
        "Logic/ToggleVisibility/AdaptiveCard+Toggleable.swift",
        "Logic/ToggleVisibility/CardElement+Toggleable.swift",
        "Logic/ToggleVisibility/ColumnSetElement+Toggleable.swift",
        "Logic/ToggleVisibility/Image+Toggleable.swift",
        "Logic/ToggleVisibility/Toggleable.swift",
        "UI/ActionSet/ActionSetView.swift",
        "UI/ActionSet/ActionView.swift",
        "UI/ActionSet/CapsuleButtonModifier.swift",
        "UI/ActionSet/CapsuleButtonStyle.swift",
        "UI/AdaptiveCard/AdaptiveCardFeatures.swift",
        "UI/AdaptiveCard/AdaptiveCardSourceView.swift",
        "UI/AdaptiveCard/AdaptiveCardView.swift",
        "UI/AdaptiveCard/ErrorView.swift",
        "UI/AdaptiveCard/PrimitiveCardView.swift",
        "UI/BackgroundImage/BackgroundImageStyle.swift",
        "UI/BackgroundImage/BackgroundImageView.swift",
        "UI/BackgroundImage/CoverImageView.swift",
        "UI/BackgroundImage/RepeatHorizontallyImageView.swift",
        "UI/BackgroundImage/RepeatVerticallyImageView.swift",
        "UI/CardElement/CardElementList.swift",
        "UI/CardElement/CardElementView.swift",
        "UI/CardElement/CustomCardElementView.swift",
        "UI/CardElement/SpacingCardElementView.swift",
        "UI/Color/Color+ARGBHex.swift",
        "UI/ColumnSet/ColumnSetView.swift",
        "UI/ColumnSet/ColumnView.swift",
        "UI/ColumnSet/SpacingColumnView.swift",
        "UI/Container/ContainerView.swift",
        "UI/Container/EnvironmentValues+ContainerStyle.swift",
        "UI/FactSet/FactSetView.swift",
        "UI/Helpers/Alignment+VAlignment.swift",
        "UI/Helpers/BlockElementHeight+CGFloat.swift",
        "UI/Helpers/CollectSizeModifier.swift",
        "UI/Helpers/FlowLayout.swift",
        "UI/Helpers/HAlign.swift",
        "UI/Helpers/HAlignment+Offset.swift",
        "UI/Helpers/Padded.swift",
        "UI/Helpers/PixelDimension+CGFloat.swift",
        "UI/Helpers/SelectActionModifier.swift",
        "UI/Helpers/VAlignment+Offset.swift",
        "UI/Image/AutoImageView.swift",
        "UI/Image/ContentSizeKey.swift",
        "UI/Image/CustomImageStyle.swift",
        "UI/Image/FixedSizeImageView.swift",
        "UI/Image/ImageSetView.swift",
        "UI/Image/ImageSizeImageView.swift",
        "UI/Image/ImageStyleView.swift",
        "UI/Image/ImageView.swift",
        "UI/Image/PrimitiveImageStyle.swift",
        "UI/Text/Font.Design+FontType.swift",
        "UI/Text/Font.Weight+FontWeight.swift",
        "UI/Text/RichTextBlockView.swift",
        "UI/Text/Text+Parsing.swift",
        "UI/Text/TextAlignment+HAlignment.swift",
        "UI/Text/TextBlockView.swift",
        "UI/Text/TextElement.swift"
      ],
      "target_dependencies" : [
        "AdaptiveCard"
      ],
      "type" : "library"
    },
    {
      "c99name" : "AdaptiveCardTests",
      "module_type" : "SwiftTarget",
      "name" : "AdaptiveCardTests",
      "path" : "Tests/AdaptiveCardTests",
      "sources" : [
        "ActionTests.swift",
        "BackgroundImageTests.swift",
        "BlockElementHeightTests.swift",
        "CardElementTests.swift",
        "ColumnSetElementTests.swift",
        "ColumnWidthTests.swift",
        "PixelDimensionTests.swift",
        "SemanticVersionTests.swift",
        "TargetElementTests.swift",
        "TextRunTests.swift"
      ],
      "target_dependencies" : [
        "AdaptiveCard"
      ],
      "type" : "test"
    },
    {
      "c99name" : "AdaptiveCard",
      "module_type" : "SwiftTarget",
      "name" : "AdaptiveCard",
      "path" : "Sources/AdaptiveCard",
      "product_dependencies" : [
        "DefaultCodable",
        "AnyValue"
      ],
      "product_memberships" : [
        "AdaptiveCard",
        "AdaptiveCardUI"
      ],
      "sources" : [
        "Actions/Action.swift",
        "Actions/ActionProtocol.swift",
        "Actions/ActionStyle.swift",
        "Actions/OpenURLAction.swift",
        "Actions/ShowCardAction.swift",
        "Actions/SubmitAction.swift",
        "Actions/TargetElement.swift",
        "Actions/ToggleVisibilityAction.swift",
        "Actions/UnknownAction.swift",
        "AdaptiveCard.swift",
        "Common/BackgroundImage.swift",
        "Common/BlockElementHeight.swift",
        "Common/ContainerStyle.swift",
        "Common/FontSize.swift",
        "Common/FontType.swift",
        "Common/FontWeight.swift",
        "Common/HAlignment.swift",
        "Common/ImageFillMode.swift",
        "Common/ImageSize.swift",
        "Common/ImageStyle.swift",
        "Common/ItemIdentifier.swift",
        "Common/PixelDimension.swift",
        "Common/SemanticVersion.swift",
        "Common/Spacing.swift",
        "Common/TextColor.swift",
        "Common/VAlignment.swift",
        "Containers/ActionSet.swift",
        "Containers/ColumnSet.swift",
        "Containers/Container.swift",
        "Containers/Fact.swift",
        "Containers/FactSet.swift",
        "Containers/ImageSet.swift",
        "Elements/CardElement.swift",
        "Elements/CardElementProtocol.swift",
        "Elements/Column.swift",
        "Elements/ColumnSetElement.swift",
        "Elements/ColumnSetElementProtocol.swift",
        "Elements/ColumnWidth.swift",
        "Elements/CustomCardElement.swift",
        "Elements/Fallback.swift",
        "Elements/Image.swift",
        "Elements/RichTextBlock.swift",
        "Elements/TextBlock.swift",
        "Elements/TextRun.swift",
        "Elements/UnknownCardElement.swift",
        "Elements/UnknownColumnSetElement.swift"
      ],
      "type" : "library"
    }
  ],
  "tools_version" : "5.3"
}
{
  "workspace" : {
    "name" : "AdaptiveCardUI",
    "schemes" : [
      "AdaptiveCard",
      "AdaptiveCardUI",
      "AdaptiveCardUI-Package",
      "AdaptiveCardUI-Package-watchOS",
      "NetworkImage_watchOS"
    ]
  }
}
2026-09-17 08:46:21.435 xcodebuild[1400:7825] [MT] IDERunDestination: Supported platforms for the buildables in the current scheme is empty.
2026-09-17 08:46:21.540 xcodebuild[1400:7825] [MT] IDERunDestination: Supported platforms for the buildables in the current scheme is empty.
{
  "workspace" : {
    "name" : "AdaptiveCardUI",
    "schemes" : [
      "AdaptiveCard",
      "AdaptiveCardUI",
      "AdaptiveCardUI-Package",
      "AdaptiveCardUI-Package-watchOS",
      "NetworkImage_watchOS"
    ]
  }
}
2026-09-17 08:46:22.828 xcodebuild[1403:7867] [MT] IDERunDestination: Supported platforms for the buildables in the current scheme is empty.
2026-09-17 08:46:22.929 xcodebuild[1403:7867] [MT] IDERunDestination: Supported platforms for the buildables in the current scheme is empty.
Running build ...
env DEVELOPER_DIR=/Applications/Xcode-27.0.0-Release.Candidate.app xcrun xcodebuild -IDEClonedSourcePackagesDirPathOverride=$PWD/.dependencies -skipMacroValidation -skipPackagePluginValidation -derivedDataPath $PWD/.derivedData build -scheme AdaptiveCardUI-Package -destination generic/platform=xrOS
Command line invocation:
    /Applications/Xcode-27.0.0-Release.Candidate.app/Contents/Developer/usr/bin/xcodebuild -IDEClonedSourcePackagesDirPathOverride=/Users/admin/builder/spi-builder-workspace/.dependencies -skipMacroValidation -skipPackagePluginValidation -derivedDataPath /Users/admin/builder/spi-builder-workspace/.derivedData build -scheme AdaptiveCardUI-Package -destination generic/platform=xrOS
Resolve Package Graph
Resolved source packages:
  xctest-dynamic-overlay: https://github.com/pointfreeco/xctest-dynamic-overlay @ 0.9.0
  DefaultCodable: https://github.com/gonzalezreal/DefaultCodable @ 1.2.1
  AdaptiveCardUI: /Users/admin/builder/spi-builder-workspace
  combine-schedulers: https://github.com/pointfreeco/combine-schedulers @ 0.11.0
  NetworkImage: https://github.com/gonzalezreal/NetworkImage @ 1.1.1
  swift-custom-dump: https://github.com/pointfreeco/swift-custom-dump @ 1.7.3
  swift-snapshot-testing: https://github.com/pointfreeco/swift-snapshot-testing @ 1.19.5
  AnyValue: https://github.com/gonzalezreal/AnyValue @ 1.0.0
  swift-syntax: https://github.com/swiftlang/swift-syntax @ 604.0.0
  swift-concurrency-extras: https://github.com/pointfreeco/swift-concurrency-extras @ 0.1.2
  swift-issue-reporting: https://github.com/pointfreeco/swift-issue-reporting @ 2.1.0
ComputePackagePrebuildTargetDependencyGraph
Prepare packages
CreateBuildRequest
SendProjectDescription
CreateBuildOperation
ComputeTargetDependencyGraph
note: Building targets in dependency order
note: Target dependency graph (20 targets)
    Target 'AdaptiveCardUITests-product' in project 'AdaptiveCardUI'
        ➜ Explicit dependency on target 'AdaptiveCard' in project 'AdaptiveCardUI'
        ➜ Explicit dependency on target 'AdaptiveCardUI' in project 'AdaptiveCardUI'
        ➜ Explicit dependency on target 'DefaultCodable-product' in project 'DefaultCodable'
        ➜ Explicit dependency on target 'AnyValue-product' in project 'AnyValue'
        ➜ Explicit dependency on target 'NetworkImage-product' in project 'NetworkImage'
        ➜ Explicit dependency on target 'CombineSchedulers-product' in project 'combine-schedulers'
        ➜ Explicit dependency on target 'SnapshotTesting-product' in project 'swift-snapshot-testing'
    Target 'SnapshotTesting-product' in project 'swift-snapshot-testing'
        ➜ Explicit dependency on target 'SnapshotTesting' in project 'swift-snapshot-testing'
    Target 'SnapshotTesting' in project 'swift-snapshot-testing' (no dependencies)
    Target 'AdaptiveCardUI-product' in project 'AdaptiveCardUI'
        ➜ Explicit dependency on target 'AdaptiveCardUI' in project 'AdaptiveCardUI'
        ➜ Explicit dependency on target 'AdaptiveCardUI_AdaptiveCardUI' in project 'AdaptiveCardUI'
        ➜ Explicit dependency on target 'AdaptiveCard' in project 'AdaptiveCardUI'
        ➜ Explicit dependency on target 'DefaultCodable-product' in project 'DefaultCodable'
        ➜ Explicit dependency on target 'AnyValue-product' in project 'AnyValue'
        ➜ Explicit dependency on target 'NetworkImage-product' in project 'NetworkImage'
        ➜ Explicit dependency on target 'CombineSchedulers-product' in project 'combine-schedulers'
    Target 'AdaptiveCardUI' in project 'AdaptiveCardUI'
        ➜ Explicit dependency on target 'AdaptiveCardUI_AdaptiveCardUI' in project 'AdaptiveCardUI'
        ➜ Explicit dependency on target 'AdaptiveCard' in project 'AdaptiveCardUI'
        ➜ Explicit dependency on target 'DefaultCodable-product' in project 'DefaultCodable'
        ➜ Explicit dependency on target 'AnyValue-product' in project 'AnyValue'
        ➜ Explicit dependency on target 'NetworkImage-product' in project 'NetworkImage'
        ➜ Explicit dependency on target 'CombineSchedulers-product' in project 'combine-schedulers'
    Target 'NetworkImage-product' in project 'NetworkImage'
        ➜ Explicit dependency on target 'NetworkImage' in project 'NetworkImage'
        ➜ Explicit dependency on target 'CombineSchedulers-product' in project 'combine-schedulers'
    Target 'NetworkImage' in project 'NetworkImage'
        ➜ Explicit dependency on target 'CombineSchedulers-product' in project 'combine-schedulers'
    Target 'CombineSchedulers-product' in project 'combine-schedulers'
        ➜ Explicit dependency on target 'CombineSchedulers' in project 'combine-schedulers'
        ➜ Explicit dependency on target 'ConcurrencyExtras-product' in project 'swift-concurrency-extras'
        ➜ Explicit dependency on target 'XCTestDynamicOverlay-product' in project 'xctest-dynamic-overlay'
    Target 'CombineSchedulers' in project 'combine-schedulers'
        ➜ Explicit dependency on target 'ConcurrencyExtras-product' in project 'swift-concurrency-extras'
        ➜ Explicit dependency on target 'XCTestDynamicOverlay-product' in project 'xctest-dynamic-overlay'
    Target 'XCTestDynamicOverlay-product' in project 'xctest-dynamic-overlay'
        ➜ Explicit dependency on target 'XCTestDynamicOverlay' in project 'xctest-dynamic-overlay'
    Target 'XCTestDynamicOverlay' in project 'xctest-dynamic-overlay' (no dependencies)
    Target 'ConcurrencyExtras-product' in project 'swift-concurrency-extras'
        ➜ Explicit dependency on target 'ConcurrencyExtras' in project 'swift-concurrency-extras'
    Target 'ConcurrencyExtras' in project 'swift-concurrency-extras' (no dependencies)
    Target 'AdaptiveCard-product' in project 'AdaptiveCardUI'
        ➜ Explicit dependency on target 'AdaptiveCard' in project 'AdaptiveCardUI'
        ➜ Explicit dependency on target 'DefaultCodable-product' in project 'DefaultCodable'
        ➜ Explicit dependency on target 'AnyValue-product' in project 'AnyValue'
    Target 'AdaptiveCard' in project 'AdaptiveCardUI'
        ➜ Explicit dependency on target 'DefaultCodable-product' in project 'DefaultCodable'
        ➜ Explicit dependency on target 'AnyValue-product' in project 'AnyValue'
    Target 'AnyValue-product' in project 'AnyValue'
        ➜ Explicit dependency on target 'AnyValue' in project 'AnyValue'
    Target 'AnyValue' in project 'AnyValue' (no dependencies)
    Target 'DefaultCodable-product' in project 'DefaultCodable'
        ➜ Explicit dependency on target 'DefaultCodable' in project 'DefaultCodable'
    Target 'DefaultCodable' in project 'DefaultCodable' (no dependencies)
    Target 'AdaptiveCardUI_AdaptiveCardUI' in project 'AdaptiveCardUI' (no dependencies)
GatherProvisioningInputs
CreateBuildDescription
ClangStatCache /Applications/Xcode-27.0.0-Release.Candidate.app/Contents/Developer/Toolchains/XcodeDefault.xctoolchain/usr/bin/clang-stat-cache /Applications/Xcode-27.0.0-Release.Candidate.app/Contents/Developer/Platforms/XROS.platform/Developer/SDKs/XROS27.0.sdk /Users/admin/builder/spi-builder-workspace/.derivedData/SDKStatCaches.noindex/xros27.0-24M361-e829b21a6f8c9b70876ba0858053c044735bd543db762f57723cac368afd1ce4.sdkstatcache
    cd /Users/admin/builder/spi-builder-workspace/.swiftpm/xcode
    /Applications/Xcode-27.0.0-Release.Candidate.app/Contents/Developer/Toolchains/XcodeDefault.xctoolchain/usr/bin/clang-stat-cache /Applications/Xcode-27.0.0-Release.Candidate.app/Contents/Developer/Platforms/XROS.platform/Developer/SDKs/XROS27.0.sdk -o /Users/admin/builder/spi-builder-workspace/.derivedData/SDKStatCaches.noindex/xros27.0-24M361-e829b21a6f8c9b70876ba0858053c044735bd543db762f57723cac368afd1ce4.sdkstatcache
SwiftDriver NetworkImage normal arm64 com.apple.xcode.tools.swift.compiler (in target 'NetworkImage' from project 'NetworkImage')
    cd /Users/admin/builder/spi-builder-workspace/.swiftpm/xcode
    builtin-SwiftDriver -- /Applications/Xcode-27.0.0-Release.Candidate.app/Contents/Developer/Toolchains/XcodeDefault.xctoolchain/usr/bin/swiftc -parse-as-library -module-name NetworkImage -Onone @/Users/admin/builder/spi-builder-workspace/.derivedData/Build/Intermediates.noindex/NetworkImage.build/Debug-xros/NetworkImage-t.build/Objects-normal/arm64/NetworkImage.SwiftFileList -DSWIFT_PACKAGE -DDEBUG -DSWIFT_MODULE_RESOURCE_BUNDLE_UNAVAILABLE -DXcode -plugin-path /Applications/Xcode-27.0.0-Release.Candidate.app/Contents/Developer/Toolchains/XcodeDefault.xctoolchain/usr/lib/swift/host/plugins/testing -enable-experimental-feature DebugDescriptionMacro -sdk /Applications/Xcode-27.0.0-Release.Candidate.app/Contents/Developer/Platforms/XROS.platform/Developer/SDKs/XROS27.0.sdk -target arm64-apple-xros1.0 -g -module-cache-path /Users/admin/builder/spi-builder-workspace/.derivedData/ModuleCache.noindex -Xfrontend -serialize-debugging-options -enable-testing -suppress-warnings -index-store-path /Users/admin/builder/spi-builder-workspace/.derivedData/Index.noindex/DataStore -Xcc -D_LIBCPP_HARDENING_MODE\=_LIBCPP_HARDENING_MODE_DEBUG -swift-version 5 -I /Users/admin/builder/spi-builder-workspace/.derivedData/Build/Products/Debug-xros -Isystem /Applications/Xcode-27.0.0-Release.Candidate.app/Contents/Developer/Platforms/XROS.platform/Developer/usr/lib -F /Users/admin/builder/spi-builder-workspace/.derivedData/Build/Products/Debug-xros/PackageFrameworks -F /Users/admin/builder/spi-builder-workspace/.derivedData/Build/Products/Debug-xros -F /Applications/Xcode-27.0.0-Release.Candidate.app/Contents/Developer/Platforms/XROS.platform/Developer/Library/Frameworks -F /Applications/Xcode-27.0.0-Release.Candidate.app/Contents/Developer/Platforms/XROS.platform/Developer/SDKs/XROS27.0.sdk/Developer/Library/Frameworks -c -j10 -enable-batch-mode -incremental -Xcc -ivfsstatcache -Xcc /Users/admin/builder/spi-builder-workspace/.derivedData/SDKStatCaches.noindex/xros27.0-24M361-e829b21a6f8c9b70876ba0858053c044735bd543db762f57723cac368afd1ce4.sdkstatcache -output-file-map /Users/admin/builder/spi-builder-workspace/.derivedData/Build/Intermediates.noindex/NetworkImage.build/Debug-xros/NetworkImage-t.build/Objects-normal/arm64/NetworkImage-OutputFileMap.json -save-temps -no-color-diagnostics -explicit-module-build -module-cache-path /Users/admin/builder/spi-builder-workspace/.derivedData/Build/Intermediates.noindex/SwiftExplicitPrecompiledModules -clang-scanner-module-cache-path /Users/admin/builder/spi-builder-workspace/.derivedData/ModuleCache.noindex -sdk-module-cache-path /Users/admin/builder/spi-builder-workspace/.derivedData/SDKExplicitPrecompiledModules -emit-dependencies -emit-module -emit-module-path /Users/admin/builder/spi-builder-workspace/.derivedData/Build/Intermediates.noindex/NetworkImage.build/Debug-xros/NetworkImage-t.build/Objects-normal/arm64/NetworkImage.swiftmodule -serialize-diagnostics -dependency-scan-serialize-diagnostics-path /Users/admin/builder/spi-builder-workspace/.derivedData/Build/Intermediates.noindex/NetworkImage.build/Debug-xros/NetworkImage-t.build/Objects-normal/arm64/NetworkImage-dependency-scan.dia -validate-clang-modules-once -clang-build-session-file /Users/admin/builder/spi-builder-workspace/.derivedData/ModuleCache.noindex/Session.modulevalidation -Xcc -fmodules-prune-interval\=86400 -Xcc -fmodules-prune-after\=345600 -emit-const-values -const-gather-protocols-list /Users/admin/builder/spi-builder-workspace/.derivedData/Build/Intermediates.noindex/NetworkImage.build/Debug-xros/NetworkImage-t.build/Objects-normal/arm64/NetworkImage_const_extract_protocols.json -Xcc -I/Users/admin/builder/spi-builder-workspace/.derivedData/Build/Products/Debug-xros/include -Xcc -I/Users/admin/builder/spi-builder-workspace/.derivedData/Build/Intermediates.noindex/NetworkImage.build/Debug-xros/NetworkImage-t.build/DerivedSources-normal/arm64 -Xcc -I/Users/admin/builder/spi-builder-workspace/.derivedData/Build/Intermediates.noindex/NetworkImage.build/Debug-xros/NetworkImage-t.build/DerivedSources/arm64 -Xcc -I/Users/admin/builder/spi-builder-workspace/.derivedData/Build/Intermediates.noindex/NetworkImage.build/Debug-xros/NetworkImage-t.build/DerivedSources -Xcc -DSWIFT_PACKAGE -Xcc -DDEBUG\=1 -emit-objc-header -emit-objc-header-path /Users/admin/builder/spi-builder-workspace/.derivedData/Build/Intermediates.noindex/NetworkImage.build/Debug-xros/NetworkImage-t.build/Objects-normal/arm64/NetworkImage-Swift.h -working-directory /Users/admin/builder/spi-builder-workspace/.swiftpm/xcode -experimental-emit-module-separately -disable-cmo
SwiftDriver CombineSchedulers normal arm64 com.apple.xcode.tools.swift.compiler (in target 'CombineSchedulers' from project 'combine-schedulers')
    cd /Users/admin/builder/spi-builder-workspace/.swiftpm/xcode
    builtin-SwiftDriver -- /Applications/Xcode-27.0.0-Release.Candidate.app/Contents/Developer/Toolchains/XcodeDefault.xctoolchain/usr/bin/swiftc -parse-as-library -module-name CombineSchedulers -Onone @/Users/admin/builder/spi-builder-workspace/.derivedData/Build/Intermediates.noindex/combine-schedulers.build/Debug-xros/CombineSchedulers-t.build/Objects-normal/arm64/CombineSchedulers.SwiftFileList -DSWIFT_PACKAGE -DDEBUG -DSWIFT_MODULE_RESOURCE_BUNDLE_UNAVAILABLE -DXcode -plugin-path /Applications/Xcode-27.0.0-Release.Candidate.app/Contents/Developer/Toolchains/XcodeDefault.xctoolchain/usr/lib/swift/host/plugins/testing -enable-experimental-feature DebugDescriptionMacro -sdk /Applications/Xcode-27.0.0-Release.Candidate.app/Contents/Developer/Platforms/XROS.platform/Developer/SDKs/XROS27.0.sdk -target arm64-apple-xros1.0 -g -module-cache-path /Users/admin/builder/spi-builder-workspace/.derivedData/ModuleCache.noindex -Xfrontend -serialize-debugging-options -enable-testing -suppress-warnings -index-store-path /Users/admin/builder/spi-builder-workspace/.derivedData/Index.noindex/DataStore -Xcc -D_LIBCPP_HARDENING_MODE\=_LIBCPP_HARDENING_MODE_DEBUG -swift-version 5 -I /Users/admin/builder/spi-builder-workspace/.derivedData/Build/Products/Debug-xros -Isystem /Applications/Xcode-27.0.0-Release.Candidate.app/Contents/Developer/Platforms/XROS.platform/Developer/usr/lib -F /Users/admin/builder/spi-builder-workspace/.derivedData/Build/Products/Debug-xros/PackageFrameworks -F /Users/admin/builder/spi-builder-workspace/.derivedData/Build/Products/Debug-xros -F /Applications/Xcode-27.0.0-Release.Candidate.app/Contents/Developer/Platforms/XROS.platform/Developer/Library/Frameworks -F /Applications/Xcode-27.0.0-Release.Candidate.app/Contents/Developer/Platforms/XROS.platform/Developer/SDKs/XROS27.0.sdk/Developer/Library/Frameworks -c -j10 -enable-batch-mode -incremental -Xcc -ivfsstatcache -Xcc /Users/admin/builder/spi-builder-workspace/.derivedData/SDKStatCaches.noindex/xros27.0-24M361-e829b21a6f8c9b70876ba0858053c044735bd543db762f57723cac368afd1ce4.sdkstatcache -output-file-map /Users/admin/builder/spi-builder-workspace/.derivedData/Build/Intermediates.noindex/combine-schedulers.build/Debug-xros/CombineSchedulers-t.build/Objects-normal/arm64/CombineSchedulers-OutputFileMap.json -save-temps -no-color-diagnostics -explicit-module-build -module-cache-path /Users/admin/builder/spi-builder-workspace/.derivedData/Build/Intermediates.noindex/SwiftExplicitPrecompiledModules -clang-scanner-module-cache-path /Users/admin/builder/spi-builder-workspace/.derivedData/ModuleCache.noindex -sdk-module-cache-path /Users/admin/builder/spi-builder-workspace/.derivedData/SDKExplicitPrecompiledModules -emit-dependencies -emit-module -emit-module-path /Users/admin/builder/spi-builder-workspace/.derivedData/Build/Intermediates.noindex/combine-schedulers.build/Debug-xros/CombineSchedulers-t.build/Objects-normal/arm64/CombineSchedulers.swiftmodule -serialize-diagnostics -dependency-scan-serialize-diagnostics-path /Users/admin/builder/spi-builder-workspace/.derivedData/Build/Intermediates.noindex/combine-schedulers.build/Debug-xros/CombineSchedulers-t.build/Objects-normal/arm64/CombineSchedulers-dependency-scan.dia -validate-clang-modules-once -clang-build-session-file /Users/admin/builder/spi-builder-workspace/.derivedData/ModuleCache.noindex/Session.modulevalidation -Xcc -fmodules-prune-interval\=86400 -Xcc -fmodules-prune-after\=345600 -emit-const-values -const-gather-protocols-list /Users/admin/builder/spi-builder-workspace/.derivedData/Build/Intermediates.noindex/combine-schedulers.build/Debug-xros/CombineSchedulers-t.build/Objects-normal/arm64/CombineSchedulers_const_extract_protocols.json -Xcc -I/Users/admin/builder/spi-builder-workspace/.derivedData/Build/Products/Debug-xros/include -Xcc -I/Users/admin/builder/spi-builder-workspace/.derivedData/Build/Intermediates.noindex/combine-schedulers.build/Debug-xros/CombineSchedulers-t.build/DerivedSources-normal/arm64 -Xcc -I/Users/admin/builder/spi-builder-workspace/.derivedData/Build/Intermediates.noindex/combine-schedulers.build/Debug-xros/CombineSchedulers-t.build/DerivedSources/arm64 -Xcc -I/Users/admin/builder/spi-builder-workspace/.derivedData/Build/Intermediates.noindex/combine-schedulers.build/Debug-xros/CombineSchedulers-t.build/DerivedSources -Xcc -DSWIFT_PACKAGE -Xcc -DDEBUG\=1 -emit-objc-header -emit-objc-header-path /Users/admin/builder/spi-builder-workspace/.derivedData/Build/Intermediates.noindex/combine-schedulers.build/Debug-xros/CombineSchedulers-t.build/Objects-normal/arm64/CombineSchedulers-Swift.h -working-directory /Users/admin/builder/spi-builder-workspace/.swiftpm/xcode -experimental-emit-module-separately -disable-cmo
SwiftDriver SnapshotTesting normal arm64 com.apple.xcode.tools.swift.compiler (in target 'SnapshotTesting' from project 'swift-snapshot-testing')
    cd /Users/admin/builder/spi-builder-workspace/.swiftpm/xcode
    builtin-SwiftDriver -- /Applications/Xcode-27.0.0-Release.Candidate.app/Contents/Developer/Toolchains/XcodeDefault.xctoolchain/usr/bin/swiftc -parse-as-library -module-name SnapshotTesting -Onone @/Users/admin/builder/spi-builder-workspace/.derivedData/Build/Intermediates.noindex/swift-snapshot-testing.build/Debug-xros/SnapshotTesting-t.build/Objects-normal/arm64/SnapshotTesting.SwiftFileList -DSWIFT_PACKAGE -DDEBUG -DSWIFT_MODULE_RESOURCE_BUNDLE_UNAVAILABLE -DXcode -plugin-path /Applications/Xcode-27.0.0-Release.Candidate.app/Contents/Developer/Toolchains/XcodeDefault.xctoolchain/usr/lib/swift/host/plugins/testing -enable-experimental-feature DebugDescriptionMacro -sdk /Applications/Xcode-27.0.0-Release.Candidate.app/Contents/Developer/Platforms/XROS.platform/Developer/SDKs/XROS27.0.sdk -target arm64-apple-xros1.0 -g -module-cache-path /Users/admin/builder/spi-builder-workspace/.derivedData/ModuleCache.noindex -Xfrontend -serialize-debugging-options -enable-testing -suppress-warnings -index-store-path /Users/admin/builder/spi-builder-workspace/.derivedData/Index.noindex/DataStore -Xcc -D_LIBCPP_HARDENING_MODE\=_LIBCPP_HARDENING_MODE_DEBUG -swift-version 5 -I /Users/admin/builder/spi-builder-workspace/.derivedData/Build/Products/Debug-xros -Isystem /Applications/Xcode-27.0.0-Release.Candidate.app/Contents/Developer/Platforms/XROS.platform/Developer/usr/lib -F /Users/admin/builder/spi-builder-workspace/.derivedData/Build/Products/Debug-xros -F /Applications/Xcode-27.0.0-Release.Candidate.app/Contents/Developer/Platforms/XROS.platform/Developer/Library/Frameworks -F /Applications/Xcode-27.0.0-Release.Candidate.app/Contents/Developer/Platforms/XROS.platform/Developer/SDKs/XROS27.0.sdk/Developer/Library/Frameworks -c -j10 -enable-batch-mode -incremental -Xcc -ivfsstatcache -Xcc /Users/admin/builder/spi-builder-workspace/.derivedData/SDKStatCaches.noindex/xros27.0-24M361-e829b21a6f8c9b70876ba0858053c044735bd543db762f57723cac368afd1ce4.sdkstatcache -output-file-map /Users/admin/builder/spi-builder-workspace/.derivedData/Build/Intermediates.noindex/swift-snapshot-testing.build/Debug-xros/SnapshotTesting-t.build/Objects-normal/arm64/SnapshotTesting-OutputFileMap.json -save-temps -no-color-diagnostics -explicit-module-build -module-cache-path /Users/admin/builder/spi-builder-workspace/.derivedData/Build/Intermediates.noindex/SwiftExplicitPrecompiledModules -clang-scanner-module-cache-path /Users/admin/builder/spi-builder-workspace/.derivedData/ModuleCache.noindex -sdk-module-cache-path /Users/admin/builder/spi-builder-workspace/.derivedData/SDKExplicitPrecompiledModules -emit-dependencies -emit-module -emit-module-path /Users/admin/builder/spi-builder-workspace/.derivedData/Build/Intermediates.noindex/swift-snapshot-testing.build/Debug-xros/SnapshotTesting-t.build/Objects-normal/arm64/SnapshotTesting.swiftmodule -serialize-diagnostics -dependency-scan-serialize-diagnostics-path /Users/admin/builder/spi-builder-workspace/.derivedData/Build/Intermediates.noindex/swift-snapshot-testing.build/Debug-xros/SnapshotTesting-t.build/Objects-normal/arm64/SnapshotTesting-dependency-scan.dia -user-module-version 1.19.5 -validate-clang-modules-once -clang-build-session-file /Users/admin/builder/spi-builder-workspace/.derivedData/ModuleCache.noindex/Session.modulevalidation -Xcc -fmodules-prune-interval\=86400 -Xcc -fmodules-prune-after\=345600 -package-name swift_snapshot_testing -emit-const-values -const-gather-protocols-list /Users/admin/builder/spi-builder-workspace/.derivedData/Build/Intermediates.noindex/swift-snapshot-testing.build/Debug-xros/SnapshotTesting-t.build/Objects-normal/arm64/SnapshotTesting_const_extract_protocols.json -Xcc -I/Users/admin/builder/spi-builder-workspace/.derivedData/Build/Products/Debug-xros/include -Xcc -I/Users/admin/builder/spi-builder-workspace/.derivedData/Build/Intermediates.noindex/swift-snapshot-testing.build/Debug-xros/SnapshotTesting-t.build/DerivedSources-normal/arm64 -Xcc -I/Users/admin/builder/spi-builder-workspace/.derivedData/Build/Intermediates.noindex/swift-snapshot-testing.build/Debug-xros/SnapshotTesting-t.build/DerivedSources/arm64 -Xcc -I/Users/admin/builder/spi-builder-workspace/.derivedData/Build/Intermediates.noindex/swift-snapshot-testing.build/Debug-xros/SnapshotTesting-t.build/DerivedSources -Xcc -DSWIFT_PACKAGE -Xcc -DDEBUG\=1 -emit-objc-header -emit-objc-header-path /Users/admin/builder/spi-builder-workspace/.derivedData/Build/Intermediates.noindex/swift-snapshot-testing.build/Debug-xros/SnapshotTesting-t.build/Objects-normal/arm64/SnapshotTesting-Swift.h -working-directory /Users/admin/builder/spi-builder-workspace/.swiftpm/xcode -experimental-emit-module-separately -disable-cmo
SwiftEmitModule normal arm64 Emitting\ module\ for\ CombineSchedulers (in target 'CombineSchedulers' from project 'combine-schedulers')
SwiftCompile normal arm64 (in target 'CombineSchedulers' from project 'combine-schedulers')
    cd /Users/admin/builder/spi-builder-workspace/.swiftpm/xcode

SwiftCompile normal arm64 Compiling\ ImageCache.swift,\ ImageDecoding.swift /Users/admin/builder/spi-builder-workspace/.dependencies/checkouts/NetworkImage/Sources/NetworkImage/Core/ImageCache.swift /Users/admin/builder/spi-builder-workspace/.dependencies/checkouts/NetworkImage/Sources/NetworkImage/Core/ImageDecoding.swift (in target 'NetworkImage' from project 'NetworkImage')
/Users/admin/builder/spi-builder-workspace/.dependencies/checkouts/NetworkImage/Sources/NetworkImage/Core/ImageCache.swift:8:33: error: cannot find type 'OSImage' in scope
 6 | public protocol ImageCache: AnyObject {
 7 |     /// Returns the image associated with a given URL.
 8 |     func image(for url: URL) -> OSImage?
   |                                 `- error: cannot find type 'OSImage' in scope
 9 |
10 |     /// Stores the image in the cache, associated with the specified URL.
/Users/admin/builder/spi-builder-workspace/.dependencies/checkouts/NetworkImage/Sources/NetworkImage/Core/ImageCache.swift:11:28: error: cannot find type 'OSImage' in scope
 9 |
10 |     /// Stores the image in the cache, associated with the specified URL.
11 |     func setImage(_ image: OSImage, for url: URL)
   |                            `- error: cannot find type 'OSImage' in scope
12 | }
13 |
Failed frontend command:
/Applications/Xcode-27.0.0-Release.Candidate.app/Contents/Developer/Toolchains/XcodeDefault.xctoolchain/usr/bin/swift-frontend -frontend -c -primary-file /Users/admin/builder/spi-builder-workspace/.dependencies/checkouts/NetworkImage/Sources/NetworkImage/Core/ImageCache.swift -primary-file /Users/admin/builder/spi-builder-workspace/.dependencies/checkouts/NetworkImage/Sources/NetworkImage/Core/ImageDecoding.swift /Users/admin/builder/spi-builder-workspace/.dependencies/checkouts/NetworkImage/Sources/NetworkImage/Core/ImageDownloader.swift /Users/admin/builder/spi-builder-workspace/.dependencies/checkouts/NetworkImage/Sources/NetworkImage/Core/ImagePrefetcher.swift /Users/admin/builder/spi-builder-workspace/.dependencies/checkouts/NetworkImage/Sources/NetworkImage/Core/ImmediateImageCache.swift /Users/admin/builder/spi-builder-workspace/.dependencies/checkouts/NetworkImage/Sources/NetworkImage/Core/NetworkImageError.swift /Users/admin/builder/spi-builder-workspace/.dependencies/checkouts/NetworkImage/Sources/NetworkImage/Core/NetworkImageStore.swift /Users/admin/builder/spi-builder-workspace/.dependencies/checkouts/NetworkImage/Sources/NetworkImage/Core/URLSession+NetworkImage.swift /Users/admin/builder/spi-builder-workspace/.dependencies/checkouts/NetworkImage/Sources/NetworkImage/SwiftUI/Image+OSImage.swift /Users/admin/builder/spi-builder-workspace/.dependencies/checkouts/NetworkImage/Sources/NetworkImage/SwiftUI/NetworkImage.swift /Users/admin/builder/spi-builder-workspace/.dependencies/checkouts/NetworkImage/Sources/NetworkImage/SwiftUI/NetworkImageState.swift /Users/admin/builder/spi-builder-workspace/.dependencies/checkouts/NetworkImage/Sources/NetworkImage/SwiftUI/NetworkImageStyle.swift /Users/admin/builder/spi-builder-workspace/.dependencies/checkouts/NetworkImage/Sources/NetworkImage/SwiftUI/ResizableNetworkImageStyle.swift /Users/admin/builder/spi-builder-workspace/.dependencies/checkouts/NetworkImage/Sources/NetworkImage/UIKit/NetworkImageView.swift -emit-dependencies-path /Users/admin/builder/spi-builder-workspace/.derivedData/Build/Intermediates.noindex/NetworkImage.build/Debug-xros/NetworkImage-t.build/Objects-normal/arm64/ImageCache.d -emit-const-values-path /Users/admin/builder/spi-builder-workspace/.derivedData/Build/Intermediates.noindex/NetworkImage.build/Debug-xros/NetworkImage-t.build/Objects-normal/arm64/ImageCache.swiftconstvalues -emit-reference-dependencies-path /Users/admin/builder/spi-builder-workspace/.derivedData/Build/Intermediates.noindex/NetworkImage.build/Debug-xros/NetworkImage-t.build/Objects-normal/arm64/ImageCache.swiftdeps -serialize-diagnostics-path /Users/admin/builder/spi-builder-workspace/.derivedData/Build/Intermediates.noindex/NetworkImage.build/Debug-xros/NetworkImage-t.build/Objects-normal/arm64/ImageCache.dia -emit-dependencies-path /Users/admin/builder/spi-builder-workspace/.derivedData/Build/Intermediates.noindex/NetworkImage.build/Debug-xros/NetworkImage-t.build/Objects-normal/arm64/ImageDecoding.d -emit-const-values-path /Users/admin/builder/spi-builder-workspace/.derivedData/Build/Intermediates.noindex/NetworkImage.build/Debug-xros/NetworkImage-t.build/Objects-normal/arm64/ImageDecoding.swiftconstvalues -emit-reference-dependencies-path /Users/admin/builder/spi-builder-workspace/.derivedData/Build/Intermediates.noindex/NetworkImage.build/Debug-xros/NetworkImage-t.build/Objects-normal/arm64/ImageDecoding.swiftdeps -serialize-diagnostics-path /Users/admin/builder/spi-builder-workspace/.derivedData/Build/Intermediates.noindex/NetworkImage.build/Debug-xros/NetworkImage-t.build/Objects-normal/arm64/ImageDecoding.dia -target arm64-apple-xros1.0 -module-can-import-version Combine 3023 0 -module-can-import-version SwiftUI 8.0.84.1 8.0.84 -disable-cross-import-overlay-search -load-resolved-plugin /Applications/Xcode-27.0.0-Release.Candidate.app/Contents/Developer/Platforms/XROS.platform/Developer/usr/lib/swift/host/plugins/libFoundationMacros.dylib\#/Applications/Xcode-27.0.0-Release.Candidate.app/Contents/Developer/Platforms/XROS.platform/Developer/usr/bin/swift-plugin-server\#FoundationMacros -load-resolved-plugin /Applications/Xcode-27.0.0-Release.Candidate.app/Contents/Developer/Platforms/XROS.platform/Developer/usr/lib/swift/host/plugins/libObservationMacros.dylib\#/Applications/Xcode-27.0.0-Release.Candidate.app/Contents/Developer/Platforms/XROS.platform/Developer/usr/bin/swift-plugin-server\#ObservationMacros -load-resolved-plugin /Applications/Xcode-27.0.0-Release.Candidate.app/Contents/Developer/Platforms/XROS.platform/Developer/usr/lib/swift/host/plugins/libPreviewsMacros.dylib\#/Applications/Xcode-27.0.0-Release.Candidate.app/Contents/Developer/Platforms/XROS.platform/Developer/usr/bin/swift-plugin-server\#PreviewsMacros -load-resolved-plugin /Applications/Xcode-27.0.0-Release.Candidate.app/Contents/Developer/Platforms/XROS.platform/Developer/usr/lib/swift/host/plugins/libSwiftMacros.dylib\#/Applications/Xcode-27.0.0-Release.Candidate.app/Contents/Developer/Platforms/XROS.platform/Developer/usr/bin/swift-plugin-server\#SwiftMacros -load-resolved-plugin /Applications/Xcode-27.0.0-Release.Candidate.app/Contents/Developer/Platforms/XROS.platform/Developer/usr/lib/swift/host/plugins/libSwiftUIMacros.dylib\#/Applications/Xcode-27.0.0-Release.Candidate.app/Contents/Developer/Platforms/XROS.platform/Developer/usr/bin/swift-plugin-server\#SwiftUIMacros -disable-implicit-swift-modules -Xcc -fno-implicit-modules -Xcc -fno-implicit-module-maps -explicit-swift-module-map-file /Users/admin/builder/spi-builder-workspace/.derivedData/Build/Intermediates.noindex/NetworkImage.build/Debug-xros/NetworkImage-t.build/Objects-normal/arm64/NetworkImage-dependencies-1.json -Xllvm -aarch64-use-tbi -enable-objc-interop -stack-check -sdk /Applications/Xcode-27.0.0-Release.Candidate.app/Contents/Developer/Platforms/XROS.platform/Developer/SDKs/XROS27.0.sdk -I /Users/admin/builder/spi-builder-workspace/.derivedData/Build/Products/Debug-xros -Isystem /Applications/Xcode-27.0.0-Release.Candidate.app/Contents/Developer/Platforms/XROS.platform/Developer/usr/lib -F /Users/admin/builder/spi-builder-workspace/.derivedData/Build/Products/Debug-xros/PackageFrameworks -F /Users/admin/builder/spi-builder-workspace/.derivedData/Build/Products/Debug-xros -F /Applications/Xcode-27.0.0-Release.Candidate.app/Contents/Developer/Platforms/XROS.platform/Developer/Library/Frameworks -F /Applications/Xcode-27.0.0-Release.Candidate.app/Contents/Developer/Platforms/XROS.platform/Developer/SDKs/XROS27.0.sdk/Developer/Library/Frameworks -module-cache-path /Users/admin/builder/spi-builder-workspace/.derivedData/Build/Intermediates.noindex/SwiftExplicitPrecompiledModules -no-color-diagnostics -Xcc -fno-color-diagnostics -enable-testing -g -debug-info-format\=dwarf -dwarf-version\=4 -suppress-warnings -swift-version 5 -Onone -D SWIFT_PACKAGE -D DEBUG -D SWIFT_MODULE_RESOURCE_BUNDLE_UNAVAILABLE -D Xcode -serialize-debugging-options -enable-experimental-feature DebugDescriptionMacro -empty-abi-descriptor -validate-clang-modules-once -clang-build-session-file /Users/admin/builder/spi-builder-workspace/.derivedData/ModuleCache.noindex/Session.modulevalidation -Xcc -working-directory -Xcc /Users/admin/builder/spi-builder-workspace/.swiftpm/xcode -enable-anonymous-context-mangled-names -file-compilation-dir /Users/admin/builder/spi-builder-workspace/.swiftpm/xcode -Xcc -D_LIBCPP_HARDENING_MODE\=_LIBCPP_HARDENING_MODE_DEBUG -Xcc -ivfsstatcache -Xcc /Users/admin/builder/spi-builder-workspace/.derivedData/SDKStatCaches.noindex/xros27.0-24M361-e829b21a6f8c9b70876ba0858053c044735bd543db762f57723cac368afd1ce4.sdkstatcache -Xcc -fmodules-prune-interval\=86400 -Xcc -fmodules-prune-after\=345600 -Xcc -I/Users/admin/builder/spi-builder-workspace/.derivedData/Build/Products/Debug-xros/include -Xcc -I/Users/admin/builder/spi-builder-workspace/.derivedData/Build/Intermediates.noindex/NetworkImage.build/Debug-xros/NetworkImage-t.build/DerivedSources-normal/arm64 -Xcc -I/Users/admin/builder/spi-builder-workspace/.derivedData/Build/Intermediates.noindex/NetworkImage.build/Debug-xros/NetworkImage-t.build/DerivedSources/arm64 -Xcc -I/Users/admin/builder/spi-builder-workspace/.derivedData/Build/Intermediates.noindex/NetworkImage.build/Debug-xros/NetworkImage-t.build/DerivedSources -Xcc -DSWIFT_PACKAGE -Xcc -DDEBUG\=1 -no-auto-bridging-header-chaining -module-name NetworkImage -const-gather-protocols-file /Users/admin/builder/spi-builder-workspace/.derivedData/Build/Intermediates.noindex/NetworkImage.build/Debug-xros/NetworkImage-t.build/Objects-normal/arm64/NetworkImage_const_extract_protocols.json -disable-clang-spi -clang-target arm64-apple-xros27.0 -target-sdk-version 27.0 -target-sdk-name xros27.0 -in-process-plugin-server-path /Applications/Xcode-27.0.0-Release.Candidate.app/Contents/Developer/Toolchains/XcodeDefault.xctoolchain/usr/lib/swift/host/libSwiftInProcPluginServer.dylib -parse-as-library -o /Users/admin/builder/spi-builder-workspace/.derivedData/Build/Intermediates.noindex/NetworkImage.build/Debug-xros/NetworkImage-t.build/Objects-normal/arm64/ImageCache.o -o /Users/admin/builder/spi-builder-workspace/.derivedData/Build/Intermediates.noindex/NetworkImage.build/Debug-xros/NetworkImage-t.build/Objects-normal/arm64/ImageDecoding.o -debug-module-path /Users/admin/builder/spi-builder-workspace/.derivedData/Build/Intermediates.noindex/NetworkImage.build/Debug-xros/NetworkImage-t.build/Objects-normal/arm64/NetworkImage.swiftmodule -index-unit-output-path /NetworkImage.build/Debug-xros/NetworkImage-t.build/Objects-normal/arm64/ImageCache.o -index-unit-output-path /NetworkImage.build/Debug-xros/NetworkImage-t.build/Objects-normal/arm64/ImageDecoding.o -index-store-path /Users/admin/builder/spi-builder-workspace/.derivedData/Index.noindex/DataStore -index-system-modules
SwiftCompile normal arm64 /Users/admin/builder/spi-builder-workspace/.dependencies/checkouts/NetworkImage/Sources/NetworkImage/Core/ImageCache.swift (in target 'NetworkImage' from project 'NetworkImage')
    cd /Users/admin/builder/spi-builder-workspace/.swiftpm/xcode
    builtin-SwiftPerFileCompile ImageCache.swift
SwiftCompile normal arm64 /Users/admin/builder/spi-builder-workspace/.dependencies/checkouts/NetworkImage/Sources/NetworkImage/Core/ImageDecoding.swift (in target 'NetworkImage' from project 'NetworkImage')
    cd /Users/admin/builder/spi-builder-workspace/.swiftpm/xcode
    builtin-SwiftPerFileCompile ImageDecoding.swift
SwiftCompile normal arm64 Compiling\ ImmediateImageCache.swift,\ NetworkImageError.swift /Users/admin/builder/spi-builder-workspace/.dependencies/checkouts/NetworkImage/Sources/NetworkImage/Core/ImmediateImageCache.swift /Users/admin/builder/spi-builder-workspace/.dependencies/checkouts/NetworkImage/Sources/NetworkImage/Core/NetworkImageError.swift (in target 'NetworkImage' from project 'NetworkImage')
SwiftCompile normal arm64 /Users/admin/builder/spi-builder-workspace/.dependencies/checkouts/NetworkImage/Sources/NetworkImage/Core/ImmediateImageCache.swift (in target 'NetworkImage' from project 'NetworkImage')
    cd /Users/admin/builder/spi-builder-workspace/.swiftpm/xcode
    builtin-SwiftPerFileCompile ImmediateImageCache.swift
SwiftCompile normal arm64 /Users/admin/builder/spi-builder-workspace/.dependencies/checkouts/NetworkImage/Sources/NetworkImage/Core/NetworkImageError.swift (in target 'NetworkImage' from project 'NetworkImage')
    cd /Users/admin/builder/spi-builder-workspace/.swiftpm/xcode
    builtin-SwiftPerFileCompile NetworkImageError.swift
/Users/admin/builder/spi-builder-workspace/.dependencies/checkouts/NetworkImage/Sources/NetworkImage/Core/ImmediateImageCache.swift:5:40: error: cannot find type 'OSImage' in scope
 3 | /// An in-memory `ImageCache`.
 4 | public final class ImmediateImageCache: ImageCache {
 5 |     private let cache = NSCache<NSURL, OSImage>()
   |                                        `- error: cannot find type 'OSImage' in scope
 6 |
 7 |     public func image(for url: URL) -> OSImage? {
/Users/admin/builder/spi-builder-workspace/.dependencies/checkouts/NetworkImage/Sources/NetworkImage/Core/ImmediateImageCache.swift:7:40: error: cannot find type 'OSImage' in scope
 5 |     private let cache = NSCache<NSURL, OSImage>()
 6 |
 7 |     public func image(for url: URL) -> OSImage? {
   |                                        `- error: cannot find type 'OSImage' in scope
 8 |         cache.object(forKey: url as NSURL)
 9 |     }
/Users/admin/builder/spi-builder-workspace/.dependencies/checkouts/NetworkImage/Sources/NetworkImage/Core/ImmediateImageCache.swift:11:35: error: cannot find type 'OSImage' in scope
 9 |     }
10 |
11 |     public func setImage(_ image: OSImage, for url: URL) {
   |                                   `- error: cannot find type 'OSImage' in scope
12 |         cache.setObject(image, forKey: url as NSURL)
13 |     }
/Users/admin/builder/spi-builder-workspace/.dependencies/checkouts/NetworkImage/Sources/NetworkImage/Core/ImageCache.swift:8:33: error: cannot find type 'OSImage' in scope
 6 | public protocol ImageCache: AnyObject {
 7 |     /// Returns the image associated with a given URL.
 8 |     func image(for url: URL) -> OSImage?
   |                                 `- error: cannot find type 'OSImage' in scope
 9 |
10 |     /// Stores the image in the cache, associated with the specified URL.
SwiftCompile normal arm64 Compiling\ ImageDownloader.swift,\ ImagePrefetcher.swift /Users/admin/builder/spi-builder-workspace/.dependencies/checkouts/NetworkImage/Sources/NetworkImage/Core/ImageDownloader.swift /Users/admin/builder/spi-builder-workspace/.dependencies/checkouts/NetworkImage/Sources/NetworkImage/Core/ImagePrefetcher.swift (in target 'NetworkImage' from project 'NetworkImage')
/Users/admin/builder/spi-builder-workspace/.dependencies/checkouts/NetworkImage/Sources/NetworkImage/Core/ImageCache.swift:8:33: error: cannot find type 'OSImage' in scope
 6 | public protocol ImageCache: AnyObject {
 7 |     /// Returns the image associated with a given URL.
 8 |     func image(for url: URL) -> OSImage?
   |                                 `- error: cannot find type 'OSImage' in scope
 9 |
10 |     /// Stores the image in the cache, associated with the specified URL.
/Users/admin/builder/spi-builder-workspace/.dependencies/checkouts/NetworkImage/Sources/NetworkImage/Core/ImageCache.swift:11:28: error: cannot find type 'OSImage' in scope
 9 |
10 |     /// Stores the image in the cache, associated with the specified URL.
11 |     func setImage(_ image: OSImage, for url: URL)
   |                            `- error: cannot find type 'OSImage' in scope
12 | }
13 |
SwiftCompile normal arm64 /Users/admin/builder/spi-builder-workspace/.dependencies/checkouts/NetworkImage/Sources/NetworkImage/Core/ImageDownloader.swift (in target 'NetworkImage' from project 'NetworkImage')
    cd /Users/admin/builder/spi-builder-workspace/.swiftpm/xcode
    builtin-SwiftPerFileCompile ImageDownloader.swift
SwiftCompile normal arm64 /Users/admin/builder/spi-builder-workspace/.dependencies/checkouts/NetworkImage/Sources/NetworkImage/Core/ImagePrefetcher.swift (in target 'NetworkImage' from project 'NetworkImage')
    cd /Users/admin/builder/spi-builder-workspace/.swiftpm/xcode
    builtin-SwiftPerFileCompile ImagePrefetcher.swift
SwiftCompile normal arm64 Compiling\ NetworkImageStyle.swift /Users/admin/builder/spi-builder-workspace/.dependencies/checkouts/NetworkImage/Sources/NetworkImage/SwiftUI/NetworkImageStyle.swift (in target 'NetworkImage' from project 'NetworkImage')
SwiftCompile normal arm64 /Users/admin/builder/spi-builder-workspace/.dependencies/checkouts/NetworkImage/Sources/NetworkImage/SwiftUI/NetworkImageStyle.swift (in target 'NetworkImage' from project 'NetworkImage')
    cd /Users/admin/builder/spi-builder-workspace/.swiftpm/xcode
    builtin-SwiftPerFileCompile NetworkImageStyle.swift
SwiftCompile normal arm64 Compiling\ NetworkImage.swift /Users/admin/builder/spi-builder-workspace/.dependencies/checkouts/NetworkImage/Sources/NetworkImage/SwiftUI/NetworkImage.swift (in target 'NetworkImage' from project 'NetworkImage')
SwiftCompile normal arm64 /Users/admin/builder/spi-builder-workspace/.dependencies/checkouts/NetworkImage/Sources/NetworkImage/SwiftUI/NetworkImage.swift (in target 'NetworkImage' from project 'NetworkImage')
    cd /Users/admin/builder/spi-builder-workspace/.swiftpm/xcode
    builtin-SwiftPerFileCompile NetworkImage.swift
SwiftCompile normal arm64 Compiling\ NetworkImageView.swift /Users/admin/builder/spi-builder-workspace/.dependencies/checkouts/NetworkImage/Sources/NetworkImage/UIKit/NetworkImageView.swift (in target 'NetworkImage' from project 'NetworkImage')
SwiftCompile normal arm64 /Users/admin/builder/spi-builder-workspace/.dependencies/checkouts/NetworkImage/Sources/NetworkImage/UIKit/NetworkImageView.swift (in target 'NetworkImage' from project 'NetworkImage')
    cd /Users/admin/builder/spi-builder-workspace/.swiftpm/xcode
    builtin-SwiftPerFileCompile NetworkImageView.swift
SwiftCompile normal arm64 Compiling\ NetworkImageState.swift /Users/admin/builder/spi-builder-workspace/.dependencies/checkouts/NetworkImage/Sources/NetworkImage/SwiftUI/NetworkImageState.swift (in target 'NetworkImage' from project 'NetworkImage')
/Users/admin/builder/spi-builder-workspace/.dependencies/checkouts/NetworkImage/Sources/NetworkImage/Core/NetworkImageStore.swift:11:24: error: cannot find type 'OSImage' in scope
 9 |             case notRequested
10 |             case loading
11 |             case image(OSImage, elapsedTime: TimeInterval)
   |                        `- error: cannot find type 'OSImage' in scope
12 |             case failed
13 |         }
/Users/admin/builder/spi-builder-workspace/.dependencies/checkouts/NetworkImage/Sources/NetworkImage/SwiftUI/Image+OSImage.swift:7:23: error: cannot find type 'OSImage' in scope
 5 |     @available(macOS 10.15, iOS 13.0, tvOS 13.0, watchOS 6.0, *)
 6 |     public extension Image {
 7 |         init(osImage: OSImage) {
   |                       `- error: cannot find type 'OSImage' in scope
 8 |             #if os(iOS) || os(tvOS) || os(watchOS)
 9 |                 self.init(uiImage: osImage)
SwiftCompile normal arm64 /Users/admin/builder/spi-builder-workspace/.dependencies/checkouts/NetworkImage/Sources/NetworkImage/SwiftUI/NetworkImageState.swift (in target 'NetworkImage' from project 'NetworkImage')
    cd /Users/admin/builder/spi-builder-workspace/.swiftpm/xcode
    builtin-SwiftPerFileCompile NetworkImageState.swift
SwiftEmitModule normal arm64 Emitting\ module\ for\ NetworkImage (in target 'NetworkImage' from project 'NetworkImage')
/Users/admin/builder/spi-builder-workspace/.dependencies/checkouts/NetworkImage/Sources/NetworkImage/Core/ImageCache.swift:8:33: error: cannot find type 'OSImage' in scope
 6 | public protocol ImageCache: AnyObject {
 7 |     /// Returns the image associated with a given URL.
 8 |     func image(for url: URL) -> OSImage?
   |                                 `- error: cannot find type 'OSImage' in scope
 9 |
10 |     /// Stores the image in the cache, associated with the specified URL.
/Users/admin/builder/spi-builder-workspace/.dependencies/checkouts/NetworkImage/Sources/NetworkImage/Core/ImageCache.swift:11:28: error: cannot find type 'OSImage' in scope
 9 |
10 |     /// Stores the image in the cache, associated with the specified URL.
11 |     func setImage(_ image: OSImage, for url: URL)
   |                            `- error: cannot find type 'OSImage' in scope
12 | }
13 |
SwiftCompile normal arm64 (in target 'NetworkImage' from project 'NetworkImage')
    cd /Users/admin/builder/spi-builder-workspace/.swiftpm/xcode

SwiftCompile normal arm64 Compiling\ ResizableNetworkImageStyle.swift /Users/admin/builder/spi-builder-workspace/.dependencies/checkouts/NetworkImage/Sources/NetworkImage/SwiftUI/ResizableNetworkImageStyle.swift (in target 'NetworkImage' from project 'NetworkImage')
/Users/admin/builder/spi-builder-workspace/.dependencies/checkouts/NetworkImage/Sources/NetworkImage/SwiftUI/ResizableNetworkImageStyle.swift:56:47: error: type 'ResizableNetworkImageStyle.Defaults' has no member 'backgroundColor'
54 |         ///   - errorPlaceholder: An image to display when there is an error or the URL is `nil`.
55 |         public init(
56 |             backgroundColor: Color = Defaults.backgroundColor,
   |                                               `- error: type 'ResizableNetworkImageStyle.Defaults' has no member 'backgroundColor'
57 |             foregroundColor: Color = Defaults.foregroundColor,
58 |             contentMode: ContentMode = .fill,
/Users/admin/builder/spi-builder-workspace/.dependencies/checkouts/NetworkImage/Sources/NetworkImage/SwiftUI/ResizableNetworkImageStyle.swift:57:47: error: type 'ResizableNetworkImageStyle.Defaults' has no member 'foregroundColor'
55 |         public init(
56 |             backgroundColor: Color = Defaults.backgroundColor,
57 |             foregroundColor: Color = Defaults.foregroundColor,
   |                                               `- error: type 'ResizableNetworkImageStyle.Defaults' has no member 'foregroundColor'
58 |             contentMode: ContentMode = .fill,
59 |             errorPlaceholder: Image? = Defaults.errorPlaceholder
SwiftCompile normal arm64 /Users/admin/builder/spi-builder-workspace/.dependencies/checkouts/NetworkImage/Sources/NetworkImage/SwiftUI/ResizableNetworkImageStyle.swift (in target 'NetworkImage' from project 'NetworkImage')
    cd /Users/admin/builder/spi-builder-workspace/.swiftpm/xcode
    builtin-SwiftPerFileCompile ResizableNetworkImageStyle.swift
SwiftEmitModule normal arm64 Emitting\ module\ for\ SnapshotTesting (in target 'SnapshotTesting' from project 'swift-snapshot-testing')
SwiftCompile normal arm64 (in target 'SnapshotTesting' from project 'swift-snapshot-testing')
    cd /Users/admin/builder/spi-builder-workspace/.swiftpm/xcode

PruneExplicitPrecompiledModules /Users/admin/builder/spi-builder-workspace/.derivedData/Build/Intermediates.noindex/SwiftExplicitPrecompiledModules
PruneExplicitPrecompiledModules /Users/admin/builder/spi-builder-workspace/.derivedData/Build/Intermediates.noindex/ExplicitPrecompiledModules
PruneExplicitPrecompiledModules /Users/admin/builder/spi-builder-workspace/.derivedData/SDKExplicitPrecompiledModules
2026-09-17 08:46:24.193 xcodebuild[1405:7899] [MT] IDERunDestination: Supported platforms for the buildables in the current scheme is empty.
2026-09-17 08:46:24.291 xcodebuild[1405:7899] [MT] IDERunDestination: Supported platforms for the buildables in the current scheme is empty.
** BUILD FAILED **
The following build commands failed:
	SwiftCompile normal arm64 Compiling\ ImageCache.swift,\ ImageDecoding.swift /Users/admin/builder/spi-builder-workspace/.dependencies/checkouts/NetworkImage/Sources/NetworkImage/Core/ImageCache.swift /Users/admin/builder/spi-builder-workspace/.dependencies/checkouts/NetworkImage/Sources/NetworkImage/Core/ImageDecoding.swift (in target 'NetworkImage' from project 'NetworkImage')
	SwiftCompile normal arm64 /Users/admin/builder/spi-builder-workspace/.dependencies/checkouts/NetworkImage/Sources/NetworkImage/Core/ImageCache.swift (in target 'NetworkImage' from project 'NetworkImage')
	Building workspace AdaptiveCardUI with scheme AdaptiveCardUI-Package
(3 failures)
BUILD FAILURE 6.4 visionOS