The Swift Package Index logo.Swift Package Index

Build Information

Failed to build swiftui-showcase, reference main (60186c), with Swift 6.4 for visionOS using Xcode 27.0 on 21 Sep 2026 22:04:42 UTC.

Build Command

env DEVELOPER_DIR=/Applications/Xcode-27.0.0-Release.Candidate.app xcrun xcodebuild -IDEClonedSourcePackagesDirPathOverride=$PWD/.dependencies -skipMacroValidation -skipPackagePluginValidation -derivedDataPath $PWD/.derivedData build -scheme swiftui-showcase-Package -destination generic/platform=xrOS

Build Log

2026-09-21 18:04:30.799 appintentsmetadataprocessor[949:5448] Starting appintentsmetadataprocessor export
2026-09-21 18:04:30.898 appintentsmetadataprocessor[949:5448] Extracted no relevant App Intents symbols, skipping writing output
SwiftExplicitDependencyGeneratePcm arm64 /Users/admin/builder/spi-builder-workspace/.derivedData/SDKExplicitPrecompiledModules/_DarwinFoundation2-E0NXA4K8N3W3XTJG0EDH15WR2.pcm
SwiftExplicitDependencyGeneratePcm arm64 /Users/admin/builder/spi-builder-workspace/.derivedData/SDKExplicitPrecompiledModules/_Builtin_limits-599EXAY0E7DPK78D1JASUXYCQ.pcm
SwiftExplicitDependencyGeneratePcm arm64 /Users/admin/builder/spi-builder-workspace/.derivedData/SDKExplicitPrecompiledModules/_Builtin_inttypes-11B64KJD36B3YOHBR1BBXBJY8.pcm
ExtractAppIntentsMetadata (in target 'SwiftSyntax509' from project 'swift-syntax')
    cd /Users/admin/builder/spi-builder-workspace/.dependencies/checkouts/swift-syntax
    /Applications/Xcode-27.0.0-Release.Candidate.app/Contents/Developer/Toolchains/XcodeDefault.xctoolchain/usr/bin/appintentsmetadataprocessor --toolchain-dir /var/run/com.apple.security.cryptexd/mnt/com.apple.MobileAsset.MetalToolchain-v27.1.266.1.coL4Yq/Metal.xctoolchain --module-name SwiftSyntax509 --sdk-root /Applications/Xcode-27.0.0-Release.Candidate.app/Contents/Developer/Platforms/MacOSX.platform/Developer/SDKs/MacOSX27.0.sdk --xcode-version 27A266a --platform-family macOS --deployment-target 12.0 --bundle-identifier swift-syntax.SwiftSyntax509 --output /Users/admin/builder/spi-builder-workspace/.derivedData/Build/Products/Debug/SwiftSyntax509.appintents --target-triple arm64-apple-macos12.0 --target-triple x86_64-apple-macos12.0 --binary-file /Users/admin/builder/spi-builder-workspace/.derivedData/Build/Products/Debug/SwiftSyntax509.o --dependency-file /Users/admin/builder/spi-builder-workspace/.derivedData/Build/Intermediates.noindex/swift-syntax.build/Debug/SwiftSyntax509-t.build/Objects-normal/arm64/SwiftSyntax509_dependency_info.dat --dependency-file /Users/admin/builder/spi-builder-workspace/.derivedData/Build/Intermediates.noindex/swift-syntax.build/Debug/SwiftSyntax509-t.build/Objects-normal/x86_64/SwiftSyntax509_dependency_info.dat --stringsdata-file /Users/admin/builder/spi-builder-workspace/.derivedData/Build/Intermediates.noindex/swift-syntax.build/Debug/SwiftSyntax509-t.build/Objects-normal/arm64/ExtractedAppShortcutsMetadata.stringsdata --stringsdata-file /Users/admin/builder/spi-builder-workspace/.derivedData/Build/Intermediates.noindex/swift-syntax.build/Debug/SwiftSyntax509-t.build/Objects-normal/x86_64/ExtractedAppShortcutsMetadata.stringsdata --source-file-list /Users/admin/builder/spi-builder-workspace/.derivedData/Build/Intermediates.noindex/swift-syntax.build/Debug/SwiftSyntax509-t.build/Objects-normal/arm64/SwiftSyntax509.SwiftFileList --source-file-list /Users/admin/builder/spi-builder-workspace/.derivedData/Build/Intermediates.noindex/swift-syntax.build/Debug/SwiftSyntax509-t.build/Objects-normal/x86_64/SwiftSyntax509.SwiftFileList --metadata-file-list /Users/admin/builder/spi-builder-workspace/.derivedData/Build/Intermediates.noindex/swift-syntax.build/Debug/SwiftSyntax509-t.build/SwiftSyntax509.DependencyMetadataFileList --static-metadata-file-list /Users/admin/builder/spi-builder-workspace/.derivedData/Build/Intermediates.noindex/swift-syntax.build/Debug/SwiftSyntax509-t.build/SwiftSyntax509.DependencyStaticMetadataFileList --swift-const-vals-list /Users/admin/builder/spi-builder-workspace/.derivedData/Build/Intermediates.noindex/swift-syntax.build/Debug/SwiftSyntax509-t.build/Objects-normal/arm64/SwiftSyntax509.SwiftConstValuesFileList --swift-const-vals-list /Users/admin/builder/spi-builder-workspace/.derivedData/Build/Intermediates.noindex/swift-syntax.build/Debug/SwiftSyntax509-t.build/Objects-normal/x86_64/SwiftSyntax509.SwiftConstValuesFileList --force --compile-time-extraction --deployment-aware-processing --no-app-shortcuts-localization
2026-09-21 18:04:30.921 appintentsmetadataprocessor[953:5464] Starting appintentsmetadataprocessor export
2026-09-21 18:04:30.998 appintentsmetadataprocessor[953:5464] Extracted no relevant App Intents symbols, skipping writing output
SwiftExplicitDependencyGeneratePcm arm64 /Users/admin/builder/spi-builder-workspace/.derivedData/SDKExplicitPrecompiledModules/string_h-BGPLTZ4H9HACR813QKF6VS72D.pcm
SwiftExplicitDependencyGeneratePcm arm64 /Users/admin/builder/spi-builder-workspace/.derivedData/SDKExplicitPrecompiledModules/_Builtin_tgmath-6A504NZTD9420A66PPDYUHISN.pcm
SwiftExplicitDependencyGeneratePcm arm64 /Users/admin/builder/spi-builder-workspace/.derivedData/SDKExplicitPrecompiledModules/sys_types-A3BBS6FJZK4C974FRQ5ZCTND7.pcm
SwiftExplicitDependencyGeneratePcm arm64 /Users/admin/builder/spi-builder-workspace/.derivedData/SDKExplicitPrecompiledModules/_Builtin_stdint-F1DLW8WMMSOC414RWOQWK8OS8.pcm
SwiftExplicitDependencyGeneratePcm arm64 /Users/admin/builder/spi-builder-workspace/.derivedData/SDKExplicitPrecompiledModules/Darwin-60P5LVNQO3ESRRM5DCJ05PFNK.pcm
SwiftExplicitDependencyGeneratePcm arm64 /Users/admin/builder/spi-builder-workspace/.derivedData/SDKExplicitPrecompiledModules/_DarwinFoundation3-C1P0SZMW1CBYZ1956G2WPAGVQ.pcm
SwiftExplicitDependencyGeneratePcm arm64 /Users/admin/builder/spi-builder-workspace/.derivedData/SDKExplicitPrecompiledModules/_Builtin_stdatomic-158FFQF46AB7DZCSEC3RCRTFC.pcm
SwiftExplicitDependencyGeneratePcm arm64 /Users/admin/builder/spi-builder-workspace/.derivedData/SDKExplicitPrecompiledModules/_Builtin_intrinsics-3111M8ALPD4YFW0NUUUBCM0JD.pcm
SwiftExplicitDependencyGeneratePcm arm64 /Users/admin/builder/spi-builder-workspace/.derivedData/SDKExplicitPrecompiledModules/_Builtin_inttypes-9DU9NJC5HKVLIXJ97CZROETBU.pcm
SwiftExplicitDependencyGeneratePcm arm64 /Users/admin/builder/spi-builder-workspace/.derivedData/SDKExplicitPrecompiledModules/Darwin-ET1KOXI5QIB2QZ81K0LJ5SCNP.pcm
CompileC /Users/admin/builder/spi-builder-workspace/.derivedData/Build/Intermediates.noindex/swift-syntax.build/Debug/_SwiftSyntaxCShims-t.build/Objects-normal/arm64/PlatformMutex.o /Users/admin/builder/spi-builder-workspace/.dependencies/checkouts/swift-syntax/Sources/_SwiftSyntaxCShims/PlatformMutex.c normal arm64 c com.apple.compilers.llvm.clang.1_0.compiler (in target '_SwiftSyntaxCShims' from project 'swift-syntax')
    cd /Users/admin/builder/spi-builder-workspace/.swiftpm/xcode

    Using response file: /Users/admin/builder/spi-builder-workspace/.derivedData/Build/Intermediates.noindex/swift-syntax.build/Debug/_SwiftSyntaxCShims-t.build/Objects-normal/arm64/7187679823f38a2a940e0043cdf9d637-common-args.resp

    /Applications/Xcode-27.0.0-Release.Candidate.app/Contents/Developer/Toolchains/XcodeDefault.xctoolchain/usr/bin/clang -x c -ivfsstatcache /Users/admin/builder/spi-builder-workspace/.derivedData/SDKStatCaches.noindex/macosx27.0-26A425-e829b21a6f8c9b70876ba0858053c0446a22442a12e9d48fe1a705f55a1adfc4.sdkstatcache -target arm64-apple-macos12.0 -fmessage-length\=0 -fdiagnostics-show-note-include-stack -fmacro-backtrace-limit\=0 -fno-color-diagnostics -fmodules-prune-interval\=86400 -fmodules-prune-after\=345600 -fbuild-session-file\=/Users/admin/builder/spi-builder-workspace/.derivedData/ModuleCache.noindex/Session.modulevalidation -fmodules-validate-once-per-build-session -Wnon-modular-include-in-framework-module -Werror\=non-modular-include-in-framework-module -Wno-trigraphs -Wno-missing-field-initializers -Wno-missing-prototypes -Wno-return-type -Wno-missing-braces -Wparentheses -Wswitch -Wno-unused-function -Wno-unused-label -Wno-unused-parameter -Wno-unused-variable -Wunused-value -Wno-empty-body -Wno-uninitialized -Wno-unknown-pragmas -w -Wno-shadow -Wno-four-char-constants -Wno-conversion -Wno-constant-conversion -Wno-int-conversion -Wno-bool-conversion -Wno-enum-conversion -Wno-float-conversion -Wno-non-literal-null-conversion -Wno-objc-literal-conversion -Wshorten-64-to-32 -Wpointer-sign -Wno-newline-eof -Wno-implicit-fallthrough -isysroot /Applications/Xcode-27.0.0-Release.Candidate.app/Contents/Developer/Platforms/MacOSX.platform/Developer/SDKs/MacOSX27.0.sdk -fstrict-aliasing -Wdeprecated-declarations -Wno-sign-conversion -Wno-infinite-recursion -Wno-comma -Wno-block-capture-autoreleasing -Wno-strict-prototypes -Wno-semicolon-before-method-body -index-store-path /Users/admin/builder/spi-builder-workspace/.derivedData/Index.noindex/DataStore @/Users/admin/builder/spi-builder-workspace/.derivedData/Build/Intermediates.noindex/swift-syntax.build/Debug/_SwiftSyntaxCShims-t.build/Objects-normal/arm64/7187679823f38a2a940e0043cdf9d637-common-args.resp -MMD -MT dependencies -MF /Users/admin/builder/spi-builder-workspace/.derivedData/Build/Intermediates.noindex/swift-syntax.build/Debug/_SwiftSyntaxCShims-t.build/Objects-normal/arm64/PlatformMutex.d --serialize-diagnostics /Users/admin/builder/spi-builder-workspace/.derivedData/Build/Intermediates.noindex/swift-syntax.build/Debug/_SwiftSyntaxCShims-t.build/Objects-normal/arm64/PlatformMutex.dia -c /Users/admin/builder/spi-builder-workspace/.dependencies/checkouts/swift-syntax/Sources/_SwiftSyntaxCShims/PlatformMutex.c -o /Users/admin/builder/spi-builder-workspace/.derivedData/Build/Intermediates.noindex/swift-syntax.build/Debug/_SwiftSyntaxCShims-t.build/Objects-normal/arm64/PlatformMutex.o -index-unit-output-path /swift-syntax.build/Debug/_SwiftSyntaxCShims-t.build/Objects-normal/arm64/PlatformMutex.o
CompileC /Users/admin/builder/spi-builder-workspace/.derivedData/Build/Intermediates.noindex/swift-syntax.build/Debug/_SwiftSyntaxCShims-t.build/Objects-normal/x86_64/PlatformMutex.o /Users/admin/builder/spi-builder-workspace/.dependencies/checkouts/swift-syntax/Sources/_SwiftSyntaxCShims/PlatformMutex.c normal x86_64 c com.apple.compilers.llvm.clang.1_0.compiler (in target '_SwiftSyntaxCShims' from project 'swift-syntax')
    cd /Users/admin/builder/spi-builder-workspace/.swiftpm/xcode

    Using response file: /Users/admin/builder/spi-builder-workspace/.derivedData/Build/Intermediates.noindex/swift-syntax.build/Debug/_SwiftSyntaxCShims-t.build/Objects-normal/x86_64/7187679823f38a2a940e0043cdf9d637-common-args.resp

    /Applications/Xcode-27.0.0-Release.Candidate.app/Contents/Developer/Toolchains/XcodeDefault.xctoolchain/usr/bin/clang -x c -ivfsstatcache /Users/admin/builder/spi-builder-workspace/.derivedData/SDKStatCaches.noindex/macosx27.0-26A425-e829b21a6f8c9b70876ba0858053c0446a22442a12e9d48fe1a705f55a1adfc4.sdkstatcache -target x86_64-apple-macos12.0 -fmessage-length\=0 -fdiagnostics-show-note-include-stack -fmacro-backtrace-limit\=0 -fno-color-diagnostics -fmodules-prune-interval\=86400 -fmodules-prune-after\=345600 -fbuild-session-file\=/Users/admin/builder/spi-builder-workspace/.derivedData/ModuleCache.noindex/Session.modulevalidation -fmodules-validate-once-per-build-session -Wnon-modular-include-in-framework-module -Werror\=non-modular-include-in-framework-module -Wno-trigraphs -Wno-missing-field-initializers -Wno-missing-prototypes -Wno-return-type -Wno-missing-braces -Wparentheses -Wswitch -Wno-unused-function -Wno-unused-label -Wno-unused-parameter -Wno-unused-variable -Wunused-value -Wno-empty-body -Wno-uninitialized -Wno-unknown-pragmas -w -Wno-shadow -Wno-four-char-constants -Wno-conversion -Wno-constant-conversion -Wno-int-conversion -Wno-bool-conversion -Wno-enum-conversion -Wno-float-conversion -Wno-non-literal-null-conversion -Wno-objc-literal-conversion -Wshorten-64-to-32 -Wpointer-sign -Wno-newline-eof -Wno-implicit-fallthrough -isysroot /Applications/Xcode-27.0.0-Release.Candidate.app/Contents/Developer/Platforms/MacOSX.platform/Developer/SDKs/MacOSX27.0.sdk -fstrict-aliasing -Wdeprecated-declarations -Wno-sign-conversion -Wno-infinite-recursion -Wno-comma -Wno-block-capture-autoreleasing -Wno-strict-prototypes -Wno-semicolon-before-method-body -index-store-path /Users/admin/builder/spi-builder-workspace/.derivedData/Index.noindex/DataStore @/Users/admin/builder/spi-builder-workspace/.derivedData/Build/Intermediates.noindex/swift-syntax.build/Debug/_SwiftSyntaxCShims-t.build/Objects-normal/x86_64/7187679823f38a2a940e0043cdf9d637-common-args.resp -MMD -MT dependencies -MF /Users/admin/builder/spi-builder-workspace/.derivedData/Build/Intermediates.noindex/swift-syntax.build/Debug/_SwiftSyntaxCShims-t.build/Objects-normal/x86_64/PlatformMutex.d --serialize-diagnostics /Users/admin/builder/spi-builder-workspace/.derivedData/Build/Intermediates.noindex/swift-syntax.build/Debug/_SwiftSyntaxCShims-t.build/Objects-normal/x86_64/PlatformMutex.dia -c /Users/admin/builder/spi-builder-workspace/.dependencies/checkouts/swift-syntax/Sources/_SwiftSyntaxCShims/PlatformMutex.c -o /Users/admin/builder/spi-builder-workspace/.derivedData/Build/Intermediates.noindex/swift-syntax.build/Debug/_SwiftSyntaxCShims-t.build/Objects-normal/x86_64/PlatformMutex.o -index-unit-output-path /swift-syntax.build/Debug/_SwiftSyntaxCShims-t.build/Objects-normal/x86_64/PlatformMutex.o
SwiftExplicitDependencyGeneratePcm arm64 /Users/admin/builder/spi-builder-workspace/.derivedData/SDKExplicitPrecompiledModules/simd-7J2M7D2SOHYQ7IO8MYH2RXTKH.pcm
SwiftExplicitDependencyGeneratePcm x86_64 /Users/admin/builder/spi-builder-workspace/.derivedData/SDKExplicitPrecompiledModules/_Builtin_stdbool-41ZJFUIDNUHM3L8DLQE5XQRUC.pcm
SwiftExplicitDependencyGeneratePcm x86_64 /Users/admin/builder/spi-builder-workspace/.derivedData/SDKExplicitPrecompiledModules/_Builtin_stddef-CZORGS897BD94I92SUXAKJVLP.pcm
SwiftExplicitDependencyGeneratePcm x86_64 /Users/admin/builder/spi-builder-workspace/.derivedData/SDKExplicitPrecompiledModules/ptrcheck-7EDODTQ8ZGEBHUC3OZ1FO2EJW.pcm
SwiftExplicitDependencyGeneratePcm x86_64 /Users/admin/builder/spi-builder-workspace/.derivedData/SDKExplicitPrecompiledModules/_AvailabilityInternal-4SEL0B1L6F8UKDY5R9WF0JULQ.pcm
SwiftExplicitDependencyGeneratePcm x86_64 /Users/admin/builder/spi-builder-workspace/.derivedData/SDKExplicitPrecompiledModules/_Builtin_stdarg-3LHK3GWZYF2WO5Y1V290JNKW8.pcm
SwiftExplicitDependencyGeneratePcm x86_64 /Users/admin/builder/spi-builder-workspace/.derivedData/SDKExplicitPrecompiledModules/_Builtin_float-S6PKCYO9BEGN79NMHVKHFKR0.pcm
SwiftExplicitDependencyGeneratePcm arm64 /Users/admin/builder/spi-builder-workspace/.derivedData/SDKExplicitPrecompiledModules/ptrcheck-7F7OST5MV9OHXZMCIL2H6FYAO.pcm
Ld /Users/admin/builder/spi-builder-workspace/.derivedData/Build/Intermediates.noindex/swift-syntax.build/Debug/_SwiftSyntaxCShims-t.build/Objects-normal/x86_64/Binary/_SwiftSyntaxCShims.o normal x86_64 (in target '_SwiftSyntaxCShims' from project 'swift-syntax')
    cd /Users/admin/builder/spi-builder-workspace/.dependencies/checkouts/swift-syntax
    /Applications/Xcode-27.0.0-Release.Candidate.app/Contents/Developer/Toolchains/XcodeDefault.xctoolchain/usr/bin/clang -Xlinker -reproducible -target x86_64-apple-macos12.0 -r -isysroot /Applications/Xcode-27.0.0-Release.Candidate.app/Contents/Developer/Platforms/MacOSX.platform/Developer/SDKs/MacOSX27.0.sdk -O0 -w -Xlinker -no_warn_duplicate_libraries -F/Users/admin/builder/spi-builder-workspace/.derivedData/Build/Intermediates.noindex/EagerLinkingTBDs/Debug -F/Users/admin/builder/spi-builder-workspace/.derivedData/Build/Products/Debug -iframework /Applications/Xcode-27.0.0-Release.Candidate.app/Contents/Developer/Platforms/MacOSX.platform/Developer/Library/Frameworks -filelist /Users/admin/builder/spi-builder-workspace/.derivedData/Build/Intermediates.noindex/swift-syntax.build/Debug/_SwiftSyntaxCShims-t.build/Objects-normal/x86_64/_SwiftSyntaxCShims.LinkFileList -nostdlib -Xlinker -object_path_lto -Xlinker /Users/admin/builder/spi-builder-workspace/.derivedData/Build/Intermediates.noindex/swift-syntax.build/Debug/_SwiftSyntaxCShims-t.build/Objects-normal/x86_64/_SwiftSyntaxCShims_lto.o -Xlinker -no_deduplicate -Xlinker -debug_variant -Xlinker -dependency_info -Xlinker /Users/admin/builder/spi-builder-workspace/.derivedData/Build/Intermediates.noindex/swift-syntax.build/Debug/_SwiftSyntaxCShims-t.build/Objects-normal/x86_64/_SwiftSyntaxCShims_dependency_info.dat -o /Users/admin/builder/spi-builder-workspace/.derivedData/Build/Intermediates.noindex/swift-syntax.build/Debug/_SwiftSyntaxCShims-t.build/Objects-normal/x86_64/Binary/_SwiftSyntaxCShims.o
Ld /Users/admin/builder/spi-builder-workspace/.derivedData/Build/Intermediates.noindex/swift-syntax.build/Debug/_SwiftSyntaxCShims-t.build/Objects-normal/arm64/Binary/_SwiftSyntaxCShims.o normal arm64 (in target '_SwiftSyntaxCShims' from project 'swift-syntax')
    cd /Users/admin/builder/spi-builder-workspace/.dependencies/checkouts/swift-syntax
    /Applications/Xcode-27.0.0-Release.Candidate.app/Contents/Developer/Toolchains/XcodeDefault.xctoolchain/usr/bin/clang -Xlinker -reproducible -target arm64-apple-macos12.0 -r -isysroot /Applications/Xcode-27.0.0-Release.Candidate.app/Contents/Developer/Platforms/MacOSX.platform/Developer/SDKs/MacOSX27.0.sdk -O0 -w -Xlinker -no_warn_duplicate_libraries -F/Users/admin/builder/spi-builder-workspace/.derivedData/Build/Intermediates.noindex/EagerLinkingTBDs/Debug -F/Users/admin/builder/spi-builder-workspace/.derivedData/Build/Products/Debug -iframework /Applications/Xcode-27.0.0-Release.Candidate.app/Contents/Developer/Platforms/MacOSX.platform/Developer/Library/Frameworks -filelist /Users/admin/builder/spi-builder-workspace/.derivedData/Build/Intermediates.noindex/swift-syntax.build/Debug/_SwiftSyntaxCShims-t.build/Objects-normal/arm64/_SwiftSyntaxCShims.LinkFileList -nostdlib -Xlinker -object_path_lto -Xlinker /Users/admin/builder/spi-builder-workspace/.derivedData/Build/Intermediates.noindex/swift-syntax.build/Debug/_SwiftSyntaxCShims-t.build/Objects-normal/arm64/_SwiftSyntaxCShims_lto.o -Xlinker -no_deduplicate -Xlinker -debug_variant -Xlinker -dependency_info -Xlinker /Users/admin/builder/spi-builder-workspace/.derivedData/Build/Intermediates.noindex/swift-syntax.build/Debug/_SwiftSyntaxCShims-t.build/Objects-normal/arm64/_SwiftSyntaxCShims_dependency_info.dat -o /Users/admin/builder/spi-builder-workspace/.derivedData/Build/Intermediates.noindex/swift-syntax.build/Debug/_SwiftSyntaxCShims-t.build/Objects-normal/arm64/Binary/_SwiftSyntaxCShims.o
SwiftExplicitDependencyGeneratePcm arm64 /Users/admin/builder/spi-builder-workspace/.derivedData/SDKExplicitPrecompiledModules/_Builtin_stdbool-8V6HC39D8H2ZKW3GSD1KJ09A9.pcm
SwiftExplicitDependencyGeneratePcm arm64 /Users/admin/builder/spi-builder-workspace/.derivedData/SDKExplicitPrecompiledModules/ObjectiveC-26TIBFYCEJZVP216ZZAU1X8KN.pcm
SwiftExplicitDependencyGeneratePcm arm64 /Users/admin/builder/spi-builder-workspace/.derivedData/SDKExplicitPrecompiledModules/_AvailabilityInternal-5OQ8S18SKM02L42PKV6U5ZAWA.pcm
SwiftExplicitDependencyGeneratePcm arm64 /Users/admin/builder/spi-builder-workspace/.derivedData/SDKExplicitPrecompiledModules/_Builtin_stddef-BRQYWAPA5F9I3AGC7LZEIAIGS.pcm
SwiftExplicitDependencyGeneratePcm arm64 /Users/admin/builder/spi-builder-workspace/.derivedData/SDKExplicitPrecompiledModules/_Builtin_float-EXGUO4XEWWSRONNTP4II1R3BM.pcm
SwiftExplicitDependencyGeneratePcm arm64 /Users/admin/builder/spi-builder-workspace/.derivedData/SDKExplicitPrecompiledModules/_Builtin_stdarg-DVP6W0QP66W8E74TX0GQAIEFM.pcm
SwiftExplicitDependencyGeneratePcm x86_64 /Users/admin/builder/spi-builder-workspace/.derivedData/SDKExplicitPrecompiledModules/_DarwinFoundation1-BB0C8FGZ6JA7V0TXY3FAESHD9.pcm
CreateUniversalBinary /Users/admin/builder/spi-builder-workspace/.derivedData/Build/Products/Debug/_SwiftSyntaxCShims.o normal arm64\ x86_64 (in target '_SwiftSyntaxCShims' from project 'swift-syntax')
    cd /Users/admin/builder/spi-builder-workspace/.dependencies/checkouts/swift-syntax
    /Applications/Xcode-27.0.0-Release.Candidate.app/Contents/Developer/Toolchains/XcodeDefault.xctoolchain/usr/bin/lipo -create /Users/admin/builder/spi-builder-workspace/.derivedData/Build/Intermediates.noindex/swift-syntax.build/Debug/_SwiftSyntaxCShims-t.build/Objects-normal/arm64/Binary/_SwiftSyntaxCShims.o /Users/admin/builder/spi-builder-workspace/.derivedData/Build/Intermediates.noindex/swift-syntax.build/Debug/_SwiftSyntaxCShims-t.build/Objects-normal/x86_64/Binary/_SwiftSyntaxCShims.o -output /Users/admin/builder/spi-builder-workspace/.derivedData/Build/Products/Debug/_SwiftSyntaxCShims.o
SwiftExplicitDependencyGeneratePcm arm64 /Users/admin/builder/spi-builder-workspace/.derivedData/SDKExplicitPrecompiledModules/_DarwinFoundation1-CEB668520FVMM3FPLUP3ZX3DP.pcm
SwiftExplicitDependencyGeneratePcm x86_64 /Users/admin/builder/spi-builder-workspace/.derivedData/SDKExplicitPrecompiledModules/_DarwinFoundation2-4BM1UXG8NKQCD8PMIWSTCGB1K.pcm
SwiftExplicitDependencyGeneratePcm x86_64 /Users/admin/builder/spi-builder-workspace/.derivedData/SDKExplicitPrecompiledModules/_Builtin_limits-3P1Q69U9OOTB713W6E5L08ZCH.pcm
SwiftExplicitDependencyGeneratePcm arm64 /Users/admin/builder/spi-builder-workspace/.derivedData/SDKExplicitPrecompiledModules/os_object-692CJ8BG6RE5H04487EJJOVXW.pcm
SwiftExplicitDependencyGeneratePcm arm64 /Users/admin/builder/spi-builder-workspace/.derivedData/SDKExplicitPrecompiledModules/_DarwinFoundation2-8A4UVIA5QLD0UNZXBQYRW6KN7.pcm
SwiftExplicitDependencyGeneratePcm arm64 /Users/admin/builder/spi-builder-workspace/.derivedData/SDKExplicitPrecompiledModules/_Builtin_limits-HXF6WMF65IXTY4LB9YQRPDVS.pcm
SwiftExplicitDependencyGeneratePcm arm64 /Users/admin/builder/spi-builder-workspace/.derivedData/SDKExplicitPrecompiledModules/os_workgroup-4U1VXMWIZD80E7PRUQF2G7P9X.pcm
SwiftExplicitDependencyGeneratePcm arm64 /Users/admin/builder/spi-builder-workspace/.derivedData/SDKExplicitPrecompiledModules/ObjectiveC-7UYOWV2RO2CMEGURP3Y7WLPAT.pcm
SwiftExplicitDependencyGeneratePcm arm64 /Users/admin/builder/spi-builder-workspace/.derivedData/SDKExplicitPrecompiledModules/MachO-6F2CAO15JWU9TP0S5ZC6PL9IB.pcm
SwiftExplicitDependencyGeneratePcm x86_64 /Users/admin/builder/spi-builder-workspace/.derivedData/SDKExplicitPrecompiledModules/sys_types-9BS1993MYX91DVJBW721LELXW.pcm
SwiftExplicitDependencyGeneratePcm x86_64 /Users/admin/builder/spi-builder-workspace/.derivedData/SDKExplicitPrecompiledModules/_Builtin_stdint-ADYYNUGK08EMSTLKCUF483S6A.pcm
SwiftExplicitDependencyGeneratePcm arm64 /Users/admin/builder/spi-builder-workspace/.derivedData/SDKExplicitPrecompiledModules/Dispatch-CLT3466HKC22GCKAWSCNG0H7T.pcm
SwiftExplicitDependencyGeneratePcm arm64 /Users/admin/builder/spi-builder-workspace/.derivedData/SDKExplicitPrecompiledModules/os_object-A49MUZWNB60JKCX0NMFXESEZD.pcm
SwiftExplicitDependencyGeneratePcm x86_64 /Users/admin/builder/spi-builder-workspace/.derivedData/SDKExplicitPrecompiledModules/_DarwinFoundation3-9I0GOG2ZGAXLO71MXA7XVR12F.pcm
SwiftExplicitDependencyGeneratePcm arm64 /Users/admin/builder/spi-builder-workspace/.derivedData/SDKExplicitPrecompiledModules/_Builtin_stdint-1OD4P9W70NM45YK5V1IH8JOXR.pcm
SwiftExplicitDependencyGeneratePcm arm64 /Users/admin/builder/spi-builder-workspace/.derivedData/SDKExplicitPrecompiledModules/sys_types-8B5WBGNKQGP8VGVHGXXFAVHM4.pcm
SwiftExplicitDependencyGeneratePcm arm64 /Users/admin/builder/spi-builder-workspace/.derivedData/SDKExplicitPrecompiledModules/os_workgroup-1J3Q9ELSMX5271913GPIT75QV.pcm
SwiftExplicitDependencyGeneratePcm arm64 /Users/admin/builder/spi-builder-workspace/.derivedData/SDKExplicitPrecompiledModules/CoreFoundation-AVLTZVCXBU2TO75JCN4AGU8XJ.pcm
SwiftExplicitDependencyGeneratePcm arm64 /Users/admin/builder/spi-builder-workspace/.derivedData/SDKExplicitPrecompiledModules/XPC-EP5EU7FNGP4VOA3EDM18P1KHO.pcm
SwiftExplicitDependencyGeneratePcm arm64 /Users/admin/builder/spi-builder-workspace/.derivedData/SDKExplicitPrecompiledModules/_DarwinFoundation3-DNXKXFFQ8MRLRO9KQN10R21I0.pcm
SwiftExplicitDependencyGeneratePcm x86_64 /Users/admin/builder/spi-builder-workspace/.derivedData/SDKExplicitPrecompiledModules/_Builtin_inttypes-5T43H1LGCRS8QLVRMZ271WIR0.pcm
SwiftExplicitDependencyGeneratePcm x86_64 /Users/admin/builder/spi-builder-workspace/.derivedData/Build/Intermediates.noindex/SwiftExplicitPrecompiledModules/_SwiftSyntaxCShims-DQ14ZG6TU7J18NG1TYWKA4TV7.pcm
SwiftExplicitDependencyGeneratePcm arm64 /Users/admin/builder/spi-builder-workspace/.derivedData/SDKExplicitPrecompiledModules/Spatial-92H2FIVGSGXGN6Z0PM4QAD9U8.pcm
SwiftExplicitDependencyGeneratePcm arm64 /Users/admin/builder/spi-builder-workspace/.derivedData/SDKExplicitPrecompiledModules/Dispatch-7TDXDXPVVCZ0IQLPT2W4Z1AW3.pcm
SwiftExplicitDependencyGeneratePcm x86_64 /Users/admin/builder/spi-builder-workspace/.derivedData/SDKExplicitPrecompiledModules/Darwin-JUFKATFS4D0EGH2UVXTW75OJ.pcm
SwiftExplicitDependencyGeneratePcm arm64 /Users/admin/builder/spi-builder-workspace/.derivedData/Build/Intermediates.noindex/SwiftExplicitPrecompiledModules/_SwiftSyntaxCShims-DGKN5B59Y829682EF9W6OBFOV.pcm
SwiftExplicitDependencyGeneratePcm arm64 /Users/admin/builder/spi-builder-workspace/.derivedData/SDKExplicitPrecompiledModules/_Builtin_inttypes-489CMR9E9YGXYB1ZU4Y2FSN2V.pcm
SwiftExplicitDependencyGeneratePcm arm64 /Users/admin/builder/spi-builder-workspace/.derivedData/SDKExplicitPrecompiledModules/Security-8TH2M8WJIQMET4SADWX0N8372.pcm
SwiftExplicitDependencyGeneratePcm arm64 /Users/admin/builder/spi-builder-workspace/.derivedData/SDKExplicitPrecompiledModules/CFNetwork-5MI70N1VLDQSWTX4COWLMSIRO.pcm
SwiftExplicitDependencyGeneratePcm arm64 /Users/admin/builder/spi-builder-workspace/.derivedData/SDKExplicitPrecompiledModules/XPC-1U8J3QOEPI1JREQTBJYCK4Z2Z.pcm
SwiftExplicitDependencyGeneratePcm arm64 /Users/admin/builder/spi-builder-workspace/.derivedData/SDKExplicitPrecompiledModules/CoreFoundation-5D49BF05JAG3T79HLXZS0QOEB.pcm
SwiftExplicitDependencyGeneratePcm arm64 /Users/admin/builder/spi-builder-workspace/.derivedData/SDKExplicitPrecompiledModules/dnssd-3O0RNR51LL3EG0N1T07ZFMALS.pcm
SwiftExplicitDependencyGeneratePcm arm64 /Users/admin/builder/spi-builder-workspace/.derivedData/SDKExplicitPrecompiledModules/Darwin-4SSYTF9FPWUAJVNBQDXTH3HIS.pcm
SwiftExplicitDependencyGeneratePcm arm64 /Users/admin/builder/spi-builder-workspace/.derivedData/SDKExplicitPrecompiledModules/os-7D3ZMGEZW9BBPJG5AFYWTJQLV.pcm
SwiftExplicitDependencyGeneratePcm arm64 /Users/admin/builder/spi-builder-workspace/.derivedData/SDKExplicitPrecompiledModules/Foundation-8GON1KVEKRN3NOQI8RETBRWJP.pcm
SwiftExplicitDependencyGeneratePcm arm64 /Users/admin/builder/spi-builder-workspace/.derivedData/SDKExplicitPrecompiledModules/CFNetwork-8XNJAT23SK5D0OET9NV9X387I.pcm
SwiftExplicitDependencyGeneratePcm arm64 /Users/admin/builder/spi-builder-workspace/.derivedData/SDKExplicitPrecompiledModules/CoreAudioTypes-312R5U71UD8UC735GBX55K3US.pcm
SwiftExplicitDependencyGeneratePcm arm64 /Users/admin/builder/spi-builder-workspace/.derivedData/SDKExplicitPrecompiledModules/CoreGraphics-AY8OPKLJIGMHZ9MYROUT854WA.pcm
SwiftExplicitDependencyGeneratePcm arm64 /Users/admin/builder/spi-builder-workspace/.derivedData/SDKExplicitPrecompiledModules/Security-4BDO3J0PXFNR7ZRKSDSXCO6IM.pcm
SwiftExplicitDependencyGeneratePcm arm64 /Users/admin/builder/spi-builder-workspace/.derivedData/SDKExplicitPrecompiledModules/CoreAudio-BNVVZ0H6VD0B9Q2N4KZUSB6RB.pcm
SwiftExplicitDependencyGeneratePcm arm64 /Users/admin/builder/spi-builder-workspace/.derivedData/SDKExplicitPrecompiledModules/Foundation-48S9SVOOX01R4NP8KF0LJG57Z.pcm
SwiftExplicitDependencyGeneratePcm arm64 /Users/admin/builder/spi-builder-workspace/.derivedData/SDKExplicitPrecompiledModules/ImageIO-IAKQMD68GVR7DW77YOHGK8X7.pcm
SwiftExplicitDependencyGeneratePcm arm64 /Users/admin/builder/spi-builder-workspace/.derivedData/SDKExplicitPrecompiledModules/CoreText-3Q9AYRR8Y0RMYX4VGST56EDCZ.pcm
SwiftCompile normal x86_64 Compiling\ SyntaxProtocol.swift,\ SyntaxText.swift,\ SyntaxTreeViewMode.swift,\ TokenDiagnostic.swift,\ TokenSequence.swift,\ TokenSyntax.swift,\ Trivia.swift /Users/admin/builder/spi-builder-workspace/.dependencies/checkouts/swift-syntax/Sources/SwiftSyntax/SyntaxProtocol.swift /Users/admin/builder/spi-builder-workspace/.dependencies/checkouts/swift-syntax/Sources/SwiftSyntax/SyntaxText.swift /Users/admin/builder/spi-builder-workspace/.dependencies/checkouts/swift-syntax/Sources/SwiftSyntax/SyntaxTreeViewMode.swift /Users/admin/builder/spi-builder-workspace/.dependencies/checkouts/swift-syntax/Sources/SwiftSyntax/TokenDiagnostic.swift /Users/admin/builder/spi-builder-workspace/.dependencies/checkouts/swift-syntax/Sources/SwiftSyntax/TokenSequence.swift /Users/admin/builder/spi-builder-workspace/.dependencies/checkouts/swift-syntax/Sources/SwiftSyntax/TokenSyntax.swift /Users/admin/builder/spi-builder-workspace/.dependencies/checkouts/swift-syntax/Sources/SwiftSyntax/Trivia.swift (in target 'SwiftSyntax' from project 'swift-syntax')
SwiftCompile normal x86_64 /Users/admin/builder/spi-builder-workspace/.dependencies/checkouts/swift-syntax/Sources/SwiftSyntax/SyntaxProtocol.swift (in target 'SwiftSyntax' from project 'swift-syntax')
    cd /Users/admin/builder/spi-builder-workspace/.swiftpm/xcode
    builtin-SwiftPerFileCompile SyntaxProtocol.swift
SwiftCompile normal x86_64 /Users/admin/builder/spi-builder-workspace/.dependencies/checkouts/swift-syntax/Sources/SwiftSyntax/SyntaxText.swift (in target 'SwiftSyntax' from project 'swift-syntax')
    cd /Users/admin/builder/spi-builder-workspace/.swiftpm/xcode
    builtin-SwiftPerFileCompile SyntaxText.swift
SwiftCompile normal x86_64 /Users/admin/builder/spi-builder-workspace/.dependencies/checkouts/swift-syntax/Sources/SwiftSyntax/SyntaxTreeViewMode.swift (in target 'SwiftSyntax' from project 'swift-syntax')
    cd /Users/admin/builder/spi-builder-workspace/.swiftpm/xcode
    builtin-SwiftPerFileCompile SyntaxTreeViewMode.swift
SwiftCompile normal x86_64 /Users/admin/builder/spi-builder-workspace/.dependencies/checkouts/swift-syntax/Sources/SwiftSyntax/TokenDiagnostic.swift (in target 'SwiftSyntax' from project 'swift-syntax')
    cd /Users/admin/builder/spi-builder-workspace/.swiftpm/xcode
    builtin-SwiftPerFileCompile TokenDiagnostic.swift
SwiftCompile normal x86_64 /Users/admin/builder/spi-builder-workspace/.dependencies/checkouts/swift-syntax/Sources/SwiftSyntax/TokenSequence.swift (in target 'SwiftSyntax' from project 'swift-syntax')
    cd /Users/admin/builder/spi-builder-workspace/.swiftpm/xcode
    builtin-SwiftPerFileCompile TokenSequence.swift
SwiftCompile normal x86_64 /Users/admin/builder/spi-builder-workspace/.dependencies/checkouts/swift-syntax/Sources/SwiftSyntax/TokenSyntax.swift (in target 'SwiftSyntax' from project 'swift-syntax')
    cd /Users/admin/builder/spi-builder-workspace/.swiftpm/xcode
    builtin-SwiftPerFileCompile TokenSyntax.swift
SwiftCompile normal x86_64 /Users/admin/builder/spi-builder-workspace/.dependencies/checkouts/swift-syntax/Sources/SwiftSyntax/Trivia.swift (in target 'SwiftSyntax' from project 'swift-syntax')
    cd /Users/admin/builder/spi-builder-workspace/.swiftpm/xcode
    builtin-SwiftPerFileCompile Trivia.swift
SwiftEmitModule normal x86_64 Emitting\ module\ for\ SwiftSyntax (in target 'SwiftSyntax' from project 'swift-syntax')
SwiftCompile normal x86_64 (in target 'SwiftSyntax' from project 'swift-syntax')
    cd /Users/admin/builder/spi-builder-workspace/.swiftpm/xcode

SwiftCompile normal x86_64 Compiling\ CustomTraits.swift,\ EditorPlaceholder.swift,\ Identifier.swift,\ MemoryLayout.swift,\ MissingNodeInitializers.swift,\ RawSyntax.swift,\ RawSyntaxArena.swift /Users/admin/builder/spi-builder-workspace/.dependencies/checkouts/swift-syntax/Sources/SwiftSyntax/CustomTraits.swift /Users/admin/builder/spi-builder-workspace/.dependencies/checkouts/swift-syntax/Sources/SwiftSyntax/EditorPlaceholder.swift /Users/admin/builder/spi-builder-workspace/.dependencies/checkouts/swift-syntax/Sources/SwiftSyntax/Identifier.swift /Users/admin/builder/spi-builder-workspace/.dependencies/checkouts/swift-syntax/Sources/SwiftSyntax/MemoryLayout.swift /Users/admin/builder/spi-builder-workspace/.dependencies/checkouts/swift-syntax/Sources/SwiftSyntax/MissingNodeInitializers.swift /Users/admin/builder/spi-builder-workspace/.dependencies/checkouts/swift-syntax/Sources/SwiftSyntax/Raw/RawSyntax.swift /Users/admin/builder/spi-builder-workspace/.dependencies/checkouts/swift-syntax/Sources/SwiftSyntax/Raw/RawSyntaxArena.swift (in target 'SwiftSyntax' from project 'swift-syntax')
SwiftCompile normal x86_64 /Users/admin/builder/spi-builder-workspace/.dependencies/checkouts/swift-syntax/Sources/SwiftSyntax/CustomTraits.swift (in target 'SwiftSyntax' from project 'swift-syntax')
    cd /Users/admin/builder/spi-builder-workspace/.swiftpm/xcode
    builtin-SwiftPerFileCompile CustomTraits.swift
SwiftCompile normal x86_64 /Users/admin/builder/spi-builder-workspace/.dependencies/checkouts/swift-syntax/Sources/SwiftSyntax/EditorPlaceholder.swift (in target 'SwiftSyntax' from project 'swift-syntax')
    cd /Users/admin/builder/spi-builder-workspace/.swiftpm/xcode
    builtin-SwiftPerFileCompile EditorPlaceholder.swift
SwiftCompile normal x86_64 /Users/admin/builder/spi-builder-workspace/.dependencies/checkouts/swift-syntax/Sources/SwiftSyntax/Identifier.swift (in target 'SwiftSyntax' from project 'swift-syntax')
    cd /Users/admin/builder/spi-builder-workspace/.swiftpm/xcode
    builtin-SwiftPerFileCompile Identifier.swift
SwiftCompile normal x86_64 /Users/admin/builder/spi-builder-workspace/.dependencies/checkouts/swift-syntax/Sources/SwiftSyntax/MemoryLayout.swift (in target 'SwiftSyntax' from project 'swift-syntax')
    cd /Users/admin/builder/spi-builder-workspace/.swiftpm/xcode
    builtin-SwiftPerFileCompile MemoryLayout.swift
SwiftCompile normal x86_64 /Users/admin/builder/spi-builder-workspace/.dependencies/checkouts/swift-syntax/Sources/SwiftSyntax/MissingNodeInitializers.swift (in target 'SwiftSyntax' from project 'swift-syntax')
    cd /Users/admin/builder/spi-builder-workspace/.swiftpm/xcode
    builtin-SwiftPerFileCompile MissingNodeInitializers.swift
SwiftCompile normal x86_64 /Users/admin/builder/spi-builder-workspace/.dependencies/checkouts/swift-syntax/Sources/SwiftSyntax/Raw/RawSyntax.swift (in target 'SwiftSyntax' from project 'swift-syntax')
    cd /Users/admin/builder/spi-builder-workspace/.swiftpm/xcode
    builtin-SwiftPerFileCompile RawSyntax.swift
SwiftCompile normal x86_64 /Users/admin/builder/spi-builder-workspace/.dependencies/checkouts/swift-syntax/Sources/SwiftSyntax/Raw/RawSyntaxArena.swift (in target 'SwiftSyntax' from project 'swift-syntax')
    cd /Users/admin/builder/spi-builder-workspace/.swiftpm/xcode
    builtin-SwiftPerFileCompile RawSyntaxArena.swift
SwiftCompile normal x86_64 Compiling\ SyntaxNodesD.swift,\ SyntaxNodesEF.swift,\ SyntaxNodesGHI.swift,\ SyntaxNodesJKLMN.swift,\ SyntaxNodesOP.swift,\ SyntaxNodesQRS.swift,\ SyntaxNodesTUVWXYZ.swift /Users/admin/builder/spi-builder-workspace/.dependencies/checkouts/swift-syntax/Sources/SwiftSyntax/generated/syntaxNodes/SyntaxNodesD.swift /Users/admin/builder/spi-builder-workspace/.dependencies/checkouts/swift-syntax/Sources/SwiftSyntax/generated/syntaxNodes/SyntaxNodesEF.swift /Users/admin/builder/spi-builder-workspace/.dependencies/checkouts/swift-syntax/Sources/SwiftSyntax/generated/syntaxNodes/SyntaxNodesGHI.swift /Users/admin/builder/spi-builder-workspace/.dependencies/checkouts/swift-syntax/Sources/SwiftSyntax/generated/syntaxNodes/SyntaxNodesJKLMN.swift /Users/admin/builder/spi-builder-workspace/.dependencies/checkouts/swift-syntax/Sources/SwiftSyntax/generated/syntaxNodes/SyntaxNodesOP.swift /Users/admin/builder/spi-builder-workspace/.dependencies/checkouts/swift-syntax/Sources/SwiftSyntax/generated/syntaxNodes/SyntaxNodesQRS.swift /Users/admin/builder/spi-builder-workspace/.dependencies/checkouts/swift-syntax/Sources/SwiftSyntax/generated/syntaxNodes/SyntaxNodesTUVWXYZ.swift (in target 'SwiftSyntax' from project 'swift-syntax')
SwiftCompile normal x86_64 /Users/admin/builder/spi-builder-workspace/.dependencies/checkouts/swift-syntax/Sources/SwiftSyntax/generated/syntaxNodes/SyntaxNodesD.swift (in target 'SwiftSyntax' from project 'swift-syntax')
    cd /Users/admin/builder/spi-builder-workspace/.swiftpm/xcode
    builtin-SwiftPerFileCompile SyntaxNodesD.swift
SwiftCompile normal x86_64 /Users/admin/builder/spi-builder-workspace/.dependencies/checkouts/swift-syntax/Sources/SwiftSyntax/generated/syntaxNodes/SyntaxNodesEF.swift (in target 'SwiftSyntax' from project 'swift-syntax')
    cd /Users/admin/builder/spi-builder-workspace/.swiftpm/xcode
    builtin-SwiftPerFileCompile SyntaxNodesEF.swift
SwiftCompile normal x86_64 /Users/admin/builder/spi-builder-workspace/.dependencies/checkouts/swift-syntax/Sources/SwiftSyntax/generated/syntaxNodes/SyntaxNodesGHI.swift (in target 'SwiftSyntax' from project 'swift-syntax')
    cd /Users/admin/builder/spi-builder-workspace/.swiftpm/xcode
    builtin-SwiftPerFileCompile SyntaxNodesGHI.swift
SwiftCompile normal x86_64 /Users/admin/builder/spi-builder-workspace/.dependencies/checkouts/swift-syntax/Sources/SwiftSyntax/generated/syntaxNodes/SyntaxNodesJKLMN.swift (in target 'SwiftSyntax' from project 'swift-syntax')
    cd /Users/admin/builder/spi-builder-workspace/.swiftpm/xcode
    builtin-SwiftPerFileCompile SyntaxNodesJKLMN.swift
SwiftCompile normal x86_64 /Users/admin/builder/spi-builder-workspace/.dependencies/checkouts/swift-syntax/Sources/SwiftSyntax/generated/syntaxNodes/SyntaxNodesOP.swift (in target 'SwiftSyntax' from project 'swift-syntax')
    cd /Users/admin/builder/spi-builder-workspace/.swiftpm/xcode
    builtin-SwiftPerFileCompile SyntaxNodesOP.swift
SwiftCompile normal x86_64 /Users/admin/builder/spi-builder-workspace/.dependencies/checkouts/swift-syntax/Sources/SwiftSyntax/generated/syntaxNodes/SyntaxNodesQRS.swift (in target 'SwiftSyntax' from project 'swift-syntax')
    cd /Users/admin/builder/spi-builder-workspace/.swiftpm/xcode
    builtin-SwiftPerFileCompile SyntaxNodesQRS.swift
SwiftCompile normal x86_64 /Users/admin/builder/spi-builder-workspace/.dependencies/checkouts/swift-syntax/Sources/SwiftSyntax/generated/syntaxNodes/SyntaxNodesTUVWXYZ.swift (in target 'SwiftSyntax' from project 'swift-syntax')
    cd /Users/admin/builder/spi-builder-workspace/.swiftpm/xcode
    builtin-SwiftPerFileCompile SyntaxNodesTUVWXYZ.swift
SwiftCompile normal x86_64 Compiling\ RawSyntaxNodesJKLMN.swift,\ RawSyntaxNodesOP.swift,\ RawSyntaxNodesQRS.swift,\ RawSyntaxNodesTUVWXYZ.swift,\ RawSyntaxValidation.swift,\ SyntaxNodesAB.swift,\ SyntaxNodesC.swift /Users/admin/builder/spi-builder-workspace/.dependencies/checkouts/swift-syntax/Sources/SwiftSyntax/generated/raw/RawSyntaxNodesJKLMN.swift /Users/admin/builder/spi-builder-workspace/.dependencies/checkouts/swift-syntax/Sources/SwiftSyntax/generated/raw/RawSyntaxNodesOP.swift /Users/admin/builder/spi-builder-workspace/.dependencies/checkouts/swift-syntax/Sources/SwiftSyntax/generated/raw/RawSyntaxNodesQRS.swift /Users/admin/builder/spi-builder-workspace/.dependencies/checkouts/swift-syntax/Sources/SwiftSyntax/generated/raw/RawSyntaxNodesTUVWXYZ.swift /Users/admin/builder/spi-builder-workspace/.dependencies/checkouts/swift-syntax/Sources/SwiftSyntax/generated/raw/RawSyntaxValidation.swift /Users/admin/builder/spi-builder-workspace/.dependencies/checkouts/swift-syntax/Sources/SwiftSyntax/generated/syntaxNodes/SyntaxNodesAB.swift /Users/admin/builder/spi-builder-workspace/.dependencies/checkouts/swift-syntax/Sources/SwiftSyntax/generated/syntaxNodes/SyntaxNodesC.swift (in target 'SwiftSyntax' from project 'swift-syntax')
SwiftCompile normal x86_64 /Users/admin/builder/spi-builder-workspace/.dependencies/checkouts/swift-syntax/Sources/SwiftSyntax/generated/raw/RawSyntaxNodesJKLMN.swift (in target 'SwiftSyntax' from project 'swift-syntax')
    cd /Users/admin/builder/spi-builder-workspace/.swiftpm/xcode
    builtin-SwiftPerFileCompile RawSyntaxNodesJKLMN.swift
SwiftCompile normal x86_64 /Users/admin/builder/spi-builder-workspace/.dependencies/checkouts/swift-syntax/Sources/SwiftSyntax/generated/raw/RawSyntaxNodesOP.swift (in target 'SwiftSyntax' from project 'swift-syntax')
    cd /Users/admin/builder/spi-builder-workspace/.swiftpm/xcode
    builtin-SwiftPerFileCompile RawSyntaxNodesOP.swift
SwiftCompile normal x86_64 /Users/admin/builder/spi-builder-workspace/.dependencies/checkouts/swift-syntax/Sources/SwiftSyntax/generated/raw/RawSyntaxNodesQRS.swift (in target 'SwiftSyntax' from project 'swift-syntax')
    cd /Users/admin/builder/spi-builder-workspace/.swiftpm/xcode
    builtin-SwiftPerFileCompile RawSyntaxNodesQRS.swift
SwiftCompile normal x86_64 /Users/admin/builder/spi-builder-workspace/.dependencies/checkouts/swift-syntax/Sources/SwiftSyntax/generated/raw/RawSyntaxNodesTUVWXYZ.swift (in target 'SwiftSyntax' from project 'swift-syntax')
    cd /Users/admin/builder/spi-builder-workspace/.swiftpm/xcode
    builtin-SwiftPerFileCompile RawSyntaxNodesTUVWXYZ.swift
SwiftCompile normal x86_64 /Users/admin/builder/spi-builder-workspace/.dependencies/checkouts/swift-syntax/Sources/SwiftSyntax/generated/raw/RawSyntaxValidation.swift (in target 'SwiftSyntax' from project 'swift-syntax')
    cd /Users/admin/builder/spi-builder-workspace/.swiftpm/xcode
    builtin-SwiftPerFileCompile RawSyntaxValidation.swift
SwiftCompile normal x86_64 /Users/admin/builder/spi-builder-workspace/.dependencies/checkouts/swift-syntax/Sources/SwiftSyntax/generated/syntaxNodes/SyntaxNodesAB.swift (in target 'SwiftSyntax' from project 'swift-syntax')
    cd /Users/admin/builder/spi-builder-workspace/.swiftpm/xcode
    builtin-SwiftPerFileCompile SyntaxNodesAB.swift
SwiftCompile normal x86_64 /Users/admin/builder/spi-builder-workspace/.dependencies/checkouts/swift-syntax/Sources/SwiftSyntax/generated/syntaxNodes/SyntaxNodesC.swift (in target 'SwiftSyntax' from project 'swift-syntax')
    cd /Users/admin/builder/spi-builder-workspace/.swiftpm/xcode
    builtin-SwiftPerFileCompile SyntaxNodesC.swift
SwiftCompile normal x86_64 Compiling\ SwiftSyntaxCompatibility.swift,\ Syntax.swift,\ SyntaxChildren.swift,\ SyntaxCollection.swift,\ SyntaxHashable.swift,\ SyntaxIdentifier.swift,\ SyntaxNodeStructure.swift /Users/admin/builder/spi-builder-workspace/.dependencies/checkouts/swift-syntax/Sources/SwiftSyntax/SwiftSyntaxCompatibility.swift /Users/admin/builder/spi-builder-workspace/.dependencies/checkouts/swift-syntax/Sources/SwiftSyntax/Syntax.swift /Users/admin/builder/spi-builder-workspace/.dependencies/checkouts/swift-syntax/Sources/SwiftSyntax/SyntaxChildren.swift /Users/admin/builder/spi-builder-workspace/.dependencies/checkouts/swift-syntax/Sources/SwiftSyntax/SyntaxCollection.swift /Users/admin/builder/spi-builder-workspace/.dependencies/checkouts/swift-syntax/Sources/SwiftSyntax/SyntaxHashable.swift /Users/admin/builder/spi-builder-workspace/.dependencies/checkouts/swift-syntax/Sources/SwiftSyntax/SyntaxIdentifier.swift /Users/admin/builder/spi-builder-workspace/.dependencies/checkouts/swift-syntax/Sources/SwiftSyntax/SyntaxNodeStructure.swift (in target 'SwiftSyntax' from project 'swift-syntax')
SwiftCompile normal x86_64 /Users/admin/builder/spi-builder-workspace/.dependencies/checkouts/swift-syntax/Sources/SwiftSyntax/SwiftSyntaxCompatibility.swift (in target 'SwiftSyntax' from project 'swift-syntax')
    cd /Users/admin/builder/spi-builder-workspace/.swiftpm/xcode
    builtin-SwiftPerFileCompile SwiftSyntaxCompatibility.swift
SwiftCompile normal x86_64 /Users/admin/builder/spi-builder-workspace/.dependencies/checkouts/swift-syntax/Sources/SwiftSyntax/Syntax.swift (in target 'SwiftSyntax' from project 'swift-syntax')
    cd /Users/admin/builder/spi-builder-workspace/.swiftpm/xcode
    builtin-SwiftPerFileCompile Syntax.swift
SwiftCompile normal x86_64 /Users/admin/builder/spi-builder-workspace/.dependencies/checkouts/swift-syntax/Sources/SwiftSyntax/SyntaxChildren.swift (in target 'SwiftSyntax' from project 'swift-syntax')
    cd /Users/admin/builder/spi-builder-workspace/.swiftpm/xcode
    builtin-SwiftPerFileCompile SyntaxChildren.swift
SwiftCompile normal x86_64 /Users/admin/builder/spi-builder-workspace/.dependencies/checkouts/swift-syntax/Sources/SwiftSyntax/SyntaxCollection.swift (in target 'SwiftSyntax' from project 'swift-syntax')
    cd /Users/admin/builder/spi-builder-workspace/.swiftpm/xcode
    builtin-SwiftPerFileCompile SyntaxCollection.swift
SwiftCompile normal x86_64 /Users/admin/builder/spi-builder-workspace/.dependencies/checkouts/swift-syntax/Sources/SwiftSyntax/SyntaxHashable.swift (in target 'SwiftSyntax' from project 'swift-syntax')
    cd /Users/admin/builder/spi-builder-workspace/.swiftpm/xcode
    builtin-SwiftPerFileCompile SyntaxHashable.swift
SwiftCompile normal x86_64 /Users/admin/builder/spi-builder-workspace/.dependencies/checkouts/swift-syntax/Sources/SwiftSyntax/SyntaxIdentifier.swift (in target 'SwiftSyntax' from project 'swift-syntax')
    cd /Users/admin/builder/spi-builder-workspace/.swiftpm/xcode
    builtin-SwiftPerFileCompile SyntaxIdentifier.swift
SwiftCompile normal x86_64 /Users/admin/builder/spi-builder-workspace/.dependencies/checkouts/swift-syntax/Sources/SwiftSyntax/SyntaxNodeStructure.swift (in target 'SwiftSyntax' from project 'swift-syntax')
    cd /Users/admin/builder/spi-builder-workspace/.swiftpm/xcode
    builtin-SwiftPerFileCompile SyntaxNodeStructure.swift
SwiftCompile normal x86_64 Compiling\ Utils.swift,\ ChildNameForKeyPath.swift,\ Keyword.swift,\ RenamedChildrenCompatibility.swift,\ RenamedNodesCompatibility.swift,\ SyntaxAnyVisitor.swift,\ SyntaxBaseNodes.swift /Users/admin/builder/spi-builder-workspace/.dependencies/checkouts/swift-syntax/Sources/SwiftSyntax/Utils.swift /Users/admin/builder/spi-builder-workspace/.dependencies/checkouts/swift-syntax/Sources/SwiftSyntax/generated/ChildNameForKeyPath.swift /Users/admin/builder/spi-builder-workspace/.dependencies/checkouts/swift-syntax/Sources/SwiftSyntax/generated/Keyword.swift /Users/admin/builder/spi-builder-workspace/.dependencies/checkouts/swift-syntax/Sources/SwiftSyntax/generated/RenamedChildrenCompatibility.swift /Users/admin/builder/spi-builder-workspace/.dependencies/checkouts/swift-syntax/Sources/SwiftSyntax/generated/RenamedNodesCompatibility.swift /Users/admin/builder/spi-builder-workspace/.dependencies/checkouts/swift-syntax/Sources/SwiftSyntax/generated/SyntaxAnyVisitor.swift /Users/admin/builder/spi-builder-workspace/.dependencies/checkouts/swift-syntax/Sources/SwiftSyntax/generated/SyntaxBaseNodes.swift (in target 'SwiftSyntax' from project 'swift-syntax')
SwiftCompile normal x86_64 /Users/admin/builder/spi-builder-workspace/.dependencies/checkouts/swift-syntax/Sources/SwiftSyntax/Utils.swift (in target 'SwiftSyntax' from project 'swift-syntax')
    cd /Users/admin/builder/spi-builder-workspace/.swiftpm/xcode
    builtin-SwiftPerFileCompile Utils.swift
SwiftCompile normal x86_64 /Users/admin/builder/spi-builder-workspace/.dependencies/checkouts/swift-syntax/Sources/SwiftSyntax/generated/ChildNameForKeyPath.swift (in target 'SwiftSyntax' from project 'swift-syntax')
    cd /Users/admin/builder/spi-builder-workspace/.swiftpm/xcode
    builtin-SwiftPerFileCompile ChildNameForKeyPath.swift
SwiftCompile normal x86_64 /Users/admin/builder/spi-builder-workspace/.dependencies/checkouts/swift-syntax/Sources/SwiftSyntax/generated/Keyword.swift (in target 'SwiftSyntax' from project 'swift-syntax')
    cd /Users/admin/builder/spi-builder-workspace/.swiftpm/xcode
    builtin-SwiftPerFileCompile Keyword.swift
SwiftCompile normal x86_64 /Users/admin/builder/spi-builder-workspace/.dependencies/checkouts/swift-syntax/Sources/SwiftSyntax/generated/RenamedChildrenCompatibility.swift (in target 'SwiftSyntax' from project 'swift-syntax')
    cd /Users/admin/builder/spi-builder-workspace/.swiftpm/xcode
    builtin-SwiftPerFileCompile RenamedChildrenCompatibility.swift
SwiftCompile normal x86_64 /Users/admin/builder/spi-builder-workspace/.dependencies/checkouts/swift-syntax/Sources/SwiftSyntax/generated/RenamedNodesCompatibility.swift (in target 'SwiftSyntax' from project 'swift-syntax')
    cd /Users/admin/builder/spi-builder-workspace/.swiftpm/xcode
    builtin-SwiftPerFileCompile RenamedNodesCompatibility.swift
SwiftCompile normal x86_64 /Users/admin/builder/spi-builder-workspace/.dependencies/checkouts/swift-syntax/Sources/SwiftSyntax/generated/SyntaxAnyVisitor.swift (in target 'SwiftSyntax' from project 'swift-syntax')
    cd /Users/admin/builder/spi-builder-workspace/.swiftpm/xcode
    builtin-SwiftPerFileCompile SyntaxAnyVisitor.swift
SwiftCompile normal x86_64 /Users/admin/builder/spi-builder-workspace/.dependencies/checkouts/swift-syntax/Sources/SwiftSyntax/generated/SyntaxBaseNodes.swift (in target 'SwiftSyntax' from project 'swift-syntax')
    cd /Users/admin/builder/spi-builder-workspace/.swiftpm/xcode
    builtin-SwiftPerFileCompile SyntaxBaseNodes.swift
SwiftCompile normal x86_64 Compiling\ RawSyntaxLayoutView.swift,\ RawSyntaxNodeProtocol.swift,\ RawSyntaxTokenView.swift,\ SourceEdit.swift,\ SourceLength.swift,\ SourceLocation.swift,\ SourcePresence.swift /Users/admin/builder/spi-builder-workspace/.dependencies/checkouts/swift-syntax/Sources/SwiftSyntax/Raw/RawSyntaxLayoutView.swift /Users/admin/builder/spi-builder-workspace/.dependencies/checkouts/swift-syntax/Sources/SwiftSyntax/Raw/RawSyntaxNodeProtocol.swift /Users/admin/builder/spi-builder-workspace/.dependencies/checkouts/swift-syntax/Sources/SwiftSyntax/Raw/RawSyntaxTokenView.swift /Users/admin/builder/spi-builder-workspace/.dependencies/checkouts/swift-syntax/Sources/SwiftSyntax/SourceEdit.swift /Users/admin/builder/spi-builder-workspace/.dependencies/checkouts/swift-syntax/Sources/SwiftSyntax/SourceLength.swift /Users/admin/builder/spi-builder-workspace/.dependencies/checkouts/swift-syntax/Sources/SwiftSyntax/SourceLocation.swift /Users/admin/builder/spi-builder-workspace/.dependencies/checkouts/swift-syntax/Sources/SwiftSyntax/SourcePresence.swift (in target 'SwiftSyntax' from project 'swift-syntax')
SwiftCompile normal x86_64 /Users/admin/builder/spi-builder-workspace/.dependencies/checkouts/swift-syntax/Sources/SwiftSyntax/Raw/RawSyntaxLayoutView.swift (in target 'SwiftSyntax' from project 'swift-syntax')
    cd /Users/admin/builder/spi-builder-workspace/.swiftpm/xcode
    builtin-SwiftPerFileCompile RawSyntaxLayoutView.swift
SwiftCompile normal x86_64 /Users/admin/builder/spi-builder-workspace/.dependencies/checkouts/swift-syntax/Sources/SwiftSyntax/Raw/RawSyntaxNodeProtocol.swift (in target 'SwiftSyntax' from project 'swift-syntax')
    cd /Users/admin/builder/spi-builder-workspace/.swiftpm/xcode
    builtin-SwiftPerFileCompile RawSyntaxNodeProtocol.swift
SwiftCompile normal x86_64 /Users/admin/builder/spi-builder-workspace/.dependencies/checkouts/swift-syntax/Sources/SwiftSyntax/Raw/RawSyntaxTokenView.swift (in target 'SwiftSyntax' from project 'swift-syntax')
    cd /Users/admin/builder/spi-builder-workspace/.swiftpm/xcode
    builtin-SwiftPerFileCompile RawSyntaxTokenView.swift
SwiftCompile normal x86_64 /Users/admin/builder/spi-builder-workspace/.dependencies/checkouts/swift-syntax/Sources/SwiftSyntax/SourceEdit.swift (in target 'SwiftSyntax' from project 'swift-syntax')
    cd /Users/admin/builder/spi-builder-workspace/.swiftpm/xcode
    builtin-SwiftPerFileCompile SourceEdit.swift
SwiftCompile normal x86_64 /Users/admin/builder/spi-builder-workspace/.dependencies/checkouts/swift-syntax/Sources/SwiftSyntax/SourceLength.swift (in target 'SwiftSyntax' from project 'swift-syntax')
    cd /Users/admin/builder/spi-builder-workspace/.swiftpm/xcode
    builtin-SwiftPerFileCompile SourceLength.swift
SwiftCompile normal x86_64 /Users/admin/builder/spi-builder-workspace/.dependencies/checkouts/swift-syntax/Sources/SwiftSyntax/SourceLocation.swift (in target 'SwiftSyntax' from project 'swift-syntax')
    cd /Users/admin/builder/spi-builder-workspace/.swiftpm/xcode
    builtin-SwiftPerFileCompile SourceLocation.swift
SwiftCompile normal x86_64 /Users/admin/builder/spi-builder-workspace/.dependencies/checkouts/swift-syntax/Sources/SwiftSyntax/SourcePresence.swift (in target 'SwiftSyntax' from project 'swift-syntax')
    cd /Users/admin/builder/spi-builder-workspace/.swiftpm/xcode
    builtin-SwiftPerFileCompile SourcePresence.swift
SwiftEmitModule normal arm64 Emitting\ module\ for\ SwiftSyntax (in target 'SwiftSyntax' from project 'swift-syntax')
SwiftCompile normal arm64 (in target 'SwiftSyntax' from project 'swift-syntax')
    cd /Users/admin/builder/spi-builder-workspace/.swiftpm/xcode

SwiftEmitModule normal arm64 Emitting\ module\ for\ Splash (in target 'Splash' from project 'Splash')
/Users/admin/builder/spi-builder-workspace/.dependencies/checkouts/Splash/Sources/Splash/Theming/Theme.swift:18:32: error: cannot find type 'Color' in scope
16 |     public var font: Font
17 |     /// What color to use for plain text (no highlighting)
18 |     public var plainTextColor: Color
   |                                `- error: cannot find type 'Color' in scope
19 |     /// What color to use for the background
20 |     public var backgroundColor: Color
/Users/admin/builder/spi-builder-workspace/.dependencies/checkouts/Splash/Sources/Splash/Theming/Theme.swift:20:33: error: cannot find type 'Color' in scope
18 |     public var plainTextColor: Color
19 |     /// What color to use for the background
20 |     public var backgroundColor: Color
   |                                 `- error: cannot find type 'Color' in scope
21 |     /// What color to use for the text's highlighted tokens
22 |     public var tokenColors: [TokenType: Color]
/Users/admin/builder/spi-builder-workspace/.dependencies/checkouts/Splash/Sources/Splash/Theming/Theme.swift:22:41: error: cannot find type 'Color' in scope
20 |     public var backgroundColor: Color
21 |     /// What color to use for the text's highlighted tokens
22 |     public var tokenColors: [TokenType: Color]
   |                                         `- error: cannot find type 'Color' in scope
23 |
24 |     public init(font: Font,
/Users/admin/builder/spi-builder-workspace/.dependencies/checkouts/Splash/Sources/Splash/Theming/Font.swift:42:24: error: cannot find type 'Loaded' in scope
 40 |         case system
 41 |         /// Use a pre-loaded font
 42 |         case preloaded(Loaded)
    |                        `- error: cannot find type 'Loaded' in scope
 43 |         /// Load a font file from a given file system path
 44 |         case path(String)
/Users/admin/builder/spi-builder-workspace/.dependencies/checkouts/Splash/Sources/Splash/Theming/Font.swift:49:20: error: cannot find type 'Loaded' in scope
 47 |
 48 | internal extension Font {
 49 |     func load() -> Loaded {
    |                    `- error: cannot find type 'Loaded' in scope
 50 |         switch resource {
 51 |         case .system:
/Users/admin/builder/spi-builder-workspace/.dependencies/checkouts/Splash/Sources/Splash/Output/AttributedStringOutputFormat.swift:57:46: error: 'Loaded' is not a member type of struct 'Splash.Font'
55 |
56 | private extension NSMutableAttributedString {
57 |     func append(_ string: String, font: Font.Loaded, color: Color) {
   |                                              `- error: 'Loaded' is not a member type of struct 'Splash.Font'
58 |         let attributedString = NSAttributedString(string: string, attributes: [
59 |             .foregroundColor: color,
/Users/admin/builder/spi-builder-workspace/.dependencies/checkouts/Splash/Sources/Splash/Theming/Font.swift:15:15: note: 'Font' declared here
 13 | /// simplified font representation rather than `NSFont`
 14 | /// or `UIFont`.
 15 | public struct Font {
    |               `- note: 'Font' declared here
 16 |     /// The underlying resource used to load the font
 17 |     public var resource: Resource
/Users/admin/builder/spi-builder-workspace/.dependencies/checkouts/Splash/Sources/Splash/Output/AttributedStringOutputFormat.swift:57:61: error: cannot find type 'Color' in scope
55 |
56 | private extension NSMutableAttributedString {
57 |     func append(_ string: String, font: Font.Loaded, color: Color) {
   |                                                             `- error: cannot find type 'Color' in scope
58 |         let attributedString = NSAttributedString(string: string, attributes: [
59 |             .foregroundColor: color,
/Users/admin/builder/spi-builder-workspace/.dependencies/checkouts/Splash/Sources/Splash/Theming/Color.swift:16:20: error: cannot find type 'Color' in scope
14 |
15 | #if !os(Linux)
16 | internal extension Color {
   |                    `- error: cannot find type 'Color' in scope
17 |     convenience init(red: CGFloat, green: CGFloat, blue: CGFloat) {
18 |         self.init(red: red, green: green, blue: blue, alpha: 1)
/Users/admin/builder/spi-builder-workspace/.dependencies/checkouts/Splash/Sources/Splash/Theming/Font.swift:60:39: error: cannot find type 'Loaded' in scope
 58 |     }
 59 |
 60 |     private func loadDefaultFont() -> Loaded {
    |                                       `- error: cannot find type 'Loaded' in scope
 61 |         let font: Loaded?
 62 |
/Users/admin/builder/spi-builder-workspace/.dependencies/checkouts/Splash/Sources/Splash/Theming/Font.swift:72:49: error: cannot find type 'Loaded' in scope
 70 |     }
 71 |
 72 |     private func load(fromPath path: String) -> Loaded? {
    |                                                 `- error: cannot find type 'Loaded' in scope
 73 |         guard
 74 |             let url = CFURLCreateWithFileSystemPath(kCFAllocatorDefault, path as CFString, .cfurlposixPathStyle, false),
/Users/admin/builder/spi-builder-workspace/.dependencies/checkouts/Splash/Sources/Splash/Theming/Theme.swift:25:33: error: cannot find type 'Color' in scope
23 |
24 |     public init(font: Font,
25 |                 plainTextColor: Color,
   |                                 `- error: cannot find type 'Color' in scope
26 |                 tokenColors: [TokenType: Color],
27 |                 backgroundColor: Color = Color(white: 0.12, alpha: 1)) {
/Users/admin/builder/spi-builder-workspace/.dependencies/checkouts/Splash/Sources/Splash/Theming/Theme.swift:26:42: error: cannot find type 'Color' in scope
24 |     public init(font: Font,
25 |                 plainTextColor: Color,
26 |                 tokenColors: [TokenType: Color],
   |                                          `- error: cannot find type 'Color' in scope
27 |                 backgroundColor: Color = Color(white: 0.12, alpha: 1)) {
28 |         self.font = font
/Users/admin/builder/spi-builder-workspace/.dependencies/checkouts/Splash/Sources/Splash/Theming/Theme.swift:27:34: error: cannot find type 'Color' in scope
25 |                 plainTextColor: Color,
26 |                 tokenColors: [TokenType: Color],
27 |                 backgroundColor: Color = Color(white: 0.12, alpha: 1)) {
   |                                  `- error: cannot find type 'Color' in scope
28 |         self.font = font
29 |         self.plainTextColor = plainTextColor
Failed frontend command:
/Applications/Xcode-27.0.0-Release.Candidate.app/Contents/Developer/Toolchains/XcodeDefault.xctoolchain/usr/bin/swift-frontend -frontend -emit-module -experimental-skip-non-inlinable-function-bodies-without-types /Users/admin/builder/spi-builder-workspace/.dependencies/checkouts/Splash/Sources/Splash/Extensions/CharacterSet/CharacterSet+Contains.swift /Users/admin/builder/spi-builder-workspace/.dependencies/checkouts/Splash/Sources/Splash/Extensions/Equatable/Equatable+AnyOf.swift /Users/admin/builder/spi-builder-workspace/.dependencies/checkouts/Splash/Sources/Splash/Extensions/Int/Int+IsOdd.swift /Users/admin/builder/spi-builder-workspace/.dependencies/checkouts/Splash/Sources/Splash/Extensions/Sequence/Sequence+AnyOf.swift /Users/admin/builder/spi-builder-workspace/.dependencies/checkouts/Splash/Sources/Splash/Extensions/Sequence/Sequence+Occurrences.swift /Users/admin/builder/spi-builder-workspace/.dependencies/checkouts/Splash/Sources/Splash/Extensions/Strings/String+HTMLEntities.swift /Users/admin/builder/spi-builder-workspace/.dependencies/checkouts/Splash/Sources/Splash/Extensions/Strings/String+IsNumber.swift /Users/admin/builder/spi-builder-workspace/.dependencies/checkouts/Splash/Sources/Splash/Extensions/Strings/String+PrefixChecking.swift /Users/admin/builder/spi-builder-workspace/.dependencies/checkouts/Splash/Sources/Splash/Extensions/Strings/String+Removing.swift /Users/admin/builder/spi-builder-workspace/.dependencies/checkouts/Splash/Sources/Splash/Extensions/Strings/Substring+HasSuffix.swift /Users/admin/builder/spi-builder-workspace/.dependencies/checkouts/Splash/Sources/Splash/Grammar/Grammar.swift /Users/admin/builder/spi-builder-workspace/.dependencies/checkouts/Splash/Sources/Splash/Grammar/SwiftGrammar.swift /Users/admin/builder/spi-builder-workspace/.dependencies/checkouts/Splash/Sources/Splash/Output/AttributedStringOutputFormat.swift /Users/admin/builder/spi-builder-workspace/.dependencies/checkouts/Splash/Sources/Splash/Output/HTMLOutputFormat.swift /Users/admin/builder/spi-builder-workspace/.dependencies/checkouts/Splash/Sources/Splash/Output/MarkdownDecorator.swift /Users/admin/builder/spi-builder-workspace/.dependencies/checkouts/Splash/Sources/Splash/Output/OutputBuilder.swift /Users/admin/builder/spi-builder-workspace/.dependencies/checkouts/Splash/Sources/Splash/Output/OutputFormat.swift /Users/admin/builder/spi-builder-workspace/.dependencies/checkouts/Splash/Sources/Splash/Syntax/SyntaxHighlighter.swift /Users/admin/builder/spi-builder-workspace/.dependencies/checkouts/Splash/Sources/Splash/Syntax/SyntaxRule.swift /Users/admin/builder/spi-builder-workspace/.dependencies/checkouts/Splash/Sources/Splash/Theming/Color.swift /Users/admin/builder/spi-builder-workspace/.dependencies/checkouts/Splash/Sources/Splash/Theming/Font.swift /Users/admin/builder/spi-builder-workspace/.dependencies/checkouts/Splash/Sources/Splash/Theming/Theme+Defaults.swift /Users/admin/builder/spi-builder-workspace/.dependencies/checkouts/Splash/Sources/Splash/Theming/Theme.swift /Users/admin/builder/spi-builder-workspace/.dependencies/checkouts/Splash/Sources/Splash/Tokenizing/Segment.swift /Users/admin/builder/spi-builder-workspace/.dependencies/checkouts/Splash/Sources/Splash/Tokenizing/TokenType.swift /Users/admin/builder/spi-builder-workspace/.dependencies/checkouts/Splash/Sources/Splash/Tokenizing/Tokenizer.swift -target arm64-apple-xros1.0 -disable-cross-import-overlay-search -load-resolved-plugin /Applications/Xcode-27.0.0-Release.Candidate.app/Contents/Developer/Platforms/XROS.platform/Developer/usr/lib/swift/host/plugins/libFoundationMacros.dylib\#/Applications/Xcode-27.0.0-Release.Candidate.app/Contents/Developer/Platforms/XROS.platform/Developer/usr/bin/swift-plugin-server\#FoundationMacros -load-resolved-plugin /Applications/Xcode-27.0.0-Release.Candidate.app/Contents/Developer/Platforms/XROS.platform/Developer/usr/lib/swift/host/plugins/libObservationMacros.dylib\#/Applications/Xcode-27.0.0-Release.Candidate.app/Contents/Developer/Platforms/XROS.platform/Developer/usr/bin/swift-plugin-server\#ObservationMacros -load-resolved-plugin /Applications/Xcode-27.0.0-Release.Candidate.app/Contents/Developer/Platforms/XROS.platform/Developer/usr/lib/swift/host/plugins/libSwiftMacros.dylib\#/Applications/Xcode-27.0.0-Release.Candidate.app/Contents/Developer/Platforms/XROS.platform/Developer/usr/bin/swift-plugin-server\#SwiftMacros -disable-implicit-swift-modules -Xcc -fno-implicit-modules -Xcc -fno-implicit-module-maps -explicit-swift-module-map-file /Users/admin/builder/spi-builder-workspace/.derivedData/Build/Intermediates.noindex/Splash.build/Debug-xros/Splash-t.build/Objects-normal/arm64/Splash-dependencies-1.json -Xllvm -aarch64-use-tbi -enable-objc-interop -stack-check -sdk /Applications/Xcode-27.0.0-Release.Candidate.app/Contents/Developer/Platforms/XROS.platform/Developer/SDKs/XROS27.0.sdk -I /Users/admin/builder/spi-builder-workspace/.derivedData/Build/Products/Debug-xros -Isystem /Applications/Xcode-27.0.0-Release.Candidate.app/Contents/Developer/Platforms/XROS.platform/Developer/usr/lib -F /Users/admin/builder/spi-builder-workspace/.derivedData/Build/Products/Debug-xros -F /Applications/Xcode-27.0.0-Release.Candidate.app/Contents/Developer/Platforms/XROS.platform/Developer/Library/Frameworks -F /Applications/Xcode-27.0.0-Release.Candidate.app/Contents/Developer/Platforms/XROS.platform/Developer/SDKs/XROS27.0.sdk/Developer/Library/Frameworks -module-cache-path /Users/admin/builder/spi-builder-workspace/.derivedData/Build/Intermediates.noindex/SwiftExplicitPrecompiledModules -no-color-diagnostics -Xcc -fno-color-diagnostics -enable-testing -g -debug-info-format\=dwarf -dwarf-version\=4 -suppress-warnings -profile-generate -profile-coverage-mapping -swift-version 5 -Onone -D SWIFT_PACKAGE -D DEBUG -D SWIFT_MODULE_RESOURCE_BUNDLE_UNAVAILABLE -D Xcode -serialize-debugging-options -enable-experimental-feature DebugDescriptionMacro -empty-abi-descriptor -validate-clang-modules-once -clang-build-session-file /Users/admin/builder/spi-builder-workspace/.derivedData/ModuleCache.noindex/Session.modulevalidation -Xcc -working-directory -Xcc /Users/admin/builder/spi-builder-workspace/.swiftpm/xcode -enable-anonymous-context-mangled-names -file-compilation-dir /Users/admin/builder/spi-builder-workspace/.swiftpm/xcode -Xcc -D_LIBCPP_HARDENING_MODE\=_LIBCPP_HARDENING_MODE_DEBUG -Xcc -ivfsstatcache -Xcc /Users/admin/builder/spi-builder-workspace/.derivedData/SDKStatCaches.noindex/xros27.0-24M361-e829b21a6f8c9b70876ba0858053c044735bd543db762f57723cac368afd1ce4.sdkstatcache -Xcc -fmodules-prune-interval\=86400 -Xcc -fmodules-prune-after\=345600 -Xcc -I/Users/admin/builder/spi-builder-workspace/.derivedData/Build/Products/Debug-xros/include -Xcc -I/Users/admin/builder/spi-builder-workspace/.derivedData/Build/Intermediates.noindex/Splash.build/Debug-xros/Splash-t.build/DerivedSources-normal/arm64 -Xcc -I/Users/admin/builder/spi-builder-workspace/.derivedData/Build/Intermediates.noindex/Splash.build/Debug-xros/Splash-t.build/DerivedSources/arm64 -Xcc -I/Users/admin/builder/spi-builder-workspace/.derivedData/Build/Intermediates.noindex/Splash.build/Debug-xros/Splash-t.build/DerivedSources -Xcc -DSWIFT_PACKAGE -Xcc -DDEBUG\=1 -no-auto-bridging-header-chaining -module-name Splash -const-gather-protocols-file /Users/admin/builder/spi-builder-workspace/.derivedData/Build/Intermediates.noindex/Splash.build/Debug-xros/Splash-t.build/Objects-normal/arm64/Splash_const_extract_protocols.json -disable-clang-spi -clang-target arm64-apple-xros27.0 -target-sdk-version 27.0 -target-sdk-name xros27.0 -in-process-plugin-server-path /Applications/Xcode-27.0.0-Release.Candidate.app/Contents/Developer/Toolchains/XcodeDefault.xctoolchain/usr/lib/swift/host/libSwiftInProcPluginServer.dylib -emit-module-doc-path /Users/admin/builder/spi-builder-workspace/.derivedData/Build/Intermediates.noindex/Splash.build/Debug-xros/Splash-t.build/Objects-normal/arm64/Splash.swiftdoc -emit-module-source-info-path /Users/admin/builder/spi-builder-workspace/.derivedData/Build/Intermediates.noindex/Splash.build/Debug-xros/Splash-t.build/Objects-normal/arm64/Splash.swiftsourceinfo -emit-objc-header-path /Users/admin/builder/spi-builder-workspace/.derivedData/Build/Intermediates.noindex/Splash.build/Debug-xros/Splash-t.build/Objects-normal/arm64/Splash-Swift.h -serialize-diagnostics-path /Users/admin/builder/spi-builder-workspace/.derivedData/Build/Intermediates.noindex/Splash.build/Debug-xros/Splash-t.build/Objects-normal/arm64/Splash-primary-emit-module.dia -emit-dependencies-path /Users/admin/builder/spi-builder-workspace/.derivedData/Build/Intermediates.noindex/Splash.build/Debug-xros/Splash-t.build/Objects-normal/arm64/Splash-primary-emit-module.d -parse-as-library -o /Users/admin/builder/spi-builder-workspace/.derivedData/Build/Intermediates.noindex/Splash.build/Debug-xros/Splash-t.build/Objects-normal/arm64/Splash.swiftmodule -emit-abi-descriptor-path /Users/admin/builder/spi-builder-workspace/.derivedData/Build/Intermediates.noindex/Splash.build/Debug-xros/Splash-t.build/Objects-normal/arm64/Splash.abi.json
SwiftCompile normal arm64 (in target 'Splash' from project 'Splash')
    cd /Users/admin/builder/spi-builder-workspace/.swiftpm/xcode

SwiftExplicitDependencyGeneratePcm arm64 /Users/admin/builder/spi-builder-workspace/.derivedData/SDKExplicitPrecompiledModules/UniformTypeIdentifiers-9BPZRHV9PRGRSU35W243D89CW.pcm
PruneExplicitPrecompiledModules /Users/admin/builder/spi-builder-workspace/.derivedData/Build/Intermediates.noindex/ExplicitPrecompiledModules
PruneExplicitPrecompiledModules /Users/admin/builder/spi-builder-workspace/.derivedData/Build/Intermediates.noindex/SwiftExplicitPrecompiledModules
PruneExplicitPrecompiledModules /Users/admin/builder/spi-builder-workspace/.derivedData/SDKExplicitPrecompiledModules
2026-09-21 18:04:21.797 xcodebuild[768:4628] [MT] IDERunDestination: Supported platforms for the buildables in the current scheme is empty.
2026-09-21 18:04:21.900 xcodebuild[768:4628] [MT] IDERunDestination: Supported platforms for the buildables in the current scheme is empty.
** BUILD FAILED **
The following build commands failed:
	SwiftEmitModule normal arm64 Emitting\ module\ for\ Splash (in target 'Splash' from project 'Splash')
	SwiftCompile normal arm64 (in target 'Splash' from project 'Splash')
	Building workspace swiftui-showcase with scheme swiftui-showcase-Package
(3 failures)
Command line invocation:
    /Applications/Xcode-27.0.0-Release.Candidate.app/Contents/Developer/usr/bin/xcodebuild -IDEClonedSourcePackagesDirPathOverride=/Users/admin/builder/spi-builder-workspace/.dependencies -resolvePackageDependencies
Resolve Package Graph
Resolved source packages:
  swift-syntax: https://github.com/swiftlang/swift-syntax @ 602.0.0
  Splash: https://github.com/JohnSundell/Splash @ 0.16.0
  swiftui-showcase: /Users/admin/builder/spi-builder-workspace
  Engine: https://github.com/nathantannar4/Engine @ 2.18.0
resolved source packages: swift-syntax, Splash, swiftui-showcase, Engine
2026-09-21 18:04:33.494 xcodebuild[1039:5740] [MT] IDERunDestination: Supported platforms for the buildables in the current scheme is empty.
2026-09-21 18:04:33.598 xcodebuild[1039:5740] [MT] IDERunDestination: Supported platforms for the buildables in the current scheme is empty.
{
  "dependencies" : [
    {
      "identity" : "splash",
      "requirement" : {
        "range" : [
          {
            "lower_bound" : "0.16.0",
            "upper_bound" : "1.0.0"
          }
        ]
      },
      "type" : "sourceControl",
      "url" : "https://github.com/JohnSundell/Splash"
    },
    {
      "identity" : "engine",
      "requirement" : {
        "range" : [
          {
            "lower_bound" : "2.3.0",
            "upper_bound" : "3.0.0"
          }
        ]
      },
      "type" : "sourceControl",
      "url" : "https://github.com/nathantannar4/Engine"
    },
    {
      "identity" : "swift-syntax",
      "requirement" : {
        "range" : [
          {
            "lower_bound" : "602.0.0",
            "upper_bound" : "603.0.0"
          }
        ]
      },
      "type" : "sourceControl",
      "url" : "https://github.com/swiftlang/swift-syntax"
    }
  ],
  "manifest_display_name" : "swiftui-showcase",
  "name" : "swiftui-showcase",
  "path" : "/Users/admin/builder/spi-builder-workspace",
  "platforms" : [
    {
      "name" : "ios",
      "version" : "16.0"
    },
    {
      "name" : "macos",
      "version" : "13.0"
    }
  ],
  "products" : [
    {
      "name" : "Showcase",
      "targets" : [
        "Showcase"
      ],
      "type" : {
        "library" : [
          "automatic"
        ]
      }
    },
    {
      "name" : "ShowcaseMacros",
      "targets" : [
        "ShowcaseMacros"
      ],
      "type" : {
        "library" : [
          "automatic"
        ]
      }
    },
    {
      "name" : "ShowcaseMacrosPlugin",
      "targets" : [
        "ShowcaseMacrosPlugin"
      ],
      "type" : {
        "macro" : null
      }
    }
  ],
  "swift_languages_versions" : [
    "5"
  ],
  "targets" : [
    {
      "c99name" : "ShowcaseTests",
      "module_type" : "SwiftTarget",
      "name" : "ShowcaseTests",
      "path" : "Tests/ShowcaseTests",
      "sources" : [
        "DefaultBuilderTests.swift",
        "ListExtractionTests.swift",
        "MarkdownFormattingTests.swift",
        "MarkdownReconstructionTests.swift",
        "NoteExtractionTests.swift",
        "NoteTests.swift",
        "OptimizationTests.swift",
        "OrderedContentTests.swift",
        "PerformanceTests.swift",
        "ShowcaseTests.swift"
      ],
      "target_dependencies" : [
        "Showcase"
      ],
      "type" : "test"
    },
    {
      "c99name" : "ShowcaseMacrosTests",
      "module_type" : "SwiftTarget",
      "name" : "ShowcaseMacrosTests",
      "path" : "Tests/ShowcaseMacrosTests",
      "product_dependencies" : [
        "SwiftSyntaxMacrosTestSupport"
      ],
      "sources" : [
        "CodeBlockWhitespaceTests.swift",
        "DocCommentParserTests.swift",
        "ShowcasableAutoDiscoveryTests.swift",
        "ShowcasableBasicTests.swift",
        "ShowcasableExamplesTests.swift",
        "ShowcaseHiddenMacroTests.swift",
        "ShowcaseMacrosTestsBase.swift"
      ],
      "target_dependencies" : [
        "ShowcaseMacros",
        "ShowcaseMacrosPlugin"
      ],
      "type" : "test"
    },
    {
      "c99name" : "ShowcaseMacrosPlugin",
      "module_type" : "SwiftTarget",
      "name" : "ShowcaseMacrosPlugin",
      "path" : "Sources/ShowcaseMacrosPlugin",
      "product_dependencies" : [
        "SwiftSyntaxMacros",
        "SwiftCompilerPlugin"
      ],
      "product_memberships" : [
        "ShowcaseMacros",
        "ShowcaseMacrosPlugin"
      ],
      "sources" : [
        "APIReferenceGenerator.swift",
        "AttributedStringDocCommentParser.swift",
        "CodeGenerator.swift",
        "DocCommentParser.swift",
        "Documentation.swift",
        "DocumentationExtractor.swift",
        "ExampleFinder.swift",
        "MacroArguments.swift",
        "MacroError.swift",
        "MemberDiscovery.swift",
        "MemberInfo.swift",
        "ShowcasableMacro.swift",
        "ShowcaseExampleMacro.swift",
        "ShowcaseHiddenMacro.swift",
        "ShowcaseMacrosPlugin.swift",
        "SyntaxExtensions.swift",
        "TopicConfiguration.swift",
        "TopicContentGenerator.swift",
        "TypeInfo.swift",
        "TypeRelationshipsGenerator.swift"
      ],
      "type" : "macro"
    },
    {
      "c99name" : "ShowcaseMacros",
      "module_type" : "SwiftTarget",
      "name" : "ShowcaseMacros",
      "path" : "Sources/ShowcaseMacros",
      "product_memberships" : [
        "ShowcaseMacros"
      ],
      "sources" : [
        "ShowcaseMacros.swift"
      ],
      "target_dependencies" : [
        "Showcase",
        "ShowcaseMacrosPlugin"
      ],
      "type" : "library"
    },
    {
      "c99name" : "Showcase",
      "module_type" : "SwiftTarget",
      "name" : "Showcase",
      "path" : "Sources/Showcase",
      "product_dependencies" : [
        "Splash",
        "Engine",
        "EngineMacros"
      ],
      "product_memberships" : [
        "Showcase",
        "ShowcaseMacros"
      ],
      "sources" : [
        "Environment/EnvironmentKeys.swift",
        "Environment/EnvironmentValues.swift",
        "Extensions/AnyButtonStyle.swift",
        "Extensions/Text+Optional.swift",
        "Helpers/EquatableForEach.swift",
        "Helpers/Lazy.swift",
        "Models/Chapter/Chapter.swift",
        "Models/Chapter/ChapterBuilder.swift",
        "Models/Chapter/ChapterContentBuilder.swift",
        "Models/CodeBlock/CodeBlock.swift",
        "Models/Document/Document.swift",
        "Models/Document/DocumentContentBuilder.swift",
        "Models/Embed/Embed.swift",
        "Models/Example/Example.swift",
        "Models/ExampleGroup/ExampleGroup.swift",
        "Models/ExternalLink/ExternalLink+Name.swift",
        "Models/ExternalLink/ExternalLink.swift",
        "Models/ListItem/ListItem.swift",
        "Models/Note/Note.swift",
        "Models/Showcasable.swift",
        "Models/Topic/Topic.swift",
        "Models/Topic/TopicBuilder.swift",
        "Models/Topic/TopicContentBuilder.swift",
        "Models/Topic/TopicContentItem.swift",
        "ViewModifiers/IdiomPaddingModifier.swift",
        "ViewModifiers/ScrollViewReaderModifier.swift",
        "ViewModifiers/VersionedScrollBounceBehavior.swift",
        "Views/Chapter/ShowcaseChapter.swift",
        "Views/Chapter/ShowcaseChapters.swift",
        "Views/CodeBlock/ShowcaseCodeBlock.swift",
        "Views/CodeBlock/ShowcaseCodeBlockContent.swift",
        "Views/CodeBlock/ShowcaseCodeBlockCopyButton.swift",
        "Views/CodeBlock/ShowcaseCodeBlockTheme.swift",
        "Views/Content/ShowcaseContent.swift",
        "Views/Document/DescriptionView.swift",
        "Views/Document/ShowcaseNavigationSplitView.swift",
        "Views/Document/ShowcaseNavigationStack.swift",
        "Views/Embed/ShowcaseEmbed.swift",
        "Views/Example/ShowcaseExample.swift",
        "Views/Example/ShowcaseExampleGroup.swift",
        "Views/Example/ShowcaseExampleGroupBoxStyle.swift",
        "Views/Example/ShowcaseExampleTabStyle.swift",
        "Views/IndexList/ShowcaseEmptyIndexList.swift",
        "Views/IndexList/ShowcaseIndexList.swift",
        "Views/IndexMenu/ShowcaseEmptyIndexMenu.swift",
        "Views/IndexMenu/ShowcaseIndexMenu.swift",
        "Views/Layout/ShowcaseLayout.swift",
        "Views/Link/ShowcaseLink.swift",
        "Views/List/ShowcaseListView.swift",
        "Views/Note/ShowcaseNote.swift",
        "Views/Topic/ShowcaseNavigationTopic.swift",
        "Views/Topic/ShowcaseTopic.swift",
        "Views/Topic/ShowcaseTopics.swift"
      ],
      "type" : "library"
    }
  ],
  "tools_version" : "6.0"
}
{
  "workspace" : {
    "name" : "swiftui-showcase",
    "schemes" : [
      "Showcase",
      "ShowcaseMacros",
      "swiftui-showcase-Package"
    ]
  }
}
2026-09-21 18:04:35.505 xcodebuild[1048:5817] [MT] IDERunDestination: Supported platforms for the buildables in the current scheme is empty.
2026-09-21 18:04:35.608 xcodebuild[1048:5817] [MT] IDERunDestination: Supported platforms for the buildables in the current scheme is empty.
{
  "workspace" : {
    "name" : "swiftui-showcase",
    "schemes" : [
      "Showcase",
      "ShowcaseMacros",
      "swiftui-showcase-Package"
    ]
  }
}
2026-09-21 18:04:37.277 xcodebuild[1051:5858] [MT] IDERunDestination: Supported platforms for the buildables in the current scheme is empty.
2026-09-21 18:04:37.381 xcodebuild[1051:5858] [MT] IDERunDestination: Supported platforms for the buildables in the current scheme is empty.
Running build ...
env DEVELOPER_DIR=/Applications/Xcode-27.0.0-Release.Candidate.app xcrun xcodebuild -IDEClonedSourcePackagesDirPathOverride=$PWD/.dependencies -skipMacroValidation -skipPackagePluginValidation -derivedDataPath $PWD/.derivedData build -scheme swiftui-showcase-Package -destination generic/platform=xrOS
Command line invocation:
    /Applications/Xcode-27.0.0-Release.Candidate.app/Contents/Developer/usr/bin/xcodebuild -IDEClonedSourcePackagesDirPathOverride=/Users/admin/builder/spi-builder-workspace/.dependencies -skipMacroValidation -skipPackagePluginValidation -derivedDataPath /Users/admin/builder/spi-builder-workspace/.derivedData build -scheme swiftui-showcase-Package -destination generic/platform=xrOS
Resolve Package Graph
Resolved source packages:
  swift-syntax: https://github.com/swiftlang/swift-syntax @ 602.0.0
  Splash: https://github.com/JohnSundell/Splash @ 0.16.0
  Engine: https://github.com/nathantannar4/Engine @ 2.18.0
  swiftui-showcase: /Users/admin/builder/spi-builder-workspace
ComputePackagePrebuildTargetDependencyGraph
Prepare packages
CreateBuildRequest
SendProjectDescription
CreateBuildOperation
ComputeTargetDependencyGraph
note: Building targets in dependency order
note: Target dependency graph (35 targets)
    Target 'ShowcaseMacros-product' in project 'swiftui-showcase'
        ➜ Explicit dependency on target 'ShowcaseMacros' in project 'swiftui-showcase'
        ➜ Explicit dependency on target 'Showcase' in project 'swiftui-showcase'
        ➜ Explicit dependency on target 'ShowcaseMacrosPlugin' in project 'swiftui-showcase'
        ➜ Explicit dependency on target 'Splash-product' in project 'Splash'
        ➜ Explicit dependency on target 'Engine-product' in project 'Engine'
        ➜ Explicit dependency on target 'EngineMacros-product' in project 'Engine'
    Target 'ShowcaseMacros' in project 'swiftui-showcase'
        ➜ Explicit dependency on target 'Showcase' in project 'swiftui-showcase'
        ➜ Explicit dependency on target 'ShowcaseMacrosPlugin' in project 'swiftui-showcase'
        ➜ Explicit dependency on target 'Splash-product' in project 'Splash'
        ➜ Explicit dependency on target 'Engine-product' in project 'Engine'
        ➜ Explicit dependency on target 'EngineMacros-product' in project 'Engine'
    Target 'ShowcaseMacrosPlugin' in project 'swiftui-showcase'
        ➜ Explicit dependency on target 'SwiftSyntaxMacros-product' in project 'swift-syntax'
        ➜ Explicit dependency on target 'SwiftCompilerPlugin-product' in project 'swift-syntax'
    Target 'Showcase-product' in project 'swiftui-showcase'
        ➜ Explicit dependency on target 'Showcase' in project 'swiftui-showcase'
        ➜ Explicit dependency on target 'Splash-product' in project 'Splash'
        ➜ Explicit dependency on target 'Engine-product' in project 'Engine'
        ➜ Explicit dependency on target 'EngineMacros-product' in project 'Engine'
    Target 'Showcase' in project 'swiftui-showcase'
        ➜ Explicit dependency on target 'Splash-product' in project 'Splash'
        ➜ Explicit dependency on target 'Engine-product' in project 'Engine'
        ➜ Explicit dependency on target 'EngineMacros-product' in project 'Engine'
    Target 'EngineMacros-product' in project 'Engine'
        ➜ Explicit dependency on target 'EngineMacros' in project 'Engine'
        ➜ Explicit dependency on target 'EngineCoreC' in project 'Engine'
        ➜ Explicit dependency on target 'EngineCore' in project 'Engine'
        ➜ Explicit dependency on target 'Engine' in project 'Engine'
        ➜ Explicit dependency on target 'EngineMacrosCore' in project 'Engine'
    Target 'EngineMacros' in project 'Engine'
        ➜ Explicit dependency on target 'EngineCoreC' in project 'Engine'
        ➜ Explicit dependency on target 'EngineCore' in project 'Engine'
        ➜ Explicit dependency on target 'Engine' in project 'Engine'
        ➜ Explicit dependency on target 'EngineMacrosCore' in project 'Engine'
    Target 'EngineMacrosCore' in project 'Engine'
        ➜ Explicit dependency on target 'SwiftSyntaxMacros-product' in project 'swift-syntax'
        ➜ Explicit dependency on target 'SwiftSyntaxMacroExpansion-product' in project 'swift-syntax'
        ➜ Explicit dependency on target 'SwiftCompilerPlugin-product' in project 'swift-syntax'
        ➜ Explicit dependency on target 'SwiftDiagnostics-product' in project 'swift-syntax'
    Target 'SwiftDiagnostics-product' in project 'swift-syntax'
        ➜ Explicit dependency on target 'SwiftDiagnostics' in project 'swift-syntax'
        ➜ Explicit dependency on target '_SwiftSyntaxCShims' in project 'swift-syntax'
        ➜ Explicit dependency on target 'SwiftSyntax509' in project 'swift-syntax'
        ➜ Explicit dependency on target 'SwiftSyntax510' in project 'swift-syntax'
        ➜ Explicit dependency on target 'SwiftSyntax600' in project 'swift-syntax'
        ➜ Explicit dependency on target 'SwiftSyntax601' in project 'swift-syntax'
        ➜ Explicit dependency on target 'SwiftSyntax602' in project 'swift-syntax'
        ➜ Explicit dependency on target 'SwiftSyntax' in project 'swift-syntax'
    Target 'SwiftCompilerPlugin-product' in project 'swift-syntax'
        ➜ Explicit dependency on target 'SwiftCompilerPlugin' in project 'swift-syntax'
        ➜ Explicit dependency on target '_SwiftSyntaxCShims' in project 'swift-syntax'
        ➜ Explicit dependency on target 'SwiftSyntax509' in project 'swift-syntax'
        ➜ Explicit dependency on target 'SwiftSyntax510' in project 'swift-syntax'
        ➜ Explicit dependency on target 'SwiftSyntax600' in project 'swift-syntax'
        ➜ Explicit dependency on target 'SwiftSyntax601' in project 'swift-syntax'
        ➜ Explicit dependency on target 'SwiftSyntax602' in project 'swift-syntax'
        ➜ Explicit dependency on target 'SwiftSyntax' in project 'swift-syntax'
        ➜ Explicit dependency on target 'SwiftDiagnostics' in project 'swift-syntax'
        ➜ Explicit dependency on target 'SwiftParser' in project 'swift-syntax'
        ➜ Explicit dependency on target 'SwiftOperators' in project 'swift-syntax'
        ➜ Explicit dependency on target 'SwiftBasicFormat' in project 'swift-syntax'
        ➜ Explicit dependency on target 'SwiftParserDiagnostics' in project 'swift-syntax'
        ➜ Explicit dependency on target 'SwiftSyntaxBuilder' in project 'swift-syntax'
        ➜ Explicit dependency on target 'SwiftSyntaxMacros' in project 'swift-syntax'
        ➜ Explicit dependency on target 'SwiftSyntaxMacroExpansion' in project 'swift-syntax'
        ➜ Explicit dependency on target 'SwiftCompilerPluginMessageHandling' in project 'swift-syntax'
    Target 'SwiftCompilerPlugin' in project 'swift-syntax'
        ➜ Explicit dependency on target '_SwiftSyntaxCShims' in project 'swift-syntax'
        ➜ Explicit dependency on target 'SwiftSyntax509' in project 'swift-syntax'
        ➜ Explicit dependency on target 'SwiftSyntax510' in project 'swift-syntax'
        ➜ Explicit dependency on target 'SwiftSyntax600' in project 'swift-syntax'
        ➜ Explicit dependency on target 'SwiftSyntax601' in project 'swift-syntax'
        ➜ Explicit dependency on target 'SwiftSyntax602' in project 'swift-syntax'
        ➜ Explicit dependency on target 'SwiftSyntax' in project 'swift-syntax'
        ➜ Explicit dependency on target 'SwiftDiagnostics' in project 'swift-syntax'
        ➜ Explicit dependency on target 'SwiftParser' in project 'swift-syntax'
        ➜ Explicit dependency on target 'SwiftOperators' in project 'swift-syntax'
        ➜ Explicit dependency on target 'SwiftBasicFormat' in project 'swift-syntax'
        ➜ Explicit dependency on target 'SwiftParserDiagnostics' in project 'swift-syntax'
        ➜ Explicit dependency on target 'SwiftSyntaxBuilder' in project 'swift-syntax'
        ➜ Explicit dependency on target 'SwiftSyntaxMacros' in project 'swift-syntax'
        ➜ Explicit dependency on target 'SwiftSyntaxMacroExpansion' in project 'swift-syntax'
        ➜ Explicit dependency on target 'SwiftCompilerPluginMessageHandling' in project 'swift-syntax'
    Target 'SwiftCompilerPluginMessageHandling' in project 'swift-syntax'
        ➜ Explicit dependency on target '_SwiftSyntaxCShims' in project 'swift-syntax'
        ➜ Explicit dependency on target 'SwiftSyntax509' in project 'swift-syntax'
        ➜ Explicit dependency on target 'SwiftSyntax510' in project 'swift-syntax'
        ➜ Explicit dependency on target 'SwiftSyntax600' in project 'swift-syntax'
        ➜ Explicit dependency on target 'SwiftSyntax601' in project 'swift-syntax'
        ➜ Explicit dependency on target 'SwiftSyntax602' in project 'swift-syntax'
        ➜ Explicit dependency on target 'SwiftSyntax' in project 'swift-syntax'
        ➜ Explicit dependency on target 'SwiftDiagnostics' in project 'swift-syntax'
        ➜ Explicit dependency on target 'SwiftParser' in project 'swift-syntax'
        ➜ Explicit dependency on target 'SwiftOperators' in project 'swift-syntax'
        ➜ Explicit dependency on target 'SwiftBasicFormat' in project 'swift-syntax'
        ➜ Explicit dependency on target 'SwiftParserDiagnostics' in project 'swift-syntax'
        ➜ Explicit dependency on target 'SwiftSyntaxBuilder' in project 'swift-syntax'
        ➜ Explicit dependency on target 'SwiftSyntaxMacros' in project 'swift-syntax'
        ➜ Explicit dependency on target 'SwiftSyntaxMacroExpansion' in project 'swift-syntax'
    Target 'SwiftSyntaxMacroExpansion-product' in project 'swift-syntax'
        ➜ Explicit dependency on target 'SwiftSyntaxMacroExpansion' in project 'swift-syntax'
        ➜ Explicit dependency on target '_SwiftSyntaxCShims' in project 'swift-syntax'
        ➜ Explicit dependency on target 'SwiftSyntax509' in project 'swift-syntax'
        ➜ Explicit dependency on target 'SwiftSyntax510' in project 'swift-syntax'
        ➜ Explicit dependency on target 'SwiftSyntax600' in project 'swift-syntax'
        ➜ Explicit dependency on target 'SwiftSyntax601' in project 'swift-syntax'
        ➜ Explicit dependency on target 'SwiftSyntax602' in project 'swift-syntax'
        ➜ Explicit dependency on target 'SwiftSyntax' in project 'swift-syntax'
        ➜ Explicit dependency on target 'SwiftBasicFormat' in project 'swift-syntax'
        ➜ Explicit dependency on target 'SwiftParser' in project 'swift-syntax'
        ➜ Explicit dependency on target 'SwiftDiagnostics' in project 'swift-syntax'
        ➜ Explicit dependency on target 'SwiftParserDiagnostics' in project 'swift-syntax'
        ➜ Explicit dependency on target 'SwiftSyntaxBuilder' in project 'swift-syntax'
        ➜ Explicit dependency on target 'SwiftSyntaxMacros' in project 'swift-syntax'
        ➜ Explicit dependency on target 'SwiftOperators' in project 'swift-syntax'
    Target 'SwiftSyntaxMacroExpansion' in project 'swift-syntax'
        ➜ Explicit dependency on target '_SwiftSyntaxCShims' in project 'swift-syntax'
        ➜ Explicit dependency on target 'SwiftSyntax509' in project 'swift-syntax'
        ➜ Explicit dependency on target 'SwiftSyntax510' in project 'swift-syntax'
        ➜ Explicit dependency on target 'SwiftSyntax600' in project 'swift-syntax'
        ➜ Explicit dependency on target 'SwiftSyntax601' in project 'swift-syntax'
        ➜ Explicit dependency on target 'SwiftSyntax602' in project 'swift-syntax'
        ➜ Explicit dependency on target 'SwiftSyntax' in project 'swift-syntax'
        ➜ Explicit dependency on target 'SwiftBasicFormat' in project 'swift-syntax'
        ➜ Explicit dependency on target 'SwiftParser' in project 'swift-syntax'
        ➜ Explicit dependency on target 'SwiftDiagnostics' in project 'swift-syntax'
        ➜ Explicit dependency on target 'SwiftParserDiagnostics' in project 'swift-syntax'
        ➜ Explicit dependency on target 'SwiftSyntaxBuilder' in project 'swift-syntax'
        ➜ Explicit dependency on target 'SwiftSyntaxMacros' in project 'swift-syntax'
        ➜ Explicit dependency on target 'SwiftOperators' in project 'swift-syntax'
    Target 'SwiftOperators' in project 'swift-syntax'
        ➜ Explicit dependency on target '_SwiftSyntaxCShims' in project 'swift-syntax'
        ➜ Explicit dependency on target 'SwiftSyntax509' in project 'swift-syntax'
        ➜ Explicit dependency on target 'SwiftSyntax510' in project 'swift-syntax'
        ➜ Explicit dependency on target 'SwiftSyntax600' in project 'swift-syntax'
        ➜ Explicit dependency on target 'SwiftSyntax601' in project 'swift-syntax'
        ➜ Explicit dependency on target 'SwiftSyntax602' in project 'swift-syntax'
        ➜ Explicit dependency on target 'SwiftSyntax' in project 'swift-syntax'
        ➜ Explicit dependency on target 'SwiftDiagnostics' in project 'swift-syntax'
        ➜ Explicit dependency on target 'SwiftParser' in project 'swift-syntax'
    Target 'SwiftSyntaxMacros-product' in project 'swift-syntax'
        ➜ Explicit dependency on target 'SwiftSyntaxMacros' in project 'swift-syntax'
        ➜ Explicit dependency on target '_SwiftSyntaxCShims' in project 'swift-syntax'
        ➜ Explicit dependency on target 'SwiftSyntax509' in project 'swift-syntax'
        ➜ Explicit dependency on target 'SwiftSyntax510' in project 'swift-syntax'
        ➜ Explicit dependency on target 'SwiftSyntax600' in project 'swift-syntax'
        ➜ Explicit dependency on target 'SwiftSyntax601' in project 'swift-syntax'
        ➜ Explicit dependency on target 'SwiftSyntax602' in project 'swift-syntax'
        ➜ Explicit dependency on target 'SwiftSyntax' in project 'swift-syntax'
        ➜ Explicit dependency on target 'SwiftDiagnostics' in project 'swift-syntax'
        ➜ Explicit dependency on target 'SwiftParser' in project 'swift-syntax'
        ➜ Explicit dependency on target 'SwiftBasicFormat' in project 'swift-syntax'
        ➜ Explicit dependency on target 'SwiftParserDiagnostics' in project 'swift-syntax'
        ➜ Explicit dependency on target 'SwiftSyntaxBuilder' in project 'swift-syntax'
    Target 'SwiftSyntaxMacros' in project 'swift-syntax'
        ➜ Explicit dependency on target '_SwiftSyntaxCShims' in project 'swift-syntax'
        ➜ Explicit dependency on target 'SwiftSyntax509' in project 'swift-syntax'
        ➜ Explicit dependency on target 'SwiftSyntax510' in project 'swift-syntax'
        ➜ Explicit dependency on target 'SwiftSyntax600' in project 'swift-syntax'
        ➜ Explicit dependency on target 'SwiftSyntax601' in project 'swift-syntax'
        ➜ Explicit dependency on target 'SwiftSyntax602' in project 'swift-syntax'
        ➜ Explicit dependency on target 'SwiftSyntax' in project 'swift-syntax'
        ➜ Explicit dependency on target 'SwiftDiagnostics' in project 'swift-syntax'
        ➜ Explicit dependency on target 'SwiftParser' in project 'swift-syntax'
        ➜ Explicit dependency on target 'SwiftBasicFormat' in project 'swift-syntax'
        ➜ Explicit dependency on target 'SwiftParserDiagnostics' in project 'swift-syntax'
        ➜ Explicit dependency on target 'SwiftSyntaxBuilder' in project 'swift-syntax'
    Target 'SwiftSyntaxBuilder' in project 'swift-syntax'
        ➜ Explicit dependency on target '_SwiftSyntaxCShims' in project 'swift-syntax'
        ➜ Explicit dependency on target 'SwiftSyntax509' in project 'swift-syntax'
        ➜ Explicit dependency on target 'SwiftSyntax510' in project 'swift-syntax'
        ➜ Explicit dependency on target 'SwiftSyntax600' in project 'swift-syntax'
        ➜ Explicit dependency on target 'SwiftSyntax601' in project 'swift-syntax'
        ➜ Explicit dependency on target 'SwiftSyntax602' in project 'swift-syntax'
        ➜ Explicit dependency on target 'SwiftSyntax' in project 'swift-syntax'
        ➜ Explicit dependency on target 'SwiftBasicFormat' in project 'swift-syntax'
        ➜ Explicit dependency on target 'SwiftParser' in project 'swift-syntax'
        ➜ Explicit dependency on target 'SwiftDiagnostics' in project 'swift-syntax'
        ➜ Explicit dependency on target 'SwiftParserDiagnostics' in project 'swift-syntax'
    Target 'SwiftParserDiagnostics' in project 'swift-syntax'
        ➜ Explicit dependency on target '_SwiftSyntaxCShims' in project 'swift-syntax'
        ➜ Explicit dependency on target 'SwiftSyntax509' in project 'swift-syntax'
        ➜ Explicit dependency on target 'SwiftSyntax510' in project 'swift-syntax'
        ➜ Explicit dependency on target 'SwiftSyntax600' in project 'swift-syntax'
        ➜ Explicit dependency on target 'SwiftSyntax601' in project 'swift-syntax'
        ➜ Explicit dependency on target 'SwiftSyntax602' in project 'swift-syntax'
        ➜ Explicit dependency on target 'SwiftSyntax' in project 'swift-syntax'
        ➜ Explicit dependency on target 'SwiftBasicFormat' in project 'swift-syntax'
        ➜ Explicit dependency on target 'SwiftDiagnostics' in project 'swift-syntax'
        ➜ Explicit dependency on target 'SwiftParser' in project 'swift-syntax'
    Target 'SwiftBasicFormat' in project 'swift-syntax'
        ➜ Explicit dependency on target '_SwiftSyntaxCShims' in project 'swift-syntax'
        ➜ Explicit dependency on target 'SwiftSyntax509' in project 'swift-syntax'
        ➜ Explicit dependency on target 'SwiftSyntax510' in project 'swift-syntax'
        ➜ Explicit dependency on target 'SwiftSyntax600' in project 'swift-syntax'
        ➜ Explicit dependency on target 'SwiftSyntax601' in project 'swift-syntax'
        ➜ Explicit dependency on target 'SwiftSyntax602' in project 'swift-syntax'
        ➜ Explicit dependency on target 'SwiftSyntax' in project 'swift-syntax'
    Target 'SwiftParser' in project 'swift-syntax'
        ➜ Explicit dependency on target '_SwiftSyntaxCShims' in project 'swift-syntax'
        ➜ Explicit dependency on target 'SwiftSyntax509' in project 'swift-syntax'
        ➜ Explicit dependency on target 'SwiftSyntax510' in project 'swift-syntax'
        ➜ Explicit dependency on target 'SwiftSyntax600' in project 'swift-syntax'
        ➜ Explicit dependency on target 'SwiftSyntax601' in project 'swift-syntax'
        ➜ Explicit dependency on target 'SwiftSyntax602' in project 'swift-syntax'
        ➜ Explicit dependency on target 'SwiftSyntax' in project 'swift-syntax'
    Target 'SwiftDiagnostics' in project 'swift-syntax'
        ➜ Explicit dependency on target '_SwiftSyntaxCShims' in project 'swift-syntax'
        ➜ Explicit dependency on target 'SwiftSyntax509' in project 'swift-syntax'
        ➜ Explicit dependency on target 'SwiftSyntax510' in project 'swift-syntax'
        ➜ Explicit dependency on target 'SwiftSyntax600' in project 'swift-syntax'
        ➜ Explicit dependency on target 'SwiftSyntax601' in project 'swift-syntax'
        ➜ Explicit dependency on target 'SwiftSyntax602' in project 'swift-syntax'
        ➜ Explicit dependency on target 'SwiftSyntax' in project 'swift-syntax'
    Target 'SwiftSyntax' in project 'swift-syntax'
        ➜ Explicit dependency on target '_SwiftSyntaxCShims' in project 'swift-syntax'
        ➜ Explicit dependency on target 'SwiftSyntax509' in project 'swift-syntax'
        ➜ Explicit dependency on target 'SwiftSyntax510' in project 'swift-syntax'
        ➜ Explicit dependency on target 'SwiftSyntax600' in project 'swift-syntax'
        ➜ Explicit dependency on target 'SwiftSyntax601' in project 'swift-syntax'
        ➜ Explicit dependency on target 'SwiftSyntax602' in project 'swift-syntax'
    Target 'SwiftSyntax602' in project 'swift-syntax' (no dependencies)
    Target 'SwiftSyntax601' in project 'swift-syntax' (no dependencies)
    Target 'SwiftSyntax600' in project 'swift-syntax' (no dependencies)
    Target 'SwiftSyntax510' in project 'swift-syntax' (no dependencies)
    Target 'SwiftSyntax509' in project 'swift-syntax' (no dependencies)
    Target '_SwiftSyntaxCShims' in project 'swift-syntax' (no dependencies)
    Target 'Engine-product' in project 'Engine'
        ➜ Explicit dependency on target 'Engine' in project 'Engine'
        ➜ Explicit dependency on target 'EngineCoreC' in project 'Engine'
        ➜ Explicit dependency on target 'EngineCore' in project 'Engine'
    Target 'Engine' in project 'Engine'
        ➜ Explicit dependency on target 'EngineCoreC' in project 'Engine'
        ➜ Explicit dependency on target 'EngineCore' in project 'Engine'
    Target 'EngineCore' in project 'Engine'
        ➜ Explicit dependency on target 'EngineCoreC' in project 'Engine'
    Target 'EngineCoreC' in project 'Engine' (no dependencies)
    Target 'Splash-product' in project 'Splash'
        ➜ Explicit dependency on target 'Splash' in project 'Splash'
    Target 'Splash' in project 'Splash' (no dependencies)
GatherProvisioningInputs
CreateBuildDescription
ClangStatCache /Applications/Xcode-27.0.0-Release.Candidate.app/Contents/Developer/Toolchains/XcodeDefault.xctoolchain/usr/bin/clang-stat-cache /Applications/Xcode-27.0.0-Release.Candidate.app/Contents/Developer/Platforms/XROS.platform/Developer/SDKs/XROS27.0.sdk /Users/admin/builder/spi-builder-workspace/.derivedData/SDKStatCaches.noindex/xros27.0-24M361-e829b21a6f8c9b70876ba0858053c044735bd543db762f57723cac368afd1ce4.sdkstatcache
    cd /Users/admin/builder/spi-builder-workspace/.swiftpm/xcode
    /Applications/Xcode-27.0.0-Release.Candidate.app/Contents/Developer/Toolchains/XcodeDefault.xctoolchain/usr/bin/clang-stat-cache /Applications/Xcode-27.0.0-Release.Candidate.app/Contents/Developer/Platforms/XROS.platform/Developer/SDKs/XROS27.0.sdk -o /Users/admin/builder/spi-builder-workspace/.derivedData/SDKStatCaches.noindex/xros27.0-24M361-e829b21a6f8c9b70876ba0858053c044735bd543db762f57723cac368afd1ce4.sdkstatcache
ClangStatCache /Applications/Xcode-27.0.0-Release.Candidate.app/Contents/Developer/Toolchains/XcodeDefault.xctoolchain/usr/bin/clang-stat-cache /Applications/Xcode-27.0.0-Release.Candidate.app/Contents/Developer/Platforms/MacOSX.platform/Developer/SDKs/MacOSX27.0.sdk /Users/admin/builder/spi-builder-workspace/.derivedData/SDKStatCaches.noindex/macosx27.0-26A425-e829b21a6f8c9b70876ba0858053c0446a22442a12e9d48fe1a705f55a1adfc4.sdkstatcache
    cd /Users/admin/builder/spi-builder-workspace/.swiftpm/xcode
    /Applications/Xcode-27.0.0-Release.Candidate.app/Contents/Developer/Toolchains/XcodeDefault.xctoolchain/usr/bin/clang-stat-cache /Applications/Xcode-27.0.0-Release.Candidate.app/Contents/Developer/Platforms/MacOSX.platform/Developer/SDKs/MacOSX27.0.sdk -o /Users/admin/builder/spi-builder-workspace/.derivedData/SDKStatCaches.noindex/macosx27.0-26A425-e829b21a6f8c9b70876ba0858053c0446a22442a12e9d48fe1a705f55a1adfc4.sdkstatcache
SwiftDriver SwiftSyntax normal x86_64 com.apple.xcode.tools.swift.compiler (in target 'SwiftSyntax' from project 'swift-syntax')
    cd /Users/admin/builder/spi-builder-workspace/.swiftpm/xcode
    builtin-SwiftDriver -- /Applications/Xcode-27.0.0-Release.Candidate.app/Contents/Developer/Toolchains/XcodeDefault.xctoolchain/usr/bin/swiftc -parse-as-library -module-name SwiftSyntax -Onone @/Users/admin/builder/spi-builder-workspace/.derivedData/Build/Intermediates.noindex/swift-syntax.build/Debug/SwiftSyntax-t.build/Objects-normal/x86_64/SwiftSyntax.SwiftFileList -DSWIFT_PACKAGE -DDEBUG -DSWIFT_MODULE_RESOURCE_BUNDLE_UNAVAILABLE -Xcc -fmodule-map-file\=/Users/admin/builder/spi-builder-workspace/.dependencies/checkouts/swift-syntax/Sources/_SwiftSyntaxCShims/include/module.modulemap -DXcode -plugin-path /Applications/Xcode-27.0.0-Release.Candidate.app/Contents/Developer/Toolchains/XcodeDefault.xctoolchain/usr/lib/swift/host/plugins/testing -enable-experimental-feature DebugDescriptionMacro -sdk /Applications/Xcode-27.0.0-Release.Candidate.app/Contents/Developer/Platforms/MacOSX.platform/Developer/SDKs/MacOSX27.0.sdk -target x86_64-apple-macos12.0 -g -module-cache-path /Users/admin/builder/spi-builder-workspace/.derivedData/ModuleCache.noindex -Xfrontend -serialize-debugging-options -profile-coverage-mapping -profile-generate -enable-testing -suppress-warnings -index-store-path /Users/admin/builder/spi-builder-workspace/.derivedData/Index.noindex/DataStore -Xcc -D_LIBCPP_HARDENING_MODE\=_LIBCPP_HARDENING_MODE_DEBUG -swift-version 6 -I /Users/admin/builder/spi-builder-workspace/.derivedData/Build/Products/Debug -Isystem /Applications/Xcode-27.0.0-Release.Candidate.app/Contents/Developer/Platforms/MacOSX.platform/Developer/usr/lib -F /Users/admin/builder/spi-builder-workspace/.derivedData/Build/Products/Debug/PackageFrameworks -F /Users/admin/builder/spi-builder-workspace/.derivedData/Build/Products/Debug -F /Applications/Xcode-27.0.0-Release.Candidate.app/Contents/Developer/Platforms/MacOSX.platform/Developer/Library/Frameworks -c -j10 -enable-batch-mode -incremental -Xcc -ivfsstatcache -Xcc /Users/admin/builder/spi-builder-workspace/.derivedData/SDKStatCaches.noindex/macosx27.0-26A425-e829b21a6f8c9b70876ba0858053c0446a22442a12e9d48fe1a705f55a1adfc4.sdkstatcache -output-file-map /Users/admin/builder/spi-builder-workspace/.derivedData/Build/Intermediates.noindex/swift-syntax.build/Debug/SwiftSyntax-t.build/Objects-normal/x86_64/SwiftSyntax-OutputFileMap.json -save-temps -no-color-diagnostics -explicit-module-build -module-cache-path /Users/admin/builder/spi-builder-workspace/.derivedData/Build/Intermediates.noindex/SwiftExplicitPrecompiledModules -clang-scanner-module-cache-path /Users/admin/builder/spi-builder-workspace/.derivedData/ModuleCache.noindex -sdk-module-cache-path /Users/admin/builder/spi-builder-workspace/.derivedData/SDKExplicitPrecompiledModules -emit-dependencies -emit-module -emit-module-path /Users/admin/builder/spi-builder-workspace/.derivedData/Build/Intermediates.noindex/swift-syntax.build/Debug/SwiftSyntax-t.build/Objects-normal/x86_64/SwiftSyntax.swiftmodule -serialize-diagnostics -dependency-scan-serialize-diagnostics-path /Users/admin/builder/spi-builder-workspace/.derivedData/Build/Intermediates.noindex/swift-syntax.build/Debug/SwiftSyntax-t.build/Objects-normal/x86_64/SwiftSyntax-dependency-scan.dia -validate-clang-modules-once -clang-build-session-file /Users/admin/builder/spi-builder-workspace/.derivedData/ModuleCache.noindex/Session.modulevalidation -Xcc -fmodules-prune-interval\=86400 -Xcc -fmodules-prune-after\=345600 -package-name swift_syntax -emit-const-values -const-gather-protocols-list /Users/admin/builder/spi-builder-workspace/.derivedData/Build/Intermediates.noindex/swift-syntax.build/Debug/SwiftSyntax-t.build/Objects-normal/x86_64/SwiftSyntax_const_extract_protocols.json -Xcc -I/Users/admin/builder/spi-builder-workspace/.dependencies/checkouts/swift-syntax/Sources/_SwiftSyntaxCShims/include -Xcc -I/Users/admin/builder/spi-builder-workspace/.derivedData/Build/Products/Debug/include -Xcc -I/Users/admin/builder/spi-builder-workspace/.derivedData/Build/Intermediates.noindex/swift-syntax.build/Debug/SwiftSyntax-t.build/DerivedSources-normal/x86_64 -Xcc -I/Users/admin/builder/spi-builder-workspace/.derivedData/Build/Intermediates.noindex/swift-syntax.build/Debug/SwiftSyntax-t.build/DerivedSources/x86_64 -Xcc -I/Users/admin/builder/spi-builder-workspace/.derivedData/Build/Intermediates.noindex/swift-syntax.build/Debug/SwiftSyntax-t.build/DerivedSources -Xcc -DSWIFT_PACKAGE -Xcc -DDEBUG\=1 -emit-objc-header -emit-objc-header-path /Users/admin/builder/spi-builder-workspace/.derivedData/Build/Intermediates.noindex/swift-syntax.build/Debug/SwiftSyntax-t.build/Objects-normal/x86_64/SwiftSyntax-Swift.h -working-directory /Users/admin/builder/spi-builder-workspace/.swiftpm/xcode -experimental-emit-module-separately -disable-cmo
SwiftDriver SwiftSyntax normal arm64 com.apple.xcode.tools.swift.compiler (in target 'SwiftSyntax' from project 'swift-syntax')
    cd /Users/admin/builder/spi-builder-workspace/.swiftpm/xcode
    builtin-SwiftDriver -- /Applications/Xcode-27.0.0-Release.Candidate.app/Contents/Developer/Toolchains/XcodeDefault.xctoolchain/usr/bin/swiftc -parse-as-library -module-name SwiftSyntax -Onone @/Users/admin/builder/spi-builder-workspace/.derivedData/Build/Intermediates.noindex/swift-syntax.build/Debug/SwiftSyntax-t.build/Objects-normal/arm64/SwiftSyntax.SwiftFileList -DSWIFT_PACKAGE -DDEBUG -DSWIFT_MODULE_RESOURCE_BUNDLE_UNAVAILABLE -Xcc -fmodule-map-file\=/Users/admin/builder/spi-builder-workspace/.dependencies/checkouts/swift-syntax/Sources/_SwiftSyntaxCShims/include/module.modulemap -DXcode -plugin-path /Applications/Xcode-27.0.0-Release.Candidate.app/Contents/Developer/Toolchains/XcodeDefault.xctoolchain/usr/lib/swift/host/plugins/testing -enable-experimental-feature DebugDescriptionMacro -sdk /Applications/Xcode-27.0.0-Release.Candidate.app/Contents/Developer/Platforms/MacOSX.platform/Developer/SDKs/MacOSX27.0.sdk -target arm64-apple-macos12.0 -g -module-cache-path /Users/admin/builder/spi-builder-workspace/.derivedData/ModuleCache.noindex -Xfrontend -serialize-debugging-options -profile-coverage-mapping -profile-generate -enable-testing -suppress-warnings -index-store-path /Users/admin/builder/spi-builder-workspace/.derivedData/Index.noindex/DataStore -Xcc -D_LIBCPP_HARDENING_MODE\=_LIBCPP_HARDENING_MODE_DEBUG -swift-version 6 -I /Users/admin/builder/spi-builder-workspace/.derivedData/Build/Products/Debug -Isystem /Applications/Xcode-27.0.0-Release.Candidate.app/Contents/Developer/Platforms/MacOSX.platform/Developer/usr/lib -F /Users/admin/builder/spi-builder-workspace/.derivedData/Build/Products/Debug/PackageFrameworks -F /Users/admin/builder/spi-builder-workspace/.derivedData/Build/Products/Debug -F /Applications/Xcode-27.0.0-Release.Candidate.app/Contents/Developer/Platforms/MacOSX.platform/Developer/Library/Frameworks -c -j10 -enable-batch-mode -incremental -Xcc -ivfsstatcache -Xcc /Users/admin/builder/spi-builder-workspace/.derivedData/SDKStatCaches.noindex/macosx27.0-26A425-e829b21a6f8c9b70876ba0858053c0446a22442a12e9d48fe1a705f55a1adfc4.sdkstatcache -output-file-map /Users/admin/builder/spi-builder-workspace/.derivedData/Build/Intermediates.noindex/swift-syntax.build/Debug/SwiftSyntax-t.build/Objects-normal/arm64/SwiftSyntax-OutputFileMap.json -save-temps -no-color-diagnostics -explicit-module-build -module-cache-path /Users/admin/builder/spi-builder-workspace/.derivedData/Build/Intermediates.noindex/SwiftExplicitPrecompiledModules -clang-scanner-module-cache-path /Users/admin/builder/spi-builder-workspace/.derivedData/ModuleCache.noindex -sdk-module-cache-path /Users/admin/builder/spi-builder-workspace/.derivedData/SDKExplicitPrecompiledModules -emit-dependencies -emit-module -emit-module-path /Users/admin/builder/spi-builder-workspace/.derivedData/Build/Intermediates.noindex/swift-syntax.build/Debug/SwiftSyntax-t.build/Objects-normal/arm64/SwiftSyntax.swiftmodule -serialize-diagnostics -dependency-scan-serialize-diagnostics-path /Users/admin/builder/spi-builder-workspace/.derivedData/Build/Intermediates.noindex/swift-syntax.build/Debug/SwiftSyntax-t.build/Objects-normal/arm64/SwiftSyntax-dependency-scan.dia -validate-clang-modules-once -clang-build-session-file /Users/admin/builder/spi-builder-workspace/.derivedData/ModuleCache.noindex/Session.modulevalidation -Xcc -fmodules-prune-interval\=86400 -Xcc -fmodules-prune-after\=345600 -package-name swift_syntax -emit-const-values -const-gather-protocols-list /Users/admin/builder/spi-builder-workspace/.derivedData/Build/Intermediates.noindex/swift-syntax.build/Debug/SwiftSyntax-t.build/Objects-normal/arm64/SwiftSyntax_const_extract_protocols.json -Xcc -I/Users/admin/builder/spi-builder-workspace/.dependencies/checkouts/swift-syntax/Sources/_SwiftSyntaxCShims/include -Xcc -I/Users/admin/builder/spi-builder-workspace/.derivedData/Build/Products/Debug/include -Xcc -I/Users/admin/builder/spi-builder-workspace/.derivedData/Build/Intermediates.noindex/swift-syntax.build/Debug/SwiftSyntax-t.build/DerivedSources-normal/arm64 -Xcc -I/Users/admin/builder/spi-builder-workspace/.derivedData/Build/Intermediates.noindex/swift-syntax.build/Debug/SwiftSyntax-t.build/DerivedSources/arm64 -Xcc -I/Users/admin/builder/spi-builder-workspace/.derivedData/Build/Intermediates.noindex/swift-syntax.build/Debug/SwiftSyntax-t.build/DerivedSources -Xcc -DSWIFT_PACKAGE -Xcc -DDEBUG\=1 -emit-objc-header -emit-objc-header-path /Users/admin/builder/spi-builder-workspace/.derivedData/Build/Intermediates.noindex/swift-syntax.build/Debug/SwiftSyntax-t.build/Objects-normal/arm64/SwiftSyntax-Swift.h -working-directory /Users/admin/builder/spi-builder-workspace/.swiftpm/xcode -experimental-emit-module-separately -disable-cmo
SwiftDriver Splash normal arm64 com.apple.xcode.tools.swift.compiler (in target 'Splash' from project 'Splash')
    cd /Users/admin/builder/spi-builder-workspace/.swiftpm/xcode
    builtin-SwiftDriver -- /Applications/Xcode-27.0.0-Release.Candidate.app/Contents/Developer/Toolchains/XcodeDefault.xctoolchain/usr/bin/swiftc -parse-as-library -module-name Splash -Onone @/Users/admin/builder/spi-builder-workspace/.derivedData/Build/Intermediates.noindex/Splash.build/Debug-xros/Splash-t.build/Objects-normal/arm64/Splash.SwiftFileList -DSWIFT_PACKAGE -DDEBUG -DSWIFT_MODULE_RESOURCE_BUNDLE_UNAVAILABLE -DXcode -plugin-path /Applications/Xcode-27.0.0-Release.Candidate.app/Contents/Developer/Toolchains/XcodeDefault.xctoolchain/usr/lib/swift/host/plugins/testing -enable-experimental-feature DebugDescriptionMacro -sdk /Applications/Xcode-27.0.0-Release.Candidate.app/Contents/Developer/Platforms/XROS.platform/Developer/SDKs/XROS27.0.sdk -target arm64-apple-xros1.0 -g -module-cache-path /Users/admin/builder/spi-builder-workspace/.derivedData/ModuleCache.noindex -Xfrontend -serialize-debugging-options -profile-coverage-mapping -profile-generate -enable-testing -suppress-warnings -index-store-path /Users/admin/builder/spi-builder-workspace/.derivedData/Index.noindex/DataStore -Xcc -D_LIBCPP_HARDENING_MODE\=_LIBCPP_HARDENING_MODE_DEBUG -swift-version 5 -I /Users/admin/builder/spi-builder-workspace/.derivedData/Build/Products/Debug-xros -Isystem /Applications/Xcode-27.0.0-Release.Candidate.app/Contents/Developer/Platforms/XROS.platform/Developer/usr/lib -F /Users/admin/builder/spi-builder-workspace/.derivedData/Build/Products/Debug-xros -F /Applications/Xcode-27.0.0-Release.Candidate.app/Contents/Developer/Platforms/XROS.platform/Developer/Library/Frameworks -F /Applications/Xcode-27.0.0-Release.Candidate.app/Contents/Developer/Platforms/XROS.platform/Developer/SDKs/XROS27.0.sdk/Developer/Library/Frameworks -c -j10 -enable-batch-mode -incremental -Xcc -ivfsstatcache -Xcc /Users/admin/builder/spi-builder-workspace/.derivedData/SDKStatCaches.noindex/xros27.0-24M361-e829b21a6f8c9b70876ba0858053c044735bd543db762f57723cac368afd1ce4.sdkstatcache -output-file-map /Users/admin/builder/spi-builder-workspace/.derivedData/Build/Intermediates.noindex/Splash.build/Debug-xros/Splash-t.build/Objects-normal/arm64/Splash-OutputFileMap.json -save-temps -no-color-diagnostics -explicit-module-build -module-cache-path /Users/admin/builder/spi-builder-workspace/.derivedData/Build/Intermediates.noindex/SwiftExplicitPrecompiledModules -clang-scanner-module-cache-path /Users/admin/builder/spi-builder-workspace/.derivedData/ModuleCache.noindex -sdk-module-cache-path /Users/admin/builder/spi-builder-workspace/.derivedData/SDKExplicitPrecompiledModules -emit-dependencies -emit-module -emit-module-path /Users/admin/builder/spi-builder-workspace/.derivedData/Build/Intermediates.noindex/Splash.build/Debug-xros/Splash-t.build/Objects-normal/arm64/Splash.swiftmodule -serialize-diagnostics -dependency-scan-serialize-diagnostics-path /Users/admin/builder/spi-builder-workspace/.derivedData/Build/Intermediates.noindex/Splash.build/Debug-xros/Splash-t.build/Objects-normal/arm64/Splash-dependency-scan.dia -validate-clang-modules-once -clang-build-session-file /Users/admin/builder/spi-builder-workspace/.derivedData/ModuleCache.noindex/Session.modulevalidation -Xcc -fmodules-prune-interval\=86400 -Xcc -fmodules-prune-after\=345600 -emit-const-values -const-gather-protocols-list /Users/admin/builder/spi-builder-workspace/.derivedData/Build/Intermediates.noindex/Splash.build/Debug-xros/Splash-t.build/Objects-normal/arm64/Splash_const_extract_protocols.json -Xcc -I/Users/admin/builder/spi-builder-workspace/.derivedData/Build/Products/Debug-xros/include -Xcc -I/Users/admin/builder/spi-builder-workspace/.derivedData/Build/Intermediates.noindex/Splash.build/Debug-xros/Splash-t.build/DerivedSources-normal/arm64 -Xcc -I/Users/admin/builder/spi-builder-workspace/.derivedData/Build/Intermediates.noindex/Splash.build/Debug-xros/Splash-t.build/DerivedSources/arm64 -Xcc -I/Users/admin/builder/spi-builder-workspace/.derivedData/Build/Intermediates.noindex/Splash.build/Debug-xros/Splash-t.build/DerivedSources -Xcc -DSWIFT_PACKAGE -Xcc -DDEBUG\=1 -emit-objc-header -emit-objc-header-path /Users/admin/builder/spi-builder-workspace/.derivedData/Build/Intermediates.noindex/Splash.build/Debug-xros/Splash-t.build/Objects-normal/arm64/Splash-Swift.h -working-directory /Users/admin/builder/spi-builder-workspace/.swiftpm/xcode -experimental-emit-module-separately -disable-cmo
SwiftDriver EngineCore normal arm64 com.apple.xcode.tools.swift.compiler (in target 'EngineCore' from project 'Engine')
    cd /Users/admin/builder/spi-builder-workspace/.swiftpm/xcode
    builtin-SwiftDriver -- /Applications/Xcode-27.0.0-Release.Candidate.app/Contents/Developer/Toolchains/XcodeDefault.xctoolchain/usr/bin/swiftc -parse-as-library -module-name EngineCore -Onone @/Users/admin/builder/spi-builder-workspace/.derivedData/Build/Intermediates.noindex/Engine.build/Debug-xros/EngineCore-t.build/Objects-normal/arm64/EngineCore.SwiftFileList -DSWIFT_PACKAGE -DDEBUG -DSWIFT_MODULE_RESOURCE_BUNDLE_UNAVAILABLE -Xcc -fmodule-map-file\=/Users/admin/builder/spi-builder-workspace/.derivedData/Build/Intermediates.noindex/GeneratedModuleMaps-xros/EngineCoreC.modulemap -DXcode -plugin-path /Applications/Xcode-27.0.0-Release.Candidate.app/Contents/Developer/Toolchains/XcodeDefault.xctoolchain/usr/lib/swift/host/plugins/testing -enable-experimental-feature DebugDescriptionMacro -sdk /Applications/Xcode-27.0.0-Release.Candidate.app/Contents/Developer/Platforms/XROS.platform/Developer/SDKs/XROS27.0.sdk -target arm64-apple-xros1.0 -g -module-cache-path /Users/admin/builder/spi-builder-workspace/.derivedData/ModuleCache.noindex -Xfrontend -serialize-debugging-options -profile-coverage-mapping -profile-generate -enable-testing -suppress-warnings -index-store-path /Users/admin/builder/spi-builder-workspace/.derivedData/Index.noindex/DataStore -Xcc -D_LIBCPP_HARDENING_MODE\=_LIBCPP_HARDENING_MODE_DEBUG -swift-version 6 -I /Users/admin/builder/spi-builder-workspace/.derivedData/Build/Products/Debug-xros -Isystem /Applications/Xcode-27.0.0-Release.Candidate.app/Contents/Developer/Platforms/XROS.platform/Developer/usr/lib -F /Users/admin/builder/spi-builder-workspace/.derivedData/Build/Products/Debug-xros/PackageFrameworks -F /Users/admin/builder/spi-builder-workspace/.derivedData/Build/Products/Debug-xros -F /Applications/Xcode-27.0.0-Release.Candidate.app/Contents/Developer/Platforms/XROS.platform/Developer/Library/Frameworks -F /Applications/Xcode-27.0.0-Release.Candidate.app/Contents/Developer/Platforms/XROS.platform/Developer/SDKs/XROS27.0.sdk/Developer/Library/Frameworks -c -j10 -enable-batch-mode -incremental -Xcc -ivfsstatcache -Xcc /Users/admin/builder/spi-builder-workspace/.derivedData/SDKStatCaches.noindex/xros27.0-24M361-e829b21a6f8c9b70876ba0858053c044735bd543db762f57723cac368afd1ce4.sdkstatcache -output-file-map /Users/admin/builder/spi-builder-workspace/.derivedData/Build/Intermediates.noindex/Engine.build/Debug-xros/EngineCore-t.build/Objects-normal/arm64/EngineCore-OutputFileMap.json -save-temps -no-color-diagnostics -explicit-module-build -module-cache-path /Users/admin/builder/spi-builder-workspace/.derivedData/Build/Intermediates.noindex/SwiftExplicitPrecompiledModules -clang-scanner-module-cache-path /Users/admin/builder/spi-builder-workspace/.derivedData/ModuleCache.noindex -sdk-module-cache-path /Users/admin/builder/spi-builder-workspace/.derivedData/SDKExplicitPrecompiledModules -emit-dependencies -emit-module -emit-module-path /Users/admin/builder/spi-builder-workspace/.derivedData/Build/Intermediates.noindex/Engine.build/Debug-xros/EngineCore-t.build/Objects-normal/arm64/EngineCore.swiftmodule -serialize-diagnostics -dependency-scan-serialize-diagnostics-path /Users/admin/builder/spi-builder-workspace/.derivedData/Build/Intermediates.noindex/Engine.build/Debug-xros/EngineCore-t.build/Objects-normal/arm64/EngineCore-dependency-scan.dia -user-module-version 2.18.0 -validate-clang-modules-once -clang-build-session-file /Users/admin/builder/spi-builder-workspace/.derivedData/ModuleCache.noindex/Session.modulevalidation -Xcc -fmodules-prune-interval\=86400 -Xcc -fmodules-prune-after\=345600 -package-name engine -emit-const-values -const-gather-protocols-list /Users/admin/builder/spi-builder-workspace/.derivedData/Build/Intermediates.noindex/Engine.build/Debug-xros/EngineCore-t.build/Objects-normal/arm64/EngineCore_const_extract_protocols.json -Xcc -I/Users/admin/builder/spi-builder-workspace/.dependencies/checkouts/Engine/Sources/EngineCoreC/include -Xcc -I/Users/admin/builder/spi-builder-workspace/.derivedData/Build/Products/Debug-xros/include -Xcc -I/Users/admin/builder/spi-builder-workspace/.derivedData/Build/Intermediates.noindex/Engine.build/Debug-xros/EngineCore-t.build/DerivedSources-normal/arm64 -Xcc -I/Users/admin/builder/spi-builder-workspace/.derivedData/Build/Intermediates.noindex/Engine.build/Debug-xros/EngineCore-t.build/DerivedSources/arm64 -Xcc -I/Users/admin/builder/spi-builder-workspace/.derivedData/Build/Intermediates.noindex/Engine.build/Debug-xros/EngineCore-t.build/DerivedSources -Xcc -DSWIFT_PACKAGE -Xcc -DDEBUG\=1 -emit-objc-header -emit-objc-header-path /Users/admin/builder/spi-builder-workspace/.derivedData/Build/Intermediates.noindex/Engine.build/Debug-xros/EngineCore-t.build/Objects-normal/arm64/EngineCore-Swift.h -working-directory /Users/admin/builder/spi-builder-workspace/.swiftpm/xcode -experimental-emit-module-separately -disable-cmo
SwiftCompile normal arm64 Compiling\ AttributedStringOutputFormat.swift,\ HTMLOutputFormat.swift,\ MarkdownDecorator.swift /Users/admin/builder/spi-builder-workspace/.dependencies/checkouts/Splash/Sources/Splash/Output/AttributedStringOutputFormat.swift /Users/admin/builder/spi-builder-workspace/.dependencies/checkouts/Splash/Sources/Splash/Output/HTMLOutputFormat.swift /Users/admin/builder/spi-builder-workspace/.dependencies/checkouts/Splash/Sources/Splash/Output/MarkdownDecorator.swift (in target 'Splash' from project 'Splash')
/Users/admin/builder/spi-builder-workspace/.dependencies/checkouts/Splash/Sources/Splash/Theming/Theme.swift:18:32: error: cannot find type 'Color' in scope
16 |     public var font: Font
17 |     /// What color to use for plain text (no highlighting)
18 |     public var plainTextColor: Color
   |                                `- error: cannot find type 'Color' in scope
19 |     /// What color to use for the background
20 |     public var backgroundColor: Color
/Users/admin/builder/spi-builder-workspace/.dependencies/checkouts/Splash/Sources/Splash/Theming/Theme.swift:20:33: error: cannot find type 'Color' in scope
18 |     public var plainTextColor: Color
19 |     /// What color to use for the background
20 |     public var backgroundColor: Color
   |                                 `- error: cannot find type 'Color' in scope
21 |     /// What color to use for the text's highlighted tokens
22 |     public var tokenColors: [TokenType: Color]
/Users/admin/builder/spi-builder-workspace/.dependencies/checkouts/Splash/Sources/Splash/Theming/Theme.swift:22:41: error: cannot find type 'Color' in scope
20 |     public var backgroundColor: Color
21 |     /// What color to use for the text's highlighted tokens
22 |     public var tokenColors: [TokenType: Color]
   |                                         `- error: cannot find type 'Color' in scope
23 |
24 |     public init(font: Font,
/Users/admin/builder/spi-builder-workspace/.dependencies/checkouts/Splash/Sources/Splash/Theming/Font.swift:42:24: error: cannot find type 'Loaded' in scope
 40 |         case system
 41 |         /// Use a pre-loaded font
 42 |         case preloaded(Loaded)
    |                        `- error: cannot find type 'Loaded' in scope
 43 |         /// Load a font file from a given file system path
 44 |         case path(String)
/Users/admin/builder/spi-builder-workspace/.dependencies/checkouts/Splash/Sources/Splash/Theming/Font.swift:49:20: error: cannot find type 'Loaded' in scope
 47 |
 48 | internal extension Font {
 49 |     func load() -> Loaded {
    |                    `- error: cannot find type 'Loaded' in scope
 50 |         switch resource {
 51 |         case .system:
/Users/admin/builder/spi-builder-workspace/.dependencies/checkouts/Splash/Sources/Splash/Output/AttributedStringOutputFormat.swift:57:46: error: 'Loaded' is not a member type of struct 'Splash.Font'
55 |
56 | private extension NSMutableAttributedString {
57 |     func append(_ string: String, font: Font.Loaded, color: Color) {
   |                                              `- error: 'Loaded' is not a member type of struct 'Splash.Font'
58 |         let attributedString = NSAttributedString(string: string, attributes: [
59 |             .foregroundColor: color,
/Users/admin/builder/spi-builder-workspace/.dependencies/checkouts/Splash/Sources/Splash/Theming/Font.swift:15:15: note: 'Font' declared here
 13 | /// simplified font representation rather than `NSFont`
 14 | /// or `UIFont`.
 15 | public struct Font {
    |               `- note: 'Font' declared here
 16 |     /// The underlying resource used to load the font
 17 |     public var resource: Resource
/Users/admin/builder/spi-builder-workspace/.dependencies/checkouts/Splash/Sources/Splash/Output/AttributedStringOutputFormat.swift:57:61: error: cannot find type 'Color' in scope
55 |
56 | private extension NSMutableAttributedString {
57 |     func append(_ string: String, font: Font.Loaded, color: Color) {
   |                                                             `- error: cannot find type 'Color' in scope
58 |         let attributedString = NSAttributedString(string: string, attributes: [
59 |             .foregroundColor: color,
/Users/admin/builder/spi-builder-workspace/.dependencies/checkouts/Splash/Sources/Splash/Output/AttributedStringOutputFormat.swift:37:52: error: cannot find 'Color' in scope
35 |
36 |         public mutating func addToken(_ token: String, ofType type: TokenType) {
37 |             let color = theme.tokenColors[type] ?? Color(red: 1, green: 1, blue: 1)
   |                                                    `- error: cannot find 'Color' in scope
38 |             string.append(token, font: font, color: color)
39 |         }
/Users/admin/builder/spi-builder-workspace/.dependencies/checkouts/Splash/Sources/Splash/Output/AttributedStringOutputFormat.swift:38:26: error: extra arguments at positions #2, #3 in call
36 |         public mutating func addToken(_ token: String, ofType type: TokenType) {
37 |             let color = theme.tokenColors[type] ?? Color(red: 1, green: 1, blue: 1)
38 |             string.append(token, font: font, color: color)
   |                          `- error: extra arguments at positions #2, #3 in call
39 |         }
40 |
/Applications/Xcode-27.0.0-Release.Candidate.app/Contents/Developer/Platforms/XROS.platform/Developer/SDKs/XROS27.0.sdk/System/Library/Frameworks/Foundation.framework/Headers/NSAttributedString.h:297:1: note: 'append' declared here
295 | ///
296 | /// - Parameter attrString: The string whose characters and attributes are added.
297 | - (void)appendAttributedString:(NSAttributedString *)attrString;
    | `- note: 'append' declared here
298 |
299 | /// Deletes the characters in the given range along with their associated attributes.
/Users/admin/builder/spi-builder-workspace/.dependencies/checkouts/Splash/Sources/Splash/Output/AttributedStringOutputFormat.swift:38:27: error: cannot convert value of type 'String' to expected argument type 'NSAttributedString'
36 |         public mutating func addToken(_ token: String, ofType type: TokenType) {
37 |             let color = theme.tokenColors[type] ?? Color(red: 1, green: 1, blue: 1)
38 |             string.append(token, font: font, color: color)
   |                           `- error: cannot convert value of type 'String' to expected argument type 'NSAttributedString'
39 |         }
40 |
/Users/admin/builder/spi-builder-workspace/.dependencies/checkouts/Splash/Sources/Splash/Output/AttributedStringOutputFormat.swift:42:26: error: extra arguments at positions #2, #3 in call
40 |
41 |         public mutating func addPlainText(_ text: String) {
42 |             string.append(text, font: font, color: theme.plainTextColor)
   |                          `- error: extra arguments at positions #2, #3 in call
43 |         }
44 |
/Applications/Xcode-27.0.0-Release.Candidate.app/Contents/Developer/Platforms/XROS.platform/Developer/SDKs/XROS27.0.sdk/System/Library/Frameworks/Foundation.framework/Headers/NSAttributedString.h:297:1: note: 'append' declared here
295 | ///
296 | /// - Parameter attrString: The string whose characters and attributes are added.
297 | - (void)appendAttributedString:(NSAttributedString *)attrString;
    | `- note: 'append' declared here
298 |
299 | /// Deletes the characters in the given range along with their associated attributes.
/Users/admin/builder/spi-builder-workspace/.dependencies/checkouts/Splash/Sources/Splash/Output/AttributedStringOutputFormat.swift:42:27: error: cannot convert value of type 'String' to expected argument type 'NSAttributedString'
40 |
41 |         public mutating func addPlainText(_ text: String) {
42 |             string.append(text, font: font, color: theme.plainTextColor)
   |                           `- error: cannot convert value of type 'String' to expected argument type 'NSAttributedString'
43 |         }
44 |
/Users/admin/builder/spi-builder-workspace/.dependencies/checkouts/Splash/Sources/Splash/Output/AttributedStringOutputFormat.swift:46:25: error: cannot find 'Color' in scope
44 |
45 |         public mutating func addWhitespace(_ whitespace: String) {
46 |             let color = Color(red: 1, green: 1, blue: 1)
   |                         `- error: cannot find 'Color' in scope
47 |             string.append(whitespace, font: font, color: color)
48 |         }
/Users/admin/builder/spi-builder-workspace/.dependencies/checkouts/Splash/Sources/Splash/Output/AttributedStringOutputFormat.swift:47:26: error: extra arguments at positions #2, #3 in call
45 |         public mutating func addWhitespace(_ whitespace: String) {
46 |             let color = Color(red: 1, green: 1, blue: 1)
47 |             string.append(whitespace, font: font, color: color)
   |                          `- error: extra arguments at positions #2, #3 in call
48 |         }
49 |
/Applications/Xcode-27.0.0-Release.Candidate.app/Contents/Developer/Platforms/XROS.platform/Developer/SDKs/XROS27.0.sdk/System/Library/Frameworks/Foundation.framework/Headers/NSAttributedString.h:297:1: note: 'append' declared here
295 | ///
296 | /// - Parameter attrString: The string whose characters and attributes are added.
297 | - (void)appendAttributedString:(NSAttributedString *)attrString;
    | `- note: 'append' declared here
298 |
299 | /// Deletes the characters in the given range along with their associated attributes.
/Users/admin/builder/spi-builder-workspace/.dependencies/checkouts/Splash/Sources/Splash/Output/AttributedStringOutputFormat.swift:47:27: error: cannot convert value of type 'String' to expected argument type 'NSAttributedString'
45 |         public mutating func addWhitespace(_ whitespace: String) {
46 |             let color = Color(red: 1, green: 1, blue: 1)
47 |             string.append(whitespace, font: font, color: color)
   |                           `- error: cannot convert value of type 'String' to expected argument type 'NSAttributedString'
48 |         }
49 |
/Users/admin/builder/spi-builder-workspace/.dependencies/checkouts/Splash/Sources/Splash/Output/AttributedStringOutputFormat.swift:59:14: error: type 'NSAttributedString.Key' has no member 'foregroundColor'
57 |     func append(_ string: String, font: Font.Loaded, color: Color) {
58 |         let attributedString = NSAttributedString(string: string, attributes: [
59 |             .foregroundColor: color,
   |              `- error: type 'NSAttributedString.Key' has no member 'foregroundColor'
60 |             .font: font
61 |         ])
SwiftCompile normal arm64 /Users/admin/builder/spi-builder-workspace/.dependencies/checkouts/Splash/Sources/Splash/Output/AttributedStringOutputFormat.swift (in target 'Splash' from project 'Splash')
    cd /Users/admin/builder/spi-builder-workspace/.swiftpm/xcode
    builtin-SwiftPerFileCompile AttributedStringOutputFormat.swift
SwiftCompile normal arm64 /Users/admin/builder/spi-builder-workspace/.dependencies/checkouts/Splash/Sources/Splash/Output/HTMLOutputFormat.swift (in target 'Splash' from project 'Splash')
    cd /Users/admin/builder/spi-builder-workspace/.swiftpm/xcode
    builtin-SwiftPerFileCompile HTMLOutputFormat.swift
SwiftCompile normal arm64 /Users/admin/builder/spi-builder-workspace/.dependencies/checkouts/Splash/Sources/Splash/Output/MarkdownDecorator.swift (in target 'Splash' from project 'Splash')
    cd /Users/admin/builder/spi-builder-workspace/.swiftpm/xcode
    builtin-SwiftPerFileCompile MarkdownDecorator.swift
SwiftEmitModule normal arm64 Emitting\ module\ for\ Splash (in target 'Splash' from project 'Splash')
/Users/admin/builder/spi-builder-workspace/.dependencies/checkouts/Splash/Sources/Splash/Theming/Theme.swift:18:32: error: cannot find type 'Color' in scope
16 |     public var font: Font
17 |     /// What color to use for plain text (no highlighting)
18 |     public var plainTextColor: Color
   |                                `- error: cannot find type 'Color' in scope
19 |     /// What color to use for the background
20 |     public var backgroundColor: Color
/Users/admin/builder/spi-builder-workspace/.dependencies/checkouts/Splash/Sources/Splash/Theming/Theme.swift:20:33: error: cannot find type 'Color' in scope
18 |     public var plainTextColor: Color
19 |     /// What color to use for the background
20 |     public var backgroundColor: Color
   |                                 `- error: cannot find type 'Color' in scope
21 |     /// What color to use for the text's highlighted tokens
22 |     public var tokenColors: [TokenType: Color]
/Users/admin/builder/spi-builder-workspace/.dependencies/checkouts/Splash/Sources/Splash/Theming/Theme.swift:22:41: error: cannot find type 'Color' in scope
20 |     public var backgroundColor: Color
21 |     /// What color to use for the text's highlighted tokens
22 |     public var tokenColors: [TokenType: Color]
   |                                         `- error: cannot find type 'Color' in scope
23 |
24 |     public init(font: Font,
/Users/admin/builder/spi-builder-workspace/.dependencies/checkouts/Splash/Sources/Splash/Theming/Font.swift:42:24: error: cannot find type 'Loaded' in scope
 40 |         case system
 41 |         /// Use a pre-loaded font
 42 |         case preloaded(Loaded)
    |                        `- error: cannot find type 'Loaded' in scope
 43 |         /// Load a font file from a given file system path
 44 |         case path(String)
/Users/admin/builder/spi-builder-workspace/.dependencies/checkouts/Splash/Sources/Splash/Theming/Font.swift:49:20: error: cannot find type 'Loaded' in scope
 47 |
 48 | internal extension Font {
 49 |     func load() -> Loaded {
    |                    `- error: cannot find type 'Loaded' in scope
 50 |         switch resource {
 51 |         case .system:
/Users/admin/builder/spi-builder-workspace/.dependencies/checkouts/Splash/Sources/Splash/Output/AttributedStringOutputFormat.swift:57:46: error: 'Loaded' is not a member type of struct 'Splash.Font'
55 |
56 | private extension NSMutableAttributedString {
57 |     func append(_ string: String, font: Font.Loaded, color: Color) {
   |                                              `- error: 'Loaded' is not a member type of struct 'Splash.Font'
58 |         let attributedString = NSAttributedString(string: string, attributes: [
59 |             .foregroundColor: color,
/Users/admin/builder/spi-builder-workspace/.dependencies/checkouts/Splash/Sources/Splash/Theming/Font.swift:15:15: note: 'Font' declared here
 13 | /// simplified font representation rather than `NSFont`
 14 | /// or `UIFont`.
 15 | public struct Font {
    |               `- note: 'Font' declared here
 16 |     /// The underlying resource used to load the font
 17 |     public var resource: Resource
/Users/admin/builder/spi-builder-workspace/.dependencies/checkouts/Splash/Sources/Splash/Output/AttributedStringOutputFormat.swift:57:61: error: cannot find type 'Color' in scope
55 |
56 | private extension NSMutableAttributedString {
57 |     func append(_ string: String, font: Font.Loaded, color: Color) {
   |                                                             `- error: cannot find type 'Color' in scope
58 |         let attributedString = NSAttributedString(string: string, attributes: [
59 |             .foregroundColor: color,
/Users/admin/builder/spi-builder-workspace/.dependencies/checkouts/Splash/Sources/Splash/Theming/Color.swift:16:20: error: cannot find type 'Color' in scope
14 |
15 | #if !os(Linux)
16 | internal extension Color {
   |                    `- error: cannot find type 'Color' in scope
17 |     convenience init(red: CGFloat, green: CGFloat, blue: CGFloat) {
18 |         self.init(red: red, green: green, blue: blue, alpha: 1)
/Users/admin/builder/spi-builder-workspace/.dependencies/checkouts/Splash/Sources/Splash/Theming/Font.swift:60:39: error: cannot find type 'Loaded' in scope
 58 |     }
 59 |
 60 |     private func loadDefaultFont() -> Loaded {
    |                                       `- error: cannot find type 'Loaded' in scope
 61 |         let font: Loaded?
 62 |
/Users/admin/builder/spi-builder-workspace/.dependencies/checkouts/Splash/Sources/Splash/Theming/Font.swift:72:49: error: cannot find type 'Loaded' in scope
 70 |     }
 71 |
 72 |     private func load(fromPath path: String) -> Loaded? {
    |                                                 `- error: cannot find type 'Loaded' in scope
 73 |         guard
 74 |             let url = CFURLCreateWithFileSystemPath(kCFAllocatorDefault, path as CFString, .cfurlposixPathStyle, false),
/Users/admin/builder/spi-builder-workspace/.dependencies/checkouts/Splash/Sources/Splash/Theming/Theme.swift:25:33: error: cannot find type 'Color' in scope
23 |
24 |     public init(font: Font,
25 |                 plainTextColor: Color,
   |                                 `- error: cannot find type 'Color' in scope
26 |                 tokenColors: [TokenType: Color],
27 |                 backgroundColor: Color = Color(white: 0.12, alpha: 1)) {
/Users/admin/builder/spi-builder-workspace/.dependencies/checkouts/Splash/Sources/Splash/Theming/Theme.swift:26:42: error: cannot find type 'Color' in scope
24 |     public init(font: Font,
25 |                 plainTextColor: Color,
26 |                 tokenColors: [TokenType: Color],
   |                                          `- error: cannot find type 'Color' in scope
27 |                 backgroundColor: Color = Color(white: 0.12, alpha: 1)) {
28 |         self.font = font
/Users/admin/builder/spi-builder-workspace/.dependencies/checkouts/Splash/Sources/Splash/Theming/Theme.swift:27:34: error: cannot find type 'Color' in scope
25 |                 plainTextColor: Color,
26 |                 tokenColors: [TokenType: Color],
27 |                 backgroundColor: Color = Color(white: 0.12, alpha: 1)) {
   |                                  `- error: cannot find type 'Color' in scope
28 |         self.font = font
29 |         self.plainTextColor = plainTextColor
Failed frontend command:
/Applications/Xcode-27.0.0-Release.Candidate.app/Contents/Developer/Toolchains/XcodeDefault.xctoolchain/usr/bin/swift-frontend -frontend -emit-module -experimental-skip-non-inlinable-function-bodies-without-types /Users/admin/builder/spi-builder-workspace/.dependencies/checkouts/Splash/Sources/Splash/Extensions/CharacterSet/CharacterSet+Contains.swift /Users/admin/builder/spi-builder-workspace/.dependencies/checkouts/Splash/Sources/Splash/Extensions/Equatable/Equatable+AnyOf.swift /Users/admin/builder/spi-builder-workspace/.dependencies/checkouts/Splash/Sources/Splash/Extensions/Int/Int+IsOdd.swift /Users/admin/builder/spi-builder-workspace/.dependencies/checkouts/Splash/Sources/Splash/Extensions/Sequence/Sequence+AnyOf.swift /Users/admin/builder/spi-builder-workspace/.dependencies/checkouts/Splash/Sources/Splash/Extensions/Sequence/Sequence+Occurrences.swift /Users/admin/builder/spi-builder-workspace/.dependencies/checkouts/Splash/Sources/Splash/Extensions/Strings/String+HTMLEntities.swift /Users/admin/builder/spi-builder-workspace/.dependencies/checkouts/Splash/Sources/Splash/Extensions/Strings/String+IsNumber.swift /Users/admin/builder/spi-builder-workspace/.dependencies/checkouts/Splash/Sources/Splash/Extensions/Strings/String+PrefixChecking.swift /Users/admin/builder/spi-builder-workspace/.dependencies/checkouts/Splash/Sources/Splash/Extensions/Strings/String+Removing.swift /Users/admin/builder/spi-builder-workspace/.dependencies/checkouts/Splash/Sources/Splash/Extensions/Strings/Substring+HasSuffix.swift /Users/admin/builder/spi-builder-workspace/.dependencies/checkouts/Splash/Sources/Splash/Grammar/Grammar.swift /Users/admin/builder/spi-builder-workspace/.dependencies/checkouts/Splash/Sources/Splash/Grammar/SwiftGrammar.swift /Users/admin/builder/spi-builder-workspace/.dependencies/checkouts/Splash/Sources/Splash/Output/AttributedStringOutputFormat.swift /Users/admin/builder/spi-builder-workspace/.dependencies/checkouts/Splash/Sources/Splash/Output/HTMLOutputFormat.swift /Users/admin/builder/spi-builder-workspace/.dependencies/checkouts/Splash/Sources/Splash/Output/MarkdownDecorator.swift /Users/admin/builder/spi-builder-workspace/.dependencies/checkouts/Splash/Sources/Splash/Output/OutputBuilder.swift /Users/admin/builder/spi-builder-workspace/.dependencies/checkouts/Splash/Sources/Splash/Output/OutputFormat.swift /Users/admin/builder/spi-builder-workspace/.dependencies/checkouts/Splash/Sources/Splash/Syntax/SyntaxHighlighter.swift /Users/admin/builder/spi-builder-workspace/.dependencies/checkouts/Splash/Sources/Splash/Syntax/SyntaxRule.swift /Users/admin/builder/spi-builder-workspace/.dependencies/checkouts/Splash/Sources/Splash/Theming/Color.swift /Users/admin/builder/spi-builder-workspace/.dependencies/checkouts/Splash/Sources/Splash/Theming/Font.swift /Users/admin/builder/spi-builder-workspace/.dependencies/checkouts/Splash/Sources/Splash/Theming/Theme+Defaults.swift /Users/admin/builder/spi-builder-workspace/.dependencies/checkouts/Splash/Sources/Splash/Theming/Theme.swift /Users/admin/builder/spi-builder-workspace/.dependencies/checkouts/Splash/Sources/Splash/Tokenizing/Segment.swift /Users/admin/builder/spi-builder-workspace/.dependencies/checkouts/Splash/Sources/Splash/Tokenizing/TokenType.swift /Users/admin/builder/spi-builder-workspace/.dependencies/checkouts/Splash/Sources/Splash/Tokenizing/Tokenizer.swift -target arm64-apple-xros1.0 -disable-cross-import-overlay-search -load-resolved-plugin /Applications/Xcode-27.0.0-Release.Candidate.app/Contents/Developer/Platforms/XROS.platform/Developer/usr/lib/swift/host/plugins/libFoundationMacros.dylib\#/Applications/Xcode-27.0.0-Release.Candidate.app/Contents/Developer/Platforms/XROS.platform/Developer/usr/bin/swift-plugin-server\#FoundationMacros -load-resolved-plugin /Applications/Xcode-27.0.0-Release.Candidate.app/Contents/Developer/Platforms/XROS.platform/Developer/usr/lib/swift/host/plugins/libObservationMacros.dylib\#/Applications/Xcode-27.0.0-Release.Candidate.app/Contents/Developer/Platforms/XROS.platform/Developer/usr/bin/swift-plugin-server\#ObservationMacros -load-resolved-plugin /Applications/Xcode-27.0.0-Release.Candidate.app/Contents/Developer/Platforms/XROS.platform/Developer/usr/lib/swift/host/plugins/libSwiftMacros.dylib\#/Applications/Xcode-27.0.0-Release.Candidate.app/Contents/Developer/Platforms/XROS.platform/Developer/usr/bin/swift-plugin-server\#SwiftMacros -disable-implicit-swift-modules -Xcc -fno-implicit-modules -Xcc -fno-implicit-module-maps -explicit-swift-module-map-file /Users/admin/builder/spi-builder-workspace/.derivedData/Build/Intermediates.noindex/Splash.build/Debug-xros/Splash-t.build/Objects-normal/arm64/Splash-dependencies-1.json -Xllvm -aarch64-use-tbi -enable-objc-interop -stack-check -sdk /Applications/Xcode-27.0.0-Release.Candidate.app/Contents/Developer/Platforms/XROS.platform/Developer/SDKs/XROS27.0.sdk -I /Users/admin/builder/spi-builder-workspace/.derivedData/Build/Products/Debug-xros -Isystem /Applications/Xcode-27.0.0-Release.Candidate.app/Contents/Developer/Platforms/XROS.platform/Developer/usr/lib -F /Users/admin/builder/spi-builder-workspace/.derivedData/Build/Products/Debug-xros -F /Applications/Xcode-27.0.0-Release.Candidate.app/Contents/Developer/Platforms/XROS.platform/Developer/Library/Frameworks -F /Applications/Xcode-27.0.0-Release.Candidate.app/Contents/Developer/Platforms/XROS.platform/Developer/SDKs/XROS27.0.sdk/Developer/Library/Frameworks -module-cache-path /Users/admin/builder/spi-builder-workspace/.derivedData/Build/Intermediates.noindex/SwiftExplicitPrecompiledModules -no-color-diagnostics -Xcc -fno-color-diagnostics -enable-testing -g -debug-info-format\=dwarf -dwarf-version\=4 -suppress-warnings -profile-generate -profile-coverage-mapping -swift-version 5 -Onone -D SWIFT_PACKAGE -D DEBUG -D SWIFT_MODULE_RESOURCE_BUNDLE_UNAVAILABLE -D Xcode -serialize-debugging-options -enable-experimental-feature DebugDescriptionMacro -empty-abi-descriptor -validate-clang-modules-once -clang-build-session-file /Users/admin/builder/spi-builder-workspace/.derivedData/ModuleCache.noindex/Session.modulevalidation -Xcc -working-directory -Xcc /Users/admin/builder/spi-builder-workspace/.swiftpm/xcode -enable-anonymous-context-mangled-names -file-compilation-dir /Users/admin/builder/spi-builder-workspace/.swiftpm/xcode -Xcc -D_LIBCPP_HARDENING_MODE\=_LIBCPP_HARDENING_MODE_DEBUG -Xcc -ivfsstatcache -Xcc /Users/admin/builder/spi-builder-workspace/.derivedData/SDKStatCaches.noindex/xros27.0-24M361-e829b21a6f8c9b70876ba0858053c044735bd543db762f57723cac368afd1ce4.sdkstatcache -Xcc -fmodules-prune-interval\=86400 -Xcc -fmodules-prune-after\=345600 -Xcc -I/Users/admin/builder/spi-builder-workspace/.derivedData/Build/Products/Debug-xros/include -Xcc -I/Users/admin/builder/spi-builder-workspace/.derivedData/Build/Intermediates.noindex/Splash.build/Debug-xros/Splash-t.build/DerivedSources-normal/arm64 -Xcc -I/Users/admin/builder/spi-builder-workspace/.derivedData/Build/Intermediates.noindex/Splash.build/Debug-xros/Splash-t.build/DerivedSources/arm64 -Xcc -I/Users/admin/builder/spi-builder-workspace/.derivedData/Build/Intermediates.noindex/Splash.build/Debug-xros/Splash-t.build/DerivedSources -Xcc -DSWIFT_PACKAGE -Xcc -DDEBUG\=1 -no-auto-bridging-header-chaining -module-name Splash -const-gather-protocols-file /Users/admin/builder/spi-builder-workspace/.derivedData/Build/Intermediates.noindex/Splash.build/Debug-xros/Splash-t.build/Objects-normal/arm64/Splash_const_extract_protocols.json -disable-clang-spi -clang-target arm64-apple-xros27.0 -target-sdk-version 27.0 -target-sdk-name xros27.0 -in-process-plugin-server-path /Applications/Xcode-27.0.0-Release.Candidate.app/Contents/Developer/Toolchains/XcodeDefault.xctoolchain/usr/lib/swift/host/libSwiftInProcPluginServer.dylib -emit-module-doc-path /Users/admin/builder/spi-builder-workspace/.derivedData/Build/Intermediates.noindex/Splash.build/Debug-xros/Splash-t.build/Objects-normal/arm64/Splash.swiftdoc -emit-module-source-info-path /Users/admin/builder/spi-builder-workspace/.derivedData/Build/Intermediates.noindex/Splash.build/Debug-xros/Splash-t.build/Objects-normal/arm64/Splash.swiftsourceinfo -emit-objc-header-path /Users/admin/builder/spi-builder-workspace/.derivedData/Build/Intermediates.noindex/Splash.build/Debug-xros/Splash-t.build/Objects-normal/arm64/Splash-Swift.h -serialize-diagnostics-path /Users/admin/builder/spi-builder-workspace/.derivedData/Build/Intermediates.noindex/Splash.build/Debug-xros/Splash-t.build/Objects-normal/arm64/Splash-primary-emit-module.dia -emit-dependencies-path /Users/admin/builder/spi-builder-workspace/.derivedData/Build/Intermediates.noindex/Splash.build/Debug-xros/Splash-t.build/Objects-normal/arm64/Splash-primary-emit-module.d -parse-as-library -o /Users/admin/builder/spi-builder-workspace/.derivedData/Build/Intermediates.noindex/Splash.build/Debug-xros/Splash-t.build/Objects-normal/arm64/Splash.swiftmodule -emit-abi-descriptor-path /Users/admin/builder/spi-builder-workspace/.derivedData/Build/Intermediates.noindex/Splash.build/Debug-xros/Splash-t.build/Objects-normal/arm64/Splash.abi.json
SwiftCompile normal arm64 (in target 'Splash' from project 'Splash')
    cd /Users/admin/builder/spi-builder-workspace/.swiftpm/xcode

SwiftCompile normal arm64 Compiling\ TokenType.swift,\ Tokenizer.swift /Users/admin/builder/spi-builder-workspace/.dependencies/checkouts/Splash/Sources/Splash/Tokenizing/TokenType.swift /Users/admin/builder/spi-builder-workspace/.dependencies/checkouts/Splash/Sources/Splash/Tokenizing/Tokenizer.swift (in target 'Splash' from project 'Splash')
SwiftCompile normal arm64 /Users/admin/builder/spi-builder-workspace/.dependencies/checkouts/Splash/Sources/Splash/Tokenizing/TokenType.swift (in target 'Splash' from project 'Splash')
    cd /Users/admin/builder/spi-builder-workspace/.swiftpm/xcode
    builtin-SwiftPerFileCompile TokenType.swift
SwiftCompile normal arm64 /Users/admin/builder/spi-builder-workspace/.dependencies/checkouts/Splash/Sources/Splash/Tokenizing/Tokenizer.swift (in target 'Splash' from project 'Splash')
    cd /Users/admin/builder/spi-builder-workspace/.swiftpm/xcode
    builtin-SwiftPerFileCompile Tokenizer.swift
SwiftCompile normal arm64 Compiling\ String+IsNumber.swift,\ String+PrefixChecking.swift,\ String+Removing.swift /Users/admin/builder/spi-builder-workspace/.dependencies/checkouts/Splash/Sources/Splash/Extensions/Strings/String+IsNumber.swift /Users/admin/builder/spi-builder-workspace/.dependencies/checkouts/Splash/Sources/Splash/Extensions/Strings/String+PrefixChecking.swift /Users/admin/builder/spi-builder-workspace/.dependencies/checkouts/Splash/Sources/Splash/Extensions/Strings/String+Removing.swift (in target 'Splash' from project 'Splash')
SwiftCompile normal arm64 /Users/admin/builder/spi-builder-workspace/.dependencies/checkouts/Splash/Sources/Splash/Extensions/Strings/String+IsNumber.swift (in target 'Splash' from project 'Splash')
    cd /Users/admin/builder/spi-builder-workspace/.swiftpm/xcode
    builtin-SwiftPerFileCompile String+IsNumber.swift
SwiftCompile normal arm64 /Users/admin/builder/spi-builder-workspace/.dependencies/checkouts/Splash/Sources/Splash/Extensions/Strings/String+PrefixChecking.swift (in target 'Splash' from project 'Splash')
    cd /Users/admin/builder/spi-builder-workspace/.swiftpm/xcode
    builtin-SwiftPerFileCompile String+PrefixChecking.swift
SwiftCompile normal arm64 /Users/admin/builder/spi-builder-workspace/.dependencies/checkouts/Splash/Sources/Splash/Extensions/Strings/String+Removing.swift (in target 'Splash' from project 'Splash')
    cd /Users/admin/builder/spi-builder-workspace/.swiftpm/xcode
    builtin-SwiftPerFileCompile String+Removing.swift
SwiftCompile normal arm64 Compiling\ Font.swift,\ Theme+Defaults.swift /Users/admin/builder/spi-builder-workspace/.dependencies/checkouts/Splash/Sources/Splash/Theming/Font.swift /Users/admin/builder/spi-builder-workspace/.dependencies/checkouts/Splash/Sources/Splash/Theming/Theme+Defaults.swift (in target 'Splash' from project 'Splash')
/Users/admin/builder/spi-builder-workspace/.dependencies/checkouts/Splash/Sources/Splash/Theming/Font.swift:42:24: error: cannot find type 'Loaded' in scope
 40 |         case system
 41 |         /// Use a pre-loaded font
 42 |         case preloaded(Loaded)
    |                        `- error: cannot find type 'Loaded' in scope
 43 |         /// Load a font file from a given file system path
 44 |         case path(String)
/Users/admin/builder/spi-builder-workspace/.dependencies/checkouts/Splash/Sources/Splash/Theming/Font.swift:49:20: error: cannot find type 'Loaded' in scope
 47 |
 48 | internal extension Font {
 49 |     func load() -> Loaded {
    |                    `- error: cannot find type 'Loaded' in scope
 50 |         switch resource {
 51 |         case .system:
/Users/admin/builder/spi-builder-workspace/.dependencies/checkouts/Splash/Sources/Splash/Theming/Font.swift:60:39: error: cannot find type 'Loaded' in scope
 58 |     }
 59 |
 60 |     private func loadDefaultFont() -> Loaded {
    |                                       `- error: cannot find type 'Loaded' in scope
 61 |         let font: Loaded?
 62 |
/Users/admin/builder/spi-builder-workspace/.dependencies/checkouts/Splash/Sources/Splash/Theming/Font.swift:72:49: error: cannot find type 'Loaded' in scope
 70 |     }
 71 |
 72 |     private func load(fromPath path: String) -> Loaded? {
    |                                                 `- error: cannot find type 'Loaded' in scope
 73 |         guard
 74 |             let url = CFURLCreateWithFileSystemPath(kCFAllocatorDefault, path as CFString, .cfurlposixPathStyle, false),
/Users/admin/builder/spi-builder-workspace/.dependencies/checkouts/Splash/Sources/Splash/Theming/Font.swift:61:19: error: cannot find type 'Loaded' in scope
 59 |
 60 |     private func loadDefaultFont() -> Loaded {
 61 |         let font: Loaded?
    |                   `- error: cannot find type 'Loaded' in scope
 62 |
 63 |         #if os(iOS)
/Users/admin/builder/spi-builder-workspace/.dependencies/checkouts/Splash/Sources/Splash/Theming/Font.swift:75:28: error: cannot find 'CGDataProvider' in scope
 73 |         guard
 74 |             let url = CFURLCreateWithFileSystemPath(kCFAllocatorDefault, path as CFString, .cfurlposixPathStyle, false),
 75 |             let provider = CGDataProvider(url: url),
    |                            `- error: cannot find 'CGDataProvider' in scope
 76 |             let font = CGFont(provider)
 77 |         else {
/Users/admin/builder/spi-builder-workspace/.dependencies/checkouts/Splash/Sources/Splash/Theming/Font.swift:76:24: error: cannot find 'CGFont' in scope
 74 |             let url = CFURLCreateWithFileSystemPath(kCFAllocatorDefault, path as CFString, .cfurlposixPathStyle, false),
 75 |             let provider = CGDataProvider(url: url),
 76 |             let font = CGFont(provider)
    |                        `- error: cannot find 'CGFont' in scope
 77 |         else {
 78 |             return nil
/Users/admin/builder/spi-builder-workspace/.dependencies/checkouts/Splash/Sources/Splash/Theming/Font.swift:81:16: error: cannot find 'CTFontCreateWithGraphicsFont' in scope
 79 |         }
 80 |
 81 |         return CTFontCreateWithGraphicsFont(font, CGFloat(size), nil, nil)
    |                `- error: cannot find 'CTFontCreateWithGraphicsFont' in scope
 82 |     }
 83 | }
/Users/admin/builder/spi-builder-workspace/.dependencies/checkouts/Splash/Sources/Splash/Theming/Theme+Defaults.swift:16:29: error: cannot find 'Color' in scope
 14 |         return Theme(
 15 |             font: font,
 16 |             plainTextColor: Color(
    |                             `- error: cannot find 'Color' in scope
 17 |                 red: 0.66,
 18 |                 green: 0.74,
/Users/admin/builder/spi-builder-workspace/.dependencies/checkouts/Splash/Sources/Splash/Theming/Theme+Defaults.swift:22:27: error: cannot find 'Color' in scope
 20 |             ),
 21 |             tokenColors: [
 22 |                 .keyword: Color(red: 0.91, green: 0.2, blue: 0.54),
    |                           `- error: cannot find 'Color' in scope
 23 |                 .string: Color(red: 0.98, green: 0.39, blue: 0.12),
 24 |                 .type: Color(red: 0.51, green: 0.51, blue: 0.79),
/Users/admin/builder/spi-builder-workspace/.dependencies/checkouts/Splash/Sources/Splash/Theming/Theme+Defaults.swift:23:26: error: cannot find 'Color' in scope
 21 |             tokenColors: [
 22 |                 .keyword: Color(red: 0.91, green: 0.2, blue: 0.54),
 23 |                 .string: Color(red: 0.98, green: 0.39, blue: 0.12),
    |                          `- error: cannot find 'Color' in scope
 24 |                 .type: Color(red: 0.51, green: 0.51, blue: 0.79),
 25 |                 .call: Color(red: 0.2, green: 0.56, blue: 0.9),
/Users/admin/builder/spi-builder-workspace/.dependencies/checkouts/Splash/Sources/Splash/Theming/Theme+Defaults.swift:24:24: error: cannot find 'Color' in scope
 22 |                 .keyword: Color(red: 0.91, green: 0.2, blue: 0.54),
 23 |                 .string: Color(red: 0.98, green: 0.39, blue: 0.12),
 24 |                 .type: Color(red: 0.51, green: 0.51, blue: 0.79),
    |                        `- error: cannot find 'Color' in scope
 25 |                 .call: Color(red: 0.2, green: 0.56, blue: 0.9),
 26 |                 .number: Color(red: 0.86, green: 0.44, blue: 0.34),
/Users/admin/builder/spi-builder-workspace/.dependencies/checkouts/Splash/Sources/Splash/Theming/Theme+Defaults.swift:25:24: error: cannot find 'Color' in scope
 23 |                 .string: Color(red: 0.98, green: 0.39, blue: 0.12),
 24 |                 .type: Color(red: 0.51, green: 0.51, blue: 0.79),
 25 |                 .call: Color(red: 0.2, green: 0.56, blue: 0.9),
    |                        `- error: cannot find 'Color' in scope
 26 |                 .number: Color(red: 0.86, green: 0.44, blue: 0.34),
 27 |                 .comment: Color(red: 0.42, green: 0.54, blue: 0.58),
/Users/admin/builder/spi-builder-workspace/.dependencies/checkouts/Splash/Sources/Splash/Theming/Theme+Defaults.swift:26:26: error: cannot find 'Color' in scope
 24 |                 .type: Color(red: 0.51, green: 0.51, blue: 0.79),
 25 |                 .call: Color(red: 0.2, green: 0.56, blue: 0.9),
 26 |                 .number: Color(red: 0.86, green: 0.44, blue: 0.34),
    |                          `- error: cannot find 'Color' in scope
 27 |                 .comment: Color(red: 0.42, green: 0.54, blue: 0.58),
 28 |                 .property: Color(red: 0.13, green: 0.67, blue: 0.62),
/Users/admin/builder/spi-builder-workspace/.dependencies/checkouts/Splash/Sources/Splash/Theming/Theme+Defaults.swift:27:27: error: cannot find 'Color' in scope
 25 |                 .call: Color(red: 0.2, green: 0.56, blue: 0.9),
 26 |                 .number: Color(red: 0.86, green: 0.44, blue: 0.34),
 27 |                 .comment: Color(red: 0.42, green: 0.54, blue: 0.58),
    |                           `- error: cannot find 'Color' in scope
 28 |                 .property: Color(red: 0.13, green: 0.67, blue: 0.62),
 29 |                 .dotAccess: Color(red: 0.57, green: 0.7, blue: 0),
/Users/admin/builder/spi-builder-workspace/.dependencies/checkouts/Splash/Sources/Splash/Theming/Theme+Defaults.swift:28:28: error: cannot find 'Color' in scope
 26 |                 .number: Color(red: 0.86, green: 0.44, blue: 0.34),
 27 |                 .comment: Color(red: 0.42, green: 0.54, blue: 0.58),
 28 |                 .property: Color(red: 0.13, green: 0.67, blue: 0.62),
    |                            `- error: cannot find 'Color' in scope
 29 |                 .dotAccess: Color(red: 0.57, green: 0.7, blue: 0),
 30 |                 .preprocessing: Color(red: 0.71, green: 0.54, blue: 0)
/Users/admin/builder/spi-builder-workspace/.dependencies/checkouts/Splash/Sources/Splash/Theming/Theme+Defaults.swift:29:29: error: cannot find 'Color' in scope
 27 |                 .comment: Color(red: 0.42, green: 0.54, blue: 0.58),
 28 |                 .property: Color(red: 0.13, green: 0.67, blue: 0.62),
 29 |                 .dotAccess: Color(red: 0.57, green: 0.7, blue: 0),
    |                             `- error: cannot find 'Color' in scope
 30 |                 .preprocessing: Color(red: 0.71, green: 0.54, blue: 0)
 31 |             ],
/Users/admin/builder/spi-builder-workspace/.dependencies/checkouts/Splash/Sources/Splash/Theming/Theme+Defaults.swift:30:33: error: cannot find 'Color' in scope
 28 |                 .property: Color(red: 0.13, green: 0.67, blue: 0.62),
 29 |                 .dotAccess: Color(red: 0.57, green: 0.7, blue: 0),
 30 |                 .preprocessing: Color(red: 0.71, green: 0.54, blue: 0)
    |                                 `- error: cannot find 'Color' in scope
 31 |             ],
 32 |             backgroundColor: Color(
/Users/admin/builder/spi-builder-workspace/.dependencies/checkouts/Splash/Sources/Splash/Theming/Theme+Defaults.swift:32:30: error: cannot find 'Color' in scope
 30 |                 .preprocessing: Color(red: 0.71, green: 0.54, blue: 0)
 31 |             ],
 32 |             backgroundColor: Color(
    |                              `- error: cannot find 'Color' in scope
 33 |                 red: 0.098,
 34 |                 green: 0.098,
/Users/admin/builder/spi-builder-workspace/.dependencies/checkouts/Splash/Sources/Splash/Theming/Theme.swift:25:33: error: cannot find type 'Color' in scope
23 |
24 |     public init(font: Font,
25 |                 plainTextColor: Color,
   |                                 `- error: cannot find type 'Color' in scope
26 |                 tokenColors: [TokenType: Color],
27 |                 backgroundColor: Color = Color(white: 0.12, alpha: 1)) {
/Users/admin/builder/spi-builder-workspace/.dependencies/checkouts/Splash/Sources/Splash/Theming/Theme.swift:26:42: error: cannot find type 'Color' in scope
24 |     public init(font: Font,
25 |                 plainTextColor: Color,
26 |                 tokenColors: [TokenType: Color],
   |                                          `- error: cannot find type 'Color' in scope
27 |                 backgroundColor: Color = Color(white: 0.12, alpha: 1)) {
28 |         self.font = font
/Users/admin/builder/spi-builder-workspace/.dependencies/checkouts/Splash/Sources/Splash/Theming/Theme.swift:27:34: error: cannot find type 'Color' in scope
25 |                 plainTextColor: Color,
26 |                 tokenColors: [TokenType: Color],
27 |                 backgroundColor: Color = Color(white: 0.12, alpha: 1)) {
   |                                  `- error: cannot find type 'Color' in scope
28 |         self.font = font
29 |         self.plainTextColor = plainTextColor
/Users/admin/builder/spi-builder-workspace/.dependencies/checkouts/Splash/Sources/Splash/Theming/Theme+Defaults.swift:44:29: error: cannot find 'Color' in scope
 42 |         return Theme(
 43 |             font: font,
 44 |             plainTextColor: Color(
    |                             `- error: cannot find 'Color' in scope
 45 |                 red: 1,
 46 |                 green: 1,
/Users/admin/builder/spi-builder-workspace/.dependencies/checkouts/Splash/Sources/Splash/Theming/Theme+Defaults.swift:50:27: error: cannot find 'Color' in scope
 48 |             ),
 49 |             tokenColors: [
 50 |                 .keyword: Color(red: 0.828, green: 0.095, blue: 0.583),
    |                           `- error: cannot find 'Color' in scope
 51 |                 .string: Color(red: 1.0, green: 0.171, blue: 0.219),
 52 |                 .type: Color(red: 0.137, green: 1.0, blue: 0.512),
/Users/admin/builder/spi-builder-workspace/.dependencies/checkouts/Splash/Sources/Splash/Theming/Theme+Defaults.swift:51:26: error: cannot find 'Color' in scope
 49 |             tokenColors: [
 50 |                 .keyword: Color(red: 0.828, green: 0.095, blue: 0.583),
 51 |                 .string: Color(red: 1.0, green: 0.171, blue: 0.219),
    |                          `- error: cannot find 'Color' in scope
 52 |                 .type: Color(red: 0.137, green: 1.0, blue: 0.512),
 53 |                 .call: Color(red: 0.137, green: 1.0, blue: 0.512),
/Users/admin/builder/spi-builder-workspace/.dependencies/checkouts/Splash/Sources/Splash/Theming/Theme+Defaults.swift:52:24: error: cannot find 'Color' in scope
 50 |                 .keyword: Color(red: 0.828, green: 0.095, blue: 0.583),
 51 |                 .string: Color(red: 1.0, green: 0.171, blue: 0.219),
 52 |                 .type: Color(red: 0.137, green: 1.0, blue: 0.512),
    |                        `- error: cannot find 'Color' in scope
 53 |                 .call: Color(red: 0.137, green: 1.0, blue: 0.512),
 54 |                 .number: Color(red: 0.469, green: 0.426, blue: 1.00),
/Users/admin/builder/spi-builder-workspace/.dependencies/checkouts/Splash/Sources/Splash/Theming/Theme+Defaults.swift:53:24: error: cannot find 'Color' in scope
 51 |                 .string: Color(red: 1.0, green: 0.171, blue: 0.219),
 52 |                 .type: Color(red: 0.137, green: 1.0, blue: 0.512),
 53 |                 .call: Color(red: 0.137, green: 1.0, blue: 0.512),
    |                        `- error: cannot find 'Color' in scope
 54 |                 .number: Color(red: 0.469, green: 0.426, blue: 1.00),
 55 |                 .comment: Color(red: 0.255, green: 0.801, blue: 0.27),
/Users/admin/builder/spi-builder-workspace/.dependencies/checkouts/Splash/Sources/Splash/Theming/Theme+Defaults.swift:54:26: error: cannot find 'Color' in scope
 52 |                 .type: Color(red: 0.137, green: 1.0, blue: 0.512),
 53 |                 .call: Color(red: 0.137, green: 1.0, blue: 0.512),
 54 |                 .number: Color(red: 0.469, green: 0.426, blue: 1.00),
    |                          `- error: cannot find 'Color' in scope
 55 |                 .comment: Color(red: 0.255, green: 0.801, blue: 0.27),
 56 |                 .property: Color(red: 0.431, green: 0.714, blue: 0.533),
/Users/admin/builder/spi-builder-workspace/.dependencies/checkouts/Splash/Sources/Splash/Theming/Theme+Defaults.swift:55:27: error: cannot find 'Color' in scope
 53 |                 .call: Color(red: 0.137, green: 1.0, blue: 0.512),
 54 |                 .number: Color(red: 0.469, green: 0.426, blue: 1.00),
 55 |                 .comment: Color(red: 0.255, green: 0.801, blue: 0.27),
    |                           `- error: cannot find 'Color' in scope
 56 |                 .property: Color(red: 0.431, green: 0.714, blue: 0.533),
 57 |                 .dotAccess: Color(red: 0.431, green: 0.714, blue: 0.533),
/Users/admin/builder/spi-builder-workspace/.dependencies/checkouts/Splash/Sources/Splash/Theming/Theme+Defaults.swift:56:28: error: cannot find 'Color' in scope
 54 |                 .number: Color(red: 0.469, green: 0.426, blue: 1.00),
 55 |                 .comment: Color(red: 0.255, green: 0.801, blue: 0.27),
 56 |                 .property: Color(red: 0.431, green: 0.714, blue: 0.533),
    |                            `- error: cannot find 'Color' in scope
 57 |                 .dotAccess: Color(red: 0.431, green: 0.714, blue: 0.533),
 58 |                 .preprocessing: Color(red: 0.896, green: 0.488, blue: 0.284)
/Users/admin/builder/spi-builder-workspace/.dependencies/checkouts/Splash/Sources/Splash/Theming/Theme+Defaults.swift:57:29: error: cannot find 'Color' in scope
 55 |                 .comment: Color(red: 0.255, green: 0.801, blue: 0.27),
 56 |                 .property: Color(red: 0.431, green: 0.714, blue: 0.533),
 57 |                 .dotAccess: Color(red: 0.431, green: 0.714, blue: 0.533),
    |                             `- error: cannot find 'Color' in scope
 58 |                 .preprocessing: Color(red: 0.896, green: 0.488, blue: 0.284)
 59 |             ],
/Users/admin/builder/spi-builder-workspace/.dependencies/checkouts/Splash/Sources/Splash/Theming/Theme+Defaults.swift:58:33: error: cannot find 'Color' in scope
 56 |                 .property: Color(red: 0.431, green: 0.714, blue: 0.533),
 57 |                 .dotAccess: Color(red: 0.431, green: 0.714, blue: 0.533),
 58 |                 .preprocessing: Color(red: 0.896, green: 0.488, blue: 0.284)
    |                                 `- error: cannot find 'Color' in scope
 59 |             ],
 60 |             backgroundColor: Color(
/Users/admin/builder/spi-builder-workspace/.dependencies/checkouts/Splash/Sources/Splash/Theming/Theme+Defaults.swift:60:30: error: cannot find 'Color' in scope
 58 |                 .preprocessing: Color(red: 0.896, green: 0.488, blue: 0.284)
 59 |             ],
 60 |             backgroundColor: Color(
    |                              `- error: cannot find 'Color' in scope
 61 |                 red: 0,
 62 |                 green: 0,
/Users/admin/builder/spi-builder-workspace/.dependencies/checkouts/Splash/Sources/Splash/Theming/Theme+Defaults.swift:72:29: error: cannot find 'Color' in scope
 70 |         return Theme(
 71 |             font: font,
 72 |             plainTextColor: Color(
    |                             `- error: cannot find 'Color' in scope
 73 |                 red: 0.84,
 74 |                 green: 0.84,
/Users/admin/builder/spi-builder-workspace/.dependencies/checkouts/Splash/Sources/Splash/Theming/Theme+Defaults.swift:78:27: error: cannot find 'Color' in scope
 76 |             ),
 77 |             tokenColors: [
 78 |                 .keyword: Color(red: 0.992, green: 0.791, blue: 0.45),
    |                           `- error: cannot find 'Color' in scope
 79 |                 .string: Color(red: 0.966, green: 0.517, blue: 0.29),
 80 |                 .type: Color(red: 0.431, green: 0.714, blue: 0.533),
/Users/admin/builder/spi-builder-workspace/.dependencies/checkouts/Splash/Sources/Splash/Theming/Theme+Defaults.swift:79:26: error: cannot find 'Color' in scope
 77 |             tokenColors: [
 78 |                 .keyword: Color(red: 0.992, green: 0.791, blue: 0.45),
 79 |                 .string: Color(red: 0.966, green: 0.517, blue: 0.29),
    |                          `- error: cannot find 'Color' in scope
 80 |                 .type: Color(red: 0.431, green: 0.714, blue: 0.533),
 81 |                 .call: Color(red: 0.431, green: 0.714, blue: 0.533),
/Users/admin/builder/spi-builder-workspace/.dependencies/checkouts/Splash/Sources/Splash/Theming/Theme+Defaults.swift:80:24: error: cannot find 'Color' in scope
 78 |                 .keyword: Color(red: 0.992, green: 0.791, blue: 0.45),
 79 |                 .string: Color(red: 0.966, green: 0.517, blue: 0.29),
 80 |                 .type: Color(red: 0.431, green: 0.714, blue: 0.533),
    |                        `- error: cannot find 'Color' in scope
 81 |                 .call: Color(red: 0.431, green: 0.714, blue: 0.533),
 82 |                 .number: Color(red: 0.559, green: 0.504, blue: 0.745),
/Users/admin/builder/spi-builder-workspace/.dependencies/checkouts/Splash/Sources/Splash/Theming/Theme+Defaults.swift:81:24: error: cannot find 'Color' in scope
 79 |                 .string: Color(red: 0.966, green: 0.517, blue: 0.29),
 80 |                 .type: Color(red: 0.431, green: 0.714, blue: 0.533),
 81 |                 .call: Color(red: 0.431, green: 0.714, blue: 0.533),
    |                        `- error: cannot find 'Color' in scope
 82 |                 .number: Color(red: 0.559, green: 0.504, blue: 0.745),
 83 |                 .comment: Color(red: 0.484, green: 0.483, blue: 0.504),
/Users/admin/builder/spi-builder-workspace/.dependencies/checkouts/Splash/Sources/Splash/Theming/Theme+Defaults.swift:82:26: error: cannot find 'Color' in scope
 80 |                 .type: Color(red: 0.431, green: 0.714, blue: 0.533),
 81 |                 .call: Color(red: 0.431, green: 0.714, blue: 0.533),
 82 |                 .number: Color(red: 0.559, green: 0.504, blue: 0.745),
    |                          `- error: cannot find 'Color' in scope
 83 |                 .comment: Color(red: 0.484, green: 0.483, blue: 0.504),
 84 |                 .property: Color(red: 0.431, green: 0.714, blue: 0.533),
/Users/admin/builder/spi-builder-workspace/.dependencies/checkouts/Splash/Sources/Splash/Theming/Theme+Defaults.swift:83:27: error: cannot find 'Color' in scope
 81 |                 .call: Color(red: 0.431, green: 0.714, blue: 0.533),
 82 |                 .number: Color(red: 0.559, green: 0.504, blue: 0.745),
 83 |                 .comment: Color(red: 0.484, green: 0.483, blue: 0.504),
    |                           `- error: cannot find 'Color' in scope
 84 |                 .property: Color(red: 0.431, green: 0.714, blue: 0.533),
 85 |                 .dotAccess: Color(red: 0.431, green: 0.714, blue: 0.533),
/Users/admin/builder/spi-builder-workspace/.dependencies/checkouts/Splash/Sources/Splash/Theming/Theme+Defaults.swift:84:28: error: cannot find 'Color' in scope
 82 |                 .number: Color(red: 0.559, green: 0.504, blue: 0.745),
 83 |                 .comment: Color(red: 0.484, green: 0.483, blue: 0.504),
 84 |                 .property: Color(red: 0.431, green: 0.714, blue: 0.533),
    |                            `- error: cannot find 'Color' in scope
 85 |                 .dotAccess: Color(red: 0.431, green: 0.714, blue: 0.533),
 86 |                 .preprocessing: Color(red: 0.992, green: 0.791, blue: 0.45)
/Users/admin/builder/spi-builder-workspace/.dependencies/checkouts/Splash/Sources/Splash/Theming/Theme+Defaults.swift:85:29: error: cannot find 'Color' in scope
 83 |                 .comment: Color(red: 0.484, green: 0.483, blue: 0.504),
 84 |                 .property: Color(red: 0.431, green: 0.714, blue: 0.533),
 85 |                 .dotAccess: Color(red: 0.431, green: 0.714, blue: 0.533),
    |                             `- error: cannot find 'Color' in scope
 86 |                 .preprocessing: Color(red: 0.992, green: 0.791, blue: 0.45)
 87 |             ],
/Users/admin/builder/spi-builder-workspace/.dependencies/checkouts/Splash/Sources/Splash/Theming/Theme+Defaults.swift:86:33: error: cannot find 'Color' in scope
 84 |                 .property: Color(red: 0.431, green: 0.714, blue: 0.533),
 85 |                 .dotAccess: Color(red: 0.431, green: 0.714, blue: 0.533),
 86 |                 .preprocessing: Color(red: 0.992, green: 0.791, blue: 0.45)
    |                                 `- error: cannot find 'Color' in scope
 87 |             ],
 88 |             backgroundColor: Color(
/Users/admin/builder/spi-builder-workspace/.dependencies/checkouts/Splash/Sources/Splash/Theming/Theme+Defaults.swift:88:30: error: cannot find 'Color' in scope
 86 |                 .preprocessing: Color(red: 0.992, green: 0.791, blue: 0.45)
 87 |             ],
 88 |             backgroundColor: Color(
    |                              `- error: cannot find 'Color' in scope
 89 |                 red: 0.18,
 90 |                 green: 0.19,
/Users/admin/builder/spi-builder-workspace/.dependencies/checkouts/Splash/Sources/Splash/Theming/Theme+Defaults.swift:100:29: error: cannot find 'Color' in scope
 98 |         return Theme(
 99 |             font: font,
100 |             plainTextColor: Color(
    |                             `- error: cannot find 'Color' in scope
101 |                 red: 1,
102 |                 green: 1,
/Users/admin/builder/spi-builder-workspace/.dependencies/checkouts/Splash/Sources/Splash/Theming/Theme+Defaults.swift:106:27: error: cannot find 'Color' in scope
104 |             ),
105 |             tokenColors: [
106 |                 .keyword: Color(red: 0.948, green: 0.140, blue: 0.547),
    |                           `- error: cannot find 'Color' in scope
107 |                 .string: Color(red: 0.988, green: 0.273, blue: 0.317),
108 |                 .type: Color(red: 0.584, green: 0.898, blue: 0.361),
/Users/admin/builder/spi-builder-workspace/.dependencies/checkouts/Splash/Sources/Splash/Theming/Theme+Defaults.swift:107:26: error: cannot find 'Color' in scope
105 |             tokenColors: [
106 |                 .keyword: Color(red: 0.948, green: 0.140, blue: 0.547),
107 |                 .string: Color(red: 0.988, green: 0.273, blue: 0.317),
    |                          `- error: cannot find 'Color' in scope
108 |                 .type: Color(red: 0.584, green: 0.898, blue: 0.361),
109 |                 .call: Color(red: 0.584, green: 0.898, blue: 0.361),
/Users/admin/builder/spi-builder-workspace/.dependencies/checkouts/Splash/Sources/Splash/Theming/Theme+Defaults.swift:108:24: error: cannot find 'Color' in scope
106 |                 .keyword: Color(red: 0.948, green: 0.140, blue: 0.547),
107 |                 .string: Color(red: 0.988, green: 0.273, blue: 0.317),
108 |                 .type: Color(red: 0.584, green: 0.898, blue: 0.361),
    |                        `- error: cannot find 'Color' in scope
109 |                 .call: Color(red: 0.584, green: 0.898, blue: 0.361),
110 |                 .number: Color(red: 0.587, green: 0.517, blue: 0.974),
/Users/admin/builder/spi-builder-workspace/.dependencies/checkouts/Splash/Sources/Splash/Theming/Theme+Defaults.swift:109:24: error: cannot find 'Color' in scope
107 |                 .string: Color(red: 0.988, green: 0.273, blue: 0.317),
108 |                 .type: Color(red: 0.584, green: 0.898, blue: 0.361),
109 |                 .call: Color(red: 0.584, green: 0.898, blue: 0.361),
    |                        `- error: cannot find 'Color' in scope
110 |                 .number: Color(red: 0.587, green: 0.517, blue: 0.974),
111 |                 .comment: Color(red: 0.424, green: 0.475, blue: 0.529),
/Users/admin/builder/spi-builder-workspace/.dependencies/checkouts/Splash/Sources/Splash/Theming/Theme+Defaults.swift:110:26: error: cannot find 'Color' in scope
108 |                 .type: Color(red: 0.584, green: 0.898, blue: 0.361),
109 |                 .call: Color(red: 0.584, green: 0.898, blue: 0.361),
110 |                 .number: Color(red: 0.587, green: 0.517, blue: 0.974),
    |                          `- error: cannot find 'Color' in scope
111 |                 .comment: Color(red: 0.424, green: 0.475, blue: 0.529),
112 |                 .property: Color(red: 0.584, green: 0.898, blue: 0.361),
/Users/admin/builder/spi-builder-workspace/.dependencies/checkouts/Splash/Sources/Splash/Theming/Theme+Defaults.swift:111:27: error: cannot find 'Color' in scope
109 |                 .call: Color(red: 0.584, green: 0.898, blue: 0.361),
110 |                 .number: Color(red: 0.587, green: 0.517, blue: 0.974),
111 |                 .comment: Color(red: 0.424, green: 0.475, blue: 0.529),
    |                           `- error: cannot find 'Color' in scope
112 |                 .property: Color(red: 0.584, green: 0.898, blue: 0.361),
113 |                 .dotAccess: Color(red: 0.584, green: 0.898, blue: 0.361),
/Users/admin/builder/spi-builder-workspace/.dependencies/checkouts/Splash/Sources/Splash/Theming/Theme+Defaults.swift:112:28: error: cannot find 'Color' in scope
110 |                 .number: Color(red: 0.587, green: 0.517, blue: 0.974),
111 |                 .comment: Color(red: 0.424, green: 0.475, blue: 0.529),
112 |                 .property: Color(red: 0.584, green: 0.898, blue: 0.361),
    |                            `- error: cannot find 'Color' in scope
113 |                 .dotAccess: Color(red: 0.584, green: 0.898, blue: 0.361),
114 |                 .preprocessing: Color(red: 0.952, green: 0.526, blue: 0.229)
/Users/admin/builder/spi-builder-workspace/.dependencies/checkouts/Splash/Sources/Splash/Theming/Theme+Defaults.swift:113:29: error: cannot find 'Color' in scope
111 |                 .comment: Color(red: 0.424, green: 0.475, blue: 0.529),
112 |                 .property: Color(red: 0.584, green: 0.898, blue: 0.361),
113 |                 .dotAccess: Color(red: 0.584, green: 0.898, blue: 0.361),
    |                             `- error: cannot find 'Color' in scope
114 |                 .preprocessing: Color(red: 0.952, green: 0.526, blue: 0.229)
115 |             ],
/Users/admin/builder/spi-builder-workspace/.dependencies/checkouts/Splash/Sources/Splash/Theming/Theme+Defaults.swift:114:33: error: cannot find 'Color' in scope
112 |                 .property: Color(red: 0.584, green: 0.898, blue: 0.361),
113 |                 .dotAccess: Color(red: 0.584, green: 0.898, blue: 0.361),
114 |                 .preprocessing: Color(red: 0.952, green: 0.526, blue: 0.229)
    |                                 `- error: cannot find 'Color' in scope
115 |             ],
116 |             backgroundColor: Color(
/Users/admin/builder/spi-builder-workspace/.dependencies/checkouts/Splash/Sources/Splash/Theming/Theme+Defaults.swift:116:30: error: cannot find 'Color' in scope
114 |                 .preprocessing: Color(red: 0.952, green: 0.526, blue: 0.229)
115 |             ],
116 |             backgroundColor: Color(
    |                              `- error: cannot find 'Color' in scope
117 |                 red: 0.163,
118 |                 green: 0.163,
/Users/admin/builder/spi-builder-workspace/.dependencies/checkouts/Splash/Sources/Splash/Theming/Theme+Defaults.swift:128:29: error: cannot find 'Color' in scope
126 |         return Theme(
127 |             font: font,
128 |             plainTextColor: Color(
    |                             `- error: cannot find 'Color' in scope
129 |                 red: 0,
130 |                 green: 0,
/Users/admin/builder/spi-builder-workspace/.dependencies/checkouts/Splash/Sources/Splash/Theming/Theme+Defaults.swift:134:27: error: cannot find 'Color' in scope
132 |             ),
133 |             tokenColors: [
134 |                 .keyword: Color(red: 0.161, green: 0.259, blue: 0.467),
    |                           `- error: cannot find 'Color' in scope
135 |                 .string: Color(red: 0.875, green: 0.027, blue: 0.0),
136 |                 .type: Color(red: 0.706, green: 0.27, blue: 0.0),
/Users/admin/builder/spi-builder-workspace/.dependencies/checkouts/Splash/Sources/Splash/Theming/Theme+Defaults.swift:135:26: error: cannot find 'Color' in scope
133 |             tokenColors: [
134 |                 .keyword: Color(red: 0.161, green: 0.259, blue: 0.467),
135 |                 .string: Color(red: 0.875, green: 0.027, blue: 0.0),
    |                          `- error: cannot find 'Color' in scope
136 |                 .type: Color(red: 0.706, green: 0.27, blue: 0.0),
137 |                 .call: Color(red: 0.278, green: 0.415, blue: 0.593),
/Users/admin/builder/spi-builder-workspace/.dependencies/checkouts/Splash/Sources/Splash/Theming/Theme+Defaults.swift:136:24: error: cannot find 'Color' in scope
134 |                 .keyword: Color(red: 0.161, green: 0.259, blue: 0.467),
135 |                 .string: Color(red: 0.875, green: 0.027, blue: 0.0),
136 |                 .type: Color(red: 0.706, green: 0.27, blue: 0.0),
    |                        `- error: cannot find 'Color' in scope
137 |                 .call: Color(red: 0.278, green: 0.415, blue: 0.593),
138 |                 .number: Color(red: 0.161, green: 0.259, blue: 0.467),
/Users/admin/builder/spi-builder-workspace/.dependencies/checkouts/Splash/Sources/Splash/Theming/Theme+Defaults.swift:137:24: error: cannot find 'Color' in scope
135 |                 .string: Color(red: 0.875, green: 0.027, blue: 0.0),
136 |                 .type: Color(red: 0.706, green: 0.27, blue: 0.0),
137 |                 .call: Color(red: 0.278, green: 0.415, blue: 0.593),
    |                        `- error: cannot find 'Color' in scope
138 |                 .number: Color(red: 0.161, green: 0.259, blue: 0.467),
139 |                 .comment: Color(red: 0.765, green: 0.455, blue: 0.11),
/Users/admin/builder/spi-builder-workspace/.dependencies/checkouts/Splash/Sources/Splash/Theming/Theme+Defaults.swift:138:26: error: cannot find 'Color' in scope
136 |                 .type: Color(red: 0.706, green: 0.27, blue: 0.0),
137 |                 .call: Color(red: 0.278, green: 0.415, blue: 0.593),
138 |                 .number: Color(red: 0.161, green: 0.259, blue: 0.467),
    |                          `- error: cannot find 'Color' in scope
139 |                 .comment: Color(red: 0.765, green: 0.455, blue: 0.11),
140 |                 .property: Color(red: 0.278, green: 0.415, blue: 0.593),
/Users/admin/builder/spi-builder-workspace/.dependencies/checkouts/Splash/Sources/Splash/Theming/Theme+Defaults.swift:139:27: error: cannot find 'Color' in scope
137 |                 .call: Color(red: 0.278, green: 0.415, blue: 0.593),
138 |                 .number: Color(red: 0.161, green: 0.259, blue: 0.467),
139 |                 .comment: Color(red: 0.765, green: 0.455, blue: 0.11),
    |                           `- error: cannot find 'Color' in scope
140 |                 .property: Color(red: 0.278, green: 0.415, blue: 0.593),
141 |                 .dotAccess: Color(red: 0.278, green: 0.415, blue: 0.593),
/Users/admin/builder/spi-builder-workspace/.dependencies/checkouts/Splash/Sources/Splash/Theming/Theme+Defaults.swift:140:28: error: cannot find 'Color' in scope
138 |                 .number: Color(red: 0.161, green: 0.259, blue: 0.467),
139 |                 .comment: Color(red: 0.765, green: 0.455, blue: 0.11),
140 |                 .property: Color(red: 0.278, green: 0.415, blue: 0.593),
    |                            `- error: cannot find 'Color' in scope
141 |                 .dotAccess: Color(red: 0.278, green: 0.415, blue: 0.593),
142 |                 .preprocessing: Color(red: 0.392, green: 0.391, blue: 0.52)
/Users/admin/builder/spi-builder-workspace/.dependencies/checkouts/Splash/Sources/Splash/Theming/Theme+Defaults.swift:141:29: error: cannot find 'Color' in scope
139 |                 .comment: Color(red: 0.765, green: 0.455, blue: 0.11),
140 |                 .property: Color(red: 0.278, green: 0.415, blue: 0.593),
141 |                 .dotAccess: Color(red: 0.278, green: 0.415, blue: 0.593),
    |                             `- error: cannot find 'Color' in scope
142 |                 .preprocessing: Color(red: 0.392, green: 0.391, blue: 0.52)
143 |             ],
/Users/admin/builder/spi-builder-workspace/.dependencies/checkouts/Splash/Sources/Splash/Theming/Theme+Defaults.swift:142:33: error: cannot find 'Color' in scope
140 |                 .property: Color(red: 0.278, green: 0.415, blue: 0.593),
141 |                 .dotAccess: Color(red: 0.278, green: 0.415, blue: 0.593),
142 |                 .preprocessing: Color(red: 0.392, green: 0.391, blue: 0.52)
    |                                 `- error: cannot find 'Color' in scope
143 |             ],
144 |             backgroundColor: Color(
/Users/admin/builder/spi-builder-workspace/.dependencies/checkouts/Splash/Sources/Splash/Theming/Theme+Defaults.swift:144:30: error: cannot find 'Color' in scope
142 |                 .preprocessing: Color(red: 0.392, green: 0.391, blue: 0.52)
143 |             ],
144 |             backgroundColor: Color(
    |                              `- error: cannot find 'Color' in scope
145 |                 red: 1,
146 |                 green: 0.99,
/Users/admin/builder/spi-builder-workspace/.dependencies/checkouts/Splash/Sources/Splash/Theming/Theme+Defaults.swift:156:29: error: cannot find 'Color' in scope
154 |         return Theme(
155 |             font: font,
156 |             plainTextColor: Color(
    |                             `- error: cannot find 'Color' in scope
157 |                 red: 0,
158 |                 green: 0,
/Users/admin/builder/spi-builder-workspace/.dependencies/checkouts/Splash/Sources/Splash/Theming/Theme+Defaults.swift:162:27: error: cannot find 'Color' in scope
160 |             ),
161 |             tokenColors: [
162 |                 .keyword: Color(red: 0.706, green: 0.0, blue: 0.384),
    |                           `- error: cannot find 'Color' in scope
163 |                 .string: Color(red: 0.729, green: 0.0, blue: 0.067),
164 |                 .type: Color(red: 0.267, green: 0.537, blue: 0.576),
/Users/admin/builder/spi-builder-workspace/.dependencies/checkouts/Splash/Sources/Splash/Theming/Theme+Defaults.swift:163:26: error: cannot find 'Color' in scope
161 |             tokenColors: [
162 |                 .keyword: Color(red: 0.706, green: 0.0, blue: 0.384),
163 |                 .string: Color(red: 0.729, green: 0.0, blue: 0.067),
    |                          `- error: cannot find 'Color' in scope
164 |                 .type: Color(red: 0.267, green: 0.537, blue: 0.576),
165 |                 .call: Color(red: 0.267, green: 0.537, blue: 0.576),
/Users/admin/builder/spi-builder-workspace/.dependencies/checkouts/Splash/Sources/Splash/Theming/Theme+Defaults.swift:164:24: error: cannot find 'Color' in scope
162 |                 .keyword: Color(red: 0.706, green: 0.0, blue: 0.384),
163 |                 .string: Color(red: 0.729, green: 0.0, blue: 0.067),
164 |                 .type: Color(red: 0.267, green: 0.537, blue: 0.576),
    |                        `- error: cannot find 'Color' in scope
165 |                 .call: Color(red: 0.267, green: 0.537, blue: 0.576),
166 |                 .number: Color(red: 0.0, green: 0.043, blue: 1.0),
/Users/admin/builder/spi-builder-workspace/.dependencies/checkouts/Splash/Sources/Splash/Theming/Theme+Defaults.swift:165:24: error: cannot find 'Color' in scope
163 |                 .string: Color(red: 0.729, green: 0.0, blue: 0.067),
164 |                 .type: Color(red: 0.267, green: 0.537, blue: 0.576),
165 |                 .call: Color(red: 0.267, green: 0.537, blue: 0.576),
    |                        `- error: cannot find 'Color' in scope
166 |                 .number: Color(red: 0.0, green: 0.043, blue: 1.0),
167 |                 .comment: Color(red: 0.336, green: 0.376, blue: 0.42),
/Users/admin/builder/spi-builder-workspace/.dependencies/checkouts/Splash/Sources/Splash/Theming/Theme+Defaults.swift:166:26: error: cannot find 'Color' in scope
164 |                 .type: Color(red: 0.267, green: 0.537, blue: 0.576),
165 |                 .call: Color(red: 0.267, green: 0.537, blue: 0.576),
166 |                 .number: Color(red: 0.0, green: 0.043, blue: 1.0),
    |                          `- error: cannot find 'Color' in scope
167 |                 .comment: Color(red: 0.336, green: 0.376, blue: 0.42),
168 |                 .property: Color(red: 0.267, green: 0.537, blue: 0.576),
/Users/admin/builder/spi-builder-workspace/.dependencies/checkouts/Splash/Sources/Splash/Theming/Theme+Defaults.swift:167:27: error: cannot find 'Color' in scope
165 |                 .call: Color(red: 0.267, green: 0.537, blue: 0.576),
166 |                 .number: Color(red: 0.0, green: 0.043, blue: 1.0),
167 |                 .comment: Color(red: 0.336, green: 0.376, blue: 0.42),
    |                           `- error: cannot find 'Color' in scope
168 |                 .property: Color(red: 0.267, green: 0.537, blue: 0.576),
169 |                 .dotAccess: Color(red: 0.267, green: 0.537, blue: 0.576),
/Users/admin/builder/spi-builder-workspace/.dependencies/checkouts/Splash/Sources/Splash/Theming/Theme+Defaults.swift:168:28: error: cannot find 'Color' in scope
166 |                 .number: Color(red: 0.0, green: 0.043, blue: 1.0),
167 |                 .comment: Color(red: 0.336, green: 0.376, blue: 0.42),
168 |                 .property: Color(red: 0.267, green: 0.537, blue: 0.576),
    |                            `- error: cannot find 'Color' in scope
169 |                 .dotAccess: Color(red: 0.267, green: 0.537, blue: 0.576),
170 |                 .preprocessing: Color(red: 0.431, green: 0.125, blue: 0.051)
/Users/admin/builder/spi-builder-workspace/.dependencies/checkouts/Splash/Sources/Splash/Theming/Theme+Defaults.swift:169:29: error: cannot find 'Color' in scope
167 |                 .comment: Color(red: 0.336, green: 0.376, blue: 0.42),
168 |                 .property: Color(red: 0.267, green: 0.537, blue: 0.576),
169 |                 .dotAccess: Color(red: 0.267, green: 0.537, blue: 0.576),
    |                             `- error: cannot find 'Color' in scope
170 |                 .preprocessing: Color(red: 0.431, green: 0.125, blue: 0.051)
171 |             ],
/Users/admin/builder/spi-builder-workspace/.dependencies/checkouts/Splash/Sources/Splash/Theming/Theme+Defaults.swift:170:33: error: cannot find 'Color' in scope
168 |                 .property: Color(red: 0.267, green: 0.537, blue: 0.576),
169 |                 .dotAccess: Color(red: 0.267, green: 0.537, blue: 0.576),
170 |                 .preprocessing: Color(red: 0.431, green: 0.125, blue: 0.051)
    |                                 `- error: cannot find 'Color' in scope
171 |             ],
172 |             backgroundColor: Color(
SwiftCompile normal arm64 /Users/admin/builder/spi-builder-workspace/.dependencies/checkouts/Splash/Sources/Splash/Theming/Font.swift (in target 'Splash' from project 'Splash')
    cd /Users/admin/builder/spi-builder-workspace/.swiftpm/xcode
    builtin-SwiftPerFileCompile Font.swift
SwiftCompile normal arm64 /Users/admin/builder/spi-builder-workspace/.dependencies/checkouts/Splash/Sources/Splash/Theming/Theme+Defaults.swift (in target 'Splash' from project 'Splash')
    cd /Users/admin/builder/spi-builder-workspace/.swiftpm/xcode
    builtin-SwiftPerFileCompile Theme+Defaults.swift
SwiftCompile normal arm64 Compiling\ SyntaxRule.swift,\ Color.swift /Users/admin/builder/spi-builder-workspace/.dependencies/checkouts/Splash/Sources/Splash/Syntax/SyntaxRule.swift /Users/admin/builder/spi-builder-workspace/.dependencies/checkouts/Splash/Sources/Splash/Theming/Color.swift (in target 'Splash' from project 'Splash')
SwiftCompile normal arm64 /Users/admin/builder/spi-builder-workspace/.dependencies/checkouts/Splash/Sources/Splash/Syntax/SyntaxRule.swift (in target 'Splash' from project 'Splash')
    cd /Users/admin/builder/spi-builder-workspace/.swiftpm/xcode
    builtin-SwiftPerFileCompile SyntaxRule.swift
SwiftCompile normal arm64 /Users/admin/builder/spi-builder-workspace/.dependencies/checkouts/Splash/Sources/Splash/Theming/Color.swift (in target 'Splash' from project 'Splash')
    cd /Users/admin/builder/spi-builder-workspace/.swiftpm/xcode
    builtin-SwiftPerFileCompile Color.swift
SwiftCompile normal arm64 Compiling\ CharacterSet+Contains.swift,\ Equatable+AnyOf.swift,\ Int+IsOdd.swift /Users/admin/builder/spi-builder-workspace/.dependencies/checkouts/Splash/Sources/Splash/Extensions/CharacterSet/CharacterSet+Contains.swift /Users/admin/builder/spi-builder-workspace/.dependencies/checkouts/Splash/Sources/Splash/Extensions/Equatable/Equatable+AnyOf.swift /Users/admin/builder/spi-builder-workspace/.dependencies/checkouts/Splash/Sources/Splash/Extensions/Int/Int+IsOdd.swift (in target 'Splash' from project 'Splash')
SwiftCompile normal arm64 /Users/admin/builder/spi-builder-workspace/.dependencies/checkouts/Splash/Sources/Splash/Extensions/CharacterSet/CharacterSet+Contains.swift (in target 'Splash' from project 'Splash')
    cd /Users/admin/builder/spi-builder-workspace/.swiftpm/xcode
    builtin-SwiftPerFileCompile CharacterSet+Contains.swift
SwiftCompile normal arm64 /Users/admin/builder/spi-builder-workspace/.dependencies/checkouts/Splash/Sources/Splash/Extensions/Equatable/Equatable+AnyOf.swift (in target 'Splash' from project 'Splash')
    cd /Users/admin/builder/spi-builder-workspace/.swiftpm/xcode
    builtin-SwiftPerFileCompile Equatable+AnyOf.swift
SwiftCompile normal arm64 /Users/admin/builder/spi-builder-workspace/.dependencies/checkouts/Splash/Sources/Splash/Extensions/Int/Int+IsOdd.swift (in target 'Splash' from project 'Splash')
    cd /Users/admin/builder/spi-builder-workspace/.swiftpm/xcode
    builtin-SwiftPerFileCompile Int+IsOdd.swift
SwiftCompile normal arm64 Compiling\ Substring+HasSuffix.swift,\ Grammar.swift,\ SwiftGrammar.swift /Users/admin/builder/spi-builder-workspace/.dependencies/checkouts/Splash/Sources/Splash/Extensions/Strings/Substring+HasSuffix.swift /Users/admin/builder/spi-builder-workspace/.dependencies/checkouts/Splash/Sources/Splash/Grammar/Grammar.swift /Users/admin/builder/spi-builder-workspace/.dependencies/checkouts/Splash/Sources/Splash/Grammar/SwiftGrammar.swift (in target 'Splash' from project 'Splash')
SwiftCompile normal arm64 /Users/admin/builder/spi-builder-workspace/.dependencies/checkouts/Splash/Sources/Splash/Extensions/Strings/Substring+HasSuffix.swift (in target 'Splash' from project 'Splash')
    cd /Users/admin/builder/spi-builder-workspace/.swiftpm/xcode
    builtin-SwiftPerFileCompile Substring+HasSuffix.swift
SwiftCompile normal arm64 /Users/admin/builder/spi-builder-workspace/.dependencies/checkouts/Splash/Sources/Splash/Grammar/Grammar.swift (in target 'Splash' from project 'Splash')
    cd /Users/admin/builder/spi-builder-workspace/.swiftpm/xcode
    builtin-SwiftPerFileCompile Grammar.swift
SwiftCompile normal arm64 /Users/admin/builder/spi-builder-workspace/.dependencies/checkouts/Splash/Sources/Splash/Grammar/SwiftGrammar.swift (in target 'Splash' from project 'Splash')
    cd /Users/admin/builder/spi-builder-workspace/.swiftpm/xcode
    builtin-SwiftPerFileCompile SwiftGrammar.swift
PruneExplicitPrecompiledModules /Users/admin/builder/spi-builder-workspace/.derivedData/SDKExplicitPrecompiledModules
PruneExplicitPrecompiledModules /Users/admin/builder/spi-builder-workspace/.derivedData/Build/Intermediates.noindex/SwiftExplicitPrecompiledModules
PruneExplicitPrecompiledModules /Users/admin/builder/spi-builder-workspace/.derivedData/Build/Intermediates.noindex/ExplicitPrecompiledModules
2026-09-21 18:04:39.215 xcodebuild[1053:5894] [MT] IDERunDestination: Supported platforms for the buildables in the current scheme is empty.
2026-09-21 18:04:39.317 xcodebuild[1053:5894] [MT] IDERunDestination: Supported platforms for the buildables in the current scheme is empty.
** BUILD FAILED **
The following build commands failed:
	SwiftEmitModule normal arm64 Emitting\ module\ for\ Splash (in target 'Splash' from project 'Splash')
	SwiftCompile normal arm64 (in target 'Splash' from project 'Splash')
	Building workspace swiftui-showcase with scheme swiftui-showcase-Package
(3 failures)
BUILD FAILURE 6.4 visionOS