Build Information
Failed to build Java, reference master (e94491), with Swift 6.4 for watchOS using Xcode 27.0 on 16 Sep 2026 02:57:03 UTC.
Build Command
env DEVELOPER_DIR=/Applications/Xcode-27.0.0-Release.Candidate.app xcrun xcodebuild -IDEClonedSourcePackagesDirPathOverride=$PWD/.dependencies -skipMacroValidation -skipPackagePluginValidation -derivedDataPath $PWD/.derivedData build -scheme Java -destination generic/platform=watchOSBuild Log
========================================
RunAll
========================================
Builder version: 5.1.0
Interrupt handler set up.
========================================
Checkout
========================================
Clone URL: https://github.com/readdle/swift-java.git
Reference: master
Initialized empty Git repository in /Users/admin/builder/spi-builder-workspace/.git/
From https://github.com/readdle/swift-java
* branch master -> FETCH_HEAD
* [new branch] master -> origin/master
HEAD is now at e944916 Dev: support Swift 5.7
Cloned https://github.com/readdle/swift-java.git
Revision (git rev-parse @):
e9449162891ce8e9687e9ff87d44c0752556df49
SUCCESS checkout https://github.com/readdle/swift-java.git at master
========================================
Build
========================================
Selected platform: watchOS
Swift version: 6.4
Building package at path: $PWD
https://github.com/readdle/swift-java.git
Command line invocation:
/Applications/Xcode-27.0.0-Release.Candidate.app/Contents/Developer/usr/bin/xcodebuild -IDEClonedSourcePackagesDirPathOverride=/Users/admin/builder/spi-builder-workspace/.dependencies -resolvePackageDependencies
Resolve Package Graph
Fetching from https://github.com/readdle/java_swift.git
Fetching from https://github.com/readdle/swift-java-coder.git
Fetching from https://github.com/readdle/swift-anycodable.git
Fetching from https://github.com/readdle/swift-android-ndk.git
Creating working copy of package ‘swift-android-ndk’
Checking out 1.1.4 of package ‘swift-android-ndk’
Creating working copy of package ‘swift-anycodable’
Checking out 1.0.3 of package ‘swift-anycodable’
Creating working copy of package ‘java_swift’
Checking out 2.2.3 of package ‘java_swift’
Creating working copy of package ‘swift-java-coder’
Checking out 1.1.2 of package ‘swift-java-coder’
Resolve Package Graph
Resolved source packages:
java_swift: https://github.com/readdle/java_swift.git @ 2.2.3
AndroidNDK: https://github.com/readdle/swift-android-ndk.git @ 1.1.4
Java: /Users/admin/builder/spi-builder-workspace
AnyCodable: https://github.com/readdle/swift-anycodable.git @ 1.0.3
JavaCoder: https://github.com/readdle/swift-java-coder.git @ 1.1.2
resolved source packages: java_swift, AndroidNDK, Java, AnyCodable, JavaCoder
2026-09-15 22:56:11.625 xcodebuild[563:3055] [MT] IDERunDestination: Supported platforms for the buildables in the current scheme is empty.
{
"dependencies" : [
{
"identity" : "swift-java-coder",
"requirement" : {
"range" : [
{
"lower_bound" : "1.1.0",
"upper_bound" : "1.2.0"
}
]
},
"type" : "sourceControl",
"url" : "https://github.com/readdle/swift-java-coder.git"
},
{
"identity" : "java_swift",
"requirement" : {
"range" : [
{
"lower_bound" : "2.2.0",
"upper_bound" : "2.3.0"
}
]
},
"type" : "sourceControl",
"url" : "https://github.com/readdle/java_swift.git"
}
],
"manifest_display_name" : "Java",
"name" : "Java",
"path" : "/Users/admin/builder/spi-builder-workspace",
"platforms" : [
],
"products" : [
{
"name" : "Java",
"targets" : [
"Java"
],
"type" : {
"library" : [
"automatic"
]
}
}
],
"swift_languages_versions" : [
"5",
"4"
],
"targets" : [
{
"c99name" : "Java",
"module_type" : "SwiftTarget",
"name" : "Java",
"path" : "Sources",
"product_dependencies" : [
"JavaCoder",
"java_swift"
],
"product_memberships" : [
"Java"
],
"sources" : [
"JavaBridgeable.swift"
],
"type" : "library"
}
],
"tools_version" : "4.0"
}
{
"workspace" : {
"name" : "Java",
"schemes" : [
"Java"
]
}
}
2026-09-15 22:56:53.522 xcodebuild[829:4840] [MT] IDERunDestination: Supported platforms for the buildables in the current scheme is empty.
Running build ...
env DEVELOPER_DIR=/Applications/Xcode-27.0.0-Release.Candidate.app xcrun xcodebuild -IDEClonedSourcePackagesDirPathOverride=$PWD/.dependencies -skipMacroValidation -skipPackagePluginValidation -derivedDataPath $PWD/.derivedData build -scheme Java -destination generic/platform=watchOS
Command line invocation:
/Applications/Xcode-27.0.0-Release.Candidate.app/Contents/Developer/usr/bin/xcodebuild -IDEClonedSourcePackagesDirPathOverride=/Users/admin/builder/spi-builder-workspace/.dependencies -skipMacroValidation -skipPackagePluginValidation -derivedDataPath /Users/admin/builder/spi-builder-workspace/.derivedData build -scheme Java -destination generic/platform=watchOS
Resolve Package Graph
Resolve Package Graph
Resolved source packages:
AndroidNDK: https://github.com/readdle/swift-android-ndk.git @ 1.1.4
java_swift: https://github.com/readdle/java_swift.git @ 2.2.3
Java: /Users/admin/builder/spi-builder-workspace
AnyCodable: https://github.com/readdle/swift-anycodable.git @ 1.0.3
JavaCoder: https://github.com/readdle/swift-java-coder.git @ 1.1.2
ComputePackagePrebuildTargetDependencyGraph
Prepare packages
CreateBuildRequest
SendProjectDescription
CreateBuildOperation
ComputeTargetDependencyGraph
note: Building targets in dependency order
note: Target dependency graph (11 targets)
Target 'Java-product' in project 'Java'
➜ Explicit dependency on target 'Java' in project 'Java'
➜ Explicit dependency on target 'JavaCoder-product' in project 'JavaCoder'
➜ Explicit dependency on target 'java_swift-product' in project 'java_swift'
Target 'Java' in project 'Java'
➜ Explicit dependency on target 'JavaCoder-product' in project 'JavaCoder'
➜ Explicit dependency on target 'java_swift-product' in project 'java_swift'
Target 'JavaCoder-product' in project 'JavaCoder'
➜ Explicit dependency on target 'JavaCoder' in project 'JavaCoder'
➜ Explicit dependency on target 'java_swift-product' in project 'java_swift'
➜ Explicit dependency on target 'AnyCodable-product' in project 'AnyCodable'
Target 'JavaCoder' in project 'JavaCoder'
➜ Explicit dependency on target 'java_swift-product' in project 'java_swift'
➜ Explicit dependency on target 'AnyCodable-product' in project 'AnyCodable'
Target 'AnyCodable-product' in project 'AnyCodable'
➜ Explicit dependency on target 'AnyCodable' in project 'AnyCodable'
Target 'AnyCodable' in project 'AnyCodable' (no dependencies)
Target 'java_swift-product' in project 'java_swift'
➜ Explicit dependency on target 'java_swift' in project 'java_swift'
➜ Explicit dependency on target 'AndroidNDK-product' in project 'AndroidNDK'
Target 'java_swift' in project 'java_swift'
➜ Explicit dependency on target 'AndroidNDK-product' in project 'AndroidNDK'
Target 'AndroidNDK-product' in project 'AndroidNDK'
➜ Explicit dependency on target 'AndroidNDK' in project 'AndroidNDK'
➜ Explicit dependency on target 'CAndroidNDK' in project 'AndroidNDK'
Target 'AndroidNDK' in project 'AndroidNDK'
➜ Explicit dependency on target 'CAndroidNDK' in project 'AndroidNDK'
Target 'CAndroidNDK' in project 'AndroidNDK' (no dependencies)
GatherProvisioningInputs
CreateBuildDescription
ExecuteExternalTool /Applications/Xcode-27.0.0-Release.Candidate.app/Contents/Developer/Toolchains/XcodeDefault.xctoolchain/usr/bin/clang -v -E -dM -arch arm64 -isysroot /Applications/Xcode-27.0.0-Release.Candidate.app/Contents/Developer/Platforms/WatchOS.platform/Developer/SDKs/WatchOS27.0.sdk -x c -c /dev/null
ExecuteExternalTool /Applications/Xcode-27.0.0-Release.Candidate.app/Contents/Developer/Toolchains/XcodeDefault.xctoolchain/usr/bin/swiftc --version
ExecuteExternalTool /Applications/Xcode-27.0.0-Release.Candidate.app/Contents/Developer/Toolchains/XcodeDefault.xctoolchain/usr/bin/clang -v -E -dM -isysroot /Applications/Xcode-27.0.0-Release.Candidate.app/Contents/Developer/Platforms/WatchOS.platform/Developer/SDKs/WatchOS27.0.sdk -x c -c /dev/null
ExecuteExternalTool /Applications/Xcode-27.0.0-Release.Candidate.app/Contents/Developer/Toolchains/XcodeDefault.xctoolchain/usr/bin/ld -version_details
ExecuteExternalTool /Applications/Xcode-27.0.0-Release.Candidate.app/Contents/Developer/Toolchains/XcodeDefault.xctoolchain/usr/bin/clang -v -E -dM -arch arm64_32 -isysroot /Applications/Xcode-27.0.0-Release.Candidate.app/Contents/Developer/Platforms/WatchOS.platform/Developer/SDKs/WatchOS27.0.sdk -x c -c /dev/null
Build description signature: 50720aaec4f6e641b24b3d20d1f834d4
Build description path: /Users/admin/builder/spi-builder-workspace/.derivedData/Build/Intermediates.noindex/XCBuildData/50720aaec4f6e641b24b3d20d1f834d4.xcbuilddata
CreateBuildDirectory /Users/admin/builder/spi-builder-workspace/.derivedData/ModuleCache.noindex
cd /Users/admin/builder/spi-builder-workspace/.swiftpm/xcode
builtin-create-build-directory /Users/admin/builder/spi-builder-workspace/.derivedData/ModuleCache.noindex
CreateBuildDirectory /Users/admin/builder/spi-builder-workspace/.derivedData/SDKExplicitPrecompiledModules
cd /Users/admin/builder/spi-builder-workspace/.swiftpm/xcode
builtin-create-build-directory /Users/admin/builder/spi-builder-workspace/.derivedData/SDKExplicitPrecompiledModules
CreateBuildDirectory /Users/admin/builder/spi-builder-workspace/.derivedData/CompilationCache.noindex
cd /Users/admin/builder/spi-builder-workspace/.swiftpm/xcode
builtin-create-build-directory /Users/admin/builder/spi-builder-workspace/.derivedData/CompilationCache.noindex
ClangStatCache /Applications/Xcode-27.0.0-Release.Candidate.app/Contents/Developer/Toolchains/XcodeDefault.xctoolchain/usr/bin/clang-stat-cache /Applications/Xcode-27.0.0-Release.Candidate.app/Contents/Developer/Platforms/WatchOS.platform/Developer/SDKs/WatchOS27.0.sdk /Users/admin/builder/spi-builder-workspace/.derivedData/SDKStatCaches.noindex/watchos27.0-24R360-e829b21a6f8c9b70876ba0858053c04477534ef55a1706bf4c1112bbb242f0a2.sdkstatcache
cd /Users/admin/builder/spi-builder-workspace/.swiftpm/xcode
/Applications/Xcode-27.0.0-Release.Candidate.app/Contents/Developer/Toolchains/XcodeDefault.xctoolchain/usr/bin/clang-stat-cache /Applications/Xcode-27.0.0-Release.Candidate.app/Contents/Developer/Platforms/WatchOS.platform/Developer/SDKs/WatchOS27.0.sdk -o /Users/admin/builder/spi-builder-workspace/.derivedData/SDKStatCaches.noindex/watchos27.0-24R360-e829b21a6f8c9b70876ba0858053c04477534ef55a1706bf4c1112bbb242f0a2.sdkstatcache
CreateBuildDirectory /Users/admin/builder/spi-builder-workspace/.derivedData/Build/Products
cd /Users/admin/builder/spi-builder-workspace/.swiftpm/xcode
builtin-create-build-directory /Users/admin/builder/spi-builder-workspace/.derivedData/Build/Products
CreateBuildDirectory /Users/admin/builder/spi-builder-workspace/.derivedData/Build/Intermediates.noindex
cd /Users/admin/builder/spi-builder-workspace/.swiftpm/xcode
builtin-create-build-directory /Users/admin/builder/spi-builder-workspace/.derivedData/Build/Intermediates.noindex
CreateBuildDirectory /Users/admin/builder/spi-builder-workspace/.derivedData/Build/Intermediates.noindex/PrecompiledHeaders
cd /Users/admin/builder/spi-builder-workspace/.swiftpm/xcode
builtin-create-build-directory /Users/admin/builder/spi-builder-workspace/.derivedData/Build/Intermediates.noindex/PrecompiledHeaders
CreateBuildDirectory /Users/admin/builder/spi-builder-workspace/.derivedData/Build/Intermediates.noindex/SwiftExplicitPrecompiledModules
cd /Users/admin/builder/spi-builder-workspace/.swiftpm/xcode
builtin-create-build-directory /Users/admin/builder/spi-builder-workspace/.derivedData/Build/Intermediates.noindex/SwiftExplicitPrecompiledModules
CreateBuildDirectory /Users/admin/builder/spi-builder-workspace/.derivedData/Build/Intermediates.noindex/ExplicitPrecompiledModules
cd /Users/admin/builder/spi-builder-workspace/.swiftpm/xcode
builtin-create-build-directory /Users/admin/builder/spi-builder-workspace/.derivedData/Build/Intermediates.noindex/ExplicitPrecompiledModules
CreateBuildDirectory /Users/admin/builder/spi-builder-workspace/.derivedData/Build/Intermediates.noindex/EagerLinkingTBDs/Debug-watchos
cd /Users/admin/builder/spi-builder-workspace/.swiftpm/xcode
builtin-create-build-directory /Users/admin/builder/spi-builder-workspace/.derivedData/Build/Intermediates.noindex/EagerLinkingTBDs/Debug-watchos
CreateBuildDirectory /Users/admin/builder/spi-builder-workspace/.derivedData/Build/Products/Debug-watchos
cd /Users/admin/builder/spi-builder-workspace/.swiftpm/xcode
builtin-create-build-directory /Users/admin/builder/spi-builder-workspace/.derivedData/Build/Products/Debug-watchos
CreateBuildDirectory /Users/admin/builder/spi-builder-workspace/.derivedData/Build/Products/Debug-watchos/PackageFrameworks
cd /Users/admin/builder/spi-builder-workspace/.swiftpm/xcode
builtin-create-build-directory /Users/admin/builder/spi-builder-workspace/.derivedData/Build/Products/Debug-watchos/PackageFrameworks
WriteAuxiliaryFile /Users/admin/builder/spi-builder-workspace/.derivedData/Build/Intermediates.noindex/java_swift.build/Debug-watchos/java_swift-t.build/java_swift.DependencyStaticMetadataFileList (in target 'java_swift' from project 'java_swift')
cd /Users/admin/builder/spi-builder-workspace/.dependencies/checkouts/java_swift
write-file /Users/admin/builder/spi-builder-workspace/.derivedData/Build/Intermediates.noindex/java_swift.build/Debug-watchos/java_swift-t.build/java_swift.DependencyStaticMetadataFileList
WriteAuxiliaryFile /Users/admin/builder/spi-builder-workspace/.derivedData/Build/Intermediates.noindex/java_swift.build/Debug-watchos/java_swift-t.build/java_swift.DependencyMetadataFileList (in target 'java_swift' from project 'java_swift')
cd /Users/admin/builder/spi-builder-workspace/.dependencies/checkouts/java_swift
write-file /Users/admin/builder/spi-builder-workspace/.derivedData/Build/Intermediates.noindex/java_swift.build/Debug-watchos/java_swift-t.build/java_swift.DependencyMetadataFileList
WriteAuxiliaryFile /Users/admin/builder/spi-builder-workspace/.derivedData/Build/Intermediates.noindex/java_swift.build/Debug-watchos/java_swift-t.build/java_swift.modulemap (in target 'java_swift' from project 'java_swift')
cd /Users/admin/builder/spi-builder-workspace/.dependencies/checkouts/java_swift
write-file /Users/admin/builder/spi-builder-workspace/.derivedData/Build/Intermediates.noindex/java_swift.build/Debug-watchos/java_swift-t.build/java_swift.modulemap
WriteAuxiliaryFile /Users/admin/builder/spi-builder-workspace/.derivedData/Build/Intermediates.noindex/java_swift.build/Debug-watchos/java_swift-t.build/Objects-normal/arm64_32/java_swift.SwiftConstValuesFileList (in target 'java_swift' from project 'java_swift')
cd /Users/admin/builder/spi-builder-workspace/.dependencies/checkouts/java_swift
write-file /Users/admin/builder/spi-builder-workspace/.derivedData/Build/Intermediates.noindex/java_swift.build/Debug-watchos/java_swift-t.build/Objects-normal/arm64_32/java_swift.SwiftConstValuesFileList
WriteAuxiliaryFile /Users/admin/builder/spi-builder-workspace/.derivedData/Build/Intermediates.noindex/java_swift.build/Debug-watchos/java_swift-t.build/Objects-normal/arm64_32/java_swift.LinkFileList (in target 'java_swift' from project 'java_swift')
cd /Users/admin/builder/spi-builder-workspace/.dependencies/checkouts/java_swift
write-file /Users/admin/builder/spi-builder-workspace/.derivedData/Build/Intermediates.noindex/java_swift.build/Debug-watchos/java_swift-t.build/Objects-normal/arm64_32/java_swift.LinkFileList
WriteAuxiliaryFile /Users/admin/builder/spi-builder-workspace/.derivedData/Build/Intermediates.noindex/java_swift.build/Debug-watchos/java_swift-t.build/Objects-normal/arm64_32/java_swift-OutputFileMap.json (in target 'java_swift' from project 'java_swift')
cd /Users/admin/builder/spi-builder-workspace/.dependencies/checkouts/java_swift
write-file /Users/admin/builder/spi-builder-workspace/.derivedData/Build/Intermediates.noindex/java_swift.build/Debug-watchos/java_swift-t.build/Objects-normal/arm64_32/java_swift-OutputFileMap.json
WriteAuxiliaryFile /Users/admin/builder/spi-builder-workspace/.derivedData/Build/Intermediates.noindex/java_swift.build/Debug-watchos/java_swift-t.build/Objects-normal/arm64_32/java_swift.SwiftFileList (in target 'java_swift' from project 'java_swift')
cd /Users/admin/builder/spi-builder-workspace/.dependencies/checkouts/java_swift
write-file /Users/admin/builder/spi-builder-workspace/.derivedData/Build/Intermediates.noindex/java_swift.build/Debug-watchos/java_swift-t.build/Objects-normal/arm64_32/java_swift.SwiftFileList
WriteAuxiliaryFile /Users/admin/builder/spi-builder-workspace/.derivedData/Build/Intermediates.noindex/java_swift.build/Debug-watchos/java_swift-t.build/Objects-normal/arm64_32/java_swift_const_extract_protocols.json (in target 'java_swift' from project 'java_swift')
cd /Users/admin/builder/spi-builder-workspace/.dependencies/checkouts/java_swift
write-file /Users/admin/builder/spi-builder-workspace/.derivedData/Build/Intermediates.noindex/java_swift.build/Debug-watchos/java_swift-t.build/Objects-normal/arm64_32/java_swift_const_extract_protocols.json
WriteAuxiliaryFile /Users/admin/builder/spi-builder-workspace/.derivedData/Build/Intermediates.noindex/java_swift.build/Debug-watchos/java_swift-t.build/Objects-normal/arm64/java_swift_const_extract_protocols.json (in target 'java_swift' from project 'java_swift')
cd /Users/admin/builder/spi-builder-workspace/.dependencies/checkouts/java_swift
write-file /Users/admin/builder/spi-builder-workspace/.derivedData/Build/Intermediates.noindex/java_swift.build/Debug-watchos/java_swift-t.build/Objects-normal/arm64/java_swift_const_extract_protocols.json
WriteAuxiliaryFile /Users/admin/builder/spi-builder-workspace/.derivedData/Build/Intermediates.noindex/java_swift.build/Debug-watchos/java_swift-t.build/Objects-normal/arm64/java_swift.SwiftFileList (in target 'java_swift' from project 'java_swift')
cd /Users/admin/builder/spi-builder-workspace/.dependencies/checkouts/java_swift
write-file /Users/admin/builder/spi-builder-workspace/.derivedData/Build/Intermediates.noindex/java_swift.build/Debug-watchos/java_swift-t.build/Objects-normal/arm64/java_swift.SwiftFileList
WriteAuxiliaryFile /Users/admin/builder/spi-builder-workspace/.derivedData/Build/Intermediates.noindex/java_swift.build/Debug-watchos/java_swift-t.build/Objects-normal/arm64/java_swift.SwiftConstValuesFileList (in target 'java_swift' from project 'java_swift')
cd /Users/admin/builder/spi-builder-workspace/.dependencies/checkouts/java_swift
write-file /Users/admin/builder/spi-builder-workspace/.derivedData/Build/Intermediates.noindex/java_swift.build/Debug-watchos/java_swift-t.build/Objects-normal/arm64/java_swift.SwiftConstValuesFileList
WriteAuxiliaryFile /Users/admin/builder/spi-builder-workspace/.derivedData/Build/Intermediates.noindex/java_swift.build/Debug-watchos/java_swift-t.build/Objects-normal/arm64/java_swift.LinkFileList (in target 'java_swift' from project 'java_swift')
cd /Users/admin/builder/spi-builder-workspace/.dependencies/checkouts/java_swift
write-file /Users/admin/builder/spi-builder-workspace/.derivedData/Build/Intermediates.noindex/java_swift.build/Debug-watchos/java_swift-t.build/Objects-normal/arm64/java_swift.LinkFileList
WriteAuxiliaryFile /Users/admin/builder/spi-builder-workspace/.derivedData/Build/Intermediates.noindex/java_swift.build/Debug-watchos/java_swift-t.build/Objects-normal/arm64/java_swift-OutputFileMap.json (in target 'java_swift' from project 'java_swift')
cd /Users/admin/builder/spi-builder-workspace/.dependencies/checkouts/java_swift
write-file /Users/admin/builder/spi-builder-workspace/.derivedData/Build/Intermediates.noindex/java_swift.build/Debug-watchos/java_swift-t.build/Objects-normal/arm64/java_swift-OutputFileMap.json
Copy /Users/admin/builder/spi-builder-workspace/.derivedData/Build/Intermediates.noindex/GeneratedModuleMaps-watchos/java_swift.modulemap /Users/admin/builder/spi-builder-workspace/.derivedData/Build/Intermediates.noindex/java_swift.build/Debug-watchos/java_swift-t.build/java_swift.modulemap (in target 'java_swift' from project 'java_swift')
cd /Users/admin/builder/spi-builder-workspace/.dependencies/checkouts/java_swift
builtin-copy -exclude .DS_Store -exclude CVS -exclude .svn -exclude .git -exclude .hg -resolve-src-symlinks /Users/admin/builder/spi-builder-workspace/.derivedData/Build/Intermediates.noindex/java_swift.build/Debug-watchos/java_swift-t.build/java_swift.modulemap /Users/admin/builder/spi-builder-workspace/.derivedData/Build/Intermediates.noindex/GeneratedModuleMaps-watchos
WriteAuxiliaryFile /Users/admin/builder/spi-builder-workspace/.derivedData/Build/Intermediates.noindex/JavaCoder.build/Debug-watchos/JavaCoder-t.build/Objects-normal/arm64_32/JavaCoder.SwiftConstValuesFileList (in target 'JavaCoder' from project 'JavaCoder')
cd /Users/admin/builder/spi-builder-workspace/.dependencies/checkouts/swift-java-coder
write-file /Users/admin/builder/spi-builder-workspace/.derivedData/Build/Intermediates.noindex/JavaCoder.build/Debug-watchos/JavaCoder-t.build/Objects-normal/arm64_32/JavaCoder.SwiftConstValuesFileList
WriteAuxiliaryFile /Users/admin/builder/spi-builder-workspace/.derivedData/Build/Intermediates.noindex/JavaCoder.build/Debug-watchos/JavaCoder-t.build/Objects-normal/arm64_32/JavaCoder.SwiftFileList (in target 'JavaCoder' from project 'JavaCoder')
cd /Users/admin/builder/spi-builder-workspace/.dependencies/checkouts/swift-java-coder
write-file /Users/admin/builder/spi-builder-workspace/.derivedData/Build/Intermediates.noindex/JavaCoder.build/Debug-watchos/JavaCoder-t.build/Objects-normal/arm64_32/JavaCoder.SwiftFileList
WriteAuxiliaryFile /Users/admin/builder/spi-builder-workspace/.derivedData/Build/Intermediates.noindex/JavaCoder.build/Debug-watchos/JavaCoder-t.build/Objects-normal/arm64_32/JavaCoder_const_extract_protocols.json (in target 'JavaCoder' from project 'JavaCoder')
cd /Users/admin/builder/spi-builder-workspace/.dependencies/checkouts/swift-java-coder
write-file /Users/admin/builder/spi-builder-workspace/.derivedData/Build/Intermediates.noindex/JavaCoder.build/Debug-watchos/JavaCoder-t.build/Objects-normal/arm64_32/JavaCoder_const_extract_protocols.json
WriteAuxiliaryFile /Users/admin/builder/spi-builder-workspace/.derivedData/Build/Intermediates.noindex/JavaCoder.build/Debug-watchos/JavaCoder-t.build/Objects-normal/arm64_32/JavaCoder.LinkFileList (in target 'JavaCoder' from project 'JavaCoder')
cd /Users/admin/builder/spi-builder-workspace/.dependencies/checkouts/swift-java-coder
write-file /Users/admin/builder/spi-builder-workspace/.derivedData/Build/Intermediates.noindex/JavaCoder.build/Debug-watchos/JavaCoder-t.build/Objects-normal/arm64_32/JavaCoder.LinkFileList
WriteAuxiliaryFile /Users/admin/builder/spi-builder-workspace/.derivedData/Build/Intermediates.noindex/JavaCoder.build/Debug-watchos/JavaCoder-t.build/Objects-normal/arm64_32/JavaCoder-OutputFileMap.json (in target 'JavaCoder' from project 'JavaCoder')
cd /Users/admin/builder/spi-builder-workspace/.dependencies/checkouts/swift-java-coder
write-file /Users/admin/builder/spi-builder-workspace/.derivedData/Build/Intermediates.noindex/JavaCoder.build/Debug-watchos/JavaCoder-t.build/Objects-normal/arm64_32/JavaCoder-OutputFileMap.json
WriteAuxiliaryFile /Users/admin/builder/spi-builder-workspace/.derivedData/Build/Intermediates.noindex/JavaCoder.build/Debug-watchos/JavaCoder-t.build/Objects-normal/arm64/JavaCoder.SwiftFileList (in target 'JavaCoder' from project 'JavaCoder')
cd /Users/admin/builder/spi-builder-workspace/.dependencies/checkouts/swift-java-coder
write-file /Users/admin/builder/spi-builder-workspace/.derivedData/Build/Intermediates.noindex/JavaCoder.build/Debug-watchos/JavaCoder-t.build/Objects-normal/arm64/JavaCoder.SwiftFileList
WriteAuxiliaryFile /Users/admin/builder/spi-builder-workspace/.derivedData/Build/Intermediates.noindex/JavaCoder.build/Debug-watchos/JavaCoder-t.build/Objects-normal/arm64/JavaCoder.SwiftConstValuesFileList (in target 'JavaCoder' from project 'JavaCoder')
cd /Users/admin/builder/spi-builder-workspace/.dependencies/checkouts/swift-java-coder
write-file /Users/admin/builder/spi-builder-workspace/.derivedData/Build/Intermediates.noindex/JavaCoder.build/Debug-watchos/JavaCoder-t.build/Objects-normal/arm64/JavaCoder.SwiftConstValuesFileList
WriteAuxiliaryFile /Users/admin/builder/spi-builder-workspace/.derivedData/Build/Intermediates.noindex/JavaCoder.build/Debug-watchos/JavaCoder-t.build/Objects-normal/arm64/JavaCoder_const_extract_protocols.json (in target 'JavaCoder' from project 'JavaCoder')
cd /Users/admin/builder/spi-builder-workspace/.dependencies/checkouts/swift-java-coder
write-file /Users/admin/builder/spi-builder-workspace/.derivedData/Build/Intermediates.noindex/JavaCoder.build/Debug-watchos/JavaCoder-t.build/Objects-normal/arm64/JavaCoder_const_extract_protocols.json
WriteAuxiliaryFile /Users/admin/builder/spi-builder-workspace/.derivedData/Build/Intermediates.noindex/JavaCoder.build/Debug-watchos/JavaCoder-t.build/Objects-normal/arm64/JavaCoder.LinkFileList (in target 'JavaCoder' from project 'JavaCoder')
cd /Users/admin/builder/spi-builder-workspace/.dependencies/checkouts/swift-java-coder
write-file /Users/admin/builder/spi-builder-workspace/.derivedData/Build/Intermediates.noindex/JavaCoder.build/Debug-watchos/JavaCoder-t.build/Objects-normal/arm64/JavaCoder.LinkFileList
WriteAuxiliaryFile /Users/admin/builder/spi-builder-workspace/.derivedData/Build/Intermediates.noindex/JavaCoder.build/Debug-watchos/JavaCoder-t.build/Objects-normal/arm64/JavaCoder-OutputFileMap.json (in target 'JavaCoder' from project 'JavaCoder')
cd /Users/admin/builder/spi-builder-workspace/.dependencies/checkouts/swift-java-coder
write-file /Users/admin/builder/spi-builder-workspace/.derivedData/Build/Intermediates.noindex/JavaCoder.build/Debug-watchos/JavaCoder-t.build/Objects-normal/arm64/JavaCoder-OutputFileMap.json
WriteAuxiliaryFile /Users/admin/builder/spi-builder-workspace/.derivedData/Build/Intermediates.noindex/JavaCoder.build/Debug-watchos/JavaCoder-t.build/JavaCoder.modulemap (in target 'JavaCoder' from project 'JavaCoder')
cd /Users/admin/builder/spi-builder-workspace/.dependencies/checkouts/swift-java-coder
write-file /Users/admin/builder/spi-builder-workspace/.derivedData/Build/Intermediates.noindex/JavaCoder.build/Debug-watchos/JavaCoder-t.build/JavaCoder.modulemap
WriteAuxiliaryFile /Users/admin/builder/spi-builder-workspace/.derivedData/Build/Intermediates.noindex/JavaCoder.build/Debug-watchos/JavaCoder-t.build/JavaCoder.DependencyStaticMetadataFileList (in target 'JavaCoder' from project 'JavaCoder')
cd /Users/admin/builder/spi-builder-workspace/.dependencies/checkouts/swift-java-coder
write-file /Users/admin/builder/spi-builder-workspace/.derivedData/Build/Intermediates.noindex/JavaCoder.build/Debug-watchos/JavaCoder-t.build/JavaCoder.DependencyStaticMetadataFileList
WriteAuxiliaryFile /Users/admin/builder/spi-builder-workspace/.derivedData/Build/Intermediates.noindex/JavaCoder.build/Debug-watchos/JavaCoder-t.build/JavaCoder.DependencyMetadataFileList (in target 'JavaCoder' from project 'JavaCoder')
cd /Users/admin/builder/spi-builder-workspace/.dependencies/checkouts/swift-java-coder
write-file /Users/admin/builder/spi-builder-workspace/.derivedData/Build/Intermediates.noindex/JavaCoder.build/Debug-watchos/JavaCoder-t.build/JavaCoder.DependencyMetadataFileList
Copy /Users/admin/builder/spi-builder-workspace/.derivedData/Build/Intermediates.noindex/GeneratedModuleMaps-watchos/JavaCoder.modulemap /Users/admin/builder/spi-builder-workspace/.derivedData/Build/Intermediates.noindex/JavaCoder.build/Debug-watchos/JavaCoder-t.build/JavaCoder.modulemap (in target 'JavaCoder' from project 'JavaCoder')
cd /Users/admin/builder/spi-builder-workspace/.dependencies/checkouts/swift-java-coder
builtin-copy -exclude .DS_Store -exclude CVS -exclude .svn -exclude .git -exclude .hg -resolve-src-symlinks /Users/admin/builder/spi-builder-workspace/.derivedData/Build/Intermediates.noindex/JavaCoder.build/Debug-watchos/JavaCoder-t.build/JavaCoder.modulemap /Users/admin/builder/spi-builder-workspace/.derivedData/Build/Intermediates.noindex/GeneratedModuleMaps-watchos
WriteAuxiliaryFile /Users/admin/builder/spi-builder-workspace/.derivedData/Build/Intermediates.noindex/Java.build/Debug-watchos/Java-t.build/Objects-normal/arm64_32/Java.LinkFileList (in target 'Java' from project 'Java')
cd /Users/admin/builder/spi-builder-workspace
write-file /Users/admin/builder/spi-builder-workspace/.derivedData/Build/Intermediates.noindex/Java.build/Debug-watchos/Java-t.build/Objects-normal/arm64_32/Java.LinkFileList
WriteAuxiliaryFile /Users/admin/builder/spi-builder-workspace/.derivedData/Build/Intermediates.noindex/Java.build/Debug-watchos/Java-t.build/Objects-normal/arm64/Java.SwiftFileList (in target 'Java' from project 'Java')
cd /Users/admin/builder/spi-builder-workspace
write-file /Users/admin/builder/spi-builder-workspace/.derivedData/Build/Intermediates.noindex/Java.build/Debug-watchos/Java-t.build/Objects-normal/arm64/Java.SwiftFileList
WriteAuxiliaryFile /Users/admin/builder/spi-builder-workspace/.derivedData/Build/Intermediates.noindex/Java.build/Debug-watchos/Java-t.build/Objects-normal/arm64_32/Java_const_extract_protocols.json (in target 'Java' from project 'Java')
cd /Users/admin/builder/spi-builder-workspace
write-file /Users/admin/builder/spi-builder-workspace/.derivedData/Build/Intermediates.noindex/Java.build/Debug-watchos/Java-t.build/Objects-normal/arm64_32/Java_const_extract_protocols.json
WriteAuxiliaryFile /Users/admin/builder/spi-builder-workspace/.derivedData/Build/Intermediates.noindex/Java.build/Debug-watchos/Java-t.build/Objects-normal/arm64_32/Java.SwiftFileList (in target 'Java' from project 'Java')
cd /Users/admin/builder/spi-builder-workspace
write-file /Users/admin/builder/spi-builder-workspace/.derivedData/Build/Intermediates.noindex/Java.build/Debug-watchos/Java-t.build/Objects-normal/arm64_32/Java.SwiftFileList
WriteAuxiliaryFile /Users/admin/builder/spi-builder-workspace/.derivedData/Build/Intermediates.noindex/Java.build/Debug-watchos/Java-t.build/Objects-normal/arm64/Java.SwiftConstValuesFileList (in target 'Java' from project 'Java')
cd /Users/admin/builder/spi-builder-workspace
write-file /Users/admin/builder/spi-builder-workspace/.derivedData/Build/Intermediates.noindex/Java.build/Debug-watchos/Java-t.build/Objects-normal/arm64/Java.SwiftConstValuesFileList
WriteAuxiliaryFile /Users/admin/builder/spi-builder-workspace/.derivedData/Build/Intermediates.noindex/Java.build/Debug-watchos/Java-t.build/Objects-normal/arm64/Java_const_extract_protocols.json (in target 'Java' from project 'Java')
cd /Users/admin/builder/spi-builder-workspace
write-file /Users/admin/builder/spi-builder-workspace/.derivedData/Build/Intermediates.noindex/Java.build/Debug-watchos/Java-t.build/Objects-normal/arm64/Java_const_extract_protocols.json
WriteAuxiliaryFile /Users/admin/builder/spi-builder-workspace/.derivedData/Build/Intermediates.noindex/Java.build/Debug-watchos/Java-t.build/Objects-normal/arm64_32/Java-OutputFileMap.json (in target 'Java' from project 'Java')
cd /Users/admin/builder/spi-builder-workspace
write-file /Users/admin/builder/spi-builder-workspace/.derivedData/Build/Intermediates.noindex/Java.build/Debug-watchos/Java-t.build/Objects-normal/arm64_32/Java-OutputFileMap.json
WriteAuxiliaryFile /Users/admin/builder/spi-builder-workspace/.derivedData/Build/Intermediates.noindex/Java.build/Debug-watchos/Java-t.build/Objects-normal/arm64_32/Java.SwiftConstValuesFileList (in target 'Java' from project 'Java')
cd /Users/admin/builder/spi-builder-workspace
write-file /Users/admin/builder/spi-builder-workspace/.derivedData/Build/Intermediates.noindex/Java.build/Debug-watchos/Java-t.build/Objects-normal/arm64_32/Java.SwiftConstValuesFileList
WriteAuxiliaryFile /Users/admin/builder/spi-builder-workspace/.derivedData/Build/Intermediates.noindex/Java.build/Debug-watchos/Java-t.build/Objects-normal/arm64/Java.LinkFileList (in target 'Java' from project 'Java')
cd /Users/admin/builder/spi-builder-workspace
write-file /Users/admin/builder/spi-builder-workspace/.derivedData/Build/Intermediates.noindex/Java.build/Debug-watchos/Java-t.build/Objects-normal/arm64/Java.LinkFileList
WriteAuxiliaryFile /Users/admin/builder/spi-builder-workspace/.derivedData/Build/Intermediates.noindex/Java.build/Debug-watchos/Java-t.build/Objects-normal/arm64/Java-OutputFileMap.json (in target 'Java' from project 'Java')
cd /Users/admin/builder/spi-builder-workspace
write-file /Users/admin/builder/spi-builder-workspace/.derivedData/Build/Intermediates.noindex/Java.build/Debug-watchos/Java-t.build/Objects-normal/arm64/Java-OutputFileMap.json
WriteAuxiliaryFile /Users/admin/builder/spi-builder-workspace/.derivedData/Build/Intermediates.noindex/Java.build/Debug-watchos/Java-t.build/Java.modulemap (in target 'Java' from project 'Java')
cd /Users/admin/builder/spi-builder-workspace
write-file /Users/admin/builder/spi-builder-workspace/.derivedData/Build/Intermediates.noindex/Java.build/Debug-watchos/Java-t.build/Java.modulemap
WriteAuxiliaryFile /Users/admin/builder/spi-builder-workspace/.derivedData/Build/Intermediates.noindex/Java.build/Debug-watchos/Java-t.build/Java.DependencyStaticMetadataFileList (in target 'Java' from project 'Java')
cd /Users/admin/builder/spi-builder-workspace
write-file /Users/admin/builder/spi-builder-workspace/.derivedData/Build/Intermediates.noindex/Java.build/Debug-watchos/Java-t.build/Java.DependencyStaticMetadataFileList
WriteAuxiliaryFile /Users/admin/builder/spi-builder-workspace/.derivedData/Build/Intermediates.noindex/Java.build/Debug-watchos/Java-t.build/Java.DependencyMetadataFileList (in target 'Java' from project 'Java')
cd /Users/admin/builder/spi-builder-workspace
write-file /Users/admin/builder/spi-builder-workspace/.derivedData/Build/Intermediates.noindex/Java.build/Debug-watchos/Java-t.build/Java.DependencyMetadataFileList
WriteAuxiliaryFile /Users/admin/builder/spi-builder-workspace/.derivedData/Build/Intermediates.noindex/AndroidNDK.build/Debug-watchos/CAndroidNDK-t.build/Objects-normal/arm64_32/CAndroidNDK.LinkFileList (in target 'CAndroidNDK' from project 'AndroidNDK')
cd /Users/admin/builder/spi-builder-workspace/.dependencies/checkouts/swift-android-ndk
write-file /Users/admin/builder/spi-builder-workspace/.derivedData/Build/Intermediates.noindex/AndroidNDK.build/Debug-watchos/CAndroidNDK-t.build/Objects-normal/arm64_32/CAndroidNDK.LinkFileList
WriteAuxiliaryFile /Users/admin/builder/spi-builder-workspace/.derivedData/Build/Intermediates.noindex/AndroidNDK.build/Debug-watchos/CAndroidNDK-t.build/Objects-normal/arm64_32/7187679823f38a2a940e0043cdf9d637-common-args.resp (in target 'CAndroidNDK' from project 'AndroidNDK')
cd /Users/admin/builder/spi-builder-workspace/.dependencies/checkouts/swift-android-ndk
write-file /Users/admin/builder/spi-builder-workspace/.derivedData/Build/Intermediates.noindex/AndroidNDK.build/Debug-watchos/CAndroidNDK-t.build/Objects-normal/arm64_32/7187679823f38a2a940e0043cdf9d637-common-args.resp
-fmodules -gmodules '-fmodules-cache-path=/Users/admin/builder/spi-builder-workspace/.derivedData/ModuleCache.noindex' '-fmodule-name=CAndroidNDK' -fpascal-strings -O0 -DSWIFT_PACKAGE '-DDEBUG=1' -g -I/Users/admin/builder/spi-builder-workspace/.derivedData/Build/Products/Debug-watchos/include -I/Users/admin/builder/spi-builder-workspace/.dependencies/checkouts/swift-android-ndk/Sources/CAndroidNDK/include -I/Users/admin/builder/spi-builder-workspace/.derivedData/Build/Intermediates.noindex/AndroidNDK.build/Debug-watchos/CAndroidNDK-t.build/DerivedSources-normal/arm64_32 -I/Users/admin/builder/spi-builder-workspace/.derivedData/Build/Intermediates.noindex/AndroidNDK.build/Debug-watchos/CAndroidNDK-t.build/DerivedSources/arm64_32 -I/Users/admin/builder/spi-builder-workspace/.derivedData/Build/Intermediates.noindex/AndroidNDK.build/Debug-watchos/CAndroidNDK-t.build/DerivedSources -F/Users/admin/builder/spi-builder-workspace/.derivedData/Build/Products/Debug-watchos -iframework /Applications/Xcode-27.0.0-Release.Candidate.app/Contents/Developer/Platforms/WatchOS.platform/Developer/Library/Frameworks -iframework /Applications/Xcode-27.0.0-Release.Candidate.app/Contents/Developer/Platforms/WatchOS.platform/Developer/SDKs/WatchOS27.0.sdk/Developer/Library/Frameworks -DXcode
WriteAuxiliaryFile /Users/admin/builder/spi-builder-workspace/.derivedData/Build/Intermediates.noindex/AndroidNDK.build/Debug-watchos/CAndroidNDK-t.build/CAndroidNDK.modulemap (in target 'CAndroidNDK' from project 'AndroidNDK')
cd /Users/admin/builder/spi-builder-workspace/.dependencies/checkouts/swift-android-ndk
write-file /Users/admin/builder/spi-builder-workspace/.derivedData/Build/Intermediates.noindex/AndroidNDK.build/Debug-watchos/CAndroidNDK-t.build/CAndroidNDK.modulemap
WriteAuxiliaryFile /Users/admin/builder/spi-builder-workspace/.derivedData/Build/Intermediates.noindex/AndroidNDK.build/Debug-watchos/CAndroidNDK-t.build/CAndroidNDK.DependencyStaticMetadataFileList (in target 'CAndroidNDK' from project 'AndroidNDK')
cd /Users/admin/builder/spi-builder-workspace/.dependencies/checkouts/swift-android-ndk
write-file /Users/admin/builder/spi-builder-workspace/.derivedData/Build/Intermediates.noindex/AndroidNDK.build/Debug-watchos/CAndroidNDK-t.build/CAndroidNDK.DependencyStaticMetadataFileList
WriteAuxiliaryFile /Users/admin/builder/spi-builder-workspace/.derivedData/Build/Intermediates.noindex/AndroidNDK.build/Debug-watchos/CAndroidNDK-t.build/Objects-normal/arm64/CAndroidNDK.LinkFileList (in target 'CAndroidNDK' from project 'AndroidNDK')
cd /Users/admin/builder/spi-builder-workspace/.dependencies/checkouts/swift-android-ndk
write-file /Users/admin/builder/spi-builder-workspace/.derivedData/Build/Intermediates.noindex/AndroidNDK.build/Debug-watchos/CAndroidNDK-t.build/Objects-normal/arm64/CAndroidNDK.LinkFileList
WriteAuxiliaryFile /Users/admin/builder/spi-builder-workspace/.derivedData/Build/Intermediates.noindex/AndroidNDK.build/Debug-watchos/CAndroidNDK-t.build/Objects-normal/arm64/7187679823f38a2a940e0043cdf9d637-common-args.resp (in target 'CAndroidNDK' from project 'AndroidNDK')
cd /Users/admin/builder/spi-builder-workspace/.dependencies/checkouts/swift-android-ndk
write-file /Users/admin/builder/spi-builder-workspace/.derivedData/Build/Intermediates.noindex/AndroidNDK.build/Debug-watchos/CAndroidNDK-t.build/Objects-normal/arm64/7187679823f38a2a940e0043cdf9d637-common-args.resp
-fmodules -gmodules '-fmodules-cache-path=/Users/admin/builder/spi-builder-workspace/.derivedData/ModuleCache.noindex' '-fmodule-name=CAndroidNDK' -fpascal-strings -O0 -DSWIFT_PACKAGE '-DDEBUG=1' -g -I/Users/admin/builder/spi-builder-workspace/.derivedData/Build/Products/Debug-watchos/include -I/Users/admin/builder/spi-builder-workspace/.dependencies/checkouts/swift-android-ndk/Sources/CAndroidNDK/include -I/Users/admin/builder/spi-builder-workspace/.derivedData/Build/Intermediates.noindex/AndroidNDK.build/Debug-watchos/CAndroidNDK-t.build/DerivedSources-normal/arm64 -I/Users/admin/builder/spi-builder-workspace/.derivedData/Build/Intermediates.noindex/AndroidNDK.build/Debug-watchos/CAndroidNDK-t.build/DerivedSources/arm64 -I/Users/admin/builder/spi-builder-workspace/.derivedData/Build/Intermediates.noindex/AndroidNDK.build/Debug-watchos/CAndroidNDK-t.build/DerivedSources -F/Users/admin/builder/spi-builder-workspace/.derivedData/Build/Products/Debug-watchos -iframework /Applications/Xcode-27.0.0-Release.Candidate.app/Contents/Developer/Platforms/WatchOS.platform/Developer/Library/Frameworks -iframework /Applications/Xcode-27.0.0-Release.Candidate.app/Contents/Developer/Platforms/WatchOS.platform/Developer/SDKs/WatchOS27.0.sdk/Developer/Library/Frameworks -DXcode
WriteAuxiliaryFile /Users/admin/builder/spi-builder-workspace/.derivedData/Build/Intermediates.noindex/AndroidNDK.build/Debug-watchos/CAndroidNDK-t.build/CAndroidNDK.DependencyMetadataFileList (in target 'CAndroidNDK' from project 'AndroidNDK')
cd /Users/admin/builder/spi-builder-workspace/.dependencies/checkouts/swift-android-ndk
write-file /Users/admin/builder/spi-builder-workspace/.derivedData/Build/Intermediates.noindex/AndroidNDK.build/Debug-watchos/CAndroidNDK-t.build/CAndroidNDK.DependencyMetadataFileList
Copy /Users/admin/builder/spi-builder-workspace/.derivedData/Build/Intermediates.noindex/GeneratedModuleMaps-watchos/Java.modulemap /Users/admin/builder/spi-builder-workspace/.derivedData/Build/Intermediates.noindex/Java.build/Debug-watchos/Java-t.build/Java.modulemap (in target 'Java' from project 'Java')
cd /Users/admin/builder/spi-builder-workspace
builtin-copy -exclude .DS_Store -exclude CVS -exclude .svn -exclude .git -exclude .hg -resolve-src-symlinks /Users/admin/builder/spi-builder-workspace/.derivedData/Build/Intermediates.noindex/Java.build/Debug-watchos/Java-t.build/Java.modulemap /Users/admin/builder/spi-builder-workspace/.derivedData/Build/Intermediates.noindex/GeneratedModuleMaps-watchos
WriteAuxiliaryFile /Users/admin/builder/spi-builder-workspace/.derivedData/Build/Intermediates.noindex/AnyCodable.build/Debug-watchos/AnyCodable-t.build/Objects-normal/arm64_32/AnyCodable.SwiftFileList (in target 'AnyCodable' from project 'AnyCodable')
cd /Users/admin/builder/spi-builder-workspace/.dependencies/checkouts/swift-anycodable
write-file /Users/admin/builder/spi-builder-workspace/.derivedData/Build/Intermediates.noindex/AnyCodable.build/Debug-watchos/AnyCodable-t.build/Objects-normal/arm64_32/AnyCodable.SwiftFileList
WriteAuxiliaryFile /Users/admin/builder/spi-builder-workspace/.derivedData/Build/Intermediates.noindex/AnyCodable.build/Debug-watchos/AnyCodable-t.build/Objects-normal/arm64_32/AnyCodable_const_extract_protocols.json (in target 'AnyCodable' from project 'AnyCodable')
cd /Users/admin/builder/spi-builder-workspace/.dependencies/checkouts/swift-anycodable
write-file /Users/admin/builder/spi-builder-workspace/.derivedData/Build/Intermediates.noindex/AnyCodable.build/Debug-watchos/AnyCodable-t.build/Objects-normal/arm64_32/AnyCodable_const_extract_protocols.json
WriteAuxiliaryFile /Users/admin/builder/spi-builder-workspace/.derivedData/Build/Intermediates.noindex/AnyCodable.build/Debug-watchos/AnyCodable-t.build/Objects-normal/arm64_32/AnyCodable.SwiftConstValuesFileList (in target 'AnyCodable' from project 'AnyCodable')
cd /Users/admin/builder/spi-builder-workspace/.dependencies/checkouts/swift-anycodable
write-file /Users/admin/builder/spi-builder-workspace/.derivedData/Build/Intermediates.noindex/AnyCodable.build/Debug-watchos/AnyCodable-t.build/Objects-normal/arm64_32/AnyCodable.SwiftConstValuesFileList
WriteAuxiliaryFile /Users/admin/builder/spi-builder-workspace/.derivedData/Build/Intermediates.noindex/AnyCodable.build/Debug-watchos/AnyCodable-t.build/Objects-normal/arm64_32/AnyCodable.LinkFileList (in target 'AnyCodable' from project 'AnyCodable')
cd /Users/admin/builder/spi-builder-workspace/.dependencies/checkouts/swift-anycodable
write-file /Users/admin/builder/spi-builder-workspace/.derivedData/Build/Intermediates.noindex/AnyCodable.build/Debug-watchos/AnyCodable-t.build/Objects-normal/arm64_32/AnyCodable.LinkFileList
WriteAuxiliaryFile /Users/admin/builder/spi-builder-workspace/.derivedData/Build/Intermediates.noindex/AnyCodable.build/Debug-watchos/AnyCodable-t.build/Objects-normal/arm64_32/AnyCodable-OutputFileMap.json (in target 'AnyCodable' from project 'AnyCodable')
cd /Users/admin/builder/spi-builder-workspace/.dependencies/checkouts/swift-anycodable
write-file /Users/admin/builder/spi-builder-workspace/.derivedData/Build/Intermediates.noindex/AnyCodable.build/Debug-watchos/AnyCodable-t.build/Objects-normal/arm64_32/AnyCodable-OutputFileMap.json
WriteAuxiliaryFile /Users/admin/builder/spi-builder-workspace/.derivedData/Build/Intermediates.noindex/AnyCodable.build/Debug-watchos/AnyCodable-t.build/Objects-normal/arm64/AnyCodable.SwiftFileList (in target 'AnyCodable' from project 'AnyCodable')
cd /Users/admin/builder/spi-builder-workspace/.dependencies/checkouts/swift-anycodable
write-file /Users/admin/builder/spi-builder-workspace/.derivedData/Build/Intermediates.noindex/AnyCodable.build/Debug-watchos/AnyCodable-t.build/Objects-normal/arm64/AnyCodable.SwiftFileList
WriteAuxiliaryFile /Users/admin/builder/spi-builder-workspace/.derivedData/Build/Intermediates.noindex/AnyCodable.build/Debug-watchos/AnyCodable-t.build/Objects-normal/arm64/AnyCodable_const_extract_protocols.json (in target 'AnyCodable' from project 'AnyCodable')
cd /Users/admin/builder/spi-builder-workspace/.dependencies/checkouts/swift-anycodable
write-file /Users/admin/builder/spi-builder-workspace/.derivedData/Build/Intermediates.noindex/AnyCodable.build/Debug-watchos/AnyCodable-t.build/Objects-normal/arm64/AnyCodable_const_extract_protocols.json
Copy /Users/admin/builder/spi-builder-workspace/.derivedData/Build/Intermediates.noindex/GeneratedModuleMaps-watchos/CAndroidNDK.modulemap /Users/admin/builder/spi-builder-workspace/.derivedData/Build/Intermediates.noindex/AndroidNDK.build/Debug-watchos/CAndroidNDK-t.build/CAndroidNDK.modulemap (in target 'CAndroidNDK' from project 'AndroidNDK')
cd /Users/admin/builder/spi-builder-workspace/.dependencies/checkouts/swift-android-ndk
builtin-copy -exclude .DS_Store -exclude CVS -exclude .svn -exclude .git -exclude .hg -resolve-src-symlinks /Users/admin/builder/spi-builder-workspace/.derivedData/Build/Intermediates.noindex/AndroidNDK.build/Debug-watchos/CAndroidNDK-t.build/CAndroidNDK.modulemap /Users/admin/builder/spi-builder-workspace/.derivedData/Build/Intermediates.noindex/GeneratedModuleMaps-watchos
WriteAuxiliaryFile /Users/admin/builder/spi-builder-workspace/.derivedData/Build/Intermediates.noindex/AnyCodable.build/Debug-watchos/AnyCodable-t.build/Objects-normal/arm64/AnyCodable.SwiftConstValuesFileList (in target 'AnyCodable' from project 'AnyCodable')
cd /Users/admin/builder/spi-builder-workspace/.dependencies/checkouts/swift-anycodable
write-file /Users/admin/builder/spi-builder-workspace/.derivedData/Build/Intermediates.noindex/AnyCodable.build/Debug-watchos/AnyCodable-t.build/Objects-normal/arm64/AnyCodable.SwiftConstValuesFileList
WriteAuxiliaryFile /Users/admin/builder/spi-builder-workspace/.derivedData/Build/Intermediates.noindex/AnyCodable.build/Debug-watchos/AnyCodable-t.build/Objects-normal/arm64/AnyCodable.LinkFileList (in target 'AnyCodable' from project 'AnyCodable')
cd /Users/admin/builder/spi-builder-workspace/.dependencies/checkouts/swift-anycodable
write-file /Users/admin/builder/spi-builder-workspace/.derivedData/Build/Intermediates.noindex/AnyCodable.build/Debug-watchos/AnyCodable-t.build/Objects-normal/arm64/AnyCodable.LinkFileList
WriteAuxiliaryFile /Users/admin/builder/spi-builder-workspace/.derivedData/Build/Intermediates.noindex/AnyCodable.build/Debug-watchos/AnyCodable-t.build/Objects-normal/arm64/AnyCodable-OutputFileMap.json (in target 'AnyCodable' from project 'AnyCodable')
cd /Users/admin/builder/spi-builder-workspace/.dependencies/checkouts/swift-anycodable
write-file /Users/admin/builder/spi-builder-workspace/.derivedData/Build/Intermediates.noindex/AnyCodable.build/Debug-watchos/AnyCodable-t.build/Objects-normal/arm64/AnyCodable-OutputFileMap.json
WriteAuxiliaryFile /Users/admin/builder/spi-builder-workspace/.derivedData/Build/Intermediates.noindex/AnyCodable.build/Debug-watchos/AnyCodable-t.build/AnyCodable.modulemap (in target 'AnyCodable' from project 'AnyCodable')
cd /Users/admin/builder/spi-builder-workspace/.dependencies/checkouts/swift-anycodable
write-file /Users/admin/builder/spi-builder-workspace/.derivedData/Build/Intermediates.noindex/AnyCodable.build/Debug-watchos/AnyCodable-t.build/AnyCodable.modulemap
WriteAuxiliaryFile /Users/admin/builder/spi-builder-workspace/.derivedData/Build/Intermediates.noindex/AnyCodable.build/Debug-watchos/AnyCodable-t.build/AnyCodable.DependencyMetadataFileList (in target 'AnyCodable' from project 'AnyCodable')
cd /Users/admin/builder/spi-builder-workspace/.dependencies/checkouts/swift-anycodable
write-file /Users/admin/builder/spi-builder-workspace/.derivedData/Build/Intermediates.noindex/AnyCodable.build/Debug-watchos/AnyCodable-t.build/AnyCodable.DependencyMetadataFileList
WriteAuxiliaryFile /Users/admin/builder/spi-builder-workspace/.derivedData/Build/Intermediates.noindex/AnyCodable.build/Debug-watchos/AnyCodable-t.build/AnyCodable.DependencyStaticMetadataFileList (in target 'AnyCodable' from project 'AnyCodable')
cd /Users/admin/builder/spi-builder-workspace/.dependencies/checkouts/swift-anycodable
write-file /Users/admin/builder/spi-builder-workspace/.derivedData/Build/Intermediates.noindex/AnyCodable.build/Debug-watchos/AnyCodable-t.build/AnyCodable.DependencyStaticMetadataFileList
WriteAuxiliaryFile /Users/admin/builder/spi-builder-workspace/.derivedData/Build/Intermediates.noindex/AndroidNDK.build/Debug-watchos/AndroidNDK-t.build/Objects-normal/arm64_32/AndroidNDK_const_extract_protocols.json (in target 'AndroidNDK' from project 'AndroidNDK')
cd /Users/admin/builder/spi-builder-workspace/.dependencies/checkouts/swift-android-ndk
write-file /Users/admin/builder/spi-builder-workspace/.derivedData/Build/Intermediates.noindex/AndroidNDK.build/Debug-watchos/AndroidNDK-t.build/Objects-normal/arm64_32/AndroidNDK_const_extract_protocols.json
WriteAuxiliaryFile /Users/admin/builder/spi-builder-workspace/.derivedData/Build/Intermediates.noindex/AndroidNDK.build/Debug-watchos/AndroidNDK-t.build/Objects-normal/arm64_32/AndroidNDK.SwiftFileList (in target 'AndroidNDK' from project 'AndroidNDK')
cd /Users/admin/builder/spi-builder-workspace/.dependencies/checkouts/swift-android-ndk
write-file /Users/admin/builder/spi-builder-workspace/.derivedData/Build/Intermediates.noindex/AndroidNDK.build/Debug-watchos/AndroidNDK-t.build/Objects-normal/arm64_32/AndroidNDK.SwiftFileList
WriteAuxiliaryFile /Users/admin/builder/spi-builder-workspace/.derivedData/Build/Intermediates.noindex/AndroidNDK.build/Debug-watchos/AndroidNDK-t.build/Objects-normal/arm64_32/AndroidNDK.SwiftConstValuesFileList (in target 'AndroidNDK' from project 'AndroidNDK')
cd /Users/admin/builder/spi-builder-workspace/.dependencies/checkouts/swift-android-ndk
write-file /Users/admin/builder/spi-builder-workspace/.derivedData/Build/Intermediates.noindex/AndroidNDK.build/Debug-watchos/AndroidNDK-t.build/Objects-normal/arm64_32/AndroidNDK.SwiftConstValuesFileList
WriteAuxiliaryFile /Users/admin/builder/spi-builder-workspace/.derivedData/Build/Intermediates.noindex/AndroidNDK.build/Debug-watchos/AndroidNDK-t.build/Objects-normal/arm64_32/AndroidNDK.LinkFileList (in target 'AndroidNDK' from project 'AndroidNDK')
cd /Users/admin/builder/spi-builder-workspace/.dependencies/checkouts/swift-android-ndk
write-file /Users/admin/builder/spi-builder-workspace/.derivedData/Build/Intermediates.noindex/AndroidNDK.build/Debug-watchos/AndroidNDK-t.build/Objects-normal/arm64_32/AndroidNDK.LinkFileList
WriteAuxiliaryFile /Users/admin/builder/spi-builder-workspace/.derivedData/Build/Intermediates.noindex/AndroidNDK.build/Debug-watchos/AndroidNDK-t.build/Objects-normal/arm64_32/AndroidNDK-OutputFileMap.json (in target 'AndroidNDK' from project 'AndroidNDK')
cd /Users/admin/builder/spi-builder-workspace/.dependencies/checkouts/swift-android-ndk
write-file /Users/admin/builder/spi-builder-workspace/.derivedData/Build/Intermediates.noindex/AndroidNDK.build/Debug-watchos/AndroidNDK-t.build/Objects-normal/arm64_32/AndroidNDK-OutputFileMap.json
WriteAuxiliaryFile /Users/admin/builder/spi-builder-workspace/.derivedData/Build/Intermediates.noindex/AndroidNDK.build/Debug-watchos/AndroidNDK-t.build/Objects-normal/arm64/AndroidNDK.SwiftConstValuesFileList (in target 'AndroidNDK' from project 'AndroidNDK')
cd /Users/admin/builder/spi-builder-workspace/.dependencies/checkouts/swift-android-ndk
write-file /Users/admin/builder/spi-builder-workspace/.derivedData/Build/Intermediates.noindex/AndroidNDK.build/Debug-watchos/AndroidNDK-t.build/Objects-normal/arm64/AndroidNDK.SwiftConstValuesFileList
WriteAuxiliaryFile /Users/admin/builder/spi-builder-workspace/.derivedData/Build/Intermediates.noindex/AndroidNDK.build/Debug-watchos/AndroidNDK-t.build/Objects-normal/arm64/AndroidNDK.SwiftFileList (in target 'AndroidNDK' from project 'AndroidNDK')
cd /Users/admin/builder/spi-builder-workspace/.dependencies/checkouts/swift-android-ndk
write-file /Users/admin/builder/spi-builder-workspace/.derivedData/Build/Intermediates.noindex/AndroidNDK.build/Debug-watchos/AndroidNDK-t.build/Objects-normal/arm64/AndroidNDK.SwiftFileList
WriteAuxiliaryFile /Users/admin/builder/spi-builder-workspace/.derivedData/Build/Intermediates.noindex/AndroidNDK.build/Debug-watchos/AndroidNDK-t.build/Objects-normal/arm64/AndroidNDK_const_extract_protocols.json (in target 'AndroidNDK' from project 'AndroidNDK')
cd /Users/admin/builder/spi-builder-workspace/.dependencies/checkouts/swift-android-ndk
write-file /Users/admin/builder/spi-builder-workspace/.derivedData/Build/Intermediates.noindex/AndroidNDK.build/Debug-watchos/AndroidNDK-t.build/Objects-normal/arm64/AndroidNDK_const_extract_protocols.json
WriteAuxiliaryFile /Users/admin/builder/spi-builder-workspace/.derivedData/Build/Intermediates.noindex/AndroidNDK.build/Debug-watchos/AndroidNDK-t.build/Objects-normal/arm64/AndroidNDK-OutputFileMap.json (in target 'AndroidNDK' from project 'AndroidNDK')
cd /Users/admin/builder/spi-builder-workspace/.dependencies/checkouts/swift-android-ndk
write-file /Users/admin/builder/spi-builder-workspace/.derivedData/Build/Intermediates.noindex/AndroidNDK.build/Debug-watchos/AndroidNDK-t.build/Objects-normal/arm64/AndroidNDK-OutputFileMap.json
WriteAuxiliaryFile /Users/admin/builder/spi-builder-workspace/.derivedData/Build/Intermediates.noindex/AndroidNDK.build/Debug-watchos/AndroidNDK-t.build/Objects-normal/arm64/AndroidNDK.LinkFileList (in target 'AndroidNDK' from project 'AndroidNDK')
cd /Users/admin/builder/spi-builder-workspace/.dependencies/checkouts/swift-android-ndk
write-file /Users/admin/builder/spi-builder-workspace/.derivedData/Build/Intermediates.noindex/AndroidNDK.build/Debug-watchos/AndroidNDK-t.build/Objects-normal/arm64/AndroidNDK.LinkFileList
Copy /Users/admin/builder/spi-builder-workspace/.derivedData/Build/Intermediates.noindex/GeneratedModuleMaps-watchos/AnyCodable.modulemap /Users/admin/builder/spi-builder-workspace/.derivedData/Build/Intermediates.noindex/AnyCodable.build/Debug-watchos/AnyCodable-t.build/AnyCodable.modulemap (in target 'AnyCodable' from project 'AnyCodable')
cd /Users/admin/builder/spi-builder-workspace/.dependencies/checkouts/swift-anycodable
builtin-copy -exclude .DS_Store -exclude CVS -exclude .svn -exclude .git -exclude .hg -resolve-src-symlinks /Users/admin/builder/spi-builder-workspace/.derivedData/Build/Intermediates.noindex/AnyCodable.build/Debug-watchos/AnyCodable-t.build/AnyCodable.modulemap /Users/admin/builder/spi-builder-workspace/.derivedData/Build/Intermediates.noindex/GeneratedModuleMaps-watchos
WriteAuxiliaryFile /Users/admin/builder/spi-builder-workspace/.derivedData/Build/Intermediates.noindex/AndroidNDK.build/Debug-watchos/AndroidNDK-t.build/AndroidNDK.modulemap (in target 'AndroidNDK' from project 'AndroidNDK')
cd /Users/admin/builder/spi-builder-workspace/.dependencies/checkouts/swift-android-ndk
write-file /Users/admin/builder/spi-builder-workspace/.derivedData/Build/Intermediates.noindex/AndroidNDK.build/Debug-watchos/AndroidNDK-t.build/AndroidNDK.modulemap
WriteAuxiliaryFile /Users/admin/builder/spi-builder-workspace/.derivedData/Build/Intermediates.noindex/AndroidNDK.build/Debug-watchos/AndroidNDK-t.build/AndroidNDK.DependencyStaticMetadataFileList (in target 'AndroidNDK' from project 'AndroidNDK')
cd /Users/admin/builder/spi-builder-workspace/.dependencies/checkouts/swift-android-ndk
write-file /Users/admin/builder/spi-builder-workspace/.derivedData/Build/Intermediates.noindex/AndroidNDK.build/Debug-watchos/AndroidNDK-t.build/AndroidNDK.DependencyStaticMetadataFileList
WriteAuxiliaryFile /Users/admin/builder/spi-builder-workspace/.derivedData/Build/Intermediates.noindex/AndroidNDK.build/Debug-watchos/AndroidNDK-t.build/AndroidNDK.DependencyMetadataFileList (in target 'AndroidNDK' from project 'AndroidNDK')
cd /Users/admin/builder/spi-builder-workspace/.dependencies/checkouts/swift-android-ndk
write-file /Users/admin/builder/spi-builder-workspace/.derivedData/Build/Intermediates.noindex/AndroidNDK.build/Debug-watchos/AndroidNDK-t.build/AndroidNDK.DependencyMetadataFileList
Copy /Users/admin/builder/spi-builder-workspace/.derivedData/Build/Intermediates.noindex/GeneratedModuleMaps-watchos/AndroidNDK.modulemap /Users/admin/builder/spi-builder-workspace/.derivedData/Build/Intermediates.noindex/AndroidNDK.build/Debug-watchos/AndroidNDK-t.build/AndroidNDK.modulemap (in target 'AndroidNDK' from project 'AndroidNDK')
cd /Users/admin/builder/spi-builder-workspace/.dependencies/checkouts/swift-android-ndk
builtin-copy -exclude .DS_Store -exclude CVS -exclude .svn -exclude .git -exclude .hg -resolve-src-symlinks /Users/admin/builder/spi-builder-workspace/.derivedData/Build/Intermediates.noindex/AndroidNDK.build/Debug-watchos/AndroidNDK-t.build/AndroidNDK.modulemap /Users/admin/builder/spi-builder-workspace/.derivedData/Build/Intermediates.noindex/GeneratedModuleMaps-watchos
ScanDependencies /Users/admin/builder/spi-builder-workspace/.derivedData/Build/Intermediates.noindex/AndroidNDK.build/Debug-watchos/CAndroidNDK-t.build/Objects-normal/arm64_32/MainRunLoop.o /Users/admin/builder/spi-builder-workspace/.dependencies/checkouts/swift-android-ndk/Sources/CAndroidNDK/MainRunLoop.c normal arm64_32 c com.apple.compilers.llvm.clang.1_0.compiler (in target 'CAndroidNDK' from project 'AndroidNDK')
cd /Users/admin/builder/spi-builder-workspace/.swiftpm/xcode
Using response file: /Users/admin/builder/spi-builder-workspace/.derivedData/Build/Intermediates.noindex/AndroidNDK.build/Debug-watchos/CAndroidNDK-t.build/Objects-normal/arm64_32/7187679823f38a2a940e0043cdf9d637-common-args.resp
builtin-ScanDependencies -o /Users/admin/builder/spi-builder-workspace/.derivedData/Build/Intermediates.noindex/AndroidNDK.build/Debug-watchos/CAndroidNDK-t.build/Objects-normal/arm64_32/MainRunLoop.o.scan -- /Applications/Xcode-27.0.0-Release.Candidate.app/Contents/Developer/Toolchains/XcodeDefault.xctoolchain/usr/bin/clang -x c -ivfsstatcache /Users/admin/builder/spi-builder-workspace/.derivedData/SDKStatCaches.noindex/watchos27.0-24R360-e829b21a6f8c9b70876ba0858053c04477534ef55a1706bf4c1112bbb242f0a2.sdkstatcache -target arm64_32-apple-watchos9.0 -fmessage-length\=0 -fdiagnostics-show-note-include-stack -fmacro-backtrace-limit\=0 -fno-color-diagnostics -fmodules-prune-interval\=86400 -fmodules-prune-after\=345600 -fbuild-session-file\=/Users/admin/builder/spi-builder-workspace/.derivedData/ModuleCache.noindex/Session.modulevalidation -fmodules-validate-once-per-build-session -Wnon-modular-include-in-framework-module -Werror\=non-modular-include-in-framework-module -Wno-trigraphs -Wno-missing-field-initializers -Wno-missing-prototypes -Wno-return-type -Wno-missing-braces -Wparentheses -Wswitch -Wno-unused-function -Wno-unused-label -Wno-unused-parameter -Wno-unused-variable -Wunused-value -Wno-empty-body -Wno-uninitialized -Wno-unknown-pragmas -w -Wno-shadow -Wno-four-char-constants -Wno-conversion -Wno-constant-conversion -Wno-int-conversion -Wno-bool-conversion -Wno-enum-conversion -Wno-float-conversion -Wno-non-literal-null-conversion -Wno-objc-literal-conversion -Wno-shorten-64-to-32 -Wpointer-sign -Wno-newline-eof -Wno-implicit-fallthrough -isysroot /Applications/Xcode-27.0.0-Release.Candidate.app/Contents/Developer/Platforms/WatchOS.platform/Developer/SDKs/WatchOS27.0.sdk -fstrict-aliasing -Wdeprecated-declarations -Wno-sign-conversion -Wno-infinite-recursion -Wno-comma -Wno-block-capture-autoreleasing -Wno-strict-prototypes -Wno-semicolon-before-method-body -index-store-path /Users/admin/builder/spi-builder-workspace/.derivedData/Index.noindex/DataStore @/Users/admin/builder/spi-builder-workspace/.derivedData/Build/Intermediates.noindex/AndroidNDK.build/Debug-watchos/CAndroidNDK-t.build/Objects-normal/arm64_32/7187679823f38a2a940e0043cdf9d637-common-args.resp -MMD -MT dependencies -MF /Users/admin/builder/spi-builder-workspace/.derivedData/Build/Intermediates.noindex/AndroidNDK.build/Debug-watchos/CAndroidNDK-t.build/Objects-normal/arm64_32/MainRunLoop.d --serialize-diagnostics /Users/admin/builder/spi-builder-workspace/.derivedData/Build/Intermediates.noindex/AndroidNDK.build/Debug-watchos/CAndroidNDK-t.build/Objects-normal/arm64_32/MainRunLoop.dia -c /Users/admin/builder/spi-builder-workspace/.dependencies/checkouts/swift-android-ndk/Sources/CAndroidNDK/MainRunLoop.c -o /Users/admin/builder/spi-builder-workspace/.derivedData/Build/Intermediates.noindex/AndroidNDK.build/Debug-watchos/CAndroidNDK-t.build/Objects-normal/arm64_32/MainRunLoop.o -index-unit-output-path /AndroidNDK.build/Debug-watchos/CAndroidNDK-t.build/Objects-normal/arm64_32/MainRunLoop.o
/Users/admin/builder/spi-builder-workspace/.dependencies/checkouts/swift-android-ndk/Sources/CAndroidNDK/include/AndroidNDK.h:4:10: error: 'jni.h' file not found (in target 'CAndroidNDK' from project 'AndroidNDK')
/Users/admin/builder/spi-builder-workspace/.dependencies/checkouts/swift-android-ndk/Sources/CAndroidNDK/MainRunLoop.c:1:10: note: in file included from /Users/admin/builder/spi-builder-workspace/.dependencies/checkouts/swift-android-ndk/Sources/CAndroidNDK/MainRunLoop.c:1:
ScanDependencies /Users/admin/builder/spi-builder-workspace/.derivedData/Build/Intermediates.noindex/AndroidNDK.build/Debug-watchos/CAndroidNDK-t.build/Objects-normal/arm64/MainRunLoop.o /Users/admin/builder/spi-builder-workspace/.dependencies/checkouts/swift-android-ndk/Sources/CAndroidNDK/MainRunLoop.c normal arm64 c com.apple.compilers.llvm.clang.1_0.compiler (in target 'CAndroidNDK' from project 'AndroidNDK')
cd /Users/admin/builder/spi-builder-workspace/.swiftpm/xcode
Using response file: /Users/admin/builder/spi-builder-workspace/.derivedData/Build/Intermediates.noindex/AndroidNDK.build/Debug-watchos/CAndroidNDK-t.build/Objects-normal/arm64/7187679823f38a2a940e0043cdf9d637-common-args.resp
builtin-ScanDependencies -o /Users/admin/builder/spi-builder-workspace/.derivedData/Build/Intermediates.noindex/AndroidNDK.build/Debug-watchos/CAndroidNDK-t.build/Objects-normal/arm64/MainRunLoop.o.scan -- /Applications/Xcode-27.0.0-Release.Candidate.app/Contents/Developer/Toolchains/XcodeDefault.xctoolchain/usr/bin/clang -x c -ivfsstatcache /Users/admin/builder/spi-builder-workspace/.derivedData/SDKStatCaches.noindex/watchos27.0-24R360-e829b21a6f8c9b70876ba0858053c04477534ef55a1706bf4c1112bbb242f0a2.sdkstatcache -target arm64-apple-watchos9.0 -fmessage-length\=0 -fdiagnostics-show-note-include-stack -fmacro-backtrace-limit\=0 -fno-color-diagnostics -fmodules-prune-interval\=86400 -fmodules-prune-after\=345600 -fbuild-session-file\=/Users/admin/builder/spi-builder-workspace/.derivedData/ModuleCache.noindex/Session.modulevalidation -fmodules-validate-once-per-build-session -Wnon-modular-include-in-framework-module -Werror\=non-modular-include-in-framework-module -Wno-trigraphs -Wno-missing-field-initializers -Wno-missing-prototypes -Wno-return-type -Wno-missing-braces -Wparentheses -Wswitch -Wno-unused-function -Wno-unused-label -Wno-unused-parameter -Wno-unused-variable -Wunused-value -Wno-empty-body -Wno-uninitialized -Wno-unknown-pragmas -w -Wno-shadow -Wno-four-char-constants -Wno-conversion -Wno-constant-conversion -Wno-int-conversion -Wno-bool-conversion -Wno-enum-conversion -Wno-float-conversion -Wno-non-literal-null-conversion -Wno-objc-literal-conversion -Wshorten-64-to-32 -Wpointer-sign -Wno-newline-eof -Wno-implicit-fallthrough -isysroot /Applications/Xcode-27.0.0-Release.Candidate.app/Contents/Developer/Platforms/WatchOS.platform/Developer/SDKs/WatchOS27.0.sdk -fstrict-aliasing -Wdeprecated-declarations -Wno-sign-conversion -Wno-infinite-recursion -Wno-comma -Wno-block-capture-autoreleasing -Wno-strict-prototypes -Wno-semicolon-before-method-body -index-store-path /Users/admin/builder/spi-builder-workspace/.derivedData/Index.noindex/DataStore @/Users/admin/builder/spi-builder-workspace/.derivedData/Build/Intermediates.noindex/AndroidNDK.build/Debug-watchos/CAndroidNDK-t.build/Objects-normal/arm64/7187679823f38a2a940e0043cdf9d637-common-args.resp -MMD -MT dependencies -MF /Users/admin/builder/spi-builder-workspace/.derivedData/Build/Intermediates.noindex/AndroidNDK.build/Debug-watchos/CAndroidNDK-t.build/Objects-normal/arm64/MainRunLoop.d --serialize-diagnostics /Users/admin/builder/spi-builder-workspace/.derivedData/Build/Intermediates.noindex/AndroidNDK.build/Debug-watchos/CAndroidNDK-t.build/Objects-normal/arm64/MainRunLoop.dia -c /Users/admin/builder/spi-builder-workspace/.dependencies/checkouts/swift-android-ndk/Sources/CAndroidNDK/MainRunLoop.c -o /Users/admin/builder/spi-builder-workspace/.derivedData/Build/Intermediates.noindex/AndroidNDK.build/Debug-watchos/CAndroidNDK-t.build/Objects-normal/arm64/MainRunLoop.o -index-unit-output-path /AndroidNDK.build/Debug-watchos/CAndroidNDK-t.build/Objects-normal/arm64/MainRunLoop.o
/Users/admin/builder/spi-builder-workspace/.dependencies/checkouts/swift-android-ndk/Sources/CAndroidNDK/include/AndroidNDK.h:4:10: error: 'jni.h' file not found (in target 'CAndroidNDK' from project 'AndroidNDK')
/Users/admin/builder/spi-builder-workspace/.dependencies/checkouts/swift-android-ndk/Sources/CAndroidNDK/MainRunLoop.c:1:10: note: in file included from /Users/admin/builder/spi-builder-workspace/.dependencies/checkouts/swift-android-ndk/Sources/CAndroidNDK/MainRunLoop.c:1:
SwiftDriver AndroidNDK normal arm64 com.apple.xcode.tools.swift.compiler (in target 'AndroidNDK' from project 'AndroidNDK')
cd /Users/admin/builder/spi-builder-workspace/.swiftpm/xcode
builtin-SwiftDriver -- /Applications/Xcode-27.0.0-Release.Candidate.app/Contents/Developer/Toolchains/XcodeDefault.xctoolchain/usr/bin/swiftc -parse-as-library -module-name AndroidNDK -Onone @/Users/admin/builder/spi-builder-workspace/.derivedData/Build/Intermediates.noindex/AndroidNDK.build/Debug-watchos/AndroidNDK-t.build/Objects-normal/arm64/AndroidNDK.SwiftFileList -DSWIFT_PACKAGE -DDEBUG -DSWIFT_MODULE_RESOURCE_BUNDLE_UNAVAILABLE -Xcc -fmodule-map-file\=/Users/admin/builder/spi-builder-workspace/.derivedData/Build/Intermediates.noindex/GeneratedModuleMaps-watchos/CAndroidNDK.modulemap -DXcode -plugin-path /Applications/Xcode-27.0.0-Release.Candidate.app/Contents/Developer/Toolchains/XcodeDefault.xctoolchain/usr/lib/swift/host/plugins/testing -enable-experimental-feature DebugDescriptionMacro -sdk /Applications/Xcode-27.0.0-Release.Candidate.app/Contents/Developer/Platforms/WatchOS.platform/Developer/SDKs/WatchOS27.0.sdk -target arm64-apple-watchos9.0 -g -module-cache-path /Users/admin/builder/spi-builder-workspace/.derivedData/ModuleCache.noindex -Xfrontend -serialize-debugging-options -enable-testing -suppress-warnings -index-store-path /Users/admin/builder/spi-builder-workspace/.derivedData/Index.noindex/DataStore -Xcc -D_LIBCPP_HARDENING_MODE\=_LIBCPP_HARDENING_MODE_DEBUG -swift-version 5 -I /Users/admin/builder/spi-builder-workspace/.derivedData/Build/Products/Debug-watchos -Isystem /Applications/Xcode-27.0.0-Release.Candidate.app/Contents/Developer/Platforms/WatchOS.platform/Developer/usr/lib -F /Users/admin/builder/spi-builder-workspace/.derivedData/Build/Products/Debug-watchos/PackageFrameworks -F /Users/admin/builder/spi-builder-workspace/.derivedData/Build/Products/Debug-watchos -F /Applications/Xcode-27.0.0-Release.Candidate.app/Contents/Developer/Platforms/WatchOS.platform/Developer/Library/Frameworks -F /Applications/Xcode-27.0.0-Release.Candidate.app/Contents/Developer/Platforms/WatchOS.platform/Developer/SDKs/WatchOS27.0.sdk/Developer/Library/Frameworks -c -j10 -enable-batch-mode -incremental -Xcc -ivfsstatcache -Xcc /Users/admin/builder/spi-builder-workspace/.derivedData/SDKStatCaches.noindex/watchos27.0-24R360-e829b21a6f8c9b70876ba0858053c04477534ef55a1706bf4c1112bbb242f0a2.sdkstatcache -output-file-map /Users/admin/builder/spi-builder-workspace/.derivedData/Build/Intermediates.noindex/AndroidNDK.build/Debug-watchos/AndroidNDK-t.build/Objects-normal/arm64/AndroidNDK-OutputFileMap.json -save-temps -no-color-diagnostics -explicit-module-build -module-cache-path /Users/admin/builder/spi-builder-workspace/.derivedData/Build/Intermediates.noindex/SwiftExplicitPrecompiledModules -clang-scanner-module-cache-path /Users/admin/builder/spi-builder-workspace/.derivedData/ModuleCache.noindex -sdk-module-cache-path /Users/admin/builder/spi-builder-workspace/.derivedData/SDKExplicitPrecompiledModules -emit-dependencies -emit-module -emit-module-path /Users/admin/builder/spi-builder-workspace/.derivedData/Build/Intermediates.noindex/AndroidNDK.build/Debug-watchos/AndroidNDK-t.build/Objects-normal/arm64/AndroidNDK.swiftmodule -serialize-diagnostics -dependency-scan-serialize-diagnostics-path /Users/admin/builder/spi-builder-workspace/.derivedData/Build/Intermediates.noindex/AndroidNDK.build/Debug-watchos/AndroidNDK-t.build/Objects-normal/arm64/AndroidNDK-dependency-scan.dia -validate-clang-modules-once -clang-build-session-file /Users/admin/builder/spi-builder-workspace/.derivedData/ModuleCache.noindex/Session.modulevalidation -Xcc -fmodules-prune-interval\=86400 -Xcc -fmodules-prune-after\=345600 -emit-const-values -const-gather-protocols-list /Users/admin/builder/spi-builder-workspace/.derivedData/Build/Intermediates.noindex/AndroidNDK.build/Debug-watchos/AndroidNDK-t.build/Objects-normal/arm64/AndroidNDK_const_extract_protocols.json -Xcc -I/Users/admin/builder/spi-builder-workspace/.dependencies/checkouts/swift-android-ndk/Sources/CAndroidNDK/include -Xcc -I/Users/admin/builder/spi-builder-workspace/.derivedData/Build/Products/Debug-watchos/include -Xcc -I/Users/admin/builder/spi-builder-workspace/.derivedData/Build/Intermediates.noindex/AndroidNDK.build/Debug-watchos/AndroidNDK-t.build/DerivedSources-normal/arm64 -Xcc -I/Users/admin/builder/spi-builder-workspace/.derivedData/Build/Intermediates.noindex/AndroidNDK.build/Debug-watchos/AndroidNDK-t.build/DerivedSources/arm64 -Xcc -I/Users/admin/builder/spi-builder-workspace/.derivedData/Build/Intermediates.noindex/AndroidNDK.build/Debug-watchos/AndroidNDK-t.build/DerivedSources -Xcc -DSWIFT_PACKAGE -Xcc -DDEBUG\=1 -emit-objc-header -emit-objc-header-path /Users/admin/builder/spi-builder-workspace/.derivedData/Build/Intermediates.noindex/AndroidNDK.build/Debug-watchos/AndroidNDK-t.build/Objects-normal/arm64/AndroidNDK-Swift.h -working-directory /Users/admin/builder/spi-builder-workspace/.swiftpm/xcode -experimental-emit-module-separately -disable-cmo
error: Clang dependency scanning failure: While building module 'CAndroidNDK' imported from module-include.input:1:
In file included from <module-includes>:1:
/Users/admin/builder/spi-builder-workspace/.dependencies/checkouts/swift-android-ndk/Sources/CAndroidNDK/include/AndroidLog.h:4:10: fatal error: 'android/log.h' file not found
module-include.input:1:4: fatal error: could not build module 'CAndroidNDK'
(in target 'AndroidNDK' from project 'AndroidNDK')
/Users/admin/builder/spi-builder-workspace/.dependencies/checkouts/swift-android-ndk/Sources/AndroidNDK/AndroidHandler.swift:5:8: error: Unable to resolve module dependency: 'CAndroidNDK' (in target 'AndroidNDK' from project 'AndroidNDK')
note: A dependency of main module 'AndroidNDK'
/Users/admin/builder/spi-builder-workspace/.dependencies/checkouts/swift-android-ndk/Sources/AndroidNDK/LogCat.swift:5:8: note: Also imported here
error: Clang dependency scanning failure: While building module 'CAndroidNDK' imported from module-include.input:1:
In file included from <module-includes>:1:
/Users/admin/builder/spi-builder-workspace/.dependencies/checkouts/swift-android-ndk/Sources/CAndroidNDK/include/AndroidLog.h:4:10: fatal error: 'android/log.h' file not found
module-include.input:1:4: fatal error: could not build module 'CAndroidNDK'
(in target 'AndroidNDK' from project 'AndroidNDK')
/Users/admin/builder/spi-builder-workspace/.dependencies/checkouts/swift-android-ndk/Sources/AndroidNDK/AndroidHandler.swift:5:8: note: A dependency of main module 'AndroidNDK'
import CAndroidNDK
^ (in target 'AndroidNDK' from project 'AndroidNDK')
/Users/admin/builder/spi-builder-workspace/.dependencies/checkouts/swift-android-ndk/Sources/AndroidNDK/LogCat.swift:5:8: note: Also imported here
import CAndroidNDK
^ (in target 'AndroidNDK' from project 'AndroidNDK')
SwiftDriver AnyCodable normal arm64_32 com.apple.xcode.tools.swift.compiler (in target 'AnyCodable' from project 'AnyCodable')
cd /Users/admin/builder/spi-builder-workspace/.swiftpm/xcode
builtin-SwiftDriver -- /Applications/Xcode-27.0.0-Release.Candidate.app/Contents/Developer/Toolchains/XcodeDefault.xctoolchain/usr/bin/swiftc -parse-as-library -module-name AnyCodable -Onone @/Users/admin/builder/spi-builder-workspace/.derivedData/Build/Intermediates.noindex/AnyCodable.build/Debug-watchos/AnyCodable-t.build/Objects-normal/arm64_32/AnyCodable.SwiftFileList -DSWIFT_PACKAGE -DDEBUG -DSWIFT_MODULE_RESOURCE_BUNDLE_UNAVAILABLE -DXcode -plugin-path /Applications/Xcode-27.0.0-Release.Candidate.app/Contents/Developer/Toolchains/XcodeDefault.xctoolchain/usr/lib/swift/host/plugins/testing -enable-experimental-feature DebugDescriptionMacro -sdk /Applications/Xcode-27.0.0-Release.Candidate.app/Contents/Developer/Platforms/WatchOS.platform/Developer/SDKs/WatchOS27.0.sdk -target arm64_32-apple-watchos9.0 -g -module-cache-path /Users/admin/builder/spi-builder-workspace/.derivedData/ModuleCache.noindex -Xfrontend -serialize-debugging-options -enable-testing -suppress-warnings -index-store-path /Users/admin/builder/spi-builder-workspace/.derivedData/Index.noindex/DataStore -Xcc -D_LIBCPP_HARDENING_MODE\=_LIBCPP_HARDENING_MODE_DEBUG -swift-version 5 -I /Users/admin/builder/spi-builder-workspace/.derivedData/Build/Products/Debug-watchos -Isystem /Applications/Xcode-27.0.0-Release.Candidate.app/Contents/Developer/Platforms/WatchOS.platform/Developer/usr/lib -F /Users/admin/builder/spi-builder-workspace/.derivedData/Build/Products/Debug-watchos -F /Applications/Xcode-27.0.0-Release.Candidate.app/Contents/Developer/Platforms/WatchOS.platform/Developer/Library/Frameworks -F /Applications/Xcode-27.0.0-Release.Candidate.app/Contents/Developer/Platforms/WatchOS.platform/Developer/SDKs/WatchOS27.0.sdk/Developer/Library/Frameworks -c -j10 -enable-batch-mode -incremental -Xcc -ivfsstatcache -Xcc /Users/admin/builder/spi-builder-workspace/.derivedData/SDKStatCaches.noindex/watchos27.0-24R360-e829b21a6f8c9b70876ba0858053c04477534ef55a1706bf4c1112bbb242f0a2.sdkstatcache -output-file-map /Users/admin/builder/spi-builder-workspace/.derivedData/Build/Intermediates.noindex/AnyCodable.build/Debug-watchos/AnyCodable-t.build/Objects-normal/arm64_32/AnyCodable-OutputFileMap.json -save-temps -no-color-diagnostics -explicit-module-build -module-cache-path /Users/admin/builder/spi-builder-workspace/.derivedData/Build/Intermediates.noindex/SwiftExplicitPrecompiledModules -clang-scanner-module-cache-path /Users/admin/builder/spi-builder-workspace/.derivedData/ModuleCache.noindex -sdk-module-cache-path /Users/admin/builder/spi-builder-workspace/.derivedData/SDKExplicitPrecompiledModules -emit-dependencies -emit-module -emit-module-path /Users/admin/builder/spi-builder-workspace/.derivedData/Build/Intermediates.noindex/AnyCodable.build/Debug-watchos/AnyCodable-t.build/Objects-normal/arm64_32/AnyCodable.swiftmodule -serialize-diagnostics -dependency-scan-serialize-diagnostics-path /Users/admin/builder/spi-builder-workspace/.derivedData/Build/Intermediates.noindex/AnyCodable.build/Debug-watchos/AnyCodable-t.build/Objects-normal/arm64_32/AnyCodable-dependency-scan.dia -validate-clang-modules-once -clang-build-session-file /Users/admin/builder/spi-builder-workspace/.derivedData/ModuleCache.noindex/Session.modulevalidation -Xcc -fmodules-prune-interval\=86400 -Xcc -fmodules-prune-after\=345600 -emit-const-values -const-gather-protocols-list /Users/admin/builder/spi-builder-workspace/.derivedData/Build/Intermediates.noindex/AnyCodable.build/Debug-watchos/AnyCodable-t.build/Objects-normal/arm64_32/AnyCodable_const_extract_protocols.json -Xcc -I/Users/admin/builder/spi-builder-workspace/.derivedData/Build/Products/Debug-watchos/include -Xcc -I/Users/admin/builder/spi-builder-workspace/.derivedData/Build/Intermediates.noindex/AnyCodable.build/Debug-watchos/AnyCodable-t.build/DerivedSources-normal/arm64_32 -Xcc -I/Users/admin/builder/spi-builder-workspace/.derivedData/Build/Intermediates.noindex/AnyCodable.build/Debug-watchos/AnyCodable-t.build/DerivedSources/arm64_32 -Xcc -I/Users/admin/builder/spi-builder-workspace/.derivedData/Build/Intermediates.noindex/AnyCodable.build/Debug-watchos/AnyCodable-t.build/DerivedSources -Xcc -DSWIFT_PACKAGE -Xcc -DDEBUG\=1 -emit-objc-header -emit-objc-header-path /Users/admin/builder/spi-builder-workspace/.derivedData/Build/Intermediates.noindex/AnyCodable.build/Debug-watchos/AnyCodable-t.build/Objects-normal/arm64_32/AnyCodable-Swift.h -working-directory /Users/admin/builder/spi-builder-workspace/.swiftpm/xcode -experimental-emit-module-separately -disable-cmo
SwiftDriver AnyCodable normal arm64 com.apple.xcode.tools.swift.compiler (in target 'AnyCodable' from project 'AnyCodable')
cd /Users/admin/builder/spi-builder-workspace/.swiftpm/xcode
builtin-SwiftDriver -- /Applications/Xcode-27.0.0-Release.Candidate.app/Contents/Developer/Toolchains/XcodeDefault.xctoolchain/usr/bin/swiftc -parse-as-library -module-name AnyCodable -Onone @/Users/admin/builder/spi-builder-workspace/.derivedData/Build/Intermediates.noindex/AnyCodable.build/Debug-watchos/AnyCodable-t.build/Objects-normal/arm64/AnyCodable.SwiftFileList -DSWIFT_PACKAGE -DDEBUG -DSWIFT_MODULE_RESOURCE_BUNDLE_UNAVAILABLE -DXcode -plugin-path /Applications/Xcode-27.0.0-Release.Candidate.app/Contents/Developer/Toolchains/XcodeDefault.xctoolchain/usr/lib/swift/host/plugins/testing -enable-experimental-feature DebugDescriptionMacro -sdk /Applications/Xcode-27.0.0-Release.Candidate.app/Contents/Developer/Platforms/WatchOS.platform/Developer/SDKs/WatchOS27.0.sdk -target arm64-apple-watchos9.0 -g -module-cache-path /Users/admin/builder/spi-builder-workspace/.derivedData/ModuleCache.noindex -Xfrontend -serialize-debugging-options -enable-testing -suppress-warnings -index-store-path /Users/admin/builder/spi-builder-workspace/.derivedData/Index.noindex/DataStore -Xcc -D_LIBCPP_HARDENING_MODE\=_LIBCPP_HARDENING_MODE_DEBUG -swift-version 5 -I /Users/admin/builder/spi-builder-workspace/.derivedData/Build/Products/Debug-watchos -Isystem /Applications/Xcode-27.0.0-Release.Candidate.app/Contents/Developer/Platforms/WatchOS.platform/Developer/usr/lib -F /Users/admin/builder/spi-builder-workspace/.derivedData/Build/Products/Debug-watchos -F /Applications/Xcode-27.0.0-Release.Candidate.app/Contents/Developer/Platforms/WatchOS.platform/Developer/Library/Frameworks -F /Applications/Xcode-27.0.0-Release.Candidate.app/Contents/Developer/Platforms/WatchOS.platform/Developer/SDKs/WatchOS27.0.sdk/Developer/Library/Frameworks -c -j10 -enable-batch-mode -incremental -Xcc -ivfsstatcache -Xcc /Users/admin/builder/spi-builder-workspace/.derivedData/SDKStatCaches.noindex/watchos27.0-24R360-e829b21a6f8c9b70876ba0858053c04477534ef55a1706bf4c1112bbb242f0a2.sdkstatcache -output-file-map /Users/admin/builder/spi-builder-workspace/.derivedData/Build/Intermediates.noindex/AnyCodable.build/Debug-watchos/AnyCodable-t.build/Objects-normal/arm64/AnyCodable-OutputFileMap.json -save-temps -no-color-diagnostics -explicit-module-build -module-cache-path /Users/admin/builder/spi-builder-workspace/.derivedData/Build/Intermediates.noindex/SwiftExplicitPrecompiledModules -clang-scanner-module-cache-path /Users/admin/builder/spi-builder-workspace/.derivedData/ModuleCache.noindex -sdk-module-cache-path /Users/admin/builder/spi-builder-workspace/.derivedData/SDKExplicitPrecompiledModules -emit-dependencies -emit-module -emit-module-path /Users/admin/builder/spi-builder-workspace/.derivedData/Build/Intermediates.noindex/AnyCodable.build/Debug-watchos/AnyCodable-t.build/Objects-normal/arm64/AnyCodable.swiftmodule -serialize-diagnostics -dependency-scan-serialize-diagnostics-path /Users/admin/builder/spi-builder-workspace/.derivedData/Build/Intermediates.noindex/AnyCodable.build/Debug-watchos/AnyCodable-t.build/Objects-normal/arm64/AnyCodable-dependency-scan.dia -validate-clang-modules-once -clang-build-session-file /Users/admin/builder/spi-builder-workspace/.derivedData/ModuleCache.noindex/Session.modulevalidation -Xcc -fmodules-prune-interval\=86400 -Xcc -fmodules-prune-after\=345600 -emit-const-values -const-gather-protocols-list /Users/admin/builder/spi-builder-workspace/.derivedData/Build/Intermediates.noindex/AnyCodable.build/Debug-watchos/AnyCodable-t.build/Objects-normal/arm64/AnyCodable_const_extract_protocols.json -Xcc -I/Users/admin/builder/spi-builder-workspace/.derivedData/Build/Products/Debug-watchos/include -Xcc -I/Users/admin/builder/spi-builder-workspace/.derivedData/Build/Intermediates.noindex/AnyCodable.build/Debug-watchos/AnyCodable-t.build/DerivedSources-normal/arm64 -Xcc -I/Users/admin/builder/spi-builder-workspace/.derivedData/Build/Intermediates.noindex/AnyCodable.build/Debug-watchos/AnyCodable-t.build/DerivedSources/arm64 -Xcc -I/Users/admin/builder/spi-builder-workspace/.derivedData/Build/Intermediates.noindex/AnyCodable.build/Debug-watchos/AnyCodable-t.build/DerivedSources -Xcc -DSWIFT_PACKAGE -Xcc -DDEBUG\=1 -emit-objc-header -emit-objc-header-path /Users/admin/builder/spi-builder-workspace/.derivedData/Build/Intermediates.noindex/AnyCodable.build/Debug-watchos/AnyCodable-t.build/Objects-normal/arm64/AnyCodable-Swift.h -working-directory /Users/admin/builder/spi-builder-workspace/.swiftpm/xcode -experimental-emit-module-separately -disable-cmo
SwiftDriver AndroidNDK normal arm64_32 com.apple.xcode.tools.swift.compiler (in target 'AndroidNDK' from project 'AndroidNDK')
cd /Users/admin/builder/spi-builder-workspace/.swiftpm/xcode
builtin-SwiftDriver -- /Applications/Xcode-27.0.0-Release.Candidate.app/Contents/Developer/Toolchains/XcodeDefault.xctoolchain/usr/bin/swiftc -parse-as-library -module-name AndroidNDK -Onone @/Users/admin/builder/spi-builder-workspace/.derivedData/Build/Intermediates.noindex/AndroidNDK.build/Debug-watchos/AndroidNDK-t.build/Objects-normal/arm64_32/AndroidNDK.SwiftFileList -DSWIFT_PACKAGE -DDEBUG -DSWIFT_MODULE_RESOURCE_BUNDLE_UNAVAILABLE -Xcc -fmodule-map-file\=/Users/admin/builder/spi-builder-workspace/.derivedData/Build/Intermediates.noindex/GeneratedModuleMaps-watchos/CAndroidNDK.modulemap -DXcode -plugin-path /Applications/Xcode-27.0.0-Release.Candidate.app/Contents/Developer/Toolchains/XcodeDefault.xctoolchain/usr/lib/swift/host/plugins/testing -enable-experimental-feature DebugDescriptionMacro -sdk /Applications/Xcode-27.0.0-Release.Candidate.app/Contents/Developer/Platforms/WatchOS.platform/Developer/SDKs/WatchOS27.0.sdk -target arm64_32-apple-watchos9.0 -g -module-cache-path /Users/admin/builder/spi-builder-workspace/.derivedData/ModuleCache.noindex -Xfrontend -serialize-debugging-options -enable-testing -suppress-warnings -index-store-path /Users/admin/builder/spi-builder-workspace/.derivedData/Index.noindex/DataStore -Xcc -D_LIBCPP_HARDENING_MODE\=_LIBCPP_HARDENING_MODE_DEBUG -swift-version 5 -I /Users/admin/builder/spi-builder-workspace/.derivedData/Build/Products/Debug-watchos -Isystem /Applications/Xcode-27.0.0-Release.Candidate.app/Contents/Developer/Platforms/WatchOS.platform/Developer/usr/lib -F /Users/admin/builder/spi-builder-workspace/.derivedData/Build/Products/Debug-watchos/PackageFrameworks -F /Users/admin/builder/spi-builder-workspace/.derivedData/Build/Products/Debug-watchos -F /Applications/Xcode-27.0.0-Release.Candidate.app/Contents/Developer/Platforms/WatchOS.platform/Developer/Library/Frameworks -F /Applications/Xcode-27.0.0-Release.Candidate.app/Contents/Developer/Platforms/WatchOS.platform/Developer/SDKs/WatchOS27.0.sdk/Developer/Library/Frameworks -c -j10 -enable-batch-mode -incremental -Xcc -ivfsstatcache -Xcc /Users/admin/builder/spi-builder-workspace/.derivedData/SDKStatCaches.noindex/watchos27.0-24R360-e829b21a6f8c9b70876ba0858053c04477534ef55a1706bf4c1112bbb242f0a2.sdkstatcache -output-file-map /Users/admin/builder/spi-builder-workspace/.derivedData/Build/Intermediates.noindex/AndroidNDK.build/Debug-watchos/AndroidNDK-t.build/Objects-normal/arm64_32/AndroidNDK-OutputFileMap.json -save-temps -no-color-diagnostics -explicit-module-build -module-cache-path /Users/admin/builder/spi-builder-workspace/.derivedData/Build/Intermediates.noindex/SwiftExplicitPrecompiledModules -clang-scanner-module-cache-path /Users/admin/builder/spi-builder-workspace/.derivedData/ModuleCache.noindex -sdk-module-cache-path /Users/admin/builder/spi-builder-workspace/.derivedData/SDKExplicitPrecompiledModules -emit-dependencies -emit-module -emit-module-path /Users/admin/builder/spi-builder-workspace/.derivedData/Build/Intermediates.noindex/AndroidNDK.build/Debug-watchos/AndroidNDK-t.build/Objects-normal/arm64_32/AndroidNDK.swiftmodule -serialize-diagnostics -dependency-scan-serialize-diagnostics-path /Users/admin/builder/spi-builder-workspace/.derivedData/Build/Intermediates.noindex/AndroidNDK.build/Debug-watchos/AndroidNDK-t.build/Objects-normal/arm64_32/AndroidNDK-dependency-scan.dia -validate-clang-modules-once -clang-build-session-file /Users/admin/builder/spi-builder-workspace/.derivedData/ModuleCache.noindex/Session.modulevalidation -Xcc -fmodules-prune-interval\=86400 -Xcc -fmodules-prune-after\=345600 -emit-const-values -const-gather-protocols-list /Users/admin/builder/spi-builder-workspace/.derivedData/Build/Intermediates.noindex/AndroidNDK.build/Debug-watchos/AndroidNDK-t.build/Objects-normal/arm64_32/AndroidNDK_const_extract_protocols.json -Xcc -I/Users/admin/builder/spi-builder-workspace/.dependencies/checkouts/swift-android-ndk/Sources/CAndroidNDK/include -Xcc -I/Users/admin/builder/spi-builder-workspace/.derivedData/Build/Products/Debug-watchos/include -Xcc -I/Users/admin/builder/spi-builder-workspace/.derivedData/Build/Intermediates.noindex/AndroidNDK.build/Debug-watchos/AndroidNDK-t.build/DerivedSources-normal/arm64_32 -Xcc -I/Users/admin/builder/spi-builder-workspace/.derivedData/Build/Intermediates.noindex/AndroidNDK.build/Debug-watchos/AndroidNDK-t.build/DerivedSources/arm64_32 -Xcc -I/Users/admin/builder/spi-builder-workspace/.derivedData/Build/Intermediates.noindex/AndroidNDK.build/Debug-watchos/AndroidNDK-t.build/DerivedSources -Xcc -DSWIFT_PACKAGE -Xcc -DDEBUG\=1 -emit-objc-header -emit-objc-header-path /Users/admin/builder/spi-builder-workspace/.derivedData/Build/Intermediates.noindex/AndroidNDK.build/Debug-watchos/AndroidNDK-t.build/Objects-normal/arm64_32/AndroidNDK-Swift.h -working-directory /Users/admin/builder/spi-builder-workspace/.swiftpm/xcode -experimental-emit-module-separately -disable-cmo
error: Clang dependency scanning failure: While building module 'CAndroidNDK' imported from module-include.input:1:
In file included from <module-includes>:1:
/Users/admin/builder/spi-builder-workspace/.dependencies/checkouts/swift-android-ndk/Sources/CAndroidNDK/include/AndroidLog.h:4:10: fatal error: 'android/log.h' file not found
module-include.input:1:4: fatal error: could not build module 'CAndroidNDK'
(in target 'AndroidNDK' from project 'AndroidNDK')
/Users/admin/builder/spi-builder-workspace/.dependencies/checkouts/swift-android-ndk/Sources/AndroidNDK/AndroidHandler.swift:5:8: error: Unable to resolve module dependency: 'CAndroidNDK' (in target 'AndroidNDK' from project 'AndroidNDK')
note: A dependency of main module 'AndroidNDK'
/Users/admin/builder/spi-builder-workspace/.dependencies/checkouts/swift-android-ndk/Sources/AndroidNDK/LogCat.swift:5:8: note: Also imported here
error: Clang dependency scanning failure: While building module 'CAndroidNDK' imported from module-include.input:1:
In file included from <module-includes>:1:
/Users/admin/builder/spi-builder-workspace/.dependencies/checkouts/swift-android-ndk/Sources/CAndroidNDK/include/AndroidLog.h:4:10: fatal error: 'android/log.h' file not found
module-include.input:1:4: fatal error: could not build module 'CAndroidNDK'
(in target 'AndroidNDK' from project 'AndroidNDK')
/Users/admin/builder/spi-builder-workspace/.dependencies/checkouts/swift-android-ndk/Sources/AndroidNDK/AndroidHandler.swift:5:8: note: A dependency of main module 'AndroidNDK'
import CAndroidNDK
^ (in target 'AndroidNDK' from project 'AndroidNDK')
/Users/admin/builder/spi-builder-workspace/.dependencies/checkouts/swift-android-ndk/Sources/AndroidNDK/LogCat.swift:5:8: note: Also imported here
import CAndroidNDK
^ (in target 'AndroidNDK' from project 'AndroidNDK')
PruneExplicitPrecompiledModules /Users/admin/builder/spi-builder-workspace/.derivedData/SDKExplicitPrecompiledModules
PruneExplicitPrecompiledModules /Users/admin/builder/spi-builder-workspace/.derivedData/Build/Intermediates.noindex/ExplicitPrecompiledModules
PruneExplicitPrecompiledModules /Users/admin/builder/spi-builder-workspace/.derivedData/Build/Intermediates.noindex/SwiftExplicitPrecompiledModules
2026-09-15 22:56:57.137 xcodebuild[830:4888] [MT] IDERunDestination: Supported platforms for the buildables in the current scheme is empty.
** BUILD FAILED **
The following build commands failed:
ScanDependencies /Users/admin/builder/spi-builder-workspace/.derivedData/Build/Intermediates.noindex/AndroidNDK.build/Debug-watchos/CAndroidNDK-t.build/Objects-normal/arm64_32/MainRunLoop.o /Users/admin/builder/spi-builder-workspace/.dependencies/checkouts/swift-android-ndk/Sources/CAndroidNDK/MainRunLoop.c normal arm64_32 c com.apple.compilers.llvm.clang.1_0.compiler (in target 'CAndroidNDK' from project 'AndroidNDK')
ScanDependencies /Users/admin/builder/spi-builder-workspace/.derivedData/Build/Intermediates.noindex/AndroidNDK.build/Debug-watchos/CAndroidNDK-t.build/Objects-normal/arm64/MainRunLoop.o /Users/admin/builder/spi-builder-workspace/.dependencies/checkouts/swift-android-ndk/Sources/CAndroidNDK/MainRunLoop.c normal arm64 c com.apple.compilers.llvm.clang.1_0.compiler (in target 'CAndroidNDK' from project 'AndroidNDK')
SwiftDriver AndroidNDK normal arm64 com.apple.xcode.tools.swift.compiler (in target 'AndroidNDK' from project 'AndroidNDK')
SwiftDriver AndroidNDK normal arm64_32 com.apple.xcode.tools.swift.compiler (in target 'AndroidNDK' from project 'AndroidNDK')
Building workspace Java with scheme Java
(5 failures)
Command line invocation:
/Applications/Xcode-27.0.0-Release.Candidate.app/Contents/Developer/usr/bin/xcodebuild -IDEClonedSourcePackagesDirPathOverride=/Users/admin/builder/spi-builder-workspace/.dependencies -resolvePackageDependencies
Resolve Package Graph
Resolved source packages:
AndroidNDK: https://github.com/readdle/swift-android-ndk.git @ 1.1.4
java_swift: https://github.com/readdle/java_swift.git @ 2.2.3
Java: /Users/admin/builder/spi-builder-workspace
AnyCodable: https://github.com/readdle/swift-anycodable.git @ 1.0.3
JavaCoder: https://github.com/readdle/swift-java-coder.git @ 1.1.2
resolved source packages: AndroidNDK, java_swift, Java, AnyCodable, JavaCoder
2026-09-15 22:57:00.477 xcodebuild[881:5363] [MT] IDERunDestination: Supported platforms for the buildables in the current scheme is empty.
{
"dependencies" : [
{
"identity" : "swift-java-coder",
"requirement" : {
"range" : [
{
"lower_bound" : "1.1.0",
"upper_bound" : "1.2.0"
}
]
},
"type" : "sourceControl",
"url" : "https://github.com/readdle/swift-java-coder.git"
},
{
"identity" : "java_swift",
"requirement" : {
"range" : [
{
"lower_bound" : "2.2.0",
"upper_bound" : "2.3.0"
}
]
},
"type" : "sourceControl",
"url" : "https://github.com/readdle/java_swift.git"
}
],
"manifest_display_name" : "Java",
"name" : "Java",
"path" : "/Users/admin/builder/spi-builder-workspace",
"platforms" : [
],
"products" : [
{
"name" : "Java",
"targets" : [
"Java"
],
"type" : {
"library" : [
"automatic"
]
}
}
],
"swift_languages_versions" : [
"5",
"4"
],
"targets" : [
{
"c99name" : "Java",
"module_type" : "SwiftTarget",
"name" : "Java",
"path" : "Sources",
"product_dependencies" : [
"JavaCoder",
"java_swift"
],
"product_memberships" : [
"Java"
],
"sources" : [
"JavaBridgeable.swift"
],
"type" : "library"
}
],
"tools_version" : "4.0"
}
{
"workspace" : {
"name" : "Java",
"schemes" : [
"Java"
]
}
}
2026-09-15 22:57:01.847 xcodebuild[889:5432] [MT] IDERunDestination: Supported platforms for the buildables in the current scheme is empty.
Running build ...
env DEVELOPER_DIR=/Applications/Xcode-27.0.0-Release.Candidate.app xcrun xcodebuild -IDEClonedSourcePackagesDirPathOverride=$PWD/.dependencies -skipMacroValidation -skipPackagePluginValidation -derivedDataPath $PWD/.derivedData build -scheme Java -destination generic/platform=watchOS
Command line invocation:
/Applications/Xcode-27.0.0-Release.Candidate.app/Contents/Developer/usr/bin/xcodebuild -IDEClonedSourcePackagesDirPathOverride=/Users/admin/builder/spi-builder-workspace/.dependencies -skipMacroValidation -skipPackagePluginValidation -derivedDataPath /Users/admin/builder/spi-builder-workspace/.derivedData build -scheme Java -destination generic/platform=watchOS
Resolve Package Graph
Resolved source packages:
JavaCoder: https://github.com/readdle/swift-java-coder.git @ 1.1.2
java_swift: https://github.com/readdle/java_swift.git @ 2.2.3
Java: /Users/admin/builder/spi-builder-workspace
AndroidNDK: https://github.com/readdle/swift-android-ndk.git @ 1.1.4
AnyCodable: https://github.com/readdle/swift-anycodable.git @ 1.0.3
ComputePackagePrebuildTargetDependencyGraph
Prepare packages
CreateBuildRequest
SendProjectDescription
CreateBuildOperation
ComputeTargetDependencyGraph
note: Building targets in dependency order
note: Target dependency graph (11 targets)
Target 'Java-product' in project 'Java'
➜ Explicit dependency on target 'Java' in project 'Java'
➜ Explicit dependency on target 'JavaCoder-product' in project 'JavaCoder'
➜ Explicit dependency on target 'java_swift-product' in project 'java_swift'
Target 'Java' in project 'Java'
➜ Explicit dependency on target 'JavaCoder-product' in project 'JavaCoder'
➜ Explicit dependency on target 'java_swift-product' in project 'java_swift'
Target 'JavaCoder-product' in project 'JavaCoder'
➜ Explicit dependency on target 'JavaCoder' in project 'JavaCoder'
➜ Explicit dependency on target 'java_swift-product' in project 'java_swift'
➜ Explicit dependency on target 'AnyCodable-product' in project 'AnyCodable'
Target 'JavaCoder' in project 'JavaCoder'
➜ Explicit dependency on target 'java_swift-product' in project 'java_swift'
➜ Explicit dependency on target 'AnyCodable-product' in project 'AnyCodable'
Target 'AnyCodable-product' in project 'AnyCodable'
➜ Explicit dependency on target 'AnyCodable' in project 'AnyCodable'
Target 'AnyCodable' in project 'AnyCodable' (no dependencies)
Target 'java_swift-product' in project 'java_swift'
➜ Explicit dependency on target 'java_swift' in project 'java_swift'
➜ Explicit dependency on target 'AndroidNDK-product' in project 'AndroidNDK'
Target 'java_swift' in project 'java_swift'
➜ Explicit dependency on target 'AndroidNDK-product' in project 'AndroidNDK'
Target 'AndroidNDK-product' in project 'AndroidNDK'
➜ Explicit dependency on target 'AndroidNDK' in project 'AndroidNDK'
➜ Explicit dependency on target 'CAndroidNDK' in project 'AndroidNDK'
Target 'AndroidNDK' in project 'AndroidNDK'
➜ Explicit dependency on target 'CAndroidNDK' in project 'AndroidNDK'
Target 'CAndroidNDK' in project 'AndroidNDK' (no dependencies)
GatherProvisioningInputs
CreateBuildDescription
ClangStatCache /Applications/Xcode-27.0.0-Release.Candidate.app/Contents/Developer/Toolchains/XcodeDefault.xctoolchain/usr/bin/clang-stat-cache /Applications/Xcode-27.0.0-Release.Candidate.app/Contents/Developer/Platforms/WatchOS.platform/Developer/SDKs/WatchOS27.0.sdk /Users/admin/builder/spi-builder-workspace/.derivedData/SDKStatCaches.noindex/watchos27.0-24R360-e829b21a6f8c9b70876ba0858053c04477534ef55a1706bf4c1112bbb242f0a2.sdkstatcache
cd /Users/admin/builder/spi-builder-workspace/.swiftpm/xcode
/Applications/Xcode-27.0.0-Release.Candidate.app/Contents/Developer/Toolchains/XcodeDefault.xctoolchain/usr/bin/clang-stat-cache /Applications/Xcode-27.0.0-Release.Candidate.app/Contents/Developer/Platforms/WatchOS.platform/Developer/SDKs/WatchOS27.0.sdk -o /Users/admin/builder/spi-builder-workspace/.derivedData/SDKStatCaches.noindex/watchos27.0-24R360-e829b21a6f8c9b70876ba0858053c04477534ef55a1706bf4c1112bbb242f0a2.sdkstatcache
ScanDependencies /Users/admin/builder/spi-builder-workspace/.derivedData/Build/Intermediates.noindex/AndroidNDK.build/Debug-watchos/CAndroidNDK-t.build/Objects-normal/arm64/MainRunLoop.o /Users/admin/builder/spi-builder-workspace/.dependencies/checkouts/swift-android-ndk/Sources/CAndroidNDK/MainRunLoop.c normal arm64 c com.apple.compilers.llvm.clang.1_0.compiler (in target 'CAndroidNDK' from project 'AndroidNDK')
cd /Users/admin/builder/spi-builder-workspace/.swiftpm/xcode
Using response file: /Users/admin/builder/spi-builder-workspace/.derivedData/Build/Intermediates.noindex/AndroidNDK.build/Debug-watchos/CAndroidNDK-t.build/Objects-normal/arm64/7187679823f38a2a940e0043cdf9d637-common-args.resp
builtin-ScanDependencies -o /Users/admin/builder/spi-builder-workspace/.derivedData/Build/Intermediates.noindex/AndroidNDK.build/Debug-watchos/CAndroidNDK-t.build/Objects-normal/arm64/MainRunLoop.o.scan -- /Applications/Xcode-27.0.0-Release.Candidate.app/Contents/Developer/Toolchains/XcodeDefault.xctoolchain/usr/bin/clang -x c -ivfsstatcache /Users/admin/builder/spi-builder-workspace/.derivedData/SDKStatCaches.noindex/watchos27.0-24R360-e829b21a6f8c9b70876ba0858053c04477534ef55a1706bf4c1112bbb242f0a2.sdkstatcache -target arm64-apple-watchos9.0 -fmessage-length\=0 -fdiagnostics-show-note-include-stack -fmacro-backtrace-limit\=0 -fno-color-diagnostics -fmodules-prune-interval\=86400 -fmodules-prune-after\=345600 -fbuild-session-file\=/Users/admin/builder/spi-builder-workspace/.derivedData/ModuleCache.noindex/Session.modulevalidation -fmodules-validate-once-per-build-session -Wnon-modular-include-in-framework-module -Werror\=non-modular-include-in-framework-module -Wno-trigraphs -Wno-missing-field-initializers -Wno-missing-prototypes -Wno-return-type -Wno-missing-braces -Wparentheses -Wswitch -Wno-unused-function -Wno-unused-label -Wno-unused-parameter -Wno-unused-variable -Wunused-value -Wno-empty-body -Wno-uninitialized -Wno-unknown-pragmas -w -Wno-shadow -Wno-four-char-constants -Wno-conversion -Wno-constant-conversion -Wno-int-conversion -Wno-bool-conversion -Wno-enum-conversion -Wno-float-conversion -Wno-non-literal-null-conversion -Wno-objc-literal-conversion -Wshorten-64-to-32 -Wpointer-sign -Wno-newline-eof -Wno-implicit-fallthrough -isysroot /Applications/Xcode-27.0.0-Release.Candidate.app/Contents/Developer/Platforms/WatchOS.platform/Developer/SDKs/WatchOS27.0.sdk -fstrict-aliasing -Wdeprecated-declarations -Wno-sign-conversion -Wno-infinite-recursion -Wno-comma -Wno-block-capture-autoreleasing -Wno-strict-prototypes -Wno-semicolon-before-method-body -index-store-path /Users/admin/builder/spi-builder-workspace/.derivedData/Index.noindex/DataStore @/Users/admin/builder/spi-builder-workspace/.derivedData/Build/Intermediates.noindex/AndroidNDK.build/Debug-watchos/CAndroidNDK-t.build/Objects-normal/arm64/7187679823f38a2a940e0043cdf9d637-common-args.resp -MMD -MT dependencies -MF /Users/admin/builder/spi-builder-workspace/.derivedData/Build/Intermediates.noindex/AndroidNDK.build/Debug-watchos/CAndroidNDK-t.build/Objects-normal/arm64/MainRunLoop.d --serialize-diagnostics /Users/admin/builder/spi-builder-workspace/.derivedData/Build/Intermediates.noindex/AndroidNDK.build/Debug-watchos/CAndroidNDK-t.build/Objects-normal/arm64/MainRunLoop.dia -c /Users/admin/builder/spi-builder-workspace/.dependencies/checkouts/swift-android-ndk/Sources/CAndroidNDK/MainRunLoop.c -o /Users/admin/builder/spi-builder-workspace/.derivedData/Build/Intermediates.noindex/AndroidNDK.build/Debug-watchos/CAndroidNDK-t.build/Objects-normal/arm64/MainRunLoop.o -index-unit-output-path /AndroidNDK.build/Debug-watchos/CAndroidNDK-t.build/Objects-normal/arm64/MainRunLoop.o
/Users/admin/builder/spi-builder-workspace/.dependencies/checkouts/swift-android-ndk/Sources/CAndroidNDK/include/AndroidNDK.h:4:10: error: 'jni.h' file not found (in target 'CAndroidNDK' from project 'AndroidNDK')
/Users/admin/builder/spi-builder-workspace/.dependencies/checkouts/swift-android-ndk/Sources/CAndroidNDK/MainRunLoop.c:1:10: note: in file included from /Users/admin/builder/spi-builder-workspace/.dependencies/checkouts/swift-android-ndk/Sources/CAndroidNDK/MainRunLoop.c:1:
ScanDependencies /Users/admin/builder/spi-builder-workspace/.derivedData/Build/Intermediates.noindex/AndroidNDK.build/Debug-watchos/CAndroidNDK-t.build/Objects-normal/arm64_32/MainRunLoop.o /Users/admin/builder/spi-builder-workspace/.dependencies/checkouts/swift-android-ndk/Sources/CAndroidNDK/MainRunLoop.c normal arm64_32 c com.apple.compilers.llvm.clang.1_0.compiler (in target 'CAndroidNDK' from project 'AndroidNDK')
cd /Users/admin/builder/spi-builder-workspace/.swiftpm/xcode
Using response file: /Users/admin/builder/spi-builder-workspace/.derivedData/Build/Intermediates.noindex/AndroidNDK.build/Debug-watchos/CAndroidNDK-t.build/Objects-normal/arm64_32/7187679823f38a2a940e0043cdf9d637-common-args.resp
builtin-ScanDependencies -o /Users/admin/builder/spi-builder-workspace/.derivedData/Build/Intermediates.noindex/AndroidNDK.build/Debug-watchos/CAndroidNDK-t.build/Objects-normal/arm64_32/MainRunLoop.o.scan -- /Applications/Xcode-27.0.0-Release.Candidate.app/Contents/Developer/Toolchains/XcodeDefault.xctoolchain/usr/bin/clang -x c -ivfsstatcache /Users/admin/builder/spi-builder-workspace/.derivedData/SDKStatCaches.noindex/watchos27.0-24R360-e829b21a6f8c9b70876ba0858053c04477534ef55a1706bf4c1112bbb242f0a2.sdkstatcache -target arm64_32-apple-watchos9.0 -fmessage-length\=0 -fdiagnostics-show-note-include-stack -fmacro-backtrace-limit\=0 -fno-color-diagnostics -fmodules-prune-interval\=86400 -fmodules-prune-after\=345600 -fbuild-session-file\=/Users/admin/builder/spi-builder-workspace/.derivedData/ModuleCache.noindex/Session.modulevalidation -fmodules-validate-once-per-build-session -Wnon-modular-include-in-framework-module -Werror\=non-modular-include-in-framework-module -Wno-trigraphs -Wno-missing-field-initializers -Wno-missing-prototypes -Wno-return-type -Wno-missing-braces -Wparentheses -Wswitch -Wno-unused-function -Wno-unused-label -Wno-unused-parameter -Wno-unused-variable -Wunused-value -Wno-empty-body -Wno-uninitialized -Wno-unknown-pragmas -w -Wno-shadow -Wno-four-char-constants -Wno-conversion -Wno-constant-conversion -Wno-int-conversion -Wno-bool-conversion -Wno-enum-conversion -Wno-float-conversion -Wno-non-literal-null-conversion -Wno-objc-literal-conversion -Wno-shorten-64-to-32 -Wpointer-sign -Wno-newline-eof -Wno-implicit-fallthrough -isysroot /Applications/Xcode-27.0.0-Release.Candidate.app/Contents/Developer/Platforms/WatchOS.platform/Developer/SDKs/WatchOS27.0.sdk -fstrict-aliasing -Wdeprecated-declarations -Wno-sign-conversion -Wno-infinite-recursion -Wno-comma -Wno-block-capture-autoreleasing -Wno-strict-prototypes -Wno-semicolon-before-method-body -index-store-path /Users/admin/builder/spi-builder-workspace/.derivedData/Index.noindex/DataStore @/Users/admin/builder/spi-builder-workspace/.derivedData/Build/Intermediates.noindex/AndroidNDK.build/Debug-watchos/CAndroidNDK-t.build/Objects-normal/arm64_32/7187679823f38a2a940e0043cdf9d637-common-args.resp -MMD -MT dependencies -MF /Users/admin/builder/spi-builder-workspace/.derivedData/Build/Intermediates.noindex/AndroidNDK.build/Debug-watchos/CAndroidNDK-t.build/Objects-normal/arm64_32/MainRunLoop.d --serialize-diagnostics /Users/admin/builder/spi-builder-workspace/.derivedData/Build/Intermediates.noindex/AndroidNDK.build/Debug-watchos/CAndroidNDK-t.build/Objects-normal/arm64_32/MainRunLoop.dia -c /Users/admin/builder/spi-builder-workspace/.dependencies/checkouts/swift-android-ndk/Sources/CAndroidNDK/MainRunLoop.c -o /Users/admin/builder/spi-builder-workspace/.derivedData/Build/Intermediates.noindex/AndroidNDK.build/Debug-watchos/CAndroidNDK-t.build/Objects-normal/arm64_32/MainRunLoop.o -index-unit-output-path /AndroidNDK.build/Debug-watchos/CAndroidNDK-t.build/Objects-normal/arm64_32/MainRunLoop.o
/Users/admin/builder/spi-builder-workspace/.dependencies/checkouts/swift-android-ndk/Sources/CAndroidNDK/include/AndroidNDK.h:4:10: error: 'jni.h' file not found (in target 'CAndroidNDK' from project 'AndroidNDK')
/Users/admin/builder/spi-builder-workspace/.dependencies/checkouts/swift-android-ndk/Sources/CAndroidNDK/MainRunLoop.c:1:10: note: in file included from /Users/admin/builder/spi-builder-workspace/.dependencies/checkouts/swift-android-ndk/Sources/CAndroidNDK/MainRunLoop.c:1:
SwiftDriver AnyCodable normal arm64 com.apple.xcode.tools.swift.compiler (in target 'AnyCodable' from project 'AnyCodable')
cd /Users/admin/builder/spi-builder-workspace/.swiftpm/xcode
builtin-SwiftDriver -- /Applications/Xcode-27.0.0-Release.Candidate.app/Contents/Developer/Toolchains/XcodeDefault.xctoolchain/usr/bin/swiftc -parse-as-library -module-name AnyCodable -Onone @/Users/admin/builder/spi-builder-workspace/.derivedData/Build/Intermediates.noindex/AnyCodable.build/Debug-watchos/AnyCodable-t.build/Objects-normal/arm64/AnyCodable.SwiftFileList -DSWIFT_PACKAGE -DDEBUG -DSWIFT_MODULE_RESOURCE_BUNDLE_UNAVAILABLE -DXcode -plugin-path /Applications/Xcode-27.0.0-Release.Candidate.app/Contents/Developer/Toolchains/XcodeDefault.xctoolchain/usr/lib/swift/host/plugins/testing -enable-experimental-feature DebugDescriptionMacro -sdk /Applications/Xcode-27.0.0-Release.Candidate.app/Contents/Developer/Platforms/WatchOS.platform/Developer/SDKs/WatchOS27.0.sdk -target arm64-apple-watchos9.0 -g -module-cache-path /Users/admin/builder/spi-builder-workspace/.derivedData/ModuleCache.noindex -Xfrontend -serialize-debugging-options -enable-testing -suppress-warnings -index-store-path /Users/admin/builder/spi-builder-workspace/.derivedData/Index.noindex/DataStore -Xcc -D_LIBCPP_HARDENING_MODE\=_LIBCPP_HARDENING_MODE_DEBUG -swift-version 5 -I /Users/admin/builder/spi-builder-workspace/.derivedData/Build/Products/Debug-watchos -Isystem /Applications/Xcode-27.0.0-Release.Candidate.app/Contents/Developer/Platforms/WatchOS.platform/Developer/usr/lib -F /Users/admin/builder/spi-builder-workspace/.derivedData/Build/Products/Debug-watchos -F /Applications/Xcode-27.0.0-Release.Candidate.app/Contents/Developer/Platforms/WatchOS.platform/Developer/Library/Frameworks -F /Applications/Xcode-27.0.0-Release.Candidate.app/Contents/Developer/Platforms/WatchOS.platform/Developer/SDKs/WatchOS27.0.sdk/Developer/Library/Frameworks -c -j10 -enable-batch-mode -incremental -Xcc -ivfsstatcache -Xcc /Users/admin/builder/spi-builder-workspace/.derivedData/SDKStatCaches.noindex/watchos27.0-24R360-e829b21a6f8c9b70876ba0858053c04477534ef55a1706bf4c1112bbb242f0a2.sdkstatcache -output-file-map /Users/admin/builder/spi-builder-workspace/.derivedData/Build/Intermediates.noindex/AnyCodable.build/Debug-watchos/AnyCodable-t.build/Objects-normal/arm64/AnyCodable-OutputFileMap.json -save-temps -no-color-diagnostics -explicit-module-build -module-cache-path /Users/admin/builder/spi-builder-workspace/.derivedData/Build/Intermediates.noindex/SwiftExplicitPrecompiledModules -clang-scanner-module-cache-path /Users/admin/builder/spi-builder-workspace/.derivedData/ModuleCache.noindex -sdk-module-cache-path /Users/admin/builder/spi-builder-workspace/.derivedData/SDKExplicitPrecompiledModules -emit-dependencies -emit-module -emit-module-path /Users/admin/builder/spi-builder-workspace/.derivedData/Build/Intermediates.noindex/AnyCodable.build/Debug-watchos/AnyCodable-t.build/Objects-normal/arm64/AnyCodable.swiftmodule -serialize-diagnostics -dependency-scan-serialize-diagnostics-path /Users/admin/builder/spi-builder-workspace/.derivedData/Build/Intermediates.noindex/AnyCodable.build/Debug-watchos/AnyCodable-t.build/Objects-normal/arm64/AnyCodable-dependency-scan.dia -validate-clang-modules-once -clang-build-session-file /Users/admin/builder/spi-builder-workspace/.derivedData/ModuleCache.noindex/Session.modulevalidation -Xcc -fmodules-prune-interval\=86400 -Xcc -fmodules-prune-after\=345600 -emit-const-values -const-gather-protocols-list /Users/admin/builder/spi-builder-workspace/.derivedData/Build/Intermediates.noindex/AnyCodable.build/Debug-watchos/AnyCodable-t.build/Objects-normal/arm64/AnyCodable_const_extract_protocols.json -Xcc -I/Users/admin/builder/spi-builder-workspace/.derivedData/Build/Products/Debug-watchos/include -Xcc -I/Users/admin/builder/spi-builder-workspace/.derivedData/Build/Intermediates.noindex/AnyCodable.build/Debug-watchos/AnyCodable-t.build/DerivedSources-normal/arm64 -Xcc -I/Users/admin/builder/spi-builder-workspace/.derivedData/Build/Intermediates.noindex/AnyCodable.build/Debug-watchos/AnyCodable-t.build/DerivedSources/arm64 -Xcc -I/Users/admin/builder/spi-builder-workspace/.derivedData/Build/Intermediates.noindex/AnyCodable.build/Debug-watchos/AnyCodable-t.build/DerivedSources -Xcc -DSWIFT_PACKAGE -Xcc -DDEBUG\=1 -emit-objc-header -emit-objc-header-path /Users/admin/builder/spi-builder-workspace/.derivedData/Build/Intermediates.noindex/AnyCodable.build/Debug-watchos/AnyCodable-t.build/Objects-normal/arm64/AnyCodable-Swift.h -working-directory /Users/admin/builder/spi-builder-workspace/.swiftpm/xcode -experimental-emit-module-separately -disable-cmo
SwiftDriver AnyCodable normal arm64_32 com.apple.xcode.tools.swift.compiler (in target 'AnyCodable' from project 'AnyCodable')
cd /Users/admin/builder/spi-builder-workspace/.swiftpm/xcode
builtin-SwiftDriver -- /Applications/Xcode-27.0.0-Release.Candidate.app/Contents/Developer/Toolchains/XcodeDefault.xctoolchain/usr/bin/swiftc -parse-as-library -module-name AnyCodable -Onone @/Users/admin/builder/spi-builder-workspace/.derivedData/Build/Intermediates.noindex/AnyCodable.build/Debug-watchos/AnyCodable-t.build/Objects-normal/arm64_32/AnyCodable.SwiftFileList -DSWIFT_PACKAGE -DDEBUG -DSWIFT_MODULE_RESOURCE_BUNDLE_UNAVAILABLE -DXcode -plugin-path /Applications/Xcode-27.0.0-Release.Candidate.app/Contents/Developer/Toolchains/XcodeDefault.xctoolchain/usr/lib/swift/host/plugins/testing -enable-experimental-feature DebugDescriptionMacro -sdk /Applications/Xcode-27.0.0-Release.Candidate.app/Contents/Developer/Platforms/WatchOS.platform/Developer/SDKs/WatchOS27.0.sdk -target arm64_32-apple-watchos9.0 -g -module-cache-path /Users/admin/builder/spi-builder-workspace/.derivedData/ModuleCache.noindex -Xfrontend -serialize-debugging-options -enable-testing -suppress-warnings -index-store-path /Users/admin/builder/spi-builder-workspace/.derivedData/Index.noindex/DataStore -Xcc -D_LIBCPP_HARDENING_MODE\=_LIBCPP_HARDENING_MODE_DEBUG -swift-version 5 -I /Users/admin/builder/spi-builder-workspace/.derivedData/Build/Products/Debug-watchos -Isystem /Applications/Xcode-27.0.0-Release.Candidate.app/Contents/Developer/Platforms/WatchOS.platform/Developer/usr/lib -F /Users/admin/builder/spi-builder-workspace/.derivedData/Build/Products/Debug-watchos -F /Applications/Xcode-27.0.0-Release.Candidate.app/Contents/Developer/Platforms/WatchOS.platform/Developer/Library/Frameworks -F /Applications/Xcode-27.0.0-Release.Candidate.app/Contents/Developer/Platforms/WatchOS.platform/Developer/SDKs/WatchOS27.0.sdk/Developer/Library/Frameworks -c -j10 -enable-batch-mode -incremental -Xcc -ivfsstatcache -Xcc /Users/admin/builder/spi-builder-workspace/.derivedData/SDKStatCaches.noindex/watchos27.0-24R360-e829b21a6f8c9b70876ba0858053c04477534ef55a1706bf4c1112bbb242f0a2.sdkstatcache -output-file-map /Users/admin/builder/spi-builder-workspace/.derivedData/Build/Intermediates.noindex/AnyCodable.build/Debug-watchos/AnyCodable-t.build/Objects-normal/arm64_32/AnyCodable-OutputFileMap.json -save-temps -no-color-diagnostics -explicit-module-build -module-cache-path /Users/admin/builder/spi-builder-workspace/.derivedData/Build/Intermediates.noindex/SwiftExplicitPrecompiledModules -clang-scanner-module-cache-path /Users/admin/builder/spi-builder-workspace/.derivedData/ModuleCache.noindex -sdk-module-cache-path /Users/admin/builder/spi-builder-workspace/.derivedData/SDKExplicitPrecompiledModules -emit-dependencies -emit-module -emit-module-path /Users/admin/builder/spi-builder-workspace/.derivedData/Build/Intermediates.noindex/AnyCodable.build/Debug-watchos/AnyCodable-t.build/Objects-normal/arm64_32/AnyCodable.swiftmodule -serialize-diagnostics -dependency-scan-serialize-diagnostics-path /Users/admin/builder/spi-builder-workspace/.derivedData/Build/Intermediates.noindex/AnyCodable.build/Debug-watchos/AnyCodable-t.build/Objects-normal/arm64_32/AnyCodable-dependency-scan.dia -validate-clang-modules-once -clang-build-session-file /Users/admin/builder/spi-builder-workspace/.derivedData/ModuleCache.noindex/Session.modulevalidation -Xcc -fmodules-prune-interval\=86400 -Xcc -fmodules-prune-after\=345600 -emit-const-values -const-gather-protocols-list /Users/admin/builder/spi-builder-workspace/.derivedData/Build/Intermediates.noindex/AnyCodable.build/Debug-watchos/AnyCodable-t.build/Objects-normal/arm64_32/AnyCodable_const_extract_protocols.json -Xcc -I/Users/admin/builder/spi-builder-workspace/.derivedData/Build/Products/Debug-watchos/include -Xcc -I/Users/admin/builder/spi-builder-workspace/.derivedData/Build/Intermediates.noindex/AnyCodable.build/Debug-watchos/AnyCodable-t.build/DerivedSources-normal/arm64_32 -Xcc -I/Users/admin/builder/spi-builder-workspace/.derivedData/Build/Intermediates.noindex/AnyCodable.build/Debug-watchos/AnyCodable-t.build/DerivedSources/arm64_32 -Xcc -I/Users/admin/builder/spi-builder-workspace/.derivedData/Build/Intermediates.noindex/AnyCodable.build/Debug-watchos/AnyCodable-t.build/DerivedSources -Xcc -DSWIFT_PACKAGE -Xcc -DDEBUG\=1 -emit-objc-header -emit-objc-header-path /Users/admin/builder/spi-builder-workspace/.derivedData/Build/Intermediates.noindex/AnyCodable.build/Debug-watchos/AnyCodable-t.build/Objects-normal/arm64_32/AnyCodable-Swift.h -working-directory /Users/admin/builder/spi-builder-workspace/.swiftpm/xcode -experimental-emit-module-separately -disable-cmo
SwiftDriver AndroidNDK normal arm64 com.apple.xcode.tools.swift.compiler (in target 'AndroidNDK' from project 'AndroidNDK')
cd /Users/admin/builder/spi-builder-workspace/.swiftpm/xcode
builtin-SwiftDriver -- /Applications/Xcode-27.0.0-Release.Candidate.app/Contents/Developer/Toolchains/XcodeDefault.xctoolchain/usr/bin/swiftc -parse-as-library -module-name AndroidNDK -Onone @/Users/admin/builder/spi-builder-workspace/.derivedData/Build/Intermediates.noindex/AndroidNDK.build/Debug-watchos/AndroidNDK-t.build/Objects-normal/arm64/AndroidNDK.SwiftFileList -DSWIFT_PACKAGE -DDEBUG -DSWIFT_MODULE_RESOURCE_BUNDLE_UNAVAILABLE -Xcc -fmodule-map-file\=/Users/admin/builder/spi-builder-workspace/.derivedData/Build/Intermediates.noindex/GeneratedModuleMaps-watchos/CAndroidNDK.modulemap -DXcode -plugin-path /Applications/Xcode-27.0.0-Release.Candidate.app/Contents/Developer/Toolchains/XcodeDefault.xctoolchain/usr/lib/swift/host/plugins/testing -enable-experimental-feature DebugDescriptionMacro -sdk /Applications/Xcode-27.0.0-Release.Candidate.app/Contents/Developer/Platforms/WatchOS.platform/Developer/SDKs/WatchOS27.0.sdk -target arm64-apple-watchos9.0 -g -module-cache-path /Users/admin/builder/spi-builder-workspace/.derivedData/ModuleCache.noindex -Xfrontend -serialize-debugging-options -enable-testing -suppress-warnings -index-store-path /Users/admin/builder/spi-builder-workspace/.derivedData/Index.noindex/DataStore -Xcc -D_LIBCPP_HARDENING_MODE\=_LIBCPP_HARDENING_MODE_DEBUG -swift-version 5 -I /Users/admin/builder/spi-builder-workspace/.derivedData/Build/Products/Debug-watchos -Isystem /Applications/Xcode-27.0.0-Release.Candidate.app/Contents/Developer/Platforms/WatchOS.platform/Developer/usr/lib -F /Users/admin/builder/spi-builder-workspace/.derivedData/Build/Products/Debug-watchos/PackageFrameworks -F /Users/admin/builder/spi-builder-workspace/.derivedData/Build/Products/Debug-watchos -F /Applications/Xcode-27.0.0-Release.Candidate.app/Contents/Developer/Platforms/WatchOS.platform/Developer/Library/Frameworks -F /Applications/Xcode-27.0.0-Release.Candidate.app/Contents/Developer/Platforms/WatchOS.platform/Developer/SDKs/WatchOS27.0.sdk/Developer/Library/Frameworks -c -j10 -enable-batch-mode -incremental -Xcc -ivfsstatcache -Xcc /Users/admin/builder/spi-builder-workspace/.derivedData/SDKStatCaches.noindex/watchos27.0-24R360-e829b21a6f8c9b70876ba0858053c04477534ef55a1706bf4c1112bbb242f0a2.sdkstatcache -output-file-map /Users/admin/builder/spi-builder-workspace/.derivedData/Build/Intermediates.noindex/AndroidNDK.build/Debug-watchos/AndroidNDK-t.build/Objects-normal/arm64/AndroidNDK-OutputFileMap.json -save-temps -no-color-diagnostics -explicit-module-build -module-cache-path /Users/admin/builder/spi-builder-workspace/.derivedData/Build/Intermediates.noindex/SwiftExplicitPrecompiledModules -clang-scanner-module-cache-path /Users/admin/builder/spi-builder-workspace/.derivedData/ModuleCache.noindex -sdk-module-cache-path /Users/admin/builder/spi-builder-workspace/.derivedData/SDKExplicitPrecompiledModules -emit-dependencies -emit-module -emit-module-path /Users/admin/builder/spi-builder-workspace/.derivedData/Build/Intermediates.noindex/AndroidNDK.build/Debug-watchos/AndroidNDK-t.build/Objects-normal/arm64/AndroidNDK.swiftmodule -serialize-diagnostics -dependency-scan-serialize-diagnostics-path /Users/admin/builder/spi-builder-workspace/.derivedData/Build/Intermediates.noindex/AndroidNDK.build/Debug-watchos/AndroidNDK-t.build/Objects-normal/arm64/AndroidNDK-dependency-scan.dia -validate-clang-modules-once -clang-build-session-file /Users/admin/builder/spi-builder-workspace/.derivedData/ModuleCache.noindex/Session.modulevalidation -Xcc -fmodules-prune-interval\=86400 -Xcc -fmodules-prune-after\=345600 -emit-const-values -const-gather-protocols-list /Users/admin/builder/spi-builder-workspace/.derivedData/Build/Intermediates.noindex/AndroidNDK.build/Debug-watchos/AndroidNDK-t.build/Objects-normal/arm64/AndroidNDK_const_extract_protocols.json -Xcc -I/Users/admin/builder/spi-builder-workspace/.dependencies/checkouts/swift-android-ndk/Sources/CAndroidNDK/include -Xcc -I/Users/admin/builder/spi-builder-workspace/.derivedData/Build/Products/Debug-watchos/include -Xcc -I/Users/admin/builder/spi-builder-workspace/.derivedData/Build/Intermediates.noindex/AndroidNDK.build/Debug-watchos/AndroidNDK-t.build/DerivedSources-normal/arm64 -Xcc -I/Users/admin/builder/spi-builder-workspace/.derivedData/Build/Intermediates.noindex/AndroidNDK.build/Debug-watchos/AndroidNDK-t.build/DerivedSources/arm64 -Xcc -I/Users/admin/builder/spi-builder-workspace/.derivedData/Build/Intermediates.noindex/AndroidNDK.build/Debug-watchos/AndroidNDK-t.build/DerivedSources -Xcc -DSWIFT_PACKAGE -Xcc -DDEBUG\=1 -emit-objc-header -emit-objc-header-path /Users/admin/builder/spi-builder-workspace/.derivedData/Build/Intermediates.noindex/AndroidNDK.build/Debug-watchos/AndroidNDK-t.build/Objects-normal/arm64/AndroidNDK-Swift.h -working-directory /Users/admin/builder/spi-builder-workspace/.swiftpm/xcode -experimental-emit-module-separately -disable-cmo
error: Clang dependency scanning failure: While building module 'CAndroidNDK' imported from module-include.input:1:
In file included from <module-includes>:1:
/Users/admin/builder/spi-builder-workspace/.dependencies/checkouts/swift-android-ndk/Sources/CAndroidNDK/include/AndroidLog.h:4:10: fatal error: 'android/log.h' file not found
module-include.input:1:2: fatal error: could not build module 'CAndroidNDK'
(in target 'AndroidNDK' from project 'AndroidNDK')
/Users/admin/builder/spi-builder-workspace/.dependencies/checkouts/swift-android-ndk/Sources/AndroidNDK/AndroidHandler.swift:5:8: error: Unable to resolve module dependency: 'CAndroidNDK' (in target 'AndroidNDK' from project 'AndroidNDK')
note: A dependency of main module 'AndroidNDK'
/Users/admin/builder/spi-builder-workspace/.dependencies/checkouts/swift-android-ndk/Sources/AndroidNDK/LogCat.swift:5:8: note: Also imported here
error: Clang dependency scanning failure: While building module 'CAndroidNDK' imported from module-include.input:1:
In file included from <module-includes>:1:
/Users/admin/builder/spi-builder-workspace/.dependencies/checkouts/swift-android-ndk/Sources/CAndroidNDK/include/AndroidLog.h:4:10: fatal error: 'android/log.h' file not found
module-include.input:1:2: fatal error: could not build module 'CAndroidNDK'
(in target 'AndroidNDK' from project 'AndroidNDK')
/Users/admin/builder/spi-builder-workspace/.dependencies/checkouts/swift-android-ndk/Sources/AndroidNDK/AndroidHandler.swift:5:8: note: A dependency of main module 'AndroidNDK'
import CAndroidNDK
^ (in target 'AndroidNDK' from project 'AndroidNDK')
/Users/admin/builder/spi-builder-workspace/.dependencies/checkouts/swift-android-ndk/Sources/AndroidNDK/LogCat.swift:5:8: note: Also imported here
import CAndroidNDK
^ (in target 'AndroidNDK' from project 'AndroidNDK')
SwiftDriver AndroidNDK normal arm64_32 com.apple.xcode.tools.swift.compiler (in target 'AndroidNDK' from project 'AndroidNDK')
cd /Users/admin/builder/spi-builder-workspace/.swiftpm/xcode
builtin-SwiftDriver -- /Applications/Xcode-27.0.0-Release.Candidate.app/Contents/Developer/Toolchains/XcodeDefault.xctoolchain/usr/bin/swiftc -parse-as-library -module-name AndroidNDK -Onone @/Users/admin/builder/spi-builder-workspace/.derivedData/Build/Intermediates.noindex/AndroidNDK.build/Debug-watchos/AndroidNDK-t.build/Objects-normal/arm64_32/AndroidNDK.SwiftFileList -DSWIFT_PACKAGE -DDEBUG -DSWIFT_MODULE_RESOURCE_BUNDLE_UNAVAILABLE -Xcc -fmodule-map-file\=/Users/admin/builder/spi-builder-workspace/.derivedData/Build/Intermediates.noindex/GeneratedModuleMaps-watchos/CAndroidNDK.modulemap -DXcode -plugin-path /Applications/Xcode-27.0.0-Release.Candidate.app/Contents/Developer/Toolchains/XcodeDefault.xctoolchain/usr/lib/swift/host/plugins/testing -enable-experimental-feature DebugDescriptionMacro -sdk /Applications/Xcode-27.0.0-Release.Candidate.app/Contents/Developer/Platforms/WatchOS.platform/Developer/SDKs/WatchOS27.0.sdk -target arm64_32-apple-watchos9.0 -g -module-cache-path /Users/admin/builder/spi-builder-workspace/.derivedData/ModuleCache.noindex -Xfrontend -serialize-debugging-options -enable-testing -suppress-warnings -index-store-path /Users/admin/builder/spi-builder-workspace/.derivedData/Index.noindex/DataStore -Xcc -D_LIBCPP_HARDENING_MODE\=_LIBCPP_HARDENING_MODE_DEBUG -swift-version 5 -I /Users/admin/builder/spi-builder-workspace/.derivedData/Build/Products/Debug-watchos -Isystem /Applications/Xcode-27.0.0-Release.Candidate.app/Contents/Developer/Platforms/WatchOS.platform/Developer/usr/lib -F /Users/admin/builder/spi-builder-workspace/.derivedData/Build/Products/Debug-watchos/PackageFrameworks -F /Users/admin/builder/spi-builder-workspace/.derivedData/Build/Products/Debug-watchos -F /Applications/Xcode-27.0.0-Release.Candidate.app/Contents/Developer/Platforms/WatchOS.platform/Developer/Library/Frameworks -F /Applications/Xcode-27.0.0-Release.Candidate.app/Contents/Developer/Platforms/WatchOS.platform/Developer/SDKs/WatchOS27.0.sdk/Developer/Library/Frameworks -c -j10 -enable-batch-mode -incremental -Xcc -ivfsstatcache -Xcc /Users/admin/builder/spi-builder-workspace/.derivedData/SDKStatCaches.noindex/watchos27.0-24R360-e829b21a6f8c9b70876ba0858053c04477534ef55a1706bf4c1112bbb242f0a2.sdkstatcache -output-file-map /Users/admin/builder/spi-builder-workspace/.derivedData/Build/Intermediates.noindex/AndroidNDK.build/Debug-watchos/AndroidNDK-t.build/Objects-normal/arm64_32/AndroidNDK-OutputFileMap.json -save-temps -no-color-diagnostics -explicit-module-build -module-cache-path /Users/admin/builder/spi-builder-workspace/.derivedData/Build/Intermediates.noindex/SwiftExplicitPrecompiledModules -clang-scanner-module-cache-path /Users/admin/builder/spi-builder-workspace/.derivedData/ModuleCache.noindex -sdk-module-cache-path /Users/admin/builder/spi-builder-workspace/.derivedData/SDKExplicitPrecompiledModules -emit-dependencies -emit-module -emit-module-path /Users/admin/builder/spi-builder-workspace/.derivedData/Build/Intermediates.noindex/AndroidNDK.build/Debug-watchos/AndroidNDK-t.build/Objects-normal/arm64_32/AndroidNDK.swiftmodule -serialize-diagnostics -dependency-scan-serialize-diagnostics-path /Users/admin/builder/spi-builder-workspace/.derivedData/Build/Intermediates.noindex/AndroidNDK.build/Debug-watchos/AndroidNDK-t.build/Objects-normal/arm64_32/AndroidNDK-dependency-scan.dia -validate-clang-modules-once -clang-build-session-file /Users/admin/builder/spi-builder-workspace/.derivedData/ModuleCache.noindex/Session.modulevalidation -Xcc -fmodules-prune-interval\=86400 -Xcc -fmodules-prune-after\=345600 -emit-const-values -const-gather-protocols-list /Users/admin/builder/spi-builder-workspace/.derivedData/Build/Intermediates.noindex/AndroidNDK.build/Debug-watchos/AndroidNDK-t.build/Objects-normal/arm64_32/AndroidNDK_const_extract_protocols.json -Xcc -I/Users/admin/builder/spi-builder-workspace/.dependencies/checkouts/swift-android-ndk/Sources/CAndroidNDK/include -Xcc -I/Users/admin/builder/spi-builder-workspace/.derivedData/Build/Products/Debug-watchos/include -Xcc -I/Users/admin/builder/spi-builder-workspace/.derivedData/Build/Intermediates.noindex/AndroidNDK.build/Debug-watchos/AndroidNDK-t.build/DerivedSources-normal/arm64_32 -Xcc -I/Users/admin/builder/spi-builder-workspace/.derivedData/Build/Intermediates.noindex/AndroidNDK.build/Debug-watchos/AndroidNDK-t.build/DerivedSources/arm64_32 -Xcc -I/Users/admin/builder/spi-builder-workspace/.derivedData/Build/Intermediates.noindex/AndroidNDK.build/Debug-watchos/AndroidNDK-t.build/DerivedSources -Xcc -DSWIFT_PACKAGE -Xcc -DDEBUG\=1 -emit-objc-header -emit-objc-header-path /Users/admin/builder/spi-builder-workspace/.derivedData/Build/Intermediates.noindex/AndroidNDK.build/Debug-watchos/AndroidNDK-t.build/Objects-normal/arm64_32/AndroidNDK-Swift.h -working-directory /Users/admin/builder/spi-builder-workspace/.swiftpm/xcode -experimental-emit-module-separately -disable-cmo
error: Clang dependency scanning failure: While building module 'CAndroidNDK' imported from module-include.input:1:
In file included from <module-includes>:1:
/Users/admin/builder/spi-builder-workspace/.dependencies/checkouts/swift-android-ndk/Sources/CAndroidNDK/include/AndroidLog.h:4:10: fatal error: 'android/log.h' file not found
module-include.input:1:4: fatal error: could not build module 'CAndroidNDK'
(in target 'AndroidNDK' from project 'AndroidNDK')
/Users/admin/builder/spi-builder-workspace/.dependencies/checkouts/swift-android-ndk/Sources/AndroidNDK/AndroidHandler.swift:5:8: error: Unable to resolve module dependency: 'CAndroidNDK' (in target 'AndroidNDK' from project 'AndroidNDK')
note: A dependency of main module 'AndroidNDK'
/Users/admin/builder/spi-builder-workspace/.dependencies/checkouts/swift-android-ndk/Sources/AndroidNDK/LogCat.swift:5:8: note: Also imported here
error: Clang dependency scanning failure: While building module 'CAndroidNDK' imported from module-include.input:1:
In file included from <module-includes>:1:
/Users/admin/builder/spi-builder-workspace/.dependencies/checkouts/swift-android-ndk/Sources/CAndroidNDK/include/AndroidLog.h:4:10: fatal error: 'android/log.h' file not found
module-include.input:1:4: fatal error: could not build module 'CAndroidNDK'
(in target 'AndroidNDK' from project 'AndroidNDK')
/Users/admin/builder/spi-builder-workspace/.dependencies/checkouts/swift-android-ndk/Sources/AndroidNDK/AndroidHandler.swift:5:8: note: A dependency of main module 'AndroidNDK'
import CAndroidNDK
^ (in target 'AndroidNDK' from project 'AndroidNDK')
/Users/admin/builder/spi-builder-workspace/.dependencies/checkouts/swift-android-ndk/Sources/AndroidNDK/LogCat.swift:5:8: note: Also imported here
import CAndroidNDK
^ (in target 'AndroidNDK' from project 'AndroidNDK')
PruneExplicitPrecompiledModules /Users/admin/builder/spi-builder-workspace/.derivedData/Build/Intermediates.noindex/ExplicitPrecompiledModules
PruneExplicitPrecompiledModules /Users/admin/builder/spi-builder-workspace/.derivedData/Build/Intermediates.noindex/SwiftExplicitPrecompiledModules
PruneExplicitPrecompiledModules /Users/admin/builder/spi-builder-workspace/.derivedData/SDKExplicitPrecompiledModules
2026-09-15 22:57:02.858 xcodebuild[890:5461] [MT] IDERunDestination: Supported platforms for the buildables in the current scheme is empty.
** BUILD FAILED **
The following build commands failed:
ScanDependencies /Users/admin/builder/spi-builder-workspace/.derivedData/Build/Intermediates.noindex/AndroidNDK.build/Debug-watchos/CAndroidNDK-t.build/Objects-normal/arm64/MainRunLoop.o /Users/admin/builder/spi-builder-workspace/.dependencies/checkouts/swift-android-ndk/Sources/CAndroidNDK/MainRunLoop.c normal arm64 c com.apple.compilers.llvm.clang.1_0.compiler (in target 'CAndroidNDK' from project 'AndroidNDK')
ScanDependencies /Users/admin/builder/spi-builder-workspace/.derivedData/Build/Intermediates.noindex/AndroidNDK.build/Debug-watchos/CAndroidNDK-t.build/Objects-normal/arm64_32/MainRunLoop.o /Users/admin/builder/spi-builder-workspace/.dependencies/checkouts/swift-android-ndk/Sources/CAndroidNDK/MainRunLoop.c normal arm64_32 c com.apple.compilers.llvm.clang.1_0.compiler (in target 'CAndroidNDK' from project 'AndroidNDK')
SwiftDriver AndroidNDK normal arm64 com.apple.xcode.tools.swift.compiler (in target 'AndroidNDK' from project 'AndroidNDK')
SwiftDriver AndroidNDK normal arm64_32 com.apple.xcode.tools.swift.compiler (in target 'AndroidNDK' from project 'AndroidNDK')
Building workspace Java with scheme Java
(5 failures)
BUILD FAILURE 6.4 watchOS