The Swift Package Index logo.Swift Package Index

Build Information

Failed to build GenericNetworkLayer, reference v1.2.1 (d8df22), with Swift 6.4 for Android on 21 Sep 2026 01:55:48 UTC.

Build Command

bash -c docker run --pull=always --rm -v "checkouts-54344843-0":/host -w "$PWD" -e JAVA_HOME="/root/.sdkman/candidates/java/current" -e SPI_BUILD="1" -e SPI_PROCESSING="1" registry.gitlab.com/saguaro1/spi-images:android-6.4-latest swift build --swift-sdk aarch64-unknown-linux-android28 2>&1

Build Log

========================================
RunAll
========================================
Builder version: 5.1.0
Interrupt handler set up.
========================================
Checkout
========================================
Clone URL: https://github.com/EngOmarElsayed/GenericNetworkLayer.git
Reference: v1.2.1
Initialized empty Git repository in /host/spi-builder-workspace/.git/
hint: Using 'master' as the name for the initial branch. This default branch name
hint: is subject to change. To configure the initial branch name to use in all
hint: of your new repositories, which will suppress this warning, call:
hint:
hint: 	git config --global init.defaultBranch <name>
hint:
hint: Names commonly chosen instead of 'master' are 'main', 'trunk' and
hint: 'development'. The just-created branch can be renamed via this command:
hint:
hint: 	git branch -m <name>
From https://github.com/EngOmarElsayed/GenericNetworkLayer
 * tag               v1.2.1     -> FETCH_HEAD
HEAD is now at d8df229 changed the protocol to public
Cloned https://github.com/EngOmarElsayed/GenericNetworkLayer.git
Revision (git rev-parse @):
d8df229a82488ec7d1cea1589e2e7343a9011c65
SUCCESS checkout https://github.com/EngOmarElsayed/GenericNetworkLayer.git at v1.2.1
========================================
Build
========================================
Selected platform:         android
Swift version:             6.4
Building package at path:  $PWD
https://github.com/EngOmarElsayed/GenericNetworkLayer.git
Running build ...
bash -c docker run --pull=always --rm -v "checkouts-54344843-0":/host -w "$PWD" -e JAVA_HOME="/root/.sdkman/candidates/java/current" -e SPI_BUILD="1" -e SPI_PROCESSING="1" registry.gitlab.com/saguaro1/spi-images:android-6.4-latest swift build --swift-sdk aarch64-unknown-linux-android28 2>&1
android-6.4-latest: Pulling from saguaro1/spi-images
Digest: sha256:abadcff584c273feba50641b454858d377ba30b35ea7287a94f45ebd8afd0ea0
Status: Image is up to date for registry.gitlab.com/saguaro1/spi-images:android-6.4-latest
warning: 'spi-builder-workspace': /host/spi-builder-workspace/Package.swift:11:17: warning: 'v4' is deprecated: watchOS 9.0 is the oldest supported version [#DeprecatedDeclaration]
 9 |       .iOS(.v14),
10 |       .macOS(.v11),
11 |       .watchOS(.v4)
   |                 `- warning: 'v4' is deprecated: watchOS 9.0 is the oldest supported version [#DeprecatedDeclaration]
12 |     ],
13 |     products: [
[#DeprecatedDeclaration]: <https://docs.swift.org/compiler/documentation/diagnostics/deprecated-declaration>
Building for debugging...
[Planning deferred tasks]
error: SwiftCompile normal aarch64 failed with a nonzero exit code. Command line:     cd /host

/host/spi-builder-workspace/Sources/GenericNetworkLayer/EndPointProtocol/EndPointProtocol.swift:34:19: error: cannot find type 'URLRequest' in scope
32 |   /// Don't override the implementation of the url. if you did make sure you did it correctly.
33 |   var url: URL? { get }
34 |   var urlRequest: URLRequest? { get }
   |                   `- error: cannot find type 'URLRequest' in scope
35 | }
36 |
/host/spi-builder-workspace/Sources/GenericNetworkLayer/GenericNetworkLayer/GenericNetworkLayer.swift:27:39: error: type 'URLSession' (aka 'AnyObject') has no member 'shared'
25 | /// This struct contains all the networking functions
26 | public struct GenericNetworkLayer: GenericNetworkLayerProtocol {
27 |   private let urlSession = URLSession.shared
   |                                       `- error: type 'URLSession' (aka 'AnyObject') has no member 'shared'
28 |   private let decoder = JSONDecoder()
29 |
/host/spi-builder-workspace/Sources/GenericNetworkLayer/GenericNetworkLayer/GenericNetworkLayer.swift:58:28: error: cannot find type 'URLRequest' in scope
56 |   }
57 |
58 |   func getData(urlRequest: URLRequest) async throws -> urlDataResult {
   |                            `- error: cannot find type 'URLRequest' in scope
59 |     let (resultedData, response) = try await urlSession.data(for: urlRequest)
60 |     let statusCode = try checkStatusCode(for: response)
/host/spi-builder-workspace/Sources/GenericNetworkLayer/GenericNetworkLayer/GenericNetworkLayer.swift:70:38: error: 'URLResponse' is unavailable: This type has moved to the FoundationNetworking module. Import that module to use it.
68 |   }
69 |
70 |   func checkStatusCode(for response: URLResponse) throws -> Int {
   |                                      `- error: 'URLResponse' is unavailable: This type has moved to the FoundationNetworking module. Import that module to use it.
71 |     guard let response = response as? HTTPURLResponse else { throw  GenericNetworkLayerError.failedToConvertResponse }
72 |     let statusCode = response.statusCode
Foundation.URLResponse:2:18: note: 'URLResponse' has been explicitly marked unavailable here
1 | @available(*, unavailable, message: "This type has moved to the FoundationNetworking module. Import that module to use it.")
2 | public typealias URLResponse = AnyObject
  |                  `- note: 'URLResponse' has been explicitly marked unavailable here
Failed frontend command:
/root/.local/share/swiftly/toolchains/6.4.x-snapshot-2026-09-04/usr/bin/swift-frontend -frontend -emit-module -experimental-skip-non-inlinable-function-bodies-without-types /host/spi-builder-workspace/Sources/GenericNetworkLayer/APISchemeType/HTTPProtocolCase.swift /host/spi-builder-workspace/Sources/GenericNetworkLayer/EndPointProtocol/EndPointProtocol.swift /host/spi-builder-workspace/Sources/GenericNetworkLayer/GenericNetworkLayer/GenericNetworkLayer.swift /host/spi-builder-workspace/Sources/GenericNetworkLayer/GenericNetworkLayer/GenericNetworkLayerProtocol.swift /host/spi-builder-workspace/Sources/GenericNetworkLayer/GenericNetworkLayerError/GenericNetworkLayerError.swift -target aarch64-unknown-linux-android28 -Xllvm -aarch64-use-tbi -disable-objc-interop -sdk /android-ndk/android-ndk-r27d/toolchains/llvm/prebuilt/linux-x86_64/sysroot -sysroot /android-ndk/android-ndk-r27d/toolchains/llvm/prebuilt/linux-x86_64/sysroot -I /host/spi-builder-workspace/.build/out/Products/Debug-android-aarch64 -module-cache-path /host/spi-builder-workspace/.build/out/ModuleCache.noindex -color-diagnostics -Xcc -fcolor-diagnostics -enable-testing -g -debug-info-format\=dwarf -dwarf-version\=4 -swift-version 5 -Onone -D SWIFT_PACKAGE -D DEBUG -D SWIFT_MODULE_RESOURCE_BUNDLE_UNAVAILABLE -D Xcode -serialize-debugging-options -enable-experimental-feature DebugDescriptionMacro -empty-abi-descriptor -external-plugin-path /root/.local/share/swiftly/toolchains/6.4.x-snapshot-2026-09-04/usr/lib/swift/host/plugins/testing\#/root/.local/share/swiftly/toolchains/6.4.x-snapshot-2026-09-04/usr/bin/swift-plugin-server -validate-clang-modules-once -clang-build-session-file /host/spi-builder-workspace/.build/out/ModuleCache.noindex/Session.modulevalidation -Xcc -working-directory -Xcc /host -resource-dir /root/.swiftpm/swift-sdks/swift-6.4.x-DEVELOPMENT-SNAPSHOT-2026-09-04-a_android.artifactbundle/swift-android/swift-resources/usr/lib/swift-aarch64 -enable-anonymous-context-mangled-names -file-compilation-dir /host -Xcc -resource-dir -Xcc /android-ndk/android-ndk-r27d/toolchains/llvm/prebuilt/linux-x86_64/lib/clang/18 -Xcc -fno-omit-frame-pointer -Xcc -D_LIBCPP_HARDENING_MODE\=_LIBCPP_HARDENING_MODE_DEBUG -Xcc -fmodules-prune-interval\=86400 -Xcc -fmodules-prune-after\=345600 -Xcc -I/host/spi-builder-workspace/.build/out/Products/Debug-android-aarch64/include -Xcc -I/host/spi-builder-workspace/.build/out/Intermediates.noindex/GenericNetworkLayer.build/Debug-android-aarch64/GenericNetworkLayer-t.build/DerivedSources-normal/aarch64 -Xcc -I/host/spi-builder-workspace/.build/out/Intermediates.noindex/GenericNetworkLayer.build/Debug-android-aarch64/GenericNetworkLayer-t.build/DerivedSources/aarch64 -Xcc -I/host/spi-builder-workspace/.build/out/Intermediates.noindex/GenericNetworkLayer.build/Debug-android-aarch64/GenericNetworkLayer-t.build/DerivedSources -Xcc -DSWIFT_PACKAGE -Xcc -DDEBUG\=1 -no-auto-bridging-header-chaining -module-name GenericNetworkLayer -package-name spi_builder_workspace -const-gather-protocols-file /host/spi-builder-workspace/.build/out/Intermediates.noindex/GenericNetworkLayer.build/Debug-android-aarch64/GenericNetworkLayer-t.build/Objects-normal/aarch64/GenericNetworkLayer_const_extract_protocols.json -in-process-plugin-server-path /root/.local/share/swiftly/toolchains/6.4.x-snapshot-2026-09-04/usr/lib/swift/host/libSwiftInProcPluginServer.so -plugin-path /root/.local/share/swiftly/toolchains/6.4.x-snapshot-2026-09-04/usr/lib/swift/host/plugins -plugin-path /root/.local/share/swiftly/toolchains/6.4.x-snapshot-2026-09-04/usr/local/lib/swift/host/plugins -emit-module-doc-path /host/spi-builder-workspace/.build/out/Intermediates.noindex/GenericNetworkLayer.build/Debug-android-aarch64/GenericNetworkLayer-t.build/Objects-normal/aarch64/Modules/GenericNetworkLayer.swiftdoc -emit-module-source-info-path /host/spi-builder-workspace/.build/out/Intermediates.noindex/GenericNetworkLayer.build/Debug-android-aarch64/GenericNetworkLayer-t.build/Objects-normal/aarch64/Modules/GenericNetworkLayer.swiftsourceinfo -emit-objc-header-path /host/spi-builder-workspace/.build/out/Intermediates.noindex/GenericNetworkLayer.build/Debug-android-aarch64/GenericNetworkLayer-t.build/Objects-normal/aarch64/GenericNetworkLayer-Swift.h -serialize-diagnostics-path /host/spi-builder-workspace/.build/out/Intermediates.noindex/GenericNetworkLayer.build/Debug-android-aarch64/GenericNetworkLayer-t.build/Objects-normal/aarch64/GenericNetworkLayer-primary-emit-module.dia -emit-dependencies-path /host/spi-builder-workspace/.build/out/Intermediates.noindex/GenericNetworkLayer.build/Debug-android-aarch64/GenericNetworkLayer-t.build/Objects-normal/aarch64/GenericNetworkLayer-primary-emit-module.d -parse-as-library -o /host/spi-builder-workspace/.build/out/Intermediates.noindex/GenericNetworkLayer.build/Debug-android-aarch64/GenericNetworkLayer-t.build/Objects-normal/aarch64/Modules/GenericNetworkLayer.swiftmodule
error: Build failed
BUILD FAILURE 6.4 android